2024-04-24T08:05:54.340+0000 7fa5d4400700 1 --2- 172.21.15.7:0/455028562 >> [v2:172.21.15.7:3300/0,v1:172.21.15.7:6789/0] conn(0x7fa5cc07ee70 0x7fa5cc07d320 secure :-1 s=READY pgs=37 cs=0 l=1 rev1=1 crypto rx=0x7fa5c00098a0 tx=0x7fa5c0009bb0 comp rx=0 tx=0).stop
2024-04-24T08:05:55.299 INFO:teuthology.orchestra.run.smithi007.stdout:/usr/bin/ceph: stderr
2024-04-24T08:05:54.340+0000 7fa5d4400700 1 -- 172.21.15.7:0/455028562 shutdown_connections
2024-04-24T08:05:55.300 INFO:teuthology.orchestra.run.smithi007.stdout:/usr/bin/ceph: stderr
2024-04-24T08:05:54.340+0000 7fa5d4400700 1 --2- 172.21.15.7:0/455028562 >> [v2:172.21.15.7:3300/0,v1:172.21.15.7:6789/0] conn(0x7fa5cc07ee70 0x7fa5cc07d320 unknown :-1 s=CLOSED pgs=37 cs=0 l=1 rev1=1 crypto rx=0 tx=0 comp rx=0 tx=0).stop
2024-04-24T08:05:55.300 INFO:teuthology.orchestra.run.smithi007.stdout:/usr/bin/ceph: stderr
2024-04-24T08:05:54.340+0000 7fa5d4400700 1 -- 172.21.15.7:0/455028562 >> 172.21.15.7:0/455028562 conn(0x7fa5cc103d40 msgr2=0x7fa5cc106160 unknown :-1 s=STATE_NONE l=0).mark_down
2024-04-24T08:05:55.300 INFO:teuthology.orchestra.run.smithi007.stdout:/usr/bin/ceph: stderr
2024-04-24T08:05:54.341+0000 7fa5d4400700 1 -- 172.21.15.7:0/455028562 shutdown_connections
2024-04-24T08:05:55.300 INFO:teuthology.orchestra.run.smithi007.stdout:/usr/bin/ceph: stderr
2024-04-24T08:05:54.341+0000 7fa5d4400700 1 -- 172.21.15.7:0/455028562 wait complete.
2024-04-24T08:05:55.300 INFO:teuthology.orchestra.run.smithi007.stdout:/usr/bin/ceph: stderr
2024-04-24T08:05:54.342+0000 7fa5d4400700 1 Processor -- start
2024-04-24T08:05:55.300 INFO:teuthology.orchestra.run.smithi007.stdout:/usr/bin/ceph: stderr
2024-04-24T08:05:54.342+0000 7fa5d4400700 1 -- start start
2024-04-24T08:05:55.300 INFO:teuthology.orchestra.run.smithi007.stdout:/usr/bin/ceph: stderr
2024-04-24T08:05:54.343+0000 7fa5d4400700 1 --2- >> [v2:172.21.15.7:3300/0,v1:172.21.15.7:6789/0] conn(0x7fa5cc07ee70 0x7fa5cc10b9b0 unknown :-1 s=NONE pgs=0 cs=0 l=1 rev1=0 crypto rx=0 tx=0 comp rx=0 tx=0).connect
2024-04-24T08:05:55.300 INFO:teuthology.orchestra.run.smithi007.stdout:/usr/bin/ceph: stderr
2024-04-24T08:05:54.343+0000 7fa5d4400700 1 -- --> [v2:172.21.15.7:3300/0,v1:172.21.15.7:6789/0] -- mon_getmap magic: 0 -- 0x7fa5cc10ecd0 con 0x7fa5cc07ee70
2024-04-24T08:05:55.300 INFO:teuthology.orchestra.run.smithi007.stdout:/usr/bin/ceph: stderr
2024-04-24T08:05:54.343+0000 7fa5d1a00700 1 --2- >> [v2:172.21.15.7:3300/0,v1:172.21.15.7:6789/0] conn(0x7fa5cc07ee70 0x7fa5cc10b9b0 unknown :-1 s=BANNER_CONNECTING pgs=0 cs=0 l=1 rev1=0 crypto rx=0 tx=0 comp rx=0 tx=0)._handle_peer_banner_payload supported=3 required=0
2024-04-24T08:05:55.300 INFO:teuthology.orchestra.run.smithi007.stdout:/usr/bin/ceph: stderr
2024-04-24T08:05:54.343+0000 7fa5d1a00700 1 --2- >> [v2:172.21.15.7:3300/0,v1:172.21.15.7:6789/0] conn(0x7fa5cc07ee70 0x7fa5cc10b9b0 unknown :-1 s=HELLO_CONNECTING pgs=0 cs=0 l=1 rev1=1 crypto rx=0 tx=0 comp rx=0 tx=0).handle_hello peer v2:172.21.15.7:3300/0 says I am v2:172.21.15.7:59136/0 (socket says 172.21.15.7:59136)
2024-04-24T08:05:55.300 INFO:teuthology.orchestra.run.smithi007.stdout:/usr/bin/ceph: stderr
2024-04-24T08:05:54.343+0000 7fa5d1a00700 1 -- 172.21.15.7:0/949933666 learned_addr learned my addr 172.21.15.7:0/949933666 (peer_addr_for_me v2:172.21.15.7:0/0)
2024-04-24T08:05:55.301 INFO:teuthology.orchestra.run.smithi007.stdout:/usr/bin/ceph: stderr
2024-04-24T08:05:54.343+0000 7fa5d1a00700 1 -- 172.21.15.7:0/949933666 --> [v2:172.21.15.7:3300/0,v1:172.21.15.7:6789/0] -- mon_subscribe({config=0+,monmap=0+}) -- 0x7fa5cc10bef0 con 0x7fa5cc07ee70
2024-04-24T08:05:55.301 INFO:teuthology.orchestra.run.smithi007.stdout:/usr/bin/ceph: stderr
2024-04-24T08:05:54.344+0000 7fa5d1a00700 1 --2- 172.21.15.7:0/949933666 >> [v2:172.21.15.7:3300/0,v1:172.21.15.7:6789/0] conn(0x7fa5cc07ee70 0x7fa5cc10b9b0 secure :-1 s=READY pgs=38 cs=0 l=1 rev1=1 crypto rx=0x7fa5c0011670 tx=0x7fa5c0011b60 comp rx=0 tx=0).ready entity=mon.0 client_cookie=0 server_cookie=0 in_seq=0 out_seq=0
2024-04-24T08:05:55.301 INFO:teuthology.orchestra.run.smithi007.stdout:/usr/bin/ceph: stderr
2024-04-24T08:05:54.344+0000 7fa5ca000700 1 -- 172.21.15.7:0/949933666 <== mon.0 v2:172.21.15.7:3300/0 1 ==== mon_map magic: 0 ==== 205+0+0 (secure 0 0 0) 0x7fa5c00039c0 con 0x7fa5cc07ee70
2024-04-24T08:05:55.301 INFO:teuthology.orchestra.run.smithi007.stdout:/usr/bin/ceph: stderr
2024-04-24T08:05:54.344+0000 7fa5ca000700 1 -- 172.21.15.7:0/949933666 <== mon.0 v2:172.21.15.7:3300/0 2 ==== config(27 keys) ==== 1109+0+0 (secure 0 0 0) 0x7fa5c0011e50 con 0x7fa5cc07ee70
2024-04-24T08:05:55.301 INFO:teuthology.orchestra.run.smithi007.stdout:/usr/bin/ceph: stderr
2024-04-24T08:05:54.344+0000 7fa5ca000700 1 -- 172.21.15.7:0/949933666 <== mon.0 v2:172.21.15.7:3300/0 3 ==== mon_map magic: 0 ==== 205+0+0 (secure 0 0 0) 0x7fa5c001a5c0 con 0x7fa5cc07ee70
2024-04-24T08:05:55.301 INFO:teuthology.orchestra.run.smithi007.stdout:/usr/bin/ceph: stderr
2024-04-24T08:05:54.344+0000 7fa5d4400700 1 -- 172.21.15.7:0/949933666 --> [v2:172.21.15.7:3300/0,v1:172.21.15.7:6789/0] -- mon_subscribe({mgrmap=0+}) -- 0x7fa5cc10c180 con 0x7fa5cc07ee70
2024-04-24T08:05:55.301 INFO:teuthology.orchestra.run.smithi007.stdout:/usr/bin/ceph: stderr
2024-04-24T08:05:54.344+0000 7fa5d4400700 1 -- 172.21.15.7:0/949933666 --> [v2:172.21.15.7:3300/0,v1:172.21.15.7:6789/0] -- mon_subscribe({osdmap=0}) -- 0x7fa5cc108740 con 0x7fa5cc07ee70
2024-04-24T08:05:55.301 INFO:teuthology.orchestra.run.smithi007.stdout:/usr/bin/ceph: stderr
2024-04-24T08:05:54.345+0000 7fa5ca000700 1 -- 172.21.15.7:0/949933666 <== mon.0 v2:172.21.15.7:3300/0 4 ==== mgrmap(e 8) ==== 46558+0+0 (secure 0 0 0) 0x7fa5c0024430 con 0x7fa5cc07ee70
2024-04-24T08:05:55.301 INFO:teuthology.orchestra.run.smithi007.stdout:/usr/bin/ceph: stderr
2024-04-24T08:05:54.345+0000 7fa5d4400700 1 -- 172.21.15.7:0/949933666 --> [v2:172.21.15.7:3300/0,v1:172.21.15.7:6789/0] -- mon_command({"prefix": "get_command_descriptions"} v 0) -- 0x7fa5cc10c350 con 0x7fa5cc07ee70
2024-04-24T08:05:55.301 INFO:teuthology.orchestra.run.smithi007.stdout:/usr/bin/ceph: stderr
2024-04-24T08:05:54.346+0000 7fa5ca000700 1 --2- 172.21.15.7:0/949933666 >> [v2:172.21.15.7:6800/4190488637,v1:172.21.15.7:6801/4190488637] conn(0x7fa5b40395b0 0x7fa5b403ba70 unknown :-1 s=NONE pgs=0 cs=0 l=1 rev1=0 crypto rx=0 tx=0 comp rx=0 tx=0).connect
2024-04-24T08:05:55.301 INFO:teuthology.orchestra.run.smithi007.stdout:/usr/bin/ceph: stderr
2024-04-24T08:05:54.346+0000 7fa5ca000700 1 -- 172.21.15.7:0/949933666 <== mon.0 v2:172.21.15.7:3300/0 5 ==== osd_map(2..2 src has 1..2) ==== 940+0+0 (secure 0 0 0) 0x7fa5c004db60 con 0x7fa5cc07ee70
2024-04-24T08:05:55.302 INFO:teuthology.orchestra.run.smithi007.stdout:/usr/bin/ceph: stderr
2024-04-24T08:05:54.346+0000 7fa5d1000700 1 --2- 172.21.15.7:0/949933666 >> [v2:172.21.15.7:6800/4190488637,v1:172.21.15.7:6801/4190488637] conn(0x7fa5b40395b0 0x7fa5b403ba70 unknown :-1 s=BANNER_CONNECTING pgs=0 cs=0 l=1 rev1=0 crypto rx=0 tx=0 comp rx=0 tx=0)._handle_peer_banner_payload supported=3 required=0
2024-04-24T08:05:55.302 INFO:teuthology.orchestra.run.smithi007.stdout:/usr/bin/ceph: stderr
2024-04-24T08:05:54.347+0000 7fa5d1000700 1 --2- 172.21.15.7:0/949933666 >> [v2:172.21.15.7:6800/4190488637,v1:172.21.15.7:6801/4190488637] conn(0x7fa5b40395b0 0x7fa5b403ba70 secure :-1 s=READY pgs=7 cs=0 l=1 rev1=1 crypto rx=0x7fa5b8006fd0 tx=0x7fa5b8006e40 comp rx=0 tx=0).ready entity=mgr.14120 client_cookie=0 server_cookie=0 in_seq=0 out_seq=0
2024-04-24T08:05:55.302 INFO:teuthology.orchestra.run.smithi007.stdout:/usr/bin/ceph: stderr
2024-04-24T08:05:54.353+0000 7fa5ca000700 1 -- 172.21.15.7:0/949933666 <== mon.0 v2:172.21.15.7:3300/0 6 ==== mon_command_ack([{"prefix": "get_command_descriptions"}]=0 v0) ==== 72+0+188370 (secure 0 0 0) 0x7fa5cc10c350 con 0x7fa5cc07ee70
2024-04-24T08:05:55.302 INFO:teuthology.orchestra.run.smithi007.stdout:/usr/bin/ceph: stderr
2024-04-24T08:05:54.599+0000 7fa5d4400700 1 -- 172.21.15.7:0/949933666 --> [v2:172.21.15.7:6800/4190488637,v1:172.21.15.7:6801/4190488637] -- mgr_command(tid 0: {"prefix": "orch set backend", "module_name": "cephadm", "target": ["mon-mgr", ""]}) -- 0x7fa5cc108e90 con 0x7fa5b40395b0
2024-04-24T08:05:55.302 INFO:teuthology.orchestra.run.smithi007.stdout:/usr/bin/ceph: stderr
2024-04-24T08:05:54.611+0000 7fa5ca000700 1 -- 172.21.15.7:0/949933666 <== mgr.14120 v2:172.21.15.7:6800/4190488637 1 ==== mgr_command_reply(tid 0: 0 ) ==== 8+0+0 (secure 0 0 0) 0x7fa5cc108e90 con 0x7fa5b40395b0
2024-04-24T08:05:55.302 INFO:teuthology.orchestra.run.smithi007.stdout:/usr/bin/ceph: stderr
2024-04-24T08:05:54.613+0000 7fa5d4400700 1 -- 172.21.15.7:0/949933666 >> [v2:172.21.15.7:6800/4190488637,v1:172.21.15.7:6801/4190488637] conn(0x7fa5b40395b0 msgr2=0x7fa5b403ba70 secure :-1 s=STATE_CONNECTION_ESTABLISHED l=1).mark_down
2024-04-24T08:05:55.302 INFO:teuthology.orchestra.run.smithi007.stdout:/usr/bin/ceph: stderr
2024-04-24T08:05:54.614+0000 7fa5d4400700 1 --2- 172.21.15.7:0/949933666 >> [v2:172.21.15.7:6800/4190488637,v1:172.21.15.7:6801/4190488637] conn(0x7fa5b40395b0 0x7fa5b403ba70 secure :-1 s=READY pgs=7 cs=0 l=1 rev1=1 crypto rx=0x7fa5b8006fd0 tx=0x7fa5b8006e40 comp rx=0 tx=0).stop
2024-04-24T08:05:55.302 INFO:teuthology.orchestra.run.smithi007.stdout:/usr/bin/ceph: stderr
2024-04-24T08:05:54.614+0000 7fa5d4400700 1 -- 172.21.15.7:0/949933666 >> [v2:172.21.15.7:3300/0,v1:172.21.15.7:6789/0] conn(0x7fa5cc07ee70 msgr2=0x7fa5cc10b9b0 secure :-1 s=STATE_CONNECTION_ESTABLISHED l=1).mark_down
2024-04-24T08:05:55.302 INFO:teuthology.orchestra.run.smithi007.stdout:/usr/bin/ceph: stderr
2024-04-24T08:05:54.614+0000 7fa5d4400700 1 --2- 172.21.15.7:0/949933666 >> [v2:172.21.15.7:3300/0,v1:172.21.15.7:6789/0] conn(0x7fa5cc07ee70 0x7fa5cc10b9b0 secure :-1 s=READY pgs=38 cs=0 l=1 rev1=1 crypto rx=0x7fa5c0011670 tx=0x7fa5c0011b60 comp rx=0 tx=0).stop
2024-04-24T08:05:55.302 INFO:teuthology.orchestra.run.smithi007.stdout:/usr/bin/ceph: stderr
2024-04-24T08:05:54.614+0000 7fa5d4400700 1 -- 172.21.15.7:0/949933666 shutdown_connections
2024-04-24T08:05:55.302 INFO:teuthology.orchestra.run.smithi007.stdout:/usr/bin/ceph: stderr
2024-04-24T08:05:54.614+0000 7fa5d4400700 1 --2- 172.21.15.7:0/949933666 >> [v2:172.21.15.7:6800/4190488637,v1:172.21.15.7:6801/4190488637] conn(0x7fa5b40395b0 0x7fa5b403ba70 unknown :-1 s=CLOSED pgs=7 cs=0 l=1 rev1=1 crypto rx=0 tx=0 comp rx=0 tx=0).stop
2024-04-24T08:05:55.303 INFO:teuthology.orchestra.run.smithi007.stdout:/usr/bin/ceph: stderr
2024-04-24T08:05:54.614+0000 7fa5d4400700 1 --2- 172.21.15.7:0/949933666 >> [v2:172.21.15.7:3300/0,v1:172.21.15.7:6789/0] conn(0x7fa5cc07ee70 0x7fa5cc10b9b0 unknown :-1 s=CLOSED pgs=38 cs=0 l=1 rev1=1 crypto rx=0 tx=0 comp rx=0 tx=0).stop
2024-04-24T08:05:55.303 INFO:teuthology.orchestra.run.smithi007.stdout:/usr/bin/ceph: stderr
2024-04-24T08:05:54.614+0000 7fa5d4400700 1 -- 172.21.15.7:0/949933666 >> 172.21.15.7:0/949933666 conn(0x7fa5cc103d40 msgr2=0x7fa5cc104870 unknown :-1 s=STATE_NONE l=0).mark_down
2024-04-24T08:05:55.303 INFO:teuthology.orchestra.run.smithi007.stdout:/usr/bin/ceph: stderr
2024-04-24T08:05:54.614+0000 7fa5d4400700 1 -- 172.21.15.7:0/949933666 shutdown_connections
2024-04-24T08:05:55.303 INFO:teuthology.orchestra.run.smithi007.stdout:/usr/bin/ceph: stderr
2024-04-24T08:05:54.614+0000 7fa5d4400700 1 -- 172.21.15.7:0/949933666 wait complete.
2024-04-24T08:05:56.783 INFO:teuthology.orchestra.run.smithi007.stdout:/usr/bin/ceph: stdout value unchanged
2024-04-24T08:05:56.784 INFO:teuthology.orchestra.run.smithi007.stdout:/usr/bin/ceph: stderr
2024-04-24T08:05:55.883+0000 7fcd9dc00700 1 Processor -- start
2024-04-24T08:05:56.784 INFO:teuthology.orchestra.run.smithi007.stdout:/usr/bin/ceph: stderr
2024-04-24T08:05:55.883+0000 7fcd9dc00700 1 -- start start
2024-04-24T08:05:56.784 INFO:teuthology.orchestra.run.smithi007.stdout:/usr/bin/ceph: stderr
2024-04-24T08:05:55.884+0000 7fcd9dc00700 1 --2- >> [v2:172.21.15.7:3300/0,v1:172.21.15.7:6789/0] conn(0x7fcd9807dd60 0x7fcd9807c210 unknown :-1 s=NONE pgs=0 cs=0 l=0 rev1=0 crypto rx=0 tx=0 comp rx=0 tx=0).connect
2024-04-24T08:05:56.784 INFO:teuthology.orchestra.run.smithi007.stdout:/usr/bin/ceph: stderr
2024-04-24T08:05:55.884+0000 7fcd9dc00700 1 -- --> [v2:172.21.15.7:3300/0,v1:172.21.15.7:6789/0] -- mon_getmap magic: 0 -- 0x7fcd9807c7e0 con 0x7fcd9807dd60
2024-04-24T08:05:56.784 INFO:teuthology.orchestra.run.smithi007.stdout:/usr/bin/ceph: stderr
2024-04-24T08:05:55.884+0000 7fcd96a00700 1 --2- >> [v2:172.21.15.7:3300/0,v1:172.21.15.7:6789/0] conn(0x7fcd9807dd60 0x7fcd9807c210 unknown :-1 s=BANNER_CONNECTING pgs=0 cs=0 l=0 rev1=0 crypto rx=0 tx=0 comp rx=0 tx=0)._handle_peer_banner_payload supported=3 required=0
2024-04-24T08:05:56.784 INFO:teuthology.orchestra.run.smithi007.stdout:/usr/bin/ceph: stderr
2024-04-24T08:05:55.884+0000 7fcd96a00700 1 --2- >> [v2:172.21.15.7:3300/0,v1:172.21.15.7:6789/0] conn(0x7fcd9807dd60 0x7fcd9807c210 unknown :-1 s=HELLO_CONNECTING pgs=0 cs=0 l=0 rev1=1 crypto rx=0 tx=0 comp rx=0 tx=0).handle_hello peer v2:172.21.15.7:3300/0 says I am v2:172.21.15.7:59148/0 (socket says 172.21.15.7:59148)
2024-04-24T08:05:56.784 INFO:teuthology.orchestra.run.smithi007.stdout:/usr/bin/ceph: stderr
2024-04-24T08:05:55.884+0000 7fcd96a00700 1 -- 172.21.15.7:0/1673801163 learned_addr learned my addr 172.21.15.7:0/1673801163 (peer_addr_for_me v2:172.21.15.7:0/0)
2024-04-24T08:05:56.784 INFO:teuthology.orchestra.run.smithi007.stdout:/usr/bin/ceph: stderr
2024-04-24T08:05:55.885+0000 7fcd96a00700 1 -- 172.21.15.7:0/1673801163 --> [v2:172.21.15.7:3300/0,v1:172.21.15.7:6789/0] -- mon_subscribe({config=0+,monmap=0+}) -- 0x7fcd9807c960 con 0x7fcd9807dd60
2024-04-24T08:05:56.784 INFO:teuthology.orchestra.run.smithi007.stdout:/usr/bin/ceph: stderr
2024-04-24T08:05:55.885+0000 7fcd96a00700 1 --2- 172.21.15.7:0/1673801163 >> [v2:172.21.15.7:3300/0,v1:172.21.15.7:6789/0] conn(0x7fcd9807dd60 0x7fcd9807c210 secure :-1 s=READY pgs=39 cs=0 l=1 rev1=1 crypto rx=0x7fcd880098a0 tx=0x7fcd88009bb0 comp rx=0 tx=0).ready entity=mon.0 client_cookie=499d5494c9c3c288 server_cookie=0 in_seq=0 out_seq=0
2024-04-24T08:05:56.784 INFO:teuthology.orchestra.run.smithi007.stdout:/usr/bin/ceph: stderr
2024-04-24T08:05:55.886+0000 7fcd95600700 1 -- 172.21.15.7:0/1673801163 <== mon.0 v2:172.21.15.7:3300/0 1 ==== mon_map magic: 0 ==== 205+0+0 (secure 0 0 0) 0x7fcd88004160 con 0x7fcd9807dd60
2024-04-24T08:05:56.784 INFO:teuthology.orchestra.run.smithi007.stdout:/usr/bin/ceph: stderr
2024-04-24T08:05:55.886+0000 7fcd95600700 1 -- 172.21.15.7:0/1673801163 <== mon.0 v2:172.21.15.7:3300/0 2 ==== config(27 keys) ==== 1109+0+0 (secure 0 0 0) 0x7fcd88004300 con 0x7fcd9807dd60
2024-04-24T08:05:56.784 INFO:teuthology.orchestra.run.smithi007.stdout:/usr/bin/ceph: stderr
2024-04-24T08:05:55.886+0000 7fcd95600700 1 -- 172.21.15.7:0/1673801163 <== mon.0 v2:172.21.15.7:3300/0 3 ==== mon_map magic: 0 ==== 205+0+0 (secure 0 0 0) 0x7fcd88011b50 con 0x7fcd9807dd60
2024-04-24T08:05:56.785 INFO:teuthology.orchestra.run.smithi007.stdout:/usr/bin/ceph: stderr
2024-04-24T08:05:55.887+0000 7fcd9dc00700 1 -- 172.21.15.7:0/1673801163 >> [v2:172.21.15.7:3300/0,v1:172.21.15.7:6789/0] conn(0x7fcd9807dd60 msgr2=0x7fcd9807c210 secure :-1 s=STATE_CONNECTION_ESTABLISHED l=1).mark_down
2024-04-24T08:05:56.785 INFO:teuthology.orchestra.run.smithi007.stdout:/usr/bin/ceph: stderr
2024-04-24T08:05:55.887+0000 7fcd9dc00700 1 --2- 172.21.15.7:0/1673801163 >> [v2:172.21.15.7:3300/0,v1:172.21.15.7:6789/0] conn(0x7fcd9807dd60 0x7fcd9807c210 secure :-1 s=READY pgs=39 cs=0 l=1 rev1=1 crypto rx=0x7fcd880098a0 tx=0x7fcd88009bb0 comp rx=0 tx=0).stop
2024-04-24T08:05:56.785 INFO:teuthology.orchestra.run.smithi007.stdout:/usr/bin/ceph: stderr
2024-04-24T08:05:55.887+0000 7fcd9dc00700 1 -- 172.21.15.7:0/1673801163 shutdown_connections
2024-04-24T08:05:56.785 INFO:teuthology.orchestra.run.smithi007.stdout:/usr/bin/ceph: stderr
2024-04-24T08:05:55.887+0000 7fcd9dc00700 1 --2- 172.21.15.7:0/1673801163 >> [v2:172.21.15.7:3300/0,v1:172.21.15.7:6789/0] conn(0x7fcd9807dd60 0x7fcd9807c210 unknown :-1 s=CLOSED pgs=39 cs=0 l=1 rev1=1 crypto rx=0 tx=0 comp rx=0 tx=0).stop
2024-04-24T08:05:56.785 INFO:teuthology.orchestra.run.smithi007.stdout:/usr/bin/ceph: stderr
2024-04-24T08:05:55.887+0000 7fcd9dc00700 1 -- 172.21.15.7:0/1673801163 >> 172.21.15.7:0/1673801163 conn(0x7fcd98103d00 msgr2=0x7fcd98106120 unknown :-1 s=STATE_NONE l=0).mark_down
2024-04-24T08:05:56.785 INFO:teuthology.orchestra.run.smithi007.stdout:/usr/bin/ceph: stderr
2024-04-24T08:05:55.887+0000 7fcd9dc00700 1 -- 172.21.15.7:0/1673801163 shutdown_connections
2024-04-24T08:05:56.785 INFO:teuthology.orchestra.run.smithi007.stdout:/usr/bin/ceph: stderr
2024-04-24T08:05:55.887+0000 7fcd9dc00700 1 -- 172.21.15.7:0/1673801163 wait complete.
2024-04-24T08:05:56.785 INFO:teuthology.orchestra.run.smithi007.stdout:/usr/bin/ceph: stderr
2024-04-24T08:05:55.888+0000 7fcd9dc00700 1 Processor -- start
2024-04-24T08:05:56.785 INFO:teuthology.orchestra.run.smithi007.stdout:/usr/bin/ceph: stderr
2024-04-24T08:05:55.888+0000 7fcd9dc00700 1 -- start start
2024-04-24T08:05:56.785 INFO:teuthology.orchestra.run.smithi007.stdout:/usr/bin/ceph: stderr
2024-04-24T08:05:55.889+0000 7fcd9dc00700 1 --2- >> [v2:172.21.15.7:3300/0,v1:172.21.15.7:6789/0] conn(0x7fcd9807dd60 0x7fcd9819e910 unknown :-1 s=NONE pgs=0 cs=0 l=1 rev1=0 crypto rx=0 tx=0 comp rx=0 tx=0).connect
2024-04-24T08:05:56.785 INFO:teuthology.orchestra.run.smithi007.stdout:/usr/bin/ceph: stderr
2024-04-24T08:05:55.889+0000 7fcd9dc00700 1 -- --> [v2:172.21.15.7:3300/0,v1:172.21.15.7:6789/0] -- mon_getmap magic: 0 -- 0x7fcd9810ecd0 con 0x7fcd9807dd60
2024-04-24T08:05:56.785 INFO:teuthology.orchestra.run.smithi007.stdout:/usr/bin/ceph: stderr
2024-04-24T08:05:55.889+0000 7fcd96a00700 1 --2- >> [v2:172.21.15.7:3300/0,v1:172.21.15.7:6789/0] conn(0x7fcd9807dd60 0x7fcd9819e910 unknown :-1 s=BANNER_CONNECTING pgs=0 cs=0 l=1 rev1=0 crypto rx=0 tx=0 comp rx=0 tx=0)._handle_peer_banner_payload supported=3 required=0
2024-04-24T08:05:56.785 INFO:teuthology.orchestra.run.smithi007.stdout:/usr/bin/ceph: stderr
2024-04-24T08:05:55.889+0000 7fcd96a00700 1 --2- >> [v2:172.21.15.7:3300/0,v1:172.21.15.7:6789/0] conn(0x7fcd9807dd60 0x7fcd9819e910 unknown :-1 s=HELLO_CONNECTING pgs=0 cs=0 l=1 rev1=1 crypto rx=0 tx=0 comp rx=0 tx=0).handle_hello peer v2:172.21.15.7:3300/0 says I am v2:172.21.15.7:59154/0 (socket says 172.21.15.7:59154)
2024-04-24T08:05:56.786 INFO:teuthology.orchestra.run.smithi007.stdout:/usr/bin/ceph: stderr
2024-04-24T08:05:55.889+0000 7fcd96a00700 1 -- 172.21.15.7:0/3323930351 learned_addr learned my addr 172.21.15.7:0/3323930351 (peer_addr_for_me v2:172.21.15.7:0/0)
2024-04-24T08:05:56.786 INFO:teuthology.orchestra.run.smithi007.stdout:/usr/bin/ceph: stderr
2024-04-24T08:05:55.889+0000 7fcd96a00700 1 -- 172.21.15.7:0/3323930351 --> [v2:172.21.15.7:3300/0,v1:172.21.15.7:6789/0] -- mon_subscribe({config=0+,monmap=0+}) -- 0x7fcd9819ee50 con 0x7fcd9807dd60
2024-04-24T08:05:56.786 INFO:teuthology.orchestra.run.smithi007.stdout:/usr/bin/ceph: stderr
2024-04-24T08:05:55.889+0000 7fcd96a00700 1 --2- 172.21.15.7:0/3323930351 >> [v2:172.21.15.7:3300/0,v1:172.21.15.7:6789/0] conn(0x7fcd9807dd60 0x7fcd9819e910 secure :-1 s=READY pgs=40 cs=0 l=1 rev1=1 crypto rx=0x7fcd88011b60 tx=0x7fcd88011c40 comp rx=0 tx=0).ready entity=mon.0 client_cookie=0 server_cookie=0 in_seq=0 out_seq=0
2024-04-24T08:05:56.786 INFO:teuthology.orchestra.run.smithi007.stdout:/usr/bin/ceph: stderr
2024-04-24T08:05:55.890+0000 7fcd8f400700 1 -- 172.21.15.7:0/3323930351 <== mon.0 v2:172.21.15.7:3300/0 1 ==== mon_map magic: 0 ==== 205+0+0 (secure 0 0 0) 0x7fcd88003b20 con 0x7fcd9807dd60
2024-04-24T08:05:56.786 INFO:teuthology.orchestra.run.smithi007.stdout:/usr/bin/ceph: stderr
2024-04-24T08:05:55.890+0000 7fcd8f400700 1 -- 172.21.15.7:0/3323930351 <== mon.0 v2:172.21.15.7:3300/0 2 ==== config(27 keys) ==== 1109+0+0 (secure 0 0 0) 0x7fcd88003cc0 con 0x7fcd9807dd60
2024-04-24T08:05:56.786 INFO:teuthology.orchestra.run.smithi007.stdout:/usr/bin/ceph: stderr
2024-04-24T08:05:55.890+0000 7fcd8f400700 1 -- 172.21.15.7:0/3323930351 <== mon.0 v2:172.21.15.7:3300/0 3 ==== mon_map magic: 0 ==== 205+0+0 (secure 0 0 0) 0x7fcd88024840 con 0x7fcd9807dd60
2024-04-24T08:05:56.786 INFO:teuthology.orchestra.run.smithi007.stdout:/usr/bin/ceph: stderr
2024-04-24T08:05:55.890+0000 7fcd9dc00700 1 -- 172.21.15.7:0/3323930351 --> [v2:172.21.15.7:3300/0,v1:172.21.15.7:6789/0] -- mon_subscribe({mgrmap=0+}) -- 0x7fcd9819f0e0 con 0x7fcd9807dd60
2024-04-24T08:05:56.786 INFO:teuthology.orchestra.run.smithi007.stdout:/usr/bin/ceph: stderr
2024-04-24T08:05:55.890+0000 7fcd9dc00700 1 -- 172.21.15.7:0/3323930351 --> [v2:172.21.15.7:3300/0,v1:172.21.15.7:6789/0] -- mon_subscribe({osdmap=0}) -- 0x7fcd981a1dd0 con 0x7fcd9807dd60
2024-04-24T08:05:56.786 INFO:teuthology.orchestra.run.smithi007.stdout:/usr/bin/ceph: stderr
2024-04-24T08:05:55.891+0000 7fcd8f400700 1 -- 172.21.15.7:0/3323930351 <== mon.0 v2:172.21.15.7:3300/0 4 ==== mgrmap(e 8) ==== 46558+0+0 (secure 0 0 0) 0x7fcd88022020 con 0x7fcd9807dd60
2024-04-24T08:05:56.786 INFO:teuthology.orchestra.run.smithi007.stdout:/usr/bin/ceph: stderr
2024-04-24T08:05:55.891+0000 7fcd9dc00700 1 -- 172.21.15.7:0/3323930351 --> [v2:172.21.15.7:3300/0,v1:172.21.15.7:6789/0] -- mon_command({"prefix": "get_command_descriptions"} v 0) -- 0x7fcd98069c70 con 0x7fcd9807dd60
2024-04-24T08:05:56.786 INFO:teuthology.orchestra.run.smithi007.stdout:/usr/bin/ceph: stderr
2024-04-24T08:05:55.892+0000 7fcd8f400700 1 --2- 172.21.15.7:0/3323930351 >> [v2:172.21.15.7:6800/4190488637,v1:172.21.15.7:6801/4190488637] conn(0x7fcd7c039600 0x7fcd7c03bac0 unknown :-1 s=NONE pgs=0 cs=0 l=1 rev1=0 crypto rx=0 tx=0 comp rx=0 tx=0).connect
2024-04-24T08:05:56.786 INFO:teuthology.orchestra.run.smithi007.stdout:/usr/bin/ceph: stderr
2024-04-24T08:05:55.892+0000 7fcd8f400700 1 -- 172.21.15.7:0/3323930351 <== mon.0 v2:172.21.15.7:3300/0 5 ==== osd_map(2..2 src has 1..2) ==== 940+0+0 (secure 0 0 0) 0x7fcd88011e00 con 0x7fcd9807dd60
2024-04-24T08:05:56.786 INFO:teuthology.orchestra.run.smithi007.stdout:/usr/bin/ceph: stderr
2024-04-24T08:05:55.892+0000 7fcd96000700 1 --2- 172.21.15.7:0/3323930351 >> [v2:172.21.15.7:6800/4190488637,v1:172.21.15.7:6801/4190488637] conn(0x7fcd7c039600 0x7fcd7c03bac0 unknown :-1 s=BANNER_CONNECTING pgs=0 cs=0 l=1 rev1=0 crypto rx=0 tx=0 comp rx=0 tx=0)._handle_peer_banner_payload supported=3 required=0
2024-04-24T08:05:56.787 INFO:teuthology.orchestra.run.smithi007.stdout:/usr/bin/ceph: stderr
2024-04-24T08:05:55.893+0000 7fcd96000700 1 --2- 172.21.15.7:0/3323930351 >> [v2:172.21.15.7:6800/4190488637,v1:172.21.15.7:6801/4190488637] conn(0x7fcd7c039600 0x7fcd7c03bac0 secure :-1 s=READY pgs=8 cs=0 l=1 rev1=1 crypto rx=0x7fcd84006fd0 tx=0x7fcd84006e40 comp rx=0 tx=0).ready entity=mgr.14120 client_cookie=0 server_cookie=0 in_seq=0 out_seq=0
2024-04-24T08:05:56.787 INFO:teuthology.orchestra.run.smithi007.stdout:/usr/bin/ceph: stderr
2024-04-24T08:05:55.898+0000 7fcd8f400700 1 -- 172.21.15.7:0/3323930351 <== mon.0 v2:172.21.15.7:3300/0 6 ==== mon_command_ack([{"prefix": "get_command_descriptions"}]=0 v0) ==== 72+0+188370 (secure 0 0 0) 0x7fcd8804d1a0 con 0x7fcd9807dd60
2024-04-24T08:05:56.787 INFO:teuthology.orchestra.run.smithi007.stdout:/usr/bin/ceph: stderr
2024-04-24T08:05:56.131+0000 7fcd9dc00700 1 -- 172.21.15.7:0/3323930351 --> [v2:172.21.15.7:6800/4190488637,v1:172.21.15.7:6801/4190488637] -- mgr_command(tid 0: {"prefix": "cephadm set-user", "user": "root", "target": ["mon-mgr", ""]}) -- 0x7fcd98104f20 con 0x7fcd7c039600
2024-04-24T08:05:56.787 INFO:teuthology.orchestra.run.smithi007.stdout:/usr/bin/ceph: stderr
2024-04-24T08:05:56.132+0000 7fcd8f400700 1 -- 172.21.15.7:0/3323930351 <== mgr.14120 v2:172.21.15.7:6800/4190488637 1 ==== mgr_command_reply(tid 0: 0 ) ==== 8+0+16 (secure 0 0 0) 0x7fcd98104f20 con 0x7fcd7c039600
2024-04-24T08:05:56.787 INFO:teuthology.orchestra.run.smithi007.stdout:/usr/bin/ceph: stderr
2024-04-24T08:05:56.135+0000 7fcd9dc00700 1 -- 172.21.15.7:0/3323930351 >> [v2:172.21.15.7:6800/4190488637,v1:172.21.15.7:6801/4190488637] conn(0x7fcd7c039600 msgr2=0x7fcd7c03bac0 secure :-1 s=STATE_CONNECTION_ESTABLISHED l=1).mark_down
2024-04-24T08:05:56.787 INFO:teuthology.orchestra.run.smithi007.stdout:/usr/bin/ceph: stderr
2024-04-24T08:05:56.135+0000 7fcd9dc00700 1 --2- 172.21.15.7:0/3323930351 >> [v2:172.21.15.7:6800/4190488637,v1:172.21.15.7:6801/4190488637] conn(0x7fcd7c039600 0x7fcd7c03bac0 secure :-1 s=READY pgs=8 cs=0 l=1 rev1=1 crypto rx=0x7fcd84006fd0 tx=0x7fcd84006e40 comp rx=0 tx=0).stop
2024-04-24T08:05:56.787 INFO:teuthology.orchestra.run.smithi007.stdout:/usr/bin/ceph: stderr
2024-04-24T08:05:56.135+0000 7fcd9dc00700 1 -- 172.21.15.7:0/3323930351 >> [v2:172.21.15.7:3300/0,v1:172.21.15.7:6789/0] conn(0x7fcd9807dd60 msgr2=0x7fcd9819e910 secure :-1 s=STATE_CONNECTION_ESTABLISHED l=1).mark_down
2024-04-24T08:05:56.787 INFO:teuthology.orchestra.run.smithi007.stdout:/usr/bin/ceph: stderr
2024-04-24T08:05:56.135+0000 7fcd9dc00700 1 --2- 172.21.15.7:0/3323930351 >> [v2:172.21.15.7:3300/0,v1:172.21.15.7:6789/0] conn(0x7fcd9807dd60 0x7fcd9819e910 secure :-1 s=READY pgs=40 cs=0 l=1 rev1=1 crypto rx=0x7fcd88011b60 tx=0x7fcd88011c40 comp rx=0 tx=0).stop
2024-04-24T08:05:56.787 INFO:teuthology.orchestra.run.smithi007.stdout:/usr/bin/ceph: stderr
2024-04-24T08:05:56.135+0000 7fcd9dc00700 1 -- 172.21.15.7:0/3323930351 shutdown_connections
2024-04-24T08:05:56.787 INFO:teuthology.orchestra.run.smithi007.stdout:/usr/bin/ceph: stderr
2024-04-24T08:05:56.135+0000 7fcd9dc00700 1 --2- 172.21.15.7:0/3323930351 >> [v2:172.21.15.7:6800/4190488637,v1:172.21.15.7:6801/4190488637] conn(0x7fcd7c039600 0x7fcd7c03bac0 unknown :-1 s=CLOSED pgs=8 cs=0 l=1 rev1=1 crypto rx=0 tx=0 comp rx=0 tx=0).stop
2024-04-24T08:05:56.787 INFO:teuthology.orchestra.run.smithi007.stdout:/usr/bin/ceph: stderr
2024-04-24T08:05:56.135+0000 7fcd9dc00700 1 --2- 172.21.15.7:0/3323930351 >> [v2:172.21.15.7:3300/0,v1:172.21.15.7:6789/0] conn(0x7fcd9807dd60 0x7fcd9819e910 unknown :-1 s=CLOSED pgs=40 cs=0 l=1 rev1=1 crypto rx=0 tx=0 comp rx=0 tx=0).stop
2024-04-24T08:05:56.787 INFO:teuthology.orchestra.run.smithi007.stdout:/usr/bin/ceph: stderr
2024-04-24T08:05:56.135+0000 7fcd9dc00700 1 -- 172.21.15.7:0/3323930351 >> 172.21.15.7:0/3323930351 conn(0x7fcd98103d00 msgr2=0x7fcd98104810 unknown :-1 s=STATE_NONE l=0).mark_down
2024-04-24T08:05:56.787 INFO:teuthology.orchestra.run.smithi007.stdout:/usr/bin/ceph: stderr
2024-04-24T08:05:56.136+0000 7fcd9dc00700 1 -- 172.21.15.7:0/3323930351 shutdown_connections
2024-04-24T08:05:56.788 INFO:teuthology.orchestra.run.smithi007.stdout:/usr/bin/ceph: stderr
2024-04-24T08:05:56.136+0000 7fcd9dc00700 1 -- 172.21.15.7:0/3323930351 wait complete.
2024-04-24T08:05:56.788 INFO:teuthology.orchestra.run.smithi007.stdout:Generating ssh key...
2024-04-24T08:05:57.300 INFO:journalctl@ceph.mon.a.smithi007.stdout:Apr 24 08:05:57 smithi007 ceph-mon[27842]: from='client.14134 -' entity='client.admin' cmd=[{"prefix": "cephadm set-user", "user": "root", "target": ["mon-mgr", ""]}]: dispatch
2024-04-24T08:05:58.241 INFO:journalctl@ceph.mgr.x.smithi007.stdout:Apr 24 08:05:57 smithi007 ceph-3a1c550a-0211-11ef-bc93-c7b262605968-mgr-x[28083]: Generating public/private rsa key pair.
2024-04-24T08:05:58.241 INFO:journalctl@ceph.mgr.x.smithi007.stdout:Apr 24 08:05:57 smithi007 ceph-3a1c550a-0211-11ef-bc93-c7b262605968-mgr-x[28083]: Your identification has been saved in /tmp/tmpz8jmc4is/key.
2024-04-24T08:05:58.242 INFO:journalctl@ceph.mgr.x.smithi007.stdout:Apr 24 08:05:57 smithi007 ceph-3a1c550a-0211-11ef-bc93-c7b262605968-mgr-x[28083]: Your public key has been saved in /tmp/tmpz8jmc4is/key.pub.
2024-04-24T08:05:58.242 INFO:journalctl@ceph.mgr.x.smithi007.stdout:Apr 24 08:05:57 smithi007 ceph-3a1c550a-0211-11ef-bc93-c7b262605968-mgr-x[28083]: The key fingerprint is:
2024-04-24T08:05:58.242 INFO:journalctl@ceph.mgr.x.smithi007.stdout:Apr 24 08:05:57 smithi007 ceph-3a1c550a-0211-11ef-bc93-c7b262605968-mgr-x[28083]: SHA256:PoNHZ73AeAGupEEZw/f4nSF0NlmmEv/R4OFZPZcU/kE ceph-3a1c550a-0211-11ef-bc93-c7b262605968
2024-04-24T08:05:58.242 INFO:journalctl@ceph.mgr.x.smithi007.stdout:Apr 24 08:05:57 smithi007 ceph-3a1c550a-0211-11ef-bc93-c7b262605968-mgr-x[28083]: The key's randomart image is:
2024-04-24T08:05:58.242 INFO:journalctl@ceph.mgr.x.smithi007.stdout:Apr 24 08:05:57 smithi007 ceph-3a1c550a-0211-11ef-bc93-c7b262605968-mgr-x[28083]: +---[RSA 3072]----+
2024-04-24T08:05:58.242 INFO:journalctl@ceph.mgr.x.smithi007.stdout:Apr 24 08:05:57 smithi007 ceph-3a1c550a-0211-11ef-bc93-c7b262605968-mgr-x[28083]: | .+o o o= oEo|
2024-04-24T08:05:58.242 INFO:journalctl@ceph.mgr.x.smithi007.stdout:Apr 24 08:05:57 smithi007 ceph-3a1c550a-0211-11ef-bc93-c7b262605968-mgr-x[28083]: | .o....+== *ooo|
2024-04-24T08:05:58.242 INFO:journalctl@ceph.mgr.x.smithi007.stdout:Apr 24 08:05:57 smithi007 ceph-3a1c550a-0211-11ef-bc93-c7b262605968-mgr-x[28083]: | ...+oo+.= .oo|
2024-04-24T08:05:58.242 INFO:journalctl@ceph.mgr.x.smithi007.stdout:Apr 24 08:05:57 smithi007 ceph-3a1c550a-0211-11ef-bc93-c7b262605968-mgr-x[28083]: | +..o+.+ . o|
2024-04-24T08:05:58.242 INFO:journalctl@ceph.mgr.x.smithi007.stdout:Apr 24 08:05:57 smithi007 ceph-3a1c550a-0211-11ef-bc93-c7b262605968-mgr-x[28083]: | . ..So*oo .|
2024-04-24T08:05:58.242 INFO:journalctl@ceph.mgr.x.smithi007.stdout:Apr 24 08:05:57 smithi007 ceph-3a1c550a-0211-11ef-bc93-c7b262605968-mgr-x[28083]: | +.+o. . |
2024-04-24T08:05:58.242 INFO:journalctl@ceph.mgr.x.smithi007.stdout:Apr 24 08:05:57 smithi007 ceph-3a1c550a-0211-11ef-bc93-c7b262605968-mgr-x[28083]: | . = . |
2024-04-24T08:05:58.242 INFO:journalctl@ceph.mgr.x.smithi007.stdout:Apr 24 08:05:57 smithi007 ceph-3a1c550a-0211-11ef-bc93-c7b262605968-mgr-x[28083]: | . o |
2024-04-24T08:05:58.243 INFO:journalctl@ceph.mgr.x.smithi007.stdout:Apr 24 08:05:57 smithi007 ceph-3a1c550a-0211-11ef-bc93-c7b262605968-mgr-x[28083]: | |
2024-04-24T08:05:58.243 INFO:journalctl@ceph.mgr.x.smithi007.stdout:Apr 24 08:05:57 smithi007 ceph-3a1c550a-0211-11ef-bc93-c7b262605968-mgr-x[28083]: +----[SHA256]-----+
2024-04-24T08:05:58.786 INFO:teuthology.orchestra.run.smithi007.stdout:/usr/bin/ceph: stderr
2024-04-24T08:05:57.342+0000 7ff8c5000700 1 Processor -- start
2024-04-24T08:05:58.786 INFO:teuthology.orchestra.run.smithi007.stdout:/usr/bin/ceph: stderr
2024-04-24T08:05:57.343+0000 7ff8c5000700 1 -- start start
2024-04-24T08:05:58.786 INFO:teuthology.orchestra.run.smithi007.stdout:/usr/bin/ceph: stderr
2024-04-24T08:05:57.343+0000 7ff8c5000700 1 --2- >> [v2:172.21.15.7:3300/0,v1:172.21.15.7:6789/0] conn(0x7ff8c0082760 0x7ff8c0082b80 unknown :-1 s=NONE pgs=0 cs=0 l=0 rev1=0 crypto rx=0 tx=0 comp rx=0 tx=0).connect
2024-04-24T08:05:58.786 INFO:teuthology.orchestra.run.smithi007.stdout:/usr/bin/ceph: stderr
2024-04-24T08:05:57.343+0000 7ff8c5000700 1 -- --> [v2:172.21.15.7:3300/0,v1:172.21.15.7:6789/0] -- mon_getmap magic: 0 -- 0x7ff8c0083150 con 0x7ff8c0082760
2024-04-24T08:05:58.786 INFO:teuthology.orchestra.run.smithi007.stdout:/usr/bin/ceph: stderr
2024-04-24T08:05:57.344+0000 7ff8bde00700 1 --2- >> [v2:172.21.15.7:3300/0,v1:172.21.15.7:6789/0] conn(0x7ff8c0082760 0x7ff8c0082b80 unknown :-1 s=BANNER_CONNECTING pgs=0 cs=0 l=0 rev1=0 crypto rx=0 tx=0 comp rx=0 tx=0)._handle_peer_banner_payload supported=3 required=0
2024-04-24T08:05:58.786 INFO:teuthology.orchestra.run.smithi007.stdout:/usr/bin/ceph: stderr
2024-04-24T08:05:57.344+0000 7ff8bde00700 1 --2- >> [v2:172.21.15.7:3300/0,v1:172.21.15.7:6789/0] conn(0x7ff8c0082760 0x7ff8c0082b80 unknown :-1 s=HELLO_CONNECTING pgs=0 cs=0 l=0 rev1=1 crypto rx=0 tx=0 comp rx=0 tx=0).handle_hello peer v2:172.21.15.7:3300/0 says I am v2:172.21.15.7:59156/0 (socket says 172.21.15.7:59156)
2024-04-24T08:05:58.786 INFO:teuthology.orchestra.run.smithi007.stdout:/usr/bin/ceph: stderr
2024-04-24T08:05:57.344+0000 7ff8bde00700 1 -- 172.21.15.7:0/168382592 learned_addr learned my addr 172.21.15.7:0/168382592 (peer_addr_for_me v2:172.21.15.7:0/0)
2024-04-24T08:05:58.786 INFO:teuthology.orchestra.run.smithi007.stdout:/usr/bin/ceph: stderr
2024-04-24T08:05:57.344+0000 7ff8bde00700 1 -- 172.21.15.7:0/168382592 --> [v2:172.21.15.7:3300/0,v1:172.21.15.7:6789/0] -- mon_subscribe({config=0+,monmap=0+}) -- 0x7ff8c010ff30 con 0x7ff8c0082760
2024-04-24T08:05:58.786 INFO:teuthology.orchestra.run.smithi007.stdout:/usr/bin/ceph: stderr
2024-04-24T08:05:57.344+0000 7ff8bde00700 1 --2- 172.21.15.7:0/168382592 >> [v2:172.21.15.7:3300/0,v1:172.21.15.7:6789/0] conn(0x7ff8c0082760 0x7ff8c0082b80 secure :-1 s=READY pgs=41 cs=0 l=1 rev1=1 crypto rx=0x7ff8b0009e80 tx=0x7ff8b000b330 comp rx=0 tx=0).ready entity=mon.0 client_cookie=5583fc3fc23d08d1 server_cookie=0 in_seq=0 out_seq=0
2024-04-24T08:05:58.786 INFO:teuthology.orchestra.run.smithi007.stdout:/usr/bin/ceph: stderr
2024-04-24T08:05:57.345+0000 7ff8bd400700 1 -- 172.21.15.7:0/168382592 <== mon.0 v2:172.21.15.7:3300/0 1 ==== mon_map magic: 0 ==== 205+0+0 (secure 0 0 0) 0x7ff8b0017070 con 0x7ff8c0082760
2024-04-24T08:05:58.787 INFO:teuthology.orchestra.run.smithi007.stdout:/usr/bin/ceph: stderr
2024-04-24T08:05:57.345+0000 7ff8bd400700 1 -- 172.21.15.7:0/168382592 <== mon.0 v2:172.21.15.7:3300/0 2 ==== config(27 keys) ==== 1109+0+0 (secure 0 0 0) 0x7ff8b000b8c0 con 0x7ff8c0082760
2024-04-24T08:05:58.787 INFO:teuthology.orchestra.run.smithi007.stdout:/usr/bin/ceph: stderr
2024-04-24T08:05:57.345+0000 7ff8bd400700 1 -- 172.21.15.7:0/168382592 <== mon.0 v2:172.21.15.7:3300/0 3 ==== mon_map magic: 0 ==== 205+0+0 (secure 0 0 0) 0x7ff8b00045c0 con 0x7ff8c0082760
2024-04-24T08:05:58.787 INFO:teuthology.orchestra.run.smithi007.stdout:/usr/bin/ceph: stderr
2024-04-24T08:05:57.346+0000 7ff8c5000700 1 -- 172.21.15.7:0/168382592 >> [v2:172.21.15.7:3300/0,v1:172.21.15.7:6789/0] conn(0x7ff8c0082760 msgr2=0x7ff8c0082b80 secure :-1 s=STATE_CONNECTION_ESTABLISHED l=1).mark_down
2024-04-24T08:05:58.787 INFO:teuthology.orchestra.run.smithi007.stdout:/usr/bin/ceph: stderr
2024-04-24T08:05:57.346+0000 7ff8c5000700 1 --2- 172.21.15.7:0/168382592 >> [v2:172.21.15.7:3300/0,v1:172.21.15.7:6789/0] conn(0x7ff8c0082760 0x7ff8c0082b80 secure :-1 s=READY pgs=41 cs=0 l=1 rev1=1 crypto rx=0x7ff8b0009e80 tx=0x7ff8b000b330 comp rx=0 tx=0).stop
2024-04-24T08:05:58.787 INFO:teuthology.orchestra.run.smithi007.stdout:/usr/bin/ceph: stderr
2024-04-24T08:05:57.346+0000 7ff8c5000700 1 -- 172.21.15.7:0/168382592 shutdown_connections
2024-04-24T08:05:58.787 INFO:teuthology.orchestra.run.smithi007.stdout:/usr/bin/ceph: stderr
2024-04-24T08:05:57.346+0000 7ff8c5000700 1 --2- 172.21.15.7:0/168382592 >> [v2:172.21.15.7:3300/0,v1:172.21.15.7:6789/0] conn(0x7ff8c0082760 0x7ff8c0082b80 unknown :-1 s=CLOSED pgs=41 cs=0 l=1 rev1=1 crypto rx=0 tx=0 comp rx=0 tx=0).stop
2024-04-24T08:05:58.787 INFO:teuthology.orchestra.run.smithi007.stdout:/usr/bin/ceph: stderr
2024-04-24T08:05:57.346+0000 7ff8c5000700 1 -- 172.21.15.7:0/168382592 >> 172.21.15.7:0/168382592 conn(0x7ff8c007dd80 msgr2=0x7ff8c00801a0 unknown :-1 s=STATE_NONE l=0).mark_down
2024-04-24T08:05:58.787 INFO:teuthology.orchestra.run.smithi007.stdout:/usr/bin/ceph: stderr
2024-04-24T08:05:57.346+0000 7ff8c5000700 1 -- 172.21.15.7:0/168382592 shutdown_connections
2024-04-24T08:05:58.787 INFO:teuthology.orchestra.run.smithi007.stdout:/usr/bin/ceph: stderr
2024-04-24T08:05:57.346+0000 7ff8c5000700 1 -- 172.21.15.7:0/168382592 wait complete.
2024-04-24T08:05:58.791 INFO:teuthology.orchestra.run.smithi007.stdout:/usr/bin/ceph: stderr
2024-04-24T08:05:57.347+0000 7ff8c5000700 1 Processor -- start
2024-04-24T08:05:58.791 INFO:teuthology.orchestra.run.smithi007.stdout:/usr/bin/ceph: stderr
2024-04-24T08:05:57.348+0000 7ff8c5000700 1 -- start start
2024-04-24T08:05:58.791 INFO:teuthology.orchestra.run.smithi007.stdout:/usr/bin/ceph: stderr
2024-04-24T08:05:57.348+0000 7ff8c5000700 1 --2- >> [v2:172.21.15.7:3300/0,v1:172.21.15.7:6789/0] conn(0x7ff8c0082760 0x7ff8c01a3010 unknown :-1 s=NONE pgs=0 cs=0 l=1 rev1=0 crypto rx=0 tx=0 comp rx=0 tx=0).connect
2024-04-24T08:05:58.791 INFO:teuthology.orchestra.run.smithi007.stdout:/usr/bin/ceph: stderr
2024-04-24T08:05:57.348+0000 7ff8c5000700 1 -- --> [v2:172.21.15.7:3300/0,v1:172.21.15.7:6789/0] -- mon_getmap magic: 0 -- 0x7ff8c01132e0 con 0x7ff8c0082760
2024-04-24T08:05:58.791 INFO:teuthology.orchestra.run.smithi007.stdout:/usr/bin/ceph: stderr
2024-04-24T08:05:57.348+0000 7ff8bde00700 1 --2- >> [v2:172.21.15.7:3300/0,v1:172.21.15.7:6789/0] conn(0x7ff8c0082760 0x7ff8c01a3010 unknown :-1 s=BANNER_CONNECTING pgs=0 cs=0 l=1 rev1=0 crypto rx=0 tx=0 comp rx=0 tx=0)._handle_peer_banner_payload supported=3 required=0
2024-04-24T08:05:58.791 INFO:teuthology.orchestra.run.smithi007.stdout:/usr/bin/ceph: stderr
2024-04-24T08:05:57.348+0000 7ff8bde00700 1 --2- >> [v2:172.21.15.7:3300/0,v1:172.21.15.7:6789/0] conn(0x7ff8c0082760 0x7ff8c01a3010 unknown :-1 s=HELLO_CONNECTING pgs=0 cs=0 l=1 rev1=1 crypto rx=0 tx=0 comp rx=0 tx=0).handle_hello peer v2:172.21.15.7:3300/0 says I am v2:172.21.15.7:59172/0 (socket says 172.21.15.7:59172)
2024-04-24T08:05:58.791 INFO:teuthology.orchestra.run.smithi007.stdout:/usr/bin/ceph: stderr
2024-04-24T08:05:57.348+0000 7ff8bde00700 1 -- 172.21.15.7:0/3237762850 learned_addr learned my addr 172.21.15.7:0/3237762850 (peer_addr_for_me v2:172.21.15.7:0/0)
2024-04-24T08:05:58.791 INFO:teuthology.orchestra.run.smithi007.stdout:/usr/bin/ceph: stderr
2024-04-24T08:05:57.349+0000 7ff8bde00700 1 -- 172.21.15.7:0/3237762850 --> [v2:172.21.15.7:3300/0,v1:172.21.15.7:6789/0] -- mon_subscribe({config=0+,monmap=0+}) -- 0x7ff8c01a3550 con 0x7ff8c0082760
2024-04-24T08:05:58.791 INFO:teuthology.orchestra.run.smithi007.stdout:/usr/bin/ceph: stderr
2024-04-24T08:05:57.349+0000 7ff8bde00700 1 --2- 172.21.15.7:0/3237762850 >> [v2:172.21.15.7:3300/0,v1:172.21.15.7:6789/0] conn(0x7ff8c0082760 0x7ff8c01a3010 secure :-1 s=READY pgs=42 cs=0 l=1 rev1=1 crypto rx=0x7ff8b0004210 tx=0x7ff8b000bd50 comp rx=0 tx=0).ready entity=mon.0 client_cookie=0 server_cookie=0 in_seq=0 out_seq=0
2024-04-24T08:05:58.792 INFO:teuthology.orchestra.run.smithi007.stdout:/usr/bin/ceph: stderr
2024-04-24T08:05:57.349+0000 7ff8b7400700 1 -- 172.21.15.7:0/3237762850 <== mon.0 v2:172.21.15.7:3300/0 1 ==== mon_map magic: 0 ==== 205+0+0 (secure 0 0 0) 0x7ff8b0020020 con 0x7ff8c0082760
2024-04-24T08:05:58.792 INFO:teuthology.orchestra.run.smithi007.stdout:/usr/bin/ceph: stderr
2024-04-24T08:05:57.349+0000 7ff8b7400700 1 -- 172.21.15.7:0/3237762850 <== mon.0 v2:172.21.15.7:3300/0 2 ==== config(27 keys) ==== 1109+0+0 (secure 0 0 0) 0x7ff8b0003b50 con 0x7ff8c0082760
2024-04-24T08:05:58.792 INFO:teuthology.orchestra.run.smithi007.stdout:/usr/bin/ceph: stderr
2024-04-24T08:05:57.349+0000 7ff8c5000700 1 -- 172.21.15.7:0/3237762850 --> [v2:172.21.15.7:3300/0,v1:172.21.15.7:6789/0] -- mon_subscribe({mgrmap=0+}) -- 0x7ff8c01a37e0 con 0x7ff8c0082760
2024-04-24T08:05:58.792 INFO:teuthology.orchestra.run.smithi007.stdout:/usr/bin/ceph: stderr
2024-04-24T08:05:57.349+0000 7ff8b7400700 1 -- 172.21.15.7:0/3237762850 <== mon.0 v2:172.21.15.7:3300/0 3 ==== mon_map magic: 0 ==== 205+0+0 (secure 0 0 0) 0x7ff8b0017040 con 0x7ff8c0082760
2024-04-24T08:05:58.792 INFO:teuthology.orchestra.run.smithi007.stdout:/usr/bin/ceph: stderr
2024-04-24T08:05:57.350+0000 7ff8c5000700 1 -- 172.21.15.7:0/3237762850 --> [v2:172.21.15.7:3300/0,v1:172.21.15.7:6789/0] -- mon_subscribe({osdmap=0}) -- 0x7ff8c01a64d0 con 0x7ff8c0082760
2024-04-24T08:05:58.792 INFO:teuthology.orchestra.run.smithi007.stdout:/usr/bin/ceph: stderr
2024-04-24T08:05:57.350+0000 7ff8b7400700 1 -- 172.21.15.7:0/3237762850 <== mon.0 v2:172.21.15.7:3300/0 4 ==== mgrmap(e 8) ==== 46558+0+0 (secure 0 0 0) 0x7ff8b0023020 con 0x7ff8c0082760
2024-04-24T08:05:58.792 INFO:teuthology.orchestra.run.smithi007.stdout:/usr/bin/ceph: stderr
2024-04-24T08:05:57.351+0000 7ff8c5000700 1 -- 172.21.15.7:0/3237762850 --> [v2:172.21.15.7:3300/0,v1:172.21.15.7:6789/0] -- mon_command({"prefix": "get_command_descriptions"} v 0) -- 0x7ff8c0064150 con 0x7ff8c0082760
2024-04-24T08:05:58.792 INFO:teuthology.orchestra.run.smithi007.stdout:/usr/bin/ceph: stderr
2024-04-24T08:05:57.351+0000 7ff8b7400700 1 --2- 172.21.15.7:0/3237762850 >> [v2:172.21.15.7:6800/4190488637,v1:172.21.15.7:6801/4190488637] conn(0x7ff8a4039660 0x7ff8a403bb20 unknown :-1 s=NONE pgs=0 cs=0 l=1 rev1=0 crypto rx=0 tx=0 comp rx=0 tx=0).connect
2024-04-24T08:05:58.792 INFO:teuthology.orchestra.run.smithi007.stdout:/usr/bin/ceph: stderr
2024-04-24T08:05:57.351+0000 7ff8b7400700 1 -- 172.21.15.7:0/3237762850 <== mon.0 v2:172.21.15.7:3300/0 5 ==== osd_map(2..2 src has 1..2) ==== 940+0+0 (secure 0 0 0) 0x7ff8b000f050 con 0x7ff8c0082760
2024-04-24T08:05:58.792 INFO:teuthology.orchestra.run.smithi007.stdout:/usr/bin/ceph: stderr
2024-04-24T08:05:57.351+0000 7ff8b5400700 1 --2- 172.21.15.7:0/3237762850 >> [v2:172.21.15.7:6800/4190488637,v1:172.21.15.7:6801/4190488637] conn(0x7ff8a4039660 0x7ff8a403bb20 unknown :-1 s=BANNER_CONNECTING pgs=0 cs=0 l=1 rev1=0 crypto rx=0 tx=0 comp rx=0 tx=0)._handle_peer_banner_payload supported=3 required=0
2024-04-24T08:05:58.792 INFO:teuthology.orchestra.run.smithi007.stdout:/usr/bin/ceph: stderr
2024-04-24T08:05:57.352+0000 7ff8b5400700 1 --2- 172.21.15.7:0/3237762850 >> [v2:172.21.15.7:6800/4190488637,v1:172.21.15.7:6801/4190488637] conn(0x7ff8a4039660 0x7ff8a403bb20 secure :-1 s=READY pgs=9 cs=0 l=1 rev1=1 crypto rx=0x7ff8a8006fd0 tx=0x7ff8a8006e40 comp rx=0 tx=0).ready entity=mgr.14120 client_cookie=0 server_cookie=0 in_seq=0 out_seq=0
2024-04-24T08:05:58.792 INFO:teuthology.orchestra.run.smithi007.stdout:/usr/bin/ceph: stderr
2024-04-24T08:05:57.356+0000 7ff8b7400700 1 -- 172.21.15.7:0/3237762850 <== mon.0 v2:172.21.15.7:3300/0 6 ==== mon_command_ack([{"prefix": "get_command_descriptions"}]=0 v0) ==== 72+0+188370 (secure 0 0 0) 0x7ff8b002a020 con 0x7ff8c0082760
2024-04-24T08:05:58.792 INFO:teuthology.orchestra.run.smithi007.stdout:/usr/bin/ceph: stderr
2024-04-24T08:05:57.582+0000 7ff8c5000700 1 -- 172.21.15.7:0/3237762850 --> [v2:172.21.15.7:6800/4190488637,v1:172.21.15.7:6801/4190488637] -- mgr_command(tid 0: {"prefix": "cephadm generate-key", "target": ["mon-mgr", ""]}) -- 0x7ff8c002e0f0 con 0x7ff8a4039660
2024-04-24T08:05:58.793 INFO:teuthology.orchestra.run.smithi007.stdout:/usr/bin/ceph: stderr
2024-04-24T08:05:57.941+0000 7ff8b7400700 1 -- 172.21.15.7:0/3237762850 <== mgr.14120 v2:172.21.15.7:6800/4190488637 1 ==== mgr_command_reply(tid 0: 0 ) ==== 8+0+0 (secure 0 0 0) 0x7ff8c002e0f0 con 0x7ff8a4039660
2024-04-24T08:05:58.793 INFO:teuthology.orchestra.run.smithi007.stdout:/usr/bin/ceph: stderr
2024-04-24T08:05:57.945+0000 7ff8c5000700 1 -- 172.21.15.7:0/3237762850 >> [v2:172.21.15.7:6800/4190488637,v1:172.21.15.7:6801/4190488637] conn(0x7ff8a4039660 msgr2=0x7ff8a403bb20 secure :-1 s=STATE_CONNECTION_ESTABLISHED l=1).mark_down
2024-04-24T08:05:58.793 INFO:teuthology.orchestra.run.smithi007.stdout:/usr/bin/ceph: stderr
2024-04-24T08:05:57.945+0000 7ff8c5000700 1 --2- 172.21.15.7:0/3237762850 >> [v2:172.21.15.7:6800/4190488637,v1:172.21.15.7:6801/4190488637] conn(0x7ff8a4039660 0x7ff8a403bb20 secure :-1 s=READY pgs=9 cs=0 l=1 rev1=1 crypto rx=0x7ff8a8006fd0 tx=0x7ff8a8006e40 comp rx=0 tx=0).stop
2024-04-24T08:05:58.793 INFO:teuthology.orchestra.run.smithi007.stdout:/usr/bin/ceph: stderr
2024-04-24T08:05:57.945+0000 7ff8c5000700 1 -- 172.21.15.7:0/3237762850 >> [v2:172.21.15.7:3300/0,v1:172.21.15.7:6789/0] conn(0x7ff8c0082760 msgr2=0x7ff8c01a3010 secure :-1 s=STATE_CONNECTION_ESTABLISHED l=1).mark_down
2024-04-24T08:05:58.793 INFO:teuthology.orchestra.run.smithi007.stdout:/usr/bin/ceph: stderr
2024-04-24T08:05:57.945+0000 7ff8c5000700 1 --2- 172.21.15.7:0/3237762850 >> [v2:172.21.15.7:3300/0,v1:172.21.15.7:6789/0] conn(0x7ff8c0082760 0x7ff8c01a3010 secure :-1 s=READY pgs=42 cs=0 l=1 rev1=1 crypto rx=0x7ff8b0004210 tx=0x7ff8b000bd50 comp rx=0 tx=0).stop
2024-04-24T08:05:58.793 INFO:teuthology.orchestra.run.smithi007.stdout:/usr/bin/ceph: stderr
2024-04-24T08:05:57.945+0000 7ff8c5000700 1 -- 172.21.15.7:0/3237762850 shutdown_connections
2024-04-24T08:05:58.793 INFO:teuthology.orchestra.run.smithi007.stdout:/usr/bin/ceph: stderr
2024-04-24T08:05:57.945+0000 7ff8c5000700 1 --2- 172.21.15.7:0/3237762850 >> [v2:172.21.15.7:6800/4190488637,v1:172.21.15.7:6801/4190488637] conn(0x7ff8a4039660 0x7ff8a403bb20 unknown :-1 s=CLOSED pgs=9 cs=0 l=1 rev1=1 crypto rx=0 tx=0 comp rx=0 tx=0).stop
2024-04-24T08:05:58.793 INFO:teuthology.orchestra.run.smithi007.stdout:/usr/bin/ceph: stderr
2024-04-24T08:05:57.945+0000 7ff8c5000700 1 --2- 172.21.15.7:0/3237762850 >> [v2:172.21.15.7:3300/0,v1:172.21.15.7:6789/0] conn(0x7ff8c0082760 0x7ff8c01a3010 unknown :-1 s=CLOSED pgs=42 cs=0 l=1 rev1=1 crypto rx=0 tx=0 comp rx=0 tx=0).stop
2024-04-24T08:05:58.793 INFO:teuthology.orchestra.run.smithi007.stdout:/usr/bin/ceph: stderr
2024-04-24T08:05:57.945+0000 7ff8c5000700 1 -- 172.21.15.7:0/3237762850 >> 172.21.15.7:0/3237762850 conn(0x7ff8c007dd80 msgr2=0x7ff8c007eb20 unknown :-1 s=STATE_NONE l=0).mark_down
2024-04-24T08:05:58.793 INFO:teuthology.orchestra.run.smithi007.stdout:/usr/bin/ceph: stderr
2024-04-24T08:05:57.946+0000 7ff8c5000700 1 -- 172.21.15.7:0/3237762850 shutdown_connections
2024-04-24T08:05:58.793 INFO:teuthology.orchestra.run.smithi007.stdout:/usr/bin/ceph: stderr
2024-04-24T08:05:57.946+0000 7ff8c5000700 1 -- 172.21.15.7:0/3237762850 wait complete.
2024-04-24T08:05:59.096 INFO:journalctl@ceph.mon.a.smithi007.stdout:Apr 24 08:05:58 smithi007 ceph-mon[27842]: from='client.14136 -' entity='client.admin' cmd=[{"prefix": "cephadm generate-key", "target": ["mon-mgr", ""]}]: dispatch
2024-04-24T08:05:59.096 INFO:journalctl@ceph.mon.a.smithi007.stdout:Apr 24 08:05:58 smithi007 ceph-mon[27842]: Generating ssh key...
2024-04-24T08:05:59.096 INFO:journalctl@ceph.mon.a.smithi007.stdout:Apr 24 08:05:58 smithi007 ceph-mon[27842]: from='mgr.14120 172.21.15.7:0/3392166741' entity='mgr.x'
2024-04-24T08:05:59.096 INFO:journalctl@ceph.mon.a.smithi007.stdout:Apr 24 08:05:58 smithi007 ceph-mon[27842]: from='mgr.14120 172.21.15.7:0/3392166741' entity='mgr.x'
2024-04-24T08:06:00.240 INFO:journalctl@ceph.mon.a.smithi007.stdout:Apr 24 08:06:00 smithi007 ceph-mon[27842]: from='client.14138 -' entity='client.admin' cmd=[{"prefix": "cephadm get-pub-key", "target": ["mon-mgr", ""]}]: dispatch
2024-04-24T08:06:00.304 INFO:teuthology.orchestra.run.smithi007.stdout:/usr/bin/ceph: stdout ssh-rsa AAAAB3NzaC1yc2EAAAADAQABAAABgQDSBQZqkcTiHpN02TNKu+9QSvgX9ucP9MdnhbArJyizqE6w4TlJO1vWseoRxeew5CFz6FY223Ec98PLD7QkqATS+Tu/UO80jv1MeCSEBU1CQMRyg77OtudRgoOZJ9p+qReCs/TQGmFNNEhpLUgpP3TwPX01aBwuuoPk0eS/3kmK7+eIvVMwbUvxkoZIFhH74KRY9KLva+M5hMhO+mYtO4vYLQDNFg0y/5X1Y9lu5YWRUj9munDAhlzJtfSMyxDP8ptC0ck3jV8TKaCDBi34V5dk7zBm3x5XVXuTBod3eCbpSnlgoNq+31r76UaUK5xMNqTKHqhWep2HrT48M5OEgV5mqaAKvcSyxJMxOTeGCd1S4bUT1kS1XOJdr3EA76o0tkqDOcO1prGyy3eHd4U0SZ5udohFoMP64dzf8GDByC8734yQhCmWZd6Lm8JRe2bDtAvtXQuWWTvGAPLMrpGvIVKCxVVehRM88ZaAvNIhBr/lM2LRGQXMsolm3zKdTQxQWc8= ceph-3a1c550a-0211-11ef-bc93-c7b262605968
2024-04-24T08:06:00.304 INFO:teuthology.orchestra.run.smithi007.stdout:/usr/bin/ceph: stderr
2024-04-24T08:05:59.392+0000 7f886d000700 1 Processor -- start
2024-04-24T08:06:00.304 INFO:teuthology.orchestra.run.smithi007.stdout:/usr/bin/ceph: stderr
2024-04-24T08:05:59.393+0000 7f886d000700 1 -- start start
2024-04-24T08:06:00.304 INFO:teuthology.orchestra.run.smithi007.stdout:/usr/bin/ceph: stderr
2024-04-24T08:05:59.393+0000 7f886d000700 1 --2- >> [v2:172.21.15.7:3300/0,v1:172.21.15.7:6789/0] conn(0x7f8868106e50 0x7f8868107270 unknown :-1 s=NONE pgs=0 cs=0 l=0 rev1=0 crypto rx=0 tx=0 comp rx=0 tx=0).connect
2024-04-24T08:06:00.304 INFO:teuthology.orchestra.run.smithi007.stdout:/usr/bin/ceph: stderr
2024-04-24T08:05:59.393+0000 7f886d000700 1 -- --> [v2:172.21.15.7:3300/0,v1:172.21.15.7:6789/0] -- mon_getmap magic: 0 -- 0x7f8868063d90 con 0x7f8868106e50
2024-04-24T08:06:00.304 INFO:teuthology.orchestra.run.smithi007.stdout:/usr/bin/ceph: stderr
2024-04-24T08:05:59.393+0000 7f8867400700 1 --2- >> [v2:172.21.15.7:3300/0,v1:172.21.15.7:6789/0] conn(0x7f8868106e50 0x7f8868107270 unknown :-1 s=BANNER_CONNECTING pgs=0 cs=0 l=0 rev1=0 crypto rx=0 tx=0 comp rx=0 tx=0)._handle_peer_banner_payload supported=3 required=0
2024-04-24T08:06:00.304 INFO:teuthology.orchestra.run.smithi007.stdout:/usr/bin/ceph: stderr
2024-04-24T08:05:59.393+0000 7f8867400700 1 --2- >> [v2:172.21.15.7:3300/0,v1:172.21.15.7:6789/0] conn(0x7f8868106e50 0x7f8868107270 unknown :-1 s=HELLO_CONNECTING pgs=0 cs=0 l=0 rev1=1 crypto rx=0 tx=0 comp rx=0 tx=0).handle_hello peer v2:172.21.15.7:3300/0 says I am v2:172.21.15.7:46844/0 (socket says 172.21.15.7:46844)
2024-04-24T08:06:00.304 INFO:teuthology.orchestra.run.smithi007.stdout:/usr/bin/ceph: stderr
2024-04-24T08:05:59.394+0000 7f8867400700 1 -- 172.21.15.7:0/1000462852 learned_addr learned my addr 172.21.15.7:0/1000462852 (peer_addr_for_me v2:172.21.15.7:0/0)
2024-04-24T08:06:00.304 INFO:teuthology.orchestra.run.smithi007.stdout:/usr/bin/ceph: stderr
2024-04-24T08:05:59.394+0000 7f8867400700 1 -- 172.21.15.7:0/1000462852 --> [v2:172.21.15.7:3300/0,v1:172.21.15.7:6789/0] -- mon_subscribe({config=0+,monmap=0+}) -- 0x7f88681077b0 con 0x7f8868106e50
2024-04-24T08:06:00.304 INFO:teuthology.orchestra.run.smithi007.stdout:/usr/bin/ceph: stderr
2024-04-24T08:05:59.394+0000 7f8867400700 1 --2- 172.21.15.7:0/1000462852 >> [v2:172.21.15.7:3300/0,v1:172.21.15.7:6789/0] conn(0x7f8868106e50 0x7f8868107270 secure :-1 s=READY pgs=43 cs=0 l=1 rev1=1 crypto rx=0x7f8858009e80 tx=0x7f885800b330 comp rx=0 tx=0).ready entity=mon.0 client_cookie=1c5f287965383e60 server_cookie=0 in_seq=0 out_seq=0
2024-04-24T08:06:00.305 INFO:teuthology.orchestra.run.smithi007.stdout:/usr/bin/ceph: stderr
2024-04-24T08:05:59.395+0000 7f8866a00700 1 -- 172.21.15.7:0/1000462852 <== mon.0 v2:172.21.15.7:3300/0 1 ==== mon_map magic: 0 ==== 205+0+0 (secure 0 0 0) 0x7f8858017070 con 0x7f8868106e50
