2024-04-24T08:06:00.305 INFO:teuthology.orchestra.run.smithi007.stdout:/usr/bin/ceph: stderr
2024-04-24T08:05:59.395+0000 7f8866a00700 1 -- 172.21.15.7:0/1000462852 <== mon.0 v2:172.21.15.7:3300/0 2 ==== config(27 keys) ==== 1109+0+0 (secure 0 0 0) 0x7f885800b8c0 con 0x7f8868106e50
2024-04-24T08:06:00.305 INFO:teuthology.orchestra.run.smithi007.stdout:/usr/bin/ceph: stderr
2024-04-24T08:05:59.395+0000 7f8866a00700 1 -- 172.21.15.7:0/1000462852 <== mon.0 v2:172.21.15.7:3300/0 3 ==== mon_map magic: 0 ==== 205+0+0 (secure 0 0 0) 0x7f88580045c0 con 0x7f8868106e50
2024-04-24T08:06:00.305 INFO:teuthology.orchestra.run.smithi007.stdout:/usr/bin/ceph: stderr
2024-04-24T08:05:59.395+0000 7f886d000700 1 -- 172.21.15.7:0/1000462852 >> [v2:172.21.15.7:3300/0,v1:172.21.15.7:6789/0] conn(0x7f8868106e50 msgr2=0x7f8868107270 secure :-1 s=STATE_CONNECTION_ESTABLISHED l=1).mark_down
2024-04-24T08:06:00.305 INFO:teuthology.orchestra.run.smithi007.stdout:/usr/bin/ceph: stderr
2024-04-24T08:05:59.395+0000 7f886d000700 1 --2- 172.21.15.7:0/1000462852 >> [v2:172.21.15.7:3300/0,v1:172.21.15.7:6789/0] conn(0x7f8868106e50 0x7f8868107270 secure :-1 s=READY pgs=43 cs=0 l=1 rev1=1 crypto rx=0x7f8858009e80 tx=0x7f885800b330 comp rx=0 tx=0).stop
2024-04-24T08:06:00.305 INFO:teuthology.orchestra.run.smithi007.stdout:/usr/bin/ceph: stderr
2024-04-24T08:05:59.396+0000 7f886d000700 1 -- 172.21.15.7:0/1000462852 shutdown_connections
2024-04-24T08:06:00.305 INFO:teuthology.orchestra.run.smithi007.stdout:/usr/bin/ceph: stderr
2024-04-24T08:05:59.396+0000 7f886d000700 1 --2- 172.21.15.7:0/1000462852 >> [v2:172.21.15.7:3300/0,v1:172.21.15.7:6789/0] conn(0x7f8868106e50 0x7f8868107270 unknown :-1 s=CLOSED pgs=43 cs=0 l=1 rev1=1 crypto rx=0 tx=0 comp rx=0 tx=0).stop
2024-04-24T08:06:00.305 INFO:teuthology.orchestra.run.smithi007.stdout:/usr/bin/ceph: stderr
2024-04-24T08:05:59.396+0000 7f886d000700 1 -- 172.21.15.7:0/1000462852 >> 172.21.15.7:0/1000462852 conn(0x7f8868102a90 msgr2=0x7f8868104eb0 unknown :-1 s=STATE_NONE l=0).mark_down
2024-04-24T08:06:00.305 INFO:teuthology.orchestra.run.smithi007.stdout:/usr/bin/ceph: stderr
2024-04-24T08:05:59.396+0000 7f886d000700 1 -- 172.21.15.7:0/1000462852 shutdown_connections
2024-04-24T08:06:00.305 INFO:teuthology.orchestra.run.smithi007.stdout:/usr/bin/ceph: stderr
2024-04-24T08:05:59.396+0000 7f886d000700 1 -- 172.21.15.7:0/1000462852 wait complete.
2024-04-24T08:06:00.305 INFO:teuthology.orchestra.run.smithi007.stdout:/usr/bin/ceph: stderr
2024-04-24T08:05:59.397+0000 7f886d000700 1 Processor -- start
2024-04-24T08:06:00.305 INFO:teuthology.orchestra.run.smithi007.stdout:/usr/bin/ceph: stderr
2024-04-24T08:05:59.397+0000 7f886d000700 1 -- start start
2024-04-24T08:06:00.305 INFO:teuthology.orchestra.run.smithi007.stdout:/usr/bin/ceph: stderr
2024-04-24T08:05:59.397+0000 7f886d000700 1 --2- >> [v2:172.21.15.7:3300/0,v1:172.21.15.7:6789/0] conn(0x7f8868106e50 0x7f886819e6f0 unknown :-1 s=NONE pgs=0 cs=0 l=1 rev1=0 crypto rx=0 tx=0 comp rx=0 tx=0).connect
2024-04-24T08:06:00.306 INFO:teuthology.orchestra.run.smithi007.stdout:/usr/bin/ceph: stderr
2024-04-24T08:05:59.397+0000 7f886d000700 1 -- --> [v2:172.21.15.7:3300/0,v1:172.21.15.7:6789/0] -- mon_getmap magic: 0 -- 0x7f8868108840 con 0x7f8868106e50
2024-04-24T08:06:00.306 INFO:teuthology.orchestra.run.smithi007.stdout:/usr/bin/ceph: stderr
2024-04-24T08:05:59.398+0000 7f8867400700 1 --2- >> [v2:172.21.15.7:3300/0,v1:172.21.15.7:6789/0] conn(0x7f8868106e50 0x7f886819e6f0 unknown :-1 s=BANNER_CONNECTING pgs=0 cs=0 l=1 rev1=0 crypto rx=0 tx=0 comp rx=0 tx=0)._handle_peer_banner_payload supported=3 required=0
2024-04-24T08:06:00.306 INFO:teuthology.orchestra.run.smithi007.stdout:/usr/bin/ceph: stderr
2024-04-24T08:05:59.398+0000 7f8867400700 1 --2- >> [v2:172.21.15.7:3300/0,v1:172.21.15.7:6789/0] conn(0x7f8868106e50 0x7f886819e6f0 unknown :-1 s=HELLO_CONNECTING pgs=0 cs=0 l=1 rev1=1 crypto rx=0 tx=0 comp rx=0 tx=0).handle_hello peer v2:172.21.15.7:3300/0 says I am v2:172.21.15.7:46852/0 (socket says 172.21.15.7:46852)
2024-04-24T08:06:00.306 INFO:teuthology.orchestra.run.smithi007.stdout:/usr/bin/ceph: stderr
2024-04-24T08:05:59.398+0000 7f8867400700 1 -- 172.21.15.7:0/3147926594 learned_addr learned my addr 172.21.15.7:0/3147926594 (peer_addr_for_me v2:172.21.15.7:0/0)
2024-04-24T08:06:00.306 INFO:teuthology.orchestra.run.smithi007.stdout:/usr/bin/ceph: stderr
2024-04-24T08:05:59.398+0000 7f8867400700 1 -- 172.21.15.7:0/3147926594 --> [v2:172.21.15.7:3300/0,v1:172.21.15.7:6789/0] -- mon_subscribe({config=0+,monmap=0+}) -- 0x7f886819ec30 con 0x7f8868106e50
2024-04-24T08:06:00.306 INFO:teuthology.orchestra.run.smithi007.stdout:/usr/bin/ceph: stderr
2024-04-24T08:05:59.398+0000 7f8867400700 1 --2- 172.21.15.7:0/3147926594 >> [v2:172.21.15.7:3300/0,v1:172.21.15.7:6789/0] conn(0x7f8868106e50 0x7f886819e6f0 secure :-1 s=READY pgs=44 cs=0 l=1 rev1=1 crypto rx=0x7f8858009530 tx=0x7f885800bd50 comp rx=0 tx=0).ready entity=mon.0 client_cookie=0 server_cookie=0 in_seq=0 out_seq=0
2024-04-24T08:06:00.306 INFO:teuthology.orchestra.run.smithi007.stdout:/usr/bin/ceph: stderr
2024-04-24T08:05:59.399+0000 7f8864c00700 1 -- 172.21.15.7:0/3147926594 <== mon.0 v2:172.21.15.7:3300/0 1 ==== mon_map magic: 0 ==== 205+0+0 (secure 0 0 0) 0x7f8858020020 con 0x7f8868106e50
2024-04-24T08:06:00.306 INFO:teuthology.orchestra.run.smithi007.stdout:/usr/bin/ceph: stderr
2024-04-24T08:05:59.399+0000 7f8864c00700 1 -- 172.21.15.7:0/3147926594 <== mon.0 v2:172.21.15.7:3300/0 2 ==== config(27 keys) ==== 1109+0+0 (secure 0 0 0) 0x7f8858003b50 con 0x7f8868106e50
2024-04-24T08:06:00.306 INFO:teuthology.orchestra.run.smithi007.stdout:/usr/bin/ceph: stderr
2024-04-24T08:05:59.399+0000 7f8864c00700 1 -- 172.21.15.7:0/3147926594 <== mon.0 v2:172.21.15.7:3300/0 3 ==== mon_map magic: 0 ==== 205+0+0 (secure 0 0 0) 0x7f8858017040 con 0x7f8868106e50
2024-04-24T08:06:00.306 INFO:teuthology.orchestra.run.smithi007.stdout:/usr/bin/ceph: stderr
2024-04-24T08:05:59.399+0000 7f886d000700 1 -- 172.21.15.7:0/3147926594 --> [v2:172.21.15.7:3300/0,v1:172.21.15.7:6789/0] -- mon_subscribe({mgrmap=0+}) -- 0x7f886819eec0 con 0x7f8868106e50
2024-04-24T08:06:00.306 INFO:teuthology.orchestra.run.smithi007.stdout:/usr/bin/ceph: stderr
2024-04-24T08:05:59.399+0000 7f886d000700 1 -- 172.21.15.7:0/3147926594 --> [v2:172.21.15.7:3300/0,v1:172.21.15.7:6789/0] -- mon_subscribe({osdmap=0}) -- 0x7f88681a1bb0 con 0x7f8868106e50
2024-04-24T08:06:00.306 INFO:teuthology.orchestra.run.smithi007.stdout:/usr/bin/ceph: stderr
2024-04-24T08:05:59.400+0000 7f8864c00700 1 -- 172.21.15.7:0/3147926594 <== mon.0 v2:172.21.15.7:3300/0 4 ==== mgrmap(e 8) ==== 46558+0+0 (secure 0 0 0) 0x7f8858023020 con 0x7f8868106e50
2024-04-24T08:06:00.306 INFO:teuthology.orchestra.run.smithi007.stdout:/usr/bin/ceph: stderr
2024-04-24T08:05:59.400+0000 7f886d000700 1 -- 172.21.15.7:0/3147926594 --> [v2:172.21.15.7:3300/0,v1:172.21.15.7:6789/0] -- mon_command({"prefix": "get_command_descriptions"} v 0) -- 0x7f8868069c70 con 0x7f8868106e50
2024-04-24T08:06:00.307 INFO:teuthology.orchestra.run.smithi007.stdout:/usr/bin/ceph: stderr
2024-04-24T08:05:59.401+0000 7f8864c00700 1 --2- 172.21.15.7:0/3147926594 >> [v2:172.21.15.7:6800/4190488637,v1:172.21.15.7:6801/4190488637] conn(0x7f884c039600 0x7f884c03bac0 unknown :-1 s=NONE pgs=0 cs=0 l=1 rev1=0 crypto rx=0 tx=0 comp rx=0 tx=0).connect
2024-04-24T08:06:00.307 INFO:teuthology.orchestra.run.smithi007.stdout:/usr/bin/ceph: stderr
2024-04-24T08:05:59.401+0000 7f8864c00700 1 -- 172.21.15.7:0/3147926594 <== mon.0 v2:172.21.15.7:3300/0 5 ==== osd_map(2..2 src has 1..2) ==== 940+0+0 (secure 0 0 0) 0x7f885800f050 con 0x7f8868106e50
2024-04-24T08:06:00.307 INFO:teuthology.orchestra.run.smithi007.stdout:/usr/bin/ceph: stderr
2024-04-24T08:05:59.401+0000 7f885ea00700 1 --2- 172.21.15.7:0/3147926594 >> [v2:172.21.15.7:6800/4190488637,v1:172.21.15.7:6801/4190488637] conn(0x7f884c039600 0x7f884c03bac0 unknown :-1 s=BANNER_CONNECTING pgs=0 cs=0 l=1 rev1=0 crypto rx=0 tx=0 comp rx=0 tx=0)._handle_peer_banner_payload supported=3 required=0
2024-04-24T08:06:00.307 INFO:teuthology.orchestra.run.smithi007.stdout:/usr/bin/ceph: stderr
2024-04-24T08:05:59.402+0000 7f885ea00700 1 --2- 172.21.15.7:0/3147926594 >> [v2:172.21.15.7:6800/4190488637,v1:172.21.15.7:6801/4190488637] conn(0x7f884c039600 0x7f884c03bac0 secure :-1 s=READY pgs=10 cs=0 l=1 rev1=1 crypto rx=0x7f8850006fd0 tx=0x7f8850006e40 comp rx=0 tx=0).ready entity=mgr.14120 client_cookie=0 server_cookie=0 in_seq=0 out_seq=0
2024-04-24T08:06:00.307 INFO:teuthology.orchestra.run.smithi007.stdout:/usr/bin/ceph: stderr
2024-04-24T08:05:59.406+0000 7f8864c00700 1 -- 172.21.15.7:0/3147926594 <== mon.0 v2:172.21.15.7:3300/0 6 ==== mon_command_ack([{"prefix": "get_command_descriptions"}]=0 v0) ==== 72+0+188370 (secure 0 0 0) 0x7f885802a020 con 0x7f8868106e50
2024-04-24T08:06:00.307 INFO:teuthology.orchestra.run.smithi007.stdout:/usr/bin/ceph: stderr
2024-04-24T08:05:59.638+0000 7f886d000700 1 -- 172.21.15.7:0/3147926594 --> [v2:172.21.15.7:6800/4190488637,v1:172.21.15.7:6801/4190488637] -- mgr_command(tid 0: {"prefix": "cephadm get-pub-key", "target": ["mon-mgr", ""]}) -- 0x7f886802e3c0 con 0x7f884c039600
2024-04-24T08:06:00.307 INFO:teuthology.orchestra.run.smithi007.stdout:/usr/bin/ceph: stderr
2024-04-24T08:05:59.640+0000 7f8864c00700 1 -- 172.21.15.7:0/3147926594 <== mgr.14120 v2:172.21.15.7:6800/4190488637 1 ==== mgr_command_reply(tid 0: 0 ) ==== 8+0+595 (secure 0 0 0) 0x7f886802e3c0 con 0x7f884c039600
2024-04-24T08:06:00.307 INFO:teuthology.orchestra.run.smithi007.stdout:/usr/bin/ceph: stderr
2024-04-24T08:05:59.643+0000 7f886d000700 1 -- 172.21.15.7:0/3147926594 >> [v2:172.21.15.7:6800/4190488637,v1:172.21.15.7:6801/4190488637] conn(0x7f884c039600 msgr2=0x7f884c03bac0 secure :-1 s=STATE_CONNECTION_ESTABLISHED l=1).mark_down
2024-04-24T08:06:00.307 INFO:teuthology.orchestra.run.smithi007.stdout:/usr/bin/ceph: stderr
2024-04-24T08:05:59.643+0000 7f886d000700 1 --2- 172.21.15.7:0/3147926594 >> [v2:172.21.15.7:6800/4190488637,v1:172.21.15.7:6801/4190488637] conn(0x7f884c039600 0x7f884c03bac0 secure :-1 s=READY pgs=10 cs=0 l=1 rev1=1 crypto rx=0x7f8850006fd0 tx=0x7f8850006e40 comp rx=0 tx=0).stop
2024-04-24T08:06:00.307 INFO:teuthology.orchestra.run.smithi007.stdout:/usr/bin/ceph: stderr
2024-04-24T08:05:59.643+0000 7f886d000700 1 -- 172.21.15.7:0/3147926594 >> [v2:172.21.15.7:3300/0,v1:172.21.15.7:6789/0] conn(0x7f8868106e50 msgr2=0x7f886819e6f0 secure :-1 s=STATE_CONNECTION_ESTABLISHED l=1).mark_down
2024-04-24T08:06:00.307 INFO:teuthology.orchestra.run.smithi007.stdout:/usr/bin/ceph: stderr
2024-04-24T08:05:59.643+0000 7f886d000700 1 --2- 172.21.15.7:0/3147926594 >> [v2:172.21.15.7:3300/0,v1:172.21.15.7:6789/0] conn(0x7f8868106e50 0x7f886819e6f0 secure :-1 s=READY pgs=44 cs=0 l=1 rev1=1 crypto rx=0x7f8858009530 tx=0x7f885800bd50 comp rx=0 tx=0).stop
2024-04-24T08:06:00.307 INFO:teuthology.orchestra.run.smithi007.stdout:/usr/bin/ceph: stderr
2024-04-24T08:05:59.643+0000 7f886d000700 1 -- 172.21.15.7:0/3147926594 shutdown_connections
2024-04-24T08:06:00.307 INFO:teuthology.orchestra.run.smithi007.stdout:/usr/bin/ceph: stderr
2024-04-24T08:05:59.643+0000 7f886d000700 1 --2- 172.21.15.7:0/3147926594 >> [v2:172.21.15.7:6800/4190488637,v1:172.21.15.7:6801/4190488637] conn(0x7f884c039600 0x7f884c03bac0 unknown :-1 s=CLOSED pgs=10 cs=0 l=1 rev1=1 crypto rx=0 tx=0 comp rx=0 tx=0).stop
2024-04-24T08:06:00.307 INFO:teuthology.orchestra.run.smithi007.stdout:/usr/bin/ceph: stderr
2024-04-24T08:05:59.643+0000 7f886d000700 1 --2- 172.21.15.7:0/3147926594 >> [v2:172.21.15.7:3300/0,v1:172.21.15.7:6789/0] conn(0x7f8868106e50 0x7f886819e6f0 unknown :-1 s=CLOSED pgs=44 cs=0 l=1 rev1=1 crypto rx=0 tx=0 comp rx=0 tx=0).stop
2024-04-24T08:06:00.308 INFO:teuthology.orchestra.run.smithi007.stdout:/usr/bin/ceph: stderr
2024-04-24T08:05:59.643+0000 7f886d000700 1 -- 172.21.15.7:0/3147926594 >> 172.21.15.7:0/3147926594 conn(0x7f8868102a90 msgr2=0x7f8868195360 unknown :-1 s=STATE_NONE l=0).mark_down
2024-04-24T08:06:00.308 INFO:teuthology.orchestra.run.smithi007.stdout:/usr/bin/ceph: stderr
2024-04-24T08:05:59.644+0000 7f886d000700 1 -- 172.21.15.7:0/3147926594 shutdown_connections
2024-04-24T08:06:00.308 INFO:teuthology.orchestra.run.smithi007.stdout:/usr/bin/ceph: stderr
2024-04-24T08:05:59.644+0000 7f886d000700 1 -- 172.21.15.7:0/3147926594 wait complete.
2024-04-24T08:06:00.308 INFO:teuthology.orchestra.run.smithi007.stdout:Wrote public SSH key to /home/ubuntu/cephtest/ceph.pub
2024-04-24T08:06:00.308 INFO:teuthology.orchestra.run.smithi007.stdout:Adding key to root@localhost authorized_keys...
2024-04-24T08:06:00.309 INFO:teuthology.orchestra.run.smithi007.stdout:Adding host smithi007...
2024-04-24T08:06:02.215 INFO:journalctl@ceph.mon.a.smithi007.stdout:Apr 24 08:06:02 smithi007 ceph-mon[27842]: from='client.14140 -' entity='client.admin' cmd=[{"prefix": "orch host add", "hostname": "smithi007", "addr": "172.21.15.7", "target": ["mon-mgr", ""]}]: dispatch
2024-04-24T08:06:03.094 INFO:journalctl@ceph.mon.a.smithi007.stdout:Apr 24 08:06:03 smithi007 ceph-mon[27842]: Deploying cephadm binary to smithi007
2024-04-24T08:06:08.142 INFO:teuthology.orchestra.run.smithi007.stdout:/usr/bin/ceph: stdout Added host 'smithi007' with addr '172.21.15.7'
2024-04-24T08:06:08.142 INFO:teuthology.orchestra.run.smithi007.stdout:/usr/bin/ceph: stderr
2024-04-24T08:06:00.891+0000 7f18a9800700 1 Processor -- start
2024-04-24T08:06:08.142 INFO:teuthology.orchestra.run.smithi007.stdout:/usr/bin/ceph: stderr
2024-04-24T08:06:00.891+0000 7f18a9800700 1 -- start start
2024-04-24T08:06:08.142 INFO:teuthology.orchestra.run.smithi007.stdout:/usr/bin/ceph: stderr
2024-04-24T08:06:00.891+0000 7f18a9800700 1 --2- >> [v2:172.21.15.7:3300/0,v1:172.21.15.7:6789/0] conn(0x7f18a4110260 0x7f18a4110680 unknown :-1 s=NONE pgs=0 cs=0 l=0 rev1=0 crypto rx=0 tx=0 comp rx=0 tx=0).connect
2024-04-24T08:06:08.142 INFO:teuthology.orchestra.run.smithi007.stdout:/usr/bin/ceph: stderr
2024-04-24T08:06:00.891+0000 7f18a9800700 1 -- --> [v2:172.21.15.7:3300/0,v1:172.21.15.7:6789/0] -- mon_getmap magic: 0 -- 0x7f18a4110c50 con 0x7f18a4110260
2024-04-24T08:06:08.142 INFO:teuthology.orchestra.run.smithi007.stdout:/usr/bin/ceph: stderr
2024-04-24T08:06:00.892+0000 7f18a3e00700 1 --2- >> [v2:172.21.15.7:3300/0,v1:172.21.15.7:6789/0] conn(0x7f18a4110260 0x7f18a4110680 unknown :-1 s=BANNER_CONNECTING pgs=0 cs=0 l=0 rev1=0 crypto rx=0 tx=0 comp rx=0 tx=0)._handle_peer_banner_payload supported=3 required=0
2024-04-24T08:06:08.142 INFO:teuthology.orchestra.run.smithi007.stdout:/usr/bin/ceph: stderr
2024-04-24T08:06:00.892+0000 7f18a3e00700 1 --2- >> [v2:172.21.15.7:3300/0,v1:172.21.15.7:6789/0] conn(0x7f18a4110260 0x7f18a4110680 unknown :-1 s=HELLO_CONNECTING pgs=0 cs=0 l=0 rev1=1 crypto rx=0 tx=0 comp rx=0 tx=0).handle_hello peer v2:172.21.15.7:3300/0 says I am v2:172.21.15.7:46858/0 (socket says 172.21.15.7:46858)
2024-04-24T08:06:08.142 INFO:teuthology.orchestra.run.smithi007.stdout:/usr/bin/ceph: stderr
2024-04-24T08:06:00.892+0000 7f18a3e00700 1 -- 172.21.15.7:0/401733336 learned_addr learned my addr 172.21.15.7:0/401733336 (peer_addr_for_me v2:172.21.15.7:0/0)
2024-04-24T08:06:08.144 INFO:teuthology.orchestra.run.smithi007.stdout:/usr/bin/ceph: stderr
2024-04-24T08:06:00.892+0000 7f18a3e00700 1 -- 172.21.15.7:0/401733336 --> [v2:172.21.15.7:3300/0,v1:172.21.15.7:6789/0] -- mon_subscribe({config=0+,monmap=0+}) -- 0x7f18a40821d0 con 0x7f18a4110260
2024-04-24T08:06:08.144 INFO:teuthology.orchestra.run.smithi007.stdout:/usr/bin/ceph: stderr
2024-04-24T08:06:00.893+0000 7f18a3e00700 1 --2- 172.21.15.7:0/401733336 >> [v2:172.21.15.7:3300/0,v1:172.21.15.7:6789/0] conn(0x7f18a4110260 0x7f18a4110680 secure :-1 s=READY pgs=45 cs=0 l=1 rev1=1 crypto rx=0x7f18940098a0 tx=0x7f1894009bb0 comp rx=0 tx=0).ready entity=mon.0 client_cookie=520540d7e5b4a12b server_cookie=0 in_seq=0 out_seq=0
2024-04-24T08:06:08.145 INFO:teuthology.orchestra.run.smithi007.stdout:/usr/bin/ceph: stderr
2024-04-24T08:06:00.893+0000 7f18a2a00700 1 -- 172.21.15.7:0/401733336 <== mon.0 v2:172.21.15.7:3300/0 1 ==== mon_map magic: 0 ==== 205+0+0 (secure 0 0 0) 0x7f1894004160 con 0x7f18a4110260
2024-04-24T08:06:08.145 INFO:teuthology.orchestra.run.smithi007.stdout:/usr/bin/ceph: stderr
2024-04-24T08:06:00.893+0000 7f18a2a00700 1 -- 172.21.15.7:0/401733336 <== mon.0 v2:172.21.15.7:3300/0 2 ==== config(27 keys) ==== 1109+0+0 (secure 0 0 0) 0x7f1894004300 con 0x7f18a4110260
2024-04-24T08:06:08.145 INFO:teuthology.orchestra.run.smithi007.stdout:/usr/bin/ceph: stderr
2024-04-24T08:06:00.893+0000 7f18a2a00700 1 -- 172.21.15.7:0/401733336 <== mon.0 v2:172.21.15.7:3300/0 3 ==== mon_map magic: 0 ==== 205+0+0 (secure 0 0 0) 0x7f1894011b50 con 0x7f18a4110260
2024-04-24T08:06:08.145 INFO:teuthology.orchestra.run.smithi007.stdout:/usr/bin/ceph: stderr
2024-04-24T08:06:00.893+0000 7f18a9800700 1 -- 172.21.15.7:0/401733336 >> [v2:172.21.15.7:3300/0,v1:172.21.15.7:6789/0] conn(0x7f18a4110260 msgr2=0x7f18a4110680 secure :-1 s=STATE_CONNECTION_ESTABLISHED l=1).mark_down
2024-04-24T08:06:08.145 INFO:teuthology.orchestra.run.smithi007.stdout:/usr/bin/ceph: stderr
2024-04-24T08:06:00.893+0000 7f18a9800700 1 --2- 172.21.15.7:0/401733336 >> [v2:172.21.15.7:3300/0,v1:172.21.15.7:6789/0] conn(0x7f18a4110260 0x7f18a4110680 secure :-1 s=READY pgs=45 cs=0 l=1 rev1=1 crypto rx=0x7f18940098a0 tx=0x7f1894009bb0 comp rx=0 tx=0).stop
2024-04-24T08:06:08.145 INFO:teuthology.orchestra.run.smithi007.stdout:/usr/bin/ceph: stderr
2024-04-24T08:06:00.894+0000 7f18a9800700 1 -- 172.21.15.7:0/401733336 shutdown_connections
2024-04-24T08:06:08.145 INFO:teuthology.orchestra.run.smithi007.stdout:/usr/bin/ceph: stderr
2024-04-24T08:06:00.894+0000 7f18a9800700 1 --2- 172.21.15.7:0/401733336 >> [v2:172.21.15.7:3300/0,v1:172.21.15.7:6789/0] conn(0x7f18a4110260 0x7f18a4110680 unknown :-1 s=CLOSED pgs=45 cs=0 l=1 rev1=1 crypto rx=0 tx=0 comp rx=0 tx=0).stop
2024-04-24T08:06:08.145 INFO:teuthology.orchestra.run.smithi007.stdout:/usr/bin/ceph: stderr
2024-04-24T08:06:00.894+0000 7f18a9800700 1 -- 172.21.15.7:0/401733336 >> 172.21.15.7:0/401733336 conn(0x7f18a407dbe0 msgr2=0x7f18a4080000 unknown :-1 s=STATE_NONE l=0).mark_down
2024-04-24T08:06:08.145 INFO:teuthology.orchestra.run.smithi007.stdout:/usr/bin/ceph: stderr
2024-04-24T08:06:00.894+0000 7f18a9800700 1 -- 172.21.15.7:0/401733336 shutdown_connections
2024-04-24T08:06:08.145 INFO:teuthology.orchestra.run.smithi007.stdout:/usr/bin/ceph: stderr
2024-04-24T08:06:00.894+0000 7f18a9800700 1 -- 172.21.15.7:0/401733336 wait complete.
2024-04-24T08:06:08.145 INFO:teuthology.orchestra.run.smithi007.stdout:/usr/bin/ceph: stderr
2024-04-24T08:06:00.895+0000 7f18a9800700 1 Processor -- start
2024-04-24T08:06:08.145 INFO:teuthology.orchestra.run.smithi007.stdout:/usr/bin/ceph: stderr
2024-04-24T08:06:00.895+0000 7f18a9800700 1 -- start start
2024-04-24T08:06:08.145 INFO:teuthology.orchestra.run.smithi007.stdout:/usr/bin/ceph: stderr
2024-04-24T08:06:00.895+0000 7f18a9800700 1 --2- >> [v2:172.21.15.7:3300/0,v1:172.21.15.7:6789/0] conn(0x7f18a4110260 0x7f18a41a2f70 unknown :-1 s=NONE pgs=0 cs=0 l=1 rev1=0 crypto rx=0 tx=0 comp rx=0 tx=0).connect
2024-04-24T08:06:08.149 INFO:teuthology.orchestra.run.smithi007.stdout:/usr/bin/ceph: stderr
2024-04-24T08:06:00.895+0000 7f18a9800700 1 -- --> [v2:172.21.15.7:3300/0,v1:172.21.15.7:6789/0] -- mon_getmap magic: 0 -- 0x7f18a4113180 con 0x7f18a4110260
2024-04-24T08:06:08.149 INFO:teuthology.orchestra.run.smithi007.stdout:/usr/bin/ceph: stderr
2024-04-24T08:06:00.896+0000 7f18a3e00700 1 --2- >> [v2:172.21.15.7:3300/0,v1:172.21.15.7:6789/0] conn(0x7f18a4110260 0x7f18a41a2f70 unknown :-1 s=BANNER_CONNECTING pgs=0 cs=0 l=1 rev1=0 crypto rx=0 tx=0 comp rx=0 tx=0)._handle_peer_banner_payload supported=3 required=0
2024-04-24T08:06:08.149 INFO:teuthology.orchestra.run.smithi007.stdout:/usr/bin/ceph: stderr
2024-04-24T08:06:00.896+0000 7f18a3e00700 1 --2- >> [v2:172.21.15.7:3300/0,v1:172.21.15.7:6789/0] conn(0x7f18a4110260 0x7f18a41a2f70 unknown :-1 s=HELLO_CONNECTING pgs=0 cs=0 l=1 rev1=1 crypto rx=0 tx=0 comp rx=0 tx=0).handle_hello peer v2:172.21.15.7:3300/0 says I am v2:172.21.15.7:46864/0 (socket says 172.21.15.7:46864)
2024-04-24T08:06:08.149 INFO:teuthology.orchestra.run.smithi007.stdout:/usr/bin/ceph: stderr
2024-04-24T08:06:00.896+0000 7f18a3e00700 1 -- 172.21.15.7:0/4213140349 learned_addr learned my addr 172.21.15.7:0/4213140349 (peer_addr_for_me v2:172.21.15.7:0/0)
2024-04-24T08:06:08.149 INFO:teuthology.orchestra.run.smithi007.stdout:/usr/bin/ceph: stderr
2024-04-24T08:06:00.896+0000 7f18a3e00700 1 -- 172.21.15.7:0/4213140349 --> [v2:172.21.15.7:3300/0,v1:172.21.15.7:6789/0] -- mon_subscribe({config=0+,monmap=0+}) -- 0x7f18a41a34b0 con 0x7f18a4110260
2024-04-24T08:06:08.149 INFO:teuthology.orchestra.run.smithi007.stdout:/usr/bin/ceph: stderr
2024-04-24T08:06:00.896+0000 7f18a3e00700 1 --2- 172.21.15.7:0/4213140349 >> [v2:172.21.15.7:3300/0,v1:172.21.15.7:6789/0] conn(0x7f18a4110260 0x7f18a41a2f70 secure :-1 s=READY pgs=46 cs=0 l=1 rev1=1 crypto rx=0x7f1894011670 tx=0x7f1894011b60 comp rx=0 tx=0).ready entity=mon.0 client_cookie=0 server_cookie=0 in_seq=0 out_seq=0
2024-04-24T08:06:08.150 INFO:teuthology.orchestra.run.smithi007.stdout:/usr/bin/ceph: stderr
2024-04-24T08:06:00.897+0000 7f18a0c00700 1 -- 172.21.15.7:0/4213140349 <== mon.0 v2:172.21.15.7:3300/0 1 ==== mon_map magic: 0 ==== 205+0+0 (secure 0 0 0) 0x7f18940039c0 con 0x7f18a4110260
2024-04-24T08:06:08.150 INFO:teuthology.orchestra.run.smithi007.stdout:/usr/bin/ceph: stderr
2024-04-24T08:06:00.897+0000 7f18a9800700 1 -- 172.21.15.7:0/4213140349 --> [v2:172.21.15.7:3300/0,v1:172.21.15.7:6789/0] -- mon_subscribe({mgrmap=0+}) -- 0x7f18a41a3740 con 0x7f18a4110260
2024-04-24T08:06:08.150 INFO:teuthology.orchestra.run.smithi007.stdout:/usr/bin/ceph: stderr
2024-04-24T08:06:00.897+0000 7f18a0c00700 1 -- 172.21.15.7:0/4213140349 <== mon.0 v2:172.21.15.7:3300/0 2 ==== config(27 keys) ==== 1109+0+0 (secure 0 0 0) 0x7f1894011e50 con 0x7f18a4110260
2024-04-24T08:06:08.150 INFO:teuthology.orchestra.run.smithi007.stdout:/usr/bin/ceph: stderr
2024-04-24T08:06:00.897+0000 7f18a0c00700 1 -- 172.21.15.7:0/4213140349 <== mon.0 v2:172.21.15.7:3300/0 3 ==== mon_map magic: 0 ==== 205+0+0 (secure 0 0 0) 0x7f189401a5c0 con 0x7f18a4110260
2024-04-24T08:06:08.150 INFO:teuthology.orchestra.run.smithi007.stdout:/usr/bin/ceph: stderr
2024-04-24T08:06:00.897+0000 7f18a9800700 1 -- 172.21.15.7:0/4213140349 --> [v2:172.21.15.7:3300/0,v1:172.21.15.7:6789/0] -- mon_subscribe({osdmap=0}) -- 0x7f18a41a6430 con 0x7f18a4110260
2024-04-24T08:06:08.150 INFO:teuthology.orchestra.run.smithi007.stdout:/usr/bin/ceph: stderr
2024-04-24T08:06:00.898+0000 7f18a0c00700 1 -- 172.21.15.7:0/4213140349 <== mon.0 v2:172.21.15.7:3300/0 4 ==== mgrmap(e 8) ==== 46558+0+0 (secure 0 0 0) 0x7f189401a870 con 0x7f18a4110260
2024-04-24T08:06:08.150 INFO:teuthology.orchestra.run.smithi007.stdout:/usr/bin/ceph: stderr
2024-04-24T08:06:00.898+0000 7f18a9800700 1 -- 172.21.15.7:0/4213140349 --> [v2:172.21.15.7:3300/0,v1:172.21.15.7:6789/0] -- mon_command({"prefix": "get_command_descriptions"} v 0) -- 0x7f18a4113300 con 0x7f18a4110260
2024-04-24T08:06:08.150 INFO:teuthology.orchestra.run.smithi007.stdout:/usr/bin/ceph: stderr
2024-04-24T08:06:00.898+0000 7f18a0c00700 1 --2- 172.21.15.7:0/4213140349 >> [v2:172.21.15.7:6800/4190488637,v1:172.21.15.7:6801/4190488637] conn(0x7f18880395b0 0x7f188803ba70 unknown :-1 s=NONE pgs=0 cs=0 l=1 rev1=0 crypto rx=0 tx=0 comp rx=0 tx=0).connect
2024-04-24T08:06:08.150 INFO:teuthology.orchestra.run.smithi007.stdout:/usr/bin/ceph: stderr
2024-04-24T08:06:00.898+0000 7f18a0c00700 1 -- 172.21.15.7:0/4213140349 <== mon.0 v2:172.21.15.7:3300/0 5 ==== osd_map(2..2 src has 1..2) ==== 940+0+0 (secure 0 0 0) 0x7f189404dc10 con 0x7f18a4110260
2024-04-24T08:06:08.150 INFO:teuthology.orchestra.run.smithi007.stdout:/usr/bin/ceph: stderr
2024-04-24T08:06:00.899+0000 7f18a3400700 1 --2- 172.21.15.7:0/4213140349 >> [v2:172.21.15.7:6800/4190488637,v1:172.21.15.7:6801/4190488637] conn(0x7f18880395b0 0x7f188803ba70 unknown :-1 s=BANNER_CONNECTING pgs=0 cs=0 l=1 rev1=0 crypto rx=0 tx=0 comp rx=0 tx=0)._handle_peer_banner_payload supported=3 required=0
2024-04-24T08:06:08.150 INFO:teuthology.orchestra.run.smithi007.stdout:/usr/bin/ceph: stderr
2024-04-24T08:06:00.899+0000 7f18a3400700 1 --2- 172.21.15.7:0/4213140349 >> [v2:172.21.15.7:6800/4190488637,v1:172.21.15.7:6801/4190488637] conn(0x7f18880395b0 0x7f188803ba70 secure :-1 s=READY pgs=11 cs=0 l=1 rev1=1 crypto rx=0x7f1890006fd0 tx=0x7f1890006e40 comp rx=0 tx=0).ready entity=mgr.14120 client_cookie=0 server_cookie=0 in_seq=0 out_seq=0
2024-04-24T08:06:08.150 INFO:teuthology.orchestra.run.smithi007.stdout:/usr/bin/ceph: stderr
2024-04-24T08:06:00.904+0000 7f18a0c00700 1 -- 172.21.15.7:0/4213140349 <== mon.0 v2:172.21.15.7:3300/0 6 ==== mon_command_ack([{"prefix": "get_command_descriptions"}]=0 v0) ==== 72+0+188370 (secure 0 0 0) 0x7f1894019c70 con 0x7f18a4110260
2024-04-24T08:06:08.150 INFO:teuthology.orchestra.run.smithi007.stdout:/usr/bin/ceph: stderr
2024-04-24T08:06:01.142+0000 7f18a9800700 1 -- 172.21.15.7:0/4213140349 --> [v2:172.21.15.7:6800/4190488637,v1:172.21.15.7:6801/4190488637] -- mgr_command(tid 0: {"prefix": "orch host add", "hostname": "smithi007", "addr": "172.21.15.7", "target": ["mon-mgr", ""]}) -- 0x7f18a4075570 con 0x7f18880395b0
2024-04-24T08:06:08.151 INFO:teuthology.orchestra.run.smithi007.stdout:/usr/bin/ceph: stderr
2024-04-24T08:06:07.332+0000 7f18a0c00700 1 -- 172.21.15.7:0/4213140349 <== mgr.14120 v2:172.21.15.7:6800/4190488637 1 ==== mgr_command_reply(tid 0: 0 ) ==== 8+0+47 (secure 0 0 0) 0x7f18a4075570 con 0x7f18880395b0
2024-04-24T08:06:08.151 INFO:teuthology.orchestra.run.smithi007.stdout:/usr/bin/ceph: stderr
2024-04-24T08:06:07.337+0000 7f18a9800700 1 -- 172.21.15.7:0/4213140349 >> [v2:172.21.15.7:6800/4190488637,v1:172.21.15.7:6801/4190488637] conn(0x7f18880395b0 msgr2=0x7f188803ba70 secure :-1 s=STATE_CONNECTION_ESTABLISHED l=1).mark_down
2024-04-24T08:06:08.151 INFO:teuthology.orchestra.run.smithi007.stdout:/usr/bin/ceph: stderr
2024-04-24T08:06:07.337+0000 7f18a9800700 1 --2- 172.21.15.7:0/4213140349 >> [v2:172.21.15.7:6800/4190488637,v1:172.21.15.7:6801/4190488637] conn(0x7f18880395b0 0x7f188803ba70 secure :-1 s=READY pgs=11 cs=0 l=1 rev1=1 crypto rx=0x7f1890006fd0 tx=0x7f1890006e40 comp rx=0 tx=0).stop
2024-04-24T08:06:08.151 INFO:teuthology.orchestra.run.smithi007.stdout:/usr/bin/ceph: stderr
2024-04-24T08:06:07.337+0000 7f18a9800700 1 -- 172.21.15.7:0/4213140349 >> [v2:172.21.15.7:3300/0,v1:172.21.15.7:6789/0] conn(0x7f18a4110260 msgr2=0x7f18a41a2f70 secure :-1 s=STATE_CONNECTION_ESTABLISHED l=1).mark_down
2024-04-24T08:06:08.151 INFO:teuthology.orchestra.run.smithi007.stdout:/usr/bin/ceph: stderr
2024-04-24T08:06:07.337+0000 7f18a9800700 1 --2- 172.21.15.7:0/4213140349 >> [v2:172.21.15.7:3300/0,v1:172.21.15.7:6789/0] conn(0x7f18a4110260 0x7f18a41a2f70 secure :-1 s=READY pgs=46 cs=0 l=1 rev1=1 crypto rx=0x7f1894011670 tx=0x7f1894011b60 comp rx=0 tx=0).stop
2024-04-24T08:06:08.151 INFO:teuthology.orchestra.run.smithi007.stdout:/usr/bin/ceph: stderr
2024-04-24T08:06:07.337+0000 7f18a9800700 1 -- 172.21.15.7:0/4213140349 shutdown_connections
2024-04-24T08:06:08.151 INFO:teuthology.orchestra.run.smithi007.stdout:/usr/bin/ceph: stderr
2024-04-24T08:06:07.337+0000 7f18a9800700 1 --2- 172.21.15.7:0/4213140349 >> [v2:172.21.15.7:6800/4190488637,v1:172.21.15.7:6801/4190488637] conn(0x7f18880395b0 0x7f188803ba70 unknown :-1 s=CLOSED pgs=11 cs=0 l=1 rev1=1 crypto rx=0 tx=0 comp rx=0 tx=0).stop
2024-04-24T08:06:08.151 INFO:teuthology.orchestra.run.smithi007.stdout:/usr/bin/ceph: stderr
2024-04-24T08:06:07.337+0000 7f18a9800700 1 --2- 172.21.15.7:0/4213140349 >> [v2:172.21.15.7:3300/0,v1:172.21.15.7:6789/0] conn(0x7f18a4110260 0x7f18a41a2f70 unknown :-1 s=CLOSED pgs=46 cs=0 l=1 rev1=1 crypto rx=0 tx=0 comp rx=0 tx=0).stop
2024-04-24T08:06:08.151 INFO:teuthology.orchestra.run.smithi007.stdout:/usr/bin/ceph: stderr
2024-04-24T08:06:07.337+0000 7f18a9800700 1 -- 172.21.15.7:0/4213140349 >> 172.21.15.7:0/4213140349 conn(0x7f18a407dbe0 msgr2=0x7f18a407e950 unknown :-1 s=STATE_NONE l=0).mark_down
2024-04-24T08:06:08.151 INFO:teuthology.orchestra.run.smithi007.stdout:/usr/bin/ceph: stderr
2024-04-24T08:06:07.337+0000 7f18a9800700 1 -- 172.21.15.7:0/4213140349 shutdown_connections
2024-04-24T08:06:08.151 INFO:teuthology.orchestra.run.smithi007.stdout:/usr/bin/ceph: stderr
2024-04-24T08:06:07.338+0000 7f18a9800700 1 -- 172.21.15.7:0/4213140349 wait complete.
2024-04-24T08:06:08.152 INFO:teuthology.orchestra.run.smithi007.stdout:Deploying unmanaged mon service...
2024-04-24T08:06:08.490 INFO:journalctl@ceph.mon.a.smithi007.stdout:Apr 24 08:06:08 smithi007 ceph-mon[27842]: from='mgr.14120 172.21.15.7:0/3392166741' entity='mgr.x'
2024-04-24T08:06:08.490 INFO:journalctl@ceph.mon.a.smithi007.stdout:Apr 24 08:06:08 smithi007 ceph-mon[27842]: Added host smithi007
2024-04-24T08:06:08.490 INFO:journalctl@ceph.mon.a.smithi007.stdout:Apr 24 08:06:08 smithi007 ceph-mon[27842]: from='mgr.14120 172.21.15.7:0/3392166741' entity='mgr.x' cmd=[{"prefix": "config dump", "format": "json"}]: dispatch
2024-04-24T08:06:10.184 INFO:teuthology.orchestra.run.smithi007.stdout:/usr/bin/ceph: stdout Scheduled mon update...
2024-04-24T08:06:10.185 INFO:teuthology.orchestra.run.smithi007.stdout:/usr/bin/ceph: stderr
2024-04-24T08:06:08.881+0000 7f8afb000700 1 Processor -- start
2024-04-24T08:06:10.185 INFO:teuthology.orchestra.run.smithi007.stdout:/usr/bin/ceph: stderr
2024-04-24T08:06:08.881+0000 7f8afb000700 1 -- start start
2024-04-24T08:06:10.186 INFO:teuthology.orchestra.run.smithi007.stdout:/usr/bin/ceph: stderr
2024-04-24T08:06:08.882+0000 7f8afb000700 1 --2- >> [v2:172.21.15.7:3300/0,v1:172.21.15.7:6789/0] conn(0x7f8af410a960 0x7f8af410ad80 unknown :-1 s=NONE pgs=0 cs=0 l=0 rev1=0 crypto rx=0 tx=0 comp rx=0 tx=0).connect
2024-04-24T08:06:10.186 INFO:teuthology.orchestra.run.smithi007.stdout:/usr/bin/ceph: stderr
2024-04-24T08:06:08.882+0000 7f8afb000700 1 -- --> [v2:172.21.15.7:3300/0,v1:172.21.15.7:6789/0] -- mon_getmap magic: 0 -- 0x7f8af410b350 con 0x7f8af410a960
2024-04-24T08:06:10.186 INFO:teuthology.orchestra.run.smithi007.stdout:/usr/bin/ceph: stderr
2024-04-24T08:06:08.882+0000 7f8af3e00700 1 --2- >> [v2:172.21.15.7:3300/0,v1:172.21.15.7:6789/0] conn(0x7f8af410a960 0x7f8af410ad80 unknown :-1 s=BANNER_CONNECTING pgs=0 cs=0 l=0 rev1=0 crypto rx=0 tx=0 comp rx=0 tx=0)._handle_peer_banner_payload supported=3 required=0
2024-04-24T08:06:10.187 INFO:teuthology.orchestra.run.smithi007.stdout:/usr/bin/ceph: stderr
2024-04-24T08:06:08.882+0000 7f8af3e00700 1 --2- >> [v2:172.21.15.7:3300/0,v1:172.21.15.7:6789/0] conn(0x7f8af410a960 0x7f8af410ad80 unknown :-1 s=HELLO_CONNECTING pgs=0 cs=0 l=0 rev1=1 crypto rx=0 tx=0 comp rx=0 tx=0).handle_hello peer v2:172.21.15.7:3300/0 says I am v2:172.21.15.7:46876/0 (socket says 172.21.15.7:46876)
2024-04-24T08:06:10.187 INFO:teuthology.orchestra.run.smithi007.stdout:/usr/bin/ceph: stderr
2024-04-24T08:06:08.882+0000 7f8af3e00700 1 -- 172.21.15.7:0/2314992356 learned_addr learned my addr 172.21.15.7:0/2314992356 (peer_addr_for_me v2:172.21.15.7:0/0)
2024-04-24T08:06:10.187 INFO:teuthology.orchestra.run.smithi007.stdout:/usr/bin/ceph: stderr
2024-04-24T08:06:08.883+0000 7f8af3e00700 1 -- 172.21.15.7:0/2314992356 --> [v2:172.21.15.7:3300/0,v1:172.21.15.7:6789/0] -- mon_subscribe({config=0+,monmap=0+}) -- 0x7f8af410bb30 con 0x7f8af410a960
2024-04-24T08:06:10.187 INFO:teuthology.orchestra.run.smithi007.stdout:/usr/bin/ceph: stderr
2024-04-24T08:06:08.883+0000 7f8af3e00700 1 --2- 172.21.15.7:0/2314992356 >> [v2:172.21.15.7:3300/0,v1:172.21.15.7:6789/0] conn(0x7f8af410a960 0x7f8af410ad80 secure :-1 s=READY pgs=47 cs=0 l=1 rev1=1 crypto rx=0x7f8ae40098a0 tx=0x7f8ae4009bb0 comp rx=0 tx=0).ready entity=mon.0 client_cookie=c2212f0e98af5d4f server_cookie=0 in_seq=0 out_seq=0
2024-04-24T08:06:10.194 INFO:teuthology.orchestra.run.smithi007.stdout:/usr/bin/ceph: stderr
2024-04-24T08:06:08.883+0000 7f8af2a00700 1 -- 172.21.15.7:0/2314992356 <== mon.0 v2:172.21.15.7:3300/0 1 ==== mon_map magic: 0 ==== 205+0+0 (secure 0 0 0) 0x7f8ae4004160 con 0x7f8af410a960
2024-04-24T08:06:10.194 INFO:teuthology.orchestra.run.smithi007.stdout:/usr/bin/ceph: stderr
2024-04-24T08:06:08.884+0000 7f8af2a00700 1 -- 172.21.15.7:0/2314992356 <== mon.0 v2:172.21.15.7:3300/0 2 ==== config(27 keys) ==== 1109+0+0 (secure 0 0 0) 0x7f8ae4004300 con 0x7f8af410a960
2024-04-24T08:06:10.194 INFO:teuthology.orchestra.run.smithi007.stdout:/usr/bin/ceph: stderr
2024-04-24T08:06:08.884+0000 7f8af2a00700 1 -- 172.21.15.7:0/2314992356 <== mon.0 v2:172.21.15.7:3300/0 3 ==== mon_map magic: 0 ==== 205+0+0 (secure 0 0 0) 0x7f8ae4011b50 con 0x7f8af410a960
2024-04-24T08:06:10.194 INFO:teuthology.orchestra.run.smithi007.stdout:/usr/bin/ceph: stderr
2024-04-24T08:06:08.884+0000 7f8afb000700 1 -- 172.21.15.7:0/2314992356 >> [v2:172.21.15.7:3300/0,v1:172.21.15.7:6789/0] conn(0x7f8af410a960 msgr2=0x7f8af410ad80 secure :-1 s=STATE_CONNECTION_ESTABLISHED l=1).mark_down
2024-04-24T08:06:10.195 INFO:teuthology.orchestra.run.smithi007.stdout:/usr/bin/ceph: stderr
2024-04-24T08:06:08.884+0000 7f8afb000700 1 --2- 172.21.15.7:0/2314992356 >> [v2:172.21.15.7:3300/0,v1:172.21.15.7:6789/0] conn(0x7f8af410a960 0x7f8af410ad80 secure :-1 s=READY pgs=47 cs=0 l=1 rev1=1 crypto rx=0x7f8ae40098a0 tx=0x7f8ae4009bb0 comp rx=0 tx=0).stop
2024-04-24T08:06:10.195 INFO:teuthology.orchestra.run.smithi007.stdout:/usr/bin/ceph: stderr
2024-04-24T08:06:08.884+0000 7f8afb000700 1 -- 172.21.15.7:0/2314992356 shutdown_connections
2024-04-24T08:06:10.195 INFO:teuthology.orchestra.run.smithi007.stdout:/usr/bin/ceph: stderr
2024-04-24T08:06:08.884+0000 7f8afb000700 1 --2- 172.21.15.7:0/2314992356 >> [v2:172.21.15.7:3300/0,v1:172.21.15.7:6789/0] conn(0x7f8af410a960 0x7f8af410ad80 unknown :-1 s=CLOSED pgs=47 cs=0 l=1 rev1=1 crypto rx=0 tx=0 comp rx=0 tx=0).stop
2024-04-24T08:06:10.195 INFO:teuthology.orchestra.run.smithi007.stdout:/usr/bin/ceph: stderr
2024-04-24T08:06:08.884+0000 7f8afb000700 1 -- 172.21.15.7:0/2314992356 >> 172.21.15.7:0/2314992356 conn(0x7f8af407dd80 msgr2=0x7f8af407e190 unknown :-1 s=STATE_NONE l=0).mark_down
2024-04-24T08:06:10.195 INFO:teuthology.orchestra.run.smithi007.stdout:/usr/bin/ceph: stderr
2024-04-24T08:06:08.885+0000 7f8afb000700 1 -- 172.21.15.7:0/2314992356 shutdown_connections
2024-04-24T08:06:10.195 INFO:teuthology.orchestra.run.smithi007.stdout:/usr/bin/ceph: stderr
2024-04-24T08:06:08.885+0000 7f8afb000700 1 -- 172.21.15.7:0/2314992356 wait complete.
2024-04-24T08:06:10.195 INFO:teuthology.orchestra.run.smithi007.stdout:/usr/bin/ceph: stderr
2024-04-24T08:06:08.886+0000 7f8afb000700 1 Processor -- start
2024-04-24T08:06:10.195 INFO:teuthology.orchestra.run.smithi007.stdout:/usr/bin/ceph: stderr
2024-04-24T08:06:08.886+0000 7f8afb000700 1 -- start start
2024-04-24T08:06:10.195 INFO:teuthology.orchestra.run.smithi007.stdout:/usr/bin/ceph: stderr
2024-04-24T08:06:08.886+0000 7f8afb000700 1 --2- >> [v2:172.21.15.7:3300/0,v1:172.21.15.7:6789/0] conn(0x7f8af419eef0 0x7f8af419f310 unknown :-1 s=NONE pgs=0 cs=0 l=1 rev1=0 crypto rx=0 tx=0 comp rx=0 tx=0).connect
2024-04-24T08:06:10.195 INFO:teuthology.orchestra.run.smithi007.stdout:/usr/bin/ceph: stderr
2024-04-24T08:06:08.886+0000 7f8afb000700 1 -- --> [v2:172.21.15.7:3300/0,v1:172.21.15.7:6789/0] -- mon_getmap magic: 0 -- 0x7f8af410eee0 con 0x7f8af419eef0
2024-04-24T08:06:10.196 INFO:teuthology.orchestra.run.smithi007.stdout:/usr/bin/ceph: stderr
2024-04-24T08:06:08.887+0000 7f8af3e00700 1 --2- >> [v2:172.21.15.7:3300/0,v1:172.21.15.7:6789/0] conn(0x7f8af419eef0 0x7f8af419f310 unknown :-1 s=BANNER_CONNECTING pgs=0 cs=0 l=1 rev1=0 crypto rx=0 tx=0 comp rx=0 tx=0)._handle_peer_banner_payload supported=3 required=0
2024-04-24T08:06:10.196 INFO:teuthology.orchestra.run.smithi007.stdout:/usr/bin/ceph: stderr
2024-04-24T08:06:08.887+0000 7f8af3e00700 1 --2- >> [v2:172.21.15.7:3300/0,v1:172.21.15.7:6789/0] conn(0x7f8af419eef0 0x7f8af419f310 unknown :-1 s=HELLO_CONNECTING pgs=0 cs=0 l=1 rev1=1 crypto rx=0 tx=0 comp rx=0 tx=0).handle_hello peer v2:172.21.15.7:3300/0 says I am v2:172.21.15.7:46880/0 (socket says 172.21.15.7:46880)
2024-04-24T08:06:10.196 INFO:teuthology.orchestra.run.smithi007.stdout:/usr/bin/ceph: stderr
2024-04-24T08:06:08.887+0000 7f8af3e00700 1 -- 172.21.15.7:0/2173248672 learned_addr learned my addr 172.21.15.7:0/2173248672 (peer_addr_for_me v2:172.21.15.7:0/0)
2024-04-24T08:06:10.196 INFO:teuthology.orchestra.run.smithi007.stdout:/usr/bin/ceph: stderr
2024-04-24T08:06:08.887+0000 7f8af3e00700 1 -- 172.21.15.7:0/2173248672 --> [v2:172.21.15.7:3300/0,v1:172.21.15.7:6789/0] -- mon_subscribe({config=0+,monmap=0+}) -- 0x7f8af419f850 con 0x7f8af419eef0
2024-04-24T08:06:10.196 INFO:teuthology.orchestra.run.smithi007.stdout:/usr/bin/ceph: stderr
2024-04-24T08:06:08.887+0000 7f8af3e00700 1 --2- 172.21.15.7:0/2173248672 >> [v2:172.21.15.7:3300/0,v1:172.21.15.7:6789/0] conn(0x7f8af419eef0 0x7f8af419f310 secure :-1 s=READY pgs=48 cs=0 l=1 rev1=1 crypto rx=0x7f8ae4011850 tx=0x7f8ae4011c10 comp rx=0 tx=0).ready entity=mon.0 client_cookie=0 server_cookie=0 in_seq=0 out_seq=0
2024-04-24T08:06:10.196 INFO:teuthology.orchestra.run.smithi007.stdout:/usr/bin/ceph: stderr
2024-04-24T08:06:08.888+0000 7f8af0c00700 1 -- 172.21.15.7:0/2173248672 <== mon.0 v2:172.21.15.7:3300/0 1 ==== mon_map magic: 0 ==== 205+0+0 (secure 0 0 0) 0x7f8ae40036a0 con 0x7f8af419eef0
2024-04-24T08:06:10.196 INFO:teuthology.orchestra.run.smithi007.stdout:/usr/bin/ceph: stderr
2024-04-24T08:06:08.888+0000 7f8af0c00700 1 -- 172.21.15.7:0/2173248672 <== mon.0 v2:172.21.15.7:3300/0 2 ==== config(27 keys) ==== 1109+0+0 (secure 0 0 0) 0x7f8ae401a460 con 0x7f8af419eef0
2024-04-24T08:06:10.196 INFO:teuthology.orchestra.run.smithi007.stdout:/usr/bin/ceph: stderr
2024-04-24T08:06:08.888+0000 7f8af0c00700 1 -- 172.21.15.7:0/2173248672 <== mon.0 v2:172.21.15.7:3300/0 3 ==== mon_map magic: 0 ==== 205+0+0 (secure 0 0 0) 0x7f8ae401b440 con 0x7f8af419eef0
2024-04-24T08:06:10.197 INFO:teuthology.orchestra.run.smithi007.stdout:/usr/bin/ceph: stderr
2024-04-24T08:06:08.888+0000 7f8afb000700 1 -- 172.21.15.7:0/2173248672 --> [v2:172.21.15.7:3300/0,v1:172.21.15.7:6789/0] -- mon_subscribe({mgrmap=0+}) -- 0x7f8af419fae0 con 0x7f8af419eef0
2024-04-24T08:06:10.197 INFO:teuthology.orchestra.run.smithi007.stdout:/usr/bin/ceph: stderr
2024-04-24T08:06:08.888+0000 7f8afb000700 1 -- 172.21.15.7:0/2173248672 --> [v2:172.21.15.7:3300/0,v1:172.21.15.7:6789/0] -- mon_subscribe({osdmap=0}) -- 0x7f8af41a25c0 con 0x7f8af419eef0
2024-04-24T08:06:10.197 INFO:teuthology.orchestra.run.smithi007.stdout:/usr/bin/ceph: stderr
2024-04-24T08:06:08.889+0000 7f8af0c00700 1 -- 172.21.15.7:0/2173248672 <== mon.0 v2:172.21.15.7:3300/0 4 ==== mgrmap(e 8) ==== 46558+0+0 (secure 0 0 0) 0x7f8ae401aa10 con 0x7f8af419eef0
2024-04-24T08:06:10.197 INFO:teuthology.orchestra.run.smithi007.stdout:/usr/bin/ceph: stderr
2024-04-24T08:06:08.889+0000 7f8afb000700 1 -- 172.21.15.7:0/2173248672 --> [v2:172.21.15.7:3300/0,v1:172.21.15.7:6789/0] -- mon_command({"prefix": "get_command_descriptions"} v 0) -- 0x7f8af4064150 con 0x7f8af419eef0
2024-04-24T08:06:10.197 INFO:teuthology.orchestra.run.smithi007.stdout:/usr/bin/ceph: stderr
2024-04-24T08:06:08.890+0000 7f8af0c00700 1 --2- 172.21.15.7:0/2173248672 >> [v2:172.21.15.7:6800/4190488637,v1:172.21.15.7:6801/4190488637] conn(0x7f8ad80395b0 0x7f8ad803ba70 unknown :-1 s=NONE pgs=0 cs=0 l=1 rev1=0 crypto rx=0 tx=0 comp rx=0 tx=0).connect
2024-04-24T08:06:10.197 INFO:teuthology.orchestra.run.smithi007.stdout:/usr/bin/ceph: stderr
2024-04-24T08:06:08.890+0000 7f8af0c00700 1 -- 172.21.15.7:0/2173248672 <== mon.0 v2:172.21.15.7:3300/0 5 ==== osd_map(2..2 src has 1..2) ==== 940+0+0 (secure 0 0 0) 0x7f8ae404dca0 con 0x7f8af419eef0
2024-04-24T08:06:10.197 INFO:teuthology.orchestra.run.smithi007.stdout:/usr/bin/ceph: stderr
2024-04-24T08:06:08.890+0000 7f8af3400700 1 --2- 172.21.15.7:0/2173248672 >> [v2:172.21.15.7:6800/4190488637,v1:172.21.15.7:6801/4190488637] conn(0x7f8ad80395b0 0x7f8ad803ba70 unknown :-1 s=BANNER_CONNECTING pgs=0 cs=0 l=1 rev1=0 crypto rx=0 tx=0 comp rx=0 tx=0)._handle_peer_banner_payload supported=3 required=0
2024-04-24T08:06:10.197 INFO:teuthology.orchestra.run.smithi007.stdout:/usr/bin/ceph: stderr
2024-04-24T08:06:08.891+0000 7f8af3400700 1 --2- 172.21.15.7:0/2173248672 >> [v2:172.21.15.7:6800/4190488637,v1:172.21.15.7:6801/4190488637] conn(0x7f8ad80395b0 0x7f8ad803ba70 secure :-1 s=READY pgs=12 cs=0 l=1 rev1=1 crypto rx=0x7f8ae0006fd0 tx=0x7f8ae0006e40 comp rx=0 tx=0).ready entity=mgr.14120 client_cookie=0 server_cookie=0 in_seq=0 out_seq=0
2024-04-24T08:06:10.197 INFO:teuthology.orchestra.run.smithi007.stdout:/usr/bin/ceph: stderr
2024-04-24T08:06:08.896+0000 7f8af0c00700 1 -- 172.21.15.7:0/2173248672 <== mon.0 v2:172.21.15.7:3300/0 6 ==== mon_command_ack([{"prefix": "get_command_descriptions"}]=0 v0) ==== 72+0+188370 (secure 0 0 0) 0x7f8ae401a6c0 con 0x7f8af419eef0
2024-04-24T08:06:10.198 INFO:teuthology.orchestra.run.smithi007.stdout:/usr/bin/ceph: stderr
2024-04-24T08:06:09.170+0000 7f8afb000700 1 -- 172.21.15.7:0/2173248672 --> [v2:172.21.15.7:6800/4190488637,v1:172.21.15.7:6801/4190488637] -- mgr_command(tid 0: {"prefix": "orch apply", "service_type": "mon", "unmanaged": true, "target": ["mon-mgr", ""]}) -- 0x7f8af402e1a0 con 0x7f8ad80395b0
2024-04-24T08:06:10.198 INFO:teuthology.orchestra.run.smithi007.stdout:/usr/bin/ceph: stderr
2024-04-24T08:06:09.181+0000 7f8af0c00700 1 -- 172.21.15.7:0/2173248672 <== mgr.14120 v2:172.21.15.7:6800/4190488637 1 ==== mgr_command_reply(tid 0: 0 ) ==== 8+0+24 (secure 0 0 0) 0x7f8af402e1a0 con 0x7f8ad80395b0
2024-04-24T08:06:10.198 INFO:teuthology.orchestra.run.smithi007.stdout:/usr/bin/ceph: stderr
2024-04-24T08:06:09.184+0000 7f8afb000700 1 -- 172.21.15.7:0/2173248672 >> [v2:172.21.15.7:6800/4190488637,v1:172.21.15.7:6801/4190488637] conn(0x7f8ad80395b0 msgr2=0x7f8ad803ba70 secure :-1 s=STATE_CONNECTION_ESTABLISHED l=1).mark_down
2024-04-24T08:06:10.198 INFO:teuthology.orchestra.run.smithi007.stdout:/usr/bin/ceph: stderr
2024-04-24T08:06:09.184+0000 7f8afb000700 1 --2- 172.21.15.7:0/2173248672 >> [v2:172.21.15.7:6800/4190488637,v1:172.21.15.7:6801/4190488637] conn(0x7f8ad80395b0 0x7f8ad803ba70 secure :-1 s=READY pgs=12 cs=0 l=1 rev1=1 crypto rx=0x7f8ae0006fd0 tx=0x7f8ae0006e40 comp rx=0 tx=0).stop
2024-04-24T08:06:10.198 INFO:teuthology.orchestra.run.smithi007.stdout:/usr/bin/ceph: stderr
2024-04-24T08:06:09.184+0000 7f8afb000700 1 -- 172.21.15.7:0/2173248672 >> [v2:172.21.15.7:3300/0,v1:172.21.15.7:6789/0] conn(0x7f8af419eef0 msgr2=0x7f8af419f310 secure :-1 s=STATE_CONNECTION_ESTABLISHED l=1).mark_down
2024-04-24T08:06:10.198 INFO:teuthology.orchestra.run.smithi007.stdout:/usr/bin/ceph: stderr
2024-04-24T08:06:09.184+0000 7f8afb000700 1 --2- 172.21.15.7:0/2173248672 >> [v2:172.21.15.7:3300/0,v1:172.21.15.7:6789/0] conn(0x7f8af419eef0 0x7f8af419f310 secure :-1 s=READY pgs=48 cs=0 l=1 rev1=1 crypto rx=0x7f8ae4011850 tx=0x7f8ae4011c10 comp rx=0 tx=0).stop
2024-04-24T08:06:10.198 INFO:teuthology.orchestra.run.smithi007.stdout:/usr/bin/ceph: stderr
2024-04-24T08:06:09.184+0000 7f8afb000700 1 -- 172.21.15.7:0/2173248672 shutdown_connections
2024-04-24T08:06:10.198 INFO:teuthology.orchestra.run.smithi007.stdout:/usr/bin/ceph: stderr
2024-04-24T08:06:09.184+0000 7f8afb000700 1 --2- 172.21.15.7:0/2173248672 >> [v2:172.21.15.7:6800/4190488637,v1:172.21.15.7:6801/4190488637] conn(0x7f8ad80395b0 0x7f8ad803ba70 unknown :-1 s=CLOSED pgs=12 cs=0 l=1 rev1=1 crypto rx=0 tx=0 comp rx=0 tx=0).stop
2024-04-24T08:06:10.199 INFO:teuthology.orchestra.run.smithi007.stdout:/usr/bin/ceph: stderr
2024-04-24T08:06:09.184+0000 7f8afb000700 1 --2- 172.21.15.7:0/2173248672 >> [v2:172.21.15.7:3300/0,v1:172.21.15.7:6789/0] conn(0x7f8af419eef0 0x7f8af419f310 unknown :-1 s=CLOSED pgs=48 cs=0 l=1 rev1=1 crypto rx=0 tx=0 comp rx=0 tx=0).stop
2024-04-24T08:06:10.199 INFO:teuthology.orchestra.run.smithi007.stdout:/usr/bin/ceph: stderr
2024-04-24T08:06:09.184+0000 7f8afb000700 1 -- 172.21.15.7:0/2173248672 >> 172.21.15.7:0/2173248672 conn(0x7f8af407dd80 msgr2=0x7f8af4108930 unknown :-1 s=STATE_NONE l=0).mark_down
2024-04-24T08:06:10.199 INFO:teuthology.orchestra.run.smithi007.stdout:/usr/bin/ceph: stderr
2024-04-24T08:06:09.185+0000 7f8afb000700 1 -- 172.21.15.7:0/2173248672 shutdown_connections
2024-04-24T08:06:10.199 INFO:teuthology.orchestra.run.smithi007.stdout:/usr/bin/ceph: stderr
2024-04-24T08:06:09.185+0000 7f8afb000700 1 -- 172.21.15.7:0/2173248672 wait complete.
2024-04-24T08:06:10.199 INFO:teuthology.orchestra.run.smithi007.stdout:Deploying unmanaged mgr service...
2024-04-24T08:06:10.473 INFO:journalctl@ceph.mon.a.smithi007.stdout:Apr 24 08:06:10 smithi007 ceph-mon[27842]: from='client.14142 -' entity='client.admin' cmd=[{"prefix": "orch apply", "service_type": "mon", "unmanaged": true, "target": ["mon-mgr", ""]}]: dispatch
2024-04-24T08:06:10.473 INFO:journalctl@ceph.mon.a.smithi007.stdout:Apr 24 08:06:10 smithi007 ceph-mon[27842]: Saving service mon spec with placement count:5
2024-04-24T08:06:10.473 INFO:journalctl@ceph.mon.a.smithi007.stdout:Apr 24 08:06:10 smithi007 ceph-mon[27842]: from='mgr.14120 172.21.15.7:0/3392166741' entity='mgr.x'
2024-04-24T08:06:12.208 INFO:journalctl@ceph.mon.a.smithi007.stdout:Apr 24 08:06:11 smithi007 ceph-mon[27842]: from='mgr.14120 172.21.15.7:0/3392166741' entity='mgr.x'
2024-04-24T08:06:12.208 INFO:journalctl@ceph.mon.a.smithi007.stdout:Apr 24 08:06:11 smithi007 ceph-mon[27842]: from='mgr.14120 172.21.15.7:0/3392166741' entity='mgr.x'
2024-04-24T08:06:12.208 INFO:journalctl@ceph.mon.a.smithi007.stdout:Apr 24 08:06:11 smithi007 ceph-mon[27842]: from='mgr.14120 172.21.15.7:0/3392166741' entity='mgr.x'
2024-04-24T08:06:12.224 INFO:teuthology.orchestra.run.smithi007.stdout:/usr/bin/ceph: stdout Scheduled mgr update...
2024-04-24T08:06:12.224 INFO:teuthology.orchestra.run.smithi007.stdout:/usr/bin/ceph: stderr
2024-04-24T08:06:11.295+0000 7fef52200700 1 Processor -- start
2024-04-24T08:06:12.224 INFO:teuthology.orchestra.run.smithi007.stdout:/usr/bin/ceph: stderr
2024-04-24T08:06:11.295+0000 7fef52200700 1 -- start start
2024-04-24T08:06:12.224 INFO:teuthology.orchestra.run.smithi007.stdout:/usr/bin/ceph: stderr
2024-04-24T08:06:11.296+0000 7fef52200700 1 --2- >> [v2:172.21.15.7:3300/0,v1:172.21.15.7:6789/0] conn(0x7fef4c108fe0 0x7fef4c10b3d0 unknown :-1 s=NONE pgs=0 cs=0 l=0 rev1=0 crypto rx=0 tx=0 comp rx=0 tx=0).connect
2024-04-24T08:06:12.224 INFO:teuthology.orchestra.run.smithi007.stdout:/usr/bin/ceph: stderr
2024-04-24T08:06:11.296+0000 7fef52200700 1 -- --> [v2:172.21.15.7:3300/0,v1:172.21.15.7:6789/0] -- mon_getmap magic: 0 -- 0x7fef4c063e10 con 0x7fef4c108fe0
2024-04-24T08:06:12.224 INFO:teuthology.orchestra.run.smithi007.stdout:/usr/bin/ceph: stderr
2024-04-24T08:06:11.296+0000 7fef50e00700 1 --2- >> [v2:172.21.15.7:3300/0,v1:172.21.15.7:6789/0] conn(0x7fef4c108fe0 0x7fef4c10b3d0 unknown :-1 s=BANNER_CONNECTING pgs=0 cs=0 l=0 rev1=0 crypto rx=0 tx=0 comp rx=0 tx=0)._handle_peer_banner_payload supported=3 required=0
2024-04-24T08:06:12.224 INFO:teuthology.orchestra.run.smithi007.stdout:/usr/bin/ceph: stderr
2024-04-24T08:06:11.296+0000 7fef50e00700 1 --2- >> [v2:172.21.15.7:3300/0,v1:172.21.15.7:6789/0] conn(0x7fef4c108fe0 0x7fef4c10b3d0 unknown :-1 s=HELLO_CONNECTING pgs=0 cs=0 l=0 rev1=1 crypto rx=0 tx=0 comp rx=0 tx=0).handle_hello peer v2:172.21.15.7:3300/0 says I am v2:172.21.15.7:57338/0 (socket says 172.21.15.7:57338)
2024-04-24T08:06:12.224 INFO:teuthology.orchestra.run.smithi007.stdout:/usr/bin/ceph: stderr
2024-04-24T08:06:11.296+0000 7fef50e00700 1 -- 172.21.15.7:0/1560499159 learned_addr learned my addr 172.21.15.7:0/1560499159 (peer_addr_for_me v2:172.21.15.7:0/0)
2024-04-24T08:06:12.225 INFO:teuthology.orchestra.run.smithi007.stdout:/usr/bin/ceph: stderr
2024-04-24T08:06:11.297+0000 7fef50e00700 1 -- 172.21.15.7:0/1560499159 --> [v2:172.21.15.7:3300/0,v1:172.21.15.7:6789/0] -- mon_subscribe({config=0+,monmap=0+}) -- 0x7fef4c10b910 con 0x7fef4c108fe0
2024-04-24T08:06:12.225 INFO:teuthology.orchestra.run.smithi007.stdout:/usr/bin/ceph: stderr
2024-04-24T08:06:11.297+0000 7fef50e00700 1 --2- 172.21.15.7:0/1560499159 >> [v2:172.21.15.7:3300/0,v1:172.21.15.7:6789/0] conn(0x7fef4c108fe0 0x7fef4c10b3d0 secure :-1 s=READY pgs=49 cs=0 l=1 rev1=1 crypto rx=0x7fef400098a0 tx=0x7fef40009bb0 comp rx=0 tx=0).ready entity=mon.0 client_cookie=1f66cd58aecc4897 server_cookie=0 in_seq=0 out_seq=0
2024-04-24T08:06:12.225 INFO:teuthology.orchestra.run.smithi007.stdout:/usr/bin/ceph: stderr
2024-04-24T08:06:11.297+0000 7fef4b400700 1 -- 172.21.15.7:0/1560499159 <== mon.0 v2:172.21.15.7:3300/0 1 ==== mon_map magic: 0 ==== 205+0+0 (secure 0 0 0) 0x7fef40004160 con 0x7fef4c108fe0
2024-04-24T08:06:12.225 INFO:teuthology.orchestra.run.smithi007.stdout:/usr/bin/ceph: stderr
2024-04-24T08:06:11.297+0000 7fef4b400700 1 -- 172.21.15.7:0/1560499159 <== mon.0 v2:172.21.15.7:3300/0 2 ==== config(27 keys) ==== 1140+0+0 (secure 0 0 0) 0x7fef40004300 con 0x7fef4c108fe0
2024-04-24T08:06:12.225 INFO:teuthology.orchestra.run.smithi007.stdout:/usr/bin/ceph: stderr
2024-04-24T08:06:11.297+0000 7fef4b400700 1 -- 172.21.15.7:0/1560499159 <== mon.0 v2:172.21.15.7:3300/0 3 ==== mon_map magic: 0 ==== 205+0+0 (secure 0 0 0) 0x7fef40011b20 con 0x7fef4c108fe0
2024-04-24T08:06:12.225 INFO:teuthology.orchestra.run.smithi007.stdout:/usr/bin/ceph: stderr
2024-04-24T08:06:11.298+0000 7fef52200700 1 -- 172.21.15.7:0/1560499159 >> [v2:172.21.15.7:3300/0,v1:172.21.15.7:6789/0] conn(0x7fef4c108fe0 msgr2=0x7fef4c10b3d0 secure :-1 s=STATE_CONNECTION_ESTABLISHED l=1).mark_down
2024-04-24T08:06:12.225 INFO:teuthology.orchestra.run.smithi007.stdout:/usr/bin/ceph: stderr
