2024-04-24T08:05:40.434 INFO:teuthology.orchestra.run.smithi007.stdout:/usr/bin/ceph: stderr
2024-04-24T08:05:39.337+0000 7f6f11600700 1 --2- >> [v2:172.21.15.7:3300/0,v1:172.21.15.7:6789/0] conn(0x7f6f0c082760 0x7f6f0c1a3070 unknown :-1 s=NONE pgs=0 cs=0 l=1 rev1=0 crypto rx=0 tx=0 comp rx=0 tx=0).connect
2024-04-24T08:05:40.434 INFO:teuthology.orchestra.run.smithi007.stdout:/usr/bin/ceph: stderr
2024-04-24T08:05:39.337+0000 7f6f11600700 1 -- --> [v2:172.21.15.7:3300/0,v1:172.21.15.7:6789/0] -- mon_getmap magic: 0 -- 0x7f6f0c1132e0 con 0x7f6f0c082760
2024-04-24T08:05:40.434 INFO:teuthology.orchestra.run.smithi007.stdout:/usr/bin/ceph: stderr
2024-04-24T08:05:39.338+0000 7f6f0aa00700 1 --2- >> [v2:172.21.15.7:3300/0,v1:172.21.15.7:6789/0] conn(0x7f6f0c082760 0x7f6f0c1a3070 unknown :-1 s=BANNER_CONNECTING pgs=0 cs=0 l=1 rev1=0 crypto rx=0 tx=0 comp rx=0 tx=0)._handle_peer_banner_payload supported=3 required=0
2024-04-24T08:05:40.435 INFO:teuthology.orchestra.run.smithi007.stdout:/usr/bin/ceph: stderr
2024-04-24T08:05:39.338+0000 7f6f0aa00700 1 --2- >> [v2:172.21.15.7:3300/0,v1:172.21.15.7:6789/0] conn(0x7f6f0c082760 0x7f6f0c1a3070 unknown :-1 s=HELLO_CONNECTING pgs=0 cs=0 l=1 rev1=1 crypto rx=0 tx=0 comp rx=0 tx=0).handle_hello peer v2:172.21.15.7:3300/0 says I am v2:172.21.15.7:38912/0 (socket says 172.21.15.7:38912)
2024-04-24T08:05:40.435 INFO:teuthology.orchestra.run.smithi007.stdout:/usr/bin/ceph: stderr
2024-04-24T08:05:39.338+0000 7f6f0aa00700 1 -- 172.21.15.7:0/3461707852 learned_addr learned my addr 172.21.15.7:0/3461707852 (peer_addr_for_me v2:172.21.15.7:0/0)
2024-04-24T08:05:40.435 INFO:teuthology.orchestra.run.smithi007.stdout:/usr/bin/ceph: stderr
2024-04-24T08:05:39.338+0000 7f6f0aa00700 1 -- 172.21.15.7:0/3461707852 --> [v2:172.21.15.7:3300/0,v1:172.21.15.7:6789/0] -- mon_subscribe({config=0+,monmap=0+}) -- 0x7f6f0c1a35b0 con 0x7f6f0c082760
2024-04-24T08:05:40.435 INFO:teuthology.orchestra.run.smithi007.stdout:/usr/bin/ceph: stderr
2024-04-24T08:05:39.338+0000 7f6f0aa00700 1 --2- 172.21.15.7:0/3461707852 >> [v2:172.21.15.7:3300/0,v1:172.21.15.7:6789/0] conn(0x7f6f0c082760 0x7f6f0c1a3070 secure :-1 s=READY pgs=19 cs=0 l=1 rev1=1 crypto rx=0x7f6efc011850 tx=0x7f6efc011c10 comp rx=0 tx=0).ready entity=mon.0 client_cookie=0 server_cookie=0 in_seq=0 out_seq=0
2024-04-24T08:05:40.435 INFO:teuthology.orchestra.run.smithi007.stdout:/usr/bin/ceph: stderr
2024-04-24T08:05:39.339+0000 7f6f03400700 1 -- 172.21.15.7:0/3461707852 <== mon.0 v2:172.21.15.7:3300/0 1 ==== mon_map magic: 0 ==== 205+0+0 (secure 0 0 0) 0x7f6efc003af0 con 0x7f6f0c082760
2024-04-24T08:05:40.435 INFO:teuthology.orchestra.run.smithi007.stdout:/usr/bin/ceph: stderr
2024-04-24T08:05:39.339+0000 7f6f03400700 1 -- 172.21.15.7:0/3461707852 <== mon.0 v2:172.21.15.7:3300/0 2 ==== config(27 keys) ==== 1109+0+0 (secure 0 0 0) 0x7f6efc020070 con 0x7f6f0c082760
2024-04-24T08:05:40.435 INFO:teuthology.orchestra.run.smithi007.stdout:/usr/bin/ceph: stderr
2024-04-24T08:05:39.339+0000 7f6f03400700 1 -- 172.21.15.7:0/3461707852 <== mon.0 v2:172.21.15.7:3300/0 3 ==== mon_map magic: 0 ==== 205+0+0 (secure 0 0 0) 0x7f6efc0195a0 con 0x7f6f0c082760
2024-04-24T08:05:40.436 INFO:teuthology.orchestra.run.smithi007.stdout:/usr/bin/ceph: stderr
2024-04-24T08:05:39.339+0000 7f6f11600700 1 -- 172.21.15.7:0/3461707852 --> [v2:172.21.15.7:3300/0,v1:172.21.15.7:6789/0] -- mon_subscribe({mgrmap=0+}) -- 0x7f6f0c1a3840 con 0x7f6f0c082760
2024-04-24T08:05:40.436 INFO:teuthology.orchestra.run.smithi007.stdout:/usr/bin/ceph: stderr
2024-04-24T08:05:39.339+0000 7f6f11600700 1 -- 172.21.15.7:0/3461707852 --> [v2:172.21.15.7:3300/0,v1:172.21.15.7:6789/0] -- mon_subscribe({osdmap=0}) -- 0x7f6f0c1a6530 con 0x7f6f0c082760
2024-04-24T08:05:40.436 INFO:teuthology.orchestra.run.smithi007.stdout:/usr/bin/ceph: stderr
2024-04-24T08:05:39.340+0000 7f6f03400700 1 -- 172.21.15.7:0/3461707852 <== mon.0 v2:172.21.15.7:3300/0 4 ==== mgrmap(e 3) ==== 46441+0+0 (secure 0 0 0) 0x7f6efc019850 con 0x7f6f0c082760
2024-04-24T08:05:40.436 INFO:teuthology.orchestra.run.smithi007.stdout:/usr/bin/ceph: stderr
2024-04-24T08:05:39.340+0000 7f6f11600700 1 -- 172.21.15.7:0/3461707852 --> [v2:172.21.15.7:3300/0,v1:172.21.15.7:6789/0] -- mon_command({"prefix": "get_command_descriptions"} v 0) -- 0x7f6f0c064150 con 0x7f6f0c082760
2024-04-24T08:05:40.436 INFO:teuthology.orchestra.run.smithi007.stdout:/usr/bin/ceph: stderr
2024-04-24T08:05:39.340+0000 7f6f03400700 1 --2- 172.21.15.7:0/3461707852 >> [v2:172.21.15.7:6800/2239857374,v1:172.21.15.7:6801/2239857374] conn(0x7f6ef0039490 0x7f6ef003b950 unknown :-1 s=NONE pgs=0 cs=0 l=1 rev1=0 crypto rx=0 tx=0 comp rx=0 tx=0).connect
2024-04-24T08:05:40.436 INFO:teuthology.orchestra.run.smithi007.stdout:/usr/bin/ceph: stderr
2024-04-24T08:05:39.341+0000 7f6f03400700 1 -- 172.21.15.7:0/3461707852 <== mon.0 v2:172.21.15.7:3300/0 5 ==== osd_map(1..1 src has 1..1) ==== 725+0+0 (secure 0 0 0) 0x7f6efc011e00 con 0x7f6f0c082760
2024-04-24T08:05:40.437 INFO:teuthology.orchestra.run.smithi007.stdout:/usr/bin/ceph: stderr
2024-04-24T08:05:39.341+0000 7f6f0a000700 1 --2- 172.21.15.7:0/3461707852 >> [v2:172.21.15.7:6800/2239857374,v1:172.21.15.7:6801/2239857374] conn(0x7f6ef0039490 0x7f6ef003b950 unknown :-1 s=BANNER_CONNECTING pgs=0 cs=0 l=1 rev1=0 crypto rx=0 tx=0 comp rx=0 tx=0)._handle_peer_banner_payload supported=3 required=0
2024-04-24T08:05:40.437 INFO:teuthology.orchestra.run.smithi007.stdout:/usr/bin/ceph: stderr
2024-04-24T08:05:39.341+0000 7f6f0a000700 1 --2- 172.21.15.7:0/3461707852 >> [v2:172.21.15.7:6800/2239857374,v1:172.21.15.7:6801/2239857374] conn(0x7f6ef0039490 0x7f6ef003b950 secure :-1 s=READY pgs=6 cs=0 l=1 rev1=1 crypto rx=0x7f6ef8006fd0 tx=0x7f6ef8006e40 comp rx=0 tx=0).ready entity=mgr.14100 client_cookie=0 server_cookie=0 in_seq=0 out_seq=0
2024-04-24T08:05:40.437 INFO:teuthology.orchestra.run.smithi007.stdout:/usr/bin/ceph: stderr
2024-04-24T08:05:39.347+0000 7f6f03400700 1 -- 172.21.15.7:0/3461707852 <== mon.0 v2:172.21.15.7:3300/0 6 ==== mon_command_ack([{"prefix": "get_command_descriptions"}]=0 v0) ==== 72+0+188370 (secure 0 0 0) 0x7f6efc00e260 con 0x7f6f0c082760
2024-04-24T08:05:40.437 INFO:teuthology.orchestra.run.smithi007.stdout:/usr/bin/ceph: stderr
2024-04-24T08:05:39.666+0000 7f6f11600700 1 -- 172.21.15.7:0/3461707852 --> [v2:172.21.15.7:3300/0,v1:172.21.15.7:6789/0] -- mon_command({"prefix": "status", "format": "json-pretty"} v 0) -- 0x7f6f0c02dfe0 con 0x7f6f0c082760
2024-04-24T08:05:40.438 INFO:teuthology.orchestra.run.smithi007.stdout:/usr/bin/ceph: stderr
2024-04-24T08:05:39.667+0000 7f6f03400700 1 -- 172.21.15.7:0/3461707852 <== mon.0 v2:172.21.15.7:3300/0 7 ==== mon_command_ack([{"prefix": "status", "format": "json-pretty"}]=0 v0) ==== 79+0+1239 (secure 0 0 0) 0x7f6efc003c90 con 0x7f6f0c082760
2024-04-24T08:05:40.438 INFO:teuthology.orchestra.run.smithi007.stdout:/usr/bin/ceph: stderr
2024-04-24T08:05:39.670+0000 7f6f11600700 1 -- 172.21.15.7:0/3461707852 >> [v2:172.21.15.7:6800/2239857374,v1:172.21.15.7:6801/2239857374] conn(0x7f6ef0039490 msgr2=0x7f6ef003b950 secure :-1 s=STATE_CONNECTION_ESTABLISHED l=1).mark_down
2024-04-24T08:05:40.438 INFO:teuthology.orchestra.run.smithi007.stdout:/usr/bin/ceph: stderr
2024-04-24T08:05:39.670+0000 7f6f11600700 1 --2- 172.21.15.7:0/3461707852 >> [v2:172.21.15.7:6800/2239857374,v1:172.21.15.7:6801/2239857374] conn(0x7f6ef0039490 0x7f6ef003b950 secure :-1 s=READY pgs=6 cs=0 l=1 rev1=1 crypto rx=0x7f6ef8006fd0 tx=0x7f6ef8006e40 comp rx=0 tx=0).stop
2024-04-24T08:05:40.438 INFO:teuthology.orchestra.run.smithi007.stdout:/usr/bin/ceph: stderr
2024-04-24T08:05:39.670+0000 7f6f11600700 1 -- 172.21.15.7:0/3461707852 >> [v2:172.21.15.7:3300/0,v1:172.21.15.7:6789/0] conn(0x7f6f0c082760 msgr2=0x7f6f0c1a3070 secure :-1 s=STATE_CONNECTION_ESTABLISHED l=1).mark_down
2024-04-24T08:05:40.438 INFO:teuthology.orchestra.run.smithi007.stdout:/usr/bin/ceph: stderr
2024-04-24T08:05:39.670+0000 7f6f11600700 1 --2- 172.21.15.7:0/3461707852 >> [v2:172.21.15.7:3300/0,v1:172.21.15.7:6789/0] conn(0x7f6f0c082760 0x7f6f0c1a3070 secure :-1 s=READY pgs=19 cs=0 l=1 rev1=1 crypto rx=0x7f6efc011850 tx=0x7f6efc011c10 comp rx=0 tx=0).stop
2024-04-24T08:05:40.438 INFO:teuthology.orchestra.run.smithi007.stdout:/usr/bin/ceph: stderr
2024-04-24T08:05:39.670+0000 7f6f11600700 1 -- 172.21.15.7:0/3461707852 shutdown_connections
2024-04-24T08:05:40.438 INFO:teuthology.orchestra.run.smithi007.stdout:/usr/bin/ceph: stderr
2024-04-24T08:05:39.670+0000 7f6f11600700 1 --2- 172.21.15.7:0/3461707852 >> [v2:172.21.15.7:6800/2239857374,v1:172.21.15.7:6801/2239857374] conn(0x7f6ef0039490 0x7f6ef003b950 unknown :-1 s=CLOSED pgs=6 cs=0 l=1 rev1=1 crypto rx=0 tx=0 comp rx=0 tx=0).stop
2024-04-24T08:05:40.438 INFO:teuthology.orchestra.run.smithi007.stdout:/usr/bin/ceph: stderr
2024-04-24T08:05:39.670+0000 7f6f11600700 1 --2- 172.21.15.7:0/3461707852 >> [v2:172.21.15.7:3300/0,v1:172.21.15.7:6789/0] conn(0x7f6f0c082760 0x7f6f0c1a3070 unknown :-1 s=CLOSED pgs=19 cs=0 l=1 rev1=1 crypto rx=0 tx=0 comp rx=0 tx=0).stop
2024-04-24T08:05:40.438 INFO:teuthology.orchestra.run.smithi007.stdout:/usr/bin/ceph: stderr
2024-04-24T08:05:39.670+0000 7f6f11600700 1 -- 172.21.15.7:0/3461707852 >> 172.21.15.7:0/3461707852 conn(0x7f6f0c07dd80 msgr2=0x7f6f0c07eb60 unknown :-1 s=STATE_NONE l=0).mark_down
2024-04-24T08:05:40.438 INFO:teuthology.orchestra.run.smithi007.stdout:/usr/bin/ceph: stderr
2024-04-24T08:05:39.670+0000 7f6f11600700 1 -- 172.21.15.7:0/3461707852 shutdown_connections
2024-04-24T08:05:40.438 INFO:teuthology.orchestra.run.smithi007.stdout:/usr/bin/ceph: stderr
2024-04-24T08:05:39.670+0000 7f6f11600700 1 -- 172.21.15.7:0/3461707852 wait complete.
2024-04-24T08:05:40.438 INFO:teuthology.orchestra.run.smithi007.stdout:mgr is available
2024-04-24T08:05:40.990 INFO:journalctl@ceph.mon.a.smithi007.stdout:Apr 24 08:05:40 smithi007 ceph-mon[27842]: mgrmap e4: x(active, since 2s)
2024-04-24T08:05:41.890 INFO:journalctl@ceph.mon.a.smithi007.stdout:Apr 24 08:05:41 smithi007 ceph-mon[27842]: from='client.? 172.21.15.7:0/223152416' entity='client.admin' cmd=[{"prefix": "config assimilate-conf"}]: dispatch
2024-04-24T08:05:41.908 INFO:teuthology.orchestra.run.smithi007.stdout:/usr/bin/ceph: stdout
2024-04-24T08:05:41.909 INFO:teuthology.orchestra.run.smithi007.stdout:/usr/bin/ceph: stdout [global]
2024-04-24T08:05:41.909 INFO:teuthology.orchestra.run.smithi007.stdout:/usr/bin/ceph: stdout fsid = 3a1c550a-0211-11ef-bc93-c7b262605968
2024-04-24T08:05:41.909 INFO:teuthology.orchestra.run.smithi007.stdout:/usr/bin/ceph: stdout mon_osd_allow_pg_remap = true
2024-04-24T08:05:41.909 INFO:teuthology.orchestra.run.smithi007.stdout:/usr/bin/ceph: stdout mon_osd_allow_primary_affinity = true
2024-04-24T08:05:41.910 INFO:teuthology.orchestra.run.smithi007.stdout:/usr/bin/ceph: stdout mon_warn_on_no_sortbitwise = false
2024-04-24T08:05:41.911 INFO:teuthology.orchestra.run.smithi007.stdout:/usr/bin/ceph: stdout osd_crush_chooseleaf_type = 0
2024-04-24T08:05:41.911 INFO:teuthology.orchestra.run.smithi007.stdout:/usr/bin/ceph: stdout
2024-04-24T08:05:41.911 INFO:teuthology.orchestra.run.smithi007.stdout:/usr/bin/ceph: stdout [mgr]
2024-04-24T08:05:41.911 INFO:teuthology.orchestra.run.smithi007.stdout:/usr/bin/ceph: stdout mgr/telemetry/nag = false
2024-04-24T08:05:41.911 INFO:teuthology.orchestra.run.smithi007.stdout:/usr/bin/ceph: stdout
2024-04-24T08:05:41.911 INFO:teuthology.orchestra.run.smithi007.stdout:/usr/bin/ceph: stdout [osd]
2024-04-24T08:05:41.911 INFO:teuthology.orchestra.run.smithi007.stdout:/usr/bin/ceph: stdout bdev_async_discard = True
2024-04-24T08:05:41.911 INFO:teuthology.orchestra.run.smithi007.stdout:/usr/bin/ceph: stdout mon_osd_backfillfull_ratio = 0.85
2024-04-24T08:05:41.911 INFO:teuthology.orchestra.run.smithi007.stdout:/usr/bin/ceph: stdout mon_osd_full_ratio = 0.9
2024-04-24T08:05:41.912 INFO:teuthology.orchestra.run.smithi007.stdout:/usr/bin/ceph: stdout mon_osd_nearfull_ratio = 0.8
2024-04-24T08:05:41.913 INFO:teuthology.orchestra.run.smithi007.stdout:/usr/bin/ceph: stdout osd_map_max_advance = 10
2024-04-24T08:05:41.913 INFO:teuthology.orchestra.run.smithi007.stdout:/usr/bin/ceph: stdout osd_sloppy_crc = true
2024-04-24T08:05:41.913 INFO:teuthology.orchestra.run.smithi007.stdout:/usr/bin/ceph: stderr
2024-04-24T08:05:40.998+0000 7fd2f7a00700 1 Processor -- start
2024-04-24T08:05:41.913 INFO:teuthology.orchestra.run.smithi007.stdout:/usr/bin/ceph: stderr
2024-04-24T08:05:40.999+0000 7fd2f7a00700 1 -- start start
2024-04-24T08:05:41.913 INFO:teuthology.orchestra.run.smithi007.stdout:/usr/bin/ceph: stderr
2024-04-24T08:05:40.999+0000 7fd2f7a00700 1 --2- >> [v2:172.21.15.7:3300/0,v1:172.21.15.7:6789/0] conn(0x7fd2f010a960 0x7fd2f010ad80 unknown :-1 s=NONE pgs=0 cs=0 l=0 rev1=0 crypto rx=0 tx=0 comp rx=0 tx=0).connect
2024-04-24T08:05:41.913 INFO:teuthology.orchestra.run.smithi007.stdout:/usr/bin/ceph: stderr
2024-04-24T08:05:40.999+0000 7fd2f7a00700 1 -- --> [v2:172.21.15.7:3300/0,v1:172.21.15.7:6789/0] -- mon_getmap magic: 0 -- 0x7fd2f010b350 con 0x7fd2f010a960
2024-04-24T08:05:41.915 INFO:teuthology.orchestra.run.smithi007.stdout:/usr/bin/ceph: stderr
2024-04-24T08:05:41.000+0000 7fd2f5000700 1 --2- >> [v2:172.21.15.7:3300/0,v1:172.21.15.7:6789/0] conn(0x7fd2f010a960 0x7fd2f010ad80 unknown :-1 s=BANNER_CONNECTING pgs=0 cs=0 l=0 rev1=0 crypto rx=0 tx=0 comp rx=0 tx=0)._handle_peer_banner_payload supported=3 required=0
2024-04-24T08:05:41.915 INFO:teuthology.orchestra.run.smithi007.stdout:/usr/bin/ceph: stderr
2024-04-24T08:05:41.000+0000 7fd2f5000700 1 --2- >> [v2:172.21.15.7:3300/0,v1:172.21.15.7:6789/0] conn(0x7fd2f010a960 0x7fd2f010ad80 unknown :-1 s=HELLO_CONNECTING pgs=0 cs=0 l=0 rev1=1 crypto rx=0 tx=0 comp rx=0 tx=0).handle_hello peer v2:172.21.15.7:3300/0 says I am v2:172.21.15.7:38920/0 (socket says 172.21.15.7:38920)
2024-04-24T08:05:41.915 INFO:teuthology.orchestra.run.smithi007.stdout:/usr/bin/ceph: stderr
2024-04-24T08:05:41.000+0000 7fd2f5000700 1 -- 172.21.15.7:0/3300467840 learned_addr learned my addr 172.21.15.7:0/3300467840 (peer_addr_for_me v2:172.21.15.7:0/0)
2024-04-24T08:05:41.915 INFO:teuthology.orchestra.run.smithi007.stdout:/usr/bin/ceph: stderr
2024-04-24T08:05:41.000+0000 7fd2f5000700 1 -- 172.21.15.7:0/3300467840 --> [v2:172.21.15.7:3300/0,v1:172.21.15.7:6789/0] -- mon_subscribe({config=0+,monmap=0+}) -- 0x7fd2f010bb30 con 0x7fd2f010a960
2024-04-24T08:05:41.915 INFO:teuthology.orchestra.run.smithi007.stdout:/usr/bin/ceph: stderr
2024-04-24T08:05:41.001+0000 7fd2f5000700 1 --2- 172.21.15.7:0/3300467840 >> [v2:172.21.15.7:3300/0,v1:172.21.15.7:6789/0] conn(0x7fd2f010a960 0x7fd2f010ad80 secure :-1 s=READY pgs=20 cs=0 l=1 rev1=1 crypto rx=0x7fd2e40098a0 tx=0x7fd2e4009bb0 comp rx=0 tx=0).ready entity=mon.0 client_cookie=b74d9cf233c23ed0 server_cookie=0 in_seq=0 out_seq=0
2024-04-24T08:05:41.915 INFO:teuthology.orchestra.run.smithi007.stdout:/usr/bin/ceph: stderr
2024-04-24T08:05:41.001+0000 7fd2ef400700 1 -- 172.21.15.7:0/3300467840 <== mon.0 v2:172.21.15.7:3300/0 1 ==== mon_map magic: 0 ==== 205+0+0 (secure 0 0 0) 0x7fd2e4004160 con 0x7fd2f010a960
2024-04-24T08:05:41.915 INFO:teuthology.orchestra.run.smithi007.stdout:/usr/bin/ceph: stderr
2024-04-24T08:05:41.001+0000 7fd2ef400700 1 -- 172.21.15.7:0/3300467840 <== mon.0 v2:172.21.15.7:3300/0 2 ==== config(27 keys) ==== 1109+0+0 (secure 0 0 0) 0x7fd2e4004300 con 0x7fd2f010a960
2024-04-24T08:05:41.915 INFO:teuthology.orchestra.run.smithi007.stdout:/usr/bin/ceph: stderr
2024-04-24T08:05:41.001+0000 7fd2ef400700 1 -- 172.21.15.7:0/3300467840 <== mon.0 v2:172.21.15.7:3300/0 3 ==== mon_map magic: 0 ==== 205+0+0 (secure 0 0 0) 0x7fd2e4011b50 con 0x7fd2f010a960
2024-04-24T08:05:41.915 INFO:teuthology.orchestra.run.smithi007.stdout:/usr/bin/ceph: stderr
2024-04-24T08:05:41.002+0000 7fd2f7a00700 1 -- 172.21.15.7:0/3300467840 >> [v2:172.21.15.7:3300/0,v1:172.21.15.7:6789/0] conn(0x7fd2f010a960 msgr2=0x7fd2f010ad80 secure :-1 s=STATE_CONNECTION_ESTABLISHED l=1).mark_down
2024-04-24T08:05:41.916 INFO:teuthology.orchestra.run.smithi007.stdout:/usr/bin/ceph: stderr
2024-04-24T08:05:41.002+0000 7fd2f7a00700 1 --2- 172.21.15.7:0/3300467840 >> [v2:172.21.15.7:3300/0,v1:172.21.15.7:6789/0] conn(0x7fd2f010a960 0x7fd2f010ad80 secure :-1 s=READY pgs=20 cs=0 l=1 rev1=1 crypto rx=0x7fd2e40098a0 tx=0x7fd2e4009bb0 comp rx=0 tx=0).stop
2024-04-24T08:05:41.916 INFO:teuthology.orchestra.run.smithi007.stdout:/usr/bin/ceph: stderr
2024-04-24T08:05:41.002+0000 7fd2f7a00700 1 -- 172.21.15.7:0/3300467840 shutdown_connections
2024-04-24T08:05:41.917 INFO:teuthology.orchestra.run.smithi007.stdout:/usr/bin/ceph: stderr
2024-04-24T08:05:41.002+0000 7fd2f7a00700 1 --2- 172.21.15.7:0/3300467840 >> [v2:172.21.15.7:3300/0,v1:172.21.15.7:6789/0] conn(0x7fd2f010a960 0x7fd2f010ad80 unknown :-1 s=CLOSED pgs=20 cs=0 l=1 rev1=1 crypto rx=0 tx=0 comp rx=0 tx=0).stop
2024-04-24T08:05:41.917 INFO:teuthology.orchestra.run.smithi007.stdout:/usr/bin/ceph: stderr
2024-04-24T08:05:41.002+0000 7fd2f7a00700 1 -- 172.21.15.7:0/3300467840 >> 172.21.15.7:0/3300467840 conn(0x7fd2f007dd80 msgr2=0x7fd2f007e190 unknown :-1 s=STATE_NONE l=0).mark_down
2024-04-24T08:05:41.917 INFO:teuthology.orchestra.run.smithi007.stdout:/usr/bin/ceph: stderr
2024-04-24T08:05:41.002+0000 7fd2f7a00700 1 -- 172.21.15.7:0/3300467840 shutdown_connections
2024-04-24T08:05:41.917 INFO:teuthology.orchestra.run.smithi007.stdout:/usr/bin/ceph: stderr
2024-04-24T08:05:41.002+0000 7fd2f7a00700 1 -- 172.21.15.7:0/3300467840 wait complete.
2024-04-24T08:05:41.917 INFO:teuthology.orchestra.run.smithi007.stdout:/usr/bin/ceph: stderr
2024-04-24T08:05:41.003+0000 7fd2f7a00700 1 Processor -- start
2024-04-24T08:05:41.917 INFO:teuthology.orchestra.run.smithi007.stdout:/usr/bin/ceph: stderr
2024-04-24T08:05:41.003+0000 7fd2f7a00700 1 -- start start
2024-04-24T08:05:41.918 INFO:teuthology.orchestra.run.smithi007.stdout:/usr/bin/ceph: stderr
2024-04-24T08:05:41.004+0000 7fd2f7a00700 1 --2- >> [v2:172.21.15.7:3300/0,v1:172.21.15.7:6789/0] conn(0x7fd2f010a960 0x7fd2f019ec50 unknown :-1 s=NONE pgs=0 cs=0 l=1 rev1=0 crypto rx=0 tx=0 comp rx=0 tx=0).connect
2024-04-24T08:05:41.918 INFO:teuthology.orchestra.run.smithi007.stdout:/usr/bin/ceph: stderr
2024-04-24T08:05:41.004+0000 7fd2f7a00700 1 -- --> [v2:172.21.15.7:3300/0,v1:172.21.15.7:6789/0] -- mon_getmap magic: 0 -- 0x7fd2f010eee0 con 0x7fd2f010a960
2024-04-24T08:05:41.918 INFO:teuthology.orchestra.run.smithi007.stdout:/usr/bin/ceph: stderr
2024-04-24T08:05:41.004+0000 7fd2f5000700 1 --2- >> [v2:172.21.15.7:3300/0,v1:172.21.15.7:6789/0] conn(0x7fd2f010a960 0x7fd2f019ec50 unknown :-1 s=BANNER_CONNECTING pgs=0 cs=0 l=1 rev1=0 crypto rx=0 tx=0 comp rx=0 tx=0)._handle_peer_banner_payload supported=3 required=0
2024-04-24T08:05:41.918 INFO:teuthology.orchestra.run.smithi007.stdout:/usr/bin/ceph: stderr
2024-04-24T08:05:41.004+0000 7fd2f5000700 1 --2- >> [v2:172.21.15.7:3300/0,v1:172.21.15.7:6789/0] conn(0x7fd2f010a960 0x7fd2f019ec50 unknown :-1 s=HELLO_CONNECTING pgs=0 cs=0 l=1 rev1=1 crypto rx=0 tx=0 comp rx=0 tx=0).handle_hello peer v2:172.21.15.7:3300/0 says I am v2:172.21.15.7:38924/0 (socket says 172.21.15.7:38924)
2024-04-24T08:05:41.918 INFO:teuthology.orchestra.run.smithi007.stdout:/usr/bin/ceph: stderr
2024-04-24T08:05:41.004+0000 7fd2f5000700 1 -- 172.21.15.7:0/223152416 learned_addr learned my addr 172.21.15.7:0/223152416 (peer_addr_for_me v2:172.21.15.7:0/0)
2024-04-24T08:05:41.918 INFO:teuthology.orchestra.run.smithi007.stdout:/usr/bin/ceph: stderr
2024-04-24T08:05:41.004+0000 7fd2f5000700 1 -- 172.21.15.7:0/223152416 --> [v2:172.21.15.7:3300/0,v1:172.21.15.7:6789/0] -- mon_subscribe({config=0+,monmap=0+}) -- 0x7fd2f019f190 con 0x7fd2f010a960
2024-04-24T08:05:41.919 INFO:teuthology.orchestra.run.smithi007.stdout:/usr/bin/ceph: stderr
2024-04-24T08:05:41.005+0000 7fd2f5000700 1 --2- 172.21.15.7:0/223152416 >> [v2:172.21.15.7:3300/0,v1:172.21.15.7:6789/0] conn(0x7fd2f010a960 0x7fd2f019ec50 secure :-1 s=READY pgs=21 cs=0 l=1 rev1=1 crypto rx=0x7fd2e4011850 tx=0x7fd2e4011c10 comp rx=0 tx=0).ready entity=mon.0 client_cookie=0 server_cookie=0 in_seq=0 out_seq=0
2024-04-24T08:05:41.919 INFO:teuthology.orchestra.run.smithi007.stdout:/usr/bin/ceph: stderr
2024-04-24T08:05:41.005+0000 7fd2ed600700 1 -- 172.21.15.7:0/223152416 <== mon.0 v2:172.21.15.7:3300/0 1 ==== mon_map magic: 0 ==== 205+0+0 (secure 0 0 0) 0x7fd2e4003af0 con 0x7fd2f010a960
2024-04-24T08:05:41.919 INFO:teuthology.orchestra.run.smithi007.stdout:/usr/bin/ceph: stderr
2024-04-24T08:05:41.005+0000 7fd2ed600700 1 -- 172.21.15.7:0/223152416 <== mon.0 v2:172.21.15.7:3300/0 2 ==== config(27 keys) ==== 1109+0+0 (secure 0 0 0) 0x7fd2e4020070 con 0x7fd2f010a960
2024-04-24T08:05:41.919 INFO:teuthology.orchestra.run.smithi007.stdout:/usr/bin/ceph: stderr
2024-04-24T08:05:41.005+0000 7fd2ed600700 1 -- 172.21.15.7:0/223152416 <== mon.0 v2:172.21.15.7:3300/0 3 ==== mon_map magic: 0 ==== 205+0+0 (secure 0 0 0) 0x7fd2e40195a0 con 0x7fd2f010a960
2024-04-24T08:05:41.919 INFO:teuthology.orchestra.run.smithi007.stdout:/usr/bin/ceph: stderr
2024-04-24T08:05:41.005+0000 7fd2f7a00700 1 -- 172.21.15.7:0/223152416 --> [v2:172.21.15.7:3300/0,v1:172.21.15.7:6789/0] -- mon_subscribe({mgrmap=0+}) -- 0x7fd2f019f420 con 0x7fd2f010a960
2024-04-24T08:05:41.921 INFO:teuthology.orchestra.run.smithi007.stdout:/usr/bin/ceph: stderr
2024-04-24T08:05:41.005+0000 7fd2f7a00700 1 -- 172.21.15.7:0/223152416 --> [v2:172.21.15.7:3300/0,v1:172.21.15.7:6789/0] -- mon_subscribe({osdmap=0}) -- 0x7fd2f01a2110 con 0x7fd2f010a960
2024-04-24T08:05:41.921 INFO:teuthology.orchestra.run.smithi007.stdout:/usr/bin/ceph: stderr
2024-04-24T08:05:41.006+0000 7fd2ed600700 1 -- 172.21.15.7:0/223152416 <== mon.0 v2:172.21.15.7:3300/0 4 ==== mgrmap(e 4) ==== 46547+0+0 (secure 0 0 0) 0x7fd2e40198a0 con 0x7fd2f010a960
2024-04-24T08:05:41.921 INFO:teuthology.orchestra.run.smithi007.stdout:/usr/bin/ceph: stderr
2024-04-24T08:05:41.006+0000 7fd2f7a00700 1 -- 172.21.15.7:0/223152416 --> [v2:172.21.15.7:3300/0,v1:172.21.15.7:6789/0] -- mon_command({"prefix": "get_command_descriptions"} v 0) -- 0x7fd2f0064150 con 0x7fd2f010a960
2024-04-24T08:05:41.921 INFO:teuthology.orchestra.run.smithi007.stdout:/usr/bin/ceph: stderr
2024-04-24T08:05:41.007+0000 7fd2ed600700 1 --2- 172.21.15.7:0/223152416 >> [v2:172.21.15.7:6800/2239857374,v1:172.21.15.7:6801/2239857374] conn(0x7fd2d8039560 0x7fd2d803ba20 unknown :-1 s=NONE pgs=0 cs=0 l=1 rev1=0 crypto rx=0 tx=0 comp rx=0 tx=0).connect
2024-04-24T08:05:41.921 INFO:teuthology.orchestra.run.smithi007.stdout:/usr/bin/ceph: stderr
2024-04-24T08:05:41.007+0000 7fd2ed600700 1 -- 172.21.15.7:0/223152416 <== mon.0 v2:172.21.15.7:3300/0 5 ==== osd_map(1..1 src has 1..1) ==== 725+0+0 (secure 0 0 0) 0x7fd2e4011e00 con 0x7fd2f010a960
2024-04-24T08:05:41.921 INFO:teuthology.orchestra.run.smithi007.stdout:/usr/bin/ceph: stderr
2024-04-24T08:05:41.007+0000 7fd2efe00700 1 --2- 172.21.15.7:0/223152416 >> [v2:172.21.15.7:6800/2239857374,v1:172.21.15.7:6801/2239857374] conn(0x7fd2d8039560 0x7fd2d803ba20 unknown :-1 s=BANNER_CONNECTING pgs=0 cs=0 l=1 rev1=0 crypto rx=0 tx=0 comp rx=0 tx=0)._handle_peer_banner_payload supported=3 required=0
2024-04-24T08:05:41.921 INFO:teuthology.orchestra.run.smithi007.stdout:/usr/bin/ceph: stderr
2024-04-24T08:05:41.008+0000 7fd2efe00700 1 --2- 172.21.15.7:0/223152416 >> [v2:172.21.15.7:6800/2239857374,v1:172.21.15.7:6801/2239857374] conn(0x7fd2d8039560 0x7fd2d803ba20 secure :-1 s=READY pgs=7 cs=0 l=1 rev1=1 crypto rx=0x7fd2dc006fd0 tx=0x7fd2dc006e40 comp rx=0 tx=0).ready entity=mgr.14100 client_cookie=0 server_cookie=0 in_seq=0 out_seq=0
2024-04-24T08:05:41.922 INFO:teuthology.orchestra.run.smithi007.stdout:/usr/bin/ceph: stderr
2024-04-24T08:05:41.012+0000 7fd2ed600700 1 -- 172.21.15.7:0/223152416 <== mon.0 v2:172.21.15.7:3300/0 6 ==== mon_command_ack([{"prefix": "get_command_descriptions"}]=0 v0) ==== 72+0+188370 (secure 0 0 0) 0x7fd2e400e260 con 0x7fd2f010a960
2024-04-24T08:05:41.922 INFO:teuthology.orchestra.run.smithi007.stdout:/usr/bin/ceph: stderr
2024-04-24T08:05:41.247+0000 7fd2f7a00700 1 -- 172.21.15.7:0/223152416 --> [v2:172.21.15.7:3300/0,v1:172.21.15.7:6789/0] -- mon_command({"prefix": "config assimilate-conf"} v 0) -- 0x7fd2f01a3460 con 0x7fd2f010a960
2024-04-24T08:05:41.922 INFO:teuthology.orchestra.run.smithi007.stdout:/usr/bin/ceph: stderr
2024-04-24T08:05:41.249+0000 7fd2ed600700 1 -- 172.21.15.7:0/223152416 <== mon.0 v2:172.21.15.7:3300/0 7 ==== mon_command_ack([{"prefix": "config assimilate-conf"}]=0 v3) ==== 70+0+400 (secure 0 0 0) 0x7fd2e4003c90 con 0x7fd2f010a960
2024-04-24T08:05:41.922 INFO:teuthology.orchestra.run.smithi007.stdout:/usr/bin/ceph: stderr
2024-04-24T08:05:41.253+0000 7fd2f7a00700 1 -- 172.21.15.7:0/223152416 >> [v2:172.21.15.7:6800/2239857374,v1:172.21.15.7:6801/2239857374] conn(0x7fd2d8039560 msgr2=0x7fd2d803ba20 secure :-1 s=STATE_CONNECTION_ESTABLISHED l=1).mark_down
2024-04-24T08:05:41.923 INFO:teuthology.orchestra.run.smithi007.stdout:/usr/bin/ceph: stderr
2024-04-24T08:05:41.253+0000 7fd2f7a00700 1 --2- 172.21.15.7:0/223152416 >> [v2:172.21.15.7:6800/2239857374,v1:172.21.15.7:6801/2239857374] conn(0x7fd2d8039560 0x7fd2d803ba20 secure :-1 s=READY pgs=7 cs=0 l=1 rev1=1 crypto rx=0x7fd2dc006fd0 tx=0x7fd2dc006e40 comp rx=0 tx=0).stop
2024-04-24T08:05:41.923 INFO:teuthology.orchestra.run.smithi007.stdout:/usr/bin/ceph: stderr
2024-04-24T08:05:41.253+0000 7fd2f7a00700 1 -- 172.21.15.7:0/223152416 >> [v2:172.21.15.7:3300/0,v1:172.21.15.7:6789/0] conn(0x7fd2f010a960 msgr2=0x7fd2f019ec50 secure :-1 s=STATE_CONNECTION_ESTABLISHED l=1).mark_down
2024-04-24T08:05:41.924 INFO:teuthology.orchestra.run.smithi007.stdout:/usr/bin/ceph: stderr
2024-04-24T08:05:41.253+0000 7fd2f7a00700 1 --2- 172.21.15.7:0/223152416 >> [v2:172.21.15.7:3300/0,v1:172.21.15.7:6789/0] conn(0x7fd2f010a960 0x7fd2f019ec50 secure :-1 s=READY pgs=21 cs=0 l=1 rev1=1 crypto rx=0x7fd2e4011850 tx=0x7fd2e4011c10 comp rx=0 tx=0).stop
2024-04-24T08:05:41.924 INFO:teuthology.orchestra.run.smithi007.stdout:/usr/bin/ceph: stderr
2024-04-24T08:05:41.253+0000 7fd2f7a00700 1 -- 172.21.15.7:0/223152416 shutdown_connections
2024-04-24T08:05:41.924 INFO:teuthology.orchestra.run.smithi007.stdout:/usr/bin/ceph: stderr
2024-04-24T08:05:41.253+0000 7fd2f7a00700 1 --2- 172.21.15.7:0/223152416 >> [v2:172.21.15.7:6800/2239857374,v1:172.21.15.7:6801/2239857374] conn(0x7fd2d8039560 0x7fd2d803ba20 unknown :-1 s=CLOSED pgs=7 cs=0 l=1 rev1=1 crypto rx=0 tx=0 comp rx=0 tx=0).stop
2024-04-24T08:05:41.924 INFO:teuthology.orchestra.run.smithi007.stdout:/usr/bin/ceph: stderr
2024-04-24T08:05:41.253+0000 7fd2f7a00700 1 --2- 172.21.15.7:0/223152416 >> [v2:172.21.15.7:3300/0,v1:172.21.15.7:6789/0] conn(0x7fd2f010a960 0x7fd2f019ec50 unknown :-1 s=CLOSED pgs=21 cs=0 l=1 rev1=1 crypto rx=0 tx=0 comp rx=0 tx=0).stop
2024-04-24T08:05:41.924 INFO:teuthology.orchestra.run.smithi007.stdout:/usr/bin/ceph: stderr
2024-04-24T08:05:41.253+0000 7fd2f7a00700 1 -- 172.21.15.7:0/223152416 >> 172.21.15.7:0/223152416 conn(0x7fd2f007dd80 msgr2=0x7fd2f0108780 unknown :-1 s=STATE_NONE l=0).mark_down
2024-04-24T08:05:41.924 INFO:teuthology.orchestra.run.smithi007.stdout:/usr/bin/ceph: stderr
2024-04-24T08:05:41.253+0000 7fd2f7a00700 1 -- 172.21.15.7:0/223152416 shutdown_connections
2024-04-24T08:05:41.924 INFO:teuthology.orchestra.run.smithi007.stdout:/usr/bin/ceph: stderr
2024-04-24T08:05:41.253+0000 7fd2f7a00700 1 -- 172.21.15.7:0/223152416 wait complete.
2024-04-24T08:05:41.924 INFO:teuthology.orchestra.run.smithi007.stdout:Enabling cephadm module...
2024-04-24T08:05:43.140 INFO:journalctl@ceph.mon.a.smithi007.stdout:Apr 24 08:05:42 smithi007 ceph-mon[27842]: from='client.? 172.21.15.7:0/3613194187' entity='client.admin' cmd=[{"prefix": "mgr module enable", "module": "cephadm"}]: dispatch
2024-04-24T08:05:43.141 INFO:journalctl@ceph.mgr.x.smithi007.stdout:Apr 24 08:05:42 smithi007 ceph-3a1c550a-0211-11ef-bc93-c7b262605968-mgr-x[28083]: ignoring --setuser ceph since I am not root
2024-04-24T08:05:43.141 INFO:journalctl@ceph.mgr.x.smithi007.stdout:Apr 24 08:05:42 smithi007 ceph-3a1c550a-0211-11ef-bc93-c7b262605968-mgr-x[28083]: ignoring --setgroup ceph since I am not root
2024-04-24T08:05:43.141 INFO:journalctl@ceph.mgr.x.smithi007.stdout:Apr 24 08:05:43 smithi007 ceph-3a1c550a-0211-11ef-bc93-c7b262605968-mgr-x[28083]:
2024-04-24T08:05:43.139+0000 7f584954e200 -1 mgr[py] Module balancer has missing NOTIFY_TYPES member
2024-04-24T08:05:43.490 INFO:journalctl@ceph.mgr.x.smithi007.stdout:Apr 24 08:05:43 smithi007 ceph-3a1c550a-0211-11ef-bc93-c7b262605968-mgr-x[28083]:
2024-04-24T08:05:43.386+0000 7f584954e200 -1 mgr[py] Module orchestrator has missing NOTIFY_TYPES member
2024-04-24T08:05:43.529 INFO:teuthology.orchestra.run.smithi007.stdout:/usr/bin/ceph: stderr
2024-04-24T08:05:42.489+0000 7fcd2a400700 1 Processor -- start
2024-04-24T08:05:43.529 INFO:teuthology.orchestra.run.smithi007.stdout:/usr/bin/ceph: stderr
2024-04-24T08:05:42.489+0000 7fcd2a400700 1 -- start start
2024-04-24T08:05:43.530 INFO:teuthology.orchestra.run.smithi007.stdout:/usr/bin/ceph: stderr
2024-04-24T08:05:42.490+0000 7fcd2a400700 1 --2- >> [v2:172.21.15.7:3300/0,v1:172.21.15.7:6789/0] conn(0x7fcd2407f6e0 0x7fcd2407fb00 unknown :-1 s=NONE pgs=0 cs=0 l=0 rev1=0 crypto rx=0 tx=0 comp rx=0 tx=0).connect
2024-04-24T08:05:43.530 INFO:teuthology.orchestra.run.smithi007.stdout:/usr/bin/ceph: stderr
2024-04-24T08:05:42.490+0000 7fcd2a400700 1 -- --> [v2:172.21.15.7:3300/0,v1:172.21.15.7:6789/0] -- mon_getmap magic: 0 -- 0x7fcd240800d0 con 0x7fcd2407f6e0
2024-04-24T08:05:43.530 INFO:teuthology.orchestra.run.smithi007.stdout:/usr/bin/ceph: stderr
2024-04-24T08:05:42.490+0000 7fcd23400700 1 --2- >> [v2:172.21.15.7:3300/0,v1:172.21.15.7:6789/0] conn(0x7fcd2407f6e0 0x7fcd2407fb00 unknown :-1 s=BANNER_CONNECTING pgs=0 cs=0 l=0 rev1=0 crypto rx=0 tx=0 comp rx=0 tx=0)._handle_peer_banner_payload supported=3 required=0
2024-04-24T08:05:43.530 INFO:teuthology.orchestra.run.smithi007.stdout:/usr/bin/ceph: stderr
2024-04-24T08:05:42.490+0000 7fcd23400700 1 --2- >> [v2:172.21.15.7:3300/0,v1:172.21.15.7:6789/0] conn(0x7fcd2407f6e0 0x7fcd2407fb00 unknown :-1 s=HELLO_CONNECTING pgs=0 cs=0 l=0 rev1=1 crypto rx=0 tx=0 comp rx=0 tx=0).handle_hello peer v2:172.21.15.7:3300/0 says I am v2:172.21.15.7:38928/0 (socket says 172.21.15.7:38928)
2024-04-24T08:05:43.530 INFO:teuthology.orchestra.run.smithi007.stdout:/usr/bin/ceph: stderr
2024-04-24T08:05:42.490+0000 7fcd23400700 1 -- 172.21.15.7:0/2777063688 learned_addr learned my addr 172.21.15.7:0/2777063688 (peer_addr_for_me v2:172.21.15.7:0/0)
2024-04-24T08:05:43.530 INFO:teuthology.orchestra.run.smithi007.stdout:/usr/bin/ceph: stderr
2024-04-24T08:05:42.491+0000 7fcd23400700 1 -- 172.21.15.7:0/2777063688 --> [v2:172.21.15.7:3300/0,v1:172.21.15.7:6789/0] -- mon_subscribe({config=0+,monmap=0+}) -- 0x7fcd24080930 con 0x7fcd2407f6e0
2024-04-24T08:05:43.530 INFO:teuthology.orchestra.run.smithi007.stdout:/usr/bin/ceph: stderr
2024-04-24T08:05:42.491+0000 7fcd23400700 1 --2- 172.21.15.7:0/2777063688 >> [v2:172.21.15.7:3300/0,v1:172.21.15.7:6789/0] conn(0x7fcd2407f6e0 0x7fcd2407fb00 secure :-1 s=READY pgs=22 cs=0 l=1 rev1=1 crypto rx=0x7fcd140098a0 tx=0x7fcd14009bb0 comp rx=0 tx=0).ready entity=mon.0 client_cookie=ee30b16dc4e2189c server_cookie=0 in_seq=0 out_seq=0
2024-04-24T08:05:43.530 INFO:teuthology.orchestra.run.smithi007.stdout:/usr/bin/ceph: stderr
2024-04-24T08:05:42.492+0000 7fcd22000700 1 -- 172.21.15.7:0/2777063688 <== mon.0 v2:172.21.15.7:3300/0 1 ==== mon_map magic: 0 ==== 205+0+0 (secure 0 0 0) 0x7fcd14004160 con 0x7fcd2407f6e0
2024-04-24T08:05:43.530 INFO:teuthology.orchestra.run.smithi007.stdout:/usr/bin/ceph: stderr
2024-04-24T08:05:42.492+0000 7fcd22000700 1 -- 172.21.15.7:0/2777063688 <== mon.0 v2:172.21.15.7:3300/0 2 ==== config(27 keys) ==== 1109+0+0 (secure 0 0 0) 0x7fcd14004300 con 0x7fcd2407f6e0
2024-04-24T08:05:43.530 INFO:teuthology.orchestra.run.smithi007.stdout:/usr/bin/ceph: stderr
2024-04-24T08:05:42.492+0000 7fcd22000700 1 -- 172.21.15.7:0/2777063688 <== mon.0 v2:172.21.15.7:3300/0 3 ==== mon_map magic: 0 ==== 205+0+0 (secure 0 0 0) 0x7fcd14011b50 con 0x7fcd2407f6e0
2024-04-24T08:05:43.530 INFO:teuthology.orchestra.run.smithi007.stdout:/usr/bin/ceph: stderr
2024-04-24T08:05:42.492+0000 7fcd2a400700 1 -- 172.21.15.7:0/2777063688 >> [v2:172.21.15.7:3300/0,v1:172.21.15.7:6789/0] conn(0x7fcd2407f6e0 msgr2=0x7fcd2407fb00 secure :-1 s=STATE_CONNECTION_ESTABLISHED l=1).mark_down
2024-04-24T08:05:43.530 INFO:teuthology.orchestra.run.smithi007.stdout:/usr/bin/ceph: stderr
2024-04-24T08:05:42.492+0000 7fcd2a400700 1 --2- 172.21.15.7:0/2777063688 >> [v2:172.21.15.7:3300/0,v1:172.21.15.7:6789/0] conn(0x7fcd2407f6e0 0x7fcd2407fb00 secure :-1 s=READY pgs=22 cs=0 l=1 rev1=1 crypto rx=0x7fcd140098a0 tx=0x7fcd14009bb0 comp rx=0 tx=0).stop
2024-04-24T08:05:43.530 INFO:teuthology.orchestra.run.smithi007.stdout:/usr/bin/ceph: stderr
2024-04-24T08:05:42.493+0000 7fcd2a400700 1 -- 172.21.15.7:0/2777063688 shutdown_connections
2024-04-24T08:05:43.531 INFO:teuthology.orchestra.run.smithi007.stdout:/usr/bin/ceph: stderr
2024-04-24T08:05:42.493+0000 7fcd2a400700 1 --2- 172.21.15.7:0/2777063688 >> [v2:172.21.15.7:3300/0,v1:172.21.15.7:6789/0] conn(0x7fcd2407f6e0 0x7fcd2407fb00 unknown :-1 s=CLOSED pgs=22 cs=0 l=1 rev1=1 crypto rx=0 tx=0 comp rx=0 tx=0).stop
2024-04-24T08:05:43.531 INFO:teuthology.orchestra.run.smithi007.stdout:/usr/bin/ceph: stderr
2024-04-24T08:05:42.493+0000 7fcd2a400700 1 -- 172.21.15.7:0/2777063688 >> 172.21.15.7:0/2777063688 conn(0x7fcd2407dd30 msgr2=0x7fcd2407e140 unknown :-1 s=STATE_NONE l=0).mark_down
2024-04-24T08:05:43.531 INFO:teuthology.orchestra.run.smithi007.stdout:/usr/bin/ceph: stderr
2024-04-24T08:05:42.493+0000 7fcd2a400700 1 -- 172.21.15.7:0/2777063688 shutdown_connections
2024-04-24T08:05:43.531 INFO:teuthology.orchestra.run.smithi007.stdout:/usr/bin/ceph: stderr
2024-04-24T08:05:42.493+0000 7fcd2a400700 1 -- 172.21.15.7:0/2777063688 wait complete.
2024-04-24T08:05:43.531 INFO:teuthology.orchestra.run.smithi007.stdout:/usr/bin/ceph: stderr
2024-04-24T08:05:42.494+0000 7fcd2a400700 1 Processor -- start
2024-04-24T08:05:43.531 INFO:teuthology.orchestra.run.smithi007.stdout:/usr/bin/ceph: stderr
2024-04-24T08:05:42.494+0000 7fcd2a400700 1 -- start start
2024-04-24T08:05:43.531 INFO:teuthology.orchestra.run.smithi007.stdout:/usr/bin/ceph: stderr
2024-04-24T08:05:42.495+0000 7fcd2a400700 1 --2- >> [v2:172.21.15.7:3300/0,v1:172.21.15.7:6789/0] conn(0x7fcd2407f6e0 0x7fcd241a3030 unknown :-1 s=NONE pgs=0 cs=0 l=1 rev1=0 crypto rx=0 tx=0 comp rx=0 tx=0).connect
2024-04-24T08:05:43.531 INFO:teuthology.orchestra.run.smithi007.stdout:/usr/bin/ceph: stderr
2024-04-24T08:05:42.495+0000 7fcd2a400700 1 -- --> [v2:172.21.15.7:3300/0,v1:172.21.15.7:6789/0] -- mon_getmap magic: 0 -- 0x7fcd24081cf0 con 0x7fcd2407f6e0
2024-04-24T08:05:43.531 INFO:teuthology.orchestra.run.smithi007.stdout:/usr/bin/ceph: stderr
2024-04-24T08:05:42.495+0000 7fcd23400700 1 --2- >> [v2:172.21.15.7:3300/0,v1:172.21.15.7:6789/0] conn(0x7fcd2407f6e0 0x7fcd241a3030 unknown :-1 s=BANNER_CONNECTING pgs=0 cs=0 l=1 rev1=0 crypto rx=0 tx=0 comp rx=0 tx=0)._handle_peer_banner_payload supported=3 required=0
2024-04-24T08:05:43.531 INFO:teuthology.orchestra.run.smithi007.stdout:/usr/bin/ceph: stderr
2024-04-24T08:05:42.495+0000 7fcd23400700 1 --2- >> [v2:172.21.15.7:3300/0,v1:172.21.15.7:6789/0] conn(0x7fcd2407f6e0 0x7fcd241a3030 unknown :-1 s=HELLO_CONNECTING pgs=0 cs=0 l=1 rev1=1 crypto rx=0 tx=0 comp rx=0 tx=0).handle_hello peer v2:172.21.15.7:3300/0 says I am v2:172.21.15.7:38938/0 (socket says 172.21.15.7:38938)
2024-04-24T08:05:43.531 INFO:teuthology.orchestra.run.smithi007.stdout:/usr/bin/ceph: stderr
2024-04-24T08:05:42.495+0000 7fcd23400700 1 -- 172.21.15.7:0/3613194187 learned_addr learned my addr 172.21.15.7:0/3613194187 (peer_addr_for_me v2:172.21.15.7:0/0)
2024-04-24T08:05:43.531 INFO:teuthology.orchestra.run.smithi007.stdout:/usr/bin/ceph: stderr
2024-04-24T08:05:42.495+0000 7fcd23400700 1 -- 172.21.15.7:0/3613194187 --> [v2:172.21.15.7:3300/0,v1:172.21.15.7:6789/0] -- mon_subscribe({config=0+,monmap=0+}) -- 0x7fcd241a3570 con 0x7fcd2407f6e0
2024-04-24T08:05:43.531 INFO:teuthology.orchestra.run.smithi007.stdout:/usr/bin/ceph: stderr
2024-04-24T08:05:42.496+0000 7fcd23400700 1 --2- 172.21.15.7:0/3613194187 >> [v2:172.21.15.7:3300/0,v1:172.21.15.7:6789/0] conn(0x7fcd2407f6e0 0x7fcd241a3030 secure :-1 s=READY pgs=23 cs=0 l=1 rev1=1 crypto rx=0x7fcd14009fb0 tx=0x7fcd14011bf0 comp rx=0 tx=0).ready entity=mon.0 client_cookie=0 server_cookie=0 in_seq=0 out_seq=0
2024-04-24T08:05:43.531 INFO:teuthology.orchestra.run.smithi007.stdout:/usr/bin/ceph: stderr
2024-04-24T08:05:42.496+0000 7fcd1be00700 1 -- 172.21.15.7:0/3613194187 <== mon.0 v2:172.21.15.7:3300/0 1 ==== mon_map magic: 0 ==== 205+0+0 (secure 0 0 0) 0x7fcd140038b0 con 0x7fcd2407f6e0
2024-04-24T08:05:43.532 INFO:teuthology.orchestra.run.smithi007.stdout:/usr/bin/ceph: stderr
2024-04-24T08:05:42.496+0000 7fcd1be00700 1 -- 172.21.15.7:0/3613194187 <== mon.0 v2:172.21.15.7:3300/0 2 ==== config(27 keys) ==== 1109+0+0 (secure 0 0 0) 0x7fcd14011e50 con 0x7fcd2407f6e0
2024-04-24T08:05:43.532 INFO:teuthology.orchestra.run.smithi007.stdout:/usr/bin/ceph: stderr
2024-04-24T08:05:42.496+0000 7fcd1be00700 1 -- 172.21.15.7:0/3613194187 <== mon.0 v2:172.21.15.7:3300/0 3 ==== mon_map magic: 0 ==== 205+0+0 (secure 0 0 0) 0x7fcd14019420 con 0x7fcd2407f6e0
2024-04-24T08:05:43.532 INFO:teuthology.orchestra.run.smithi007.stdout:/usr/bin/ceph: stderr
2024-04-24T08:05:42.496+0000 7fcd2a400700 1 -- 172.21.15.7:0/3613194187 --> [v2:172.21.15.7:3300/0,v1:172.21.15.7:6789/0] -- mon_subscribe({mgrmap=0+}) -- 0x7fcd241a3800 con 0x7fcd2407f6e0
2024-04-24T08:05:43.532 INFO:teuthology.orchestra.run.smithi007.stdout:/usr/bin/ceph: stderr
2024-04-24T08:05:42.496+0000 7fcd2a400700 1 -- 172.21.15.7:0/3613194187 --> [v2:172.21.15.7:3300/0,v1:172.21.15.7:6789/0] -- mon_subscribe({osdmap=0}) -- 0x7fcd241a64f0 con 0x7fcd2407f6e0
2024-04-24T08:05:43.532 INFO:teuthology.orchestra.run.smithi007.stdout:/usr/bin/ceph: stderr
2024-04-24T08:05:42.497+0000 7fcd1be00700 1 -- 172.21.15.7:0/3613194187 <== mon.0 v2:172.21.15.7:3300/0 4 ==== mgrmap(e 4) ==== 46547+0+0 (secure 0 0 0) 0x7fcd14003a50 con 0x7fcd2407f6e0
2024-04-24T08:05:43.532 INFO:teuthology.orchestra.run.smithi007.stdout:/usr/bin/ceph: stderr
2024-04-24T08:05:42.498+0000 7fcd2a400700 1 -- 172.21.15.7:0/3613194187 --> [v2:172.21.15.7:3300/0,v1:172.21.15.7:6789/0] -- mon_command({"prefix": "get_command_descriptions"} v 0) -- 0x7fcd24064150 con 0x7fcd2407f6e0
2024-04-24T08:05:43.532 INFO:teuthology.orchestra.run.smithi007.stdout:/usr/bin/ceph: stderr
2024-04-24T08:05:42.498+0000 7fcd1be00700 1 --2- 172.21.15.7:0/3613194187 >> [v2:172.21.15.7:6800/2239857374,v1:172.21.15.7:6801/2239857374] conn(0x7fcd080395b0 0x7fcd0803ba70 unknown :-1 s=NONE pgs=0 cs=0 l=1 rev1=0 crypto rx=0 tx=0 comp rx=0 tx=0).connect
2024-04-24T08:05:43.532 INFO:teuthology.orchestra.run.smithi007.stdout:/usr/bin/ceph: stderr
2024-04-24T08:05:42.498+0000 7fcd1be00700 1 -- 172.21.15.7:0/3613194187 <== mon.0 v2:172.21.15.7:3300/0 5 ==== osd_map(1..1 src has 1..1) ==== 725+0+0 (secure 0 0 0) 0x7fcd1404d880 con 0x7fcd2407f6e0
2024-04-24T08:05:43.532 INFO:teuthology.orchestra.run.smithi007.stdout:/usr/bin/ceph: stderr
2024-04-24T08:05:42.498+0000 7fcd22a00700 1 --2- 172.21.15.7:0/3613194187 >> [v2:172.21.15.7:6800/2239857374,v1:172.21.15.7:6801/2239857374] conn(0x7fcd080395b0 0x7fcd0803ba70 unknown :-1 s=BANNER_CONNECTING pgs=0 cs=0 l=1 rev1=0 crypto rx=0 tx=0 comp rx=0 tx=0)._handle_peer_banner_payload supported=3 required=0
2024-04-24T08:05:43.532 INFO:teuthology.orchestra.run.smithi007.stdout:/usr/bin/ceph: stderr
2024-04-24T08:05:42.499+0000 7fcd22a00700 1 --2- 172.21.15.7:0/3613194187 >> [v2:172.21.15.7:6800/2239857374,v1:172.21.15.7:6801/2239857374] conn(0x7fcd080395b0 0x7fcd0803ba70 secure :-1 s=READY pgs=8 cs=0 l=1 rev1=1 crypto rx=0x7fcd10006fd0 tx=0x7fcd10006e40 comp rx=0 tx=0).ready entity=mgr.14100 client_cookie=0 server_cookie=0 in_seq=0 out_seq=0
2024-04-24T08:05:43.532 INFO:teuthology.orchestra.run.smithi007.stdout:/usr/bin/ceph: stderr
2024-04-24T08:05:42.504+0000 7fcd1be00700 1 -- 172.21.15.7:0/3613194187 <== mon.0 v2:172.21.15.7:3300/0 6 ==== mon_command_ack([{"prefix": "get_command_descriptions"}]=0 v0) ==== 72+0+188370 (secure 0 0 0) 0x7fcd140172b0 con 0x7fcd2407f6e0
2024-04-24T08:05:43.532 INFO:teuthology.orchestra.run.smithi007.stdout:/usr/bin/ceph: stderr
2024-04-24T08:05:42.799+0000 7fcd2a400700 1 -- 172.21.15.7:0/3613194187 --> [v2:172.21.15.7:3300/0,v1:172.21.15.7:6789/0] -- mon_command({"prefix": "mgr module enable", "module": "cephadm"} v 0) -- 0x7fcd2402dfe0 con 0x7fcd2407f6e0
2024-04-24T08:05:43.532 INFO:teuthology.orchestra.run.smithi007.stdout:/usr/bin/ceph: stderr
2024-04-24T08:05:42.853+0000 7fcd1be00700 1 -- 172.21.15.7:0/3613194187 <== mon.0 v2:172.21.15.7:3300/0 7 ==== mon_command_ack([{"prefix": "mgr module enable", "module": "cephadm"}]=0 v5) ==== 86+0+0 (secure 0 0 0) 0x7fcd14029d50 con 0x7fcd2407f6e0
2024-04-24T08:05:43.532 INFO:teuthology.orchestra.run.smithi007.stdout:/usr/bin/ceph: stderr
2024-04-24T08:05:42.856+0000 7fcd2a400700 1 -- 172.21.15.7:0/3613194187 >> [v2:172.21.15.7:6800/2239857374,v1:172.21.15.7:6801/2239857374] conn(0x7fcd080395b0 msgr2=0x7fcd0803ba70 secure :-1 s=STATE_CONNECTION_ESTABLISHED l=1).mark_down
2024-04-24T08:05:43.532 INFO:teuthology.orchestra.run.smithi007.stdout:/usr/bin/ceph: stderr
2024-04-24T08:05:42.856+0000 7fcd2a400700 1 --2- 172.21.15.7:0/3613194187 >> [v2:172.21.15.7:6800/2239857374,v1:172.21.15.7:6801/2239857374] conn(0x7fcd080395b0 0x7fcd0803ba70 secure :-1 s=READY pgs=8 cs=0 l=1 rev1=1 crypto rx=0x7fcd10006fd0 tx=0x7fcd10006e40 comp rx=0 tx=0).stop
2024-04-24T08:05:43.533 INFO:teuthology.orchestra.run.smithi007.stdout:/usr/bin/ceph: stderr
2024-04-24T08:05:42.856+0000 7fcd2a400700 1 -- 172.21.15.7:0/3613194187 >> [v2:172.21.15.7:3300/0,v1:172.21.15.7:6789/0] conn(0x7fcd2407f6e0 msgr2=0x7fcd241a3030 secure :-1 s=STATE_CONNECTION_ESTABLISHED l=1).mark_down
2024-04-24T08:05:43.533 INFO:teuthology.orchestra.run.smithi007.stdout:/usr/bin/ceph: stderr
2024-04-24T08:05:42.856+0000 7fcd1be00700 1 -- 172.21.15.7:0/3613194187 <== mon.0 v2:172.21.15.7:3300/0 8 ==== mgrmap(e 5) ==== 46558+0+0 (secure 0 0 0) 0x7fcd14023390 con 0x7fcd2407f6e0
2024-04-24T08:05:43.533 INFO:teuthology.orchestra.run.smithi007.stdout:/usr/bin/ceph: stderr
2024-04-24T08:05:42.856+0000 7fcd2a400700 1 --2- 172.21.15.7:0/3613194187 >> [v2:172.21.15.7:3300/0,v1:172.21.15.7:6789/0] conn(0x7fcd2407f6e0 0x7fcd241a3030 secure :-1 s=READY pgs=23 cs=0 l=1 rev1=1 crypto rx=0x7fcd14009fb0 tx=0x7fcd14011bf0 comp rx=0 tx=0).stop
2024-04-24T08:05:43.533 INFO:teuthology.orchestra.run.smithi007.stdout:/usr/bin/ceph: stderr
2024-04-24T08:05:42.857+0000 7fcd2a400700 1 -- 172.21.15.7:0/3613194187 shutdown_connections
2024-04-24T08:05:43.533 INFO:teuthology.orchestra.run.smithi007.stdout:/usr/bin/ceph: stderr
2024-04-24T08:05:42.857+0000 7fcd2a400700 1 --2- 172.21.15.7:0/3613194187 >> [v2:172.21.15.7:6800/2239857374,v1:172.21.15.7:6801/2239857374] conn(0x7fcd080395b0 0x7fcd0803ba70 unknown :-1 s=CLOSED pgs=8 cs=0 l=1 rev1=1 crypto rx=0 tx=0 comp rx=0 tx=0).stop
2024-04-24T08:05:43.533 INFO:teuthology.orchestra.run.smithi007.stdout:/usr/bin/ceph: stderr
2024-04-24T08:05:42.857+0000 7fcd2a400700 1 --2- 172.21.15.7:0/3613194187 >> [v2:172.21.15.7:3300/0,v1:172.21.15.7:6789/0] conn(0x7fcd2407f6e0 0x7fcd241a3030 unknown :-1 s=CLOSED pgs=23 cs=0 l=1 rev1=1 crypto rx=0 tx=0 comp rx=0 tx=0).stop
2024-04-24T08:05:43.533 INFO:teuthology.orchestra.run.smithi007.stdout:/usr/bin/ceph: stderr
2024-04-24T08:05:42.857+0000 7fcd2a400700 1 -- 172.21.15.7:0/3613194187 >> 172.21.15.7:0/3613194187 conn(0x7fcd2407dd30 msgr2=0x7fcd24199a10 unknown :-1 s=STATE_NONE l=0).mark_down
2024-04-24T08:05:43.533 INFO:teuthology.orchestra.run.smithi007.stdout:/usr/bin/ceph: stderr
2024-04-24T08:05:42.858+0000 7fcd2a400700 1 -- 172.21.15.7:0/3613194187 shutdown_connections
2024-04-24T08:05:43.533 INFO:teuthology.orchestra.run.smithi007.stdout:/usr/bin/ceph: stderr
2024-04-24T08:05:42.858+0000 7fcd2a400700 1 -- 172.21.15.7:0/3613194187 wait complete.
2024-04-24T08:05:43.832 INFO:journalctl@ceph.mgr.x.smithi007.stdout:Apr 24 08:05:43 smithi007 ceph-3a1c550a-0211-11ef-bc93-c7b262605968-mgr-x[28083]:
2024-04-24T08:05:43.523+0000 7f584954e200 -1 mgr[py] Module snap_schedule has missing NOTIFY_TYPES member
2024-04-24T08:05:44.090 INFO:journalctl@ceph.mon.a.smithi007.stdout:Apr 24 08:05:43 smithi007 ceph-mon[27842]: from='client.? 172.21.15.7:0/3613194187' entity='client.admin' cmd='[{"prefix": "mgr module enable", "module": "cephadm"}]': finished
2024-04-24T08:05:44.090 INFO:journalctl@ceph.mon.a.smithi007.stdout:Apr 24 08:05:43 smithi007 ceph-mon[27842]: mgrmap e5: x(active, since 5s)
2024-04-24T08:05:44.091 INFO:journalctl@ceph.mgr.x.smithi007.stdout:Apr 24 08:05:43 smithi007 ceph-3a1c550a-0211-11ef-bc93-c7b262605968-mgr-x[28083]:
2024-04-24T08:05:43.972+0000 7f584954e200 -1 mgr[py] Module progress has missing NOTIFY_TYPES member
2024-04-24T08:05:44.417 INFO:journalctl@ceph.mgr.x.smithi007.stdout:Apr 24 08:05:44 smithi007 ceph-3a1c550a-0211-11ef-bc93-c7b262605968-mgr-x[28083]:
2024-04-24T08:05:44.090+0000 7f584954e200 -1 mgr[py] Module influx has missing NOTIFY_TYPES member
2024-04-24T08:05:44.990 INFO:journalctl@ceph.mon.a.smithi007.stdout:Apr 24 08:05:44 smithi007 ceph-mon[27842]: from='client.? 172.21.15.7:0/802613838' entity='client.admin' cmd=[{"prefix": "mgr stat"}]: dispatch
2024-04-24T08:05:45.091 INFO:teuthology.orchestra.run.smithi007.stdout:/usr/bin/ceph: stdout {
2024-04-24T08:05:45.091 INFO:teuthology.orchestra.run.smithi007.stdout:/usr/bin/ceph: stdout "epoch": 5,
2024-04-24T08:05:45.091 INFO:teuthology.orchestra.run.smithi007.stdout:/usr/bin/ceph: stdout "available": true,
2024-04-24T08:05:45.091 INFO:teuthology.orchestra.run.smithi007.stdout:/usr/bin/ceph: stdout "active_name": "x",
2024-04-24T08:05:45.091 INFO:teuthology.orchestra.run.smithi007.stdout:/usr/bin/ceph: stdout "num_standby": 0
2024-04-24T08:05:45.091 INFO:teuthology.orchestra.run.smithi007.stdout:/usr/bin/ceph: stdout }
2024-04-24T08:05:45.092 INFO:teuthology.orchestra.run.smithi007.stdout:/usr/bin/ceph: stderr
2024-04-24T08:05:44.115+0000 7fe60ec00700 1 Processor -- start
2024-04-24T08:05:45.092 INFO:teuthology.orchestra.run.smithi007.stdout:/usr/bin/ceph: stderr
2024-04-24T08:05:44.115+0000 7fe60ec00700 1 -- start start
2024-04-24T08:05:45.092 INFO:teuthology.orchestra.run.smithi007.stdout:/usr/bin/ceph: stderr
2024-04-24T08:05:44.116+0000 7fe60ec00700 1 --2- >> [v2:172.21.15.7:3300/0,v1:172.21.15.7:6789/0] conn(0x7fe608108570 0x7fe608108990 unknown :-1 s=NONE pgs=0 cs=0 l=0 rev1=0 crypto rx=0 tx=0 comp rx=0 tx=0).connect
2024-04-24T08:05:45.092 INFO:teuthology.orchestra.run.smithi007.stdout:/usr/bin/ceph: stderr
2024-04-24T08:05:44.116+0000 7fe60ec00700 1 -- --> [v2:172.21.15.7:3300/0,v1:172.21.15.7:6789/0] -- mon_getmap magic: 0 -- 0x7fe608108f60 con 0x7fe608108570
2024-04-24T08:05:45.092 INFO:teuthology.orchestra.run.smithi007.stdout:/usr/bin/ceph: stderr
2024-04-24T08:05:44.116+0000 7fe60d800700 1 --2- >> [v2:172.21.15.7:3300/0,v1:172.21.15.7:6789/0] conn(0x7fe608108570 0x7fe608108990 unknown :-1 s=BANNER_CONNECTING pgs=0 cs=0 l=0 rev1=0 crypto rx=0 tx=0 comp rx=0 tx=0)._handle_peer_banner_payload supported=3 required=0
2024-04-24T08:05:45.092 INFO:teuthology.orchestra.run.smithi007.stdout:/usr/bin/ceph: stderr
2024-04-24T08:05:44.116+0000 7fe60d800700 1 --2- >> [v2:172.21.15.7:3300/0,v1:172.21.15.7:6789/0] conn(0x7fe608108570 0x7fe608108990 unknown :-1 s=HELLO_CONNECTING pgs=0 cs=0 l=0 rev1=1 crypto rx=0 tx=0 comp rx=0 tx=0).handle_hello peer v2:172.21.15.7:3300/0 says I am v2:172.21.15.7:38962/0 (socket says 172.21.15.7:38962)
2024-04-24T08:05:45.092 INFO:teuthology.orchestra.run.smithi007.stdout:/usr/bin/ceph: stderr
2024-04-24T08:05:44.116+0000 7fe60d800700 1 -- 172.21.15.7:0/889597191 learned_addr learned my addr 172.21.15.7:0/889597191 (peer_addr_for_me v2:172.21.15.7:0/0)
2024-04-24T08:05:45.092 INFO:teuthology.orchestra.run.smithi007.stdout:/usr/bin/ceph: stderr
2024-04-24T08:05:44.117+0000 7fe60d800700 1 -- 172.21.15.7:0/889597191 --> [v2:172.21.15.7:3300/0,v1:172.21.15.7:6789/0] -- mon_subscribe({config=0+,monmap=0+}) -- 0x7fe608109770 con 0x7fe608108570
2024-04-24T08:05:45.092 INFO:teuthology.orchestra.run.smithi007.stdout:/usr/bin/ceph: stderr
2024-04-24T08:05:44.117+0000 7fe60d800700 1 --2- 172.21.15.7:0/889597191 >> [v2:172.21.15.7:3300/0,v1:172.21.15.7:6789/0] conn(0x7fe608108570 0x7fe608108990 secure :-1 s=READY pgs=26 cs=0 l=1 rev1=1 crypto rx=0x7fe5fc0098a0 tx=0x7fe5fc009bb0 comp rx=0 tx=0).ready entity=mon.0 client_cookie=130791a25fb695a5 server_cookie=0 in_seq=0 out_seq=0
2024-04-24T08:05:45.092 INFO:teuthology.orchestra.run.smithi007.stdout:/usr/bin/ceph: stderr
2024-04-24T08:05:44.118+0000 7fe607e00700 1 -- 172.21.15.7:0/889597191 <== mon.0 v2:172.21.15.7:3300/0 1 ==== mon_map magic: 0 ==== 205+0+0 (secure 0 0 0) 0x7fe5fc004160 con 0x7fe608108570
2024-04-24T08:05:45.092 INFO:teuthology.orchestra.run.smithi007.stdout:/usr/bin/ceph: stderr
2024-04-24T08:05:44.118+0000 7fe607e00700 1 -- 172.21.15.7:0/889597191 <== mon.0 v2:172.21.15.7:3300/0 2 ==== config(27 keys) ==== 1109+0+0 (secure 0 0 0) 0x7fe5fc004300 con 0x7fe608108570
2024-04-24T08:05:45.092 INFO:teuthology.orchestra.run.smithi007.stdout:/usr/bin/ceph: stderr
2024-04-24T08:05:44.118+0000 7fe607e00700 1 -- 172.21.15.7:0/889597191 <== mon.0 v2:172.21.15.7:3300/0 3 ==== mon_map magic: 0 ==== 205+0+0 (secure 0 0 0) 0x7fe5fc011b50 con 0x7fe608108570
2024-04-24T08:05:45.092 INFO:teuthology.orchestra.run.smithi007.stdout:/usr/bin/ceph: stderr
