2024-04-24T08:11:27.700 INFO:teuthology.orchestra.run.smithi090.stdout:/usr/bin/ceph: stderr
2024-04-24T08:11:27.042+0000 7f3eafa00700 1 -- 172.21.15.90:0/2728183824 >> [v2:172.21.15.90:3300/0,v1:172.21.15.90:6789/0] conn(0x7f3ea8105b10 msgr2=0x7f3ea8199830 secure :-1 s=STATE_CONNECTION_ESTABLISHED l=1).mark_down
2024-04-24T08:11:27.700 INFO:teuthology.orchestra.run.smithi090.stdout:/usr/bin/ceph: stderr
2024-04-24T08:11:27.042+0000 7f3eafa00700 1 --2- 172.21.15.90:0/2728183824 >> [v2:172.21.15.90:3300/0,v1:172.21.15.90:6789/0] conn(0x7f3ea8105b10 0x7f3ea8199830 secure :-1 s=READY pgs=21 cs=0 l=1 rev1=1 crypto rx=0x7f3e9c000c00 tx=0x7f3e9c011ab0 comp rx=0 tx=0).stop
2024-04-24T08:11:27.700 INFO:teuthology.orchestra.run.smithi090.stdout:/usr/bin/ceph: stderr
2024-04-24T08:11:27.042+0000 7f3eafa00700 1 -- 172.21.15.90:0/2728183824 shutdown_connections
2024-04-24T08:11:27.700 INFO:teuthology.orchestra.run.smithi090.stdout:/usr/bin/ceph: stderr
2024-04-24T08:11:27.042+0000 7f3eafa00700 1 --2- 172.21.15.90:0/2728183824 >> [v2:172.21.15.90:6800/833694895,v1:172.21.15.90:6801/833694895] conn(0x7f3e900383a0 0x7f3e9003a850 unknown :-1 s=CLOSED pgs=7 cs=0 l=1 rev1=1 crypto rx=0 tx=0 comp rx=0 tx=0).stop
2024-04-24T08:11:27.700 INFO:teuthology.orchestra.run.smithi090.stdout:/usr/bin/ceph: stderr
2024-04-24T08:11:27.042+0000 7f3eafa00700 1 --2- 172.21.15.90:0/2728183824 >> [v2:172.21.15.90:3300/0,v1:172.21.15.90:6789/0] conn(0x7f3ea8105b10 0x7f3ea8199830 unknown :-1 s=CLOSED pgs=21 cs=0 l=1 rev1=1 crypto rx=0 tx=0 comp rx=0 tx=0).stop
2024-04-24T08:11:27.701 INFO:teuthology.orchestra.run.smithi090.stdout:/usr/bin/ceph: stderr
2024-04-24T08:11:27.042+0000 7f3eafa00700 1 -- 172.21.15.90:0/2728183824 >> 172.21.15.90:0/2728183824 conn(0x7f3ea8101160 msgr2=0x7f3ea8101f10 unknown :-1 s=STATE_NONE l=0).mark_down
2024-04-24T08:11:27.701 INFO:teuthology.orchestra.run.smithi090.stdout:/usr/bin/ceph: stderr
2024-04-24T08:11:27.043+0000 7f3eafa00700 1 -- 172.21.15.90:0/2728183824 shutdown_connections
2024-04-24T08:11:27.701 INFO:teuthology.orchestra.run.smithi090.stdout:/usr/bin/ceph: stderr
2024-04-24T08:11:27.043+0000 7f3eafa00700 1 -- 172.21.15.90:0/2728183824 wait complete.
2024-04-24T08:11:27.701 INFO:teuthology.orchestra.run.smithi090.stdout:Enabling cephadm module...
2024-04-24T08:11:28.910 INFO:journalctl@ceph.mon.smithi090.smithi090.stdout:Apr 24 08:11:28 smithi090 ceph-mon[25016]: from='client.? 172.21.15.90:0/1227669001' entity='client.admin' cmd=[{"prefix": "mgr module enable", "module": "cephadm"}]: dispatch
2024-04-24T08:11:29.421 INFO:teuthology.orchestra.run.smithi090.stdout:/usr/bin/ceph: stderr
2024-04-24T08:11:28.290+0000 7ff667400700 1 Processor -- start
2024-04-24T08:11:29.422 INFO:teuthology.orchestra.run.smithi090.stdout:/usr/bin/ceph: stderr
2024-04-24T08:11:28.290+0000 7ff667400700 1 -- start start
2024-04-24T08:11:29.422 INFO:teuthology.orchestra.run.smithi090.stdout:/usr/bin/ceph: stderr
2024-04-24T08:11:28.290+0000 7ff667400700 1 --2- >> [v2:172.21.15.90:3300/0,v1:172.21.15.90:6789/0] conn(0x7ff660105b10 0x7ff660105f20 unknown :-1 s=NONE pgs=0 cs=0 l=0 rev1=0 crypto rx=0 tx=0 comp rx=0 tx=0).connect
2024-04-24T08:11:29.422 INFO:teuthology.orchestra.run.smithi090.stdout:/usr/bin/ceph: stderr
2024-04-24T08:11:28.290+0000 7ff667400700 1 -- --> [v2:172.21.15.90:3300/0,v1:172.21.15.90:6789/0] -- mon_getmap magic: 0 v1 -- 0x7ff660106460 con 0x7ff660105b10
2024-04-24T08:11:29.422 INFO:teuthology.orchestra.run.smithi090.stdout:/usr/bin/ceph: stderr
2024-04-24T08:11:28.291+0000 7ff664a00700 1 --2- >> [v2:172.21.15.90:3300/0,v1:172.21.15.90:6789/0] conn(0x7ff660105b10 0x7ff660105f20 unknown :-1 s=BANNER_CONNECTING pgs=0 cs=0 l=0 rev1=0 crypto rx=0 tx=0 comp rx=0 tx=0)._handle_peer_banner_payload supported=3 required=0
2024-04-24T08:11:29.422 INFO:teuthology.orchestra.run.smithi090.stdout:/usr/bin/ceph: stderr
2024-04-24T08:11:28.291+0000 7ff664a00700 1 --2- >> [v2:172.21.15.90:3300/0,v1:172.21.15.90:6789/0] conn(0x7ff660105b10 0x7ff660105f20 unknown :-1 s=HELLO_CONNECTING pgs=0 cs=0 l=0 rev1=1 crypto rx=0 tx=0 comp rx=0 tx=0).handle_hello peer v2:172.21.15.90:3300/0 says I am v2:172.21.15.90:36300/0 (socket says 172.21.15.90:36300)
2024-04-24T08:11:29.422 INFO:teuthology.orchestra.run.smithi090.stdout:/usr/bin/ceph: stderr
2024-04-24T08:11:28.291+0000 7ff664a00700 1 -- 172.21.15.90:0/1378160948 learned_addr learned my addr 172.21.15.90:0/1378160948 (peer_addr_for_me v2:172.21.15.90:0/0)
2024-04-24T08:11:29.422 INFO:teuthology.orchestra.run.smithi090.stdout:/usr/bin/ceph: stderr
2024-04-24T08:11:28.291+0000 7ff664a00700 1 -- 172.21.15.90:0/1378160948 --> [v2:172.21.15.90:3300/0,v1:172.21.15.90:6789/0] -- mon_subscribe({config=0+,monmap=0+}) v3 -- 0x7ff6601065a0 con 0x7ff660105b10
2024-04-24T08:11:29.422 INFO:teuthology.orchestra.run.smithi090.stdout:/usr/bin/ceph: stderr
2024-04-24T08:11:28.292+0000 7ff664a00700 1 --2- 172.21.15.90:0/1378160948 >> [v2:172.21.15.90:3300/0,v1:172.21.15.90:6789/0] conn(0x7ff660105b10 0x7ff660105f20 secure :-1 s=READY pgs=22 cs=0 l=1 rev1=1 crypto rx=0x7ff6540098a0 tx=0x7ff654009bb0 comp rx=0 tx=0).ready entity=mon.0 client_cookie=ab9455c080c50855 server_cookie=0 in_seq=0 out_seq=0
2024-04-24T08:11:29.422 INFO:teuthology.orchestra.run.smithi090.stdout:/usr/bin/ceph: stderr
2024-04-24T08:11:28.292+0000 7ff65f400700 1 -- 172.21.15.90:0/1378160948 <== mon.0 v2:172.21.15.90:3300/0 1 ==== mon_map magic: 0 v1 ==== 229+0+0 (secure 0 0 0) 0x7ff654004180 con 0x7ff660105b10
2024-04-24T08:11:29.422 INFO:teuthology.orchestra.run.smithi090.stdout:/usr/bin/ceph: stderr
2024-04-24T08:11:28.292+0000 7ff65f400700 1 -- 172.21.15.90:0/1378160948 <== mon.0 v2:172.21.15.90:3300/0 2 ==== config(27 keys) v1 ==== 1037+0+0 (secure 0 0 0) 0x7ff6540042e0 con 0x7ff660105b10
2024-04-24T08:11:29.422 INFO:teuthology.orchestra.run.smithi090.stdout:/usr/bin/ceph: stderr
2024-04-24T08:11:28.292+0000 7ff65f400700 1 -- 172.21.15.90:0/1378160948 <== mon.0 v2:172.21.15.90:3300/0 3 ==== mon_map magic: 0 v1 ==== 229+0+0 (secure 0 0 0) 0x7ff654011a50 con 0x7ff660105b10
2024-04-24T08:11:29.422 INFO:teuthology.orchestra.run.smithi090.stdout:/usr/bin/ceph: stderr
2024-04-24T08:11:28.293+0000 7ff667400700 1 -- 172.21.15.90:0/1378160948 >> [v2:172.21.15.90:3300/0,v1:172.21.15.90:6789/0] conn(0x7ff660105b10 msgr2=0x7ff660105f20 secure :-1 s=STATE_CONNECTION_ESTABLISHED l=1).mark_down
2024-04-24T08:11:29.422 INFO:teuthology.orchestra.run.smithi090.stdout:/usr/bin/ceph: stderr
2024-04-24T08:11:28.293+0000 7ff667400700 1 --2- 172.21.15.90:0/1378160948 >> [v2:172.21.15.90:3300/0,v1:172.21.15.90:6789/0] conn(0x7ff660105b10 0x7ff660105f20 secure :-1 s=READY pgs=22 cs=0 l=1 rev1=1 crypto rx=0x7ff6540098a0 tx=0x7ff654009bb0 comp rx=0 tx=0).stop
2024-04-24T08:11:29.423 INFO:teuthology.orchestra.run.smithi090.stdout:/usr/bin/ceph: stderr
2024-04-24T08:11:28.293+0000 7ff667400700 1 -- 172.21.15.90:0/1378160948 shutdown_connections
2024-04-24T08:11:29.423 INFO:teuthology.orchestra.run.smithi090.stdout:/usr/bin/ceph: stderr
2024-04-24T08:11:28.293+0000 7ff667400700 1 --2- 172.21.15.90:0/1378160948 >> [v2:172.21.15.90:3300/0,v1:172.21.15.90:6789/0] conn(0x7ff660105b10 0x7ff660105f20 unknown :-1 s=CLOSED pgs=22 cs=0 l=1 rev1=1 crypto rx=0 tx=0 comp rx=0 tx=0).stop
2024-04-24T08:11:29.423 INFO:teuthology.orchestra.run.smithi090.stdout:/usr/bin/ceph: stderr
2024-04-24T08:11:28.293+0000 7ff667400700 1 -- 172.21.15.90:0/1378160948 >> 172.21.15.90:0/1378160948 conn(0x7ff660101180 msgr2=0x7ff660103590 unknown :-1 s=STATE_NONE l=0).mark_down
2024-04-24T08:11:29.423 INFO:teuthology.orchestra.run.smithi090.stdout:/usr/bin/ceph: stderr
2024-04-24T08:11:28.294+0000 7ff667400700 1 -- 172.21.15.90:0/1378160948 shutdown_connections
2024-04-24T08:11:29.423 INFO:teuthology.orchestra.run.smithi090.stdout:/usr/bin/ceph: stderr
2024-04-24T08:11:28.294+0000 7ff667400700 1 -- 172.21.15.90:0/1378160948 wait complete.
2024-04-24T08:11:29.423 INFO:teuthology.orchestra.run.smithi090.stdout:/usr/bin/ceph: stderr
2024-04-24T08:11:28.295+0000 7ff667400700 1 Processor -- start
2024-04-24T08:11:29.423 INFO:teuthology.orchestra.run.smithi090.stdout:/usr/bin/ceph: stderr
2024-04-24T08:11:28.295+0000 7ff667400700 1 -- start start
2024-04-24T08:11:29.423 INFO:teuthology.orchestra.run.smithi090.stdout:/usr/bin/ceph: stderr
2024-04-24T08:11:28.295+0000 7ff667400700 1 --2- >> [v2:172.21.15.90:3300/0,v1:172.21.15.90:6789/0] conn(0x7ff660105b10 0x7ff66019ba40 unknown :-1 s=NONE pgs=0 cs=0 l=1 rev1=0 crypto rx=0 tx=0 comp rx=0 tx=0).connect
2024-04-24T08:11:29.423 INFO:teuthology.orchestra.run.smithi090.stdout:/usr/bin/ceph: stderr
2024-04-24T08:11:28.295+0000 7ff667400700 1 -- --> [v2:172.21.15.90:3300/0,v1:172.21.15.90:6789/0] -- mon_getmap magic: 0 v1 -- 0x7ff66019bf80 con 0x7ff660105b10
2024-04-24T08:11:29.423 INFO:teuthology.orchestra.run.smithi090.stdout:/usr/bin/ceph: stderr
2024-04-24T08:11:28.295+0000 7ff664a00700 1 --2- >> [v2:172.21.15.90:3300/0,v1:172.21.15.90:6789/0] conn(0x7ff660105b10 0x7ff66019ba40 unknown :-1 s=BANNER_CONNECTING pgs=0 cs=0 l=1 rev1=0 crypto rx=0 tx=0 comp rx=0 tx=0)._handle_peer_banner_payload supported=3 required=0
2024-04-24T08:11:29.423 INFO:teuthology.orchestra.run.smithi090.stdout:/usr/bin/ceph: stderr
2024-04-24T08:11:28.295+0000 7ff664a00700 1 --2- >> [v2:172.21.15.90:3300/0,v1:172.21.15.90:6789/0] conn(0x7ff660105b10 0x7ff66019ba40 unknown :-1 s=HELLO_CONNECTING pgs=0 cs=0 l=1 rev1=1 crypto rx=0 tx=0 comp rx=0 tx=0).handle_hello peer v2:172.21.15.90:3300/0 says I am v2:172.21.15.90:36316/0 (socket says 172.21.15.90:36316)
2024-04-24T08:11:29.423 INFO:teuthology.orchestra.run.smithi090.stdout:/usr/bin/ceph: stderr
2024-04-24T08:11:28.295+0000 7ff664a00700 1 -- 172.21.15.90:0/1227669001 learned_addr learned my addr 172.21.15.90:0/1227669001 (peer_addr_for_me v2:172.21.15.90:0/0)
2024-04-24T08:11:29.423 INFO:teuthology.orchestra.run.smithi090.stdout:/usr/bin/ceph: stderr
2024-04-24T08:11:28.296+0000 7ff664a00700 1 -- 172.21.15.90:0/1227669001 --> [v2:172.21.15.90:3300/0,v1:172.21.15.90:6789/0] -- mon_subscribe({config=0+,monmap=0+}) v3 -- 0x7ff654009550 con 0x7ff660105b10
2024-04-24T08:11:29.423 INFO:teuthology.orchestra.run.smithi090.stdout:/usr/bin/ceph: stderr
2024-04-24T08:11:28.296+0000 7ff664a00700 1 --2- 172.21.15.90:0/1227669001 >> [v2:172.21.15.90:3300/0,v1:172.21.15.90:6789/0] conn(0x7ff660105b10 0x7ff66019ba40 secure :-1 s=READY pgs=23 cs=0 l=1 rev1=1 crypto rx=0x7ff654000c00 tx=0x7ff654011ab0 comp rx=0 tx=0).ready entity=mon.0 client_cookie=0 server_cookie=0 in_seq=0 out_seq=0
2024-04-24T08:11:29.423 INFO:teuthology.orchestra.run.smithi090.stdout:/usr/bin/ceph: stderr
2024-04-24T08:11:28.296+0000 7ff65d600700 1 -- 172.21.15.90:0/1227669001 <== mon.0 v2:172.21.15.90:3300/0 1 ==== mon_map magic: 0 v1 ==== 229+0+0 (secure 0 0 0) 0x7ff654003b90 con 0x7ff660105b10
2024-04-24T08:11:29.424 INFO:teuthology.orchestra.run.smithi090.stdout:/usr/bin/ceph: stderr
2024-04-24T08:11:28.296+0000 7ff65d600700 1 -- 172.21.15.90:0/1227669001 <== mon.0 v2:172.21.15.90:3300/0 2 ==== config(27 keys) v1 ==== 1037+0+0 (secure 0 0 0) 0x7ff6540248b0 con 0x7ff660105b10
2024-04-24T08:11:29.424 INFO:teuthology.orchestra.run.smithi090.stdout:/usr/bin/ceph: stderr
2024-04-24T08:11:28.296+0000 7ff667400700 1 -- 172.21.15.90:0/1227669001 --> [v2:172.21.15.90:3300/0,v1:172.21.15.90:6789/0] -- mon_subscribe({mgrmap=0+}) v3 -- 0x7ff66019c180 con 0x7ff660105b10
2024-04-24T08:11:29.424 INFO:teuthology.orchestra.run.smithi090.stdout:/usr/bin/ceph: stderr
2024-04-24T08:11:28.296+0000 7ff65d600700 1 -- 172.21.15.90:0/1227669001 <== mon.0 v2:172.21.15.90:3300/0 3 ==== mon_map magic: 0 v1 ==== 229+0+0 (secure 0 0 0) 0x7ff65401a8e0 con 0x7ff660105b10
2024-04-24T08:11:29.424 INFO:teuthology.orchestra.run.smithi090.stdout:/usr/bin/ceph: stderr
2024-04-24T08:11:28.297+0000 7ff667400700 1 -- 172.21.15.90:0/1227669001 --> [v2:172.21.15.90:3300/0,v1:172.21.15.90:6789/0] -- mon_subscribe({osdmap=0}) v3 -- 0x7ff66019c5a0 con 0x7ff660105b10
2024-04-24T08:11:29.424 INFO:teuthology.orchestra.run.smithi090.stdout:/usr/bin/ceph: stderr
2024-04-24T08:11:28.298+0000 7ff65d600700 1 -- 172.21.15.90:0/1227669001 <== mon.0 v2:172.21.15.90:3300/0 4 ==== mgrmap(e 4) v1 ==== 45073+0+0 (secure 0 0 0) 0x7ff65401aba0 con 0x7ff660105b10
2024-04-24T08:11:29.424 INFO:teuthology.orchestra.run.smithi090.stdout:/usr/bin/ceph: stderr
2024-04-24T08:11:28.298+0000 7ff667400700 1 -- 172.21.15.90:0/1227669001 --> [v2:172.21.15.90:3300/0,v1:172.21.15.90:6789/0] -- mon_command({"prefix": "get_command_descriptions"} v 0) v1 -- 0x7ff660062380 con 0x7ff660105b10
2024-04-24T08:11:29.424 INFO:teuthology.orchestra.run.smithi090.stdout:/usr/bin/ceph: stderr
2024-04-24T08:11:28.298+0000 7ff65d600700 1 --2- 172.21.15.90:0/1227669001 >> [v2:172.21.15.90:6800/833694895,v1:172.21.15.90:6801/833694895] conn(0x7ff6480383f0 0x7ff64803a8a0 unknown :-1 s=NONE pgs=0 cs=0 l=1 rev1=0 crypto rx=0 tx=0 comp rx=0 tx=0).connect
2024-04-24T08:11:29.424 INFO:teuthology.orchestra.run.smithi090.stdout:/usr/bin/ceph: stderr
2024-04-24T08:11:28.298+0000 7ff65d600700 1 -- 172.21.15.90:0/1227669001 <== mon.0 v2:172.21.15.90:3300/0 5 ==== osd_map(1..1 src has 1..1) v4 ==== 725+0+0 (secure 0 0 0) 0x7ff65404c250 con 0x7ff660105b10
2024-04-24T08:11:29.424 INFO:teuthology.orchestra.run.smithi090.stdout:/usr/bin/ceph: stderr
2024-04-24T08:11:28.298+0000 7ff65fe00700 1 --2- 172.21.15.90:0/1227669001 >> [v2:172.21.15.90:6800/833694895,v1:172.21.15.90:6801/833694895] conn(0x7ff6480383f0 0x7ff64803a8a0 unknown :-1 s=BANNER_CONNECTING pgs=0 cs=0 l=1 rev1=0 crypto rx=0 tx=0 comp rx=0 tx=0)._handle_peer_banner_payload supported=3 required=0
2024-04-24T08:11:29.424 INFO:teuthology.orchestra.run.smithi090.stdout:/usr/bin/ceph: stderr
2024-04-24T08:11:28.299+0000 7ff65fe00700 1 --2- 172.21.15.90:0/1227669001 >> [v2:172.21.15.90:6800/833694895,v1:172.21.15.90:6801/833694895] conn(0x7ff6480383f0 0x7ff64803a8a0 secure :-1 s=READY pgs=8 cs=0 l=1 rev1=1 crypto rx=0x7ff64c006fd0 tx=0x7ff64c006e40 comp rx=0 tx=0).ready entity=mgr.14100 client_cookie=0 server_cookie=0 in_seq=0 out_seq=0
2024-04-24T08:11:29.424 INFO:teuthology.orchestra.run.smithi090.stdout:/usr/bin/ceph: stderr
2024-04-24T08:11:28.303+0000 7ff65d600700 1 -- 172.21.15.90:0/1227669001 <== mon.0 v2:172.21.15.90:3300/0 6 ==== mon_command_ack([{"prefix": "get_command_descriptions"}]=0 v0) v1 ==== 72+0+177933 (secure 0 0 0) 0x7ff6540233a0 con 0x7ff660105b10
2024-04-24T08:11:29.424 INFO:teuthology.orchestra.run.smithi090.stdout:/usr/bin/ceph: stderr
2024-04-24T08:11:28.574+0000 7ff667400700 1 -- 172.21.15.90:0/1227669001 --> [v2:172.21.15.90:3300/0,v1:172.21.15.90:6789/0] -- mon_command({"prefix": "mgr module enable", "module": "cephadm"} v 0) v1 -- 0x7ff66019f740 con 0x7ff660105b10
2024-04-24T08:11:29.424 INFO:teuthology.orchestra.run.smithi090.stdout:/usr/bin/ceph: stderr
2024-04-24T08:11:28.629+0000 7ff65d600700 1 -- 172.21.15.90:0/1227669001 <== mon.0 v2:172.21.15.90:3300/0 7 ==== mgrmap(e 5) v1 ==== 45084+0+0 (secure 0 0 0) 0x7ff654018350 con 0x7ff660105b10
2024-04-24T08:11:29.424 INFO:teuthology.orchestra.run.smithi090.stdout:/usr/bin/ceph: stderr
2024-04-24T08:11:28.631+0000 7ff65d600700 1 -- 172.21.15.90:0/1227669001 <== mon.0 v2:172.21.15.90:3300/0 8 ==== mon_command_ack([{"prefix": "mgr module enable", "module": "cephadm"}]=0 v5) v1 ==== 86+0+0 (secure 0 0 0) 0x7ff654024db0 con 0x7ff660105b10
2024-04-24T08:11:29.424 INFO:teuthology.orchestra.run.smithi090.stdout:/usr/bin/ceph: stderr
2024-04-24T08:11:28.634+0000 7ff667400700 1 -- 172.21.15.90:0/1227669001 >> [v2:172.21.15.90:6800/833694895,v1:172.21.15.90:6801/833694895] conn(0x7ff6480383f0 msgr2=0x7ff64803a8a0 secure :-1 s=STATE_CONNECTION_ESTABLISHED l=1).mark_down
2024-04-24T08:11:29.424 INFO:teuthology.orchestra.run.smithi090.stdout:/usr/bin/ceph: stderr
2024-04-24T08:11:28.634+0000 7ff667400700 1 --2- 172.21.15.90:0/1227669001 >> [v2:172.21.15.90:6800/833694895,v1:172.21.15.90:6801/833694895] conn(0x7ff6480383f0 0x7ff64803a8a0 secure :-1 s=READY pgs=8 cs=0 l=1 rev1=1 crypto rx=0x7ff64c006fd0 tx=0x7ff64c006e40 comp rx=0 tx=0).stop
2024-04-24T08:11:29.425 INFO:teuthology.orchestra.run.smithi090.stdout:/usr/bin/ceph: stderr
2024-04-24T08:11:28.634+0000 7ff667400700 1 -- 172.21.15.90:0/1227669001 >> [v2:172.21.15.90:3300/0,v1:172.21.15.90:6789/0] conn(0x7ff660105b10 msgr2=0x7ff66019ba40 secure :-1 s=STATE_CONNECTION_ESTABLISHED l=1).mark_down
2024-04-24T08:11:29.425 INFO:teuthology.orchestra.run.smithi090.stdout:/usr/bin/ceph: stderr
2024-04-24T08:11:28.634+0000 7ff667400700 1 --2- 172.21.15.90:0/1227669001 >> [v2:172.21.15.90:3300/0,v1:172.21.15.90:6789/0] conn(0x7ff660105b10 0x7ff66019ba40 secure :-1 s=READY pgs=23 cs=0 l=1 rev1=1 crypto rx=0x7ff654000c00 tx=0x7ff654011ab0 comp rx=0 tx=0).stop
2024-04-24T08:11:29.425 INFO:teuthology.orchestra.run.smithi090.stdout:/usr/bin/ceph: stderr
2024-04-24T08:11:28.635+0000 7ff667400700 1 -- 172.21.15.90:0/1227669001 shutdown_connections
2024-04-24T08:11:29.425 INFO:teuthology.orchestra.run.smithi090.stdout:/usr/bin/ceph: stderr
2024-04-24T08:11:28.635+0000 7ff667400700 1 --2- 172.21.15.90:0/1227669001 >> [v2:172.21.15.90:6800/833694895,v1:172.21.15.90:6801/833694895] conn(0x7ff6480383f0 0x7ff64803a8a0 unknown :-1 s=CLOSED pgs=8 cs=0 l=1 rev1=1 crypto rx=0 tx=0 comp rx=0 tx=0).stop
2024-04-24T08:11:29.425 INFO:teuthology.orchestra.run.smithi090.stdout:/usr/bin/ceph: stderr
2024-04-24T08:11:28.635+0000 7ff667400700 1 --2- 172.21.15.90:0/1227669001 >> [v2:172.21.15.90:3300/0,v1:172.21.15.90:6789/0] conn(0x7ff660105b10 0x7ff66019ba40 unknown :-1 s=CLOSED pgs=23 cs=0 l=1 rev1=1 crypto rx=0 tx=0 comp rx=0 tx=0).stop
2024-04-24T08:11:29.425 INFO:teuthology.orchestra.run.smithi090.stdout:/usr/bin/ceph: stderr
2024-04-24T08:11:28.635+0000 7ff667400700 1 -- 172.21.15.90:0/1227669001 >> 172.21.15.90:0/1227669001 conn(0x7ff660101180 msgr2=0x7ff660101f10 unknown :-1 s=STATE_NONE l=0).mark_down
2024-04-24T08:11:29.425 INFO:teuthology.orchestra.run.smithi090.stdout:/usr/bin/ceph: stderr
2024-04-24T08:11:28.635+0000 7ff667400700 1 -- 172.21.15.90:0/1227669001 shutdown_connections
2024-04-24T08:11:29.425 INFO:teuthology.orchestra.run.smithi090.stdout:/usr/bin/ceph: stderr
2024-04-24T08:11:28.635+0000 7ff667400700 1 -- 172.21.15.90:0/1227669001 wait complete.
2024-04-24T08:11:29.867 INFO:journalctl@ceph.mon.smithi090.smithi090.stdout:Apr 24 08:11:29 smithi090 ceph-mon[25016]: from='client.? 172.21.15.90:0/1227669001' entity='client.admin' cmd='[{"prefix": "mgr module enable", "module": "cephadm"}]': finished
2024-04-24T08:11:29.867 INFO:journalctl@ceph.mon.smithi090.smithi090.stdout:Apr 24 08:11:29 smithi090 ceph-mon[25016]: mgrmap e5: smithi090.jsrfxo(active, since 6s)
2024-04-24T08:11:30.911 INFO:journalctl@ceph.mon.smithi090.smithi090.stdout:Apr 24 08:11:30 smithi090 ceph-mon[25016]: from='client.? 172.21.15.90:0/1570807535' entity='client.admin' cmd=[{"prefix": "mgr stat"}]: dispatch
2024-04-24T08:11:30.925 INFO:teuthology.orchestra.run.smithi090.stdout:/usr/bin/ceph: stdout {
2024-04-24T08:11:30.925 INFO:teuthology.orchestra.run.smithi090.stdout:/usr/bin/ceph: stdout "epoch": 5,
2024-04-24T08:11:30.925 INFO:teuthology.orchestra.run.smithi090.stdout:/usr/bin/ceph: stdout "available": true,
2024-04-24T08:11:30.925 INFO:teuthology.orchestra.run.smithi090.stdout:/usr/bin/ceph: stdout "active_name": "smithi090.jsrfxo",
2024-04-24T08:11:30.925 INFO:teuthology.orchestra.run.smithi090.stdout:/usr/bin/ceph: stdout "num_standby": 0
2024-04-24T08:11:30.925 INFO:teuthology.orchestra.run.smithi090.stdout:/usr/bin/ceph: stdout }
2024-04-24T08:11:30.925 INFO:teuthology.orchestra.run.smithi090.stdout:/usr/bin/ceph: stderr
2024-04-24T08:11:30.019+0000 7f7763e00700 1 Processor -- start
2024-04-24T08:11:30.925 INFO:teuthology.orchestra.run.smithi090.stdout:/usr/bin/ceph: stderr
2024-04-24T08:11:30.019+0000 7f7763e00700 1 -- start start
2024-04-24T08:11:30.925 INFO:teuthology.orchestra.run.smithi090.stdout:/usr/bin/ceph: stderr
2024-04-24T08:11:30.019+0000 7f7763e00700 1 --2- >> [v2:172.21.15.90:3300/0,v1:172.21.15.90:6789/0] conn(0x7f775c104460 0x7f775c104870 unknown :-1 s=NONE pgs=0 cs=0 l=0 rev1=0 crypto rx=0 tx=0 comp rx=0 tx=0).connect
2024-04-24T08:11:30.925 INFO:teuthology.orchestra.run.smithi090.stdout:/usr/bin/ceph: stderr
2024-04-24T08:11:30.019+0000 7f7763e00700 1 -- --> [v2:172.21.15.90:3300/0,v1:172.21.15.90:6789/0] -- mon_getmap magic: 0 v1 -- 0x7f775c0744b0 con 0x7f775c104460
2024-04-24T08:11:30.925 INFO:teuthology.orchestra.run.smithi090.stdout:/usr/bin/ceph: stderr
2024-04-24T08:11:30.020+0000 7f7761400700 1 --2- >> [v2:172.21.15.90:3300/0,v1:172.21.15.90:6789/0] conn(0x7f775c104460 0x7f775c104870 unknown :-1 s=BANNER_CONNECTING pgs=0 cs=0 l=0 rev1=0 crypto rx=0 tx=0 comp rx=0 tx=0)._handle_peer_banner_payload supported=3 required=0
2024-04-24T08:11:30.926 INFO:teuthology.orchestra.run.smithi090.stdout:/usr/bin/ceph: stderr
2024-04-24T08:11:30.020+0000 7f7761400700 1 --2- >> [v2:172.21.15.90:3300/0,v1:172.21.15.90:6789/0] conn(0x7f775c104460 0x7f775c104870 unknown :-1 s=HELLO_CONNECTING pgs=0 cs=0 l=0 rev1=1 crypto rx=0 tx=0 comp rx=0 tx=0).handle_hello peer v2:172.21.15.90:3300/0 says I am v2:172.21.15.90:33936/0 (socket says 172.21.15.90:33936)
2024-04-24T08:11:30.926 INFO:teuthology.orchestra.run.smithi090.stdout:/usr/bin/ceph: stderr
2024-04-24T08:11:30.020+0000 7f7761400700 1 -- 172.21.15.90:0/400698118 learned_addr learned my addr 172.21.15.90:0/400698118 (peer_addr_for_me v2:172.21.15.90:0/0)
2024-04-24T08:11:30.926 INFO:teuthology.orchestra.run.smithi090.stdout:/usr/bin/ceph: stderr
2024-04-24T08:11:30.020+0000 7f7761400700 1 -- 172.21.15.90:0/400698118 --> [v2:172.21.15.90:3300/0,v1:172.21.15.90:6789/0] -- mon_subscribe({config=0+,monmap=0+}) v3 -- 0x7f775c0745f0 con 0x7f775c104460
2024-04-24T08:11:30.926 INFO:teuthology.orchestra.run.smithi090.stdout:/usr/bin/ceph: stderr
2024-04-24T08:11:30.021+0000 7f7761400700 1 --2- 172.21.15.90:0/400698118 >> [v2:172.21.15.90:3300/0,v1:172.21.15.90:6789/0] conn(0x7f775c104460 0x7f775c104870 secure :-1 s=READY pgs=26 cs=0 l=1 rev1=1 crypto rx=0x7f77500098a0 tx=0x7f7750009bb0 comp rx=0 tx=0).ready entity=mon.0 client_cookie=87f82f07cdd0c5ae server_cookie=0 in_seq=0 out_seq=0
2024-04-24T08:11:30.926 INFO:teuthology.orchestra.run.smithi090.stdout:/usr/bin/ceph: stderr
2024-04-24T08:11:30.021+0000 7f775be00700 1 -- 172.21.15.90:0/400698118 <== mon.0 v2:172.21.15.90:3300/0 1 ==== mon_map magic: 0 v1 ==== 229+0+0 (secure 0 0 0) 0x7f7750004180 con 0x7f775c104460
2024-04-24T08:11:30.926 INFO:teuthology.orchestra.run.smithi090.stdout:/usr/bin/ceph: stderr
2024-04-24T08:11:30.021+0000 7f775be00700 1 -- 172.21.15.90:0/400698118 <== mon.0 v2:172.21.15.90:3300/0 2 ==== config(27 keys) v1 ==== 1037+0+0 (secure 0 0 0) 0x7f77500042e0 con 0x7f775c104460
2024-04-24T08:11:30.926 INFO:teuthology.orchestra.run.smithi090.stdout:/usr/bin/ceph: stderr
2024-04-24T08:11:30.021+0000 7f775be00700 1 -- 172.21.15.90:0/400698118 <== mon.0 v2:172.21.15.90:3300/0 3 ==== mon_map magic: 0 v1 ==== 229+0+0 (secure 0 0 0) 0x7f7750011a50 con 0x7f775c104460
2024-04-24T08:11:30.926 INFO:teuthology.orchestra.run.smithi090.stdout:/usr/bin/ceph: stderr
2024-04-24T08:11:30.022+0000 7f7763e00700 1 -- 172.21.15.90:0/400698118 >> [v2:172.21.15.90:3300/0,v1:172.21.15.90:6789/0] conn(0x7f775c104460 msgr2=0x7f775c104870 secure :-1 s=STATE_CONNECTION_ESTABLISHED l=1).mark_down
2024-04-24T08:11:30.926 INFO:teuthology.orchestra.run.smithi090.stdout:/usr/bin/ceph: stderr
2024-04-24T08:11:30.022+0000 7f7763e00700 1 --2- 172.21.15.90:0/400698118 >> [v2:172.21.15.90:3300/0,v1:172.21.15.90:6789/0] conn(0x7f775c104460 0x7f775c104870 secure :-1 s=READY pgs=26 cs=0 l=1 rev1=1 crypto rx=0x7f77500098a0 tx=0x7f7750009bb0 comp rx=0 tx=0).stop
2024-04-24T08:11:30.926 INFO:teuthology.orchestra.run.smithi090.stdout:/usr/bin/ceph: stderr
2024-04-24T08:11:30.022+0000 7f7763e00700 1 -- 172.21.15.90:0/400698118 shutdown_connections
2024-04-24T08:11:30.926 INFO:teuthology.orchestra.run.smithi090.stdout:/usr/bin/ceph: stderr
2024-04-24T08:11:30.022+0000 7f7763e00700 1 --2- 172.21.15.90:0/400698118 >> [v2:172.21.15.90:3300/0,v1:172.21.15.90:6789/0] conn(0x7f775c104460 0x7f775c104870 unknown :-1 s=CLOSED pgs=26 cs=0 l=1 rev1=1 crypto rx=0 tx=0 comp rx=0 tx=0).stop
2024-04-24T08:11:30.926 INFO:teuthology.orchestra.run.smithi090.stdout:/usr/bin/ceph: stderr
2024-04-24T08:11:30.022+0000 7f7763e00700 1 -- 172.21.15.90:0/400698118 >> 172.21.15.90:0/400698118 conn(0x7f775c100070 msgr2=0x7f775c102480 unknown :-1 s=STATE_NONE l=0).mark_down
2024-04-24T08:11:30.926 INFO:teuthology.orchestra.run.smithi090.stdout:/usr/bin/ceph: stderr
2024-04-24T08:11:30.022+0000 7f7763e00700 1 -- 172.21.15.90:0/400698118 shutdown_connections
2024-04-24T08:11:30.927 INFO:teuthology.orchestra.run.smithi090.stdout:/usr/bin/ceph: stderr
2024-04-24T08:11:30.022+0000 7f7763e00700 1 -- 172.21.15.90:0/400698118 wait complete.
2024-04-24T08:11:30.927 INFO:teuthology.orchestra.run.smithi090.stdout:/usr/bin/ceph: stderr
2024-04-24T08:11:30.023+0000 7f7763e00700 1 Processor -- start
2024-04-24T08:11:30.927 INFO:teuthology.orchestra.run.smithi090.stdout:/usr/bin/ceph: stderr
2024-04-24T08:11:30.023+0000 7f7763e00700 1 -- start start
2024-04-24T08:11:30.927 INFO:teuthology.orchestra.run.smithi090.stdout:/usr/bin/ceph: stderr
2024-04-24T08:11:30.023+0000 7f7763e00700 1 --2- >> [v2:172.21.15.90:3300/0,v1:172.21.15.90:6789/0] conn(0x7f775c104460 0x7f775c19ba30 unknown :-1 s=NONE pgs=0 cs=0 l=1 rev1=0 crypto rx=0 tx=0 comp rx=0 tx=0).connect
2024-04-24T08:11:30.927 INFO:teuthology.orchestra.run.smithi090.stdout:/usr/bin/ceph: stderr
2024-04-24T08:11:30.023+0000 7f7763e00700 1 -- --> [v2:172.21.15.90:3300/0,v1:172.21.15.90:6789/0] -- mon_getmap magic: 0 v1 -- 0x7f775c19bf70 con 0x7f775c104460
2024-04-24T08:11:30.927 INFO:teuthology.orchestra.run.smithi090.stdout:/usr/bin/ceph: stderr
2024-04-24T08:11:30.024+0000 7f7761400700 1 --2- >> [v2:172.21.15.90:3300/0,v1:172.21.15.90:6789/0] conn(0x7f775c104460 0x7f775c19ba30 unknown :-1 s=BANNER_CONNECTING pgs=0 cs=0 l=1 rev1=0 crypto rx=0 tx=0 comp rx=0 tx=0)._handle_peer_banner_payload supported=3 required=0
2024-04-24T08:11:30.927 INFO:teuthology.orchestra.run.smithi090.stdout:/usr/bin/ceph: stderr
2024-04-24T08:11:30.024+0000 7f7761400700 1 --2- >> [v2:172.21.15.90:3300/0,v1:172.21.15.90:6789/0] conn(0x7f775c104460 0x7f775c19ba30 unknown :-1 s=HELLO_CONNECTING pgs=0 cs=0 l=1 rev1=1 crypto rx=0 tx=0 comp rx=0 tx=0).handle_hello peer v2:172.21.15.90:3300/0 says I am v2:172.21.15.90:33948/0 (socket says 172.21.15.90:33948)
2024-04-24T08:11:30.927 INFO:teuthology.orchestra.run.smithi090.stdout:/usr/bin/ceph: stderr
2024-04-24T08:11:30.024+0000 7f7761400700 1 -- 172.21.15.90:0/1570807535 learned_addr learned my addr 172.21.15.90:0/1570807535 (peer_addr_for_me v2:172.21.15.90:0/0)
2024-04-24T08:11:30.927 INFO:teuthology.orchestra.run.smithi090.stdout:/usr/bin/ceph: stderr
2024-04-24T08:11:30.024+0000 7f7761400700 1 -- 172.21.15.90:0/1570807535 --> [v2:172.21.15.90:3300/0,v1:172.21.15.90:6789/0] -- mon_subscribe({config=0+,monmap=0+}) v3 -- 0x7f7750009550 con 0x7f775c104460
2024-04-24T08:11:30.927 INFO:teuthology.orchestra.run.smithi090.stdout:/usr/bin/ceph: stderr
2024-04-24T08:11:30.024+0000 7f7761400700 1 --2- 172.21.15.90:0/1570807535 >> [v2:172.21.15.90:3300/0,v1:172.21.15.90:6789/0] conn(0x7f775c104460 0x7f775c19ba30 secure :-1 s=READY pgs=27 cs=0 l=1 rev1=1 crypto rx=0x7f7750000c00 tx=0x7f7750011ab0 comp rx=0 tx=0).ready entity=mon.0 client_cookie=0 server_cookie=0 in_seq=0 out_seq=0
2024-04-24T08:11:30.927 INFO:teuthology.orchestra.run.smithi090.stdout:/usr/bin/ceph: stderr
2024-04-24T08:11:30.025+0000 7f775a000700 1 -- 172.21.15.90:0/1570807535 <== mon.0 v2:172.21.15.90:3300/0 1 ==== mon_map magic: 0 v1 ==== 229+0+0 (secure 0 0 0) 0x7f7750003b90 con 0x7f775c104460
2024-04-24T08:11:30.927 INFO:teuthology.orchestra.run.smithi090.stdout:/usr/bin/ceph: stderr
2024-04-24T08:11:30.025+0000 7f775a000700 1 -- 172.21.15.90:0/1570807535 <== mon.0 v2:172.21.15.90:3300/0 2 ==== config(27 keys) v1 ==== 1037+0+0 (secure 0 0 0) 0x7f77500248b0 con 0x7f775c104460
2024-04-24T08:11:30.927 INFO:teuthology.orchestra.run.smithi090.stdout:/usr/bin/ceph: stderr
2024-04-24T08:11:30.025+0000 7f775a000700 1 -- 172.21.15.90:0/1570807535 <== mon.0 v2:172.21.15.90:3300/0 3 ==== mon_map magic: 0 v1 ==== 229+0+0 (secure 0 0 0) 0x7f775001a8e0 con 0x7f775c104460
2024-04-24T08:11:30.928 INFO:teuthology.orchestra.run.smithi090.stdout:/usr/bin/ceph: stderr
2024-04-24T08:11:30.025+0000 7f7763e00700 1 -- 172.21.15.90:0/1570807535 --> [v2:172.21.15.90:3300/0,v1:172.21.15.90:6789/0] -- mon_subscribe({mgrmap=0+}) v3 -- 0x7f775c19c170 con 0x7f775c104460
2024-04-24T08:11:30.928 INFO:teuthology.orchestra.run.smithi090.stdout:/usr/bin/ceph: stderr
2024-04-24T08:11:30.025+0000 7f7763e00700 1 -- 172.21.15.90:0/1570807535 --> [v2:172.21.15.90:3300/0,v1:172.21.15.90:6789/0] -- mon_subscribe({osdmap=0}) v3 -- 0x7f775c19c590 con 0x7f775c104460
2024-04-24T08:11:30.928 INFO:teuthology.orchestra.run.smithi090.stdout:/usr/bin/ceph: stderr
2024-04-24T08:11:30.026+0000 7f775a000700 1 -- 172.21.15.90:0/1570807535 <== mon.0 v2:172.21.15.90:3300/0 4 ==== mgrmap(e 5) v1 ==== 45084+0+0 (secure 0 0 0) 0x7f775001aba0 con 0x7f775c104460
2024-04-24T08:11:30.928 INFO:teuthology.orchestra.run.smithi090.stdout:/usr/bin/ceph: stderr
2024-04-24T08:11:30.026+0000 7f7763e00700 1 -- 172.21.15.90:0/1570807535 --> [v2:172.21.15.90:3300/0,v1:172.21.15.90:6789/0] -- mon_command({"prefix": "get_command_descriptions"} v 0) v1 -- 0x7f775c195270 con 0x7f775c104460
2024-04-24T08:11:30.928 INFO:teuthology.orchestra.run.smithi090.stdout:/usr/bin/ceph: stderr
2024-04-24T08:11:30.027+0000 7f775a000700 1 --2- 172.21.15.90:0/1570807535 >> [v2:172.21.15.90:6800/833694895,v1:172.21.15.90:6801/833694895] conn(0x7f7744038440 0x7f774403a8f0 unknown :-1 s=NONE pgs=0 cs=0 l=1 rev1=0 crypto rx=0 tx=0 comp rx=0 tx=0).connect
2024-04-24T08:11:30.928 INFO:teuthology.orchestra.run.smithi090.stdout:/usr/bin/ceph: stderr
2024-04-24T08:11:30.027+0000 7f775a000700 1 -- 172.21.15.90:0/1570807535 <== mon.0 v2:172.21.15.90:3300/0 5 ==== osd_map(1..1 src has 1..1) v4 ==== 725+0+0 (secure 0 0 0) 0x7f775004c2c0 con 0x7f775c104460
2024-04-24T08:11:30.928 INFO:teuthology.orchestra.run.smithi090.stdout:/usr/bin/ceph: stderr
2024-04-24T08:11:30.027+0000 7f7760a00700 1 -- 172.21.15.90:0/1570807535 >> [v2:172.21.15.90:6800/833694895,v1:172.21.15.90:6801/833694895] conn(0x7f7744038440 msgr2=0x7f774403a8f0 unknown :-1 s=STATE_CONNECTING_RE l=1).process reconnect failed to v2:172.21.15.90:6800/833694895
2024-04-24T08:11:30.928 INFO:teuthology.orchestra.run.smithi090.stdout:/usr/bin/ceph: stderr
2024-04-24T08:11:30.027+0000 7f7760a00700 1 --2- 172.21.15.90:0/1570807535 >> [v2:172.21.15.90:6800/833694895,v1:172.21.15.90:6801/833694895] conn(0x7f7744038440 0x7f774403a8f0 unknown :-1 s=START_CONNECT pgs=0 cs=0 l=1 rev1=0 crypto rx=0 tx=0 comp rx=0 tx=0)._fault waiting 0.200000
2024-04-24T08:11:30.928 INFO:teuthology.orchestra.run.smithi090.stdout:/usr/bin/ceph: stderr
2024-04-24T08:11:30.032+0000 7f775a000700 1 -- 172.21.15.90:0/1570807535 <== mon.0 v2:172.21.15.90:3300/0 6 ==== mon_command_ack([{"prefix": "get_command_descriptions"}]=0 v0) v1 ==== 72+0+177933 (secure 0 0 0) 0x7f77500189a0 con 0x7f775c104460
2024-04-24T08:11:30.928 INFO:teuthology.orchestra.run.smithi090.stdout:/usr/bin/ceph: stderr
2024-04-24T08:11:30.228+0000 7f7760a00700 1 -- 172.21.15.90:0/1570807535 >> [v2:172.21.15.90:6800/833694895,v1:172.21.15.90:6801/833694895] conn(0x7f7744038440 msgr2=0x7f774403a8f0 unknown :-1 s=STATE_CONNECTING_RE l=1).process reconnect failed to v2:172.21.15.90:6800/833694895
2024-04-24T08:11:30.928 INFO:teuthology.orchestra.run.smithi090.stdout:/usr/bin/ceph: stderr
2024-04-24T08:11:30.228+0000 7f7760a00700 1 --2- 172.21.15.90:0/1570807535 >> [v2:172.21.15.90:6800/833694895,v1:172.21.15.90:6801/833694895] conn(0x7f7744038440 0x7f774403a8f0 unknown :-1 s=START_CONNECT pgs=0 cs=0 l=1 rev1=0 crypto rx=0 tx=0 comp rx=0 tx=0)._fault waiting 0.400000
2024-04-24T08:11:30.928 INFO:teuthology.orchestra.run.smithi090.stdout:/usr/bin/ceph: stderr
2024-04-24T08:11:30.310+0000 7f7763e00700 1 -- 172.21.15.90:0/1570807535 --> [v2:172.21.15.90:3300/0,v1:172.21.15.90:6789/0] -- mon_command({"prefix": "mgr stat"} v 0) v1 -- 0x7f775c0623b0 con 0x7f775c104460
2024-04-24T08:11:30.928 INFO:teuthology.orchestra.run.smithi090.stdout:/usr/bin/ceph: stderr
2024-04-24T08:11:30.310+0000 7f775a000700 1 -- 172.21.15.90:0/1570807535 <== mon.0 v2:172.21.15.90:3300/0 7 ==== mon_command_ack([{"prefix": "mgr stat"}]=0 v5) v1 ==== 56+0+103 (secure 0 0 0) 0x7f7750018350 con 0x7f775c104460
2024-04-24T08:11:30.929 INFO:teuthology.orchestra.run.smithi090.stdout:/usr/bin/ceph: stderr
2024-04-24T08:11:30.314+0000 7f7763e00700 1 -- 172.21.15.90:0/1570807535 >> [v2:172.21.15.90:6800/833694895,v1:172.21.15.90:6801/833694895] conn(0x7f7744038440 msgr2=0x7f774403a8f0 unknown :-1 s=STATE_CONNECTING l=1).mark_down
2024-04-24T08:11:30.929 INFO:teuthology.orchestra.run.smithi090.stdout:/usr/bin/ceph: stderr
2024-04-24T08:11:30.314+0000 7f7763e00700 1 --2- 172.21.15.90:0/1570807535 >> [v2:172.21.15.90:6800/833694895,v1:172.21.15.90:6801/833694895] conn(0x7f7744038440 0x7f774403a8f0 unknown :-1 s=START_CONNECT pgs=0 cs=0 l=1 rev1=0 crypto rx=0 tx=0 comp rx=0 tx=0).stop
2024-04-24T08:11:30.929 INFO:teuthology.orchestra.run.smithi090.stdout:/usr/bin/ceph: stderr
2024-04-24T08:11:30.314+0000 7f7763e00700 1 -- 172.21.15.90:0/1570807535 >> [v2:172.21.15.90:3300/0,v1:172.21.15.90:6789/0] conn(0x7f775c104460 msgr2=0x7f775c19ba30 secure :-1 s=STATE_CONNECTION_ESTABLISHED l=1).mark_down
2024-04-24T08:11:30.929 INFO:teuthology.orchestra.run.smithi090.stdout:/usr/bin/ceph: stderr
2024-04-24T08:11:30.314+0000 7f7763e00700 1 --2- 172.21.15.90:0/1570807535 >> [v2:172.21.15.90:3300/0,v1:172.21.15.90:6789/0] conn(0x7f775c104460 0x7f775c19ba30 secure :-1 s=READY pgs=27 cs=0 l=1 rev1=1 crypto rx=0x7f7750000c00 tx=0x7f7750011ab0 comp rx=0 tx=0).stop
2024-04-24T08:11:30.929 INFO:teuthology.orchestra.run.smithi090.stdout:/usr/bin/ceph: stderr
2024-04-24T08:11:30.314+0000 7f7763e00700 1 -- 172.21.15.90:0/1570807535 shutdown_connections
2024-04-24T08:11:30.929 INFO:teuthology.orchestra.run.smithi090.stdout:/usr/bin/ceph: stderr
2024-04-24T08:11:30.314+0000 7f7763e00700 1 --2- 172.21.15.90:0/1570807535 >> [v2:172.21.15.90:6800/833694895,v1:172.21.15.90:6801/833694895] conn(0x7f7744038440 0x7f774403a8f0 unknown :-1 s=CLOSED pgs=0 cs=0 l=1 rev1=0 crypto rx=0 tx=0 comp rx=0 tx=0).stop
2024-04-24T08:11:30.929 INFO:teuthology.orchestra.run.smithi090.stdout:/usr/bin/ceph: stderr
2024-04-24T08:11:30.314+0000 7f7763e00700 1 --2- 172.21.15.90:0/1570807535 >> [v2:172.21.15.90:3300/0,v1:172.21.15.90:6789/0] conn(0x7f775c104460 0x7f775c19ba30 unknown :-1 s=CLOSED pgs=27 cs=0 l=1 rev1=1 crypto rx=0 tx=0 comp rx=0 tx=0).stop
2024-04-24T08:11:30.929 INFO:teuthology.orchestra.run.smithi090.stdout:/usr/bin/ceph: stderr
2024-04-24T08:11:30.314+0000 7f7763e00700 1 -- 172.21.15.90:0/1570807535 >> 172.21.15.90:0/1570807535 conn(0x7f775c100070 msgr2=0x7f775c190020 unknown :-1 s=STATE_NONE l=0).mark_down
2024-04-24T08:11:30.929 INFO:teuthology.orchestra.run.smithi090.stdout:/usr/bin/ceph: stderr
2024-04-24T08:11:30.315+0000 7f7763e00700 1 -- 172.21.15.90:0/1570807535 shutdown_connections
2024-04-24T08:11:30.929 INFO:teuthology.orchestra.run.smithi090.stdout:/usr/bin/ceph: stderr
2024-04-24T08:11:30.315+0000 7f7763e00700 1 -- 172.21.15.90:0/1570807535 wait complete.
2024-04-24T08:11:30.930 INFO:teuthology.orchestra.run.smithi090.stdout:Waiting for the mgr to restart...
2024-04-24T08:11:30.930 INFO:teuthology.orchestra.run.smithi090.stdout:Waiting for mgr epoch 5...
2024-04-24T08:11:37.543 INFO:journalctl@ceph.mon.smithi090.smithi090.stdout:Apr 24 08:11:37 smithi090 ceph-mon[25016]: Active manager daemon smithi090.jsrfxo restarted
2024-04-24T08:11:37.544 INFO:journalctl@ceph.mon.smithi090.smithi090.stdout:Apr 24 08:11:37 smithi090 ceph-mon[25016]: Activating manager daemon smithi090.jsrfxo
2024-04-24T08:11:37.544 INFO:journalctl@ceph.mon.smithi090.smithi090.stdout:Apr 24 08:11:37 smithi090 ceph-mon[25016]: osdmap e2: 0 total, 0 up, 0 in
2024-04-24T08:11:37.544 INFO:journalctl@ceph.mon.smithi090.smithi090.stdout:Apr 24 08:11:37 smithi090 ceph-mon[25016]: mgrmap e6: smithi090.jsrfxo(active, starting, since 0.00943589s)
2024-04-24T08:11:37.544 INFO:journalctl@ceph.mon.smithi090.smithi090.stdout:Apr 24 08:11:37 smithi090 ceph-mon[25016]: from='mgr.14120 172.21.15.90:0/2879485280' entity='mgr.smithi090.jsrfxo' cmd=[{"prefix": "mon metadata", "id": "smithi090"}]: dispatch
2024-04-24T08:11:37.544 INFO:journalctl@ceph.mon.smithi090.smithi090.stdout:Apr 24 08:11:37 smithi090 ceph-mon[25016]: from='mgr.14120 172.21.15.90:0/2879485280' entity='mgr.smithi090.jsrfxo' cmd=[{"prefix": "mgr metadata", "who": "smithi090.jsrfxo", "id": "smithi090.jsrfxo"}]: dispatch
2024-04-24T08:11:37.544 INFO:journalctl@ceph.mon.smithi090.smithi090.stdout:Apr 24 08:11:37 smithi090 ceph-mon[25016]: from='mgr.14120 172.21.15.90:0/2879485280' entity='mgr.smithi090.jsrfxo' cmd=[{"prefix": "mds metadata"}]: dispatch
2024-04-24T08:11:37.544 INFO:journalctl@ceph.mon.smithi090.smithi090.stdout:Apr 24 08:11:37 smithi090 ceph-mon[25016]: from='mgr.14120 172.21.15.90:0/2879485280' entity='mgr.smithi090.jsrfxo' cmd=[{"prefix": "osd metadata"}]: dispatch
2024-04-24T08:11:37.544 INFO:journalctl@ceph.mon.smithi090.smithi090.stdout:Apr 24 08:11:37 smithi090 ceph-mon[25016]: from='mgr.14120 172.21.15.90:0/2879485280' entity='mgr.smithi090.jsrfxo' cmd=[{"prefix": "mon metadata"}]: dispatch
2024-04-24T08:11:37.544 INFO:journalctl@ceph.mon.smithi090.smithi090.stdout:Apr 24 08:11:37 smithi090 ceph-mon[25016]: Manager daemon smithi090.jsrfxo is now available
2024-04-24T08:11:37.544 INFO:journalctl@ceph.mon.smithi090.smithi090.stdout:Apr 24 08:11:37 smithi090 ceph-mon[25016]: from='mgr.14120 172.21.15.90:0/2879485280' entity='mgr.smithi090.jsrfxo'
2024-04-24T08:11:37.544 INFO:journalctl@ceph.mon.smithi090.smithi090.stdout:Apr 24 08:11:37 smithi090 ceph-mon[25016]: from='mgr.14120 172.21.15.90:0/2879485280' entity='mgr.smithi090.jsrfxo'
2024-04-24T08:11:38.543 INFO:journalctl@ceph.mon.smithi090.smithi090.stdout:Apr 24 08:11:38 smithi090 ceph-mon[25016]: Found migration_current of "None". Setting to last migration.
2024-04-24T08:11:38.543 INFO:journalctl@ceph.mon.smithi090.smithi090.stdout:Apr 24 08:11:38 smithi090 ceph-mon[25016]: from='mgr.14120 172.21.15.90:0/2879485280' entity='mgr.smithi090.jsrfxo' cmd=[{"prefix": "config dump", "format": "json"}]: dispatch
2024-04-24T08:11:38.543 INFO:journalctl@ceph.mon.smithi090.smithi090.stdout:Apr 24 08:11:38 smithi090 ceph-mon[25016]: from='mgr.14120 172.21.15.90:0/2879485280' entity='mgr.smithi090.jsrfxo' cmd=[{"prefix": "config dump", "format": "json"}]: dispatch
2024-04-24T08:11:38.543 INFO:journalctl@ceph.mon.smithi090.smithi090.stdout:Apr 24 08:11:38 smithi090 ceph-mon[25016]: from='mgr.14120 172.21.15.90:0/2879485280' entity='mgr.smithi090.jsrfxo' cmd=[{"prefix": "config dump", "format": "json"}]: dispatch
2024-04-24T08:11:38.543 INFO:journalctl@ceph.mon.smithi090.smithi090.stdout:Apr 24 08:11:38 smithi090 ceph-mon[25016]: from='mgr.14120 172.21.15.90:0/2879485280' entity='mgr.smithi090.jsrfxo' cmd=[{"prefix":"config rm","who":"mgr","name":"mgr/rbd_support/smithi090.jsrfxo/mirror_snapshot_schedule"}]: dispatch
2024-04-24T08:11:38.543 INFO:journalctl@ceph.mon.smithi090.smithi090.stdout:Apr 24 08:11:38 smithi090 ceph-mon[25016]: from='mgr.14120 172.21.15.90:0/2879485280' entity='mgr.smithi090.jsrfxo' cmd=[{"prefix":"config rm","who":"mgr","name":"mgr/rbd_support/smithi090.jsrfxo/trash_purge_schedule"}]: dispatch
2024-04-24T08:11:38.543 INFO:journalctl@ceph.mon.smithi090.smithi090.stdout:Apr 24 08:11:38 smithi090 ceph-mon[25016]: mgrmap e7: smithi090.jsrfxo(active, since 1.01596s)
2024-04-24T08:11:39.120 INFO:teuthology.orchestra.run.smithi090.stdout:/usr/bin/ceph: stdout {
2024-04-24T08:11:39.121 INFO:teuthology.orchestra.run.smithi090.stdout:/usr/bin/ceph: stdout "mgrmap_epoch": 7,
2024-04-24T08:11:39.121 INFO:teuthology.orchestra.run.smithi090.stdout:/usr/bin/ceph: stdout "initialized": true
2024-04-24T08:11:39.121 INFO:teuthology.orchestra.run.smithi090.stdout:/usr/bin/ceph: stdout }
2024-04-24T08:11:39.121 INFO:teuthology.orchestra.run.smithi090.stdout:/usr/bin/ceph: stderr
2024-04-24T08:11:31.548+0000 7f052f000700 1 Processor -- start
2024-04-24T08:11:39.121 INFO:teuthology.orchestra.run.smithi090.stdout:/usr/bin/ceph: stderr
2024-04-24T08:11:31.548+0000 7f052f000700 1 -- start start
2024-04-24T08:11:39.121 INFO:teuthology.orchestra.run.smithi090.stdout:/usr/bin/ceph: stderr
2024-04-24T08:11:31.549+0000 7f052f000700 1 --2- >> [v2:172.21.15.90:3300/0,v1:172.21.15.90:6789/0] conn(0x7f052807acc0 0x7f05280791c0 unknown :-1 s=NONE pgs=0 cs=0 l=0 rev1=0 crypto rx=0 tx=0 comp rx=0 tx=0).connect
2024-04-24T08:11:39.121 INFO:teuthology.orchestra.run.smithi090.stdout:/usr/bin/ceph: stderr
2024-04-24T08:11:31.549+0000 7f052f000700 1 -- --> [v2:172.21.15.90:3300/0,v1:172.21.15.90:6789/0] -- mon_getmap magic: 0 v1 -- 0x7f0528079700 con 0x7f052807acc0
2024-04-24T08:11:39.121 INFO:teuthology.orchestra.run.smithi090.stdout:/usr/bin/ceph: stderr
2024-04-24T08:11:31.549+0000 7f0527e00700 1 --2- >> [v2:172.21.15.90:3300/0,v1:172.21.15.90:6789/0] conn(0x7f052807acc0 0x7f05280791c0 unknown :-1 s=BANNER_CONNECTING pgs=0 cs=0 l=0 rev1=0 crypto rx=0 tx=0 comp rx=0 tx=0)._handle_peer_banner_payload supported=3 required=0
2024-04-24T08:11:39.121 INFO:teuthology.orchestra.run.smithi090.stdout:/usr/bin/ceph: stderr
2024-04-24T08:11:31.549+0000 7f0527e00700 1 --2- >> [v2:172.21.15.90:3300/0,v1:172.21.15.90:6789/0] conn(0x7f052807acc0 0x7f05280791c0 unknown :-1 s=HELLO_CONNECTING pgs=0 cs=0 l=0 rev1=1 crypto rx=0 tx=0 comp rx=0 tx=0).handle_hello peer v2:172.21.15.90:3300/0 says I am v2:172.21.15.90:33960/0 (socket says 172.21.15.90:33960)
2024-04-24T08:11:39.121 INFO:teuthology.orchestra.run.smithi090.stdout:/usr/bin/ceph: stderr
2024-04-24T08:11:31.549+0000 7f0527e00700 1 -- 172.21.15.90:0/1319024243 learned_addr learned my addr 172.21.15.90:0/1319024243 (peer_addr_for_me v2:172.21.15.90:0/0)
2024-04-24T08:11:39.121 INFO:teuthology.orchestra.run.smithi090.stdout:/usr/bin/ceph: stderr
2024-04-24T08:11:31.550+0000 7f0527e00700 1 -- 172.21.15.90:0/1319024243 --> [v2:172.21.15.90:3300/0,v1:172.21.15.90:6789/0] -- mon_subscribe({config=0+,monmap=0+}) v3 -- 0x7f0528079840 con 0x7f052807acc0
2024-04-24T08:11:39.121 INFO:teuthology.orchestra.run.smithi090.stdout:/usr/bin/ceph: stderr
2024-04-24T08:11:31.550+0000 7f0527e00700 1 --2- 172.21.15.90:0/1319024243 >> [v2:172.21.15.90:3300/0,v1:172.21.15.90:6789/0] conn(0x7f052807acc0 0x7f05280791c0 secure :-1 s=READY pgs=28 cs=0 l=1 rev1=1 crypto rx=0x7f05180098a0 tx=0x7f0518009bb0 comp rx=0 tx=0).ready entity=mon.0 client_cookie=890a652c6ec95c7a server_cookie=0 in_seq=0 out_seq=0
2024-04-24T08:11:39.121 INFO:teuthology.orchestra.run.smithi090.stdout:/usr/bin/ceph: stderr
2024-04-24T08:11:31.550+0000 7f0526a00700 1 -- 172.21.15.90:0/1319024243 <== mon.0 v2:172.21.15.90:3300/0 1 ==== mon_map magic: 0 v1 ==== 229+0+0 (secure 0 0 0) 0x7f0518004180 con 0x7f052807acc0
2024-04-24T08:11:39.121 INFO:teuthology.orchestra.run.smithi090.stdout:/usr/bin/ceph: stderr
2024-04-24T08:11:31.550+0000 7f0526a00700 1 -- 172.21.15.90:0/1319024243 <== mon.0 v2:172.21.15.90:3300/0 2 ==== config(27 keys) v1 ==== 1037+0+0 (secure 0 0 0) 0x7f05180042e0 con 0x7f052807acc0
2024-04-24T08:11:39.121 INFO:teuthology.orchestra.run.smithi090.stdout:/usr/bin/ceph: stderr
2024-04-24T08:11:31.550+0000 7f0526a00700 1 -- 172.21.15.90:0/1319024243 <== mon.0 v2:172.21.15.90:3300/0 3 ==== mon_map magic: 0 v1 ==== 229+0+0 (secure 0 0 0) 0x7f0518011a50 con 0x7f052807acc0
2024-04-24T08:11:39.122 INFO:teuthology.orchestra.run.smithi090.stdout:/usr/bin/ceph: stderr
2024-04-24T08:11:31.551+0000 7f052f000700 1 -- 172.21.15.90:0/1319024243 >> [v2:172.21.15.90:3300/0,v1:172.21.15.90:6789/0] conn(0x7f052807acc0 msgr2=0x7f05280791c0 secure :-1 s=STATE_CONNECTION_ESTABLISHED l=1).mark_down
2024-04-24T08:11:39.122 INFO:teuthology.orchestra.run.smithi090.stdout:/usr/bin/ceph: stderr
2024-04-24T08:11:31.551+0000 7f052f000700 1 --2- 172.21.15.90:0/1319024243 >> [v2:172.21.15.90:3300/0,v1:172.21.15.90:6789/0] conn(0x7f052807acc0 0x7f05280791c0 secure :-1 s=READY pgs=28 cs=0 l=1 rev1=1 crypto rx=0x7f05180098a0 tx=0x7f0518009bb0 comp rx=0 tx=0).stop
2024-04-24T08:11:39.122 INFO:teuthology.orchestra.run.smithi090.stdout:/usr/bin/ceph: stderr
2024-04-24T08:11:31.551+0000 7f052f000700 1 -- 172.21.15.90:0/1319024243 shutdown_connections
2024-04-24T08:11:39.122 INFO:teuthology.orchestra.run.smithi090.stdout:/usr/bin/ceph: stderr
2024-04-24T08:11:31.551+0000 7f052f000700 1 --2- 172.21.15.90:0/1319024243 >> [v2:172.21.15.90:3300/0,v1:172.21.15.90:6789/0] conn(0x7f052807acc0 0x7f05280791c0 unknown :-1 s=CLOSED pgs=28 cs=0 l=1 rev1=1 crypto rx=0 tx=0 comp rx=0 tx=0).stop
2024-04-24T08:11:39.122 INFO:teuthology.orchestra.run.smithi090.stdout:/usr/bin/ceph: stderr
2024-04-24T08:11:31.551+0000 7f052f000700 1 -- 172.21.15.90:0/1319024243 >> 172.21.15.90:0/1319024243 conn(0x7f0528101160 msgr2=0x7f0528103590 unknown :-1 s=STATE_NONE l=0).mark_down
2024-04-24T08:11:39.122 INFO:teuthology.orchestra.run.smithi090.stdout:/usr/bin/ceph: stderr
2024-04-24T08:11:31.551+0000 7f052f000700 1 -- 172.21.15.90:0/1319024243 shutdown_connections
2024-04-24T08:11:39.122 INFO:teuthology.orchestra.run.smithi090.stdout:/usr/bin/ceph: stderr
2024-04-24T08:11:31.551+0000 7f052f000700 1 -- 172.21.15.90:0/1319024243 wait complete.
2024-04-24T08:11:39.122 INFO:teuthology.orchestra.run.smithi090.stdout:/usr/bin/ceph: stderr
2024-04-24T08:11:31.552+0000 7f052f000700 1 Processor -- start
2024-04-24T08:11:39.122 INFO:teuthology.orchestra.run.smithi090.stdout:/usr/bin/ceph: stderr
2024-04-24T08:11:31.552+0000 7f052f000700 1 -- start start
2024-04-24T08:11:39.122 INFO:teuthology.orchestra.run.smithi090.stdout:/usr/bin/ceph: stderr
2024-04-24T08:11:31.553+0000 7f052f000700 1 --2- >> [v2:172.21.15.90:3300/0,v1:172.21.15.90:6789/0] conn(0x7f052807acc0 0x7f052819bad0 unknown :-1 s=NONE pgs=0 cs=0 l=1 rev1=0 crypto rx=0 tx=0 comp rx=0 tx=0).connect
2024-04-24T08:11:39.122 INFO:teuthology.orchestra.run.smithi090.stdout:/usr/bin/ceph: stderr
2024-04-24T08:11:31.553+0000 7f052f000700 1 -- --> [v2:172.21.15.90:3300/0,v1:172.21.15.90:6789/0] -- mon_getmap magic: 0 v1 -- 0x7f052819c010 con 0x7f052807acc0
2024-04-24T08:11:39.122 INFO:teuthology.orchestra.run.smithi090.stdout:/usr/bin/ceph: stderr
2024-04-24T08:11:31.553+0000 7f0527e00700 1 --2- >> [v2:172.21.15.90:3300/0,v1:172.21.15.90:6789/0] conn(0x7f052807acc0 0x7f052819bad0 unknown :-1 s=BANNER_CONNECTING pgs=0 cs=0 l=1 rev1=0 crypto rx=0 tx=0 comp rx=0 tx=0)._handle_peer_banner_payload supported=3 required=0
2024-04-24T08:11:39.123 INFO:teuthology.orchestra.run.smithi090.stdout:/usr/bin/ceph: stderr
2024-04-24T08:11:31.553+0000 7f0527e00700 1 --2- >> [v2:172.21.15.90:3300/0,v1:172.21.15.90:6789/0] conn(0x7f052807acc0 0x7f052819bad0 unknown :-1 s=HELLO_CONNECTING pgs=0 cs=0 l=1 rev1=1 crypto rx=0 tx=0 comp rx=0 tx=0).handle_hello peer v2:172.21.15.90:3300/0 says I am v2:172.21.15.90:33970/0 (socket says 172.21.15.90:33970)
2024-04-24T08:11:39.123 INFO:teuthology.orchestra.run.smithi090.stdout:/usr/bin/ceph: stderr
2024-04-24T08:11:31.553+0000 7f0527e00700 1 -- 172.21.15.90:0/1725323279 learned_addr learned my addr 172.21.15.90:0/1725323279 (peer_addr_for_me v2:172.21.15.90:0/0)
2024-04-24T08:11:39.123 INFO:teuthology.orchestra.run.smithi090.stdout:/usr/bin/ceph: stderr
2024-04-24T08:11:31.553+0000 7f0527e00700 1 -- 172.21.15.90:0/1725323279 --> [v2:172.21.15.90:3300/0,v1:172.21.15.90:6789/0] -- mon_subscribe({config=0+,monmap=0+}) v3 -- 0x7f0518009550 con 0x7f052807acc0
2024-04-24T08:11:39.123 INFO:teuthology.orchestra.run.smithi090.stdout:/usr/bin/ceph: stderr
2024-04-24T08:11:31.553+0000 7f0527e00700 1 --2- 172.21.15.90:0/1725323279 >> [v2:172.21.15.90:3300/0,v1:172.21.15.90:6789/0] conn(0x7f052807acc0 0x7f052819bad0 secure :-1 s=READY pgs=29 cs=0 l=1 rev1=1 crypto rx=0x7f0518000c00 tx=0x7f05180047c0 comp rx=0 tx=0).ready entity=mon.0 client_cookie=0 server_cookie=0 in_seq=0 out_seq=0
2024-04-24T08:11:39.123 INFO:teuthology.orchestra.run.smithi090.stdout:/usr/bin/ceph: stderr
2024-04-24T08:11:31.554+0000 7f0524c00700 1 -- 172.21.15.90:0/1725323279 <== mon.0 v2:172.21.15.90:3300/0 1 ==== mon_map magic: 0 v1 ==== 229+0+0 (secure 0 0 0) 0x7f0518003a00 con 0x7f052807acc0
2024-04-24T08:11:39.123 INFO:teuthology.orchestra.run.smithi090.stdout:/usr/bin/ceph: stderr
2024-04-24T08:11:31.554+0000 7f0524c00700 1 -- 172.21.15.90:0/1725323279 <== mon.0 v2:172.21.15.90:3300/0 2 ==== config(27 keys) v1 ==== 1037+0+0 (secure 0 0 0) 0x7f0518003b60 con 0x7f052807acc0
2024-04-24T08:11:39.123 INFO:teuthology.orchestra.run.smithi090.stdout:/usr/bin/ceph: stderr
2024-04-24T08:11:31.554+0000 7f0524c00700 1 -- 172.21.15.90:0/1725323279 <== mon.0 v2:172.21.15.90:3300/0 3 ==== mon_map magic: 0 v1 ==== 229+0+0 (secure 0 0 0) 0x7f051801a800 con 0x7f052807acc0
2024-04-24T08:11:39.123 INFO:teuthology.orchestra.run.smithi090.stdout:/usr/bin/ceph: stderr
2024-04-24T08:11:31.554+0000 7f052f000700 1 -- 172.21.15.90:0/1725323279 --> [v2:172.21.15.90:3300/0,v1:172.21.15.90:6789/0] -- mon_subscribe({mgrmap=0+}) v3 -- 0x7f052819c210 con 0x7f052807acc0
2024-04-24T08:11:39.123 INFO:teuthology.orchestra.run.smithi090.stdout:/usr/bin/ceph: stderr
2024-04-24T08:11:31.554+0000 7f052f000700 1 -- 172.21.15.90:0/1725323279 --> [v2:172.21.15.90:3300/0,v1:172.21.15.90:6789/0] -- mon_subscribe({osdmap=0}) v3 -- 0x7f052819c630 con 0x7f052807acc0
2024-04-24T08:11:39.123 INFO:teuthology.orchestra.run.smithi090.stdout:/usr/bin/ceph: stderr
