2024-04-24T08:12:12.634+0000 7f2f1fe00700 1 --2- >> [v2:172.21.15.90:3300/0,v1:172.21.15.90:6789/0] conn(0x7f2f2007ad00 0x7f2f20079200 unknown :-1 s=HELLO_CONNECTING pgs=0 cs=0 l=0 rev1=1 crypto rx=0 tx=0 comp rx=0 tx=0).handle_hello peer v2:172.21.15.90:3300/0 says I am v2:172.21.15.90:57214/0 (socket says 172.21.15.90:57214)
2024-04-24T08:12:20.753 INFO:teuthology.orchestra.run.smithi090.stdout:/usr/bin/ceph: stderr
2024-04-24T08:12:12.634+0000 7f2f1fe00700 1 -- 172.21.15.90:0/1558269125 learned_addr learned my addr 172.21.15.90:0/1558269125 (peer_addr_for_me v2:172.21.15.90:0/0)
2024-04-24T08:12:20.753 INFO:teuthology.orchestra.run.smithi090.stdout:/usr/bin/ceph: stderr
2024-04-24T08:12:12.635+0000 7f2f1fe00700 1 -- 172.21.15.90:0/1558269125 --> [v2:172.21.15.90:3300/0,v1:172.21.15.90:6789/0] -- mon_subscribe({config=0+,monmap=0+}) v3 -- 0x7f2f20079880 con 0x7f2f2007ad00
2024-04-24T08:12:20.754 INFO:teuthology.orchestra.run.smithi090.stdout:/usr/bin/ceph: stderr
2024-04-24T08:12:12.635+0000 7f2f1fe00700 1 --2- 172.21.15.90:0/1558269125 >> [v2:172.21.15.90:3300/0,v1:172.21.15.90:6789/0] conn(0x7f2f2007ad00 0x7f2f20079200 secure :-1 s=READY pgs=73 cs=0 l=1 rev1=1 crypto rx=0x7f2f100098a0 tx=0x7f2f10009bb0 comp rx=0 tx=0).ready entity=mon.0 client_cookie=3b1322b9de4df7a9 server_cookie=0 in_seq=0 out_seq=0
2024-04-24T08:12:20.757 INFO:teuthology.orchestra.run.smithi090.stdout:/usr/bin/ceph: stderr
2024-04-24T08:12:12.635+0000 7f2f1ea00700 1 -- 172.21.15.90:0/1558269125 <== mon.0 v2:172.21.15.90:3300/0 1 ==== mon_map magic: 0 v1 ==== 229+0+0 (secure 0 0 0) 0x7f2f10004180 con 0x7f2f2007ad00
2024-04-24T08:12:20.757 INFO:teuthology.orchestra.run.smithi090.stdout:/usr/bin/ceph: stderr
2024-04-24T08:12:12.635+0000 7f2f1ea00700 1 -- 172.21.15.90:0/1558269125 <== mon.0 v2:172.21.15.90:3300/0 2 ==== config(27 keys) v1 ==== 1101+0+0 (secure 0 0 0) 0x7f2f100042e0 con 0x7f2f2007ad00
2024-04-24T08:12:20.757 INFO:teuthology.orchestra.run.smithi090.stdout:/usr/bin/ceph: stderr
2024-04-24T08:12:12.635+0000 7f2f1ea00700 1 -- 172.21.15.90:0/1558269125 <== mon.0 v2:172.21.15.90:3300/0 3 ==== mon_map magic: 0 v1 ==== 229+0+0 (secure 0 0 0) 0x7f2f10011af0 con 0x7f2f2007ad00
2024-04-24T08:12:20.757 INFO:teuthology.orchestra.run.smithi090.stdout:/usr/bin/ceph: stderr
2024-04-24T08:12:12.636+0000 7f2f26c00700 1 -- 172.21.15.90:0/1558269125 >> [v2:172.21.15.90:3300/0,v1:172.21.15.90:6789/0] conn(0x7f2f2007ad00 msgr2=0x7f2f20079200 secure :-1 s=STATE_CONNECTION_ESTABLISHED l=1).mark_down
2024-04-24T08:12:20.757 INFO:teuthology.orchestra.run.smithi090.stdout:/usr/bin/ceph: stderr
2024-04-24T08:12:12.636+0000 7f2f26c00700 1 --2- 172.21.15.90:0/1558269125 >> [v2:172.21.15.90:3300/0,v1:172.21.15.90:6789/0] conn(0x7f2f2007ad00 0x7f2f20079200 secure :-1 s=READY pgs=73 cs=0 l=1 rev1=1 crypto rx=0x7f2f100098a0 tx=0x7f2f10009bb0 comp rx=0 tx=0).stop
2024-04-24T08:12:20.757 INFO:teuthology.orchestra.run.smithi090.stdout:/usr/bin/ceph: stderr
2024-04-24T08:12:12.636+0000 7f2f26c00700 1 -- 172.21.15.90:0/1558269125 shutdown_connections
2024-04-24T08:12:20.757 INFO:teuthology.orchestra.run.smithi090.stdout:/usr/bin/ceph: stderr
2024-04-24T08:12:12.636+0000 7f2f26c00700 1 --2- 172.21.15.90:0/1558269125 >> [v2:172.21.15.90:3300/0,v1:172.21.15.90:6789/0] conn(0x7f2f2007ad00 0x7f2f20079200 unknown :-1 s=CLOSED pgs=73 cs=0 l=1 rev1=1 crypto rx=0 tx=0 comp rx=0 tx=0).stop
2024-04-24T08:12:20.757 INFO:teuthology.orchestra.run.smithi090.stdout:/usr/bin/ceph: stderr
2024-04-24T08:12:12.636+0000 7f2f26c00700 1 -- 172.21.15.90:0/1558269125 >> 172.21.15.90:0/1558269125 conn(0x7f2f20101160 msgr2=0x7f2f20103590 unknown :-1 s=STATE_NONE l=0).mark_down
2024-04-24T08:12:20.757 INFO:teuthology.orchestra.run.smithi090.stdout:/usr/bin/ceph: stderr
2024-04-24T08:12:12.636+0000 7f2f26c00700 1 -- 172.21.15.90:0/1558269125 shutdown_connections
2024-04-24T08:12:20.757 INFO:teuthology.orchestra.run.smithi090.stdout:/usr/bin/ceph: stderr
2024-04-24T08:12:12.636+0000 7f2f26c00700 1 -- 172.21.15.90:0/1558269125 wait complete.
2024-04-24T08:12:20.758 INFO:teuthology.orchestra.run.smithi090.stdout:/usr/bin/ceph: stderr
2024-04-24T08:12:12.637+0000 7f2f26c00700 1 Processor -- start
2024-04-24T08:12:20.758 INFO:teuthology.orchestra.run.smithi090.stdout:/usr/bin/ceph: stderr
2024-04-24T08:12:12.638+0000 7f2f26c00700 1 -- start start
2024-04-24T08:12:20.758 INFO:teuthology.orchestra.run.smithi090.stdout:/usr/bin/ceph: stderr
2024-04-24T08:12:12.638+0000 7f2f26c00700 1 --2- >> [v2:172.21.15.90:3300/0,v1:172.21.15.90:6789/0] conn(0x7f2f2007ad00 0x7f2f2019bad0 unknown :-1 s=NONE pgs=0 cs=0 l=1 rev1=0 crypto rx=0 tx=0 comp rx=0 tx=0).connect
2024-04-24T08:12:20.758 INFO:teuthology.orchestra.run.smithi090.stdout:/usr/bin/ceph: stderr
2024-04-24T08:12:12.638+0000 7f2f26c00700 1 -- --> [v2:172.21.15.90:3300/0,v1:172.21.15.90:6789/0] -- mon_getmap magic: 0 v1 -- 0x7f2f2019c010 con 0x7f2f2007ad00
2024-04-24T08:12:20.758 INFO:teuthology.orchestra.run.smithi090.stdout:/usr/bin/ceph: stderr
2024-04-24T08:12:12.638+0000 7f2f1fe00700 1 --2- >> [v2:172.21.15.90:3300/0,v1:172.21.15.90:6789/0] conn(0x7f2f2007ad00 0x7f2f2019bad0 unknown :-1 s=BANNER_CONNECTING pgs=0 cs=0 l=1 rev1=0 crypto rx=0 tx=0 comp rx=0 tx=0)._handle_peer_banner_payload supported=3 required=0
2024-04-24T08:12:20.758 INFO:teuthology.orchestra.run.smithi090.stdout:/usr/bin/ceph: stderr
2024-04-24T08:12:12.638+0000 7f2f1fe00700 1 --2- >> [v2:172.21.15.90:3300/0,v1:172.21.15.90:6789/0] conn(0x7f2f2007ad00 0x7f2f2019bad0 unknown :-1 s=HELLO_CONNECTING pgs=0 cs=0 l=1 rev1=1 crypto rx=0 tx=0 comp rx=0 tx=0).handle_hello peer v2:172.21.15.90:3300/0 says I am v2:172.21.15.90:57218/0 (socket says 172.21.15.90:57218)
2024-04-24T08:12:20.758 INFO:teuthology.orchestra.run.smithi090.stdout:/usr/bin/ceph: stderr
2024-04-24T08:12:12.638+0000 7f2f1fe00700 1 -- 172.21.15.90:0/2089416242 learned_addr learned my addr 172.21.15.90:0/2089416242 (peer_addr_for_me v2:172.21.15.90:0/0)
2024-04-24T08:12:20.758 INFO:teuthology.orchestra.run.smithi090.stdout:/usr/bin/ceph: stderr
2024-04-24T08:12:12.638+0000 7f2f1fe00700 1 -- 172.21.15.90:0/2089416242 --> [v2:172.21.15.90:3300/0,v1:172.21.15.90:6789/0] -- mon_subscribe({config=0+,monmap=0+}) v3 -- 0x7f2f10009550 con 0x7f2f2007ad00
2024-04-24T08:12:20.758 INFO:teuthology.orchestra.run.smithi090.stdout:/usr/bin/ceph: stderr
2024-04-24T08:12:12.639+0000 7f2f1fe00700 1 --2- 172.21.15.90:0/2089416242 >> [v2:172.21.15.90:3300/0,v1:172.21.15.90:6789/0] conn(0x7f2f2007ad00 0x7f2f2019bad0 secure :-1 s=READY pgs=74 cs=0 l=1 rev1=1 crypto rx=0x7f2f10000c00 tx=0x7f2f10011b50 comp rx=0 tx=0).ready entity=mon.0 client_cookie=0 server_cookie=0 in_seq=0 out_seq=0
2024-04-24T08:12:20.758 INFO:teuthology.orchestra.run.smithi090.stdout:/usr/bin/ceph: stderr
2024-04-24T08:12:12.639+0000 7f2f1cc00700 1 -- 172.21.15.90:0/2089416242 <== mon.0 v2:172.21.15.90:3300/0 1 ==== mon_map magic: 0 v1 ==== 229+0+0 (secure 0 0 0) 0x7f2f10003a70 con 0x7f2f2007ad00
2024-04-24T08:12:20.758 INFO:teuthology.orchestra.run.smithi090.stdout:/usr/bin/ceph: stderr
2024-04-24T08:12:12.639+0000 7f2f1cc00700 1 -- 172.21.15.90:0/2089416242 <== mon.0 v2:172.21.15.90:3300/0 2 ==== config(27 keys) v1 ==== 1101+0+0 (secure 0 0 0) 0x7f2f10003bd0 con 0x7f2f2007ad00
2024-04-24T08:12:20.758 INFO:teuthology.orchestra.run.smithi090.stdout:/usr/bin/ceph: stderr
2024-04-24T08:12:12.639+0000 7f2f1cc00700 1 -- 172.21.15.90:0/2089416242 <== mon.0 v2:172.21.15.90:3300/0 3 ==== mon_map magic: 0 v1 ==== 229+0+0 (secure 0 0 0) 0x7f2f100238c0 con 0x7f2f2007ad00
2024-04-24T08:12:20.758 INFO:teuthology.orchestra.run.smithi090.stdout:/usr/bin/ceph: stderr
2024-04-24T08:12:12.639+0000 7f2f26c00700 1 -- 172.21.15.90:0/2089416242 --> [v2:172.21.15.90:3300/0,v1:172.21.15.90:6789/0] -- mon_subscribe({mgrmap=0+}) v3 -- 0x7f2f2019c210 con 0x7f2f2007ad00
2024-04-24T08:12:20.763 INFO:teuthology.orchestra.run.smithi090.stdout:/usr/bin/ceph: stderr
2024-04-24T08:12:12.639+0000 7f2f26c00700 1 -- 172.21.15.90:0/2089416242 --> [v2:172.21.15.90:3300/0,v1:172.21.15.90:6789/0] -- mon_subscribe({osdmap=0}) v3 -- 0x7f2f2019c630 con 0x7f2f2007ad00
2024-04-24T08:12:20.763 INFO:teuthology.orchestra.run.smithi090.stdout:/usr/bin/ceph: stderr
2024-04-24T08:12:12.640+0000 7f2f1cc00700 1 -- 172.21.15.90:0/2089416242 <== mon.0 v2:172.21.15.90:3300/0 4 ==== mgrmap(e 9) v1 ==== 45097+0+0 (secure 0 0 0) 0x7f2f10023b30 con 0x7f2f2007ad00
2024-04-24T08:12:20.763 INFO:teuthology.orchestra.run.smithi090.stdout:/usr/bin/ceph: stderr
2024-04-24T08:12:12.641+0000 7f2f1cc00700 1 --2- 172.21.15.90:0/2089416242 >> [v2:172.21.15.90:6800/3041763742,v1:172.21.15.90:6801/3041763742] conn(0x7f2f04038490 0x7f2f0403a940 unknown :-1 s=NONE pgs=0 cs=0 l=1 rev1=0 crypto rx=0 tx=0 comp rx=0 tx=0).connect
2024-04-24T08:12:20.763 INFO:teuthology.orchestra.run.smithi090.stdout:/usr/bin/ceph: stderr
2024-04-24T08:12:12.641+0000 7f2f1cc00700 1 -- 172.21.15.90:0/2089416242 --> [v2:172.21.15.90:6800/3041763742,v1:172.21.15.90:6801/3041763742] -- command(tid 0: {"prefix": "get_command_descriptions"}) v1 -- 0x7f2f0403b050 con 0x7f2f04038490
2024-04-24T08:12:20.763 INFO:teuthology.orchestra.run.smithi090.stdout:/usr/bin/ceph: stderr
2024-04-24T08:12:12.641+0000 7f2f1cc00700 1 -- 172.21.15.90:0/2089416242 <== mon.0 v2:172.21.15.90:3300/0 5 ==== osd_map(2..2 src has 1..2) v4 ==== 940+0+0 (secure 0 0 0) 0x7f2f1004c2f0 con 0x7f2f2007ad00
2024-04-24T08:12:20.763 INFO:teuthology.orchestra.run.smithi090.stdout:/usr/bin/ceph: stderr
2024-04-24T08:12:12.641+0000 7f2f1f400700 1 -- 172.21.15.90:0/2089416242 >> [v2:172.21.15.90:6800/3041763742,v1:172.21.15.90:6801/3041763742] conn(0x7f2f04038490 msgr2=0x7f2f0403a940 unknown :-1 s=STATE_CONNECTING_RE l=1).process reconnect failed to v2:172.21.15.90:6800/3041763742
2024-04-24T08:12:20.764 INFO:teuthology.orchestra.run.smithi090.stdout:/usr/bin/ceph: stderr
2024-04-24T08:12:12.641+0000 7f2f1f400700 1 --2- 172.21.15.90:0/2089416242 >> [v2:172.21.15.90:6800/3041763742,v1:172.21.15.90:6801/3041763742] conn(0x7f2f04038490 0x7f2f0403a940 unknown :-1 s=START_CONNECT pgs=0 cs=0 l=1 rev1=0 crypto rx=0 tx=0 comp rx=0 tx=0)._fault waiting 0.200000
2024-04-24T08:12:20.764 INFO:teuthology.orchestra.run.smithi090.stdout:/usr/bin/ceph: stderr
2024-04-24T08:12:12.842+0000 7f2f1f400700 1 -- 172.21.15.90:0/2089416242 >> [v2:172.21.15.90:6800/3041763742,v1:172.21.15.90:6801/3041763742] conn(0x7f2f04038490 msgr2=0x7f2f0403a940 unknown :-1 s=STATE_CONNECTING_RE l=1).process reconnect failed to v2:172.21.15.90:6800/3041763742
2024-04-24T08:12:20.764 INFO:teuthology.orchestra.run.smithi090.stdout:/usr/bin/ceph: stderr
2024-04-24T08:12:12.842+0000 7f2f1f400700 1 --2- 172.21.15.90:0/2089416242 >> [v2:172.21.15.90:6800/3041763742,v1:172.21.15.90:6801/3041763742] conn(0x7f2f04038490 0x7f2f0403a940 unknown :-1 s=START_CONNECT pgs=0 cs=0 l=1 rev1=0 crypto rx=0 tx=0 comp rx=0 tx=0)._fault waiting 0.400000
2024-04-24T08:12:20.764 INFO:teuthology.orchestra.run.smithi090.stdout:/usr/bin/ceph: stderr
2024-04-24T08:12:13.243+0000 7f2f1f400700 1 -- 172.21.15.90:0/2089416242 >> [v2:172.21.15.90:6800/3041763742,v1:172.21.15.90:6801/3041763742] conn(0x7f2f04038490 msgr2=0x7f2f0403a940 unknown :-1 s=STATE_CONNECTING_RE l=1).process reconnect failed to v2:172.21.15.90:6800/3041763742
2024-04-24T08:12:20.764 INFO:teuthology.orchestra.run.smithi090.stdout:/usr/bin/ceph: stderr
2024-04-24T08:12:13.243+0000 7f2f1f400700 1 --2- 172.21.15.90:0/2089416242 >> [v2:172.21.15.90:6800/3041763742,v1:172.21.15.90:6801/3041763742] conn(0x7f2f04038490 0x7f2f0403a940 unknown :-1 s=START_CONNECT pgs=0 cs=0 l=1 rev1=0 crypto rx=0 tx=0 comp rx=0 tx=0)._fault waiting 0.800000
2024-04-24T08:12:20.764 INFO:teuthology.orchestra.run.smithi090.stdout:/usr/bin/ceph: stderr
2024-04-24T08:12:14.044+0000 7f2f1f400700 1 -- 172.21.15.90:0/2089416242 >> [v2:172.21.15.90:6800/3041763742,v1:172.21.15.90:6801/3041763742] conn(0x7f2f04038490 msgr2=0x7f2f0403a940 unknown :-1 s=STATE_CONNECTING_RE l=1).process reconnect failed to v2:172.21.15.90:6800/3041763742
2024-04-24T08:12:20.764 INFO:teuthology.orchestra.run.smithi090.stdout:/usr/bin/ceph: stderr
2024-04-24T08:12:14.044+0000 7f2f1f400700 1 --2- 172.21.15.90:0/2089416242 >> [v2:172.21.15.90:6800/3041763742,v1:172.21.15.90:6801/3041763742] conn(0x7f2f04038490 0x7f2f0403a940 unknown :-1 s=START_CONNECT pgs=0 cs=0 l=1 rev1=0 crypto rx=0 tx=0 comp rx=0 tx=0)._fault waiting 1.600000
2024-04-24T08:12:20.764 INFO:teuthology.orchestra.run.smithi090.stdout:/usr/bin/ceph: stderr
2024-04-24T08:12:15.646+0000 7f2f1f400700 1 -- 172.21.15.90:0/2089416242 >> [v2:172.21.15.90:6800/3041763742,v1:172.21.15.90:6801/3041763742] conn(0x7f2f04038490 msgr2=0x7f2f0403a940 unknown :-1 s=STATE_CONNECTING_RE l=1).process reconnect failed to v2:172.21.15.90:6800/3041763742
2024-04-24T08:12:20.765 INFO:teuthology.orchestra.run.smithi090.stdout:/usr/bin/ceph: stderr
2024-04-24T08:12:15.646+0000 7f2f1f400700 1 --2- 172.21.15.90:0/2089416242 >> [v2:172.21.15.90:6800/3041763742,v1:172.21.15.90:6801/3041763742] conn(0x7f2f04038490 0x7f2f0403a940 unknown :-1 s=START_CONNECT pgs=0 cs=0 l=1 rev1=0 crypto rx=0 tx=0 comp rx=0 tx=0)._fault waiting 3.200000
2024-04-24T08:12:20.765 INFO:teuthology.orchestra.run.smithi090.stdout:/usr/bin/ceph: stderr
2024-04-24T08:12:18.364+0000 7f2f1cc00700 1 -- 172.21.15.90:0/2089416242 <== mon.0 v2:172.21.15.90:3300/0 6 ==== mgrmap(e 10) v1 ==== 44864+0+0 (secure 0 0 0) 0x7f2f1001ad00 con 0x7f2f2007ad00
2024-04-24T08:12:20.765 INFO:teuthology.orchestra.run.smithi090.stdout:/usr/bin/ceph: stderr
2024-04-24T08:12:18.364+0000 7f2f1cc00700 1 -- 172.21.15.90:0/2089416242 >> [v2:172.21.15.90:6800/3041763742,v1:172.21.15.90:6801/3041763742] conn(0x7f2f04038490 msgr2=0x7f2f0403a940 unknown :-1 s=STATE_CONNECTING l=1).mark_down
2024-04-24T08:12:20.765 INFO:teuthology.orchestra.run.smithi090.stdout:/usr/bin/ceph: stderr
2024-04-24T08:12:18.364+0000 7f2f1cc00700 1 --2- 172.21.15.90:0/2089416242 >> [v2:172.21.15.90:6800/3041763742,v1:172.21.15.90:6801/3041763742] conn(0x7f2f04038490 0x7f2f0403a940 unknown :-1 s=START_CONNECT pgs=0 cs=0 l=1 rev1=0 crypto rx=0 tx=0 comp rx=0 tx=0).stop
2024-04-24T08:12:20.765 INFO:teuthology.orchestra.run.smithi090.stdout:/usr/bin/ceph: stderr
2024-04-24T08:12:19.368+0000 7f2f1cc00700 1 -- 172.21.15.90:0/2089416242 <== mon.0 v2:172.21.15.90:3300/0 7 ==== mgrmap(e 11) v1 ==== 44991+0+0 (secure 0 0 0) 0x7f2f100193c0 con 0x7f2f2007ad00
2024-04-24T08:12:20.765 INFO:teuthology.orchestra.run.smithi090.stdout:/usr/bin/ceph: stderr
2024-04-24T08:12:19.368+0000 7f2f1cc00700 1 --2- 172.21.15.90:0/2089416242 >> [v2:172.21.15.90:6800/3702780720,v1:172.21.15.90:6801/3702780720] conn(0x7f2f0403bef0 0x7f2f0403e2d0 unknown :-1 s=NONE pgs=0 cs=0 l=1 rev1=0 crypto rx=0 tx=0 comp rx=0 tx=0).connect
2024-04-24T08:12:20.765 INFO:teuthology.orchestra.run.smithi090.stdout:/usr/bin/ceph: stderr
2024-04-24T08:12:19.368+0000 7f2f1cc00700 1 -- 172.21.15.90:0/2089416242 --> [v2:172.21.15.90:6800/3702780720,v1:172.21.15.90:6801/3702780720] -- command(tid 0: {"prefix": "get_command_descriptions"}) v1 -- 0x7f2f0403b050 con 0x7f2f0403bef0
2024-04-24T08:12:20.765 INFO:teuthology.orchestra.run.smithi090.stdout:/usr/bin/ceph: stderr
2024-04-24T08:12:19.369+0000 7f2f1f400700 1 --2- 172.21.15.90:0/2089416242 >> [v2:172.21.15.90:6800/3702780720,v1:172.21.15.90:6801/3702780720] conn(0x7f2f0403bef0 0x7f2f0403e2d0 unknown :-1 s=BANNER_CONNECTING pgs=0 cs=0 l=1 rev1=0 crypto rx=0 tx=0 comp rx=0 tx=0)._handle_peer_banner_payload supported=3 required=0
2024-04-24T08:12:20.765 INFO:teuthology.orchestra.run.smithi090.stdout:/usr/bin/ceph: stderr
2024-04-24T08:12:19.371+0000 7f2f1f400700 1 --2- 172.21.15.90:0/2089416242 >> [v2:172.21.15.90:6800/3702780720,v1:172.21.15.90:6801/3702780720] conn(0x7f2f0403bef0 0x7f2f0403e2d0 secure :-1 s=READY pgs=1 cs=0 l=1 rev1=1 crypto rx=0x7f2f0c003a10 tx=0x7f2f0c009270 comp rx=0 tx=0).ready entity=mgr.14164 client_cookie=0 server_cookie=0 in_seq=0 out_seq=0
2024-04-24T08:12:20.766 INFO:teuthology.orchestra.run.smithi090.stdout:/usr/bin/ceph: stderr
2024-04-24T08:12:19.373+0000 7f2f1cc00700 1 -- 172.21.15.90:0/2089416242 <== mgr.14164 v2:172.21.15.90:6800/3702780720 1 ==== command_reply(tid 0: 0 ) v1 ==== 8+0+6910 (secure 0 0 0) 0x7f2f0403b050 con 0x7f2f0403bef0
2024-04-24T08:12:20.766 INFO:teuthology.orchestra.run.smithi090.stdout:/usr/bin/ceph: stderr
2024-04-24T08:12:19.380+0000 7f2f26c00700 1 -- 172.21.15.90:0/2089416242 --> [v2:172.21.15.90:6800/3702780720,v1:172.21.15.90:6801/3702780720] -- command(tid 1: {"prefix": "mgr_status"}) v1 -- 0x7f2f2019ce10 con 0x7f2f0403bef0
2024-04-24T08:12:20.766 INFO:teuthology.orchestra.run.smithi090.stdout:/usr/bin/ceph: stderr
2024-04-24T08:12:19.380+0000 7f2f1cc00700 1 -- 172.21.15.90:0/2089416242 <== mgr.14164 v2:172.21.15.90:6800/3702780720 2 ==== command_reply(tid 1: 0 ) v1 ==== 8+0+52 (secure 0 0 0) 0x7f2f2019ce10 con 0x7f2f0403bef0
2024-04-24T08:12:20.766 INFO:teuthology.orchestra.run.smithi090.stdout:/usr/bin/ceph: stderr
2024-04-24T08:12:19.381+0000 7f2f26c00700 1 -- 172.21.15.90:0/2089416242 >> [v2:172.21.15.90:6800/3702780720,v1:172.21.15.90:6801/3702780720] conn(0x7f2f0403bef0 msgr2=0x7f2f0403e2d0 secure :-1 s=STATE_CONNECTION_ESTABLISHED l=1).mark_down
2024-04-24T08:12:20.766 INFO:teuthology.orchestra.run.smithi090.stdout:/usr/bin/ceph: stderr
2024-04-24T08:12:19.381+0000 7f2f26c00700 1 --2- 172.21.15.90:0/2089416242 >> [v2:172.21.15.90:6800/3702780720,v1:172.21.15.90:6801/3702780720] conn(0x7f2f0403bef0 0x7f2f0403e2d0 secure :-1 s=READY pgs=1 cs=0 l=1 rev1=1 crypto rx=0x7f2f0c003a10 tx=0x7f2f0c009270 comp rx=0 tx=0).stop
2024-04-24T08:12:20.766 INFO:teuthology.orchestra.run.smithi090.stdout:/usr/bin/ceph: stderr
2024-04-24T08:12:19.381+0000 7f2f26c00700 1 -- 172.21.15.90:0/2089416242 >> [v2:172.21.15.90:3300/0,v1:172.21.15.90:6789/0] conn(0x7f2f2007ad00 msgr2=0x7f2f2019bad0 secure :-1 s=STATE_CONNECTION_ESTABLISHED l=1).mark_down
2024-04-24T08:12:20.766 INFO:teuthology.orchestra.run.smithi090.stdout:/usr/bin/ceph: stderr
2024-04-24T08:12:19.381+0000 7f2f26c00700 1 --2- 172.21.15.90:0/2089416242 >> [v2:172.21.15.90:3300/0,v1:172.21.15.90:6789/0] conn(0x7f2f2007ad00 0x7f2f2019bad0 secure :-1 s=READY pgs=74 cs=0 l=1 rev1=1 crypto rx=0x7f2f10000c00 tx=0x7f2f10011b50 comp rx=0 tx=0).stop
2024-04-24T08:12:20.766 INFO:teuthology.orchestra.run.smithi090.stdout:/usr/bin/ceph: stderr
2024-04-24T08:12:19.382+0000 7f2f26c00700 1 -- 172.21.15.90:0/2089416242 shutdown_connections
2024-04-24T08:12:20.766 INFO:teuthology.orchestra.run.smithi090.stdout:/usr/bin/ceph: stderr
2024-04-24T08:12:19.382+0000 7f2f26c00700 1 --2- 172.21.15.90:0/2089416242 >> [v2:172.21.15.90:6800/3702780720,v1:172.21.15.90:6801/3702780720] conn(0x7f2f0403bef0 0x7f2f0403e2d0 unknown :-1 s=CLOSED pgs=1 cs=0 l=1 rev1=1 crypto rx=0 tx=0 comp rx=0 tx=0).stop
2024-04-24T08:12:20.766 INFO:teuthology.orchestra.run.smithi090.stdout:/usr/bin/ceph: stderr
2024-04-24T08:12:19.382+0000 7f2f26c00700 1 --2- 172.21.15.90:0/2089416242 >> [v2:172.21.15.90:3300/0,v1:172.21.15.90:6789/0] conn(0x7f2f2007ad00 0x7f2f2019bad0 unknown :-1 s=CLOSED pgs=74 cs=0 l=1 rev1=1 crypto rx=0 tx=0 comp rx=0 tx=0).stop
2024-04-24T08:12:20.766 INFO:teuthology.orchestra.run.smithi090.stdout:/usr/bin/ceph: stderr
2024-04-24T08:12:19.382+0000 7f2f26c00700 1 --2- 172.21.15.90:0/2089416242 >> [v2:172.21.15.90:6800/3041763742,v1:172.21.15.90:6801/3041763742] conn(0x7f2f04038490 0x7f2f0403a940 unknown :-1 s=CLOSED pgs=0 cs=0 l=1 rev1=0 crypto rx=0 tx=0 comp rx=0 tx=0).stop
2024-04-24T08:12:20.766 INFO:teuthology.orchestra.run.smithi090.stdout:/usr/bin/ceph: stderr
2024-04-24T08:12:19.382+0000 7f2f26c00700 1 -- 172.21.15.90:0/2089416242 >> 172.21.15.90:0/2089416242 conn(0x7f2f20101160 msgr2=0x7f2f20102810 unknown :-1 s=STATE_NONE l=0).mark_down
2024-04-24T08:12:20.766 INFO:teuthology.orchestra.run.smithi090.stdout:/usr/bin/ceph: stderr
2024-04-24T08:12:19.382+0000 7f2f26c00700 1 -- 172.21.15.90:0/2089416242 shutdown_connections
2024-04-24T08:12:20.767 INFO:teuthology.orchestra.run.smithi090.stdout:/usr/bin/ceph: stderr
2024-04-24T08:12:19.382+0000 7f2f26c00700 1 -- 172.21.15.90:0/2089416242 wait complete.
2024-04-24T08:12:20.767 INFO:teuthology.orchestra.run.smithi090.stdout:mgr epoch 9 is available
2024-04-24T08:12:20.767 INFO:teuthology.orchestra.run.smithi090.stdout:Generating a dashboard self-signed certificate...
2024-04-24T08:12:21.779 INFO:journalctl@ceph.mon.smithi090.smithi090.stdout:Apr 24 08:12:21 smithi090 ceph-mon[25016]: mgrmap e12: smithi090.jsrfxo(active, since 2s)
2024-04-24T08:12:21.779 INFO:journalctl@ceph.mon.smithi090.smithi090.stdout:Apr 24 08:12:21 smithi090 ceph-mon[25016]: from='mgr.14164 172.21.15.90:0/709923027' entity='mgr.smithi090.jsrfxo'
2024-04-24T08:12:22.551 INFO:teuthology.orchestra.run.smithi090.stdout:/usr/bin/ceph: stdout Self-signed certificate created
2024-04-24T08:12:22.551 INFO:teuthology.orchestra.run.smithi090.stdout:/usr/bin/ceph: stderr
2024-04-24T08:12:21.362+0000 7f5fb6a00700 1 Processor -- start
2024-04-24T08:12:22.551 INFO:teuthology.orchestra.run.smithi090.stdout:/usr/bin/ceph: stderr
2024-04-24T08:12:21.362+0000 7f5fb6a00700 1 -- start start
2024-04-24T08:12:22.551 INFO:teuthology.orchestra.run.smithi090.stdout:/usr/bin/ceph: stderr
2024-04-24T08:12:21.362+0000 7f5fb6a00700 1 --2- >> [v2:172.21.15.90:3300/0,v1:172.21.15.90:6789/0] conn(0x7f5fb0105b10 0x7f5fb0105f20 unknown :-1 s=NONE pgs=0 cs=0 l=0 rev1=0 crypto rx=0 tx=0 comp rx=0 tx=0).connect
2024-04-24T08:12:22.551 INFO:teuthology.orchestra.run.smithi090.stdout:/usr/bin/ceph: stderr
2024-04-24T08:12:21.362+0000 7f5fb6a00700 1 -- --> [v2:172.21.15.90:3300/0,v1:172.21.15.90:6789/0] -- mon_getmap magic: 0 v1 -- 0x7f5fb0106460 con 0x7f5fb0105b10
2024-04-24T08:12:22.551 INFO:teuthology.orchestra.run.smithi090.stdout:/usr/bin/ceph: stderr
2024-04-24T08:12:21.363+0000 7f5fafe00700 1 --2- >> [v2:172.21.15.90:3300/0,v1:172.21.15.90:6789/0] conn(0x7f5fb0105b10 0x7f5fb0105f20 unknown :-1 s=BANNER_CONNECTING pgs=0 cs=0 l=0 rev1=0 crypto rx=0 tx=0 comp rx=0 tx=0)._handle_peer_banner_payload supported=3 required=0
2024-04-24T08:12:22.551 INFO:teuthology.orchestra.run.smithi090.stdout:/usr/bin/ceph: stderr
2024-04-24T08:12:21.363+0000 7f5fafe00700 1 --2- >> [v2:172.21.15.90:3300/0,v1:172.21.15.90:6789/0] conn(0x7f5fb0105b10 0x7f5fb0105f20 unknown :-1 s=HELLO_CONNECTING pgs=0 cs=0 l=0 rev1=1 crypto rx=0 tx=0 comp rx=0 tx=0).handle_hello peer v2:172.21.15.90:3300/0 says I am v2:172.21.15.90:40730/0 (socket says 172.21.15.90:40730)
2024-04-24T08:12:22.551 INFO:teuthology.orchestra.run.smithi090.stdout:/usr/bin/ceph: stderr
2024-04-24T08:12:21.363+0000 7f5fafe00700 1 -- 172.21.15.90:0/3757881023 learned_addr learned my addr 172.21.15.90:0/3757881023 (peer_addr_for_me v2:172.21.15.90:0/0)
2024-04-24T08:12:22.551 INFO:teuthology.orchestra.run.smithi090.stdout:/usr/bin/ceph: stderr
2024-04-24T08:12:21.364+0000 7f5fafe00700 1 -- 172.21.15.90:0/3757881023 --> [v2:172.21.15.90:3300/0,v1:172.21.15.90:6789/0] -- mon_subscribe({config=0+,monmap=0+}) v3 -- 0x7f5fb01065a0 con 0x7f5fb0105b10
2024-04-24T08:12:22.552 INFO:teuthology.orchestra.run.smithi090.stdout:/usr/bin/ceph: stderr
2024-04-24T08:12:21.364+0000 7f5fafe00700 1 --2- 172.21.15.90:0/3757881023 >> [v2:172.21.15.90:3300/0,v1:172.21.15.90:6789/0] conn(0x7f5fb0105b10 0x7f5fb0105f20 secure :-1 s=READY pgs=82 cs=0 l=1 rev1=1 crypto rx=0x7f5fa00098a0 tx=0x7f5fa0009bb0 comp rx=0 tx=0).ready entity=mon.0 client_cookie=dd177107e7a13796 server_cookie=0 in_seq=0 out_seq=0
2024-04-24T08:12:22.552 INFO:teuthology.orchestra.run.smithi090.stdout:/usr/bin/ceph: stderr
2024-04-24T08:12:21.364+0000 7f5faea00700 1 -- 172.21.15.90:0/3757881023 <== mon.0 v2:172.21.15.90:3300/0 1 ==== mon_map magic: 0 v1 ==== 229+0+0 (secure 0 0 0) 0x7f5fa0004180 con 0x7f5fb0105b10
2024-04-24T08:12:22.552 INFO:teuthology.orchestra.run.smithi090.stdout:/usr/bin/ceph: stderr
2024-04-24T08:12:21.364+0000 7f5faea00700 1 -- 172.21.15.90:0/3757881023 <== mon.0 v2:172.21.15.90:3300/0 2 ==== config(27 keys) v1 ==== 1101+0+0 (secure 0 0 0) 0x7f5fa00042e0 con 0x7f5fb0105b10
2024-04-24T08:12:22.552 INFO:teuthology.orchestra.run.smithi090.stdout:/usr/bin/ceph: stderr
2024-04-24T08:12:21.364+0000 7f5faea00700 1 -- 172.21.15.90:0/3757881023 <== mon.0 v2:172.21.15.90:3300/0 3 ==== mon_map magic: 0 v1 ==== 229+0+0 (secure 0 0 0) 0x7f5fa0011af0 con 0x7f5fb0105b10
2024-04-24T08:12:22.552 INFO:teuthology.orchestra.run.smithi090.stdout:/usr/bin/ceph: stderr
2024-04-24T08:12:21.365+0000 7f5fb6a00700 1 -- 172.21.15.90:0/3757881023 >> [v2:172.21.15.90:3300/0,v1:172.21.15.90:6789/0] conn(0x7f5fb0105b10 msgr2=0x7f5fb0105f20 secure :-1 s=STATE_CONNECTION_ESTABLISHED l=1).mark_down
2024-04-24T08:12:22.552 INFO:teuthology.orchestra.run.smithi090.stdout:/usr/bin/ceph: stderr
2024-04-24T08:12:21.365+0000 7f5fb6a00700 1 --2- 172.21.15.90:0/3757881023 >> [v2:172.21.15.90:3300/0,v1:172.21.15.90:6789/0] conn(0x7f5fb0105b10 0x7f5fb0105f20 secure :-1 s=READY pgs=82 cs=0 l=1 rev1=1 crypto rx=0x7f5fa00098a0 tx=0x7f5fa0009bb0 comp rx=0 tx=0).stop
2024-04-24T08:12:22.552 INFO:teuthology.orchestra.run.smithi090.stdout:/usr/bin/ceph: stderr
2024-04-24T08:12:21.365+0000 7f5fb6a00700 1 -- 172.21.15.90:0/3757881023 shutdown_connections
2024-04-24T08:12:22.552 INFO:teuthology.orchestra.run.smithi090.stdout:/usr/bin/ceph: stderr
2024-04-24T08:12:21.365+0000 7f5fb6a00700 1 --2- 172.21.15.90:0/3757881023 >> [v2:172.21.15.90:3300/0,v1:172.21.15.90:6789/0] conn(0x7f5fb0105b10 0x7f5fb0105f20 unknown :-1 s=CLOSED pgs=82 cs=0 l=1 rev1=1 crypto rx=0 tx=0 comp rx=0 tx=0).stop
2024-04-24T08:12:22.552 INFO:teuthology.orchestra.run.smithi090.stdout:/usr/bin/ceph: stderr
2024-04-24T08:12:21.365+0000 7f5fb6a00700 1 -- 172.21.15.90:0/3757881023 >> 172.21.15.90:0/3757881023 conn(0x7f5fb0101160 msgr2=0x7f5fb0103590 unknown :-1 s=STATE_NONE l=0).mark_down
2024-04-24T08:12:22.552 INFO:teuthology.orchestra.run.smithi090.stdout:/usr/bin/ceph: stderr
2024-04-24T08:12:21.365+0000 7f5fb6a00700 1 -- 172.21.15.90:0/3757881023 shutdown_connections
2024-04-24T08:12:22.552 INFO:teuthology.orchestra.run.smithi090.stdout:/usr/bin/ceph: stderr
2024-04-24T08:12:21.366+0000 7f5fb6a00700 1 -- 172.21.15.90:0/3757881023 wait complete.
2024-04-24T08:12:22.552 INFO:teuthology.orchestra.run.smithi090.stdout:/usr/bin/ceph: stderr
2024-04-24T08:12:21.367+0000 7f5fb6a00700 1 Processor -- start
2024-04-24T08:12:22.553 INFO:teuthology.orchestra.run.smithi090.stdout:/usr/bin/ceph: stderr
2024-04-24T08:12:21.367+0000 7f5fb6a00700 1 -- start start
2024-04-24T08:12:22.553 INFO:teuthology.orchestra.run.smithi090.stdout:/usr/bin/ceph: stderr
2024-04-24T08:12:21.368+0000 7f5fb6a00700 1 --2- >> [v2:172.21.15.90:3300/0,v1:172.21.15.90:6789/0] conn(0x7f5fb0105b10 0x7f5fb019ba60 unknown :-1 s=NONE pgs=0 cs=0 l=1 rev1=0 crypto rx=0 tx=0 comp rx=0 tx=0).connect
2024-04-24T08:12:22.553 INFO:teuthology.orchestra.run.smithi090.stdout:/usr/bin/ceph: stderr
2024-04-24T08:12:21.368+0000 7f5fb6a00700 1 -- --> [v2:172.21.15.90:3300/0,v1:172.21.15.90:6789/0] -- mon_getmap magic: 0 v1 -- 0x7f5fb019bfa0 con 0x7f5fb0105b10
2024-04-24T08:12:22.553 INFO:teuthology.orchestra.run.smithi090.stdout:/usr/bin/ceph: stderr
2024-04-24T08:12:21.368+0000 7f5fafe00700 1 --2- >> [v2:172.21.15.90:3300/0,v1:172.21.15.90:6789/0] conn(0x7f5fb0105b10 0x7f5fb019ba60 unknown :-1 s=BANNER_CONNECTING pgs=0 cs=0 l=1 rev1=0 crypto rx=0 tx=0 comp rx=0 tx=0)._handle_peer_banner_payload supported=3 required=0
2024-04-24T08:12:22.553 INFO:teuthology.orchestra.run.smithi090.stdout:/usr/bin/ceph: stderr
2024-04-24T08:12:21.368+0000 7f5fafe00700 1 --2- >> [v2:172.21.15.90:3300/0,v1:172.21.15.90:6789/0] conn(0x7f5fb0105b10 0x7f5fb019ba60 unknown :-1 s=HELLO_CONNECTING pgs=0 cs=0 l=1 rev1=1 crypto rx=0 tx=0 comp rx=0 tx=0).handle_hello peer v2:172.21.15.90:3300/0 says I am v2:172.21.15.90:40732/0 (socket says 172.21.15.90:40732)
2024-04-24T08:12:22.553 INFO:teuthology.orchestra.run.smithi090.stdout:/usr/bin/ceph: stderr
2024-04-24T08:12:21.368+0000 7f5fafe00700 1 -- 172.21.15.90:0/3957506407 learned_addr learned my addr 172.21.15.90:0/3957506407 (peer_addr_for_me v2:172.21.15.90:0/0)
2024-04-24T08:12:22.553 INFO:teuthology.orchestra.run.smithi090.stdout:/usr/bin/ceph: stderr
2024-04-24T08:12:21.368+0000 7f5fafe00700 1 -- 172.21.15.90:0/3957506407 --> [v2:172.21.15.90:3300/0,v1:172.21.15.90:6789/0] -- mon_subscribe({config=0+,monmap=0+}) v3 -- 0x7f5fa0009550 con 0x7f5fb0105b10
2024-04-24T08:12:22.553 INFO:teuthology.orchestra.run.smithi090.stdout:/usr/bin/ceph: stderr
2024-04-24T08:12:21.369+0000 7f5fafe00700 1 --2- 172.21.15.90:0/3957506407 >> [v2:172.21.15.90:3300/0,v1:172.21.15.90:6789/0] conn(0x7f5fb0105b10 0x7f5fb019ba60 secure :-1 s=READY pgs=83 cs=0 l=1 rev1=1 crypto rx=0x7f5fa0011ad0 tx=0x7f5fa0011bb0 comp rx=0 tx=0).ready entity=mon.0 client_cookie=0 server_cookie=0 in_seq=0 out_seq=0
2024-04-24T08:12:22.553 INFO:teuthology.orchestra.run.smithi090.stdout:/usr/bin/ceph: stderr
2024-04-24T08:12:21.369+0000 7f5facc00700 1 -- 172.21.15.90:0/3957506407 <== mon.0 v2:172.21.15.90:3300/0 1 ==== mon_map magic: 0 v1 ==== 229+0+0 (secure 0 0 0) 0x7f5fa0003ab0 con 0x7f5fb0105b10
2024-04-24T08:12:22.553 INFO:teuthology.orchestra.run.smithi090.stdout:/usr/bin/ceph: stderr
2024-04-24T08:12:21.369+0000 7f5facc00700 1 -- 172.21.15.90:0/3957506407 <== mon.0 v2:172.21.15.90:3300/0 2 ==== config(27 keys) v1 ==== 1101+0+0 (secure 0 0 0) 0x7f5fa0003c10 con 0x7f5fb0105b10
2024-04-24T08:12:22.553 INFO:teuthology.orchestra.run.smithi090.stdout:/usr/bin/ceph: stderr
2024-04-24T08:12:21.369+0000 7f5facc00700 1 -- 172.21.15.90:0/3957506407 <== mon.0 v2:172.21.15.90:3300/0 3 ==== mon_map magic: 0 v1 ==== 229+0+0 (secure 0 0 0) 0x7f5fa00198e0 con 0x7f5fb0105b10
2024-04-24T08:12:22.553 INFO:teuthology.orchestra.run.smithi090.stdout:/usr/bin/ceph: stderr
2024-04-24T08:12:21.369+0000 7f5fb6a00700 1 -- 172.21.15.90:0/3957506407 --> [v2:172.21.15.90:3300/0,v1:172.21.15.90:6789/0] -- mon_subscribe({mgrmap=0+}) v3 -- 0x7f5fb019c1a0 con 0x7f5fb0105b10
2024-04-24T08:12:22.553 INFO:teuthology.orchestra.run.smithi090.stdout:/usr/bin/ceph: stderr
2024-04-24T08:12:21.369+0000 7f5fb6a00700 1 -- 172.21.15.90:0/3957506407 --> [v2:172.21.15.90:3300/0,v1:172.21.15.90:6789/0] -- mon_subscribe({osdmap=0}) v3 -- 0x7f5fb019c5c0 con 0x7f5fb0105b10
2024-04-24T08:12:22.554 INFO:teuthology.orchestra.run.smithi090.stdout:/usr/bin/ceph: stderr
2024-04-24T08:12:21.371+0000 7f5facc00700 1 -- 172.21.15.90:0/3957506407 <== mon.0 v2:172.21.15.90:3300/0 4 ==== mgrmap(e 12) v1 ==== 45097+0+0 (secure 0 0 0) 0x7f5fa0019a40 con 0x7f5fb0105b10
2024-04-24T08:12:22.554 INFO:teuthology.orchestra.run.smithi090.stdout:/usr/bin/ceph: stderr
2024-04-24T08:12:21.371+0000 7f5fb6a00700 1 -- 172.21.15.90:0/3957506407 --> [v2:172.21.15.90:3300/0,v1:172.21.15.90:6789/0] -- mon_command({"prefix": "get_command_descriptions"} v 0) v1 -- 0x7f5fb01958b0 con 0x7f5fb0105b10
2024-04-24T08:12:22.554 INFO:teuthology.orchestra.run.smithi090.stdout:/usr/bin/ceph: stderr
2024-04-24T08:12:21.371+0000 7f5facc00700 1 --2- 172.21.15.90:0/3957506407 >> [v2:172.21.15.90:6800/3702780720,v1:172.21.15.90:6801/3702780720] conn(0x7f5f940384e0 0x7f5f9403a990 unknown :-1 s=NONE pgs=0 cs=0 l=1 rev1=0 crypto rx=0 tx=0 comp rx=0 tx=0).connect
2024-04-24T08:12:22.554 INFO:teuthology.orchestra.run.smithi090.stdout:/usr/bin/ceph: stderr
2024-04-24T08:12:21.371+0000 7f5facc00700 1 -- 172.21.15.90:0/3957506407 <== mon.0 v2:172.21.15.90:3300/0 5 ==== osd_map(3..3 src has 1..3) v4 ==== 1155+0+0 (secure 0 0 0) 0x7f5fa004c2d0 con 0x7f5fb0105b10
2024-04-24T08:12:22.554 INFO:teuthology.orchestra.run.smithi090.stdout:/usr/bin/ceph: stderr
2024-04-24T08:12:21.372+0000 7f5faf400700 1 --2- 172.21.15.90:0/3957506407 >> [v2:172.21.15.90:6800/3702780720,v1:172.21.15.90:6801/3702780720] conn(0x7f5f940384e0 0x7f5f9403a990 unknown :-1 s=BANNER_CONNECTING pgs=0 cs=0 l=1 rev1=0 crypto rx=0 tx=0 comp rx=0 tx=0)._handle_peer_banner_payload supported=3 required=0
2024-04-24T08:12:22.554 INFO:teuthology.orchestra.run.smithi090.stdout:/usr/bin/ceph: stderr
2024-04-24T08:12:21.372+0000 7f5faf400700 1 --2- 172.21.15.90:0/3957506407 >> [v2:172.21.15.90:6800/3702780720,v1:172.21.15.90:6801/3702780720] conn(0x7f5f940384e0 0x7f5f9403a990 secure :-1 s=READY pgs=7 cs=0 l=1 rev1=1 crypto rx=0x7f5f9c006fd0 tx=0x7f5f9c006e40 comp rx=0 tx=0).ready entity=mgr.14164 client_cookie=0 server_cookie=0 in_seq=0 out_seq=0
2024-04-24T08:12:22.554 INFO:teuthology.orchestra.run.smithi090.stdout:/usr/bin/ceph: stderr
2024-04-24T08:12:21.377+0000 7f5facc00700 1 -- 172.21.15.90:0/3957506407 <== mon.0 v2:172.21.15.90:3300/0 6 ==== mon_command_ack([{"prefix": "get_command_descriptions"}]=0 v0) v1 ==== 72+0+177933 (secure 0 0 0) 0x7f5fa001a430 con 0x7f5fb0105b10
2024-04-24T08:12:22.554 INFO:teuthology.orchestra.run.smithi090.stdout:/usr/bin/ceph: stderr
2024-04-24T08:12:21.604+0000 7f5fb6a00700 1 -- 172.21.15.90:0/3957506407 --> [v2:172.21.15.90:6800/3702780720,v1:172.21.15.90:6801/3702780720] -- mgr_command(tid 0: {"prefix": "dashboard create-self-signed-cert", "target": ["mon-mgr", ""]}) v1 -- 0x7f5fb0061190 con 0x7f5f940384e0
2024-04-24T08:12:22.554 INFO:teuthology.orchestra.run.smithi090.stdout:/usr/bin/ceph: stderr
2024-04-24T08:12:21.862+0000 7f5facc00700 1 -- 172.21.15.90:0/3957506407 <== mgr.14164 v2:172.21.15.90:6800/3702780720 1 ==== mgr_command_reply(tid 0: 0 ) v1 ==== 8+0+32 (secure 0 0 0) 0x7f5fb0061190 con 0x7f5f940384e0
2024-04-24T08:12:22.554 INFO:teuthology.orchestra.run.smithi090.stdout:/usr/bin/ceph: stderr
2024-04-24T08:12:21.866+0000 7f5fb6a00700 1 -- 172.21.15.90:0/3957506407 >> [v2:172.21.15.90:6800/3702780720,v1:172.21.15.90:6801/3702780720] conn(0x7f5f940384e0 msgr2=0x7f5f9403a990 secure :-1 s=STATE_CONNECTION_ESTABLISHED l=1).mark_down
2024-04-24T08:12:22.554 INFO:teuthology.orchestra.run.smithi090.stdout:/usr/bin/ceph: stderr
2024-04-24T08:12:21.866+0000 7f5fb6a00700 1 --2- 172.21.15.90:0/3957506407 >> [v2:172.21.15.90:6800/3702780720,v1:172.21.15.90:6801/3702780720] conn(0x7f5f940384e0 0x7f5f9403a990 secure :-1 s=READY pgs=7 cs=0 l=1 rev1=1 crypto rx=0x7f5f9c006fd0 tx=0x7f5f9c006e40 comp rx=0 tx=0).stop
2024-04-24T08:12:22.554 INFO:teuthology.orchestra.run.smithi090.stdout:/usr/bin/ceph: stderr
2024-04-24T08:12:21.866+0000 7f5fb6a00700 1 -- 172.21.15.90:0/3957506407 >> [v2:172.21.15.90:3300/0,v1:172.21.15.90:6789/0] conn(0x7f5fb0105b10 msgr2=0x7f5fb019ba60 secure :-1 s=STATE_CONNECTION_ESTABLISHED l=1).mark_down
2024-04-24T08:12:22.554 INFO:teuthology.orchestra.run.smithi090.stdout:/usr/bin/ceph: stderr
2024-04-24T08:12:21.866+0000 7f5fb6a00700 1 --2- 172.21.15.90:0/3957506407 >> [v2:172.21.15.90:3300/0,v1:172.21.15.90:6789/0] conn(0x7f5fb0105b10 0x7f5fb019ba60 secure :-1 s=READY pgs=83 cs=0 l=1 rev1=1 crypto rx=0x7f5fa0011ad0 tx=0x7f5fa0011bb0 comp rx=0 tx=0).stop
2024-04-24T08:12:22.555 INFO:teuthology.orchestra.run.smithi090.stdout:/usr/bin/ceph: stderr
2024-04-24T08:12:21.867+0000 7f5fb6a00700 1 -- 172.21.15.90:0/3957506407 shutdown_connections
2024-04-24T08:12:22.555 INFO:teuthology.orchestra.run.smithi090.stdout:/usr/bin/ceph: stderr
2024-04-24T08:12:21.867+0000 7f5fb6a00700 1 --2- 172.21.15.90:0/3957506407 >> [v2:172.21.15.90:6800/3702780720,v1:172.21.15.90:6801/3702780720] conn(0x7f5f940384e0 0x7f5f9403a990 unknown :-1 s=CLOSED pgs=7 cs=0 l=1 rev1=1 crypto rx=0 tx=0 comp rx=0 tx=0).stop
2024-04-24T08:12:22.555 INFO:teuthology.orchestra.run.smithi090.stdout:/usr/bin/ceph: stderr
2024-04-24T08:12:21.867+0000 7f5fb6a00700 1 --2- 172.21.15.90:0/3957506407 >> [v2:172.21.15.90:3300/0,v1:172.21.15.90:6789/0] conn(0x7f5fb0105b10 0x7f5fb019ba60 unknown :-1 s=CLOSED pgs=83 cs=0 l=1 rev1=1 crypto rx=0 tx=0 comp rx=0 tx=0).stop
2024-04-24T08:12:22.555 INFO:teuthology.orchestra.run.smithi090.stdout:/usr/bin/ceph: stderr
2024-04-24T08:12:21.867+0000 7f5fb6a00700 1 -- 172.21.15.90:0/3957506407 >> 172.21.15.90:0/3957506407 conn(0x7f5fb0101160 msgr2=0x7f5fb01094e0 unknown :-1 s=STATE_NONE l=0).mark_down
2024-04-24T08:12:22.555 INFO:teuthology.orchestra.run.smithi090.stdout:/usr/bin/ceph: stderr
2024-04-24T08:12:21.867+0000 7f5fb6a00700 1 -- 172.21.15.90:0/3957506407 shutdown_connections
2024-04-24T08:12:22.555 INFO:teuthology.orchestra.run.smithi090.stdout:/usr/bin/ceph: stderr
2024-04-24T08:12:21.867+0000 7f5fb6a00700 1 -- 172.21.15.90:0/3957506407 wait complete.
2024-04-24T08:12:22.555 INFO:teuthology.orchestra.run.smithi090.stdout:Creating initial admin user...
2024-04-24T08:12:23.112 INFO:journalctl@ceph.mon.smithi090.smithi090.stdout:Apr 24 08:12:22 smithi090 ceph-mon[25016]: from='client.14176 -' entity='client.admin' cmd=[{"prefix": "dashboard create-self-signed-cert", "target": ["mon-mgr", ""]}]: dispatch
2024-04-24T08:12:23.112 INFO:journalctl@ceph.mon.smithi090.smithi090.stdout:Apr 24 08:12:22 smithi090 ceph-mon[25016]: from='mgr.14164 172.21.15.90:0/709923027' entity='mgr.smithi090.jsrfxo'
2024-04-24T08:12:23.112 INFO:journalctl@ceph.mon.smithi090.smithi090.stdout:Apr 24 08:12:22 smithi090 ceph-mon[25016]: from='mgr.14164 172.21.15.90:0/709923027' entity='mgr.smithi090.jsrfxo'
2024-04-24T08:12:23.112 INFO:journalctl@ceph.mon.smithi090.smithi090.stdout:Apr 24 08:12:22 smithi090 ceph-mon[25016]: from='mgr.14164 172.21.15.90:0/709923027' entity='mgr.smithi090.jsrfxo'
2024-04-24T08:12:24.701 INFO:teuthology.orchestra.run.smithi090.stdout:/usr/bin/ceph: stdout {"username": "admin", "password": "$2b$12$Nw0RfuHwljEGPBGRfs8YyeRmrAgwav56lh.BbYXQxHbTdi7UEl7N2", "roles": ["administrator"], "name": null, "email": null, "lastUpdate": 1713946343, "enabled": true, "pwdExpirationDate": null, "pwdUpdateRequired": true}
2024-04-24T08:12:24.701 INFO:teuthology.orchestra.run.smithi090.stdout:/usr/bin/ceph: stderr
2024-04-24T08:12:23.279+0000 7f09b5600700 1 Processor -- start
2024-04-24T08:12:24.701 INFO:teuthology.orchestra.run.smithi090.stdout:/usr/bin/ceph: stderr
2024-04-24T08:12:23.280+0000 7f09b5600700 1 -- start start
2024-04-24T08:12:24.701 INFO:teuthology.orchestra.run.smithi090.stdout:/usr/bin/ceph: stderr
2024-04-24T08:12:23.280+0000 7f09b5600700 1 --2- >> [v2:172.21.15.90:3300/0,v1:172.21.15.90:6789/0] conn(0x7f09b0105b10 0x7f09b0105f20 unknown :-1 s=NONE pgs=0 cs=0 l=0 rev1=0 crypto rx=0 tx=0 comp rx=0 tx=0).connect
2024-04-24T08:12:24.702 INFO:teuthology.orchestra.run.smithi090.stdout:/usr/bin/ceph: stderr
2024-04-24T08:12:23.280+0000 7f09b5600700 1 -- --> [v2:172.21.15.90:3300/0,v1:172.21.15.90:6789/0] -- mon_getmap magic: 0 v1 -- 0x7f09b0106460 con 0x7f09b0105b10
2024-04-24T08:12:24.702 INFO:teuthology.orchestra.run.smithi090.stdout:/usr/bin/ceph: stderr
2024-04-24T08:12:23.280+0000 7f09aea00700 1 --2- >> [v2:172.21.15.90:3300/0,v1:172.21.15.90:6789/0] conn(0x7f09b0105b10 0x7f09b0105f20 unknown :-1 s=BANNER_CONNECTING pgs=0 cs=0 l=0 rev1=0 crypto rx=0 tx=0 comp rx=0 tx=0)._handle_peer_banner_payload supported=3 required=0
2024-04-24T08:12:24.702 INFO:teuthology.orchestra.run.smithi090.stdout:/usr/bin/ceph: stderr
2024-04-24T08:12:23.281+0000 7f09aea00700 1 --2- >> [v2:172.21.15.90:3300/0,v1:172.21.15.90:6789/0] conn(0x7f09b0105b10 0x7f09b0105f20 unknown :-1 s=HELLO_CONNECTING pgs=0 cs=0 l=0 rev1=1 crypto rx=0 tx=0 comp rx=0 tx=0).handle_hello peer v2:172.21.15.90:3300/0 says I am v2:172.21.15.90:40738/0 (socket says 172.21.15.90:40738)
2024-04-24T08:12:24.702 INFO:teuthology.orchestra.run.smithi090.stdout:/usr/bin/ceph: stderr
2024-04-24T08:12:23.281+0000 7f09aea00700 1 -- 172.21.15.90:0/3378067304 learned_addr learned my addr 172.21.15.90:0/3378067304 (peer_addr_for_me v2:172.21.15.90:0/0)
2024-04-24T08:12:24.702 INFO:teuthology.orchestra.run.smithi090.stdout:/usr/bin/ceph: stderr
2024-04-24T08:12:23.281+0000 7f09aea00700 1 -- 172.21.15.90:0/3378067304 --> [v2:172.21.15.90:3300/0,v1:172.21.15.90:6789/0] -- mon_subscribe({config=0+,monmap=0+}) v3 -- 0x7f09b01065a0 con 0x7f09b0105b10
2024-04-24T08:12:24.702 INFO:teuthology.orchestra.run.smithi090.stdout:/usr/bin/ceph: stderr
2024-04-24T08:12:23.281+0000 7f09aea00700 1 --2- 172.21.15.90:0/3378067304 >> [v2:172.21.15.90:3300/0,v1:172.21.15.90:6789/0] conn(0x7f09b0105b10 0x7f09b0105f20 secure :-1 s=READY pgs=84 cs=0 l=1 rev1=1 crypto rx=0x7f09a00098a0 tx=0x7f09a0009bb0 comp rx=0 tx=0).ready entity=mon.0 client_cookie=488be829103f67dd server_cookie=0 in_seq=0 out_seq=0
2024-04-24T08:12:24.702 INFO:teuthology.orchestra.run.smithi090.stdout:/usr/bin/ceph: stderr
2024-04-24T08:12:23.281+0000 7f09ad600700 1 -- 172.21.15.90:0/3378067304 <== mon.0 v2:172.21.15.90:3300/0 1 ==== mon_map magic: 0 v1 ==== 229+0+0 (secure 0 0 0) 0x7f09a0004180 con 0x7f09b0105b10
2024-04-24T08:12:24.702 INFO:teuthology.orchestra.run.smithi090.stdout:/usr/bin/ceph: stderr
2024-04-24T08:12:23.282+0000 7f09ad600700 1 -- 172.21.15.90:0/3378067304 <== mon.0 v2:172.21.15.90:3300/0 2 ==== config(27 keys) v1 ==== 1101+0+0 (secure 0 0 0) 0x7f09a00042e0 con 0x7f09b0105b10
2024-04-24T08:12:24.702 INFO:teuthology.orchestra.run.smithi090.stdout:/usr/bin/ceph: stderr
2024-04-24T08:12:23.282+0000 7f09ad600700 1 -- 172.21.15.90:0/3378067304 <== mon.0 v2:172.21.15.90:3300/0 3 ==== mon_map magic: 0 v1 ==== 229+0+0 (secure 0 0 0) 0x7f09a0011af0 con 0x7f09b0105b10
2024-04-24T08:12:24.702 INFO:teuthology.orchestra.run.smithi090.stdout:/usr/bin/ceph: stderr
2024-04-24T08:12:23.282+0000 7f09b5600700 1 -- 172.21.15.90:0/3378067304 >> [v2:172.21.15.90:3300/0,v1:172.21.15.90:6789/0] conn(0x7f09b0105b10 msgr2=0x7f09b0105f20 secure :-1 s=STATE_CONNECTION_ESTABLISHED l=1).mark_down
2024-04-24T08:12:24.702 INFO:teuthology.orchestra.run.smithi090.stdout:/usr/bin/ceph: stderr
2024-04-24T08:12:23.282+0000 7f09b5600700 1 --2- 172.21.15.90:0/3378067304 >> [v2:172.21.15.90:3300/0,v1:172.21.15.90:6789/0] conn(0x7f09b0105b10 0x7f09b0105f20 secure :-1 s=READY pgs=84 cs=0 l=1 rev1=1 crypto rx=0x7f09a00098a0 tx=0x7f09a0009bb0 comp rx=0 tx=0).stop
2024-04-24T08:12:24.702 INFO:teuthology.orchestra.run.smithi090.stdout:/usr/bin/ceph: stderr
2024-04-24T08:12:23.282+0000 7f09b5600700 1 -- 172.21.15.90:0/3378067304 shutdown_connections
2024-04-24T08:12:24.703 INFO:teuthology.orchestra.run.smithi090.stdout:/usr/bin/ceph: stderr
2024-04-24T08:12:23.282+0000 7f09b5600700 1 --2- 172.21.15.90:0/3378067304 >> [v2:172.21.15.90:3300/0,v1:172.21.15.90:6789/0] conn(0x7f09b0105b10 0x7f09b0105f20 unknown :-1 s=CLOSED pgs=84 cs=0 l=1 rev1=1 crypto rx=0 tx=0 comp rx=0 tx=0).stop
2024-04-24T08:12:24.703 INFO:teuthology.orchestra.run.smithi090.stdout:/usr/bin/ceph: stderr
2024-04-24T08:12:23.282+0000 7f09b5600700 1 -- 172.21.15.90:0/3378067304 >> 172.21.15.90:0/3378067304 conn(0x7f09b0101160 msgr2=0x7f09b0103590 unknown :-1 s=STATE_NONE l=0).mark_down
2024-04-24T08:12:24.703 INFO:teuthology.orchestra.run.smithi090.stdout:/usr/bin/ceph: stderr
2024-04-24T08:12:23.283+0000 7f09b5600700 1 -- 172.21.15.90:0/3378067304 shutdown_connections
2024-04-24T08:12:24.703 INFO:teuthology.orchestra.run.smithi090.stdout:/usr/bin/ceph: stderr
2024-04-24T08:12:23.283+0000 7f09b5600700 1 -- 172.21.15.90:0/3378067304 wait complete.
2024-04-24T08:12:24.703 INFO:teuthology.orchestra.run.smithi090.stdout:/usr/bin/ceph: stderr
2024-04-24T08:12:23.284+0000 7f09b5600700 1 Processor -- start
2024-04-24T08:12:24.703 INFO:teuthology.orchestra.run.smithi090.stdout:/usr/bin/ceph: stderr
2024-04-24T08:12:23.284+0000 7f09b5600700 1 -- start start
2024-04-24T08:12:24.703 INFO:teuthology.orchestra.run.smithi090.stdout:/usr/bin/ceph: stderr
2024-04-24T08:12:23.285+0000 7f09b5600700 1 --2- >> [v2:172.21.15.90:3300/0,v1:172.21.15.90:6789/0] conn(0x7f09b0105b10 0x7f09b01998a0 unknown :-1 s=NONE pgs=0 cs=0 l=1 rev1=0 crypto rx=0 tx=0 comp rx=0 tx=0).connect
2024-04-24T08:12:24.703 INFO:teuthology.orchestra.run.smithi090.stdout:/usr/bin/ceph: stderr
2024-04-24T08:12:23.285+0000 7f09b5600700 1 -- --> [v2:172.21.15.90:3300/0,v1:172.21.15.90:6789/0] -- mon_getmap magic: 0 v1 -- 0x7f09b0199de0 con 0x7f09b0105b10
2024-04-24T08:12:24.703 INFO:teuthology.orchestra.run.smithi090.stdout:/usr/bin/ceph: stderr
2024-04-24T08:12:23.285+0000 7f09aea00700 1 --2- >> [v2:172.21.15.90:3300/0,v1:172.21.15.90:6789/0] conn(0x7f09b0105b10 0x7f09b01998a0 unknown :-1 s=BANNER_CONNECTING pgs=0 cs=0 l=1 rev1=0 crypto rx=0 tx=0 comp rx=0 tx=0)._handle_peer_banner_payload supported=3 required=0
2024-04-24T08:12:24.703 INFO:teuthology.orchestra.run.smithi090.stdout:/usr/bin/ceph: stderr
2024-04-24T08:12:23.285+0000 7f09aea00700 1 --2- >> [v2:172.21.15.90:3300/0,v1:172.21.15.90:6789/0] conn(0x7f09b0105b10 0x7f09b01998a0 unknown :-1 s=HELLO_CONNECTING pgs=0 cs=0 l=1 rev1=1 crypto rx=0 tx=0 comp rx=0 tx=0).handle_hello peer v2:172.21.15.90:3300/0 says I am v2:172.21.15.90:40742/0 (socket says 172.21.15.90:40742)
2024-04-24T08:12:24.703 INFO:teuthology.orchestra.run.smithi090.stdout:/usr/bin/ceph: stderr
2024-04-24T08:12:23.285+0000 7f09aea00700 1 -- 172.21.15.90:0/1602350739 learned_addr learned my addr 172.21.15.90:0/1602350739 (peer_addr_for_me v2:172.21.15.90:0/0)
2024-04-24T08:12:24.703 INFO:teuthology.orchestra.run.smithi090.stdout:/usr/bin/ceph: stderr
2024-04-24T08:12:23.285+0000 7f09aea00700 1 -- 172.21.15.90:0/1602350739 --> [v2:172.21.15.90:3300/0,v1:172.21.15.90:6789/0] -- mon_subscribe({config=0+,monmap=0+}) v3 -- 0x7f09a0009550 con 0x7f09b0105b10
2024-04-24T08:12:24.703 INFO:teuthology.orchestra.run.smithi090.stdout:/usr/bin/ceph: stderr
2024-04-24T08:12:23.286+0000 7f09aea00700 1 --2- 172.21.15.90:0/1602350739 >> [v2:172.21.15.90:3300/0,v1:172.21.15.90:6789/0] conn(0x7f09b0105b10 0x7f09b01998a0 secure :-1 s=READY pgs=85 cs=0 l=1 rev1=1 crypto rx=0x7f09a0006ba0 tx=0x7f09a0011b50 comp rx=0 tx=0).ready entity=mon.0 client_cookie=0 server_cookie=0 in_seq=0 out_seq=0
2024-04-24T08:12:24.703 INFO:teuthology.orchestra.run.smithi090.stdout:/usr/bin/ceph: stderr
2024-04-24T08:12:23.286+0000 7f09a7400700 1 -- 172.21.15.90:0/1602350739 <== mon.0 v2:172.21.15.90:3300/0 1 ==== mon_map magic: 0 v1 ==== 229+0+0 (secure 0 0 0) 0x7f09a0003b00 con 0x7f09b0105b10
2024-04-24T08:12:24.703 INFO:teuthology.orchestra.run.smithi090.stdout:/usr/bin/ceph: stderr
2024-04-24T08:12:23.286+0000 7f09a7400700 1 -- 172.21.15.90:0/1602350739 <== mon.0 v2:172.21.15.90:3300/0 2 ==== config(27 keys) v1 ==== 1101+0+0 (secure 0 0 0) 0x7f09a001a8e0 con 0x7f09b0105b10
2024-04-24T08:12:24.704 INFO:teuthology.orchestra.run.smithi090.stdout:/usr/bin/ceph: stderr
2024-04-24T08:12:23.286+0000 7f09b5600700 1 -- 172.21.15.90:0/1602350739 --> [v2:172.21.15.90:3300/0,v1:172.21.15.90:6789/0] -- mon_subscribe({mgrmap=0+}) v3 -- 0x7f09b0199fe0 con 0x7f09b0105b10
2024-04-24T08:12:24.704 INFO:teuthology.orchestra.run.smithi090.stdout:/usr/bin/ceph: stderr
2024-04-24T08:12:23.286+0000 7f09a7400700 1 -- 172.21.15.90:0/1602350739 <== mon.0 v2:172.21.15.90:3300/0 3 ==== mon_map magic: 0 v1 ==== 229+0+0 (secure 0 0 0) 0x7f09a00199c0 con 0x7f09b0105b10
2024-04-24T08:12:24.704 INFO:teuthology.orchestra.run.smithi090.stdout:/usr/bin/ceph: stderr
2024-04-24T08:12:23.286+0000 7f09b5600700 1 -- 172.21.15.90:0/1602350739 --> [v2:172.21.15.90:3300/0,v1:172.21.15.90:6789/0] -- mon_subscribe({osdmap=0}) v3 -- 0x7f09b019a400 con 0x7f09b0105b10
2024-04-24T08:12:24.704 INFO:teuthology.orchestra.run.smithi090.stdout:/usr/bin/ceph: stderr
2024-04-24T08:12:23.287+0000 7f09b5600700 1 -- 172.21.15.90:0/1602350739 --> [v2:172.21.15.90:3300/0,v1:172.21.15.90:6789/0] -- mon_command({"prefix": "get_command_descriptions"} v 0) v1 -- 0x7f09b0062380 con 0x7f09b0105b10
2024-04-24T08:12:24.704 INFO:teuthology.orchestra.run.smithi090.stdout:/usr/bin/ceph: stderr
2024-04-24T08:12:23.288+0000 7f09a7400700 1 -- 172.21.15.90:0/1602350739 <== mon.0 v2:172.21.15.90:3300/0 4 ==== mgrmap(e 12) v1 ==== 45097+0+0 (secure 0 0 0) 0x7f09a0019c30 con 0x7f09b0105b10
2024-04-24T08:12:24.704 INFO:teuthology.orchestra.run.smithi090.stdout:/usr/bin/ceph: stderr
2024-04-24T08:12:23.288+0000 7f09a7400700 1 --2- 172.21.15.90:0/1602350739 >> [v2:172.21.15.90:6800/3702780720,v1:172.21.15.90:6801/3702780720] conn(0x7f0994038440 0x7f099403a8f0 unknown :-1 s=NONE pgs=0 cs=0 l=1 rev1=0 crypto rx=0 tx=0 comp rx=0 tx=0).connect
2024-04-24T08:12:24.704 INFO:teuthology.orchestra.run.smithi090.stdout:/usr/bin/ceph: stderr
2024-04-24T08:12:23.288+0000 7f09a7400700 1 -- 172.21.15.90:0/1602350739 <== mon.0 v2:172.21.15.90:3300/0 5 ==== osd_map(3..3 src has 1..3) v4 ==== 1155+0+0 (secure 0 0 0) 0x7f09a004c720 con 0x7f09b0105b10
2024-04-24T08:12:24.704 INFO:teuthology.orchestra.run.smithi090.stdout:/usr/bin/ceph: stderr
2024-04-24T08:12:23.289+0000 7f09ae000700 1 --2- 172.21.15.90:0/1602350739 >> [v2:172.21.15.90:6800/3702780720,v1:172.21.15.90:6801/3702780720] conn(0x7f0994038440 0x7f099403a8f0 unknown :-1 s=BANNER_CONNECTING pgs=0 cs=0 l=1 rev1=0 crypto rx=0 tx=0 comp rx=0 tx=0)._handle_peer_banner_payload supported=3 required=0
2024-04-24T08:12:24.704 INFO:teuthology.orchestra.run.smithi090.stdout:/usr/bin/ceph: stderr
2024-04-24T08:12:23.289+0000 7f09ae000700 1 --2- 172.21.15.90:0/1602350739 >> [v2:172.21.15.90:6800/3702780720,v1:172.21.15.90:6801/3702780720] conn(0x7f0994038440 0x7f099403a8f0 secure :-1 s=READY pgs=8 cs=0 l=1 rev1=1 crypto rx=0x7f099c006fd0 tx=0x7f099c006e40 comp rx=0 tx=0).ready entity=mgr.14164 client_cookie=0 server_cookie=0 in_seq=0 out_seq=0
2024-04-24T08:12:24.704 INFO:teuthology.orchestra.run.smithi090.stdout:/usr/bin/ceph: stderr
2024-04-24T08:12:23.294+0000 7f09a7400700 1 -- 172.21.15.90:0/1602350739 <== mon.0 v2:172.21.15.90:3300/0 6 ==== mon_command_ack([{"prefix": "get_command_descriptions"}]=0 v0) v1 ==== 72+0+177933 (secure 0 0 0) 0x7f09a001a430 con 0x7f09b0105b10
2024-04-24T08:12:24.704 INFO:teuthology.orchestra.run.smithi090.stdout:/usr/bin/ceph: stderr
2024-04-24T08:12:23.518+0000 7f09b5600700 1 -- 172.21.15.90:0/1602350739 --> [v2:172.21.15.90:6800/3702780720,v1:172.21.15.90:6801/3702780720] -- mgr_command(tid 0: {"prefix": "dashboard ac-user-create", "username": "admin", "rolename": "administrator", "force_password": true, "pwd_update_required": true, "target": ["mon-mgr", ""]}) v1 -- 0x7f09b0109fb0 con 0x7f0994038440
