2024-04-24T08:38:49.925+0000 7ff8fa200700 1 --2- 172.21.15.83:0/236945327 >> [v2:172.21.15.83:3300/0,v1:172.21.15.83:6789/0] conn(0x7ff8f410a540 0x7ff8f410a960 unknown :-1 s=CLOSED pgs=76 cs=0 l=1 rev1=1 crypto rx=0 tx=0 comp rx=0 tx=0).stop
2024-04-24T08:38:50.861 INFO:teuthology.orchestra.run.smithi083.stdout:/usr/bin/ceph: stderr
2024-04-24T08:38:49.925+0000 7ff8fa200700 1 -- 172.21.15.83:0/236945327 >> 172.21.15.83:0/236945327 conn(0x7ff8f407dbe0 msgr2=0x7ff8f41084c0 unknown :-1 s=STATE_NONE l=0).mark_down
2024-04-24T08:38:50.861 INFO:teuthology.orchestra.run.smithi083.stdout:/usr/bin/ceph: stderr
2024-04-24T08:38:49.926+0000 7ff8fa200700 1 -- 172.21.15.83:0/236945327 shutdown_connections
2024-04-24T08:38:50.861 INFO:teuthology.orchestra.run.smithi083.stdout:/usr/bin/ceph: stderr
2024-04-24T08:38:49.926+0000 7ff8fa200700 1 -- 172.21.15.83:0/236945327 wait complete.
2024-04-24T08:38:50.861 INFO:teuthology.orchestra.run.smithi083.stdout:/usr/bin/ceph: stderr
2024-04-24T08:38:49.927+0000 7ff8fa200700 1 Processor -- start
2024-04-24T08:38:50.861 INFO:teuthology.orchestra.run.smithi083.stdout:/usr/bin/ceph: stderr
2024-04-24T08:38:49.927+0000 7ff8fa200700 1 -- start start
2024-04-24T08:38:50.861 INFO:teuthology.orchestra.run.smithi083.stdout:/usr/bin/ceph: stderr
2024-04-24T08:38:49.927+0000 7ff8fa200700 1 --2- >> [v2:172.21.15.83:3300/0,v1:172.21.15.83:6789/0] conn(0x7ff8f410a540 0x7ff8f419e3c0 unknown :-1 s=NONE pgs=0 cs=0 l=1 rev1=0 crypto rx=0 tx=0 comp rx=0 tx=0).connect
2024-04-24T08:38:50.861 INFO:teuthology.orchestra.run.smithi083.stdout:/usr/bin/ceph: stderr
2024-04-24T08:38:49.927+0000 7ff8fa200700 1 -- --> [v2:172.21.15.83:3300/0,v1:172.21.15.83:6789/0] -- mon_getmap magic: 0 -- 0x7ff8f410eaa0 con 0x7ff8f410a540
2024-04-24T08:38:50.862 INFO:teuthology.orchestra.run.smithi083.stdout:/usr/bin/ceph: stderr
2024-04-24T08:38:49.927+0000 7ff8f3400700 1 --2- >> [v2:172.21.15.83:3300/0,v1:172.21.15.83:6789/0] conn(0x7ff8f410a540 0x7ff8f419e3c0 unknown :-1 s=BANNER_CONNECTING pgs=0 cs=0 l=1 rev1=0 crypto rx=0 tx=0 comp rx=0 tx=0)._handle_peer_banner_payload supported=3 required=0
2024-04-24T08:38:50.862 INFO:teuthology.orchestra.run.smithi083.stdout:/usr/bin/ceph: stderr
2024-04-24T08:38:49.927+0000 7ff8f3400700 1 --2- >> [v2:172.21.15.83:3300/0,v1:172.21.15.83:6789/0] conn(0x7ff8f410a540 0x7ff8f419e3c0 unknown :-1 s=HELLO_CONNECTING pgs=0 cs=0 l=1 rev1=1 crypto rx=0 tx=0 comp rx=0 tx=0).handle_hello peer v2:172.21.15.83:3300/0 says I am v2:172.21.15.83:34308/0 (socket says 172.21.15.83:34308)
2024-04-24T08:38:50.865 INFO:teuthology.orchestra.run.smithi083.stdout:/usr/bin/ceph: stderr
2024-04-24T08:38:49.927+0000 7ff8f3400700 1 -- 172.21.15.83:0/1330745979 learned_addr learned my addr 172.21.15.83:0/1330745979 (peer_addr_for_me v2:172.21.15.83:0/0)
2024-04-24T08:38:50.865 INFO:teuthology.orchestra.run.smithi083.stdout:/usr/bin/ceph: stderr
2024-04-24T08:38:49.928+0000 7ff8f3400700 1 -- 172.21.15.83:0/1330745979 --> [v2:172.21.15.83:3300/0,v1:172.21.15.83:6789/0] -- mon_subscribe({config=0+,monmap=0+}) -- 0x7ff8f419e900 con 0x7ff8f410a540
2024-04-24T08:38:50.865 INFO:teuthology.orchestra.run.smithi083.stdout:/usr/bin/ceph: stderr
2024-04-24T08:38:49.928+0000 7ff8f3400700 1 --2- 172.21.15.83:0/1330745979 >> [v2:172.21.15.83:3300/0,v1:172.21.15.83:6789/0] conn(0x7ff8f410a540 0x7ff8f419e3c0 secure :-1 s=READY pgs=77 cs=0 l=1 rev1=1 crypto rx=0x7ff8e4011710 tx=0x7ff8e4011ad0 comp rx=0 tx=0).ready entity=mon.0 client_cookie=0 server_cookie=0 in_seq=0 out_seq=0
2024-04-24T08:38:50.865 INFO:teuthology.orchestra.run.smithi083.stdout:/usr/bin/ceph: stderr
2024-04-24T08:38:49.928+0000 7ff8ebe00700 1 -- 172.21.15.83:0/1330745979 <== mon.0 v2:172.21.15.83:3300/0 1 ==== mon_map magic: 0 ==== 205+0+0 (secure 0 0 0) 0x7ff8e40039c0 con 0x7ff8f410a540
2024-04-24T08:38:50.865 INFO:teuthology.orchestra.run.smithi083.stdout:/usr/bin/ceph: stderr
2024-04-24T08:38:49.928+0000 7ff8ebe00700 1 -- 172.21.15.83:0/1330745979 <== mon.0 v2:172.21.15.83:3300/0 2 ==== config(26 keys) ==== 1102+0+0 (secure 0 0 0) 0x7ff8e4003b60 con 0x7ff8f410a540
2024-04-24T08:38:50.865 INFO:teuthology.orchestra.run.smithi083.stdout:/usr/bin/ceph: stderr
2024-04-24T08:38:49.928+0000 7ff8ebe00700 1 -- 172.21.15.83:0/1330745979 <== mon.0 v2:172.21.15.83:3300/0 3 ==== mon_map magic: 0 ==== 205+0+0 (secure 0 0 0) 0x7ff8e401a690 con 0x7ff8f410a540
2024-04-24T08:38:50.865 INFO:teuthology.orchestra.run.smithi083.stdout:/usr/bin/ceph: stderr
2024-04-24T08:38:49.928+0000 7ff8fa200700 1 -- 172.21.15.83:0/1330745979 --> [v2:172.21.15.83:3300/0,v1:172.21.15.83:6789/0] -- mon_subscribe({mgrmap=0+}) -- 0x7ff8f419eb90 con 0x7ff8f410a540
2024-04-24T08:38:50.865 INFO:teuthology.orchestra.run.smithi083.stdout:/usr/bin/ceph: stderr
2024-04-24T08:38:49.929+0000 7ff8fa200700 1 -- 172.21.15.83:0/1330745979 --> [v2:172.21.15.83:3300/0,v1:172.21.15.83:6789/0] -- mon_subscribe({osdmap=0}) -- 0x7ff8f41a1880 con 0x7ff8f410a540
2024-04-24T08:38:50.865 INFO:teuthology.orchestra.run.smithi083.stdout:/usr/bin/ceph: stderr
2024-04-24T08:38:49.930+0000 7ff8ebe00700 1 -- 172.21.15.83:0/1330745979 <== mon.0 v2:172.21.15.83:3300/0 4 ==== mgrmap(e 13) ==== 46614+0+0 (secure 0 0 0) 0x7ff8e4024430 con 0x7ff8f410a540
2024-04-24T08:38:50.865 INFO:teuthology.orchestra.run.smithi083.stdout:/usr/bin/ceph: stderr
2024-04-24T08:38:49.930+0000 7ff8fa200700 1 -- 172.21.15.83:0/1330745979 --> [v2:172.21.15.83:3300/0,v1:172.21.15.83:6789/0] -- mon_command({"prefix": "get_command_descriptions"} v 0) -- 0x7ff8f4064150 con 0x7ff8f410a540
2024-04-24T08:38:50.865 INFO:teuthology.orchestra.run.smithi083.stdout:/usr/bin/ceph: stderr
2024-04-24T08:38:49.930+0000 7ff8ebe00700 1 --2- 172.21.15.83:0/1330745979 >> [v2:172.21.15.83:6800/2550826560,v1:172.21.15.83:6801/2550826560] conn(0x7ff8d80396b0 0x7ff8d803bb70 unknown :-1 s=NONE pgs=0 cs=0 l=1 rev1=0 crypto rx=0 tx=0 comp rx=0 tx=0).connect
2024-04-24T08:38:50.865 INFO:teuthology.orchestra.run.smithi083.stdout:/usr/bin/ceph: stderr
2024-04-24T08:38:49.930+0000 7ff8ebe00700 1 -- 172.21.15.83:0/1330745979 <== mon.0 v2:172.21.15.83:3300/0 5 ==== osd_map(3..3 src has 1..3) ==== 1155+0+0 (secure 0 0 0) 0x7ff8e404dfa0 con 0x7ff8f410a540
2024-04-24T08:38:50.866 INFO:teuthology.orchestra.run.smithi083.stdout:/usr/bin/ceph: stderr
2024-04-24T08:38:49.930+0000 7ff8f2a00700 1 --2- 172.21.15.83:0/1330745979 >> [v2:172.21.15.83:6800/2550826560,v1:172.21.15.83:6801/2550826560] conn(0x7ff8d80396b0 0x7ff8d803bb70 unknown :-1 s=BANNER_CONNECTING pgs=0 cs=0 l=1 rev1=0 crypto rx=0 tx=0 comp rx=0 tx=0)._handle_peer_banner_payload supported=3 required=0
2024-04-24T08:38:50.866 INFO:teuthology.orchestra.run.smithi083.stdout:/usr/bin/ceph: stderr
2024-04-24T08:38:49.931+0000 7ff8f2a00700 1 --2- 172.21.15.83:0/1330745979 >> [v2:172.21.15.83:6800/2550826560,v1:172.21.15.83:6801/2550826560] conn(0x7ff8d80396b0 0x7ff8d803bb70 secure :-1 s=READY pgs=10 cs=0 l=1 rev1=1 crypto rx=0x7ff8e0006fd0 tx=0x7ff8e0006e40 comp rx=0 tx=0).ready entity=mgr.14152 client_cookie=0 server_cookie=0 in_seq=0 out_seq=0
2024-04-24T08:38:50.866 INFO:teuthology.orchestra.run.smithi083.stdout:/usr/bin/ceph: stderr
2024-04-24T08:38:49.936+0000 7ff8ebe00700 1 -- 172.21.15.83:0/1330745979 <== mon.0 v2:172.21.15.83:3300/0 6 ==== mon_command_ack([{"prefix": "get_command_descriptions"}]=0 v0) ==== 72+0+188370 (secure 0 0 0) 0x7ff8e40172b0 con 0x7ff8f410a540
2024-04-24T08:38:50.866 INFO:teuthology.orchestra.run.smithi083.stdout:/usr/bin/ceph: stderr
2024-04-24T08:38:50.155+0000 7ff8fa200700 1 -- 172.21.15.83:0/1330745979 --> [v2:172.21.15.83:3300/0,v1:172.21.15.83:6789/0] -- mon_command([{prefix=config set, name=osd_memory_target_autotune}] v 0) -- 0x7ff8f41a1ea0 con 0x7ff8f410a540
2024-04-24T08:38:50.866 INFO:teuthology.orchestra.run.smithi083.stdout:/usr/bin/ceph: stderr
2024-04-24T08:38:50.155+0000 7ff8ebe00700 1 -- 172.21.15.83:0/1330745979 <== mon.0 v2:172.21.15.83:3300/0 7 ==== mon_command_ack([{prefix=config set, name=osd_memory_target_autotune}]=0 v8)=0 v8) ==== 127+0+0 (secure 0 0 0) 0x7ff8e400fdd0 con 0x7ff8f410a540
2024-04-24T08:38:50.866 INFO:teuthology.orchestra.run.smithi083.stdout:/usr/bin/ceph: stderr
2024-04-24T08:38:50.158+0000 7ff8fa200700 1 -- 172.21.15.83:0/1330745979 >> [v2:172.21.15.83:6800/2550826560,v1:172.21.15.83:6801/2550826560] conn(0x7ff8d80396b0 msgr2=0x7ff8d803bb70 secure :-1 s=STATE_CONNECTION_ESTABLISHED l=1).mark_down
2024-04-24T08:38:50.866 INFO:teuthology.orchestra.run.smithi083.stdout:/usr/bin/ceph: stderr
2024-04-24T08:38:50.158+0000 7ff8fa200700 1 --2- 172.21.15.83:0/1330745979 >> [v2:172.21.15.83:6800/2550826560,v1:172.21.15.83:6801/2550826560] conn(0x7ff8d80396b0 0x7ff8d803bb70 secure :-1 s=READY pgs=10 cs=0 l=1 rev1=1 crypto rx=0x7ff8e0006fd0 tx=0x7ff8e0006e40 comp rx=0 tx=0).stop
2024-04-24T08:38:50.866 INFO:teuthology.orchestra.run.smithi083.stdout:/usr/bin/ceph: stderr
2024-04-24T08:38:50.158+0000 7ff8fa200700 1 -- 172.21.15.83:0/1330745979 >> [v2:172.21.15.83:3300/0,v1:172.21.15.83:6789/0] conn(0x7ff8f410a540 msgr2=0x7ff8f419e3c0 secure :-1 s=STATE_CONNECTION_ESTABLISHED l=1).mark_down
2024-04-24T08:38:50.866 INFO:teuthology.orchestra.run.smithi083.stdout:/usr/bin/ceph: stderr
2024-04-24T08:38:50.158+0000 7ff8fa200700 1 --2- 172.21.15.83:0/1330745979 >> [v2:172.21.15.83:3300/0,v1:172.21.15.83:6789/0] conn(0x7ff8f410a540 0x7ff8f419e3c0 secure :-1 s=READY pgs=77 cs=0 l=1 rev1=1 crypto rx=0x7ff8e4011710 tx=0x7ff8e4011ad0 comp rx=0 tx=0).stop
2024-04-24T08:38:50.866 INFO:teuthology.orchestra.run.smithi083.stdout:/usr/bin/ceph: stderr
2024-04-24T08:38:50.158+0000 7ff8fa200700 1 -- 172.21.15.83:0/1330745979 shutdown_connections
2024-04-24T08:38:50.866 INFO:teuthology.orchestra.run.smithi083.stdout:/usr/bin/ceph: stderr
2024-04-24T08:38:50.158+0000 7ff8fa200700 1 --2- 172.21.15.83:0/1330745979 >> [v2:172.21.15.83:6800/2550826560,v1:172.21.15.83:6801/2550826560] conn(0x7ff8d80396b0 0x7ff8d803bb70 unknown :-1 s=CLOSED pgs=10 cs=0 l=1 rev1=1 crypto rx=0 tx=0 comp rx=0 tx=0).stop
2024-04-24T08:38:50.866 INFO:teuthology.orchestra.run.smithi083.stdout:/usr/bin/ceph: stderr
2024-04-24T08:38:50.158+0000 7ff8fa200700 1 --2- 172.21.15.83:0/1330745979 >> [v2:172.21.15.83:3300/0,v1:172.21.15.83:6789/0] conn(0x7ff8f410a540 0x7ff8f419e3c0 unknown :-1 s=CLOSED pgs=77 cs=0 l=1 rev1=1 crypto rx=0 tx=0 comp rx=0 tx=0).stop
2024-04-24T08:38:50.866 INFO:teuthology.orchestra.run.smithi083.stdout:/usr/bin/ceph: stderr
2024-04-24T08:38:50.158+0000 7ff8fa200700 1 -- 172.21.15.83:0/1330745979 >> 172.21.15.83:0/1330745979 conn(0x7ff8f407dbe0 msgr2=0x7ff8f4107b50 unknown :-1 s=STATE_NONE l=0).mark_down
2024-04-24T08:38:50.866 INFO:teuthology.orchestra.run.smithi083.stdout:/usr/bin/ceph: stderr
2024-04-24T08:38:50.158+0000 7ff8fa200700 1 -- 172.21.15.83:0/1330745979 shutdown_connections
2024-04-24T08:38:50.866 INFO:teuthology.orchestra.run.smithi083.stdout:/usr/bin/ceph: stderr
2024-04-24T08:38:50.158+0000 7ff8fa200700 1 -- 172.21.15.83:0/1330745979 wait complete.
2024-04-24T08:38:52.610 INFO:teuthology.orchestra.run.smithi083.stdout:/usr/bin/ceph: stderr
2024-04-24T08:38:51.539+0000 7f7e60000700 1 Processor -- start
2024-04-24T08:38:52.617 INFO:teuthology.orchestra.run.smithi083.stdout:/usr/bin/ceph: stderr
2024-04-24T08:38:51.539+0000 7f7e60000700 1 -- start start
2024-04-24T08:38:52.617 INFO:teuthology.orchestra.run.smithi083.stdout:/usr/bin/ceph: stderr
2024-04-24T08:38:51.540+0000 7f7e60000700 1 --2- >> [v2:172.21.15.83:3300/0,v1:172.21.15.83:6789/0] conn(0x7f7e58108360 0x7f7e58108780 unknown :-1 s=NONE pgs=0 cs=0 l=0 rev1=0 crypto rx=0 tx=0 comp rx=0 tx=0).connect
2024-04-24T08:38:52.617 INFO:teuthology.orchestra.run.smithi083.stdout:/usr/bin/ceph: stderr
2024-04-24T08:38:51.540+0000 7f7e60000700 1 -- --> [v2:172.21.15.83:3300/0,v1:172.21.15.83:6789/0] -- mon_getmap magic: 0 -- 0x7f7e58108d50 con 0x7f7e58108360
2024-04-24T08:38:52.617 INFO:teuthology.orchestra.run.smithi083.stdout:/usr/bin/ceph: stderr
2024-04-24T08:38:51.540+0000 7f7e5d600700 1 --2- >> [v2:172.21.15.83:3300/0,v1:172.21.15.83:6789/0] conn(0x7f7e58108360 0x7f7e58108780 unknown :-1 s=BANNER_CONNECTING pgs=0 cs=0 l=0 rev1=0 crypto rx=0 tx=0 comp rx=0 tx=0)._handle_peer_banner_payload supported=3 required=0
2024-04-24T08:38:52.617 INFO:teuthology.orchestra.run.smithi083.stdout:/usr/bin/ceph: stderr
2024-04-24T08:38:51.540+0000 7f7e5d600700 1 --2- >> [v2:172.21.15.83:3300/0,v1:172.21.15.83:6789/0] conn(0x7f7e58108360 0x7f7e58108780 unknown :-1 s=HELLO_CONNECTING pgs=0 cs=0 l=0 rev1=1 crypto rx=0 tx=0 comp rx=0 tx=0).handle_hello peer v2:172.21.15.83:3300/0 says I am v2:172.21.15.83:34324/0 (socket says 172.21.15.83:34324)
2024-04-24T08:38:52.617 INFO:teuthology.orchestra.run.smithi083.stdout:/usr/bin/ceph: stderr
2024-04-24T08:38:51.540+0000 7f7e5d600700 1 -- 172.21.15.83:0/389074780 learned_addr learned my addr 172.21.15.83:0/389074780 (peer_addr_for_me v2:172.21.15.83:0/0)
2024-04-24T08:38:52.617 INFO:teuthology.orchestra.run.smithi083.stdout:/usr/bin/ceph: stderr
2024-04-24T08:38:51.541+0000 7f7e5d600700 1 -- 172.21.15.83:0/389074780 --> [v2:172.21.15.83:3300/0,v1:172.21.15.83:6789/0] -- mon_subscribe({config=0+,monmap=0+}) -- 0x7f7e58109510 con 0x7f7e58108360
2024-04-24T08:38:52.617 INFO:teuthology.orchestra.run.smithi083.stdout:/usr/bin/ceph: stderr
2024-04-24T08:38:51.541+0000 7f7e5d600700 1 --2- 172.21.15.83:0/389074780 >> [v2:172.21.15.83:3300/0,v1:172.21.15.83:6789/0] conn(0x7f7e58108360 0x7f7e58108780 secure :-1 s=READY pgs=78 cs=0 l=1 rev1=1 crypto rx=0x7f7e4c009e80 tx=0x7f7e4c00b330 comp rx=0 tx=0).ready entity=mon.0 client_cookie=71c56838e769575 server_cookie=0 in_seq=0 out_seq=0
2024-04-24T08:38:52.617 INFO:teuthology.orchestra.run.smithi083.stdout:/usr/bin/ceph: stderr
2024-04-24T08:38:51.541+0000 7f7e57e00700 1 -- 172.21.15.83:0/389074780 <== mon.0 v2:172.21.15.83:3300/0 1 ==== mon_map magic: 0 ==== 205+0+0 (secure 0 0 0) 0x7f7e4c017070 con 0x7f7e58108360
2024-04-24T08:38:52.617 INFO:teuthology.orchestra.run.smithi083.stdout:/usr/bin/ceph: stderr
2024-04-24T08:38:51.541+0000 7f7e57e00700 1 -- 172.21.15.83:0/389074780 <== mon.0 v2:172.21.15.83:3300/0 2 ==== config(26 keys) ==== 1102+0+0 (secure 0 0 0) 0x7f7e4c00b8c0 con 0x7f7e58108360
2024-04-24T08:38:52.617 INFO:teuthology.orchestra.run.smithi083.stdout:/usr/bin/ceph: stderr
2024-04-24T08:38:51.541+0000 7f7e57e00700 1 -- 172.21.15.83:0/389074780 <== mon.0 v2:172.21.15.83:3300/0 3 ==== mon_map magic: 0 ==== 205+0+0 (secure 0 0 0) 0x7f7e4c004490 con 0x7f7e58108360
2024-04-24T08:38:52.617 INFO:teuthology.orchestra.run.smithi083.stdout:/usr/bin/ceph: stderr
2024-04-24T08:38:51.542+0000 7f7e60000700 1 -- 172.21.15.83:0/389074780 >> [v2:172.21.15.83:3300/0,v1:172.21.15.83:6789/0] conn(0x7f7e58108360 msgr2=0x7f7e58108780 secure :-1 s=STATE_CONNECTION_ESTABLISHED l=1).mark_down
2024-04-24T08:38:52.618 INFO:teuthology.orchestra.run.smithi083.stdout:/usr/bin/ceph: stderr
2024-04-24T08:38:51.542+0000 7f7e60000700 1 --2- 172.21.15.83:0/389074780 >> [v2:172.21.15.83:3300/0,v1:172.21.15.83:6789/0] conn(0x7f7e58108360 0x7f7e58108780 secure :-1 s=READY pgs=78 cs=0 l=1 rev1=1 crypto rx=0x7f7e4c009e80 tx=0x7f7e4c00b330 comp rx=0 tx=0).stop
2024-04-24T08:38:52.618 INFO:teuthology.orchestra.run.smithi083.stdout:/usr/bin/ceph: stderr
2024-04-24T08:38:51.542+0000 7f7e60000700 1 -- 172.21.15.83:0/389074780 shutdown_connections
2024-04-24T08:38:52.618 INFO:teuthology.orchestra.run.smithi083.stdout:/usr/bin/ceph: stderr
2024-04-24T08:38:51.542+0000 7f7e60000700 1 --2- 172.21.15.83:0/389074780 >> [v2:172.21.15.83:3300/0,v1:172.21.15.83:6789/0] conn(0x7f7e58108360 0x7f7e58108780 unknown :-1 s=CLOSED pgs=78 cs=0 l=1 rev1=1 crypto rx=0 tx=0 comp rx=0 tx=0).stop
2024-04-24T08:38:52.618 INFO:teuthology.orchestra.run.smithi083.stdout:/usr/bin/ceph: stderr
2024-04-24T08:38:51.542+0000 7f7e60000700 1 -- 172.21.15.83:0/389074780 >> 172.21.15.83:0/389074780 conn(0x7f7e58103920 msgr2=0x7f7e58105d40 unknown :-1 s=STATE_NONE l=0).mark_down
2024-04-24T08:38:52.618 INFO:teuthology.orchestra.run.smithi083.stdout:/usr/bin/ceph: stderr
2024-04-24T08:38:51.542+0000 7f7e60000700 1 -- 172.21.15.83:0/389074780 shutdown_connections
2024-04-24T08:38:52.618 INFO:teuthology.orchestra.run.smithi083.stdout:/usr/bin/ceph: stderr
2024-04-24T08:38:51.542+0000 7f7e60000700 1 -- 172.21.15.83:0/389074780 wait complete.
2024-04-24T08:38:52.618 INFO:teuthology.orchestra.run.smithi083.stdout:/usr/bin/ceph: stderr
2024-04-24T08:38:51.543+0000 7f7e60000700 1 Processor -- start
2024-04-24T08:38:52.618 INFO:teuthology.orchestra.run.smithi083.stdout:/usr/bin/ceph: stderr
2024-04-24T08:38:51.543+0000 7f7e60000700 1 -- start start
2024-04-24T08:38:52.618 INFO:teuthology.orchestra.run.smithi083.stdout:/usr/bin/ceph: stderr
2024-04-24T08:38:51.544+0000 7f7e60000700 1 --2- >> [v2:172.21.15.83:3300/0,v1:172.21.15.83:6789/0] conn(0x7f7e58108360 0x7f7e5819e4d0 unknown :-1 s=NONE pgs=0 cs=0 l=1 rev1=0 crypto rx=0 tx=0 comp rx=0 tx=0).connect
2024-04-24T08:38:52.618 INFO:teuthology.orchestra.run.smithi083.stdout:/usr/bin/ceph: stderr
2024-04-24T08:38:51.544+0000 7f7e60000700 1 -- --> [v2:172.21.15.83:3300/0,v1:172.21.15.83:6789/0] -- mon_getmap magic: 0 -- 0x7f7e5810c8c0 con 0x7f7e58108360
2024-04-24T08:38:52.618 INFO:teuthology.orchestra.run.smithi083.stdout:/usr/bin/ceph: stderr
2024-04-24T08:38:51.544+0000 7f7e5d600700 1 --2- >> [v2:172.21.15.83:3300/0,v1:172.21.15.83:6789/0] conn(0x7f7e58108360 0x7f7e5819e4d0 unknown :-1 s=BANNER_CONNECTING pgs=0 cs=0 l=1 rev1=0 crypto rx=0 tx=0 comp rx=0 tx=0)._handle_peer_banner_payload supported=3 required=0
2024-04-24T08:38:52.618 INFO:teuthology.orchestra.run.smithi083.stdout:/usr/bin/ceph: stderr
2024-04-24T08:38:51.544+0000 7f7e5d600700 1 --2- >> [v2:172.21.15.83:3300/0,v1:172.21.15.83:6789/0] conn(0x7f7e58108360 0x7f7e5819e4d0 unknown :-1 s=HELLO_CONNECTING pgs=0 cs=0 l=1 rev1=1 crypto rx=0 tx=0 comp rx=0 tx=0).handle_hello peer v2:172.21.15.83:3300/0 says I am v2:172.21.15.83:34328/0 (socket says 172.21.15.83:34328)
2024-04-24T08:38:52.618 INFO:teuthology.orchestra.run.smithi083.stdout:/usr/bin/ceph: stderr
2024-04-24T08:38:51.544+0000 7f7e5d600700 1 -- 172.21.15.83:0/4126147519 learned_addr learned my addr 172.21.15.83:0/4126147519 (peer_addr_for_me v2:172.21.15.83:0/0)
2024-04-24T08:38:52.619 INFO:teuthology.orchestra.run.smithi083.stdout:/usr/bin/ceph: stderr
2024-04-24T08:38:51.544+0000 7f7e5d600700 1 -- 172.21.15.83:0/4126147519 --> [v2:172.21.15.83:3300/0,v1:172.21.15.83:6789/0] -- mon_subscribe({config=0+,monmap=0+}) -- 0x7f7e5819ea10 con 0x7f7e58108360
2024-04-24T08:38:52.619 INFO:teuthology.orchestra.run.smithi083.stdout:/usr/bin/ceph: stderr
2024-04-24T08:38:51.544+0000 7f7e5d600700 1 --2- 172.21.15.83:0/4126147519 >> [v2:172.21.15.83:3300/0,v1:172.21.15.83:6789/0] conn(0x7f7e58108360 0x7f7e5819e4d0 secure :-1 s=READY pgs=79 cs=0 l=1 rev1=1 crypto rx=0x7f7e4c00b7b0 tx=0x7f7e4c003ce0 comp rx=0 tx=0).ready entity=mon.0 client_cookie=0 server_cookie=0 in_seq=0 out_seq=0
2024-04-24T08:38:52.619 INFO:teuthology.orchestra.run.smithi083.stdout:/usr/bin/ceph: stderr
2024-04-24T08:38:51.545+0000 7f7e56000700 1 -- 172.21.15.83:0/4126147519 <== mon.0 v2:172.21.15.83:3300/0 1 ==== mon_map magic: 0 ==== 205+0+0 (secure 0 0 0) 0x7f7e4c020020 con 0x7f7e58108360
2024-04-24T08:38:52.619 INFO:teuthology.orchestra.run.smithi083.stdout:/usr/bin/ceph: stderr
2024-04-24T08:38:51.545+0000 7f7e56000700 1 -- 172.21.15.83:0/4126147519 <== mon.0 v2:172.21.15.83:3300/0 2 ==== config(26 keys) ==== 1102+0+0 (secure 0 0 0) 0x7f7e4c012430 con 0x7f7e58108360
2024-04-24T08:38:52.619 INFO:teuthology.orchestra.run.smithi083.stdout:/usr/bin/ceph: stderr
2024-04-24T08:38:51.545+0000 7f7e56000700 1 -- 172.21.15.83:0/4126147519 <== mon.0 v2:172.21.15.83:3300/0 3 ==== mon_map magic: 0 ==== 205+0+0 (secure 0 0 0) 0x7f7e4c017040 con 0x7f7e58108360
2024-04-24T08:38:52.619 INFO:teuthology.orchestra.run.smithi083.stdout:/usr/bin/ceph: stderr
2024-04-24T08:38:51.545+0000 7f7e60000700 1 -- 172.21.15.83:0/4126147519 --> [v2:172.21.15.83:3300/0,v1:172.21.15.83:6789/0] -- mon_subscribe({mgrmap=0+}) -- 0x7f7e5819eca0 con 0x7f7e58108360
2024-04-24T08:38:52.619 INFO:teuthology.orchestra.run.smithi083.stdout:/usr/bin/ceph: stderr
2024-04-24T08:38:51.545+0000 7f7e60000700 1 -- 172.21.15.83:0/4126147519 --> [v2:172.21.15.83:3300/0,v1:172.21.15.83:6789/0] -- mon_subscribe({osdmap=0}) -- 0x7f7e581a1940 con 0x7f7e58108360
2024-04-24T08:38:52.619 INFO:teuthology.orchestra.run.smithi083.stdout:/usr/bin/ceph: stderr
2024-04-24T08:38:51.546+0000 7f7e60000700 1 -- 172.21.15.83:0/4126147519 --> [v2:172.21.15.83:3300/0,v1:172.21.15.83:6789/0] -- mon_command({"prefix": "get_command_descriptions"} v 0) -- 0x7f7e58064150 con 0x7f7e58108360
2024-04-24T08:38:52.619 INFO:teuthology.orchestra.run.smithi083.stdout:/usr/bin/ceph: stderr
2024-04-24T08:38:51.546+0000 7f7e56000700 1 -- 172.21.15.83:0/4126147519 <== mon.0 v2:172.21.15.83:3300/0 4 ==== mgrmap(e 13) ==== 46614+0+0 (secure 0 0 0) 0x7f7e4c023020 con 0x7f7e58108360
2024-04-24T08:38:52.619 INFO:teuthology.orchestra.run.smithi083.stdout:/usr/bin/ceph: stderr
2024-04-24T08:38:51.547+0000 7f7e56000700 1 --2- 172.21.15.83:0/4126147519 >> [v2:172.21.15.83:6800/2550826560,v1:172.21.15.83:6801/2550826560] conn(0x7f7e400396f0 0x7f7e4003bbb0 unknown :-1 s=NONE pgs=0 cs=0 l=1 rev1=0 crypto rx=0 tx=0 comp rx=0 tx=0).connect
2024-04-24T08:38:52.619 INFO:teuthology.orchestra.run.smithi083.stdout:/usr/bin/ceph: stderr
2024-04-24T08:38:51.547+0000 7f7e56000700 1 -- 172.21.15.83:0/4126147519 <== mon.0 v2:172.21.15.83:3300/0 5 ==== osd_map(3..3 src has 1..3) ==== 1155+0+0 (secure 0 0 0) 0x7f7e4c00f050 con 0x7f7e58108360
2024-04-24T08:38:52.619 INFO:teuthology.orchestra.run.smithi083.stdout:/usr/bin/ceph: stderr
2024-04-24T08:38:51.547+0000 7f7e5cc00700 1 --2- 172.21.15.83:0/4126147519 >> [v2:172.21.15.83:6800/2550826560,v1:172.21.15.83:6801/2550826560] conn(0x7f7e400396f0 0x7f7e4003bbb0 unknown :-1 s=BANNER_CONNECTING pgs=0 cs=0 l=1 rev1=0 crypto rx=0 tx=0 comp rx=0 tx=0)._handle_peer_banner_payload supported=3 required=0
2024-04-24T08:38:52.619 INFO:teuthology.orchestra.run.smithi083.stdout:/usr/bin/ceph: stderr
2024-04-24T08:38:51.548+0000 7f7e5cc00700 1 --2- 172.21.15.83:0/4126147519 >> [v2:172.21.15.83:6800/2550826560,v1:172.21.15.83:6801/2550826560] conn(0x7f7e400396f0 0x7f7e4003bbb0 secure :-1 s=READY pgs=11 cs=0 l=1 rev1=1 crypto rx=0x7f7e44006fd0 tx=0x7f7e44006e40 comp rx=0 tx=0).ready entity=mgr.14152 client_cookie=0 server_cookie=0 in_seq=0 out_seq=0
2024-04-24T08:38:52.619 INFO:teuthology.orchestra.run.smithi083.stdout:/usr/bin/ceph: stderr
2024-04-24T08:38:51.552+0000 7f7e56000700 1 -- 172.21.15.83:0/4126147519 <== mon.0 v2:172.21.15.83:3300/0 6 ==== mon_command_ack([{"prefix": "get_command_descriptions"}]=0 v0) ==== 72+0+188370 (secure 0 0 0) 0x7f7e4c02a020 con 0x7f7e58108360
2024-04-24T08:38:52.620 INFO:teuthology.orchestra.run.smithi083.stdout:/usr/bin/ceph: stderr
2024-04-24T08:38:51.892+0000 7f7e60000700 1 -- 172.21.15.83:0/4126147519 --> [v2:172.21.15.83:3300/0,v1:172.21.15.83:6789/0] -- mon_command([{prefix=config-key set, key=mgr/dashboard/cluster/status}] v 0) -- 0x7f7e581a1f10 con 0x7f7e58108360
2024-04-24T08:38:52.620 INFO:teuthology.orchestra.run.smithi083.stdout:/usr/bin/ceph: stderr
2024-04-24T08:38:51.896+0000 7f7e56000700 1 -- 172.21.15.83:0/4126147519 <== mon.0 v2:172.21.15.83:3300/0 7 ==== mon_command_ack([{prefix=config-key set, key=mgr/dashboard/cluster/status}]=0 set mgr/dashboard/cluster/status v28)=0 set mgr/dashboard/cluster/status v28) ==== 153+0+0 (secure 0 0 0) 0x7f7e4c025e20 con 0x7f7e58108360
2024-04-24T08:38:52.620 INFO:teuthology.orchestra.run.smithi083.stdout:/usr/bin/ceph: stderr
2024-04-24T08:38:51.899+0000 7f7e60000700 1 -- 172.21.15.83:0/4126147519 >> [v2:172.21.15.83:6800/2550826560,v1:172.21.15.83:6801/2550826560] conn(0x7f7e400396f0 msgr2=0x7f7e4003bbb0 secure :-1 s=STATE_CONNECTION_ESTABLISHED l=1).mark_down
2024-04-24T08:38:52.620 INFO:teuthology.orchestra.run.smithi083.stdout:/usr/bin/ceph: stderr
2024-04-24T08:38:51.899+0000 7f7e60000700 1 --2- 172.21.15.83:0/4126147519 >> [v2:172.21.15.83:6800/2550826560,v1:172.21.15.83:6801/2550826560] conn(0x7f7e400396f0 0x7f7e4003bbb0 secure :-1 s=READY pgs=11 cs=0 l=1 rev1=1 crypto rx=0x7f7e44006fd0 tx=0x7f7e44006e40 comp rx=0 tx=0).stop
2024-04-24T08:38:52.620 INFO:teuthology.orchestra.run.smithi083.stdout:/usr/bin/ceph: stderr
2024-04-24T08:38:51.899+0000 7f7e60000700 1 -- 172.21.15.83:0/4126147519 >> [v2:172.21.15.83:3300/0,v1:172.21.15.83:6789/0] conn(0x7f7e58108360 msgr2=0x7f7e5819e4d0 secure :-1 s=STATE_CONNECTION_ESTABLISHED l=1).mark_down
2024-04-24T08:38:52.620 INFO:teuthology.orchestra.run.smithi083.stdout:/usr/bin/ceph: stderr
2024-04-24T08:38:51.899+0000 7f7e60000700 1 --2- 172.21.15.83:0/4126147519 >> [v2:172.21.15.83:3300/0,v1:172.21.15.83:6789/0] conn(0x7f7e58108360 0x7f7e5819e4d0 secure :-1 s=READY pgs=79 cs=0 l=1 rev1=1 crypto rx=0x7f7e4c00b7b0 tx=0x7f7e4c003ce0 comp rx=0 tx=0).stop
2024-04-24T08:38:52.620 INFO:teuthology.orchestra.run.smithi083.stdout:/usr/bin/ceph: stderr
2024-04-24T08:38:51.899+0000 7f7e60000700 1 -- 172.21.15.83:0/4126147519 shutdown_connections
2024-04-24T08:38:52.620 INFO:teuthology.orchestra.run.smithi083.stdout:/usr/bin/ceph: stderr
2024-04-24T08:38:51.899+0000 7f7e60000700 1 --2- 172.21.15.83:0/4126147519 >> [v2:172.21.15.83:6800/2550826560,v1:172.21.15.83:6801/2550826560] conn(0x7f7e400396f0 0x7f7e4003bbb0 unknown :-1 s=CLOSED pgs=11 cs=0 l=1 rev1=1 crypto rx=0 tx=0 comp rx=0 tx=0).stop
2024-04-24T08:38:52.620 INFO:teuthology.orchestra.run.smithi083.stdout:/usr/bin/ceph: stderr
2024-04-24T08:38:51.899+0000 7f7e60000700 1 --2- 172.21.15.83:0/4126147519 >> [v2:172.21.15.83:3300/0,v1:172.21.15.83:6789/0] conn(0x7f7e58108360 0x7f7e5819e4d0 unknown :-1 s=CLOSED pgs=79 cs=0 l=1 rev1=1 crypto rx=0 tx=0 comp rx=0 tx=0).stop
2024-04-24T08:38:52.620 INFO:teuthology.orchestra.run.smithi083.stdout:/usr/bin/ceph: stderr
2024-04-24T08:38:51.899+0000 7f7e60000700 1 -- 172.21.15.83:0/4126147519 >> 172.21.15.83:0/4126147519 conn(0x7f7e58103920 msgr2=0x7f7e58104380 unknown :-1 s=STATE_NONE l=0).mark_down
2024-04-24T08:38:52.620 INFO:teuthology.orchestra.run.smithi083.stdout:/usr/bin/ceph: stderr
2024-04-24T08:38:51.899+0000 7f7e60000700 1 -- 172.21.15.83:0/4126147519 shutdown_connections
2024-04-24T08:38:52.620 INFO:teuthology.orchestra.run.smithi083.stdout:/usr/bin/ceph: stderr
2024-04-24T08:38:51.899+0000 7f7e60000700 1 -- 172.21.15.83:0/4126147519 wait complete.
2024-04-24T08:38:52.620 INFO:teuthology.orchestra.run.smithi083.stdout:/usr/bin/ceph: stderr set mgr/dashboard/cluster/status
2024-04-24T08:38:52.620 INFO:teuthology.orchestra.run.smithi083.stdout:You can access the Ceph CLI as following in case of multi-cluster or non-default config:
2024-04-24T08:38:52.620 INFO:teuthology.orchestra.run.smithi083.stdout:
2024-04-24T08:38:52.620 INFO:teuthology.orchestra.run.smithi083.stdout: sudo /home/ubuntu/cephtest/cephadm shell --fsid bd3e039e-0215-11ef-bc93-c7b262605968 -c /etc/ceph/ceph.conf -k /etc/ceph/ceph.client.admin.keyring
2024-04-24T08:38:52.621 INFO:teuthology.orchestra.run.smithi083.stdout:
2024-04-24T08:38:52.621 INFO:teuthology.orchestra.run.smithi083.stdout:Or, if you are only running a single cluster on this host:
2024-04-24T08:38:52.621 INFO:teuthology.orchestra.run.smithi083.stdout:
2024-04-24T08:38:52.621 INFO:teuthology.orchestra.run.smithi083.stdout: sudo /home/ubuntu/cephtest/cephadm shell
2024-04-24T08:38:52.621 INFO:teuthology.orchestra.run.smithi083.stdout:
2024-04-24T08:38:52.621 INFO:teuthology.orchestra.run.smithi083.stdout:Please consider enabling telemetry to help improve Ceph:
2024-04-24T08:38:52.621 INFO:teuthology.orchestra.run.smithi083.stdout:
2024-04-24T08:38:52.621 INFO:teuthology.orchestra.run.smithi083.stdout: ceph telemetry on
2024-04-24T08:38:52.621 INFO:teuthology.orchestra.run.smithi083.stdout:
2024-04-24T08:38:52.621 INFO:teuthology.orchestra.run.smithi083.stdout:For more information see:
2024-04-24T08:38:52.621 INFO:teuthology.orchestra.run.smithi083.stdout:
2024-04-24T08:38:52.621 INFO:teuthology.orchestra.run.smithi083.stdout: https://docs.ceph.com/en/latest/mgr/telemetry/
2024-04-24T08:38:52.621 INFO:teuthology.orchestra.run.smithi083.stdout:
2024-04-24T08:38:52.621 INFO:teuthology.orchestra.run.smithi083.stdout:Bootstrap complete.
2024-04-24T08:38:52.693 INFO:tasks.cephadm:Fetching config...
2024-04-24T08:38:52.694 DEBUG:teuthology.orchestra.run.smithi083:> set -ex
2024-04-24T08:38:52.694 DEBUG:teuthology.orchestra.run.smithi083:> dd if=/etc/ceph/ceph.conf of=/dev/stdout
2024-04-24T08:38:52.740 INFO:tasks.cephadm:Fetching client.admin keyring...
2024-04-24T08:38:52.740 DEBUG:teuthology.orchestra.run.smithi083:> set -ex
2024-04-24T08:38:52.740 DEBUG:teuthology.orchestra.run.smithi083:> dd if=/etc/ceph/ceph.client.admin.keyring of=/dev/stdout
2024-04-24T08:38:52.821 INFO:tasks.cephadm:Fetching mon keyring...
2024-04-24T08:38:52.821 DEBUG:teuthology.orchestra.run.smithi083:> set -ex
2024-04-24T08:38:52.822 DEBUG:teuthology.orchestra.run.smithi083:> sudo dd if=/var/lib/ceph/bd3e039e-0215-11ef-bc93-c7b262605968/mon.a/keyring of=/dev/stdout
2024-04-24T08:38:52.931 INFO:tasks.cephadm:Fetching pub ssh key...
2024-04-24T08:38:52.932 DEBUG:teuthology.orchestra.run.smithi083:> set -ex
2024-04-24T08:38:52.932 DEBUG:teuthology.orchestra.run.smithi083:> dd if=/home/ubuntu/cephtest/ceph.pub of=/dev/stdout
2024-04-24T08:38:53.022 INFO:tasks.cephadm:Installing pub ssh key for root users...
2024-04-24T08:38:53.023 DEBUG:teuthology.orchestra.run.smithi083:> sudo install -d -m 0700 /root/.ssh && echo 'ssh-rsa AAAAB3NzaC1yc2EAAAADAQABAAABgQDADFsq18W8JTifbXybABKcXFLWR3x3ActmbY2eMvg0Vlu+3KM7De9oVuGJzL+RNfLtUqh7n0kYWRUJ7hNs11wySoNCaDxyPmtUix5yphqVoEFRLBO88SsHMwLdMvWvHf7rHDQMkfThLzzqAF74JC7+hQ+j9U45gPzMCED0PnPSs8Dfigz0EkhhWG6IPDNJvWvQoyDkPkc1suGLsqVRNF6Coc8nfWU6q5GzOqV1198IA+dy/MRUAJ23vnGb9ps3Qwn/Al7ey7o2IgFoB3sqcFu7DWs4y2AAinh1Wv0XbSdgt67jNFZhoSc2pZdR2Ea7Ilr4qn1nzXNZJ4TUFSfUqinmpZGdC6nk63bly0iLmDivqOIpFrFGbMlo1JJOvLuA1XpkPyc0+MUFeVSFIoohLuEyts9xKZc3ByS3kwgf8Ym9WZbKnu2UklnpIv+KRDNCYi6udhLQ629s828wm6IMXCPIX+k78Lj2rdarmVEOcS/5M+ufM8TPHRGl61Y94KLD4ds= ceph-bd3e039e-0215-11ef-bc93-c7b262605968' | sudo tee -a /root/.ssh/authorized_keys && sudo chmod 0600 /root/.ssh/authorized_keys
2024-04-24T08:38:53.125 INFO:journalctl@ceph.mon.a.smithi083.stdout:Apr 24 08:38:52 smithi083 ceph-mon[27907]: from='client.? 172.21.15.83:0/4126147519' entity='client.admin'
2024-04-24T08:38:53.151 INFO:teuthology.orchestra.run.smithi083.stdout:ssh-rsa AAAAB3NzaC1yc2EAAAADAQABAAABgQDADFsq18W8JTifbXybABKcXFLWR3x3ActmbY2eMvg0Vlu+3KM7De9oVuGJzL+RNfLtUqh7n0kYWRUJ7hNs11wySoNCaDxyPmtUix5yphqVoEFRLBO88SsHMwLdMvWvHf7rHDQMkfThLzzqAF74JC7+hQ+j9U45gPzMCED0PnPSs8Dfigz0EkhhWG6IPDNJvWvQoyDkPkc1suGLsqVRNF6Coc8nfWU6q5GzOqV1198IA+dy/MRUAJ23vnGb9ps3Qwn/Al7ey7o2IgFoB3sqcFu7DWs4y2AAinh1Wv0XbSdgt67jNFZhoSc2pZdR2Ea7Ilr4qn1nzXNZJ4TUFSfUqinmpZGdC6nk63bly0iLmDivqOIpFrFGbMlo1JJOvLuA1XpkPyc0+MUFeVSFIoohLuEyts9xKZc3ByS3kwgf8Ym9WZbKnu2UklnpIv+KRDNCYi6udhLQ629s828wm6IMXCPIX+k78Lj2rdarmVEOcS/5M+ufM8TPHRGl61Y94KLD4ds= ceph-bd3e039e-0215-11ef-bc93-c7b262605968
2024-04-24T08:38:53.180 DEBUG:teuthology.orchestra.run.smithi138:> sudo install -d -m 0700 /root/.ssh && echo 'ssh-rsa AAAAB3NzaC1yc2EAAAADAQABAAABgQDADFsq18W8JTifbXybABKcXFLWR3x3ActmbY2eMvg0Vlu+3KM7De9oVuGJzL+RNfLtUqh7n0kYWRUJ7hNs11wySoNCaDxyPmtUix5yphqVoEFRLBO88SsHMwLdMvWvHf7rHDQMkfThLzzqAF74JC7+hQ+j9U45gPzMCED0PnPSs8Dfigz0EkhhWG6IPDNJvWvQoyDkPkc1suGLsqVRNF6Coc8nfWU6q5GzOqV1198IA+dy/MRUAJ23vnGb9ps3Qwn/Al7ey7o2IgFoB3sqcFu7DWs4y2AAinh1Wv0XbSdgt67jNFZhoSc2pZdR2Ea7Ilr4qn1nzXNZJ4TUFSfUqinmpZGdC6nk63bly0iLmDivqOIpFrFGbMlo1JJOvLuA1XpkPyc0+MUFeVSFIoohLuEyts9xKZc3ByS3kwgf8Ym9WZbKnu2UklnpIv+KRDNCYi6udhLQ629s828wm6IMXCPIX+k78Lj2rdarmVEOcS/5M+ufM8TPHRGl61Y94KLD4ds= ceph-bd3e039e-0215-11ef-bc93-c7b262605968' | sudo tee -a /root/.ssh/authorized_keys && sudo chmod 0600 /root/.ssh/authorized_keys
2024-04-24T08:38:53.304 INFO:teuthology.orchestra.run.smithi138.stdout:ssh-rsa AAAAB3NzaC1yc2EAAAADAQABAAABgQDADFsq18W8JTifbXybABKcXFLWR3x3ActmbY2eMvg0Vlu+3KM7De9oVuGJzL+RNfLtUqh7n0kYWRUJ7hNs11wySoNCaDxyPmtUix5yphqVoEFRLBO88SsHMwLdMvWvHf7rHDQMkfThLzzqAF74JC7+hQ+j9U45gPzMCED0PnPSs8Dfigz0EkhhWG6IPDNJvWvQoyDkPkc1suGLsqVRNF6Coc8nfWU6q5GzOqV1198IA+dy/MRUAJ23vnGb9ps3Qwn/Al7ey7o2IgFoB3sqcFu7DWs4y2AAinh1Wv0XbSdgt67jNFZhoSc2pZdR2Ea7Ilr4qn1nzXNZJ4TUFSfUqinmpZGdC6nk63bly0iLmDivqOIpFrFGbMlo1JJOvLuA1XpkPyc0+MUFeVSFIoohLuEyts9xKZc3ByS3kwgf8Ym9WZbKnu2UklnpIv+KRDNCYi6udhLQ629s828wm6IMXCPIX+k78Lj2rdarmVEOcS/5M+ufM8TPHRGl61Y94KLD4ds= ceph-bd3e039e-0215-11ef-bc93-c7b262605968
2024-04-24T08:38:53.360 DEBUG:teuthology.orchestra.run.smithi189:> sudo install -d -m 0700 /root/.ssh && echo 'ssh-rsa AAAAB3NzaC1yc2EAAAADAQABAAABgQDADFsq18W8JTifbXybABKcXFLWR3x3ActmbY2eMvg0Vlu+3KM7De9oVuGJzL+RNfLtUqh7n0kYWRUJ7hNs11wySoNCaDxyPmtUix5yphqVoEFRLBO88SsHMwLdMvWvHf7rHDQMkfThLzzqAF74JC7+hQ+j9U45gPzMCED0PnPSs8Dfigz0EkhhWG6IPDNJvWvQoyDkPkc1suGLsqVRNF6Coc8nfWU6q5GzOqV1198IA+dy/MRUAJ23vnGb9ps3Qwn/Al7ey7o2IgFoB3sqcFu7DWs4y2AAinh1Wv0XbSdgt67jNFZhoSc2pZdR2Ea7Ilr4qn1nzXNZJ4TUFSfUqinmpZGdC6nk63bly0iLmDivqOIpFrFGbMlo1JJOvLuA1XpkPyc0+MUFeVSFIoohLuEyts9xKZc3ByS3kwgf8Ym9WZbKnu2UklnpIv+KRDNCYi6udhLQ629s828wm6IMXCPIX+k78Lj2rdarmVEOcS/5M+ufM8TPHRGl61Y94KLD4ds= ceph-bd3e039e-0215-11ef-bc93-c7b262605968' | sudo tee -a /root/.ssh/authorized_keys && sudo chmod 0600 /root/.ssh/authorized_keys
2024-04-24T08:38:53.489 INFO:teuthology.orchestra.run.smithi189.stdout:ssh-rsa AAAAB3NzaC1yc2EAAAADAQABAAABgQDADFsq18W8JTifbXybABKcXFLWR3x3ActmbY2eMvg0Vlu+3KM7De9oVuGJzL+RNfLtUqh7n0kYWRUJ7hNs11wySoNCaDxyPmtUix5yphqVoEFRLBO88SsHMwLdMvWvHf7rHDQMkfThLzzqAF74JC7+hQ+j9U45gPzMCED0PnPSs8Dfigz0EkhhWG6IPDNJvWvQoyDkPkc1suGLsqVRNF6Coc8nfWU6q5GzOqV1198IA+dy/MRUAJ23vnGb9ps3Qwn/Al7ey7o2IgFoB3sqcFu7DWs4y2AAinh1Wv0XbSdgt67jNFZhoSc2pZdR2Ea7Ilr4qn1nzXNZJ4TUFSfUqinmpZGdC6nk63bly0iLmDivqOIpFrFGbMlo1JJOvLuA1XpkPyc0+MUFeVSFIoohLuEyts9xKZc3ByS3kwgf8Ym9WZbKnu2UklnpIv+KRDNCYi6udhLQ629s828wm6IMXCPIX+k78Lj2rdarmVEOcS/5M+ufM8TPHRGl61Y94KLD4ds= ceph-bd3e039e-0215-11ef-bc93-c7b262605968
2024-04-24T08:38:53.618 DEBUG:teuthology.orchestra.run.smithi083:> sudo /home/ubuntu/cephtest/cephadm --image quay-quay-quay.apps.os.sepia.ceph.com/ceph-ci/ceph:1f81fb397ae98da7563d451a78c61574c8f4e6e0 shell -c /etc/ceph/ceph.conf -k /etc/ceph/ceph.client.admin.keyring --fsid bd3e039e-0215-11ef-bc93-c7b262605968 -- ceph config set mgr mgr/cephadm/allow_ptrace true
2024-04-24T08:38:54.032 INFO:teuthology.orchestra.run.smithi083.stderr:Inferring config /var/lib/ceph/bd3e039e-0215-11ef-bc93-c7b262605968/mon.a/config
2024-04-24T08:38:56.929 INFO:journalctl@ceph.mon.a.smithi083.stdout:Apr 24 08:38:56 smithi083 ceph-mon[27907]: from='mgr.14152 172.21.15.83:0/1987671572' entity='mgr.x'
2024-04-24T08:38:56.930 INFO:journalctl@ceph.mon.a.smithi083.stdout:Apr 24 08:38:56 smithi083 ceph-mon[27907]: from='mgr.14152 172.21.15.83:0/1987671572' entity='mgr.x'
2024-04-24T08:38:56.930 INFO:journalctl@ceph.mon.a.smithi083.stdout:Apr 24 08:38:56 smithi083 ceph-mon[27907]: from='mgr.14152 172.21.15.83:0/1987671572' entity='mgr.x' cmd=[{"prefix": "config rm", "who": "osd/host:smithi083", "name": "osd_memory_target"}]: dispatch
2024-04-24T08:38:56.930 INFO:journalctl@ceph.mon.a.smithi083.stdout:Apr 24 08:38:56 smithi083 ceph-mon[27907]: from='mgr.14152 172.21.15.83:0/1987671572' entity='mgr.x'
2024-04-24T08:38:56.930 INFO:journalctl@ceph.mon.a.smithi083.stdout:Apr 24 08:38:56 smithi083 ceph-mon[27907]: from='mgr.14152 172.21.15.83:0/1987671572' entity='mgr.x' cmd=[{"prefix": "config dump", "format": "json"}]: dispatch
2024-04-24T08:38:56.930 INFO:journalctl@ceph.mon.a.smithi083.stdout:Apr 24 08:38:56 smithi083 ceph-mon[27907]: from='mgr.14152 172.21.15.83:0/1987671572' entity='mgr.x'
2024-04-24T08:38:57.080 INFO:teuthology.orchestra.run.smithi083.stderr:2024-04-24T08:38:56.982+0000 7f3e4ea00700 1 -- 172.21.15.83:0/529053876 >> [v2:172.21.15.83:3300/0,v1:172.21.15.83:6789/0] conn(0x7f3e48104790 msgr2=0x7f3e48104bb0 secure :-1 s=STATE_CONNECTION_ESTABLISHED l=1).mark_down
2024-04-24T08:38:57.080 INFO:teuthology.orchestra.run.smithi083.stderr:2024-04-24T08:38:56.982+0000 7f3e4ea00700 1 --2- 172.21.15.83:0/529053876 >> [v2:172.21.15.83:3300/0,v1:172.21.15.83:6789/0] conn(0x7f3e48104790 0x7f3e48104bb0 secure :-1 s=READY pgs=80 cs=0 l=1 rev1=1 crypto rx=0x7f3e38009910 tx=0x7f3e38009c20 comp rx=0 tx=0).stop
2024-04-24T08:38:57.080 INFO:teuthology.orchestra.run.smithi083.stderr:2024-04-24T08:38:56.982+0000 7f3e4ea00700 1 -- 172.21.15.83:0/529053876 shutdown_connections
2024-04-24T08:38:57.080 INFO:teuthology.orchestra.run.smithi083.stderr:2024-04-24T08:38:56.982+0000 7f3e4ea00700 1 --2- 172.21.15.83:0/529053876 >> [v2:172.21.15.83:3300/0,v1:172.21.15.83:6789/0] conn(0x7f3e48104790 0x7f3e48104bb0 unknown :-1 s=CLOSED pgs=80 cs=0 l=1 rev1=1 crypto rx=0 tx=0 comp rx=0 tx=0).stop
2024-04-24T08:38:57.080 INFO:teuthology.orchestra.run.smithi083.stderr:2024-04-24T08:38:56.982+0000 7f3e4ea00700 1 -- 172.21.15.83:0/529053876 >> 172.21.15.83:0/529053876 conn(0x7f3e480ffd30 msgr2=0x7f3e48102170 unknown :-1 s=STATE_NONE l=0).mark_down
2024-04-24T08:38:57.080 INFO:teuthology.orchestra.run.smithi083.stderr:2024-04-24T08:38:56.982+0000 7f3e4ea00700 1 -- 172.21.15.83:0/529053876 shutdown_connections
2024-04-24T08:38:57.080 INFO:teuthology.orchestra.run.smithi083.stderr:2024-04-24T08:38:56.982+0000 7f3e4ea00700 1 -- 172.21.15.83:0/529053876 wait complete.
2024-04-24T08:38:57.080 INFO:teuthology.orchestra.run.smithi083.stderr:2024-04-24T08:38:56.983+0000 7f3e4ea00700 1 Processor -- start
2024-04-24T08:38:57.080 INFO:teuthology.orchestra.run.smithi083.stderr:2024-04-24T08:38:56.983+0000 7f3e4ea00700 1 -- start start
2024-04-24T08:38:57.080 INFO:teuthology.orchestra.run.smithi083.stderr:2024-04-24T08:38:56.984+0000 7f3e4ea00700 1 --2- >> [v2:172.21.15.83:3300/0,v1:172.21.15.83:6789/0] conn(0x7f3e48104790 0x7f3e48199e00 unknown :-1 s=NONE pgs=0 cs=0 l=1 rev1=0 crypto rx=0 tx=0 comp rx=0 tx=0).connect
2024-04-24T08:38:57.081 INFO:teuthology.orchestra.run.smithi083.stderr:2024-04-24T08:38:56.984+0000 7f3e4ea00700 1 -- --> [v2:172.21.15.83:3300/0,v1:172.21.15.83:6789/0] -- mon_getmap magic: 0 -- 0x7f3e4810a6d0 con 0x7f3e48104790
2024-04-24T08:38:57.081 INFO:teuthology.orchestra.run.smithi083.stderr:2024-04-24T08:38:56.984+0000 7f3e47e00700 1 --2- >> [v2:172.21.15.83:3300/0,v1:172.21.15.83:6789/0] conn(0x7f3e48104790 0x7f3e48199e00 unknown :-1 s=BANNER_CONNECTING pgs=0 cs=0 l=1 rev1=0 crypto rx=0 tx=0 comp rx=0 tx=0)._handle_peer_banner_payload supported=3 required=0
2024-04-24T08:38:57.081 INFO:teuthology.orchestra.run.smithi083.stderr:2024-04-24T08:38:56.984+0000 7f3e47e00700 1 --2- >> [v2:172.21.15.83:3300/0,v1:172.21.15.83:6789/0] conn(0x7f3e48104790 0x7f3e48199e00 unknown :-1 s=HELLO_CONNECTING pgs=0 cs=0 l=1 rev1=1 crypto rx=0 tx=0 comp rx=0 tx=0).handle_hello peer v2:172.21.15.83:3300/0 says I am v2:172.21.15.83:34356/0 (socket says 172.21.15.83:34356)
2024-04-24T08:38:57.081 INFO:teuthology.orchestra.run.smithi083.stderr:2024-04-24T08:38:56.984+0000 7f3e47e00700 1 -- 172.21.15.83:0/1980625270 learned_addr learned my addr 172.21.15.83:0/1980625270 (peer_addr_for_me v2:172.21.15.83:0/0)
2024-04-24T08:38:57.081 INFO:teuthology.orchestra.run.smithi083.stderr:2024-04-24T08:38:56.984+0000 7f3e47e00700 1 -- 172.21.15.83:0/1980625270 --> [v2:172.21.15.83:3300/0,v1:172.21.15.83:6789/0] -- mon_subscribe({config=0+,monmap=0+}) -- 0x7f3e4819a340 con 0x7f3e48104790
2024-04-24T08:38:57.081 INFO:teuthology.orchestra.run.smithi083.stderr:2024-04-24T08:38:56.985+0000 7f3e47e00700 1 --2- 172.21.15.83:0/1980625270 >> [v2:172.21.15.83:3300/0,v1:172.21.15.83:6789/0] conn(0x7f3e48104790 0x7f3e48199e00 secure :-1 s=READY pgs=81 cs=0 l=1 rev1=1 crypto rx=0x7f3e38005800 tx=0x7f3e38009f60 comp rx=0 tx=0).ready entity=mon.0 client_cookie=0 server_cookie=0 in_seq=0 out_seq=0
2024-04-24T08:38:57.081 INFO:teuthology.orchestra.run.smithi083.stderr:2024-04-24T08:38:56.985+0000 7f3e44c00700 1 -- 172.21.15.83:0/1980625270 <== mon.0 v2:172.21.15.83:3300/0 1 ==== mon_map magic: 0 ==== 205+0+0 (secure 0 0 0) 0x7f3e38027070 con 0x7f3e48104790
2024-04-24T08:38:57.081 INFO:teuthology.orchestra.run.smithi083.stderr:2024-04-24T08:38:56.985+0000 7f3e44c00700 1 -- 172.21.15.83:0/1980625270 <== mon.0 v2:172.21.15.83:3300/0 2 ==== config(26 keys) ==== 1102+0+0 (secure 0 0 0) 0x7f3e3800be10 con 0x7f3e48104790
2024-04-24T08:38:57.081 INFO:teuthology.orchestra.run.smithi083.stderr:2024-04-24T08:38:56.985+0000 7f3e44c00700 1 -- 172.21.15.83:0/1980625270 <== mon.0 v2:172.21.15.83:3300/0 3 ==== mon_map magic: 0 ==== 205+0+0 (secure 0 0 0) 0x7f3e3800f460 con 0x7f3e48104790
2024-04-24T08:38:57.081 INFO:teuthology.orchestra.run.smithi083.stderr:2024-04-24T08:38:56.985+0000 7f3e4ea00700 1 -- 172.21.15.83:0/1980625270 --> [v2:172.21.15.83:3300/0,v1:172.21.15.83:6789/0] -- mon_subscribe({mgrmap=0+}) -- 0x7f3e4819a5d0 con 0x7f3e48104790
2024-04-24T08:38:57.081 INFO:teuthology.orchestra.run.smithi083.stderr:2024-04-24T08:38:56.985+0000 7f3e4ea00700 1 -- 172.21.15.83:0/1980625270 --> [v2:172.21.15.83:3300/0,v1:172.21.15.83:6789/0] -- mon_subscribe({osdmap=0}) -- 0x7f3e4819d2c0 con 0x7f3e48104790
2024-04-24T08:38:57.081 INFO:teuthology.orchestra.run.smithi083.stderr:2024-04-24T08:38:56.986+0000 7f3e4ea00700 1 -- 172.21.15.83:0/1980625270 --> [v2:172.21.15.83:3300/0,v1:172.21.15.83:6789/0] -- mon_command({"prefix": "get_command_descriptions"} v 0) -- 0x7f3e4810ae50 con 0x7f3e48104790
2024-04-24T08:38:57.081 INFO:teuthology.orchestra.run.smithi083.stderr:2024-04-24T08:38:56.987+0000 7f3e44c00700 1 -- 172.21.15.83:0/1980625270 <== mon.0 v2:172.21.15.83:3300/0 4 ==== mgrmap(e 13) ==== 46614+0+0 (secure 0 0 0) 0x7f3e3802a070 con 0x7f3e48104790
2024-04-24T08:38:57.081 INFO:teuthology.orchestra.run.smithi083.stderr:2024-04-24T08:38:56.987+0000 7f3e44c00700 1 --2- 172.21.15.83:0/1980625270 >> [v2:172.21.15.83:6800/2550826560,v1:172.21.15.83:6801/2550826560] conn(0x7f3e2c0396b0 0x7f3e2c03bb70 unknown :-1 s=NONE pgs=0 cs=0 l=1 rev1=0 crypto rx=0 tx=0 comp rx=0 tx=0).connect
2024-04-24T08:38:57.082 INFO:teuthology.orchestra.run.smithi083.stderr:2024-04-24T08:38:56.987+0000 7f3e44c00700 1 -- 172.21.15.83:0/1980625270 <== mon.0 v2:172.21.15.83:3300/0 5 ==== osd_map(3..3 src has 1..3) ==== 1155+0+0 (secure 0 0 0) 0x7f3e3801e030 con 0x7f3e48104790
2024-04-24T08:38:57.082 INFO:teuthology.orchestra.run.smithi083.stderr:2024-04-24T08:38:56.988+0000 7f3e47400700 1 --2- 172.21.15.83:0/1980625270 >> [v2:172.21.15.83:6800/2550826560,v1:172.21.15.83:6801/2550826560] conn(0x7f3e2c0396b0 0x7f3e2c03bb70 unknown :-1 s=BANNER_CONNECTING pgs=0 cs=0 l=1 rev1=0 crypto rx=0 tx=0 comp rx=0 tx=0)._handle_peer_banner_payload supported=3 required=0
2024-04-24T08:38:57.082 INFO:teuthology.orchestra.run.smithi083.stderr:2024-04-24T08:38:56.988+0000 7f3e47400700 1 --2- 172.21.15.83:0/1980625270 >> [v2:172.21.15.83:6800/2550826560,v1:172.21.15.83:6801/2550826560] conn(0x7f3e2c0396b0 0x7f3e2c03bb70 secure :-1 s=READY pgs=12 cs=0 l=1 rev1=1 crypto rx=0x7f3e34006fd0 tx=0x7f3e34006e40 comp rx=0 tx=0).ready entity=mgr.14152 client_cookie=0 server_cookie=0 in_seq=0 out_seq=0
2024-04-24T08:38:57.082 INFO:teuthology.orchestra.run.smithi083.stderr:2024-04-24T08:38:56.993+0000 7f3e44c00700 1 -- 172.21.15.83:0/1980625270 <== mon.0 v2:172.21.15.83:3300/0 6 ==== mon_command_ack([{"prefix": "get_command_descriptions"}]=0 v0) ==== 72+0+188370 (secure 0 0 0) 0x7f3e38013070 con 0x7f3e48104790
2024-04-24T08:38:57.225 INFO:teuthology.orchestra.run.smithi083.stderr:2024-04-24T08:38:57.222+0000 7f3e4ea00700 1 -- 172.21.15.83:0/1980625270 --> [v2:172.21.15.83:3300/0,v1:172.21.15.83:6789/0] -- mon_command([{prefix=config set, name=mgr/cephadm/allow_ptrace}] v 0) -- 0x7f3e4802e0f0 con 0x7f3e48104790
2024-04-24T08:38:57.228 INFO:teuthology.orchestra.run.smithi083.stderr:2024-04-24T08:38:57.227+0000 7f3e44c00700 1 -- 172.21.15.83:0/1980625270 <== mon.0 v2:172.21.15.83:3300/0 7 ==== mon_command_ack([{prefix=config set, name=mgr/cephadm/allow_ptrace}]=0 v9)=0 v9) ==== 125+0+0 (secure 0 0 0) 0x7f3e380310c0 con 0x7f3e48104790
2024-04-24T08:38:57.231 INFO:teuthology.orchestra.run.smithi083.stderr:2024-04-24T08:38:57.230+0000 7f3e4ea00700 1 -- 172.21.15.83:0/1980625270 >> [v2:172.21.15.83:6800/2550826560,v1:172.21.15.83:6801/2550826560] conn(0x7f3e2c0396b0 msgr2=0x7f3e2c03bb70 secure :-1 s=STATE_CONNECTION_ESTABLISHED l=1).mark_down
2024-04-24T08:38:57.231 INFO:teuthology.orchestra.run.smithi083.stderr:2024-04-24T08:38:57.230+0000 7f3e4ea00700 1 --2- 172.21.15.83:0/1980625270 >> [v2:172.21.15.83:6800/2550826560,v1:172.21.15.83:6801/2550826560] conn(0x7f3e2c0396b0 0x7f3e2c03bb70 secure :-1 s=READY pgs=12 cs=0 l=1 rev1=1 crypto rx=0x7f3e34006fd0 tx=0x7f3e34006e40 comp rx=0 tx=0).stop
2024-04-24T08:38:57.231 INFO:teuthology.orchestra.run.smithi083.stderr:2024-04-24T08:38:57.230+0000 7f3e4ea00700 1 -- 172.21.15.83:0/1980625270 >> [v2:172.21.15.83:3300/0,v1:172.21.15.83:6789/0] conn(0x7f3e48104790 msgr2=0x7f3e48199e00 secure :-1 s=STATE_CONNECTION_ESTABLISHED l=1).mark_down
2024-04-24T08:38:57.231 INFO:teuthology.orchestra.run.smithi083.stderr:2024-04-24T08:38:57.230+0000 7f3e4ea00700 1 --2- 172.21.15.83:0/1980625270 >> [v2:172.21.15.83:3300/0,v1:172.21.15.83:6789/0] conn(0x7f3e48104790 0x7f3e48199e00 secure :-1 s=READY pgs=81 cs=0 l=1 rev1=1 crypto rx=0x7f3e38005800 tx=0x7f3e38009f60 comp rx=0 tx=0).stop
2024-04-24T08:38:57.232 INFO:teuthology.orchestra.run.smithi083.stderr:2024-04-24T08:38:57.231+0000 7f3e4ea00700 1 -- 172.21.15.83:0/1980625270 shutdown_connections
2024-04-24T08:38:57.232 INFO:teuthology.orchestra.run.smithi083.stderr:2024-04-24T08:38:57.231+0000 7f3e4ea00700 1 --2- 172.21.15.83:0/1980625270 >> [v2:172.21.15.83:6800/2550826560,v1:172.21.15.83:6801/2550826560] conn(0x7f3e2c0396b0 0x7f3e2c03bb70 unknown :-1 s=CLOSED pgs=12 cs=0 l=1 rev1=1 crypto rx=0 tx=0 comp rx=0 tx=0).stop
2024-04-24T08:38:57.232 INFO:teuthology.orchestra.run.smithi083.stderr:2024-04-24T08:38:57.231+0000 7f3e4ea00700 1 --2- 172.21.15.83:0/1980625270 >> [v2:172.21.15.83:3300/0,v1:172.21.15.83:6789/0] conn(0x7f3e48104790 0x7f3e48199e00 unknown :-1 s=CLOSED pgs=81 cs=0 l=1 rev1=1 crypto rx=0 tx=0 comp rx=0 tx=0).stop
2024-04-24T08:38:57.232 INFO:teuthology.orchestra.run.smithi083.stderr:2024-04-24T08:38:57.231+0000 7f3e4ea00700 1 -- 172.21.15.83:0/1980625270 >> 172.21.15.83:0/1980625270 conn(0x7f3e480ffd30 msgr2=0x7f3e481008e0 unknown :-1 s=STATE_NONE l=0).mark_down
2024-04-24T08:38:57.232 INFO:teuthology.orchestra.run.smithi083.stderr:2024-04-24T08:38:57.231+0000 7f3e4ea00700 1 -- 172.21.15.83:0/1980625270 shutdown_connections
2024-04-24T08:38:57.232 INFO:teuthology.orchestra.run.smithi083.stderr:2024-04-24T08:38:57.231+0000 7f3e4ea00700 1 -- 172.21.15.83:0/1980625270 wait complete.
2024-04-24T08:38:58.025 INFO:tasks.cephadm:Distributing conf and client.admin keyring to all hosts + 0755
2024-04-24T08:38:58.025 DEBUG:teuthology.orchestra.run.smithi083:> sudo /home/ubuntu/cephtest/cephadm --image quay-quay-quay.apps.os.sepia.ceph.com/ceph-ci/ceph:1f81fb397ae98da7563d451a78c61574c8f4e6e0 shell -c /etc/ceph/ceph.conf -k /etc/ceph/ceph.client.admin.keyring --fsid bd3e039e-0215-11ef-bc93-c7b262605968 -- ceph orch client-keyring set client.admin '*' --mode 0755
2024-04-24T08:38:58.500 INFO:journalctl@ceph.mon.a.smithi083.stdout:Apr 24 08:38:58 smithi083 ceph-mon[27907]: from='client.? 172.21.15.83:0/1980625270' entity='client.admin'
2024-04-24T08:38:58.500 INFO:journalctl@ceph.mon.a.smithi083.stdout:Apr 24 08:38:58 smithi083 ceph-mon[27907]: from='mgr.14152 172.21.15.83:0/1987671572' entity='mgr.x' cmd=[{"prefix": "config dump", "format": "json"}]: dispatch
2024-04-24T08:38:58.500 INFO:journalctl@ceph.mon.a.smithi083.stdout:Apr 24 08:38:58 smithi083 ceph-mon[27907]: from='mgr.14152 172.21.15.83:0/1987671572' entity='mgr.x'
2024-04-24T08:38:59.196 INFO:teuthology.orchestra.run.smithi083.stderr:Inferring config /var/lib/ceph/bd3e039e-0215-11ef-bc93-c7b262605968/mon.a/config
2024-04-24T08:39:01.144 INFO:teuthology.orchestra.run.smithi083.stderr:2024-04-24T08:39:01.142+0000 7eff37c00700 1 -- 172.21.15.83:0/1582605243 >> [v2:172.21.15.83:3300/0,v1:172.21.15.83:6789/0] conn(0x7eff30103c60 msgr2=0x7eff30104080 secure :-1 s=STATE_CONNECTION_ESTABLISHED l=1).mark_down
2024-04-24T08:39:01.144 INFO:teuthology.orchestra.run.smithi083.stderr:2024-04-24T08:39:01.142+0000 7eff37c00700 1 --2- 172.21.15.83:0/1582605243 >> [v2:172.21.15.83:3300/0,v1:172.21.15.83:6789/0] conn(0x7eff30103c60 0x7eff30104080 secure :-1 s=READY pgs=82 cs=0 l=1 rev1=1 crypto rx=0x7eff20009910 tx=0x7eff20009c20 comp rx=0 tx=0).stop
2024-04-24T08:39:01.144 INFO:teuthology.orchestra.run.smithi083.stderr:2024-04-24T08:39:01.142+0000 7eff37c00700 1 -- 172.21.15.83:0/1582605243 shutdown_connections
2024-04-24T08:39:01.144 INFO:teuthology.orchestra.run.smithi083.stderr:2024-04-24T08:39:01.142+0000 7eff37c00700 1 --2- 172.21.15.83:0/1582605243 >> [v2:172.21.15.83:3300/0,v1:172.21.15.83:6789/0] conn(0x7eff30103c60 0x7eff30104080 unknown :-1 s=CLOSED pgs=82 cs=0 l=1 rev1=1 crypto rx=0 tx=0 comp rx=0 tx=0).stop
2024-04-24T08:39:01.144 INFO:teuthology.orchestra.run.smithi083.stderr:2024-04-24T08:39:01.142+0000 7eff37c00700 1 -- 172.21.15.83:0/1582605243 >> 172.21.15.83:0/1582605243 conn(0x7eff300fdb40 msgr2=0x7eff300fff60 unknown :-1 s=STATE_NONE l=0).mark_down
2024-04-24T08:39:01.144 INFO:teuthology.orchestra.run.smithi083.stderr:2024-04-24T08:39:01.143+0000 7eff37c00700 1 -- 172.21.15.83:0/1582605243 shutdown_connections
2024-04-24T08:39:01.144 INFO:teuthology.orchestra.run.smithi083.stderr:2024-04-24T08:39:01.143+0000 7eff37c00700 1 -- 172.21.15.83:0/1582605243 wait complete.
2024-04-24T08:39:01.145 INFO:teuthology.orchestra.run.smithi083.stderr:2024-04-24T08:39:01.144+0000 7eff37c00700 1 Processor -- start
2024-04-24T08:39:01.146 INFO:teuthology.orchestra.run.smithi083.stderr:2024-04-24T08:39:01.144+0000 7eff37c00700 1 -- start start
