2024-04-24T08:37:55.937 INFO:teuthology.orchestra.run.smithi083.stdout:/usr/bin/ceph: stderr
2024-04-24T08:37:55.055+0000 7ff8b7400700 1 -- 172.21.15.83:0/3399323054 <== mon.0 v2:172.21.15.83:3300/0 3 ==== mon_map magic: 0 ==== 205+0+0 (secure 0 0 0) 0x7ff8a8004520 con 0x7ff8b81063e0
2024-04-24T08:37:55.937 INFO:teuthology.orchestra.run.smithi083.stdout:/usr/bin/ceph: stderr
2024-04-24T08:37:55.056+0000 7ff8bd800700 1 -- 172.21.15.83:0/3399323054 >> [v2:172.21.15.83:3300/0,v1:172.21.15.83:6789/0] conn(0x7ff8b81063e0 msgr2=0x7ff8b8106800 secure :-1 s=STATE_CONNECTION_ESTABLISHED l=1).mark_down
2024-04-24T08:37:55.937 INFO:teuthology.orchestra.run.smithi083.stdout:/usr/bin/ceph: stderr
2024-04-24T08:37:55.056+0000 7ff8bd800700 1 --2- 172.21.15.83:0/3399323054 >> [v2:172.21.15.83:3300/0,v1:172.21.15.83:6789/0] conn(0x7ff8b81063e0 0x7ff8b8106800 secure :-1 s=READY pgs=20 cs=0 l=1 rev1=1 crypto rx=0x7ff8a8009e80 tx=0x7ff8a800b330 comp rx=0 tx=0).stop
2024-04-24T08:37:55.937 INFO:teuthology.orchestra.run.smithi083.stdout:/usr/bin/ceph: stderr
2024-04-24T08:37:55.056+0000 7ff8bd800700 1 -- 172.21.15.83:0/3399323054 shutdown_connections
2024-04-24T08:37:55.937 INFO:teuthology.orchestra.run.smithi083.stdout:/usr/bin/ceph: stderr
2024-04-24T08:37:55.056+0000 7ff8bd800700 1 --2- 172.21.15.83:0/3399323054 >> [v2:172.21.15.83:3300/0,v1:172.21.15.83:6789/0] conn(0x7ff8b81063e0 0x7ff8b8106800 unknown :-1 s=CLOSED pgs=20 cs=0 l=1 rev1=1 crypto rx=0 tx=0 comp rx=0 tx=0).stop
2024-04-24T08:37:55.937 INFO:teuthology.orchestra.run.smithi083.stdout:/usr/bin/ceph: stderr
2024-04-24T08:37:55.056+0000 7ff8bd800700 1 -- 172.21.15.83:0/3399323054 >> 172.21.15.83:0/3399323054 conn(0x7ff8b8101d20 msgr2=0x7ff8b8104180 unknown :-1 s=STATE_NONE l=0).mark_down
2024-04-24T08:37:55.938 INFO:teuthology.orchestra.run.smithi083.stdout:/usr/bin/ceph: stderr
2024-04-24T08:37:55.056+0000 7ff8bd800700 1 -- 172.21.15.83:0/3399323054 shutdown_connections
2024-04-24T08:37:55.938 INFO:teuthology.orchestra.run.smithi083.stdout:/usr/bin/ceph: stderr
2024-04-24T08:37:55.056+0000 7ff8bd800700 1 -- 172.21.15.83:0/3399323054 wait complete.
2024-04-24T08:37:55.938 INFO:teuthology.orchestra.run.smithi083.stdout:/usr/bin/ceph: stderr
2024-04-24T08:37:55.057+0000 7ff8bd800700 1 Processor -- start
2024-04-24T08:37:55.938 INFO:teuthology.orchestra.run.smithi083.stdout:/usr/bin/ceph: stderr
2024-04-24T08:37:55.057+0000 7ff8bd800700 1 -- start start
2024-04-24T08:37:55.938 INFO:teuthology.orchestra.run.smithi083.stdout:/usr/bin/ceph: stderr
2024-04-24T08:37:55.058+0000 7ff8bd800700 1 --2- >> [v2:172.21.15.83:3300/0,v1:172.21.15.83:6789/0] conn(0x7ff8b81063e0 0x7ff8b819e2f0 unknown :-1 s=NONE pgs=0 cs=0 l=1 rev1=0 crypto rx=0 tx=0 comp rx=0 tx=0).connect
2024-04-24T08:37:55.938 INFO:teuthology.orchestra.run.smithi083.stdout:/usr/bin/ceph: stderr
2024-04-24T08:37:55.058+0000 7ff8bd800700 1 -- --> [v2:172.21.15.83:3300/0,v1:172.21.15.83:6789/0] -- mon_getmap magic: 0 -- 0x7ff8b810c770 con 0x7ff8b81063e0
2024-04-24T08:37:55.938 INFO:teuthology.orchestra.run.smithi083.stdout:/usr/bin/ceph: stderr
2024-04-24T08:37:55.058+0000 7ff8b7e00700 1 --2- >> [v2:172.21.15.83:3300/0,v1:172.21.15.83:6789/0] conn(0x7ff8b81063e0 0x7ff8b819e2f0 unknown :-1 s=BANNER_CONNECTING pgs=0 cs=0 l=1 rev1=0 crypto rx=0 tx=0 comp rx=0 tx=0)._handle_peer_banner_payload supported=3 required=0
2024-04-24T08:37:55.938 INFO:teuthology.orchestra.run.smithi083.stdout:/usr/bin/ceph: stderr
2024-04-24T08:37:55.058+0000 7ff8b7e00700 1 --2- >> [v2:172.21.15.83:3300/0,v1:172.21.15.83:6789/0] conn(0x7ff8b81063e0 0x7ff8b819e2f0 unknown :-1 s=HELLO_CONNECTING pgs=0 cs=0 l=1 rev1=1 crypto rx=0 tx=0 comp rx=0 tx=0).handle_hello peer v2:172.21.15.83:3300/0 says I am v2:172.21.15.83:49938/0 (socket says 172.21.15.83:49938)
2024-04-24T08:37:55.938 INFO:teuthology.orchestra.run.smithi083.stdout:/usr/bin/ceph: stderr
2024-04-24T08:37:55.058+0000 7ff8b7e00700 1 -- 172.21.15.83:0/2471787592 learned_addr learned my addr 172.21.15.83:0/2471787592 (peer_addr_for_me v2:172.21.15.83:0/0)
2024-04-24T08:37:55.938 INFO:teuthology.orchestra.run.smithi083.stdout:/usr/bin/ceph: stderr
2024-04-24T08:37:55.058+0000 7ff8b7e00700 1 -- 172.21.15.83:0/2471787592 --> [v2:172.21.15.83:3300/0,v1:172.21.15.83:6789/0] -- mon_subscribe({config=0+,monmap=0+}) -- 0x7ff8b819e830 con 0x7ff8b81063e0
2024-04-24T08:37:55.938 INFO:teuthology.orchestra.run.smithi083.stdout:/usr/bin/ceph: stderr
2024-04-24T08:37:55.058+0000 7ff8b7e00700 1 --2- 172.21.15.83:0/2471787592 >> [v2:172.21.15.83:3300/0,v1:172.21.15.83:6789/0] conn(0x7ff8b81063e0 0x7ff8b819e2f0 secure :-1 s=READY pgs=21 cs=0 l=1 rev1=1 crypto rx=0x7ff8a8000f80 tx=0x7ff8a8009640 comp rx=0 tx=0).ready entity=mon.0 client_cookie=0 server_cookie=0 in_seq=0 out_seq=0
2024-04-24T08:37:55.938 INFO:teuthology.orchestra.run.smithi083.stdout:/usr/bin/ceph: stderr
2024-04-24T08:37:55.059+0000 7ff8b5600700 1 -- 172.21.15.83:0/2471787592 <== mon.0 v2:172.21.15.83:3300/0 1 ==== mon_map magic: 0 ==== 205+0+0 (secure 0 0 0) 0x7ff8a8020020 con 0x7ff8b81063e0
2024-04-24T08:37:55.938 INFO:teuthology.orchestra.run.smithi083.stdout:/usr/bin/ceph: stderr
2024-04-24T08:37:55.059+0000 7ff8b5600700 1 -- 172.21.15.83:0/2471787592 <== mon.0 v2:172.21.15.83:3300/0 2 ==== config(26 keys) ==== 1071+0+0 (secure 0 0 0) 0x7ff8a800bba0 con 0x7ff8b81063e0
2024-04-24T08:37:55.939 INFO:teuthology.orchestra.run.smithi083.stdout:/usr/bin/ceph: stderr
2024-04-24T08:37:55.059+0000 7ff8b5600700 1 -- 172.21.15.83:0/2471787592 <== mon.0 v2:172.21.15.83:3300/0 3 ==== mon_map magic: 0 ==== 205+0+0 (secure 0 0 0) 0x7ff8a8017040 con 0x7ff8b81063e0
2024-04-24T08:37:55.939 INFO:teuthology.orchestra.run.smithi083.stdout:/usr/bin/ceph: stderr
2024-04-24T08:37:55.059+0000 7ff8bd800700 1 -- 172.21.15.83:0/2471787592 --> [v2:172.21.15.83:3300/0,v1:172.21.15.83:6789/0] -- mon_subscribe({mgrmap=0+}) -- 0x7ff8b819eac0 con 0x7ff8b81063e0
2024-04-24T08:37:55.939 INFO:teuthology.orchestra.run.smithi083.stdout:/usr/bin/ceph: stderr
2024-04-24T08:37:55.059+0000 7ff8bd800700 1 -- 172.21.15.83:0/2471787592 --> [v2:172.21.15.83:3300/0,v1:172.21.15.83:6789/0] -- mon_subscribe({osdmap=0}) -- 0x7ff8b81a17b0 con 0x7ff8b81063e0
2024-04-24T08:37:55.939 INFO:teuthology.orchestra.run.smithi083.stdout:/usr/bin/ceph: stderr
2024-04-24T08:37:55.060+0000 7ff8b5600700 1 -- 172.21.15.83:0/2471787592 <== mon.0 v2:172.21.15.83:3300/0 4 ==== mgrmap(e 4) ==== 46547+0+0 (secure 0 0 0) 0x7ff8a8023020 con 0x7ff8b81063e0
2024-04-24T08:37:55.939 INFO:teuthology.orchestra.run.smithi083.stdout:/usr/bin/ceph: stderr
2024-04-24T08:37:55.060+0000 7ff8bd800700 1 -- 172.21.15.83:0/2471787592 --> [v2:172.21.15.83:3300/0,v1:172.21.15.83:6789/0] -- mon_command({"prefix": "get_command_descriptions"} v 0) -- 0x7ff8b8064150 con 0x7ff8b81063e0
2024-04-24T08:37:55.939 INFO:teuthology.orchestra.run.smithi083.stdout:/usr/bin/ceph: stderr
2024-04-24T08:37:55.061+0000 7ff8b5600700 1 --2- 172.21.15.83:0/2471787592 >> [v2:172.21.15.83:6800/1996371091,v1:172.21.15.83:6801/1996371091] conn(0x7ff89c0395b0 0x7ff89c03ba70 unknown :-1 s=NONE pgs=0 cs=0 l=1 rev1=0 crypto rx=0 tx=0 comp rx=0 tx=0).connect
2024-04-24T08:37:55.939 INFO:teuthology.orchestra.run.smithi083.stdout:/usr/bin/ceph: stderr
2024-04-24T08:37:55.061+0000 7ff8b5600700 1 -- 172.21.15.83:0/2471787592 <== mon.0 v2:172.21.15.83:3300/0 5 ==== osd_map(1..1 src has 1..1) ==== 725+0+0 (secure 0 0 0) 0x7ff8a800f050 con 0x7ff8b81063e0
2024-04-24T08:37:55.939 INFO:teuthology.orchestra.run.smithi083.stdout:/usr/bin/ceph: stderr
2024-04-24T08:37:55.061+0000 7ff8af400700 1 --2- 172.21.15.83:0/2471787592 >> [v2:172.21.15.83:6800/1996371091,v1:172.21.15.83:6801/1996371091] conn(0x7ff89c0395b0 0x7ff89c03ba70 unknown :-1 s=BANNER_CONNECTING pgs=0 cs=0 l=1 rev1=0 crypto rx=0 tx=0 comp rx=0 tx=0)._handle_peer_banner_payload supported=3 required=0
2024-04-24T08:37:55.939 INFO:teuthology.orchestra.run.smithi083.stdout:/usr/bin/ceph: stderr
2024-04-24T08:37:55.061+0000 7ff8af400700 1 --2- 172.21.15.83:0/2471787592 >> [v2:172.21.15.83:6800/1996371091,v1:172.21.15.83:6801/1996371091] conn(0x7ff89c0395b0 0x7ff89c03ba70 secure :-1 s=READY pgs=7 cs=0 l=1 rev1=1 crypto rx=0x7ff8a0006fd0 tx=0x7ff8a0006e40 comp rx=0 tx=0).ready entity=mgr.14100 client_cookie=0 server_cookie=0 in_seq=0 out_seq=0
2024-04-24T08:37:55.939 INFO:teuthology.orchestra.run.smithi083.stdout:/usr/bin/ceph: stderr
2024-04-24T08:37:55.066+0000 7ff8b5600700 1 -- 172.21.15.83:0/2471787592 <== mon.0 v2:172.21.15.83:3300/0 6 ==== mon_command_ack([{"prefix": "get_command_descriptions"}]=0 v0) ==== 72+0+188370 (secure 0 0 0) 0x7ff8a802a020 con 0x7ff8b81063e0
2024-04-24T08:37:55.939 INFO:teuthology.orchestra.run.smithi083.stdout:/usr/bin/ceph: stderr
2024-04-24T08:37:55.288+0000 7ff8bd800700 1 -- 172.21.15.83:0/2471787592 --> [v2:172.21.15.83:3300/0,v1:172.21.15.83:6789/0] -- mon_command({"prefix": "config assimilate-conf"} v 0) -- 0x7ff8b81a3020 con 0x7ff8b81063e0
2024-04-24T08:37:55.939 INFO:teuthology.orchestra.run.smithi083.stdout:/usr/bin/ceph: stderr
2024-04-24T08:37:55.291+0000 7ff8b5600700 1 -- 172.21.15.83:0/2471787592 <== mon.0 v2:172.21.15.83:3300/0 7 ==== mon_command_ack([{"prefix": "config assimilate-conf"}]=0 v3) ==== 70+0+373 (secure 0 0 0) 0x7ff8a802c300 con 0x7ff8b81063e0
2024-04-24T08:37:55.939 INFO:teuthology.orchestra.run.smithi083.stdout:/usr/bin/ceph: stderr
2024-04-24T08:37:55.294+0000 7ff8bd800700 1 -- 172.21.15.83:0/2471787592 >> [v2:172.21.15.83:6800/1996371091,v1:172.21.15.83:6801/1996371091] conn(0x7ff89c0395b0 msgr2=0x7ff89c03ba70 secure :-1 s=STATE_CONNECTION_ESTABLISHED l=1).mark_down
2024-04-24T08:37:55.939 INFO:teuthology.orchestra.run.smithi083.stdout:/usr/bin/ceph: stderr
2024-04-24T08:37:55.294+0000 7ff8bd800700 1 --2- 172.21.15.83:0/2471787592 >> [v2:172.21.15.83:6800/1996371091,v1:172.21.15.83:6801/1996371091] conn(0x7ff89c0395b0 0x7ff89c03ba70 secure :-1 s=READY pgs=7 cs=0 l=1 rev1=1 crypto rx=0x7ff8a0006fd0 tx=0x7ff8a0006e40 comp rx=0 tx=0).stop
2024-04-24T08:37:55.940 INFO:teuthology.orchestra.run.smithi083.stdout:/usr/bin/ceph: stderr
2024-04-24T08:37:55.294+0000 7ff8bd800700 1 -- 172.21.15.83:0/2471787592 >> [v2:172.21.15.83:3300/0,v1:172.21.15.83:6789/0] conn(0x7ff8b81063e0 msgr2=0x7ff8b819e2f0 secure :-1 s=STATE_CONNECTION_ESTABLISHED l=1).mark_down
2024-04-24T08:37:55.940 INFO:teuthology.orchestra.run.smithi083.stdout:/usr/bin/ceph: stderr
2024-04-24T08:37:55.294+0000 7ff8bd800700 1 --2- 172.21.15.83:0/2471787592 >> [v2:172.21.15.83:3300/0,v1:172.21.15.83:6789/0] conn(0x7ff8b81063e0 0x7ff8b819e2f0 secure :-1 s=READY pgs=21 cs=0 l=1 rev1=1 crypto rx=0x7ff8a8000f80 tx=0x7ff8a8009640 comp rx=0 tx=0).stop
2024-04-24T08:37:55.940 INFO:teuthology.orchestra.run.smithi083.stdout:/usr/bin/ceph: stderr
2024-04-24T08:37:55.294+0000 7ff8bd800700 1 -- 172.21.15.83:0/2471787592 shutdown_connections
2024-04-24T08:37:55.940 INFO:teuthology.orchestra.run.smithi083.stdout:/usr/bin/ceph: stderr
2024-04-24T08:37:55.294+0000 7ff8bd800700 1 --2- 172.21.15.83:0/2471787592 >> [v2:172.21.15.83:6800/1996371091,v1:172.21.15.83:6801/1996371091] conn(0x7ff89c0395b0 0x7ff89c03ba70 unknown :-1 s=CLOSED pgs=7 cs=0 l=1 rev1=1 crypto rx=0 tx=0 comp rx=0 tx=0).stop
2024-04-24T08:37:55.940 INFO:teuthology.orchestra.run.smithi083.stdout:/usr/bin/ceph: stderr
2024-04-24T08:37:55.294+0000 7ff8bd800700 1 --2- 172.21.15.83:0/2471787592 >> [v2:172.21.15.83:3300/0,v1:172.21.15.83:6789/0] conn(0x7ff8b81063e0 0x7ff8b819e2f0 unknown :-1 s=CLOSED pgs=21 cs=0 l=1 rev1=1 crypto rx=0 tx=0 comp rx=0 tx=0).stop
2024-04-24T08:37:55.940 INFO:teuthology.orchestra.run.smithi083.stdout:/usr/bin/ceph: stderr
2024-04-24T08:37:55.294+0000 7ff8bd800700 1 -- 172.21.15.83:0/2471787592 >> 172.21.15.83:0/2471787592 conn(0x7ff8b8101d20 msgr2=0x7ff8b81028f0 unknown :-1 s=STATE_NONE l=0).mark_down
2024-04-24T08:37:55.940 INFO:teuthology.orchestra.run.smithi083.stdout:/usr/bin/ceph: stderr
2024-04-24T08:37:55.295+0000 7ff8bd800700 1 -- 172.21.15.83:0/2471787592 shutdown_connections
2024-04-24T08:37:55.940 INFO:teuthology.orchestra.run.smithi083.stdout:/usr/bin/ceph: stderr
2024-04-24T08:37:55.295+0000 7ff8bd800700 1 -- 172.21.15.83:0/2471787592 wait complete.
2024-04-24T08:37:55.940 INFO:teuthology.orchestra.run.smithi083.stdout:Enabling cephadm module...
2024-04-24T08:37:57.220 INFO:journalctl@ceph.mon.a.smithi083.stdout:Apr 24 08:37:56 smithi083 ceph-mon[27907]: from='client.? 172.21.15.83:0/1304226687' entity='client.admin' cmd=[{"prefix": "mgr module enable", "module": "cephadm"}]: dispatch
2024-04-24T08:37:57.221 INFO:journalctl@ceph.mgr.x.smithi083.stdout:Apr 24 08:37:57 smithi083 ceph-bd3e039e-0215-11ef-bc93-c7b262605968-mgr-x[28137]: ignoring --setuser ceph since I am not root
2024-04-24T08:37:57.221 INFO:journalctl@ceph.mgr.x.smithi083.stdout:Apr 24 08:37:57 smithi083 ceph-bd3e039e-0215-11ef-bc93-c7b262605968-mgr-x[28137]: ignoring --setgroup ceph since I am not root
2024-04-24T08:37:57.221 INFO:journalctl@ceph.mgr.x.smithi083.stdout:Apr 24 08:37:57 smithi083 ceph-bd3e039e-0215-11ef-bc93-c7b262605968-mgr-x[28137]:
2024-04-24T08:37:57.219+0000 7fad99efd200 -1 mgr[py] Module balancer has missing NOTIFY_TYPES member
2024-04-24T08:37:57.553 INFO:journalctl@ceph.mgr.x.smithi083.stdout:Apr 24 08:37:57 smithi083 ceph-bd3e039e-0215-11ef-bc93-c7b262605968-mgr-x[28137]:
2024-04-24T08:37:57.465+0000 7fad99efd200 -1 mgr[py] Module orchestrator has missing NOTIFY_TYPES member
2024-04-24T08:37:57.701 INFO:teuthology.orchestra.run.smithi083.stdout:/usr/bin/ceph: stderr
2024-04-24T08:37:56.579+0000 7fb3e2400700 1 Processor -- start
2024-04-24T08:37:57.701 INFO:teuthology.orchestra.run.smithi083.stdout:/usr/bin/ceph: stderr
2024-04-24T08:37:56.579+0000 7fb3e2400700 1 -- start start
2024-04-24T08:37:57.701 INFO:teuthology.orchestra.run.smithi083.stdout:/usr/bin/ceph: stderr
2024-04-24T08:37:56.579+0000 7fb3e2400700 1 --2- >> [v2:172.21.15.83:3300/0,v1:172.21.15.83:6789/0] conn(0x7fb3dc10ef20 0x7fb3dc10f340 unknown :-1 s=NONE pgs=0 cs=0 l=0 rev1=0 crypto rx=0 tx=0 comp rx=0 tx=0).connect
2024-04-24T08:37:57.702 INFO:teuthology.orchestra.run.smithi083.stdout:/usr/bin/ceph: stderr
2024-04-24T08:37:56.579+0000 7fb3e2400700 1 -- --> [v2:172.21.15.83:3300/0,v1:172.21.15.83:6789/0] -- mon_getmap magic: 0 -- 0x7fb3dc10f880 con 0x7fb3dc10ef20
2024-04-24T08:37:57.702 INFO:teuthology.orchestra.run.smithi083.stdout:/usr/bin/ceph: stderr
2024-04-24T08:37:56.579+0000 7fb3db400700 1 --2- >> [v2:172.21.15.83:3300/0,v1:172.21.15.83:6789/0] conn(0x7fb3dc10ef20 0x7fb3dc10f340 unknown :-1 s=BANNER_CONNECTING pgs=0 cs=0 l=0 rev1=0 crypto rx=0 tx=0 comp rx=0 tx=0)._handle_peer_banner_payload supported=3 required=0
2024-04-24T08:37:57.702 INFO:teuthology.orchestra.run.smithi083.stdout:/usr/bin/ceph: stderr
2024-04-24T08:37:56.580+0000 7fb3db400700 1 --2- >> [v2:172.21.15.83:3300/0,v1:172.21.15.83:6789/0] conn(0x7fb3dc10ef20 0x7fb3dc10f340 unknown :-1 s=HELLO_CONNECTING pgs=0 cs=0 l=0 rev1=1 crypto rx=0 tx=0 comp rx=0 tx=0).handle_hello peer v2:172.21.15.83:3300/0 says I am v2:172.21.15.83:49950/0 (socket says 172.21.15.83:49950)
2024-04-24T08:37:57.702 INFO:teuthology.orchestra.run.smithi083.stdout:/usr/bin/ceph: stderr
2024-04-24T08:37:56.580+0000 7fb3db400700 1 -- 172.21.15.83:0/362462508 learned_addr learned my addr 172.21.15.83:0/362462508 (peer_addr_for_me v2:172.21.15.83:0/0)
2024-04-24T08:37:57.702 INFO:teuthology.orchestra.run.smithi083.stdout:/usr/bin/ceph: stderr
2024-04-24T08:37:56.580+0000 7fb3db400700 1 -- 172.21.15.83:0/362462508 --> [v2:172.21.15.83:3300/0,v1:172.21.15.83:6789/0] -- mon_subscribe({config=0+,monmap=0+}) -- 0x7fb3dc10fa00 con 0x7fb3dc10ef20
2024-04-24T08:37:57.702 INFO:teuthology.orchestra.run.smithi083.stdout:/usr/bin/ceph: stderr
2024-04-24T08:37:56.580+0000 7fb3db400700 1 --2- 172.21.15.83:0/362462508 >> [v2:172.21.15.83:3300/0,v1:172.21.15.83:6789/0] conn(0x7fb3dc10ef20 0x7fb3dc10f340 secure :-1 s=READY pgs=22 cs=0 l=1 rev1=1 crypto rx=0x7fb3cc0098a0 tx=0x7fb3cc009bb0 comp rx=0 tx=0).ready entity=mon.0 client_cookie=21b849cd0d09e225 server_cookie=0 in_seq=0 out_seq=0
2024-04-24T08:37:57.702 INFO:teuthology.orchestra.run.smithi083.stdout:/usr/bin/ceph: stderr
2024-04-24T08:37:56.581+0000 7fb3da000700 1 -- 172.21.15.83:0/362462508 <== mon.0 v2:172.21.15.83:3300/0 1 ==== mon_map magic: 0 ==== 205+0+0 (secure 0 0 0) 0x7fb3cc004160 con 0x7fb3dc10ef20
2024-04-24T08:37:57.702 INFO:teuthology.orchestra.run.smithi083.stdout:/usr/bin/ceph: stderr
2024-04-24T08:37:56.581+0000 7fb3da000700 1 -- 172.21.15.83:0/362462508 <== mon.0 v2:172.21.15.83:3300/0 2 ==== config(26 keys) ==== 1071+0+0 (secure 0 0 0) 0x7fb3cc004300 con 0x7fb3dc10ef20
2024-04-24T08:37:57.702 INFO:teuthology.orchestra.run.smithi083.stdout:/usr/bin/ceph: stderr
2024-04-24T08:37:56.581+0000 7fb3da000700 1 -- 172.21.15.83:0/362462508 <== mon.0 v2:172.21.15.83:3300/0 3 ==== mon_map magic: 0 ==== 205+0+0 (secure 0 0 0) 0x7fb3cc011a80 con 0x7fb3dc10ef20
2024-04-24T08:37:57.703 INFO:teuthology.orchestra.run.smithi083.stdout:/usr/bin/ceph: stderr
2024-04-24T08:37:56.581+0000 7fb3e2400700 1 -- 172.21.15.83:0/362462508 >> [v2:172.21.15.83:3300/0,v1:172.21.15.83:6789/0] conn(0x7fb3dc10ef20 msgr2=0x7fb3dc10f340 secure :-1 s=STATE_CONNECTION_ESTABLISHED l=1).mark_down
2024-04-24T08:37:57.703 INFO:teuthology.orchestra.run.smithi083.stdout:/usr/bin/ceph: stderr
2024-04-24T08:37:56.581+0000 7fb3e2400700 1 --2- 172.21.15.83:0/362462508 >> [v2:172.21.15.83:3300/0,v1:172.21.15.83:6789/0] conn(0x7fb3dc10ef20 0x7fb3dc10f340 secure :-1 s=READY pgs=22 cs=0 l=1 rev1=1 crypto rx=0x7fb3cc0098a0 tx=0x7fb3cc009bb0 comp rx=0 tx=0).stop
2024-04-24T08:37:57.703 INFO:teuthology.orchestra.run.smithi083.stdout:/usr/bin/ceph: stderr
2024-04-24T08:37:56.581+0000 7fb3e2400700 1 -- 172.21.15.83:0/362462508 shutdown_connections
2024-04-24T08:37:57.703 INFO:teuthology.orchestra.run.smithi083.stdout:/usr/bin/ceph: stderr
2024-04-24T08:37:56.581+0000 7fb3e2400700 1 --2- 172.21.15.83:0/362462508 >> [v2:172.21.15.83:3300/0,v1:172.21.15.83:6789/0] conn(0x7fb3dc10ef20 0x7fb3dc10f340 unknown :-1 s=CLOSED pgs=22 cs=0 l=1 rev1=1 crypto rx=0 tx=0 comp rx=0 tx=0).stop
2024-04-24T08:37:57.703 INFO:teuthology.orchestra.run.smithi083.stdout:/usr/bin/ceph: stderr
2024-04-24T08:37:56.581+0000 7fb3e2400700 1 -- 172.21.15.83:0/362462508 >> 172.21.15.83:0/362462508 conn(0x7fb3dc07dbb0 msgr2=0x7fb3dc07ffd0 unknown :-1 s=STATE_NONE l=0).mark_down
2024-04-24T08:37:57.703 INFO:teuthology.orchestra.run.smithi083.stdout:/usr/bin/ceph: stderr
2024-04-24T08:37:56.582+0000 7fb3e2400700 1 -- 172.21.15.83:0/362462508 shutdown_connections
2024-04-24T08:37:57.703 INFO:teuthology.orchestra.run.smithi083.stdout:/usr/bin/ceph: stderr
2024-04-24T08:37:56.582+0000 7fb3e2400700 1 -- 172.21.15.83:0/362462508 wait complete.
2024-04-24T08:37:57.703 INFO:teuthology.orchestra.run.smithi083.stdout:/usr/bin/ceph: stderr
2024-04-24T08:37:56.583+0000 7fb3e2400700 1 Processor -- start
2024-04-24T08:37:57.703 INFO:teuthology.orchestra.run.smithi083.stdout:/usr/bin/ceph: stderr
2024-04-24T08:37:56.583+0000 7fb3e2400700 1 -- start start
2024-04-24T08:37:57.703 INFO:teuthology.orchestra.run.smithi083.stdout:/usr/bin/ceph: stderr
2024-04-24T08:37:56.583+0000 7fb3e2400700 1 --2- >> [v2:172.21.15.83:3300/0,v1:172.21.15.83:6789/0] conn(0x7fb3dc10ef20 0x7fb3dc1a2850 unknown :-1 s=NONE pgs=0 cs=0 l=1 rev1=0 crypto rx=0 tx=0 comp rx=0 tx=0).connect
2024-04-24T08:37:57.703 INFO:teuthology.orchestra.run.smithi083.stdout:/usr/bin/ceph: stderr
2024-04-24T08:37:56.583+0000 7fb3e2400700 1 -- --> [v2:172.21.15.83:3300/0,v1:172.21.15.83:6789/0] -- mon_getmap magic: 0 -- 0x7fb3dc110a80 con 0x7fb3dc10ef20
2024-04-24T08:37:57.704 INFO:teuthology.orchestra.run.smithi083.stdout:/usr/bin/ceph: stderr
2024-04-24T08:37:56.583+0000 7fb3db400700 1 --2- >> [v2:172.21.15.83:3300/0,v1:172.21.15.83:6789/0] conn(0x7fb3dc10ef20 0x7fb3dc1a2850 unknown :-1 s=BANNER_CONNECTING pgs=0 cs=0 l=1 rev1=0 crypto rx=0 tx=0 comp rx=0 tx=0)._handle_peer_banner_payload supported=3 required=0
2024-04-24T08:37:57.704 INFO:teuthology.orchestra.run.smithi083.stdout:/usr/bin/ceph: stderr
2024-04-24T08:37:56.583+0000 7fb3db400700 1 --2- >> [v2:172.21.15.83:3300/0,v1:172.21.15.83:6789/0] conn(0x7fb3dc10ef20 0x7fb3dc1a2850 unknown :-1 s=HELLO_CONNECTING pgs=0 cs=0 l=1 rev1=1 crypto rx=0 tx=0 comp rx=0 tx=0).handle_hello peer v2:172.21.15.83:3300/0 says I am v2:172.21.15.83:49956/0 (socket says 172.21.15.83:49956)
2024-04-24T08:37:57.704 INFO:teuthology.orchestra.run.smithi083.stdout:/usr/bin/ceph: stderr
2024-04-24T08:37:56.583+0000 7fb3db400700 1 -- 172.21.15.83:0/1304226687 learned_addr learned my addr 172.21.15.83:0/1304226687 (peer_addr_for_me v2:172.21.15.83:0/0)
2024-04-24T08:37:57.704 INFO:teuthology.orchestra.run.smithi083.stdout:/usr/bin/ceph: stderr
2024-04-24T08:37:56.584+0000 7fb3db400700 1 -- 172.21.15.83:0/1304226687 --> [v2:172.21.15.83:3300/0,v1:172.21.15.83:6789/0] -- mon_subscribe({config=0+,monmap=0+}) -- 0x7fb3dc1a2d90 con 0x7fb3dc10ef20
2024-04-24T08:37:57.704 INFO:teuthology.orchestra.run.smithi083.stdout:/usr/bin/ceph: stderr
2024-04-24T08:37:56.584+0000 7fb3db400700 1 --2- 172.21.15.83:0/1304226687 >> [v2:172.21.15.83:3300/0,v1:172.21.15.83:6789/0] conn(0x7fb3dc10ef20 0x7fb3dc1a2850 secure :-1 s=READY pgs=23 cs=0 l=1 rev1=1 crypto rx=0x7fb3cc006af0 tx=0x7fb3cc011b70 comp rx=0 tx=0).ready entity=mon.0 client_cookie=0 server_cookie=0 in_seq=0 out_seq=0
2024-04-24T08:37:57.704 INFO:teuthology.orchestra.run.smithi083.stdout:/usr/bin/ceph: stderr
2024-04-24T08:37:56.584+0000 7fb3d3e00700 1 -- 172.21.15.83:0/1304226687 <== mon.0 v2:172.21.15.83:3300/0 1 ==== mon_map magic: 0 ==== 205+0+0 (secure 0 0 0) 0x7fb3cc003930 con 0x7fb3dc10ef20
2024-04-24T08:37:57.704 INFO:teuthology.orchestra.run.smithi083.stdout:/usr/bin/ceph: stderr
2024-04-24T08:37:56.584+0000 7fb3d3e00700 1 -- 172.21.15.83:0/1304226687 <== mon.0 v2:172.21.15.83:3300/0 2 ==== config(26 keys) ==== 1071+0+0 (secure 0 0 0) 0x7fb3cc003ad0 con 0x7fb3dc10ef20
2024-04-24T08:37:57.704 INFO:teuthology.orchestra.run.smithi083.stdout:/usr/bin/ceph: stderr
2024-04-24T08:37:56.584+0000 7fb3d3e00700 1 -- 172.21.15.83:0/1304226687 <== mon.0 v2:172.21.15.83:3300/0 3 ==== mon_map magic: 0 ==== 205+0+0 (secure 0 0 0) 0x7fb3cc0195e0 con 0x7fb3dc10ef20
2024-04-24T08:37:57.704 INFO:teuthology.orchestra.run.smithi083.stdout:/usr/bin/ceph: stderr
2024-04-24T08:37:56.584+0000 7fb3e2400700 1 -- 172.21.15.83:0/1304226687 --> [v2:172.21.15.83:3300/0,v1:172.21.15.83:6789/0] -- mon_subscribe({mgrmap=0+}) -- 0x7fb3dc1a3020 con 0x7fb3dc10ef20
2024-04-24T08:37:57.704 INFO:teuthology.orchestra.run.smithi083.stdout:/usr/bin/ceph: stderr
2024-04-24T08:37:56.584+0000 7fb3e2400700 1 -- 172.21.15.83:0/1304226687 --> [v2:172.21.15.83:3300/0,v1:172.21.15.83:6789/0] -- mon_subscribe({osdmap=0}) -- 0x7fb3dc1a5d10 con 0x7fb3dc10ef20
2024-04-24T08:37:57.704 INFO:teuthology.orchestra.run.smithi083.stdout:/usr/bin/ceph: stderr
2024-04-24T08:37:56.586+0000 7fb3d3e00700 1 -- 172.21.15.83:0/1304226687 <== mon.0 v2:172.21.15.83:3300/0 4 ==== mgrmap(e 4) ==== 46547+0+0 (secure 0 0 0) 0x7fb3cc019890 con 0x7fb3dc10ef20
2024-04-24T08:37:57.705 INFO:teuthology.orchestra.run.smithi083.stdout:/usr/bin/ceph: stderr
2024-04-24T08:37:56.586+0000 7fb3d1600700 1 -- 172.21.15.83:0/1304226687 --> [v2:172.21.15.83:3300/0,v1:172.21.15.83:6789/0] -- mon_command({"prefix": "get_command_descriptions"} v 0) -- 0x7fb3b4005330 con 0x7fb3dc10ef20
2024-04-24T08:37:57.705 INFO:teuthology.orchestra.run.smithi083.stdout:/usr/bin/ceph: stderr
2024-04-24T08:37:56.586+0000 7fb3d3e00700 1 --2- 172.21.15.83:0/1304226687 >> [v2:172.21.15.83:6800/1996371091,v1:172.21.15.83:6801/1996371091] conn(0x7fb3c0039560 0x7fb3c003ba20 unknown :-1 s=NONE pgs=0 cs=0 l=1 rev1=0 crypto rx=0 tx=0 comp rx=0 tx=0).connect
2024-04-24T08:37:57.705 INFO:teuthology.orchestra.run.smithi083.stdout:/usr/bin/ceph: stderr
2024-04-24T08:37:56.586+0000 7fb3d3e00700 1 -- 172.21.15.83:0/1304226687 <== mon.0 v2:172.21.15.83:3300/0 5 ==== osd_map(1..1 src has 1..1) ==== 725+0+0 (secure 0 0 0) 0x7fb3cc04db50 con 0x7fb3dc10ef20
2024-04-24T08:37:57.705 INFO:teuthology.orchestra.run.smithi083.stdout:/usr/bin/ceph: stderr
2024-04-24T08:37:56.586+0000 7fb3daa00700 1 --2- 172.21.15.83:0/1304226687 >> [v2:172.21.15.83:6800/1996371091,v1:172.21.15.83:6801/1996371091] conn(0x7fb3c0039560 0x7fb3c003ba20 unknown :-1 s=BANNER_CONNECTING pgs=0 cs=0 l=1 rev1=0 crypto rx=0 tx=0 comp rx=0 tx=0)._handle_peer_banner_payload supported=3 required=0
2024-04-24T08:37:57.705 INFO:teuthology.orchestra.run.smithi083.stdout:/usr/bin/ceph: stderr
2024-04-24T08:37:56.587+0000 7fb3daa00700 1 --2- 172.21.15.83:0/1304226687 >> [v2:172.21.15.83:6800/1996371091,v1:172.21.15.83:6801/1996371091] conn(0x7fb3c0039560 0x7fb3c003ba20 secure :-1 s=READY pgs=8 cs=0 l=1 rev1=1 crypto rx=0x7fb3c8006fd0 tx=0x7fb3c8006e40 comp rx=0 tx=0).ready entity=mgr.14100 client_cookie=0 server_cookie=0 in_seq=0 out_seq=0
2024-04-24T08:37:57.705 INFO:teuthology.orchestra.run.smithi083.stdout:/usr/bin/ceph: stderr
2024-04-24T08:37:56.592+0000 7fb3d3e00700 1 -- 172.21.15.83:0/1304226687 <== mon.0 v2:172.21.15.83:3300/0 6 ==== mon_command_ack([{"prefix": "get_command_descriptions"}]=0 v0) ==== 72+0+188370 (secure 0 0 0) 0x7fb3cc00b3e0 con 0x7fb3dc10ef20
2024-04-24T08:37:57.705 INFO:teuthology.orchestra.run.smithi083.stdout:/usr/bin/ceph: stderr
2024-04-24T08:37:56.879+0000 7fb3d1600700 1 -- 172.21.15.83:0/1304226687 --> [v2:172.21.15.83:3300/0,v1:172.21.15.83:6789/0] -- mon_command({"prefix": "mgr module enable", "module": "cephadm"} v 0) -- 0x7fb3b4005620 con 0x7fb3dc10ef20
2024-04-24T08:37:57.705 INFO:teuthology.orchestra.run.smithi083.stdout:/usr/bin/ceph: stderr
2024-04-24T08:37:56.933+0000 7fb3d3e00700 1 -- 172.21.15.83:0/1304226687 <== mon.0 v2:172.21.15.83:3300/0 7 ==== mon_command_ack([{"prefix": "mgr module enable", "module": "cephadm"}]=0 v5) ==== 86+0+0 (secure 0 0 0) 0x7fb3cc023e00 con 0x7fb3dc10ef20
2024-04-24T08:37:57.705 INFO:teuthology.orchestra.run.smithi083.stdout:/usr/bin/ceph: stderr
2024-04-24T08:37:56.936+0000 7fb3d3e00700 1 -- 172.21.15.83:0/1304226687 <== mon.0 v2:172.21.15.83:3300/0 8 ==== mgrmap(e 5) ==== 46558+0+0 (secure 0 0 0) 0x7fb3cc01a430 con 0x7fb3dc10ef20
2024-04-24T08:37:57.705 INFO:teuthology.orchestra.run.smithi083.stdout:/usr/bin/ceph: stderr
2024-04-24T08:37:56.938+0000 7fb3d1600700 1 -- 172.21.15.83:0/1304226687 >> [v2:172.21.15.83:6800/1996371091,v1:172.21.15.83:6801/1996371091] conn(0x7fb3c0039560 msgr2=0x7fb3c003ba20 secure :-1 s=STATE_CONNECTION_ESTABLISHED l=1).mark_down
2024-04-24T08:37:57.706 INFO:teuthology.orchestra.run.smithi083.stdout:/usr/bin/ceph: stderr
2024-04-24T08:37:56.938+0000 7fb3d1600700 1 --2- 172.21.15.83:0/1304226687 >> [v2:172.21.15.83:6800/1996371091,v1:172.21.15.83:6801/1996371091] conn(0x7fb3c0039560 0x7fb3c003ba20 secure :-1 s=READY pgs=8 cs=0 l=1 rev1=1 crypto rx=0x7fb3c8006fd0 tx=0x7fb3c8006e40 comp rx=0 tx=0).stop
2024-04-24T08:37:57.706 INFO:teuthology.orchestra.run.smithi083.stdout:/usr/bin/ceph: stderr
2024-04-24T08:37:56.938+0000 7fb3d1600700 1 -- 172.21.15.83:0/1304226687 >> [v2:172.21.15.83:3300/0,v1:172.21.15.83:6789/0] conn(0x7fb3dc10ef20 msgr2=0x7fb3dc1a2850 secure :-1 s=STATE_CONNECTION_ESTABLISHED l=1).mark_down
2024-04-24T08:37:57.706 INFO:teuthology.orchestra.run.smithi083.stdout:/usr/bin/ceph: stderr
2024-04-24T08:37:56.938+0000 7fb3d1600700 1 --2- 172.21.15.83:0/1304226687 >> [v2:172.21.15.83:3300/0,v1:172.21.15.83:6789/0] conn(0x7fb3dc10ef20 0x7fb3dc1a2850 secure :-1 s=READY pgs=23 cs=0 l=1 rev1=1 crypto rx=0x7fb3cc006af0 tx=0x7fb3cc011b70 comp rx=0 tx=0).stop
2024-04-24T08:37:57.706 INFO:teuthology.orchestra.run.smithi083.stdout:/usr/bin/ceph: stderr
2024-04-24T08:37:56.938+0000 7fb3d1600700 1 -- 172.21.15.83:0/1304226687 shutdown_connections
2024-04-24T08:37:57.706 INFO:teuthology.orchestra.run.smithi083.stdout:/usr/bin/ceph: stderr
2024-04-24T08:37:56.938+0000 7fb3d1600700 1 --2- 172.21.15.83:0/1304226687 >> [v2:172.21.15.83:6800/1996371091,v1:172.21.15.83:6801/1996371091] conn(0x7fb3c0039560 0x7fb3c003ba20 unknown :-1 s=CLOSED pgs=8 cs=0 l=1 rev1=1 crypto rx=0 tx=0 comp rx=0 tx=0).stop
2024-04-24T08:37:57.706 INFO:teuthology.orchestra.run.smithi083.stdout:/usr/bin/ceph: stderr
2024-04-24T08:37:56.938+0000 7fb3d1600700 1 --2- 172.21.15.83:0/1304226687 >> [v2:172.21.15.83:3300/0,v1:172.21.15.83:6789/0] conn(0x7fb3dc10ef20 0x7fb3dc1a2850 unknown :-1 s=CLOSED pgs=23 cs=0 l=1 rev1=1 crypto rx=0 tx=0 comp rx=0 tx=0).stop
2024-04-24T08:37:57.706 INFO:teuthology.orchestra.run.smithi083.stdout:/usr/bin/ceph: stderr
2024-04-24T08:37:56.938+0000 7fb3d1600700 1 -- 172.21.15.83:0/1304226687 >> 172.21.15.83:0/1304226687 conn(0x7fb3dc07dbb0 msgr2=0x7fb3dc07f6c0 unknown :-1 s=STATE_NONE l=0).mark_down
2024-04-24T08:37:57.706 INFO:teuthology.orchestra.run.smithi083.stdout:/usr/bin/ceph: stderr
2024-04-24T08:37:56.939+0000 7fb3d1600700 1 -- 172.21.15.83:0/1304226687 shutdown_connections
2024-04-24T08:37:57.706 INFO:teuthology.orchestra.run.smithi083.stdout:/usr/bin/ceph: stderr
2024-04-24T08:37:56.939+0000 7fb3d1600700 1 -- 172.21.15.83:0/1304226687 wait complete.
2024-04-24T08:37:57.864 INFO:journalctl@ceph.mgr.x.smithi083.stdout:Apr 24 08:37:57 smithi083 ceph-bd3e039e-0215-11ef-bc93-c7b262605968-mgr-x[28137]:
2024-04-24T08:37:57.597+0000 7fad99efd200 -1 mgr[py] Module snap_schedule has missing NOTIFY_TYPES member
2024-04-24T08:37:58.130 INFO:journalctl@ceph.mon.a.smithi083.stdout:Apr 24 08:37:57 smithi083 ceph-mon[27907]: from='client.? 172.21.15.83:0/1304226687' entity='client.admin' cmd='[{"prefix": "mgr module enable", "module": "cephadm"}]': finished
2024-04-24T08:37:58.130 INFO:journalctl@ceph.mon.a.smithi083.stdout:Apr 24 08:37:57 smithi083 ceph-mon[27907]: mgrmap e5: x(active, since 6s)
2024-04-24T08:37:58.131 INFO:journalctl@ceph.mgr.x.smithi083.stdout:Apr 24 08:37:58 smithi083 ceph-bd3e039e-0215-11ef-bc93-c7b262605968-mgr-x[28137]:
2024-04-24T08:37:58.011+0000 7fad99efd200 -1 mgr[py] Module progress has missing NOTIFY_TYPES member
2024-04-24T08:37:58.496 INFO:journalctl@ceph.mgr.x.smithi083.stdout:Apr 24 08:37:58 smithi083 ceph-bd3e039e-0215-11ef-bc93-c7b262605968-mgr-x[28137]:
2024-04-24T08:37:58.130+0000 7fad99efd200 -1 mgr[py] Module influx has missing NOTIFY_TYPES member
2024-04-24T08:37:59.276 INFO:journalctl@ceph.mon.a.smithi083.stdout:Apr 24 08:37:58 smithi083 ceph-mon[27907]: from='client.? 172.21.15.83:0/4264922516' entity='client.admin' cmd=[{"prefix": "mgr stat"}]: dispatch
2024-04-24T08:37:59.296 INFO:teuthology.orchestra.run.smithi083.stdout:/usr/bin/ceph: stdout {
2024-04-24T08:37:59.296 INFO:teuthology.orchestra.run.smithi083.stdout:/usr/bin/ceph: stdout "epoch": 5,
2024-04-24T08:37:59.297 INFO:teuthology.orchestra.run.smithi083.stdout:/usr/bin/ceph: stdout "available": true,
2024-04-24T08:37:59.297 INFO:teuthology.orchestra.run.smithi083.stdout:/usr/bin/ceph: stdout "active_name": "x",
2024-04-24T08:37:59.297 INFO:teuthology.orchestra.run.smithi083.stdout:/usr/bin/ceph: stdout "num_standby": 0
2024-04-24T08:37:59.297 INFO:teuthology.orchestra.run.smithi083.stdout:/usr/bin/ceph: stdout }
2024-04-24T08:37:59.297 INFO:teuthology.orchestra.run.smithi083.stdout:/usr/bin/ceph: stderr
2024-04-24T08:37:58.285+0000 7fed12e00700 1 Processor -- start
2024-04-24T08:37:59.297 INFO:teuthology.orchestra.run.smithi083.stdout:/usr/bin/ceph: stderr
2024-04-24T08:37:58.285+0000 7fed12e00700 1 -- start start
2024-04-24T08:37:59.297 INFO:teuthology.orchestra.run.smithi083.stdout:/usr/bin/ceph: stderr
2024-04-24T08:37:58.286+0000 7fed12e00700 1 --2- >> [v2:172.21.15.83:3300/0,v1:172.21.15.83:6789/0] conn(0x7fed0c07de60 0x7fed0c07c310 unknown :-1 s=NONE pgs=0 cs=0 l=0 rev1=0 crypto rx=0 tx=0 comp rx=0 tx=0).connect
2024-04-24T08:37:59.297 INFO:teuthology.orchestra.run.smithi083.stdout:/usr/bin/ceph: stderr
2024-04-24T08:37:58.286+0000 7fed12e00700 1 -- --> [v2:172.21.15.83:3300/0,v1:172.21.15.83:6789/0] -- mon_getmap magic: 0 -- 0x7fed0c07c8e0 con 0x7fed0c07de60
2024-04-24T08:37:59.297 INFO:teuthology.orchestra.run.smithi083.stdout:/usr/bin/ceph: stderr
2024-04-24T08:37:58.286+0000 7fed11a00700 1 --2- >> [v2:172.21.15.83:3300/0,v1:172.21.15.83:6789/0] conn(0x7fed0c07de60 0x7fed0c07c310 unknown :-1 s=BANNER_CONNECTING pgs=0 cs=0 l=0 rev1=0 crypto rx=0 tx=0 comp rx=0 tx=0)._handle_peer_banner_payload supported=3 required=0
2024-04-24T08:37:59.297 INFO:teuthology.orchestra.run.smithi083.stdout:/usr/bin/ceph: stderr
2024-04-24T08:37:58.286+0000 7fed11a00700 1 --2- >> [v2:172.21.15.83:3300/0,v1:172.21.15.83:6789/0] conn(0x7fed0c07de60 0x7fed0c07c310 unknown :-1 s=HELLO_CONNECTING pgs=0 cs=0 l=0 rev1=1 crypto rx=0 tx=0 comp rx=0 tx=0).handle_hello peer v2:172.21.15.83:3300/0 says I am v2:172.21.15.83:49970/0 (socket says 172.21.15.83:49970)
2024-04-24T08:37:59.298 INFO:teuthology.orchestra.run.smithi083.stdout:/usr/bin/ceph: stderr
2024-04-24T08:37:58.286+0000 7fed11a00700 1 -- 172.21.15.83:0/1753477999 learned_addr learned my addr 172.21.15.83:0/1753477999 (peer_addr_for_me v2:172.21.15.83:0/0)
2024-04-24T08:37:59.298 INFO:teuthology.orchestra.run.smithi083.stdout:/usr/bin/ceph: stderr
2024-04-24T08:37:58.287+0000 7fed11a00700 1 -- 172.21.15.83:0/1753477999 --> [v2:172.21.15.83:3300/0,v1:172.21.15.83:6789/0] -- mon_subscribe({config=0+,monmap=0+}) -- 0x7fed0c07ca60 con 0x7fed0c07de60
2024-04-24T08:37:59.298 INFO:teuthology.orchestra.run.smithi083.stdout:/usr/bin/ceph: stderr
2024-04-24T08:37:58.287+0000 7fed11a00700 1 --2- 172.21.15.83:0/1753477999 >> [v2:172.21.15.83:3300/0,v1:172.21.15.83:6789/0] conn(0x7fed0c07de60 0x7fed0c07c310 secure :-1 s=READY pgs=26 cs=0 l=1 rev1=1 crypto rx=0x7fed000098a0 tx=0x7fed00009bb0 comp rx=0 tx=0).ready entity=mon.0 client_cookie=37133130bdb906f5 server_cookie=0 in_seq=0 out_seq=0
2024-04-24T08:37:59.298 INFO:teuthology.orchestra.run.smithi083.stdout:/usr/bin/ceph: stderr
2024-04-24T08:37:58.287+0000 7fed0be00700 1 -- 172.21.15.83:0/1753477999 <== mon.0 v2:172.21.15.83:3300/0 1 ==== mon_map magic: 0 ==== 205+0+0 (secure 0 0 0) 0x7fed00004160 con 0x7fed0c07de60
2024-04-24T08:37:59.298 INFO:teuthology.orchestra.run.smithi083.stdout:/usr/bin/ceph: stderr
2024-04-24T08:37:58.287+0000 7fed0be00700 1 -- 172.21.15.83:0/1753477999 <== mon.0 v2:172.21.15.83:3300/0 2 ==== config(26 keys) ==== 1071+0+0 (secure 0 0 0) 0x7fed00004300 con 0x7fed0c07de60
2024-04-24T08:37:59.298 INFO:teuthology.orchestra.run.smithi083.stdout:/usr/bin/ceph: stderr
2024-04-24T08:37:58.287+0000 7fed0be00700 1 -- 172.21.15.83:0/1753477999 <== mon.0 v2:172.21.15.83:3300/0 3 ==== mon_map magic: 0 ==== 205+0+0 (secure 0 0 0) 0x7fed00011a80 con 0x7fed0c07de60
2024-04-24T08:37:59.298 INFO:teuthology.orchestra.run.smithi083.stdout:/usr/bin/ceph: stderr
2024-04-24T08:37:58.288+0000 7fed12e00700 1 -- 172.21.15.83:0/1753477999 >> [v2:172.21.15.83:3300/0,v1:172.21.15.83:6789/0] conn(0x7fed0c07de60 msgr2=0x7fed0c07c310 secure :-1 s=STATE_CONNECTION_ESTABLISHED l=1).mark_down
2024-04-24T08:37:59.298 INFO:teuthology.orchestra.run.smithi083.stdout:/usr/bin/ceph: stderr
2024-04-24T08:37:58.288+0000 7fed12e00700 1 --2- 172.21.15.83:0/1753477999 >> [v2:172.21.15.83:3300/0,v1:172.21.15.83:6789/0] conn(0x7fed0c07de60 0x7fed0c07c310 secure :-1 s=READY pgs=26 cs=0 l=1 rev1=1 crypto rx=0x7fed000098a0 tx=0x7fed00009bb0 comp rx=0 tx=0).stop
2024-04-24T08:37:59.298 INFO:teuthology.orchestra.run.smithi083.stdout:/usr/bin/ceph: stderr
2024-04-24T08:37:58.288+0000 7fed12e00700 1 -- 172.21.15.83:0/1753477999 shutdown_connections
2024-04-24T08:37:59.298 INFO:teuthology.orchestra.run.smithi083.stdout:/usr/bin/ceph: stderr
2024-04-24T08:37:58.288+0000 7fed12e00700 1 --2- 172.21.15.83:0/1753477999 >> [v2:172.21.15.83:3300/0,v1:172.21.15.83:6789/0] conn(0x7fed0c07de60 0x7fed0c07c310 unknown :-1 s=CLOSED pgs=26 cs=0 l=1 rev1=1 crypto rx=0 tx=0 comp rx=0 tx=0).stop
2024-04-24T08:37:59.298 INFO:teuthology.orchestra.run.smithi083.stdout:/usr/bin/ceph: stderr
2024-04-24T08:37:58.288+0000 7fed12e00700 1 -- 172.21.15.83:0/1753477999 >> 172.21.15.83:0/1753477999 conn(0x7fed0c103740 msgr2=0x7fed0c105b60 unknown :-1 s=STATE_NONE l=0).mark_down
2024-04-24T08:37:59.298 INFO:teuthology.orchestra.run.smithi083.stdout:/usr/bin/ceph: stderr
2024-04-24T08:37:58.288+0000 7fed12e00700 1 -- 172.21.15.83:0/1753477999 shutdown_connections
2024-04-24T08:37:59.298 INFO:teuthology.orchestra.run.smithi083.stdout:/usr/bin/ceph: stderr
2024-04-24T08:37:58.289+0000 7fed12e00700 1 -- 172.21.15.83:0/1753477999 wait complete.
2024-04-24T08:37:59.298 INFO:teuthology.orchestra.run.smithi083.stdout:/usr/bin/ceph: stderr
2024-04-24T08:37:58.290+0000 7fed12e00700 1 Processor -- start
2024-04-24T08:37:59.299 INFO:teuthology.orchestra.run.smithi083.stdout:/usr/bin/ceph: stderr
2024-04-24T08:37:58.290+0000 7fed12e00700 1 -- start start
2024-04-24T08:37:59.299 INFO:teuthology.orchestra.run.smithi083.stdout:/usr/bin/ceph: stderr
2024-04-24T08:37:58.291+0000 7fed12e00700 1 --2- >> [v2:172.21.15.83:3300/0,v1:172.21.15.83:6789/0] conn(0x7fed0c07de60 0x7fed0c19e2a0 unknown :-1 s=NONE pgs=0 cs=0 l=1 rev1=0 crypto rx=0 tx=0 comp rx=0 tx=0).connect
2024-04-24T08:37:59.299 INFO:teuthology.orchestra.run.smithi083.stdout:/usr/bin/ceph: stderr
2024-04-24T08:37:58.291+0000 7fed12e00700 1 -- --> [v2:172.21.15.83:3300/0,v1:172.21.15.83:6789/0] -- mon_getmap magic: 0 -- 0x7fed0c10e630 con 0x7fed0c07de60
2024-04-24T08:37:59.299 INFO:teuthology.orchestra.run.smithi083.stdout:/usr/bin/ceph: stderr
2024-04-24T08:37:58.291+0000 7fed11a00700 1 --2- >> [v2:172.21.15.83:3300/0,v1:172.21.15.83:6789/0] conn(0x7fed0c07de60 0x7fed0c19e2a0 unknown :-1 s=BANNER_CONNECTING pgs=0 cs=0 l=1 rev1=0 crypto rx=0 tx=0 comp rx=0 tx=0)._handle_peer_banner_payload supported=3 required=0
2024-04-24T08:37:59.299 INFO:teuthology.orchestra.run.smithi083.stdout:/usr/bin/ceph: stderr
2024-04-24T08:37:58.291+0000 7fed11a00700 1 --2- >> [v2:172.21.15.83:3300/0,v1:172.21.15.83:6789/0] conn(0x7fed0c07de60 0x7fed0c19e2a0 unknown :-1 s=HELLO_CONNECTING pgs=0 cs=0 l=1 rev1=1 crypto rx=0 tx=0 comp rx=0 tx=0).handle_hello peer v2:172.21.15.83:3300/0 says I am v2:172.21.15.83:49976/0 (socket says 172.21.15.83:49976)
2024-04-24T08:37:59.299 INFO:teuthology.orchestra.run.smithi083.stdout:/usr/bin/ceph: stderr
2024-04-24T08:37:58.291+0000 7fed11a00700 1 -- 172.21.15.83:0/4264922516 learned_addr learned my addr 172.21.15.83:0/4264922516 (peer_addr_for_me v2:172.21.15.83:0/0)
2024-04-24T08:37:59.299 INFO:teuthology.orchestra.run.smithi083.stdout:/usr/bin/ceph: stderr
2024-04-24T08:37:58.291+0000 7fed11a00700 1 -- 172.21.15.83:0/4264922516 --> [v2:172.21.15.83:3300/0,v1:172.21.15.83:6789/0] -- mon_subscribe({config=0+,monmap=0+}) -- 0x7fed0c19e7e0 con 0x7fed0c07de60
2024-04-24T08:37:59.299 INFO:teuthology.orchestra.run.smithi083.stdout:/usr/bin/ceph: stderr
2024-04-24T08:37:58.292+0000 7fed11a00700 1 --2- 172.21.15.83:0/4264922516 >> [v2:172.21.15.83:3300/0,v1:172.21.15.83:6789/0] conn(0x7fed0c07de60 0x7fed0c19e2a0 secure :-1 s=READY pgs=27 cs=0 l=1 rev1=1 crypto rx=0x7fed00011a50 tx=0x7fed00004290 comp rx=0 tx=0).ready entity=mon.0 client_cookie=0 server_cookie=0 in_seq=0 out_seq=0
2024-04-24T08:37:59.299 INFO:teuthology.orchestra.run.smithi083.stdout:/usr/bin/ceph: stderr
2024-04-24T08:37:58.292+0000 7fed0a000700 1 -- 172.21.15.83:0/4264922516 <== mon.0 v2:172.21.15.83:3300/0 1 ==== mon_map magic: 0 ==== 205+0+0 (secure 0 0 0) 0x7fed000039f0 con 0x7fed0c07de60
2024-04-24T08:37:59.299 INFO:teuthology.orchestra.run.smithi083.stdout:/usr/bin/ceph: stderr
2024-04-24T08:37:58.292+0000 7fed0a000700 1 -- 172.21.15.83:0/4264922516 <== mon.0 v2:172.21.15.83:3300/0 2 ==== config(26 keys) ==== 1071+0+0 (secure 0 0 0) 0x7fed00003b90 con 0x7fed0c07de60
2024-04-24T08:37:59.299 INFO:teuthology.orchestra.run.smithi083.stdout:/usr/bin/ceph: stderr
2024-04-24T08:37:58.292+0000 7fed12e00700 1 -- 172.21.15.83:0/4264922516 --> [v2:172.21.15.83:3300/0,v1:172.21.15.83:6789/0] -- mon_subscribe({mgrmap=0+}) -- 0x7fed0c19ea70 con 0x7fed0c07de60
2024-04-24T08:37:59.299 INFO:teuthology.orchestra.run.smithi083.stdout:/usr/bin/ceph: stderr
2024-04-24T08:37:58.292+0000 7fed0a000700 1 -- 172.21.15.83:0/4264922516 <== mon.0 v2:172.21.15.83:3300/0 3 ==== mon_map magic: 0 ==== 205+0+0 (secure 0 0 0) 0x7fed0001a600 con 0x7fed0c07de60
2024-04-24T08:37:59.299 INFO:teuthology.orchestra.run.smithi083.stdout:/usr/bin/ceph: stderr
2024-04-24T08:37:58.292+0000 7fed12e00700 1 -- 172.21.15.83:0/4264922516 --> [v2:172.21.15.83:3300/0,v1:172.21.15.83:6789/0] -- mon_subscribe({osdmap=0}) -- 0x7fed0c1a1760 con 0x7fed0c07de60
2024-04-24T08:37:59.299 INFO:teuthology.orchestra.run.smithi083.stdout:/usr/bin/ceph: stderr
2024-04-24T08:37:58.293+0000 7fed0a000700 1 -- 172.21.15.83:0/4264922516 <== mon.0 v2:172.21.15.83:3300/0 4 ==== mgrmap(e 5) ==== 46558+0+0 (secure 0 0 0) 0x7fed0001a8d0 con 0x7fed0c07de60
2024-04-24T08:37:59.300 INFO:teuthology.orchestra.run.smithi083.stdout:/usr/bin/ceph: stderr
2024-04-24T08:37:58.293+0000 7fed12e00700 1 -- 172.21.15.83:0/4264922516 --> [v2:172.21.15.83:3300/0,v1:172.21.15.83:6789/0] -- mon_command({"prefix": "get_command_descriptions"} v 0) -- 0x7fed0c064150 con 0x7fed0c07de60
2024-04-24T08:37:59.300 INFO:teuthology.orchestra.run.smithi083.stdout:/usr/bin/ceph: stderr
2024-04-24T08:37:58.294+0000 7fed0a000700 1 --2- 172.21.15.83:0/4264922516 >> [v2:172.21.15.83:6800/1996371091,v1:172.21.15.83:6801/1996371091] conn(0x7fecf4039600 0x7fecf403bac0 unknown :-1 s=NONE pgs=0 cs=0 l=1 rev1=0 crypto rx=0 tx=0 comp rx=0 tx=0).connect
2024-04-24T08:37:59.300 INFO:teuthology.orchestra.run.smithi083.stdout:/usr/bin/ceph: stderr
2024-04-24T08:37:58.294+0000 7fed0a000700 1 -- 172.21.15.83:0/4264922516 <== mon.0 v2:172.21.15.83:3300/0 5 ==== osd_map(1..1 src has 1..1) ==== 725+0+0 (secure 0 0 0) 0x7fed0004dc50 con 0x7fed0c07de60
2024-04-24T08:37:59.300 INFO:teuthology.orchestra.run.smithi083.stdout:/usr/bin/ceph: stderr
2024-04-24T08:37:58.294+0000 7fed11000700 1 -- 172.21.15.83:0/4264922516 >> [v2:172.21.15.83:6800/1996371091,v1:172.21.15.83:6801/1996371091] conn(0x7fecf4039600 msgr2=0x7fecf403bac0 unknown :-1 s=STATE_CONNECTING_RE l=1).process reconnect failed to v2:172.21.15.83:6800/1996371091
2024-04-24T08:37:59.300 INFO:teuthology.orchestra.run.smithi083.stdout:/usr/bin/ceph: stderr
2024-04-24T08:37:58.294+0000 7fed11000700 1 --2- 172.21.15.83:0/4264922516 >> [v2:172.21.15.83:6800/1996371091,v1:172.21.15.83:6801/1996371091] conn(0x7fecf4039600 0x7fecf403bac0 unknown :-1 s=START_CONNECT pgs=0 cs=0 l=1 rev1=0 crypto rx=0 tx=0 comp rx=0 tx=0)._fault waiting 0.200000
2024-04-24T08:37:59.300 INFO:teuthology.orchestra.run.smithi083.stdout:/usr/bin/ceph: stderr
2024-04-24T08:37:58.299+0000 7fed0a000700 1 -- 172.21.15.83:0/4264922516 <== mon.0 v2:172.21.15.83:3300/0 6 ==== mon_command_ack([{"prefix": "get_command_descriptions"}]=0 v0) ==== 72+0+188370 (secure 0 0 0) 0x7fed0000ba00 con 0x7fed0c07de60
2024-04-24T08:37:59.300 INFO:teuthology.orchestra.run.smithi083.stdout:/usr/bin/ceph: stderr
2024-04-24T08:37:58.495+0000 7fed11000700 1 -- 172.21.15.83:0/4264922516 >> [v2:172.21.15.83:6800/1996371091,v1:172.21.15.83:6801/1996371091] conn(0x7fecf4039600 msgr2=0x7fecf403bac0 unknown :-1 s=STATE_CONNECTING_RE l=1).process reconnect failed to v2:172.21.15.83:6800/1996371091
2024-04-24T08:37:59.300 INFO:teuthology.orchestra.run.smithi083.stdout:/usr/bin/ceph: stderr
2024-04-24T08:37:58.495+0000 7fed11000700 1 --2- 172.21.15.83:0/4264922516 >> [v2:172.21.15.83:6800/1996371091,v1:172.21.15.83:6801/1996371091] conn(0x7fecf4039600 0x7fecf403bac0 unknown :-1 s=START_CONNECT pgs=0 cs=0 l=1 rev1=0 crypto rx=0 tx=0 comp rx=0 tx=0)._fault waiting 0.400000
2024-04-24T08:37:59.300 INFO:teuthology.orchestra.run.smithi083.stdout:/usr/bin/ceph: stderr
2024-04-24T08:37:58.581+0000 7fed12e00700 1 -- 172.21.15.83:0/4264922516 --> [v2:172.21.15.83:3300/0,v1:172.21.15.83:6789/0] -- mon_command({"prefix": "mgr stat"} v 0) -- 0x7fed0c1a1930 con 0x7fed0c07de60
2024-04-24T08:37:59.300 INFO:teuthology.orchestra.run.smithi083.stdout:/usr/bin/ceph: stderr
2024-04-24T08:37:58.582+0000 7fed0a000700 1 -- 172.21.15.83:0/4264922516 <== mon.0 v2:172.21.15.83:3300/0 7 ==== mon_command_ack([{"prefix": "mgr stat"}]=0 v5) ==== 56+0+88 (secure 0 0 0) 0x7fed0c1a1930 con 0x7fed0c07de60
2024-04-24T08:37:59.300 INFO:teuthology.orchestra.run.smithi083.stdout:/usr/bin/ceph: stderr
2024-04-24T08:37:58.584+0000 7fed12e00700 1 -- 172.21.15.83:0/4264922516 >> [v2:172.21.15.83:6800/1996371091,v1:172.21.15.83:6801/1996371091] conn(0x7fecf4039600 msgr2=0x7fecf403bac0 unknown :-1 s=STATE_CONNECTING l=1).mark_down
2024-04-24T08:37:59.300 INFO:teuthology.orchestra.run.smithi083.stdout:/usr/bin/ceph: stderr
2024-04-24T08:37:58.584+0000 7fed12e00700 1 --2- 172.21.15.83:0/4264922516 >> [v2:172.21.15.83:6800/1996371091,v1:172.21.15.83:6801/1996371091] conn(0x7fecf4039600 0x7fecf403bac0 unknown :-1 s=START_CONNECT pgs=0 cs=0 l=1 rev1=0 crypto rx=0 tx=0 comp rx=0 tx=0).stop
2024-04-24T08:37:59.300 INFO:teuthology.orchestra.run.smithi083.stdout:/usr/bin/ceph: stderr
2024-04-24T08:37:58.584+0000 7fed12e00700 1 -- 172.21.15.83:0/4264922516 >> [v2:172.21.15.83:3300/0,v1:172.21.15.83:6789/0] conn(0x7fed0c07de60 msgr2=0x7fed0c19e2a0 secure :-1 s=STATE_CONNECTION_ESTABLISHED l=1).mark_down
2024-04-24T08:37:59.301 INFO:teuthology.orchestra.run.smithi083.stdout:/usr/bin/ceph: stderr
2024-04-24T08:37:58.584+0000 7fed12e00700 1 --2- 172.21.15.83:0/4264922516 >> [v2:172.21.15.83:3300/0,v1:172.21.15.83:6789/0] conn(0x7fed0c07de60 0x7fed0c19e2a0 secure :-1 s=READY pgs=27 cs=0 l=1 rev1=1 crypto rx=0x7fed00011a50 tx=0x7fed00004290 comp rx=0 tx=0).stop
2024-04-24T08:37:59.301 INFO:teuthology.orchestra.run.smithi083.stdout:/usr/bin/ceph: stderr
2024-04-24T08:37:58.584+0000 7fed12e00700 1 -- 172.21.15.83:0/4264922516 shutdown_connections
2024-04-24T08:37:59.301 INFO:teuthology.orchestra.run.smithi083.stdout:/usr/bin/ceph: stderr
2024-04-24T08:37:58.585+0000 7fed12e00700 1 --2- 172.21.15.83:0/4264922516 >> [v2:172.21.15.83:6800/1996371091,v1:172.21.15.83:6801/1996371091] conn(0x7fecf4039600 0x7fecf403bac0 unknown :-1 s=CLOSED pgs=0 cs=0 l=1 rev1=0 crypto rx=0 tx=0 comp rx=0 tx=0).stop
2024-04-24T08:37:59.301 INFO:teuthology.orchestra.run.smithi083.stdout:/usr/bin/ceph: stderr
2024-04-24T08:37:58.585+0000 7fed12e00700 1 --2- 172.21.15.83:0/4264922516 >> [v2:172.21.15.83:3300/0,v1:172.21.15.83:6789/0] conn(0x7fed0c07de60 0x7fed0c19e2a0 unknown :-1 s=CLOSED pgs=27 cs=0 l=1 rev1=1 crypto rx=0 tx=0 comp rx=0 tx=0).stop
2024-04-24T08:37:59.301 INFO:teuthology.orchestra.run.smithi083.stdout:/usr/bin/ceph: stderr
2024-04-24T08:37:58.585+0000 7fed12e00700 1 -- 172.21.15.83:0/4264922516 >> 172.21.15.83:0/4264922516 conn(0x7fed0c103740 msgr2=0x7fed0c1042f0 unknown :-1 s=STATE_NONE l=0).mark_down
2024-04-24T08:37:59.301 INFO:teuthology.orchestra.run.smithi083.stdout:/usr/bin/ceph: stderr
2024-04-24T08:37:58.585+0000 7fed12e00700 1 -- 172.21.15.83:0/4264922516 shutdown_connections
2024-04-24T08:37:59.301 INFO:teuthology.orchestra.run.smithi083.stdout:/usr/bin/ceph: stderr
2024-04-24T08:37:58.585+0000 7fed12e00700 1 -- 172.21.15.83:0/4264922516 wait complete.
2024-04-24T08:37:59.301 INFO:teuthology.orchestra.run.smithi083.stdout:Waiting for the mgr to restart...
2024-04-24T08:37:59.301 INFO:teuthology.orchestra.run.smithi083.stdout:Waiting for mgr epoch 5...
2024-04-24T08:37:59.878 INFO:journalctl@ceph.mgr.x.smithi083.stdout:Apr 24 08:37:59 smithi083 ceph-bd3e039e-0215-11ef-bc93-c7b262605968-mgr-x[28137]:
2024-04-24T08:37:59.703+0000 7fad99efd200 -1 mgr[py] Module telegraf has missing NOTIFY_TYPES member
2024-04-24T08:38:00.139 INFO:journalctl@ceph.mgr.x.smithi083.stdout:Apr 24 08:37:59 smithi083 ceph-bd3e039e-0215-11ef-bc93-c7b262605968-mgr-x[28137]:
2024-04-24T08:37:59.939+0000 7fad99efd200 -1 mgr[py] Module osd_support has missing NOTIFY_TYPES member
2024-04-24T08:38:00.540 INFO:journalctl@ceph.mgr.x.smithi083.stdout:Apr 24 08:38:00 smithi083 ceph-bd3e039e-0215-11ef-bc93-c7b262605968-mgr-x[28137]:
2024-04-24T08:38:00.165+0000 7fad99efd200 -1 mgr[py] Module iostat has missing NOTIFY_TYPES member
2024-04-24T08:38:00.804 INFO:journalctl@ceph.mgr.x.smithi083.stdout:Apr 24 08:38:00 smithi083 ceph-bd3e039e-0215-11ef-bc93-c7b262605968-mgr-x[28137]:
2024-04-24T08:38:00.540+0000 7fad99efd200 -1 mgr[py] Module alerts has missing NOTIFY_TYPES member
2024-04-24T08:38:00.804 INFO:journalctl@ceph.mgr.x.smithi083.stdout:Apr 24 08:38:00 smithi083 ceph-bd3e039e-0215-11ef-bc93-c7b262605968-mgr-x[28137]:
2024-04-24T08:38:00.660+0000 7fad99efd200 -1 mgr[py] Module selftest has missing NOTIFY_TYPES member
2024-04-24T08:38:01.164 INFO:journalctl@ceph.mgr.x.smithi083.stdout:Apr 24 08:38:00 smithi083 ceph-bd3e039e-0215-11ef-bc93-c7b262605968-mgr-x[28137]:
2024-04-24T08:38:00.909+0000 7fad99efd200 -1 mgr[py] Module pg_autoscaler has missing NOTIFY_TYPES member
2024-04-24T08:38:01.164 INFO:journalctl@ceph.mgr.x.smithi083.stdout:Apr 24 08:38:01 smithi083 ceph-bd3e039e-0215-11ef-bc93-c7b262605968-mgr-x[28137]:
2024-04-24T08:38:01.162+0000 7fad99efd200 -1 mgr[py] Module test_orchestrator has missing NOTIFY_TYPES member
2024-04-24T08:38:02.304 INFO:journalctl@ceph.mgr.x.smithi083.stdout:Apr 24 08:38:01 smithi083 ceph-bd3e039e-0215-11ef-bc93-c7b262605968-mgr-x[28137]:
2024-04-24T08:38:01.937+0000 7fad99efd200 -1 mgr[py] Module rook has missing NOTIFY_TYPES member
2024-04-24T08:38:02.804 INFO:journalctl@ceph.mgr.x.smithi083.stdout:Apr 24 08:38:02 smithi083 ceph-bd3e039e-0215-11ef-bc93-c7b262605968-mgr-x[28137]:
2024-04-24T08:38:02.482+0000 7fad99efd200 -1 mgr[py] Module volumes has missing NOTIFY_TYPES member
2024-04-24T08:38:02.804 INFO:journalctl@ceph.mgr.x.smithi083.stdout:Apr 24 08:38:02 smithi083 ceph-bd3e039e-0215-11ef-bc93-c7b262605968-mgr-x[28137]:
2024-04-24T08:38:02.608+0000 7fad99efd200 -1 mgr[py] Module crash has missing NOTIFY_TYPES member
2024-04-24T08:38:03.304 INFO:journalctl@ceph.mgr.x.smithi083.stdout:Apr 24 08:38:02 smithi083 ceph-bd3e039e-0215-11ef-bc93-c7b262605968-mgr-x[28137]:
