2024-04-24T08:53:47.091 INFO:journalctl@ceph.mgr.x.smithi069.stdout:Apr 24 08:53:46 smithi069 ceph-ef1ec7e8-0217-11ef-bc93-c7b262605968-mgr-x[28411]:
2024-04-24T08:53:46.772+0000 7f217d108200 -1 mgr[py] Module devicehealth has missing NOTIFY_TYPES member
2024-04-24T08:53:47.397 INFO:journalctl@ceph.mgr.x.smithi069.stdout:Apr 24 08:53:47 smithi069 ceph-ef1ec7e8-0217-11ef-bc93-c7b262605968-mgr-x[28411]:
2024-04-24T08:53:47.093+0000 7f217d108200 -1 mgr[py] Module telemetry has missing NOTIFY_TYPES member
2024-04-24T08:53:47.397 INFO:journalctl@ceph.mgr.x.smithi069.stdout:Apr 24 08:53:47 smithi069 ceph-ef1ec7e8-0217-11ef-bc93-c7b262605968-mgr-x[28411]:
2024-04-24T08:53:47.270+0000 7f217d108200 -1 mgr[py] Module diskprediction_local has missing NOTIFY_TYPES member
2024-04-24T08:53:47.841 INFO:journalctl@ceph.mgr.x.smithi069.stdout:Apr 24 08:53:47 smithi069 ceph-ef1ec7e8-0217-11ef-bc93-c7b262605968-mgr-x[28411]:
2024-04-24T08:53:47.396+0000 7f217d108200 -1 mgr[py] Module osd_perf_query has missing NOTIFY_TYPES member
2024-04-24T08:53:47.841 INFO:journalctl@ceph.mgr.x.smithi069.stdout:Apr 24 08:53:47 smithi069 ceph-ef1ec7e8-0217-11ef-bc93-c7b262605968-mgr-x[28411]:
2024-04-24T08:53:47.548+0000 7f217d108200 -1 mgr[py] Module rbd_support has missing NOTIFY_TYPES member
2024-04-24T08:53:48.341 INFO:journalctl@ceph.mgr.x.smithi069.stdout:Apr 24 08:53:47 smithi069 ceph-ef1ec7e8-0217-11ef-bc93-c7b262605968-mgr-x[28411]:
2024-04-24T08:53:47.914+0000 7f217d108200 -1 mgr[py] Module zabbix has missing NOTIFY_TYPES member
2024-04-24T08:53:48.944 INFO:journalctl@ceph.mgr.x.smithi069.stdout:Apr 24 08:53:48 smithi069 ceph-ef1ec7e8-0217-11ef-bc93-c7b262605968-mgr-x[28411]:
2024-04-24T08:53:48.662+0000 7f217d108200 -1 mgr[py] Module status has missing NOTIFY_TYPES member
2024-04-24T08:53:49.341 INFO:journalctl@ceph.mgr.x.smithi069.stdout:Apr 24 08:53:48 smithi069 ceph-ef1ec7e8-0217-11ef-bc93-c7b262605968-mgr-x[28411]:
2024-04-24T08:53:48.944+0000 7f217d108200 -1 mgr[py] Module nfs has missing NOTIFY_TYPES member
2024-04-24T08:53:49.342 INFO:journalctl@ceph.mon.a.smithi069.stdout:Apr 24 08:53:49 smithi069 ceph-mon[28170]: Active manager daemon x restarted
2024-04-24T08:53:49.342 INFO:journalctl@ceph.mon.a.smithi069.stdout:Apr 24 08:53:49 smithi069 ceph-mon[28170]: Activating manager daemon x
2024-04-24T08:53:49.342 INFO:journalctl@ceph.mon.a.smithi069.stdout:Apr 24 08:53:49 smithi069 ceph-mon[28170]: osdmap e2: 0 total, 0 up, 0 in
2024-04-24T08:53:49.342 INFO:journalctl@ceph.mon.a.smithi069.stdout:Apr 24 08:53:49 smithi069 ceph-mon[28170]: mgrmap e6: x(active, starting, since 0.00966234s)
2024-04-24T08:53:49.342 INFO:journalctl@ceph.mon.a.smithi069.stdout:Apr 24 08:53:49 smithi069 ceph-mon[28170]: from='mgr.14120 172.21.15.69:0/2438601616' entity='mgr.x' cmd=[{"prefix": "mon metadata", "id": "a"}]: dispatch
2024-04-24T08:53:49.342 INFO:journalctl@ceph.mon.a.smithi069.stdout:Apr 24 08:53:49 smithi069 ceph-mon[28170]: from='mgr.14120 172.21.15.69:0/2438601616' entity='mgr.x' cmd=[{"prefix": "mgr metadata", "who": "x", "id": "x"}]: dispatch
2024-04-24T08:53:49.342 INFO:journalctl@ceph.mon.a.smithi069.stdout:Apr 24 08:53:49 smithi069 ceph-mon[28170]: from='mgr.14120 172.21.15.69:0/2438601616' entity='mgr.x' cmd=[{"prefix": "mds metadata"}]: dispatch
2024-04-24T08:53:49.342 INFO:journalctl@ceph.mon.a.smithi069.stdout:Apr 24 08:53:49 smithi069 ceph-mon[28170]: from='mgr.14120 172.21.15.69:0/2438601616' entity='mgr.x' cmd=[{"prefix": "osd metadata"}]: dispatch
2024-04-24T08:53:49.342 INFO:journalctl@ceph.mon.a.smithi069.stdout:Apr 24 08:53:49 smithi069 ceph-mon[28170]: from='mgr.14120 172.21.15.69:0/2438601616' entity='mgr.x' cmd=[{"prefix": "mon metadata"}]: dispatch
2024-04-24T08:53:49.342 INFO:journalctl@ceph.mon.a.smithi069.stdout:Apr 24 08:53:49 smithi069 ceph-mon[28170]: Manager daemon x is now available
2024-04-24T08:53:50.341 INFO:journalctl@ceph.mon.a.smithi069.stdout:Apr 24 08:53:50 smithi069 ceph-mon[28170]: Found migration_current of "None". Setting to last migration.
2024-04-24T08:53:50.341 INFO:journalctl@ceph.mon.a.smithi069.stdout:Apr 24 08:53:50 smithi069 ceph-mon[28170]: from='mgr.14120 172.21.15.69:0/2438601616' entity='mgr.x'
2024-04-24T08:53:50.341 INFO:journalctl@ceph.mon.a.smithi069.stdout:Apr 24 08:53:50 smithi069 ceph-mon[28170]: from='mgr.14120 172.21.15.69:0/2438601616' entity='mgr.x'
2024-04-24T08:53:50.341 INFO:journalctl@ceph.mon.a.smithi069.stdout:Apr 24 08:53:50 smithi069 ceph-mon[28170]: from='mgr.14120 172.21.15.69:0/2438601616' entity='mgr.x' cmd=[{"prefix": "config dump", "format": "json"}]: dispatch
2024-04-24T08:53:50.341 INFO:journalctl@ceph.mon.a.smithi069.stdout:Apr 24 08:53:50 smithi069 ceph-mon[28170]: from='mgr.14120 172.21.15.69:0/2438601616' entity='mgr.x' cmd=[{"prefix": "config dump", "format": "json"}]: dispatch
2024-04-24T08:53:50.341 INFO:journalctl@ceph.mon.a.smithi069.stdout:Apr 24 08:53:50 smithi069 ceph-mon[28170]: from='mgr.14120 172.21.15.69:0/2438601616' entity='mgr.x' cmd=[{"prefix":"config rm","who":"mgr","name":"mgr/rbd_support/x/mirror_snapshot_schedule"}]: dispatch
2024-04-24T08:53:50.341 INFO:journalctl@ceph.mon.a.smithi069.stdout:Apr 24 08:53:50 smithi069 ceph-mon[28170]: from='mgr.14120 172.21.15.69:0/2438601616' entity='mgr.x' cmd=[{"prefix":"config rm","who":"mgr","name":"mgr/rbd_support/x/trash_purge_schedule"}]: dispatch
2024-04-24T08:53:50.341 INFO:journalctl@ceph.mon.a.smithi069.stdout:Apr 24 08:53:50 smithi069 ceph-mon[28170]: mgrmap e7: x(active, since 1.01603s)
2024-04-24T08:53:50.811 INFO:teuthology.orchestra.run.smithi069.stdout:/usr/bin/ceph: stdout {
2024-04-24T08:53:50.812 INFO:teuthology.orchestra.run.smithi069.stdout:/usr/bin/ceph: stdout "mgrmap_epoch": 7,
2024-04-24T08:53:50.812 INFO:teuthology.orchestra.run.smithi069.stdout:/usr/bin/ceph: stdout "initialized": true
2024-04-24T08:53:50.812 INFO:teuthology.orchestra.run.smithi069.stdout:/usr/bin/ceph: stdout }
2024-04-24T08:53:50.812 INFO:teuthology.orchestra.run.smithi069.stdout:/usr/bin/ceph: stderr
2024-04-24T08:53:42.823+0000 7feff7000700 1 Processor -- start
2024-04-24T08:53:50.812 INFO:teuthology.orchestra.run.smithi069.stdout:/usr/bin/ceph: stderr
2024-04-24T08:53:42.823+0000 7feff7000700 1 -- start start
2024-04-24T08:53:50.813 INFO:teuthology.orchestra.run.smithi069.stdout:/usr/bin/ceph: stderr
2024-04-24T08:53:42.823+0000 7feff7000700 1 --2- >> [v2:172.21.15.69:3300/0,v1:172.21.15.69:6789/0] conn(0x7feff0108380 0x7feff01087a0 unknown :-1 s=NONE pgs=0 cs=0 l=0 rev1=0 crypto rx=0 tx=0 comp rx=0 tx=0).connect
2024-04-24T08:53:50.813 INFO:teuthology.orchestra.run.smithi069.stdout:/usr/bin/ceph: stderr
2024-04-24T08:53:42.823+0000 7feff7000700 1 -- --> [v2:172.21.15.69:3300/0,v1:172.21.15.69:6789/0] -- mon_getmap magic: 0 -- 0x7feff0108ce0 con 0x7feff0108380
2024-04-24T08:53:50.813 INFO:teuthology.orchestra.run.smithi069.stdout:/usr/bin/ceph: stderr
2024-04-24T08:53:42.824+0000 7fefefe00700 1 --2- >> [v2:172.21.15.69:3300/0,v1:172.21.15.69:6789/0] conn(0x7feff0108380 0x7feff01087a0 unknown :-1 s=BANNER_CONNECTING pgs=0 cs=0 l=0 rev1=0 crypto rx=0 tx=0 comp rx=0 tx=0)._handle_peer_banner_payload supported=3 required=0
2024-04-24T08:53:50.813 INFO:teuthology.orchestra.run.smithi069.stdout:/usr/bin/ceph: stderr
2024-04-24T08:53:42.824+0000 7fefefe00700 1 --2- >> [v2:172.21.15.69:3300/0,v1:172.21.15.69:6789/0] conn(0x7feff0108380 0x7feff01087a0 unknown :-1 s=HELLO_CONNECTING pgs=0 cs=0 l=0 rev1=1 crypto rx=0 tx=0 comp rx=0 tx=0).handle_hello peer v2:172.21.15.69:3300/0 says I am v2:172.21.15.69:57772/0 (socket says 172.21.15.69:57772)
2024-04-24T08:53:50.814 INFO:teuthology.orchestra.run.smithi069.stdout:/usr/bin/ceph: stderr
2024-04-24T08:53:42.824+0000 7fefefe00700 1 -- 172.21.15.69:0/2263228511 learned_addr learned my addr 172.21.15.69:0/2263228511 (peer_addr_for_me v2:172.21.15.69:0/0)
2024-04-24T08:53:50.814 INFO:teuthology.orchestra.run.smithi069.stdout:/usr/bin/ceph: stderr
2024-04-24T08:53:42.824+0000 7fefefe00700 1 -- 172.21.15.69:0/2263228511 --> [v2:172.21.15.69:3300/0,v1:172.21.15.69:6789/0] -- mon_subscribe({config=0+,monmap=0+}) -- 0x7feff0108e60 con 0x7feff0108380
2024-04-24T08:53:50.814 INFO:teuthology.orchestra.run.smithi069.stdout:/usr/bin/ceph: stderr
2024-04-24T08:53:42.825+0000 7fefefe00700 1 --2- 172.21.15.69:0/2263228511 >> [v2:172.21.15.69:3300/0,v1:172.21.15.69:6789/0] conn(0x7feff0108380 0x7feff01087a0 secure :-1 s=READY pgs=28 cs=0 l=1 rev1=1 crypto rx=0x7fefe00098a0 tx=0x7fefe0009bb0 comp rx=0 tx=0).ready entity=mon.0 client_cookie=6bd229b536196429 server_cookie=0 in_seq=0 out_seq=0
2024-04-24T08:53:50.814 INFO:teuthology.orchestra.run.smithi069.stdout:/usr/bin/ceph: stderr
2024-04-24T08:53:42.825+0000 7fefeea00700 1 -- 172.21.15.69:0/2263228511 <== mon.0 v2:172.21.15.69:3300/0 1 ==== mon_map magic: 0 ==== 205+0+0 (secure 0 0 0) 0x7fefe0004160 con 0x7feff0108380
2024-04-24T08:53:50.815 INFO:teuthology.orchestra.run.smithi069.stdout:/usr/bin/ceph: stderr
2024-04-24T08:53:42.825+0000 7fefeea00700 1 -- 172.21.15.69:0/2263228511 <== mon.0 v2:172.21.15.69:3300/0 2 ==== config(26 keys) ==== 1071+0+0 (secure 0 0 0) 0x7fefe0004300 con 0x7feff0108380
2024-04-24T08:53:50.815 INFO:teuthology.orchestra.run.smithi069.stdout:/usr/bin/ceph: stderr
2024-04-24T08:53:42.825+0000 7fefeea00700 1 -- 172.21.15.69:0/2263228511 <== mon.0 v2:172.21.15.69:3300/0 3 ==== mon_map magic: 0 ==== 205+0+0 (secure 0 0 0) 0x7fefe0011a80 con 0x7feff0108380
2024-04-24T08:53:50.815 INFO:teuthology.orchestra.run.smithi069.stdout:/usr/bin/ceph: stderr
2024-04-24T08:53:42.826+0000 7feff7000700 1 -- 172.21.15.69:0/2263228511 >> [v2:172.21.15.69:3300/0,v1:172.21.15.69:6789/0] conn(0x7feff0108380 msgr2=0x7feff01087a0 secure :-1 s=STATE_CONNECTION_ESTABLISHED l=1).mark_down
2024-04-24T08:53:50.815 INFO:teuthology.orchestra.run.smithi069.stdout:/usr/bin/ceph: stderr
2024-04-24T08:53:42.826+0000 7feff7000700 1 --2- 172.21.15.69:0/2263228511 >> [v2:172.21.15.69:3300/0,v1:172.21.15.69:6789/0] conn(0x7feff0108380 0x7feff01087a0 secure :-1 s=READY pgs=28 cs=0 l=1 rev1=1 crypto rx=0x7fefe00098a0 tx=0x7fefe0009bb0 comp rx=0 tx=0).stop
2024-04-24T08:53:50.815 INFO:teuthology.orchestra.run.smithi069.stdout:/usr/bin/ceph: stderr
2024-04-24T08:53:42.826+0000 7feff7000700 1 -- 172.21.15.69:0/2263228511 shutdown_connections
2024-04-24T08:53:50.815 INFO:teuthology.orchestra.run.smithi069.stdout:/usr/bin/ceph: stderr
2024-04-24T08:53:42.826+0000 7feff7000700 1 --2- 172.21.15.69:0/2263228511 >> [v2:172.21.15.69:3300/0,v1:172.21.15.69:6789/0] conn(0x7feff0108380 0x7feff01087a0 unknown :-1 s=CLOSED pgs=28 cs=0 l=1 rev1=1 crypto rx=0 tx=0 comp rx=0 tx=0).stop
2024-04-24T08:53:50.816 INFO:teuthology.orchestra.run.smithi069.stdout:/usr/bin/ceph: stderr
2024-04-24T08:53:42.826+0000 7feff7000700 1 -- 172.21.15.69:0/2263228511 >> 172.21.15.69:0/2263228511 conn(0x7feff0103a40 msgr2=0x7feff0105e60 unknown :-1 s=STATE_NONE l=0).mark_down
2024-04-24T08:53:50.816 INFO:teuthology.orchestra.run.smithi069.stdout:/usr/bin/ceph: stderr
2024-04-24T08:53:42.826+0000 7feff7000700 1 -- 172.21.15.69:0/2263228511 shutdown_connections
2024-04-24T08:53:50.816 INFO:teuthology.orchestra.run.smithi069.stdout:/usr/bin/ceph: stderr
2024-04-24T08:53:42.826+0000 7feff7000700 1 -- 172.21.15.69:0/2263228511 wait complete.
2024-04-24T08:53:50.816 INFO:teuthology.orchestra.run.smithi069.stdout:/usr/bin/ceph: stderr
2024-04-24T08:53:42.827+0000 7feff7000700 1 Processor -- start
2024-04-24T08:53:50.816 INFO:teuthology.orchestra.run.smithi069.stdout:/usr/bin/ceph: stderr
2024-04-24T08:53:42.827+0000 7feff7000700 1 -- start start
2024-04-24T08:53:50.816 INFO:teuthology.orchestra.run.smithi069.stdout:/usr/bin/ceph: stderr
2024-04-24T08:53:42.828+0000 7feff7000700 1 --2- >> [v2:172.21.15.69:3300/0,v1:172.21.15.69:6789/0] conn(0x7feff0108380 0x7feff019e7d0 unknown :-1 s=NONE pgs=0 cs=0 l=1 rev1=0 crypto rx=0 tx=0 comp rx=0 tx=0).connect
2024-04-24T08:53:50.817 INFO:teuthology.orchestra.run.smithi069.stdout:/usr/bin/ceph: stderr
2024-04-24T08:53:42.828+0000 7feff7000700 1 -- --> [v2:172.21.15.69:3300/0,v1:172.21.15.69:6789/0] -- mon_getmap magic: 0 -- 0x7feff010a380 con 0x7feff0108380
2024-04-24T08:53:50.817 INFO:teuthology.orchestra.run.smithi069.stdout:/usr/bin/ceph: stderr
2024-04-24T08:53:42.828+0000 7fefefe00700 1 --2- >> [v2:172.21.15.69:3300/0,v1:172.21.15.69:6789/0] conn(0x7feff0108380 0x7feff019e7d0 unknown :-1 s=BANNER_CONNECTING pgs=0 cs=0 l=1 rev1=0 crypto rx=0 tx=0 comp rx=0 tx=0)._handle_peer_banner_payload supported=3 required=0
2024-04-24T08:53:50.817 INFO:teuthology.orchestra.run.smithi069.stdout:/usr/bin/ceph: stderr
2024-04-24T08:53:42.828+0000 7fefefe00700 1 --2- >> [v2:172.21.15.69:3300/0,v1:172.21.15.69:6789/0] conn(0x7feff0108380 0x7feff019e7d0 unknown :-1 s=HELLO_CONNECTING pgs=0 cs=0 l=1 rev1=1 crypto rx=0 tx=0 comp rx=0 tx=0).handle_hello peer v2:172.21.15.69:3300/0 says I am v2:172.21.15.69:57784/0 (socket says 172.21.15.69:57784)
2024-04-24T08:53:50.817 INFO:teuthology.orchestra.run.smithi069.stdout:/usr/bin/ceph: stderr
2024-04-24T08:53:42.828+0000 7fefefe00700 1 -- 172.21.15.69:0/3696911082 learned_addr learned my addr 172.21.15.69:0/3696911082 (peer_addr_for_me v2:172.21.15.69:0/0)
2024-04-24T08:53:50.817 INFO:teuthology.orchestra.run.smithi069.stdout:/usr/bin/ceph: stderr
2024-04-24T08:53:42.828+0000 7fefefe00700 1 -- 172.21.15.69:0/3696911082 --> [v2:172.21.15.69:3300/0,v1:172.21.15.69:6789/0] -- mon_subscribe({config=0+,monmap=0+}) -- 0x7feff019ed10 con 0x7feff0108380
2024-04-24T08:53:50.817 INFO:teuthology.orchestra.run.smithi069.stdout:/usr/bin/ceph: stderr
2024-04-24T08:53:42.828+0000 7fefefe00700 1 --2- 172.21.15.69:0/3696911082 >> [v2:172.21.15.69:3300/0,v1:172.21.15.69:6789/0] conn(0x7feff0108380 0x7feff019e7d0 secure :-1 s=READY pgs=29 cs=0 l=1 rev1=1 crypto rx=0x7fefe0011a50 tx=0x7fefe0011b30 comp rx=0 tx=0).ready entity=mon.0 client_cookie=0 server_cookie=0 in_seq=0 out_seq=0
2024-04-24T08:53:50.818 INFO:teuthology.orchestra.run.smithi069.stdout:/usr/bin/ceph: stderr
2024-04-24T08:53:42.829+0000 7fefecc00700 1 -- 172.21.15.69:0/3696911082 <== mon.0 v2:172.21.15.69:3300/0 1 ==== mon_map magic: 0 ==== 205+0+0 (secure 0 0 0) 0x7fefe0003a80 con 0x7feff0108380
2024-04-24T08:53:50.818 INFO:teuthology.orchestra.run.smithi069.stdout:/usr/bin/ceph: stderr
2024-04-24T08:53:42.829+0000 7fefecc00700 1 -- 172.21.15.69:0/3696911082 <== mon.0 v2:172.21.15.69:3300/0 2 ==== config(26 keys) ==== 1071+0+0 (secure 0 0 0) 0x7fefe0003c20 con 0x7feff0108380
2024-04-24T08:53:50.818 INFO:teuthology.orchestra.run.smithi069.stdout:/usr/bin/ceph: stderr
2024-04-24T08:53:42.829+0000 7feff7000700 1 -- 172.21.15.69:0/3696911082 --> [v2:172.21.15.69:3300/0,v1:172.21.15.69:6789/0] -- mon_subscribe({mgrmap=0+}) -- 0x7feff019efa0 con 0x7feff0108380
2024-04-24T08:53:50.818 INFO:teuthology.orchestra.run.smithi069.stdout:/usr/bin/ceph: stderr
2024-04-24T08:53:42.829+0000 7fefecc00700 1 -- 172.21.15.69:0/3696911082 <== mon.0 v2:172.21.15.69:3300/0 3 ==== mon_map magic: 0 ==== 205+0+0 (secure 0 0 0) 0x7fefe001a650 con 0x7feff0108380
2024-04-24T08:53:50.818 INFO:teuthology.orchestra.run.smithi069.stdout:/usr/bin/ceph: stderr
2024-04-24T08:53:42.829+0000 7feff7000700 1 -- 172.21.15.69:0/3696911082 --> [v2:172.21.15.69:3300/0,v1:172.21.15.69:6789/0] -- mon_subscribe({osdmap=0}) -- 0x7feff01a1c90 con 0x7feff0108380
2024-04-24T08:53:50.818 INFO:teuthology.orchestra.run.smithi069.stdout:/usr/bin/ceph: stderr
2024-04-24T08:53:42.830+0000 7fefecc00700 1 -- 172.21.15.69:0/3696911082 <== mon.0 v2:172.21.15.69:3300/0 4 ==== mgrmap(e 5) ==== 46558+0+0 (secure 0 0 0) 0x7fefe0024440 con 0x7feff0108380
2024-04-24T08:53:50.819 INFO:teuthology.orchestra.run.smithi069.stdout:/usr/bin/ceph: stderr
2024-04-24T08:53:42.831+0000 7fefecc00700 1 --2- 172.21.15.69:0/3696911082 >> [v2:172.21.15.69:6800/3911821813,v1:172.21.15.69:6801/3911821813] conn(0x7fefd4039600 0x7fefd403bac0 unknown :-1 s=NONE pgs=0 cs=0 l=1 rev1=0 crypto rx=0 tx=0 comp rx=0 tx=0).connect
2024-04-24T08:53:50.819 INFO:teuthology.orchestra.run.smithi069.stdout:/usr/bin/ceph: stderr
2024-04-24T08:53:42.831+0000 7fefecc00700 1 -- 172.21.15.69:0/3696911082 --> [v2:172.21.15.69:6800/3911821813,v1:172.21.15.69:6801/3911821813] -- command(tid 0: {"prefix": "get_command_descriptions"}) -- 0x7fefd403c1d0 con 0x7fefd4039600
2024-04-24T08:53:50.819 INFO:teuthology.orchestra.run.smithi069.stdout:/usr/bin/ceph: stderr
2024-04-24T08:53:42.831+0000 7fefecc00700 1 -- 172.21.15.69:0/3696911082 <== mon.0 v2:172.21.15.69:3300/0 5 ==== osd_map(1..1 src has 1..1) ==== 725+0+0 (secure 0 0 0) 0x7fefe004db40 con 0x7feff0108380
2024-04-24T08:53:50.819 INFO:teuthology.orchestra.run.smithi069.stdout:/usr/bin/ceph: stderr
2024-04-24T08:53:42.831+0000 7fefef400700 1 -- 172.21.15.69:0/3696911082 >> [v2:172.21.15.69:6800/3911821813,v1:172.21.15.69:6801/3911821813] conn(0x7fefd4039600 msgr2=0x7fefd403bac0 unknown :-1 s=STATE_CONNECTING_RE l=1).process reconnect failed to v2:172.21.15.69:6800/3911821813
2024-04-24T08:53:50.819 INFO:teuthology.orchestra.run.smithi069.stdout:/usr/bin/ceph: stderr
2024-04-24T08:53:42.831+0000 7fefef400700 1 --2- 172.21.15.69:0/3696911082 >> [v2:172.21.15.69:6800/3911821813,v1:172.21.15.69:6801/3911821813] conn(0x7fefd4039600 0x7fefd403bac0 unknown :-1 s=START_CONNECT pgs=0 cs=0 l=1 rev1=0 crypto rx=0 tx=0 comp rx=0 tx=0)._fault waiting 0.200000
2024-04-24T08:53:50.819 INFO:teuthology.orchestra.run.smithi069.stdout:/usr/bin/ceph: stderr
2024-04-24T08:53:43.032+0000 7fefef400700 1 -- 172.21.15.69:0/3696911082 >> [v2:172.21.15.69:6800/3911821813,v1:172.21.15.69:6801/3911821813] conn(0x7fefd4039600 msgr2=0x7fefd403bac0 unknown :-1 s=STATE_CONNECTING_RE l=1).process reconnect failed to v2:172.21.15.69:6800/3911821813
2024-04-24T08:53:50.819 INFO:teuthology.orchestra.run.smithi069.stdout:/usr/bin/ceph: stderr
2024-04-24T08:53:43.032+0000 7fefef400700 1 --2- 172.21.15.69:0/3696911082 >> [v2:172.21.15.69:6800/3911821813,v1:172.21.15.69:6801/3911821813] conn(0x7fefd4039600 0x7fefd403bac0 unknown :-1 s=START_CONNECT pgs=0 cs=0 l=1 rev1=0 crypto rx=0 tx=0 comp rx=0 tx=0)._fault waiting 0.400000
2024-04-24T08:53:50.820 INFO:teuthology.orchestra.run.smithi069.stdout:/usr/bin/ceph: stderr
2024-04-24T08:53:43.433+0000 7fefef400700 1 -- 172.21.15.69:0/3696911082 >> [v2:172.21.15.69:6800/3911821813,v1:172.21.15.69:6801/3911821813] conn(0x7fefd4039600 msgr2=0x7fefd403bac0 unknown :-1 s=STATE_CONNECTING_RE l=1).process reconnect failed to v2:172.21.15.69:6800/3911821813
2024-04-24T08:53:50.820 INFO:teuthology.orchestra.run.smithi069.stdout:/usr/bin/ceph: stderr
2024-04-24T08:53:43.433+0000 7fefef400700 1 --2- 172.21.15.69:0/3696911082 >> [v2:172.21.15.69:6800/3911821813,v1:172.21.15.69:6801/3911821813] conn(0x7fefd4039600 0x7fefd403bac0 unknown :-1 s=START_CONNECT pgs=0 cs=0 l=1 rev1=0 crypto rx=0 tx=0 comp rx=0 tx=0)._fault waiting 0.800000
2024-04-24T08:53:50.820 INFO:teuthology.orchestra.run.smithi069.stdout:/usr/bin/ceph: stderr
2024-04-24T08:53:44.234+0000 7fefef400700 1 -- 172.21.15.69:0/3696911082 >> [v2:172.21.15.69:6800/3911821813,v1:172.21.15.69:6801/3911821813] conn(0x7fefd4039600 msgr2=0x7fefd403bac0 unknown :-1 s=STATE_CONNECTING_RE l=1).process reconnect failed to v2:172.21.15.69:6800/3911821813
2024-04-24T08:53:50.820 INFO:teuthology.orchestra.run.smithi069.stdout:/usr/bin/ceph: stderr
2024-04-24T08:53:44.234+0000 7fefef400700 1 --2- 172.21.15.69:0/3696911082 >> [v2:172.21.15.69:6800/3911821813,v1:172.21.15.69:6801/3911821813] conn(0x7fefd4039600 0x7fefd403bac0 unknown :-1 s=START_CONNECT pgs=0 cs=0 l=1 rev1=0 crypto rx=0 tx=0 comp rx=0 tx=0)._fault waiting 1.600000
2024-04-24T08:53:50.820 INFO:teuthology.orchestra.run.smithi069.stdout:/usr/bin/ceph: stderr
2024-04-24T08:53:45.836+0000 7fefef400700 1 -- 172.21.15.69:0/3696911082 >> [v2:172.21.15.69:6800/3911821813,v1:172.21.15.69:6801/3911821813] conn(0x7fefd4039600 msgr2=0x7fefd403bac0 unknown :-1 s=STATE_CONNECTING_RE l=1).process reconnect failed to v2:172.21.15.69:6800/3911821813
2024-04-24T08:53:50.820 INFO:teuthology.orchestra.run.smithi069.stdout:/usr/bin/ceph: stderr
2024-04-24T08:53:45.836+0000 7fefef400700 1 --2- 172.21.15.69:0/3696911082 >> [v2:172.21.15.69:6800/3911821813,v1:172.21.15.69:6801/3911821813] conn(0x7fefd4039600 0x7fefd403bac0 unknown :-1 s=START_CONNECT pgs=0 cs=0 l=1 rev1=0 crypto rx=0 tx=0 comp rx=0 tx=0)._fault waiting 3.200000
2024-04-24T08:53:50.820 INFO:teuthology.orchestra.run.smithi069.stdout:/usr/bin/ceph: stderr
2024-04-24T08:53:48.953+0000 7fefecc00700 1 -- 172.21.15.69:0/3696911082 <== mon.0 v2:172.21.15.69:3300/0 6 ==== mgrmap(e 6) ==== 46325+0+0 (secure 0 0 0) 0x7fefe0024ad0 con 0x7feff0108380
2024-04-24T08:53:50.820 INFO:teuthology.orchestra.run.smithi069.stdout:/usr/bin/ceph: stderr
2024-04-24T08:53:48.954+0000 7fefecc00700 1 -- 172.21.15.69:0/3696911082 >> [v2:172.21.15.69:6800/3911821813,v1:172.21.15.69:6801/3911821813] conn(0x7fefd4039600 msgr2=0x7fefd403bac0 unknown :-1 s=STATE_CONNECTING l=1).mark_down
2024-04-24T08:53:50.821 INFO:teuthology.orchestra.run.smithi069.stdout:/usr/bin/ceph: stderr
2024-04-24T08:53:48.954+0000 7fefecc00700 1 --2- 172.21.15.69:0/3696911082 >> [v2:172.21.15.69:6800/3911821813,v1:172.21.15.69:6801/3911821813] conn(0x7fefd4039600 0x7fefd403bac0 unknown :-1 s=START_CONNECT pgs=0 cs=0 l=1 rev1=0 crypto rx=0 tx=0 comp rx=0 tx=0).stop
2024-04-24T08:53:50.821 INFO:teuthology.orchestra.run.smithi069.stdout:/usr/bin/ceph: stderr
2024-04-24T08:53:49.957+0000 7fefecc00700 1 -- 172.21.15.69:0/3696911082 <== mon.0 v2:172.21.15.69:3300/0 7 ==== mgrmap(e 7) ==== 46452+0+0 (secure 0 0 0) 0x7fefe0018d00 con 0x7feff0108380
2024-04-24T08:53:50.821 INFO:teuthology.orchestra.run.smithi069.stdout:/usr/bin/ceph: stderr
2024-04-24T08:53:49.958+0000 7fefecc00700 1 --2- 172.21.15.69:0/3696911082 >> [v2:172.21.15.69:6800/3470783122,v1:172.21.15.69:6801/3470783122] conn(0x7fefd403cef0 0x7fefd403f2e0 unknown :-1 s=NONE pgs=0 cs=0 l=1 rev1=0 crypto rx=0 tx=0 comp rx=0 tx=0).connect
2024-04-24T08:53:50.821 INFO:teuthology.orchestra.run.smithi069.stdout:/usr/bin/ceph: stderr
2024-04-24T08:53:49.958+0000 7fefecc00700 1 -- 172.21.15.69:0/3696911082 --> [v2:172.21.15.69:6800/3470783122,v1:172.21.15.69:6801/3470783122] -- command(tid 0: {"prefix": "get_command_descriptions"}) -- 0x7fefe0046c70 con 0x7fefd403cef0
2024-04-24T08:53:50.821 INFO:teuthology.orchestra.run.smithi069.stdout:/usr/bin/ceph: stderr
2024-04-24T08:53:49.960+0000 7fefef400700 1 --2- 172.21.15.69:0/3696911082 >> [v2:172.21.15.69:6800/3470783122,v1:172.21.15.69:6801/3470783122] conn(0x7fefd403cef0 0x7fefd403f2e0 unknown :-1 s=BANNER_CONNECTING pgs=0 cs=0 l=1 rev1=0 crypto rx=0 tx=0 comp rx=0 tx=0)._handle_peer_banner_payload supported=3 required=0
2024-04-24T08:53:50.821 INFO:teuthology.orchestra.run.smithi069.stdout:/usr/bin/ceph: stderr
2024-04-24T08:53:49.963+0000 7fefef400700 1 --2- 172.21.15.69:0/3696911082 >> [v2:172.21.15.69:6800/3470783122,v1:172.21.15.69:6801/3470783122] conn(0x7fefd403cef0 0x7fefd403f2e0 secure :-1 s=READY pgs=1 cs=0 l=1 rev1=1 crypto rx=0x7fefdc003a10 tx=0x7fefdc0092b0 comp rx=0 tx=0).ready entity=mgr.14120 client_cookie=0 server_cookie=0 in_seq=0 out_seq=0
2024-04-24T08:53:50.821 INFO:teuthology.orchestra.run.smithi069.stdout:/usr/bin/ceph: stderr
2024-04-24T08:53:49.964+0000 7fefecc00700 1 -- 172.21.15.69:0/3696911082 <== mgr.14120 v2:172.21.15.69:6800/3470783122 1 ==== command_reply(tid 0: 0 ) ==== 8+0+7774 (secure 0 0 0) 0x7fefe0046c70 con 0x7fefd403cef0
2024-04-24T08:53:50.821 INFO:teuthology.orchestra.run.smithi069.stdout:/usr/bin/ceph: stderr
2024-04-24T08:53:49.971+0000 7feff7000700 1 -- 172.21.15.69:0/3696911082 --> [v2:172.21.15.69:6800/3470783122,v1:172.21.15.69:6801/3470783122] -- command(tid 1: {"prefix": "mgr_status"}) -- 0x7feff0064150 con 0x7fefd403cef0
2024-04-24T08:53:50.821 INFO:teuthology.orchestra.run.smithi069.stdout:/usr/bin/ceph: stderr
2024-04-24T08:53:49.972+0000 7fefecc00700 1 -- 172.21.15.69:0/3696911082 <== mgr.14120 v2:172.21.15.69:6800/3470783122 2 ==== command_reply(tid 1: 0 ) ==== 8+0+51 (secure 0 0 0) 0x7feff0064150 con 0x7fefd403cef0
2024-04-24T08:53:50.822 INFO:teuthology.orchestra.run.smithi069.stdout:/usr/bin/ceph: stderr
2024-04-24T08:53:49.972+0000 7feff7000700 1 -- 172.21.15.69:0/3696911082 >> [v2:172.21.15.69:6800/3470783122,v1:172.21.15.69:6801/3470783122] conn(0x7fefd403cef0 msgr2=0x7fefd403f2e0 secure :-1 s=STATE_CONNECTION_ESTABLISHED l=1).mark_down
2024-04-24T08:53:50.822 INFO:teuthology.orchestra.run.smithi069.stdout:/usr/bin/ceph: stderr
2024-04-24T08:53:49.972+0000 7feff7000700 1 --2- 172.21.15.69:0/3696911082 >> [v2:172.21.15.69:6800/3470783122,v1:172.21.15.69:6801/3470783122] conn(0x7fefd403cef0 0x7fefd403f2e0 secure :-1 s=READY pgs=1 cs=0 l=1 rev1=1 crypto rx=0x7fefdc003a10 tx=0x7fefdc0092b0 comp rx=0 tx=0).stop
2024-04-24T08:53:50.822 INFO:teuthology.orchestra.run.smithi069.stdout:/usr/bin/ceph: stderr
2024-04-24T08:53:49.973+0000 7feff7000700 1 -- 172.21.15.69:0/3696911082 >> [v2:172.21.15.69:3300/0,v1:172.21.15.69:6789/0] conn(0x7feff0108380 msgr2=0x7feff019e7d0 secure :-1 s=STATE_CONNECTION_ESTABLISHED l=1).mark_down
2024-04-24T08:53:50.822 INFO:teuthology.orchestra.run.smithi069.stdout:/usr/bin/ceph: stderr
2024-04-24T08:53:49.973+0000 7feff7000700 1 --2- 172.21.15.69:0/3696911082 >> [v2:172.21.15.69:3300/0,v1:172.21.15.69:6789/0] conn(0x7feff0108380 0x7feff019e7d0 secure :-1 s=READY pgs=29 cs=0 l=1 rev1=1 crypto rx=0x7fefe0011a50 tx=0x7fefe0011b30 comp rx=0 tx=0).stop
2024-04-24T08:53:50.822 INFO:teuthology.orchestra.run.smithi069.stdout:/usr/bin/ceph: stderr
2024-04-24T08:53:49.973+0000 7feff7000700 1 -- 172.21.15.69:0/3696911082 shutdown_connections
2024-04-24T08:53:50.823 INFO:teuthology.orchestra.run.smithi069.stdout:/usr/bin/ceph: stderr
2024-04-24T08:53:49.973+0000 7feff7000700 1 --2- 172.21.15.69:0/3696911082 >> [v2:172.21.15.69:6800/3470783122,v1:172.21.15.69:6801/3470783122] conn(0x7fefd403cef0 0x7fefd403f2e0 unknown :-1 s=CLOSED pgs=1 cs=0 l=1 rev1=1 crypto rx=0 tx=0 comp rx=0 tx=0).stop
2024-04-24T08:53:50.823 INFO:teuthology.orchestra.run.smithi069.stdout:/usr/bin/ceph: stderr
2024-04-24T08:53:49.973+0000 7feff7000700 1 --2- 172.21.15.69:0/3696911082 >> [v2:172.21.15.69:3300/0,v1:172.21.15.69:6789/0] conn(0x7feff0108380 0x7feff019e7d0 unknown :-1 s=CLOSED pgs=29 cs=0 l=1 rev1=1 crypto rx=0 tx=0 comp rx=0 tx=0).stop
2024-04-24T08:53:50.823 INFO:teuthology.orchestra.run.smithi069.stdout:/usr/bin/ceph: stderr
2024-04-24T08:53:49.973+0000 7feff7000700 1 --2- 172.21.15.69:0/3696911082 >> [v2:172.21.15.69:6800/3911821813,v1:172.21.15.69:6801/3911821813] conn(0x7fefd4039600 0x7fefd403bac0 unknown :-1 s=CLOSED pgs=0 cs=0 l=1 rev1=0 crypto rx=0 tx=0 comp rx=0 tx=0).stop
2024-04-24T08:53:50.823 INFO:teuthology.orchestra.run.smithi069.stdout:/usr/bin/ceph: stderr
2024-04-24T08:53:49.973+0000 7feff7000700 1 -- 172.21.15.69:0/3696911082 >> 172.21.15.69:0/3696911082 conn(0x7feff0103a40 msgr2=0x7feff01046f0 unknown :-1 s=STATE_NONE l=0).mark_down
2024-04-24T08:53:50.823 INFO:teuthology.orchestra.run.smithi069.stdout:/usr/bin/ceph: stderr
2024-04-24T08:53:49.973+0000 7feff7000700 1 -- 172.21.15.69:0/3696911082 shutdown_connections
2024-04-24T08:53:50.823 INFO:teuthology.orchestra.run.smithi069.stdout:/usr/bin/ceph: stderr
2024-04-24T08:53:49.973+0000 7feff7000700 1 -- 172.21.15.69:0/3696911082 wait complete.
2024-04-24T08:53:50.823 INFO:teuthology.orchestra.run.smithi069.stdout:mgr epoch 5 is available
2024-04-24T08:53:50.823 INFO:teuthology.orchestra.run.smithi069.stdout:Setting orchestrator backend to cephadm...
2024-04-24T08:53:51.341 INFO:journalctl@ceph.mon.a.smithi069.stdout:Apr 24 08:53:51 smithi069 ceph-mon[28170]: from='client.14124 -' entity='client.admin' cmd=[{"prefix": "get_command_descriptions"}]: dispatch
2024-04-24T08:53:51.341 INFO:journalctl@ceph.mon.a.smithi069.stdout:Apr 24 08:53:51 smithi069 ceph-mon[28170]: from='client.14124 -' entity='client.admin' cmd=[{"prefix": "mgr_status"}]: dispatch
2024-04-24T08:53:51.341 INFO:journalctl@ceph.mon.a.smithi069.stdout:Apr 24 08:53:51 smithi069 ceph-mon[28170]: from='mgr.14120 172.21.15.69:0/2438601616' entity='mgr.x'
2024-04-24T08:53:51.341 INFO:journalctl@ceph.mon.a.smithi069.stdout:Apr 24 08:53:51 smithi069 ceph-mon[28170]: from='mgr.14120 172.21.15.69:0/2438601616' entity='mgr.x'
2024-04-24T08:53:51.341 INFO:journalctl@ceph.mon.a.smithi069.stdout:Apr 24 08:53:51 smithi069 ceph-mon[28170]: from='mgr.14120 172.21.15.69:0/2438601616' entity='mgr.x' cmd=[{"prefix": "config dump", "format": "json"}]: dispatch
2024-04-24T08:53:52.534 INFO:journalctl@ceph.mon.a.smithi069.stdout:Apr 24 08:53:52 smithi069 ceph-mon[28170]: [24/Apr/2024:08:53:50] ENGINE Bus STARTING
2024-04-24T08:53:52.534 INFO:journalctl@ceph.mon.a.smithi069.stdout:Apr 24 08:53:52 smithi069 ceph-mon[28170]: [24/Apr/2024:08:53:50] ENGINE Serving on https://172.21.15.69:7150
2024-04-24T08:53:52.534 INFO:journalctl@ceph.mon.a.smithi069.stdout:Apr 24 08:53:52 smithi069 ceph-mon[28170]: [24/Apr/2024:08:53:50] ENGINE Serving on http://172.21.15.69:8765
2024-04-24T08:53:52.534 INFO:journalctl@ceph.mon.a.smithi069.stdout:Apr 24 08:53:52 smithi069 ceph-mon[28170]: [24/Apr/2024:08:53:50] ENGINE Bus STARTED
2024-04-24T08:53:52.534 INFO:journalctl@ceph.mon.a.smithi069.stdout:Apr 24 08:53:52 smithi069 ceph-mon[28170]: mgrmap e8: x(active, since 2s)
2024-04-24T08:53:52.534 INFO:journalctl@ceph.mon.a.smithi069.stdout:Apr 24 08:53:52 smithi069 ceph-mon[28170]: from='mgr.14120 172.21.15.69:0/2438601616' entity='mgr.x'
2024-04-24T08:53:52.534 INFO:journalctl@ceph.mon.a.smithi069.stdout:Apr 24 08:53:52 smithi069 ceph-mon[28170]: from='mgr.14120 172.21.15.69:0/2438601616' entity='mgr.x' cmd=[{"prefix": "config dump", "format": "json"}]: dispatch
2024-04-24T08:53:52.549 INFO:teuthology.orchestra.run.smithi069.stdout:/usr/bin/ceph: stderr
2024-04-24T08:53:51.477+0000 7f760ec00700 1 Processor -- start
2024-04-24T08:53:52.549 INFO:teuthology.orchestra.run.smithi069.stdout:/usr/bin/ceph: stderr
2024-04-24T08:53:51.477+0000 7f760ec00700 1 -- start start
2024-04-24T08:53:52.549 INFO:teuthology.orchestra.run.smithi069.stdout:/usr/bin/ceph: stderr
2024-04-24T08:53:51.477+0000 7f760ec00700 1 --2- >> [v2:172.21.15.69:3300/0,v1:172.21.15.69:6789/0] conn(0x7f760807dda0 0x7f760807c310 unknown :-1 s=NONE pgs=0 cs=0 l=0 rev1=0 crypto rx=0 tx=0 comp rx=0 tx=0).connect
2024-04-24T08:53:52.549 INFO:teuthology.orchestra.run.smithi069.stdout:/usr/bin/ceph: stderr
2024-04-24T08:53:51.478+0000 7f760ec00700 1 -- --> [v2:172.21.15.69:3300/0,v1:172.21.15.69:6789/0] -- mon_getmap magic: 0 -- 0x7f760807c850 con 0x7f760807dda0
2024-04-24T08:53:52.549 INFO:teuthology.orchestra.run.smithi069.stdout:/usr/bin/ceph: stderr
2024-04-24T08:53:51.478+0000 7f7607e00700 1 --2- >> [v2:172.21.15.69:3300/0,v1:172.21.15.69:6789/0] conn(0x7f760807dda0 0x7f760807c310 unknown :-1 s=BANNER_CONNECTING pgs=0 cs=0 l=0 rev1=0 crypto rx=0 tx=0 comp rx=0 tx=0)._handle_peer_banner_payload supported=3 required=0
2024-04-24T08:53:52.549 INFO:teuthology.orchestra.run.smithi069.stdout:/usr/bin/ceph: stderr
2024-04-24T08:53:51.478+0000 7f7607e00700 1 --2- >> [v2:172.21.15.69:3300/0,v1:172.21.15.69:6789/0] conn(0x7f760807dda0 0x7f760807c310 unknown :-1 s=HELLO_CONNECTING pgs=0 cs=0 l=0 rev1=1 crypto rx=0 tx=0 comp rx=0 tx=0).handle_hello peer v2:172.21.15.69:3300/0 says I am v2:172.21.15.69:47656/0 (socket says 172.21.15.69:47656)
2024-04-24T08:53:52.549 INFO:teuthology.orchestra.run.smithi069.stdout:/usr/bin/ceph: stderr
2024-04-24T08:53:51.478+0000 7f7607e00700 1 -- 172.21.15.69:0/1199564673 learned_addr learned my addr 172.21.15.69:0/1199564673 (peer_addr_for_me v2:172.21.15.69:0/0)
2024-04-24T08:53:52.549 INFO:teuthology.orchestra.run.smithi069.stdout:/usr/bin/ceph: stderr
2024-04-24T08:53:51.478+0000 7f7607e00700 1 -- 172.21.15.69:0/1199564673 --> [v2:172.21.15.69:3300/0,v1:172.21.15.69:6789/0] -- mon_subscribe({config=0+,monmap=0+}) -- 0x7f760807c9d0 con 0x7f760807dda0
2024-04-24T08:53:52.550 INFO:teuthology.orchestra.run.smithi069.stdout:/usr/bin/ceph: stderr
2024-04-24T08:53:51.479+0000 7f7607e00700 1 --2- 172.21.15.69:0/1199564673 >> [v2:172.21.15.69:3300/0,v1:172.21.15.69:6789/0] conn(0x7f760807dda0 0x7f760807c310 secure :-1 s=READY pgs=37 cs=0 l=1 rev1=1 crypto rx=0x7f75f80098a0 tx=0x7f75f8009bb0 comp rx=0 tx=0).ready entity=mon.0 client_cookie=6497bee73a8f1333 server_cookie=0 in_seq=0 out_seq=0
2024-04-24T08:53:52.550 INFO:teuthology.orchestra.run.smithi069.stdout:/usr/bin/ceph: stderr
2024-04-24T08:53:51.479+0000 7f7607400700 1 -- 172.21.15.69:0/1199564673 <== mon.0 v2:172.21.15.69:3300/0 1 ==== mon_map magic: 0 ==== 205+0+0 (secure 0 0 0) 0x7f75f8004160 con 0x7f760807dda0
2024-04-24T08:53:52.550 INFO:teuthology.orchestra.run.smithi069.stdout:/usr/bin/ceph: stderr
2024-04-24T08:53:51.479+0000 7f7607400700 1 -- 172.21.15.69:0/1199564673 <== mon.0 v2:172.21.15.69:3300/0 2 ==== config(26 keys) ==== 1071+0+0 (secure 0 0 0) 0x7f75f8004300 con 0x7f760807dda0
2024-04-24T08:53:52.550 INFO:teuthology.orchestra.run.smithi069.stdout:/usr/bin/ceph: stderr
2024-04-24T08:53:51.479+0000 7f7607400700 1 -- 172.21.15.69:0/1199564673 <== mon.0 v2:172.21.15.69:3300/0 3 ==== mon_map magic: 0 ==== 205+0+0 (secure 0 0 0) 0x7f75f8011a80 con 0x7f760807dda0
2024-04-24T08:53:52.550 INFO:teuthology.orchestra.run.smithi069.stdout:/usr/bin/ceph: stderr
2024-04-24T08:53:51.479+0000 7f760ec00700 1 -- 172.21.15.69:0/1199564673 >> [v2:172.21.15.69:3300/0,v1:172.21.15.69:6789/0] conn(0x7f760807dda0 msgr2=0x7f760807c310 secure :-1 s=STATE_CONNECTION_ESTABLISHED l=1).mark_down
2024-04-24T08:53:52.550 INFO:teuthology.orchestra.run.smithi069.stdout:/usr/bin/ceph: stderr
2024-04-24T08:53:51.479+0000 7f760ec00700 1 --2- 172.21.15.69:0/1199564673 >> [v2:172.21.15.69:3300/0,v1:172.21.15.69:6789/0] conn(0x7f760807dda0 0x7f760807c310 secure :-1 s=READY pgs=37 cs=0 l=1 rev1=1 crypto rx=0x7f75f80098a0 tx=0x7f75f8009bb0 comp rx=0 tx=0).stop
2024-04-24T08:53:52.550 INFO:teuthology.orchestra.run.smithi069.stdout:/usr/bin/ceph: stderr
2024-04-24T08:53:51.480+0000 7f760ec00700 1 -- 172.21.15.69:0/1199564673 shutdown_connections
2024-04-24T08:53:52.550 INFO:teuthology.orchestra.run.smithi069.stdout:/usr/bin/ceph: stderr
2024-04-24T08:53:51.480+0000 7f760ec00700 1 --2- 172.21.15.69:0/1199564673 >> [v2:172.21.15.69:3300/0,v1:172.21.15.69:6789/0] conn(0x7f760807dda0 0x7f760807c310 unknown :-1 s=CLOSED pgs=37 cs=0 l=1 rev1=1 crypto rx=0 tx=0 comp rx=0 tx=0).stop
2024-04-24T08:53:52.550 INFO:teuthology.orchestra.run.smithi069.stdout:/usr/bin/ceph: stderr
2024-04-24T08:53:51.480+0000 7f760ec00700 1 -- 172.21.15.69:0/1199564673 >> 172.21.15.69:0/1199564673 conn(0x7f7608103a40 msgr2=0x7f7608105e60 unknown :-1 s=STATE_NONE l=0).mark_down
2024-04-24T08:53:52.550 INFO:teuthology.orchestra.run.smithi069.stdout:/usr/bin/ceph: stderr
2024-04-24T08:53:51.480+0000 7f760ec00700 1 -- 172.21.15.69:0/1199564673 shutdown_connections
2024-04-24T08:53:52.550 INFO:teuthology.orchestra.run.smithi069.stdout:/usr/bin/ceph: stderr
2024-04-24T08:53:51.480+0000 7f760ec00700 1 -- 172.21.15.69:0/1199564673 wait complete.
2024-04-24T08:53:52.550 INFO:teuthology.orchestra.run.smithi069.stdout:/usr/bin/ceph: stderr
2024-04-24T08:53:51.481+0000 7f760ec00700 1 Processor -- start
2024-04-24T08:53:52.550 INFO:teuthology.orchestra.run.smithi069.stdout:/usr/bin/ceph: stderr
2024-04-24T08:53:51.481+0000 7f760ec00700 1 -- start start
2024-04-24T08:53:52.551 INFO:teuthology.orchestra.run.smithi069.stdout:/usr/bin/ceph: stderr
2024-04-24T08:53:51.481+0000 7f760ec00700 1 --2- >> [v2:172.21.15.69:3300/0,v1:172.21.15.69:6789/0] conn(0x7f760807dda0 0x7f760819e7d0 unknown :-1 s=NONE pgs=0 cs=0 l=1 rev1=0 crypto rx=0 tx=0 comp rx=0 tx=0).connect
2024-04-24T08:53:52.551 INFO:teuthology.orchestra.run.smithi069.stdout:/usr/bin/ceph: stderr
2024-04-24T08:53:51.481+0000 7f760ec00700 1 -- --> [v2:172.21.15.69:3300/0,v1:172.21.15.69:6789/0] -- mon_getmap magic: 0 -- 0x7f760810e7f0 con 0x7f760807dda0
2024-04-24T08:53:52.551 INFO:teuthology.orchestra.run.smithi069.stdout:/usr/bin/ceph: stderr
2024-04-24T08:53:51.481+0000 7f7607e00700 1 --2- >> [v2:172.21.15.69:3300/0,v1:172.21.15.69:6789/0] conn(0x7f760807dda0 0x7f760819e7d0 unknown :-1 s=BANNER_CONNECTING pgs=0 cs=0 l=1 rev1=0 crypto rx=0 tx=0 comp rx=0 tx=0)._handle_peer_banner_payload supported=3 required=0
2024-04-24T08:53:52.551 INFO:teuthology.orchestra.run.smithi069.stdout:/usr/bin/ceph: stderr
2024-04-24T08:53:51.481+0000 7f7607e00700 1 --2- >> [v2:172.21.15.69:3300/0,v1:172.21.15.69:6789/0] conn(0x7f760807dda0 0x7f760819e7d0 unknown :-1 s=HELLO_CONNECTING pgs=0 cs=0 l=1 rev1=1 crypto rx=0 tx=0 comp rx=0 tx=0).handle_hello peer v2:172.21.15.69:3300/0 says I am v2:172.21.15.69:47664/0 (socket says 172.21.15.69:47664)
2024-04-24T08:53:52.551 INFO:teuthology.orchestra.run.smithi069.stdout:/usr/bin/ceph: stderr
2024-04-24T08:53:51.481+0000 7f7607e00700 1 -- 172.21.15.69:0/1508205131 learned_addr learned my addr 172.21.15.69:0/1508205131 (peer_addr_for_me v2:172.21.15.69:0/0)
2024-04-24T08:53:52.551 INFO:teuthology.orchestra.run.smithi069.stdout:/usr/bin/ceph: stderr
2024-04-24T08:53:51.482+0000 7f7607e00700 1 -- 172.21.15.69:0/1508205131 --> [v2:172.21.15.69:3300/0,v1:172.21.15.69:6789/0] -- mon_subscribe({config=0+,monmap=0+}) -- 0x7f760819ed10 con 0x7f760807dda0
2024-04-24T08:53:52.551 INFO:teuthology.orchestra.run.smithi069.stdout:/usr/bin/ceph: stderr
2024-04-24T08:53:51.482+0000 7f7607e00700 1 --2- 172.21.15.69:0/1508205131 >> [v2:172.21.15.69:3300/0,v1:172.21.15.69:6789/0] conn(0x7f760807dda0 0x7f760819e7d0 secure :-1 s=READY pgs=38 cs=0 l=1 rev1=1 crypto rx=0x7f75f8011a50 tx=0x7f75f8011b30 comp rx=0 tx=0).ready entity=mon.0 client_cookie=0 server_cookie=0 in_seq=0 out_seq=0
2024-04-24T08:53:52.551 INFO:teuthology.orchestra.run.smithi069.stdout:/usr/bin/ceph: stderr
2024-04-24T08:53:51.482+0000 7f7605600700 1 -- 172.21.15.69:0/1508205131 <== mon.0 v2:172.21.15.69:3300/0 1 ==== mon_map magic: 0 ==== 205+0+0 (secure 0 0 0) 0x7f75f8003a80 con 0x7f760807dda0
2024-04-24T08:53:52.551 INFO:teuthology.orchestra.run.smithi069.stdout:/usr/bin/ceph: stderr
2024-04-24T08:53:51.482+0000 7f7605600700 1 -- 172.21.15.69:0/1508205131 <== mon.0 v2:172.21.15.69:3300/0 2 ==== config(26 keys) ==== 1071+0+0 (secure 0 0 0) 0x7f75f8003c20 con 0x7f760807dda0
2024-04-24T08:53:52.551 INFO:teuthology.orchestra.run.smithi069.stdout:/usr/bin/ceph: stderr
2024-04-24T08:53:51.482+0000 7f7605600700 1 -- 172.21.15.69:0/1508205131 <== mon.0 v2:172.21.15.69:3300/0 3 ==== mon_map magic: 0 ==== 205+0+0 (secure 0 0 0) 0x7f75f801a650 con 0x7f760807dda0
2024-04-24T08:53:52.551 INFO:teuthology.orchestra.run.smithi069.stdout:/usr/bin/ceph: stderr
2024-04-24T08:53:51.482+0000 7f760ec00700 1 -- 172.21.15.69:0/1508205131 --> [v2:172.21.15.69:3300/0,v1:172.21.15.69:6789/0] -- mon_subscribe({mgrmap=0+}) -- 0x7f760819efa0 con 0x7f760807dda0
2024-04-24T08:53:52.551 INFO:teuthology.orchestra.run.smithi069.stdout:/usr/bin/ceph: stderr
2024-04-24T08:53:51.482+0000 7f760ec00700 1 -- 172.21.15.69:0/1508205131 --> [v2:172.21.15.69:3300/0,v1:172.21.15.69:6789/0] -- mon_subscribe({osdmap=0}) -- 0x7f76081a1c90 con 0x7f760807dda0
2024-04-24T08:53:52.551 INFO:teuthology.orchestra.run.smithi069.stdout:/usr/bin/ceph: stderr
2024-04-24T08:53:51.483+0000 7f7605600700 1 -- 172.21.15.69:0/1508205131 <== mon.0 v2:172.21.15.69:3300/0 4 ==== mgrmap(e 8) ==== 46558+0+0 (secure 0 0 0) 0x7f75f801a900 con 0x7f760807dda0
2024-04-24T08:53:52.551 INFO:teuthology.orchestra.run.smithi069.stdout:/usr/bin/ceph: stderr
2024-04-24T08:53:51.483+0000 7f760ec00700 1 -- 172.21.15.69:0/1508205131 --> [v2:172.21.15.69:3300/0,v1:172.21.15.69:6789/0] -- mon_command({"prefix": "get_command_descriptions"} v 0) -- 0x7f7608064150 con 0x7f760807dda0
2024-04-24T08:53:52.551 INFO:teuthology.orchestra.run.smithi069.stdout:/usr/bin/ceph: stderr
2024-04-24T08:53:51.484+0000 7f7605600700 1 --2- 172.21.15.69:0/1508205131 >> [v2:172.21.15.69:6800/3470783122,v1:172.21.15.69:6801/3470783122] conn(0x7f75ec039600 0x7f75ec03bac0 unknown :-1 s=NONE pgs=0 cs=0 l=1 rev1=0 crypto rx=0 tx=0 comp rx=0 tx=0).connect
2024-04-24T08:53:52.552 INFO:teuthology.orchestra.run.smithi069.stdout:/usr/bin/ceph: stderr
2024-04-24T08:53:51.484+0000 7f7605600700 1 -- 172.21.15.69:0/1508205131 <== mon.0 v2:172.21.15.69:3300/0 5 ==== osd_map(2..2 src has 1..2) ==== 940+0+0 (secure 0 0 0) 0x7f75f804ddf0 con 0x7f760807dda0
2024-04-24T08:53:52.552 INFO:teuthology.orchestra.run.smithi069.stdout:/usr/bin/ceph: stderr
2024-04-24T08:53:51.484+0000 7f75ffe00700 1 --2- 172.21.15.69:0/1508205131 >> [v2:172.21.15.69:6800/3470783122,v1:172.21.15.69:6801/3470783122] conn(0x7f75ec039600 0x7f75ec03bac0 unknown :-1 s=BANNER_CONNECTING pgs=0 cs=0 l=1 rev1=0 crypto rx=0 tx=0 comp rx=0 tx=0)._handle_peer_banner_payload supported=3 required=0
2024-04-24T08:53:52.552 INFO:teuthology.orchestra.run.smithi069.stdout:/usr/bin/ceph: stderr
2024-04-24T08:53:51.485+0000 7f75ffe00700 1 --2- 172.21.15.69:0/1508205131 >> [v2:172.21.15.69:6800/3470783122,v1:172.21.15.69:6801/3470783122] conn(0x7f75ec039600 0x7f75ec03bac0 secure :-1 s=READY pgs=7 cs=0 l=1 rev1=1 crypto rx=0x7f75f0006fd0 tx=0x7f75f0006e40 comp rx=0 tx=0).ready entity=mgr.14120 client_cookie=0 server_cookie=0 in_seq=0 out_seq=0
2024-04-24T08:53:52.552 INFO:teuthology.orchestra.run.smithi069.stdout:/usr/bin/ceph: stderr
2024-04-24T08:53:51.490+0000 7f7605600700 1 -- 172.21.15.69:0/1508205131 <== mon.0 v2:172.21.15.69:3300/0 6 ==== mon_command_ack([{"prefix": "get_command_descriptions"}]=0 v0) ==== 72+0+188370 (secure 0 0 0) 0x7f75f8019c70 con 0x7f760807dda0
2024-04-24T08:53:52.552 INFO:teuthology.orchestra.run.smithi069.stdout:/usr/bin/ceph: stderr
2024-04-24T08:53:51.733+0000 7f760ec00700 1 -- 172.21.15.69:0/1508205131 --> [v2:172.21.15.69:6800/3470783122,v1:172.21.15.69:6801/3470783122] -- mgr_command(tid 0: {"prefix": "orch set backend", "module_name": "cephadm", "target": ["mon-mgr", ""]}) -- 0x7f760802e050 con 0x7f75ec039600
2024-04-24T08:53:52.552 INFO:teuthology.orchestra.run.smithi069.stdout:/usr/bin/ceph: stderr
2024-04-24T08:53:51.744+0000 7f7605600700 1 -- 172.21.15.69:0/1508205131 <== mgr.14120 v2:172.21.15.69:6800/3470783122 1 ==== mgr_command_reply(tid 0: 0 ) ==== 8+0+0 (secure 0 0 0) 0x7f760802e050 con 0x7f75ec039600
2024-04-24T08:53:52.552 INFO:teuthology.orchestra.run.smithi069.stdout:/usr/bin/ceph: stderr
2024-04-24T08:53:51.747+0000 7f760ec00700 1 -- 172.21.15.69:0/1508205131 >> [v2:172.21.15.69:6800/3470783122,v1:172.21.15.69:6801/3470783122] conn(0x7f75ec039600 msgr2=0x7f75ec03bac0 secure :-1 s=STATE_CONNECTION_ESTABLISHED l=1).mark_down
2024-04-24T08:53:52.552 INFO:teuthology.orchestra.run.smithi069.stdout:/usr/bin/ceph: stderr
2024-04-24T08:53:51.747+0000 7f760ec00700 1 --2- 172.21.15.69:0/1508205131 >> [v2:172.21.15.69:6800/3470783122,v1:172.21.15.69:6801/3470783122] conn(0x7f75ec039600 0x7f75ec03bac0 secure :-1 s=READY pgs=7 cs=0 l=1 rev1=1 crypto rx=0x7f75f0006fd0 tx=0x7f75f0006e40 comp rx=0 tx=0).stop
2024-04-24T08:53:52.552 INFO:teuthology.orchestra.run.smithi069.stdout:/usr/bin/ceph: stderr
2024-04-24T08:53:51.747+0000 7f760ec00700 1 -- 172.21.15.69:0/1508205131 >> [v2:172.21.15.69:3300/0,v1:172.21.15.69:6789/0] conn(0x7f760807dda0 msgr2=0x7f760819e7d0 secure :-1 s=STATE_CONNECTION_ESTABLISHED l=1).mark_down
2024-04-24T08:53:52.552 INFO:teuthology.orchestra.run.smithi069.stdout:/usr/bin/ceph: stderr
2024-04-24T08:53:51.747+0000 7f760ec00700 1 --2- 172.21.15.69:0/1508205131 >> [v2:172.21.15.69:3300/0,v1:172.21.15.69:6789/0] conn(0x7f760807dda0 0x7f760819e7d0 secure :-1 s=READY pgs=38 cs=0 l=1 rev1=1 crypto rx=0x7f75f8011a50 tx=0x7f75f8011b30 comp rx=0 tx=0).stop
2024-04-24T08:53:52.552 INFO:teuthology.orchestra.run.smithi069.stdout:/usr/bin/ceph: stderr
2024-04-24T08:53:51.747+0000 7f760ec00700 1 -- 172.21.15.69:0/1508205131 shutdown_connections
2024-04-24T08:53:52.552 INFO:teuthology.orchestra.run.smithi069.stdout:/usr/bin/ceph: stderr
2024-04-24T08:53:51.747+0000 7f760ec00700 1 --2- 172.21.15.69:0/1508205131 >> [v2:172.21.15.69:6800/3470783122,v1:172.21.15.69:6801/3470783122] conn(0x7f75ec039600 0x7f75ec03bac0 unknown :-1 s=CLOSED pgs=7 cs=0 l=1 rev1=1 crypto rx=0 tx=0 comp rx=0 tx=0).stop
2024-04-24T08:53:52.552 INFO:teuthology.orchestra.run.smithi069.stdout:/usr/bin/ceph: stderr
2024-04-24T08:53:51.747+0000 7f760ec00700 1 --2- 172.21.15.69:0/1508205131 >> [v2:172.21.15.69:3300/0,v1:172.21.15.69:6789/0] conn(0x7f760807dda0 0x7f760819e7d0 unknown :-1 s=CLOSED pgs=38 cs=0 l=1 rev1=1 crypto rx=0 tx=0 comp rx=0 tx=0).stop
2024-04-24T08:53:52.552 INFO:teuthology.orchestra.run.smithi069.stdout:/usr/bin/ceph: stderr
2024-04-24T08:53:51.747+0000 7f760ec00700 1 -- 172.21.15.69:0/1508205131 >> 172.21.15.69:0/1508205131 conn(0x7f7608103a40 msgr2=0x7f7608104830 unknown :-1 s=STATE_NONE l=0).mark_down
2024-04-24T08:53:52.553 INFO:teuthology.orchestra.run.smithi069.stdout:/usr/bin/ceph: stderr
2024-04-24T08:53:51.748+0000 7f760ec00700 1 -- 172.21.15.69:0/1508205131 shutdown_connections
2024-04-24T08:53:52.553 INFO:teuthology.orchestra.run.smithi069.stdout:/usr/bin/ceph: stderr
2024-04-24T08:53:51.748+0000 7f760ec00700 1 -- 172.21.15.69:0/1508205131 wait complete.
2024-04-24T08:53:53.391 INFO:journalctl@ceph.mon.a.smithi069.stdout:Apr 24 08:53:53 smithi069 ceph-mon[28170]: from='client.14132 -' entity='client.admin' cmd=[{"prefix": "orch set backend", "module_name": "cephadm", "target": ["mon-mgr", ""]}]: dispatch
2024-04-24T08:53:54.305 INFO:teuthology.orchestra.run.smithi069.stdout:/usr/bin/ceph: stdout value unchanged
2024-04-24T08:53:54.306 INFO:teuthology.orchestra.run.smithi069.stdout:/usr/bin/ceph: stderr
2024-04-24T08:53:53.151+0000 7f46d0800700 1 Processor -- start
2024-04-24T08:53:54.306 INFO:teuthology.orchestra.run.smithi069.stdout:/usr/bin/ceph: stderr
2024-04-24T08:53:53.152+0000 7f46d0800700 1 -- start start
2024-04-24T08:53:54.306 INFO:teuthology.orchestra.run.smithi069.stdout:/usr/bin/ceph: stderr
2024-04-24T08:53:53.152+0000 7f46d0800700 1 --2- >> [v2:172.21.15.69:3300/0,v1:172.21.15.69:6789/0] conn(0x7f46c810fff0 0x7f46c8110410 unknown :-1 s=NONE pgs=0 cs=0 l=0 rev1=0 crypto rx=0 tx=0 comp rx=0 tx=0).connect
2024-04-24T08:53:54.306 INFO:teuthology.orchestra.run.smithi069.stdout:/usr/bin/ceph: stderr
2024-04-24T08:53:53.152+0000 7f46d0800700 1 -- --> [v2:172.21.15.69:3300/0,v1:172.21.15.69:6789/0] -- mon_getmap magic: 0 -- 0x7f46c81109e0 con 0x7f46c810fff0
2024-04-24T08:53:54.306 INFO:teuthology.orchestra.run.smithi069.stdout:/usr/bin/ceph: stderr
2024-04-24T08:53:53.152+0000 7f46cde00700 1 --2- >> [v2:172.21.15.69:3300/0,v1:172.21.15.69:6789/0] conn(0x7f46c810fff0 0x7f46c8110410 unknown :-1 s=BANNER_CONNECTING pgs=0 cs=0 l=0 rev1=0 crypto rx=0 tx=0 comp rx=0 tx=0)._handle_peer_banner_payload supported=3 required=0
2024-04-24T08:53:54.306 INFO:teuthology.orchestra.run.smithi069.stdout:/usr/bin/ceph: stderr
2024-04-24T08:53:53.152+0000 7f46cde00700 1 --2- >> [v2:172.21.15.69:3300/0,v1:172.21.15.69:6789/0] conn(0x7f46c810fff0 0x7f46c8110410 unknown :-1 s=HELLO_CONNECTING pgs=0 cs=0 l=0 rev1=1 crypto rx=0 tx=0 comp rx=0 tx=0).handle_hello peer v2:172.21.15.69:3300/0 says I am v2:172.21.15.69:52902/0 (socket says 172.21.15.69:52902)
2024-04-24T08:53:54.306 INFO:teuthology.orchestra.run.smithi069.stdout:/usr/bin/ceph: stderr
2024-04-24T08:53:53.152+0000 7f46cde00700 1 -- 172.21.15.69:0/1654173565 learned_addr learned my addr 172.21.15.69:0/1654173565 (peer_addr_for_me v2:172.21.15.69:0/0)
2024-04-24T08:53:54.306 INFO:teuthology.orchestra.run.smithi069.stdout:/usr/bin/ceph: stderr
2024-04-24T08:53:53.153+0000 7f46cde00700 1 -- 172.21.15.69:0/1654173565 --> [v2:172.21.15.69:3300/0,v1:172.21.15.69:6789/0] -- mon_subscribe({config=0+,monmap=0+}) -- 0x7f46c810ece0 con 0x7f46c810fff0
2024-04-24T08:53:54.306 INFO:teuthology.orchestra.run.smithi069.stdout:/usr/bin/ceph: stderr
2024-04-24T08:53:53.153+0000 7f46cde00700 1 --2- 172.21.15.69:0/1654173565 >> [v2:172.21.15.69:3300/0,v1:172.21.15.69:6789/0] conn(0x7f46c810fff0 0x7f46c8110410 secure :-1 s=READY pgs=39 cs=0 l=1 rev1=1 crypto rx=0x7f46bc0098a0 tx=0x7f46bc009bb0 comp rx=0 tx=0).ready entity=mon.0 client_cookie=ec322d5d73bbb9f1 server_cookie=0 in_seq=0 out_seq=0
2024-04-24T08:53:54.306 INFO:teuthology.orchestra.run.smithi069.stdout:/usr/bin/ceph: stderr
2024-04-24T08:53:53.153+0000 7f46cca00700 1 -- 172.21.15.69:0/1654173565 <== mon.0 v2:172.21.15.69:3300/0 1 ==== mon_map magic: 0 ==== 205+0+0 (secure 0 0 0) 0x7f46bc004160 con 0x7f46c810fff0
2024-04-24T08:53:54.306 INFO:teuthology.orchestra.run.smithi069.stdout:/usr/bin/ceph: stderr
2024-04-24T08:53:53.153+0000 7f46cca00700 1 -- 172.21.15.69:0/1654173565 <== mon.0 v2:172.21.15.69:3300/0 2 ==== config(26 keys) ==== 1071+0+0 (secure 0 0 0) 0x7f46bc004300 con 0x7f46c810fff0
2024-04-24T08:53:54.307 INFO:teuthology.orchestra.run.smithi069.stdout:/usr/bin/ceph: stderr
2024-04-24T08:53:53.153+0000 7f46cca00700 1 -- 172.21.15.69:0/1654173565 <== mon.0 v2:172.21.15.69:3300/0 3 ==== mon_map magic: 0 ==== 205+0+0 (secure 0 0 0) 0x7f46bc011a80 con 0x7f46c810fff0
2024-04-24T08:53:54.307 INFO:teuthology.orchestra.run.smithi069.stdout:/usr/bin/ceph: stderr
2024-04-24T08:53:53.154+0000 7f46d0800700 1 -- 172.21.15.69:0/1654173565 >> [v2:172.21.15.69:3300/0,v1:172.21.15.69:6789/0] conn(0x7f46c810fff0 msgr2=0x7f46c8110410 secure :-1 s=STATE_CONNECTION_ESTABLISHED l=1).mark_down
2024-04-24T08:53:54.307 INFO:teuthology.orchestra.run.smithi069.stdout:/usr/bin/ceph: stderr
2024-04-24T08:53:53.154+0000 7f46d0800700 1 --2- 172.21.15.69:0/1654173565 >> [v2:172.21.15.69:3300/0,v1:172.21.15.69:6789/0] conn(0x7f46c810fff0 0x7f46c8110410 secure :-1 s=READY pgs=39 cs=0 l=1 rev1=1 crypto rx=0x7f46bc0098a0 tx=0x7f46bc009bb0 comp rx=0 tx=0).stop
2024-04-24T08:53:54.307 INFO:teuthology.orchestra.run.smithi069.stdout:/usr/bin/ceph: stderr
2024-04-24T08:53:53.154+0000 7f46d0800700 1 -- 172.21.15.69:0/1654173565 shutdown_connections
2024-04-24T08:53:54.307 INFO:teuthology.orchestra.run.smithi069.stdout:/usr/bin/ceph: stderr
