2024-04-24T08:54:31.903+0000 7fb4d5000700 1 --2- 172.21.15.69:0/4039273351 >> [v2:172.21.15.69:3300/0,v1:172.21.15.69:6789/0] conn(0x7fb4d010a620 0x7fb4d010aa40 unknown :-1 s=CLOSED pgs=76 cs=0 l=1 rev1=1 crypto rx=0 tx=0 comp rx=0 tx=0).stop
2024-04-24T08:54:32.842 INFO:teuthology.orchestra.run.smithi069.stdout:/usr/bin/ceph: stderr
2024-04-24T08:54:31.903+0000 7fb4d5000700 1 -- 172.21.15.69:0/4039273351 >> 172.21.15.69:0/4039273351 conn(0x7fb4d007dc00 msgr2=0x7fb4d01084e0 unknown :-1 s=STATE_NONE l=0).mark_down
2024-04-24T08:54:32.842 INFO:teuthology.orchestra.run.smithi069.stdout:/usr/bin/ceph: stderr
2024-04-24T08:54:31.903+0000 7fb4d5000700 1 -- 172.21.15.69:0/4039273351 shutdown_connections
2024-04-24T08:54:32.842 INFO:teuthology.orchestra.run.smithi069.stdout:/usr/bin/ceph: stderr
2024-04-24T08:54:31.903+0000 7fb4d5000700 1 -- 172.21.15.69:0/4039273351 wait complete.
2024-04-24T08:54:32.842 INFO:teuthology.orchestra.run.smithi069.stdout:/usr/bin/ceph: stderr
2024-04-24T08:54:31.904+0000 7fb4d5000700 1 Processor -- start
2024-04-24T08:54:32.842 INFO:teuthology.orchestra.run.smithi069.stdout:/usr/bin/ceph: stderr
2024-04-24T08:54:31.904+0000 7fb4d5000700 1 -- start start
2024-04-24T08:54:32.842 INFO:teuthology.orchestra.run.smithi069.stdout:/usr/bin/ceph: stderr
2024-04-24T08:54:31.905+0000 7fb4d5000700 1 --2- >> [v2:172.21.15.69:3300/0,v1:172.21.15.69:6789/0] conn(0x7fb4d010a620 0x7fb4d019e7e0 unknown :-1 s=NONE pgs=0 cs=0 l=1 rev1=0 crypto rx=0 tx=0 comp rx=0 tx=0).connect
2024-04-24T08:54:32.842 INFO:teuthology.orchestra.run.smithi069.stdout:/usr/bin/ceph: stderr
2024-04-24T08:54:31.905+0000 7fb4d5000700 1 -- --> [v2:172.21.15.69:3300/0,v1:172.21.15.69:6789/0] -- mon_getmap magic: 0 -- 0x7fb4d010eb30 con 0x7fb4d010a620
2024-04-24T08:54:32.843 INFO:teuthology.orchestra.run.smithi069.stdout:/usr/bin/ceph: stderr
2024-04-24T08:54:31.905+0000 7fb4cde00700 1 --2- >> [v2:172.21.15.69:3300/0,v1:172.21.15.69:6789/0] conn(0x7fb4d010a620 0x7fb4d019e7e0 unknown :-1 s=BANNER_CONNECTING pgs=0 cs=0 l=1 rev1=0 crypto rx=0 tx=0 comp rx=0 tx=0)._handle_peer_banner_payload supported=3 required=0
2024-04-24T08:54:32.843 INFO:teuthology.orchestra.run.smithi069.stdout:/usr/bin/ceph: stderr
2024-04-24T08:54:31.905+0000 7fb4cde00700 1 --2- >> [v2:172.21.15.69:3300/0,v1:172.21.15.69:6789/0] conn(0x7fb4d010a620 0x7fb4d019e7e0 unknown :-1 s=HELLO_CONNECTING pgs=0 cs=0 l=1 rev1=1 crypto rx=0 tx=0 comp rx=0 tx=0).handle_hello peer v2:172.21.15.69:3300/0 says I am v2:172.21.15.69:59372/0 (socket says 172.21.15.69:59372)
2024-04-24T08:54:32.843 INFO:teuthology.orchestra.run.smithi069.stdout:/usr/bin/ceph: stderr
2024-04-24T08:54:31.905+0000 7fb4cde00700 1 -- 172.21.15.69:0/1364714422 learned_addr learned my addr 172.21.15.69:0/1364714422 (peer_addr_for_me v2:172.21.15.69:0/0)
2024-04-24T08:54:32.843 INFO:teuthology.orchestra.run.smithi069.stdout:/usr/bin/ceph: stderr
2024-04-24T08:54:31.905+0000 7fb4cde00700 1 -- 172.21.15.69:0/1364714422 --> [v2:172.21.15.69:3300/0,v1:172.21.15.69:6789/0] -- mon_subscribe({config=0+,monmap=0+}) -- 0x7fb4d019ed20 con 0x7fb4d010a620
2024-04-24T08:54:32.843 INFO:teuthology.orchestra.run.smithi069.stdout:/usr/bin/ceph: stderr
2024-04-24T08:54:31.905+0000 7fb4cde00700 1 --2- 172.21.15.69:0/1364714422 >> [v2:172.21.15.69:3300/0,v1:172.21.15.69:6789/0] conn(0x7fb4d010a620 0x7fb4d019e7e0 secure :-1 s=READY pgs=77 cs=0 l=1 rev1=1 crypto rx=0x7fb4c0011a20 tx=0x7fb4c0011b00 comp rx=0 tx=0).ready entity=mon.0 client_cookie=0 server_cookie=0 in_seq=0 out_seq=0
2024-04-24T08:54:32.843 INFO:teuthology.orchestra.run.smithi069.stdout:/usr/bin/ceph: stderr
2024-04-24T08:54:31.906+0000 7fb4c6a00700 1 -- 172.21.15.69:0/1364714422 <== mon.0 v2:172.21.15.69:3300/0 1 ==== mon_map magic: 0 ==== 205+0+0 (secure 0 0 0) 0x7fb4c0003af0 con 0x7fb4d010a620
2024-04-24T08:54:32.843 INFO:teuthology.orchestra.run.smithi069.stdout:/usr/bin/ceph: stderr
2024-04-24T08:54:31.906+0000 7fb4c6a00700 1 -- 172.21.15.69:0/1364714422 <== mon.0 v2:172.21.15.69:3300/0 2 ==== config(26 keys) ==== 1102+0+0 (secure 0 0 0) 0x7fb4c001a8e0 con 0x7fb4d010a620
2024-04-24T08:54:32.843 INFO:teuthology.orchestra.run.smithi069.stdout:/usr/bin/ceph: stderr
2024-04-24T08:54:31.906+0000 7fb4c6a00700 1 -- 172.21.15.69:0/1364714422 <== mon.0 v2:172.21.15.69:3300/0 3 ==== mon_map magic: 0 ==== 205+0+0 (secure 0 0 0) 0x7fb4c0024860 con 0x7fb4d010a620
2024-04-24T08:54:32.843 INFO:teuthology.orchestra.run.smithi069.stdout:/usr/bin/ceph: stderr
2024-04-24T08:54:31.906+0000 7fb4d5000700 1 -- 172.21.15.69:0/1364714422 --> [v2:172.21.15.69:3300/0,v1:172.21.15.69:6789/0] -- mon_subscribe({mgrmap=0+}) -- 0x7fb4d019efb0 con 0x7fb4d010a620
2024-04-24T08:54:32.843 INFO:teuthology.orchestra.run.smithi069.stdout:/usr/bin/ceph: stderr
2024-04-24T08:54:31.906+0000 7fb4d5000700 1 -- 172.21.15.69:0/1364714422 --> [v2:172.21.15.69:3300/0,v1:172.21.15.69:6789/0] -- mon_subscribe({osdmap=0}) -- 0x7fb4d01a1ca0 con 0x7fb4d010a620
2024-04-24T08:54:32.843 INFO:teuthology.orchestra.run.smithi069.stdout:/usr/bin/ceph: stderr
2024-04-24T08:54:31.907+0000 7fb4d5000700 1 -- 172.21.15.69:0/1364714422 --> [v2:172.21.15.69:3300/0,v1:172.21.15.69:6789/0] -- mon_command({"prefix": "get_command_descriptions"} v 0) -- 0x7fb4d0064150 con 0x7fb4d010a620
2024-04-24T08:54:32.843 INFO:teuthology.orchestra.run.smithi069.stdout:/usr/bin/ceph: stderr
2024-04-24T08:54:31.907+0000 7fb4c6a00700 1 -- 172.21.15.69:0/1364714422 <== mon.0 v2:172.21.15.69:3300/0 4 ==== mgrmap(e 13) ==== 46614+0+0 (secure 0 0 0) 0x7fb4c0022020 con 0x7fb4d010a620
2024-04-24T08:54:32.843 INFO:teuthology.orchestra.run.smithi069.stdout:/usr/bin/ceph: stderr
2024-04-24T08:54:31.908+0000 7fb4c6a00700 1 --2- 172.21.15.69:0/1364714422 >> [v2:172.21.15.69:6800/1098677190,v1:172.21.15.69:6801/1098677190] conn(0x7fb4b4039700 0x7fb4b403bbc0 unknown :-1 s=NONE pgs=0 cs=0 l=1 rev1=0 crypto rx=0 tx=0 comp rx=0 tx=0).connect
2024-04-24T08:54:32.844 INFO:teuthology.orchestra.run.smithi069.stdout:/usr/bin/ceph: stderr
2024-04-24T08:54:31.908+0000 7fb4c6a00700 1 -- 172.21.15.69:0/1364714422 <== mon.0 v2:172.21.15.69:3300/0 5 ==== osd_map(3..3 src has 1..3) ==== 1155+0+0 (secure 0 0 0) 0x7fb4c004dc00 con 0x7fb4d010a620
2024-04-24T08:54:32.844 INFO:teuthology.orchestra.run.smithi069.stdout:/usr/bin/ceph: stderr
2024-04-24T08:54:31.908+0000 7fb4cd400700 1 --2- 172.21.15.69:0/1364714422 >> [v2:172.21.15.69:6800/1098677190,v1:172.21.15.69:6801/1098677190] conn(0x7fb4b4039700 0x7fb4b403bbc0 unknown :-1 s=BANNER_CONNECTING pgs=0 cs=0 l=1 rev1=0 crypto rx=0 tx=0 comp rx=0 tx=0)._handle_peer_banner_payload supported=3 required=0
2024-04-24T08:54:32.844 INFO:teuthology.orchestra.run.smithi069.stdout:/usr/bin/ceph: stderr
2024-04-24T08:54:31.909+0000 7fb4cd400700 1 --2- 172.21.15.69:0/1364714422 >> [v2:172.21.15.69:6800/1098677190,v1:172.21.15.69:6801/1098677190] conn(0x7fb4b4039700 0x7fb4b403bbc0 secure :-1 s=READY pgs=10 cs=0 l=1 rev1=1 crypto rx=0x7fb4bc006fd0 tx=0x7fb4bc006e40 comp rx=0 tx=0).ready entity=mgr.14152 client_cookie=0 server_cookie=0 in_seq=0 out_seq=0
2024-04-24T08:54:32.844 INFO:teuthology.orchestra.run.smithi069.stdout:/usr/bin/ceph: stderr
2024-04-24T08:54:31.913+0000 7fb4c6a00700 1 -- 172.21.15.69:0/1364714422 <== mon.0 v2:172.21.15.69:3300/0 6 ==== mon_command_ack([{"prefix": "get_command_descriptions"}]=0 v0) ==== 72+0+188370 (secure 0 0 0) 0x7fb4c002c3a0 con 0x7fb4d010a620
2024-04-24T08:54:32.844 INFO:teuthology.orchestra.run.smithi069.stdout:/usr/bin/ceph: stderr
2024-04-24T08:54:32.138+0000 7fb4d5000700 1 -- 172.21.15.69:0/1364714422 --> [v2:172.21.15.69:3300/0,v1:172.21.15.69:6789/0] -- mon_command([{prefix=config set, name=osd_memory_target_autotune}] v 0) -- 0x7fb4d002dfe0 con 0x7fb4d010a620
2024-04-24T08:54:32.844 INFO:teuthology.orchestra.run.smithi069.stdout:/usr/bin/ceph: stderr
2024-04-24T08:54:32.139+0000 7fb4c6a00700 1 -- 172.21.15.69:0/1364714422 <== mon.0 v2:172.21.15.69:3300/0 7 ==== mon_command_ack([{prefix=config set, name=osd_memory_target_autotune}]=0 v8)=0 v8) ==== 127+0+0 (secure 0 0 0) 0x7fb4c001a570 con 0x7fb4d010a620
2024-04-24T08:54:32.844 INFO:teuthology.orchestra.run.smithi069.stdout:/usr/bin/ceph: stderr
2024-04-24T08:54:32.141+0000 7fb4d5000700 1 -- 172.21.15.69:0/1364714422 >> [v2:172.21.15.69:6800/1098677190,v1:172.21.15.69:6801/1098677190] conn(0x7fb4b4039700 msgr2=0x7fb4b403bbc0 secure :-1 s=STATE_CONNECTION_ESTABLISHED l=1).mark_down
2024-04-24T08:54:32.844 INFO:teuthology.orchestra.run.smithi069.stdout:/usr/bin/ceph: stderr
2024-04-24T08:54:32.141+0000 7fb4d5000700 1 --2- 172.21.15.69:0/1364714422 >> [v2:172.21.15.69:6800/1098677190,v1:172.21.15.69:6801/1098677190] conn(0x7fb4b4039700 0x7fb4b403bbc0 secure :-1 s=READY pgs=10 cs=0 l=1 rev1=1 crypto rx=0x7fb4bc006fd0 tx=0x7fb4bc006e40 comp rx=0 tx=0).stop
2024-04-24T08:54:32.844 INFO:teuthology.orchestra.run.smithi069.stdout:/usr/bin/ceph: stderr
2024-04-24T08:54:32.141+0000 7fb4d5000700 1 -- 172.21.15.69:0/1364714422 >> [v2:172.21.15.69:3300/0,v1:172.21.15.69:6789/0] conn(0x7fb4d010a620 msgr2=0x7fb4d019e7e0 secure :-1 s=STATE_CONNECTION_ESTABLISHED l=1).mark_down
2024-04-24T08:54:32.844 INFO:teuthology.orchestra.run.smithi069.stdout:/usr/bin/ceph: stderr
2024-04-24T08:54:32.141+0000 7fb4d5000700 1 --2- 172.21.15.69:0/1364714422 >> [v2:172.21.15.69:3300/0,v1:172.21.15.69:6789/0] conn(0x7fb4d010a620 0x7fb4d019e7e0 secure :-1 s=READY pgs=77 cs=0 l=1 rev1=1 crypto rx=0x7fb4c0011a20 tx=0x7fb4c0011b00 comp rx=0 tx=0).stop
2024-04-24T08:54:32.844 INFO:teuthology.orchestra.run.smithi069.stdout:/usr/bin/ceph: stderr
2024-04-24T08:54:32.141+0000 7fb4d5000700 1 -- 172.21.15.69:0/1364714422 shutdown_connections
2024-04-24T08:54:32.845 INFO:teuthology.orchestra.run.smithi069.stdout:/usr/bin/ceph: stderr
2024-04-24T08:54:32.141+0000 7fb4d5000700 1 --2- 172.21.15.69:0/1364714422 >> [v2:172.21.15.69:6800/1098677190,v1:172.21.15.69:6801/1098677190] conn(0x7fb4b4039700 0x7fb4b403bbc0 unknown :-1 s=CLOSED pgs=10 cs=0 l=1 rev1=1 crypto rx=0 tx=0 comp rx=0 tx=0).stop
2024-04-24T08:54:32.845 INFO:teuthology.orchestra.run.smithi069.stdout:/usr/bin/ceph: stderr
2024-04-24T08:54:32.141+0000 7fb4d5000700 1 --2- 172.21.15.69:0/1364714422 >> [v2:172.21.15.69:3300/0,v1:172.21.15.69:6789/0] conn(0x7fb4d010a620 0x7fb4d019e7e0 unknown :-1 s=CLOSED pgs=77 cs=0 l=1 rev1=1 crypto rx=0 tx=0 comp rx=0 tx=0).stop
2024-04-24T08:54:32.845 INFO:teuthology.orchestra.run.smithi069.stdout:/usr/bin/ceph: stderr
2024-04-24T08:54:32.141+0000 7fb4d5000700 1 -- 172.21.15.69:0/1364714422 >> 172.21.15.69:0/1364714422 conn(0x7fb4d007dc00 msgr2=0x7fb4d0107df0 unknown :-1 s=STATE_NONE l=0).mark_down
2024-04-24T08:54:32.845 INFO:teuthology.orchestra.run.smithi069.stdout:/usr/bin/ceph: stderr
2024-04-24T08:54:32.142+0000 7fb4d5000700 1 -- 172.21.15.69:0/1364714422 shutdown_connections
2024-04-24T08:54:32.845 INFO:teuthology.orchestra.run.smithi069.stdout:/usr/bin/ceph: stderr
2024-04-24T08:54:32.142+0000 7fb4d5000700 1 -- 172.21.15.69:0/1364714422 wait complete.
2024-04-24T08:54:34.627 INFO:teuthology.orchestra.run.smithi069.stdout:/usr/bin/ceph: stderr
2024-04-24T08:54:33.534+0000 7f9770200700 1 Processor -- start
2024-04-24T08:54:34.627 INFO:teuthology.orchestra.run.smithi069.stdout:/usr/bin/ceph: stderr
2024-04-24T08:54:33.534+0000 7f9770200700 1 -- start start
2024-04-24T08:54:34.627 INFO:teuthology.orchestra.run.smithi069.stdout:/usr/bin/ceph: stderr
2024-04-24T08:54:33.535+0000 7f9770200700 1 --2- >> [v2:172.21.15.69:3300/0,v1:172.21.15.69:6789/0] conn(0x7f9768108380 0x7f97681087a0 unknown :-1 s=NONE pgs=0 cs=0 l=0 rev1=0 crypto rx=0 tx=0 comp rx=0 tx=0).connect
2024-04-24T08:54:34.628 INFO:teuthology.orchestra.run.smithi069.stdout:/usr/bin/ceph: stderr
2024-04-24T08:54:33.535+0000 7f9770200700 1 -- --> [v2:172.21.15.69:3300/0,v1:172.21.15.69:6789/0] -- mon_getmap magic: 0 -- 0x7f9768108ce0 con 0x7f9768108380
2024-04-24T08:54:34.634 INFO:teuthology.orchestra.run.smithi069.stdout:/usr/bin/ceph: stderr
2024-04-24T08:54:33.535+0000 7f976d800700 1 --2- >> [v2:172.21.15.69:3300/0,v1:172.21.15.69:6789/0] conn(0x7f9768108380 0x7f97681087a0 unknown :-1 s=BANNER_CONNECTING pgs=0 cs=0 l=0 rev1=0 crypto rx=0 tx=0 comp rx=0 tx=0)._handle_peer_banner_payload supported=3 required=0
2024-04-24T08:54:34.634 INFO:teuthology.orchestra.run.smithi069.stdout:/usr/bin/ceph: stderr
2024-04-24T08:54:33.535+0000 7f976d800700 1 --2- >> [v2:172.21.15.69:3300/0,v1:172.21.15.69:6789/0] conn(0x7f9768108380 0x7f97681087a0 unknown :-1 s=HELLO_CONNECTING pgs=0 cs=0 l=0 rev1=1 crypto rx=0 tx=0 comp rx=0 tx=0).handle_hello peer v2:172.21.15.69:3300/0 says I am v2:172.21.15.69:53768/0 (socket says 172.21.15.69:53768)
2024-04-24T08:54:34.634 INFO:teuthology.orchestra.run.smithi069.stdout:/usr/bin/ceph: stderr
2024-04-24T08:54:33.535+0000 7f976d800700 1 -- 172.21.15.69:0/1287495932 learned_addr learned my addr 172.21.15.69:0/1287495932 (peer_addr_for_me v2:172.21.15.69:0/0)
2024-04-24T08:54:34.634 INFO:teuthology.orchestra.run.smithi069.stdout:/usr/bin/ceph: stderr
2024-04-24T08:54:33.536+0000 7f976d800700 1 -- 172.21.15.69:0/1287495932 --> [v2:172.21.15.69:3300/0,v1:172.21.15.69:6789/0] -- mon_subscribe({config=0+,monmap=0+}) -- 0x7f9768108e60 con 0x7f9768108380
2024-04-24T08:54:34.634 INFO:teuthology.orchestra.run.smithi069.stdout:/usr/bin/ceph: stderr
2024-04-24T08:54:33.536+0000 7f976d800700 1 --2- 172.21.15.69:0/1287495932 >> [v2:172.21.15.69:3300/0,v1:172.21.15.69:6789/0] conn(0x7f9768108380 0x7f97681087a0 secure :-1 s=READY pgs=78 cs=0 l=1 rev1=1 crypto rx=0x7f975c0098a0 tx=0x7f975c009bb0 comp rx=0 tx=0).ready entity=mon.0 client_cookie=ffdd014a0d8f57a0 server_cookie=0 in_seq=0 out_seq=0
2024-04-24T08:54:34.634 INFO:teuthology.orchestra.run.smithi069.stdout:/usr/bin/ceph: stderr
2024-04-24T08:54:33.536+0000 7f9767e00700 1 -- 172.21.15.69:0/1287495932 <== mon.0 v2:172.21.15.69:3300/0 1 ==== mon_map magic: 0 ==== 205+0+0 (secure 0 0 0) 0x7f975c004160 con 0x7f9768108380
2024-04-24T08:54:34.634 INFO:teuthology.orchestra.run.smithi069.stdout:/usr/bin/ceph: stderr
2024-04-24T08:54:33.536+0000 7f9767e00700 1 -- 172.21.15.69:0/1287495932 <== mon.0 v2:172.21.15.69:3300/0 2 ==== config(26 keys) ==== 1102+0+0 (secure 0 0 0) 0x7f975c004300 con 0x7f9768108380
2024-04-24T08:54:34.634 INFO:teuthology.orchestra.run.smithi069.stdout:/usr/bin/ceph: stderr
2024-04-24T08:54:33.536+0000 7f9767e00700 1 -- 172.21.15.69:0/1287495932 <== mon.0 v2:172.21.15.69:3300/0 3 ==== mon_map magic: 0 ==== 205+0+0 (secure 0 0 0) 0x7f975c011a50 con 0x7f9768108380
2024-04-24T08:54:34.637 INFO:teuthology.orchestra.run.smithi069.stdout:/usr/bin/ceph: stderr
2024-04-24T08:54:33.537+0000 7f9770200700 1 -- 172.21.15.69:0/1287495932 >> [v2:172.21.15.69:3300/0,v1:172.21.15.69:6789/0] conn(0x7f9768108380 msgr2=0x7f97681087a0 secure :-1 s=STATE_CONNECTION_ESTABLISHED l=1).mark_down
2024-04-24T08:54:34.637 INFO:teuthology.orchestra.run.smithi069.stdout:/usr/bin/ceph: stderr
2024-04-24T08:54:33.537+0000 7f9770200700 1 --2- 172.21.15.69:0/1287495932 >> [v2:172.21.15.69:3300/0,v1:172.21.15.69:6789/0] conn(0x7f9768108380 0x7f97681087a0 secure :-1 s=READY pgs=78 cs=0 l=1 rev1=1 crypto rx=0x7f975c0098a0 tx=0x7f975c009bb0 comp rx=0 tx=0).stop
2024-04-24T08:54:34.637 INFO:teuthology.orchestra.run.smithi069.stdout:/usr/bin/ceph: stderr
2024-04-24T08:54:33.537+0000 7f9770200700 1 -- 172.21.15.69:0/1287495932 shutdown_connections
2024-04-24T08:54:34.637 INFO:teuthology.orchestra.run.smithi069.stdout:/usr/bin/ceph: stderr
2024-04-24T08:54:33.537+0000 7f9770200700 1 --2- 172.21.15.69:0/1287495932 >> [v2:172.21.15.69:3300/0,v1:172.21.15.69:6789/0] conn(0x7f9768108380 0x7f97681087a0 unknown :-1 s=CLOSED pgs=78 cs=0 l=1 rev1=1 crypto rx=0 tx=0 comp rx=0 tx=0).stop
2024-04-24T08:54:34.637 INFO:teuthology.orchestra.run.smithi069.stdout:/usr/bin/ceph: stderr
2024-04-24T08:54:33.537+0000 7f9770200700 1 -- 172.21.15.69:0/1287495932 >> 172.21.15.69:0/1287495932 conn(0x7f9768103a40 msgr2=0x7f9768105e60 unknown :-1 s=STATE_NONE l=0).mark_down
2024-04-24T08:54:34.637 INFO:teuthology.orchestra.run.smithi069.stdout:/usr/bin/ceph: stderr
2024-04-24T08:54:33.537+0000 7f9770200700 1 -- 172.21.15.69:0/1287495932 shutdown_connections
2024-04-24T08:54:34.637 INFO:teuthology.orchestra.run.smithi069.stdout:/usr/bin/ceph: stderr
2024-04-24T08:54:33.537+0000 7f9770200700 1 -- 172.21.15.69:0/1287495932 wait complete.
2024-04-24T08:54:34.637 INFO:teuthology.orchestra.run.smithi069.stdout:/usr/bin/ceph: stderr
2024-04-24T08:54:33.538+0000 7f9770200700 1 Processor -- start
2024-04-24T08:54:34.637 INFO:teuthology.orchestra.run.smithi069.stdout:/usr/bin/ceph: stderr
2024-04-24T08:54:33.539+0000 7f9770200700 1 -- start start
2024-04-24T08:54:34.637 INFO:teuthology.orchestra.run.smithi069.stdout:/usr/bin/ceph: stderr
2024-04-24T08:54:33.539+0000 7f9770200700 1 --2- >> [v2:172.21.15.69:3300/0,v1:172.21.15.69:6789/0] conn(0x7f9768108380 0x7f976819c540 unknown :-1 s=NONE pgs=0 cs=0 l=1 rev1=0 crypto rx=0 tx=0 comp rx=0 tx=0).connect
2024-04-24T08:54:34.638 INFO:teuthology.orchestra.run.smithi069.stdout:/usr/bin/ceph: stderr
2024-04-24T08:54:33.539+0000 7f9770200700 1 -- --> [v2:172.21.15.69:3300/0,v1:172.21.15.69:6789/0] -- mon_getmap magic: 0 -- 0x7f976810a3c0 con 0x7f9768108380
2024-04-24T08:54:34.638 INFO:teuthology.orchestra.run.smithi069.stdout:/usr/bin/ceph: stderr
2024-04-24T08:54:33.539+0000 7f976d800700 1 --2- >> [v2:172.21.15.69:3300/0,v1:172.21.15.69:6789/0] conn(0x7f9768108380 0x7f976819c540 unknown :-1 s=BANNER_CONNECTING pgs=0 cs=0 l=1 rev1=0 crypto rx=0 tx=0 comp rx=0 tx=0)._handle_peer_banner_payload supported=3 required=0
2024-04-24T08:54:34.638 INFO:teuthology.orchestra.run.smithi069.stdout:/usr/bin/ceph: stderr
2024-04-24T08:54:33.539+0000 7f976d800700 1 --2- >> [v2:172.21.15.69:3300/0,v1:172.21.15.69:6789/0] conn(0x7f9768108380 0x7f976819c540 unknown :-1 s=HELLO_CONNECTING pgs=0 cs=0 l=1 rev1=1 crypto rx=0 tx=0 comp rx=0 tx=0).handle_hello peer v2:172.21.15.69:3300/0 says I am v2:172.21.15.69:53784/0 (socket says 172.21.15.69:53784)
2024-04-24T08:54:34.638 INFO:teuthology.orchestra.run.smithi069.stdout:/usr/bin/ceph: stderr
2024-04-24T08:54:33.539+0000 7f976d800700 1 -- 172.21.15.69:0/4177242415 learned_addr learned my addr 172.21.15.69:0/4177242415 (peer_addr_for_me v2:172.21.15.69:0/0)
2024-04-24T08:54:34.638 INFO:teuthology.orchestra.run.smithi069.stdout:/usr/bin/ceph: stderr
2024-04-24T08:54:33.540+0000 7f976d800700 1 -- 172.21.15.69:0/4177242415 --> [v2:172.21.15.69:3300/0,v1:172.21.15.69:6789/0] -- mon_subscribe({config=0+,monmap=0+}) -- 0x7f976819ca80 con 0x7f9768108380
2024-04-24T08:54:34.638 INFO:teuthology.orchestra.run.smithi069.stdout:/usr/bin/ceph: stderr
2024-04-24T08:54:33.540+0000 7f976d800700 1 --2- 172.21.15.69:0/4177242415 >> [v2:172.21.15.69:3300/0,v1:172.21.15.69:6789/0] conn(0x7f9768108380 0x7f976819c540 secure :-1 s=READY pgs=79 cs=0 l=1 rev1=1 crypto rx=0x7f975c006b20 tx=0x7f975c011ad0 comp rx=0 tx=0).ready entity=mon.0 client_cookie=0 server_cookie=0 in_seq=0 out_seq=0
2024-04-24T08:54:34.638 INFO:teuthology.orchestra.run.smithi069.stdout:/usr/bin/ceph: stderr
2024-04-24T08:54:33.540+0000 7f9766000700 1 -- 172.21.15.69:0/4177242415 <== mon.0 v2:172.21.15.69:3300/0 1 ==== mon_map magic: 0 ==== 205+0+0 (secure 0 0 0) 0x7f975c003b70 con 0x7f9768108380
2024-04-24T08:54:34.638 INFO:teuthology.orchestra.run.smithi069.stdout:/usr/bin/ceph: stderr
2024-04-24T08:54:33.540+0000 7f9766000700 1 -- 172.21.15.69:0/4177242415 <== mon.0 v2:172.21.15.69:3300/0 2 ==== config(26 keys) ==== 1102+0+0 (secure 0 0 0) 0x7f975c01a8e0 con 0x7f9768108380
2024-04-24T08:54:34.638 INFO:teuthology.orchestra.run.smithi069.stdout:/usr/bin/ceph: stderr
2024-04-24T08:54:33.540+0000 7f9766000700 1 -- 172.21.15.69:0/4177242415 <== mon.0 v2:172.21.15.69:3300/0 3 ==== mon_map magic: 0 ==== 205+0+0 (secure 0 0 0) 0x7f975c0249b0 con 0x7f9768108380
2024-04-24T08:54:34.638 INFO:teuthology.orchestra.run.smithi069.stdout:/usr/bin/ceph: stderr
2024-04-24T08:54:33.540+0000 7f9770200700 1 -- 172.21.15.69:0/4177242415 --> [v2:172.21.15.69:3300/0,v1:172.21.15.69:6789/0] -- mon_subscribe({mgrmap=0+}) -- 0x7f976819cd10 con 0x7f9768108380
2024-04-24T08:54:34.638 INFO:teuthology.orchestra.run.smithi069.stdout:/usr/bin/ceph: stderr
2024-04-24T08:54:33.540+0000 7f9770200700 1 -- 172.21.15.69:0/4177242415 --> [v2:172.21.15.69:3300/0,v1:172.21.15.69:6789/0] -- mon_subscribe({osdmap=0}) -- 0x7f976819fa00 con 0x7f9768108380
2024-04-24T08:54:34.638 INFO:teuthology.orchestra.run.smithi069.stdout:/usr/bin/ceph: stderr
2024-04-24T08:54:33.542+0000 7f9766000700 1 -- 172.21.15.69:0/4177242415 <== mon.0 v2:172.21.15.69:3300/0 4 ==== mgrmap(e 13) ==== 46614+0+0 (secure 0 0 0) 0x7f975c022020 con 0x7f9768108380
2024-04-24T08:54:34.639 INFO:teuthology.orchestra.run.smithi069.stdout:/usr/bin/ceph: stderr
2024-04-24T08:54:33.541+0000 7f975b400700 1 -- 172.21.15.69:0/4177242415 --> [v2:172.21.15.69:3300/0,v1:172.21.15.69:6789/0] -- mon_command({"prefix": "get_command_descriptions"} v 0) -- 0x7f9768064150 con 0x7f9768108380
2024-04-24T08:54:34.639 INFO:teuthology.orchestra.run.smithi069.stdout:/usr/bin/ceph: stderr
2024-04-24T08:54:33.542+0000 7f9766000700 1 --2- 172.21.15.69:0/4177242415 >> [v2:172.21.15.69:6800/1098677190,v1:172.21.15.69:6801/1098677190] conn(0x7f9750039700 0x7f975003bbc0 unknown :-1 s=NONE pgs=0 cs=0 l=1 rev1=0 crypto rx=0 tx=0 comp rx=0 tx=0).connect
2024-04-24T08:54:34.639 INFO:teuthology.orchestra.run.smithi069.stdout:/usr/bin/ceph: stderr
2024-04-24T08:54:33.542+0000 7f9766000700 1 -- 172.21.15.69:0/4177242415 <== mon.0 v2:172.21.15.69:3300/0 5 ==== osd_map(3..3 src has 1..3) ==== 1155+0+0 (secure 0 0 0) 0x7f975c04e040 con 0x7f9768108380
2024-04-24T08:54:34.639 INFO:teuthology.orchestra.run.smithi069.stdout:/usr/bin/ceph: stderr
2024-04-24T08:54:33.542+0000 7f976ce00700 1 --2- 172.21.15.69:0/4177242415 >> [v2:172.21.15.69:6800/1098677190,v1:172.21.15.69:6801/1098677190] conn(0x7f9750039700 0x7f975003bbc0 unknown :-1 s=BANNER_CONNECTING pgs=0 cs=0 l=1 rev1=0 crypto rx=0 tx=0 comp rx=0 tx=0)._handle_peer_banner_payload supported=3 required=0
2024-04-24T08:54:34.639 INFO:teuthology.orchestra.run.smithi069.stdout:/usr/bin/ceph: stderr
2024-04-24T08:54:33.543+0000 7f976ce00700 1 --2- 172.21.15.69:0/4177242415 >> [v2:172.21.15.69:6800/1098677190,v1:172.21.15.69:6801/1098677190] conn(0x7f9750039700 0x7f975003bbc0 secure :-1 s=READY pgs=11 cs=0 l=1 rev1=1 crypto rx=0x7f9754006fd0 tx=0x7f9754006e40 comp rx=0 tx=0).ready entity=mgr.14152 client_cookie=0 server_cookie=0 in_seq=0 out_seq=0
2024-04-24T08:54:34.639 INFO:teuthology.orchestra.run.smithi069.stdout:/usr/bin/ceph: stderr
2024-04-24T08:54:33.548+0000 7f9766000700 1 -- 172.21.15.69:0/4177242415 <== mon.0 v2:172.21.15.69:3300/0 6 ==== mon_command_ack([{"prefix": "get_command_descriptions"}]=0 v0) ==== 72+0+188370 (secure 0 0 0) 0x7f975c0212c0 con 0x7f9768108380
2024-04-24T08:54:34.639 INFO:teuthology.orchestra.run.smithi069.stdout:/usr/bin/ceph: stderr
2024-04-24T08:54:33.890+0000 7f975b400700 1 -- 172.21.15.69:0/4177242415 --> [v2:172.21.15.69:3300/0,v1:172.21.15.69:6789/0] -- mon_command([{prefix=config-key set, key=mgr/dashboard/cluster/status}] v 0) -- 0x7f9768063700 con 0x7f9768108380
2024-04-24T08:54:34.639 INFO:teuthology.orchestra.run.smithi069.stdout:/usr/bin/ceph: stderr
2024-04-24T08:54:33.893+0000 7f9766000700 1 -- 172.21.15.69:0/4177242415 <== mon.0 v2:172.21.15.69:3300/0 7 ==== mon_command_ack([{prefix=config-key set, key=mgr/dashboard/cluster/status}]=0 set mgr/dashboard/cluster/status v28)=0 set mgr/dashboard/cluster/status v28) ==== 153+0+0 (secure 0 0 0) 0x7f975c0094f0 con 0x7f9768108380
2024-04-24T08:54:34.639 INFO:teuthology.orchestra.run.smithi069.stdout:/usr/bin/ceph: stderr
2024-04-24T08:54:33.896+0000 7f975b400700 1 -- 172.21.15.69:0/4177242415 >> [v2:172.21.15.69:6800/1098677190,v1:172.21.15.69:6801/1098677190] conn(0x7f9750039700 msgr2=0x7f975003bbc0 secure :-1 s=STATE_CONNECTION_ESTABLISHED l=1).mark_down
2024-04-24T08:54:34.639 INFO:teuthology.orchestra.run.smithi069.stdout:/usr/bin/ceph: stderr
2024-04-24T08:54:33.896+0000 7f975b400700 1 --2- 172.21.15.69:0/4177242415 >> [v2:172.21.15.69:6800/1098677190,v1:172.21.15.69:6801/1098677190] conn(0x7f9750039700 0x7f975003bbc0 secure :-1 s=READY pgs=11 cs=0 l=1 rev1=1 crypto rx=0x7f9754006fd0 tx=0x7f9754006e40 comp rx=0 tx=0).stop
2024-04-24T08:54:34.639 INFO:teuthology.orchestra.run.smithi069.stdout:/usr/bin/ceph: stderr
2024-04-24T08:54:33.896+0000 7f975b400700 1 -- 172.21.15.69:0/4177242415 >> [v2:172.21.15.69:3300/0,v1:172.21.15.69:6789/0] conn(0x7f9768108380 msgr2=0x7f976819c540 secure :-1 s=STATE_CONNECTION_ESTABLISHED l=1).mark_down
2024-04-24T08:54:34.639 INFO:teuthology.orchestra.run.smithi069.stdout:/usr/bin/ceph: stderr
2024-04-24T08:54:33.896+0000 7f975b400700 1 --2- 172.21.15.69:0/4177242415 >> [v2:172.21.15.69:3300/0,v1:172.21.15.69:6789/0] conn(0x7f9768108380 0x7f976819c540 secure :-1 s=READY pgs=79 cs=0 l=1 rev1=1 crypto rx=0x7f975c006b20 tx=0x7f975c011ad0 comp rx=0 tx=0).stop
2024-04-24T08:54:34.639 INFO:teuthology.orchestra.run.smithi069.stdout:/usr/bin/ceph: stderr
2024-04-24T08:54:33.896+0000 7f975b400700 1 -- 172.21.15.69:0/4177242415 shutdown_connections
2024-04-24T08:54:34.639 INFO:teuthology.orchestra.run.smithi069.stdout:/usr/bin/ceph: stderr
2024-04-24T08:54:33.896+0000 7f975b400700 1 --2- 172.21.15.69:0/4177242415 >> [v2:172.21.15.69:6800/1098677190,v1:172.21.15.69:6801/1098677190] conn(0x7f9750039700 0x7f975003bbc0 unknown :-1 s=CLOSED pgs=11 cs=0 l=1 rev1=1 crypto rx=0 tx=0 comp rx=0 tx=0).stop
2024-04-24T08:54:34.640 INFO:teuthology.orchestra.run.smithi069.stdout:/usr/bin/ceph: stderr
2024-04-24T08:54:33.896+0000 7f975b400700 1 --2- 172.21.15.69:0/4177242415 >> [v2:172.21.15.69:3300/0,v1:172.21.15.69:6789/0] conn(0x7f9768108380 0x7f976819c540 unknown :-1 s=CLOSED pgs=79 cs=0 l=1 rev1=1 crypto rx=0 tx=0 comp rx=0 tx=0).stop
2024-04-24T08:54:34.640 INFO:teuthology.orchestra.run.smithi069.stdout:/usr/bin/ceph: stderr
2024-04-24T08:54:33.896+0000 7f975b400700 1 -- 172.21.15.69:0/4177242415 >> 172.21.15.69:0/4177242415 conn(0x7f9768103a40 msgr2=0x7f9768104660 unknown :-1 s=STATE_NONE l=0).mark_down
2024-04-24T08:54:34.640 INFO:teuthology.orchestra.run.smithi069.stdout:/usr/bin/ceph: stderr
2024-04-24T08:54:33.897+0000 7f975b400700 1 -- 172.21.15.69:0/4177242415 shutdown_connections
2024-04-24T08:54:34.640 INFO:teuthology.orchestra.run.smithi069.stdout:/usr/bin/ceph: stderr
2024-04-24T08:54:33.897+0000 7f975b400700 1 -- 172.21.15.69:0/4177242415 wait complete.
2024-04-24T08:54:34.640 INFO:teuthology.orchestra.run.smithi069.stdout:/usr/bin/ceph: stderr set mgr/dashboard/cluster/status
2024-04-24T08:54:34.640 INFO:teuthology.orchestra.run.smithi069.stdout:You can access the Ceph CLI as following in case of multi-cluster or non-default config:
2024-04-24T08:54:34.640 INFO:teuthology.orchestra.run.smithi069.stdout:
2024-04-24T08:54:34.640 INFO:teuthology.orchestra.run.smithi069.stdout: sudo /home/ubuntu/cephtest/cephadm shell --fsid ef1ec7e8-0217-11ef-bc93-c7b262605968 -c /etc/ceph/ceph.conf -k /etc/ceph/ceph.client.admin.keyring
2024-04-24T08:54:34.640 INFO:teuthology.orchestra.run.smithi069.stdout:
2024-04-24T08:54:34.640 INFO:teuthology.orchestra.run.smithi069.stdout:Or, if you are only running a single cluster on this host:
2024-04-24T08:54:34.640 INFO:teuthology.orchestra.run.smithi069.stdout:
2024-04-24T08:54:34.640 INFO:teuthology.orchestra.run.smithi069.stdout: sudo /home/ubuntu/cephtest/cephadm shell
2024-04-24T08:54:34.640 INFO:teuthology.orchestra.run.smithi069.stdout:
2024-04-24T08:54:34.640 INFO:teuthology.orchestra.run.smithi069.stdout:Please consider enabling telemetry to help improve Ceph:
2024-04-24T08:54:34.640 INFO:teuthology.orchestra.run.smithi069.stdout:
2024-04-24T08:54:34.640 INFO:teuthology.orchestra.run.smithi069.stdout: ceph telemetry on
2024-04-24T08:54:34.641 INFO:teuthology.orchestra.run.smithi069.stdout:
2024-04-24T08:54:34.641 INFO:teuthology.orchestra.run.smithi069.stdout:For more information see:
2024-04-24T08:54:34.641 INFO:teuthology.orchestra.run.smithi069.stdout:
2024-04-24T08:54:34.641 INFO:teuthology.orchestra.run.smithi069.stdout: https://docs.ceph.com/en/latest/mgr/telemetry/
2024-04-24T08:54:34.641 INFO:teuthology.orchestra.run.smithi069.stdout:
2024-04-24T08:54:34.641 INFO:teuthology.orchestra.run.smithi069.stdout:Bootstrap complete.
2024-04-24T08:54:34.727 INFO:tasks.cephadm:Fetching config...
2024-04-24T08:54:34.727 DEBUG:teuthology.orchestra.run.smithi069:> set -ex
2024-04-24T08:54:34.728 DEBUG:teuthology.orchestra.run.smithi069:> dd if=/etc/ceph/ceph.conf of=/dev/stdout
2024-04-24T08:54:34.771 INFO:tasks.cephadm:Fetching client.admin keyring...
2024-04-24T08:54:34.772 DEBUG:teuthology.orchestra.run.smithi069:> set -ex
2024-04-24T08:54:34.772 DEBUG:teuthology.orchestra.run.smithi069:> dd if=/etc/ceph/ceph.client.admin.keyring of=/dev/stdout
2024-04-24T08:54:34.859 INFO:tasks.cephadm:Fetching mon keyring...
2024-04-24T08:54:34.859 DEBUG:teuthology.orchestra.run.smithi069:> set -ex
2024-04-24T08:54:34.859 DEBUG:teuthology.orchestra.run.smithi069:> sudo dd if=/var/lib/ceph/ef1ec7e8-0217-11ef-bc93-c7b262605968/mon.a/keyring of=/dev/stdout
2024-04-24T08:54:34.968 INFO:tasks.cephadm:Fetching pub ssh key...
2024-04-24T08:54:34.968 DEBUG:teuthology.orchestra.run.smithi069:> set -ex
2024-04-24T08:54:34.968 DEBUG:teuthology.orchestra.run.smithi069:> dd if=/home/ubuntu/cephtest/ceph.pub of=/dev/stdout
2024-04-24T08:54:35.060 INFO:tasks.cephadm:Installing pub ssh key for root users...
2024-04-24T08:54:35.060 DEBUG:teuthology.orchestra.run.smithi069:> sudo install -d -m 0700 /root/.ssh && echo 'ssh-rsa AAAAB3NzaC1yc2EAAAADAQABAAABgQDoPmsuDpFJRrlNilvQZllprWXojEuEiZvDWlwE3H384v9WEYLlUN1SpjvcJwIOc4Csxy7oKPSjiCZaTcV4c5rI9XdSBLUgE93khBI9GAxHBszJydJQcWNA1YwpCU0+o/7GjttuFlFIQ+vzydEGHNDE8sqjJXiT5oMLJZG9/vBLgrebReUmDwbTZgjzwKtny3aIKySNl0kItSOPN0yUbbX3IpEN1EAkkn6/TP8DmrKkjMIebwlg6SOrOEaQIInEQ3WEY4beN16u8CwLBgNuVH/mApSCC/2HOfx9l0KWLP738BYZdWNA6V7vdKLfmp82DkIYfBTih5T+ueJmUknY2F2MVsjYxZ70NyfTPC1AsWrdgWgSQ4hACy+oKg0P/92DJsjIelDodKF9XmQLSUxc5+Dfg7QlKwpmjyUZe433mRhsvI+nTWzNU0I4KmtEkCUq2V7ZnIXZHIOuiQYKlMGgZyycZwoZd9pZQOLp9GEAkwc3me5hcbprfUhtSFDHg/ThR4c= ceph-ef1ec7e8-0217-11ef-bc93-c7b262605968' | sudo tee -a /root/.ssh/authorized_keys && sudo chmod 0600 /root/.ssh/authorized_keys
2024-04-24T08:54:35.160 INFO:journalctl@ceph.mon.a.smithi069.stdout:Apr 24 08:54:34 smithi069 ceph-mon[28170]: from='client.? 172.21.15.69:0/4177242415' entity='client.admin'
2024-04-24T08:54:35.168 INFO:teuthology.orchestra.run.smithi069.stdout:ssh-rsa AAAAB3NzaC1yc2EAAAADAQABAAABgQDoPmsuDpFJRrlNilvQZllprWXojEuEiZvDWlwE3H384v9WEYLlUN1SpjvcJwIOc4Csxy7oKPSjiCZaTcV4c5rI9XdSBLUgE93khBI9GAxHBszJydJQcWNA1YwpCU0+o/7GjttuFlFIQ+vzydEGHNDE8sqjJXiT5oMLJZG9/vBLgrebReUmDwbTZgjzwKtny3aIKySNl0kItSOPN0yUbbX3IpEN1EAkkn6/TP8DmrKkjMIebwlg6SOrOEaQIInEQ3WEY4beN16u8CwLBgNuVH/mApSCC/2HOfx9l0KWLP738BYZdWNA6V7vdKLfmp82DkIYfBTih5T+ueJmUknY2F2MVsjYxZ70NyfTPC1AsWrdgWgSQ4hACy+oKg0P/92DJsjIelDodKF9XmQLSUxc5+Dfg7QlKwpmjyUZe433mRhsvI+nTWzNU0I4KmtEkCUq2V7ZnIXZHIOuiQYKlMGgZyycZwoZd9pZQOLp9GEAkwc3me5hcbprfUhtSFDHg/ThR4c= ceph-ef1ec7e8-0217-11ef-bc93-c7b262605968
2024-04-24T08:54:35.216 DEBUG:teuthology.orchestra.run.smithi081:> sudo install -d -m 0700 /root/.ssh && echo 'ssh-rsa AAAAB3NzaC1yc2EAAAADAQABAAABgQDoPmsuDpFJRrlNilvQZllprWXojEuEiZvDWlwE3H384v9WEYLlUN1SpjvcJwIOc4Csxy7oKPSjiCZaTcV4c5rI9XdSBLUgE93khBI9GAxHBszJydJQcWNA1YwpCU0+o/7GjttuFlFIQ+vzydEGHNDE8sqjJXiT5oMLJZG9/vBLgrebReUmDwbTZgjzwKtny3aIKySNl0kItSOPN0yUbbX3IpEN1EAkkn6/TP8DmrKkjMIebwlg6SOrOEaQIInEQ3WEY4beN16u8CwLBgNuVH/mApSCC/2HOfx9l0KWLP738BYZdWNA6V7vdKLfmp82DkIYfBTih5T+ueJmUknY2F2MVsjYxZ70NyfTPC1AsWrdgWgSQ4hACy+oKg0P/92DJsjIelDodKF9XmQLSUxc5+Dfg7QlKwpmjyUZe433mRhsvI+nTWzNU0I4KmtEkCUq2V7ZnIXZHIOuiQYKlMGgZyycZwoZd9pZQOLp9GEAkwc3me5hcbprfUhtSFDHg/ThR4c= ceph-ef1ec7e8-0217-11ef-bc93-c7b262605968' | sudo tee -a /root/.ssh/authorized_keys && sudo chmod 0600 /root/.ssh/authorized_keys
2024-04-24T08:54:35.346 INFO:teuthology.orchestra.run.smithi081.stdout:ssh-rsa AAAAB3NzaC1yc2EAAAADAQABAAABgQDoPmsuDpFJRrlNilvQZllprWXojEuEiZvDWlwE3H384v9WEYLlUN1SpjvcJwIOc4Csxy7oKPSjiCZaTcV4c5rI9XdSBLUgE93khBI9GAxHBszJydJQcWNA1YwpCU0+o/7GjttuFlFIQ+vzydEGHNDE8sqjJXiT5oMLJZG9/vBLgrebReUmDwbTZgjzwKtny3aIKySNl0kItSOPN0yUbbX3IpEN1EAkkn6/TP8DmrKkjMIebwlg6SOrOEaQIInEQ3WEY4beN16u8CwLBgNuVH/mApSCC/2HOfx9l0KWLP738BYZdWNA6V7vdKLfmp82DkIYfBTih5T+ueJmUknY2F2MVsjYxZ70NyfTPC1AsWrdgWgSQ4hACy+oKg0P/92DJsjIelDodKF9XmQLSUxc5+Dfg7QlKwpmjyUZe433mRhsvI+nTWzNU0I4KmtEkCUq2V7ZnIXZHIOuiQYKlMGgZyycZwoZd9pZQOLp9GEAkwc3me5hcbprfUhtSFDHg/ThR4c= ceph-ef1ec7e8-0217-11ef-bc93-c7b262605968
2024-04-24T08:54:35.406 DEBUG:teuthology.orchestra.run.smithi130:> sudo install -d -m 0700 /root/.ssh && echo 'ssh-rsa AAAAB3NzaC1yc2EAAAADAQABAAABgQDoPmsuDpFJRrlNilvQZllprWXojEuEiZvDWlwE3H384v9WEYLlUN1SpjvcJwIOc4Csxy7oKPSjiCZaTcV4c5rI9XdSBLUgE93khBI9GAxHBszJydJQcWNA1YwpCU0+o/7GjttuFlFIQ+vzydEGHNDE8sqjJXiT5oMLJZG9/vBLgrebReUmDwbTZgjzwKtny3aIKySNl0kItSOPN0yUbbX3IpEN1EAkkn6/TP8DmrKkjMIebwlg6SOrOEaQIInEQ3WEY4beN16u8CwLBgNuVH/mApSCC/2HOfx9l0KWLP738BYZdWNA6V7vdKLfmp82DkIYfBTih5T+ueJmUknY2F2MVsjYxZ70NyfTPC1AsWrdgWgSQ4hACy+oKg0P/92DJsjIelDodKF9XmQLSUxc5+Dfg7QlKwpmjyUZe433mRhsvI+nTWzNU0I4KmtEkCUq2V7ZnIXZHIOuiQYKlMGgZyycZwoZd9pZQOLp9GEAkwc3me5hcbprfUhtSFDHg/ThR4c= ceph-ef1ec7e8-0217-11ef-bc93-c7b262605968' | sudo tee -a /root/.ssh/authorized_keys && sudo chmod 0600 /root/.ssh/authorized_keys
2024-04-24T08:54:35.525 INFO:teuthology.orchestra.run.smithi130.stdout:ssh-rsa AAAAB3NzaC1yc2EAAAADAQABAAABgQDoPmsuDpFJRrlNilvQZllprWXojEuEiZvDWlwE3H384v9WEYLlUN1SpjvcJwIOc4Csxy7oKPSjiCZaTcV4c5rI9XdSBLUgE93khBI9GAxHBszJydJQcWNA1YwpCU0+o/7GjttuFlFIQ+vzydEGHNDE8sqjJXiT5oMLJZG9/vBLgrebReUmDwbTZgjzwKtny3aIKySNl0kItSOPN0yUbbX3IpEN1EAkkn6/TP8DmrKkjMIebwlg6SOrOEaQIInEQ3WEY4beN16u8CwLBgNuVH/mApSCC/2HOfx9l0KWLP738BYZdWNA6V7vdKLfmp82DkIYfBTih5T+ueJmUknY2F2MVsjYxZ70NyfTPC1AsWrdgWgSQ4hACy+oKg0P/92DJsjIelDodKF9XmQLSUxc5+Dfg7QlKwpmjyUZe433mRhsvI+nTWzNU0I4KmtEkCUq2V7ZnIXZHIOuiQYKlMGgZyycZwoZd9pZQOLp9GEAkwc3me5hcbprfUhtSFDHg/ThR4c= ceph-ef1ec7e8-0217-11ef-bc93-c7b262605968
2024-04-24T08:54:35.578 DEBUG:teuthology.orchestra.run.smithi069:> sudo /home/ubuntu/cephtest/cephadm --image quay-quay-quay.apps.os.sepia.ceph.com/ceph-ci/ceph:1f81fb397ae98da7563d451a78c61574c8f4e6e0 shell -c /etc/ceph/ceph.conf -k /etc/ceph/ceph.client.admin.keyring --fsid ef1ec7e8-0217-11ef-bc93-c7b262605968 -- ceph config set mgr mgr/cephadm/allow_ptrace true
2024-04-24T08:54:35.983 INFO:teuthology.orchestra.run.smithi069.stderr:Inferring config /var/lib/ceph/ef1ec7e8-0217-11ef-bc93-c7b262605968/mon.a/config
2024-04-24T08:54:38.803 INFO:teuthology.orchestra.run.smithi069.stderr:2024-04-24T08:54:38.802+0000 7fd49a400700 1 -- 172.21.15.69:0/3347711278 >> [v2:172.21.15.69:3300/0,v1:172.21.15.69:6789/0] conn(0x7fd494101450 msgr2=0x7fd494101870 secure :-1 s=STATE_CONNECTION_ESTABLISHED l=1).mark_down
2024-04-24T08:54:38.803 INFO:teuthology.orchestra.run.smithi069.stderr:2024-04-24T08:54:38.802+0000 7fd49a400700 1 --2- 172.21.15.69:0/3347711278 >> [v2:172.21.15.69:3300/0,v1:172.21.15.69:6789/0] conn(0x7fd494101450 0x7fd494101870 secure :-1 s=READY pgs=80 cs=0 l=1 rev1=1 crypto rx=0x7fd484009910 tx=0x7fd484009c20 comp rx=0 tx=0).stop
2024-04-24T08:54:38.803 INFO:teuthology.orchestra.run.smithi069.stderr:2024-04-24T08:54:38.803+0000 7fd49a400700 1 -- 172.21.15.69:0/3347711278 shutdown_connections
2024-04-24T08:54:38.803 INFO:teuthology.orchestra.run.smithi069.stderr:2024-04-24T08:54:38.803+0000 7fd49a400700 1 --2- 172.21.15.69:0/3347711278 >> [v2:172.21.15.69:3300/0,v1:172.21.15.69:6789/0] conn(0x7fd494101450 0x7fd494101870 unknown :-1 s=CLOSED pgs=80 cs=0 l=1 rev1=1 crypto rx=0 tx=0 comp rx=0 tx=0).stop
2024-04-24T08:54:38.803 INFO:teuthology.orchestra.run.smithi069.stderr:2024-04-24T08:54:38.803+0000 7fd49a400700 1 -- 172.21.15.69:0/3347711278 >> 172.21.15.69:0/3347711278 conn(0x7fd4940fc9f0 msgr2=0x7fd4940fee30 unknown :-1 s=STATE_NONE l=0).mark_down
2024-04-24T08:54:38.803 INFO:teuthology.orchestra.run.smithi069.stderr:2024-04-24T08:54:38.803+0000 7fd49a400700 1 -- 172.21.15.69:0/3347711278 shutdown_connections
2024-04-24T08:54:38.804 INFO:teuthology.orchestra.run.smithi069.stderr:2024-04-24T08:54:38.804+0000 7fd49a400700 1 -- 172.21.15.69:0/3347711278 wait complete.
2024-04-24T08:54:38.804 INFO:teuthology.orchestra.run.smithi069.stderr:2024-04-24T08:54:38.805+0000 7fd49a400700 1 Processor -- start
2024-04-24T08:54:38.804 INFO:teuthology.orchestra.run.smithi069.stderr:2024-04-24T08:54:38.805+0000 7fd49a400700 1 -- start start
2024-04-24T08:54:38.805 INFO:teuthology.orchestra.run.smithi069.stderr:2024-04-24T08:54:38.805+0000 7fd49a400700 1 --2- >> [v2:172.21.15.69:3300/0,v1:172.21.15.69:6789/0] conn(0x7fd494101450 0x7fd494107440 unknown :-1 s=NONE pgs=0 cs=0 l=1 rev1=0 crypto rx=0 tx=0 comp rx=0 tx=0).connect
2024-04-24T08:54:38.805 INFO:teuthology.orchestra.run.smithi069.stderr:2024-04-24T08:54:38.805+0000 7fd49a400700 1 -- --> [v2:172.21.15.69:3300/0,v1:172.21.15.69:6789/0] -- mon_getmap magic: 0 -- 0x7fd494108490 con 0x7fd494101450
2024-04-24T08:54:38.805 INFO:teuthology.orchestra.run.smithi069.stderr:2024-04-24T08:54:38.805+0000 7fd493400700 1 --2- >> [v2:172.21.15.69:3300/0,v1:172.21.15.69:6789/0] conn(0x7fd494101450 0x7fd494107440 unknown :-1 s=BANNER_CONNECTING pgs=0 cs=0 l=1 rev1=0 crypto rx=0 tx=0 comp rx=0 tx=0)._handle_peer_banner_payload supported=3 required=0
2024-04-24T08:54:38.805 INFO:teuthology.orchestra.run.smithi069.stderr:2024-04-24T08:54:38.805+0000 7fd493400700 1 --2- >> [v2:172.21.15.69:3300/0,v1:172.21.15.69:6789/0] conn(0x7fd494101450 0x7fd494107440 unknown :-1 s=HELLO_CONNECTING pgs=0 cs=0 l=1 rev1=1 crypto rx=0 tx=0 comp rx=0 tx=0).handle_hello peer v2:172.21.15.69:3300/0 says I am v2:172.21.15.69:53796/0 (socket says 172.21.15.69:53796)
2024-04-24T08:54:38.805 INFO:teuthology.orchestra.run.smithi069.stderr:2024-04-24T08:54:38.805+0000 7fd493400700 1 -- 172.21.15.69:0/3355057696 learned_addr learned my addr 172.21.15.69:0/3355057696 (peer_addr_for_me v2:172.21.15.69:0/0)
2024-04-24T08:54:38.806 INFO:teuthology.orchestra.run.smithi069.stderr:2024-04-24T08:54:38.806+0000 7fd493400700 1 -- 172.21.15.69:0/3355057696 --> [v2:172.21.15.69:3300/0,v1:172.21.15.69:6789/0] -- mon_subscribe({config=0+,monmap=0+}) -- 0x7fd494107980 con 0x7fd494101450
2024-04-24T08:54:38.806 INFO:teuthology.orchestra.run.smithi069.stderr:2024-04-24T08:54:38.806+0000 7fd493400700 1 --2- 172.21.15.69:0/3355057696 >> [v2:172.21.15.69:3300/0,v1:172.21.15.69:6789/0] conn(0x7fd494101450 0x7fd494107440 secure :-1 s=READY pgs=81 cs=0 l=1 rev1=1 crypto rx=0x7fd484005800 tx=0x7fd484009f60 comp rx=0 tx=0).ready entity=mon.0 client_cookie=0 server_cookie=0 in_seq=0 out_seq=0
2024-04-24T08:54:38.806 INFO:teuthology.orchestra.run.smithi069.stderr:2024-04-24T08:54:38.806+0000 7fd48be00700 1 -- 172.21.15.69:0/3355057696 <== mon.0 v2:172.21.15.69:3300/0 1 ==== mon_map magic: 0 ==== 205+0+0 (secure 0 0 0) 0x7fd484027070 con 0x7fd494101450
2024-04-24T08:54:38.806 INFO:teuthology.orchestra.run.smithi069.stderr:2024-04-24T08:54:38.806+0000 7fd48be00700 1 -- 172.21.15.69:0/3355057696 <== mon.0 v2:172.21.15.69:3300/0 2 ==== config(26 keys) ==== 1102+0+0 (secure 0 0 0) 0x7fd48400be10 con 0x7fd494101450
2024-04-24T08:54:38.806 INFO:teuthology.orchestra.run.smithi069.stderr:2024-04-24T08:54:38.806+0000 7fd48be00700 1 -- 172.21.15.69:0/3355057696 <== mon.0 v2:172.21.15.69:3300/0 3 ==== mon_map magic: 0 ==== 205+0+0 (secure 0 0 0) 0x7fd48400f460 con 0x7fd494101450
2024-04-24T08:54:38.807 INFO:teuthology.orchestra.run.smithi069.stderr:2024-04-24T08:54:38.806+0000 7fd49a400700 1 -- 172.21.15.69:0/3355057696 --> [v2:172.21.15.69:3300/0,v1:172.21.15.69:6789/0] -- mon_subscribe({mgrmap=0+}) -- 0x7fd494105b70 con 0x7fd494101450
2024-04-24T08:54:38.807 INFO:teuthology.orchestra.run.smithi069.stderr:2024-04-24T08:54:38.807+0000 7fd49a400700 1 -- 172.21.15.69:0/3355057696 --> [v2:172.21.15.69:3300/0,v1:172.21.15.69:6789/0] -- mon_subscribe({osdmap=0}) -- 0x7fd4941060b0 con 0x7fd494101450
2024-04-24T08:54:38.807 INFO:teuthology.orchestra.run.smithi069.stderr:2024-04-24T08:54:38.808+0000 7fd48be00700 1 -- 172.21.15.69:0/3355057696 <== mon.0 v2:172.21.15.69:3300/0 4 ==== mgrmap(e 13) ==== 46614+0+0 (secure 0 0 0) 0x7fd48402a070 con 0x7fd494101450
2024-04-24T08:54:38.807 INFO:teuthology.orchestra.run.smithi069.stderr:2024-04-24T08:54:38.808+0000 7fd49a400700 1 -- 172.21.15.69:0/3355057696 --> [v2:172.21.15.69:3300/0,v1:172.21.15.69:6789/0] -- mon_command({"prefix": "get_command_descriptions"} v 0) -- 0x7fd494108c10 con 0x7fd494101450
2024-04-24T08:54:38.808 INFO:teuthology.orchestra.run.smithi069.stderr:2024-04-24T08:54:38.808+0000 7fd48be00700 1 --2- 172.21.15.69:0/3355057696 >> [v2:172.21.15.69:6800/1098677190,v1:172.21.15.69:6801/1098677190] conn(0x7fd4780396b0 0x7fd47803bb70 unknown :-1 s=NONE pgs=0 cs=0 l=1 rev1=0 crypto rx=0 tx=0 comp rx=0 tx=0).connect
2024-04-24T08:54:38.808 INFO:teuthology.orchestra.run.smithi069.stderr:2024-04-24T08:54:38.808+0000 7fd48be00700 1 -- 172.21.15.69:0/3355057696 <== mon.0 v2:172.21.15.69:3300/0 5 ==== osd_map(3..3 src has 1..3) ==== 1155+0+0 (secure 0 0 0) 0x7fd48401e030 con 0x7fd494101450
2024-04-24T08:54:38.808 INFO:teuthology.orchestra.run.smithi069.stderr:2024-04-24T08:54:38.808+0000 7fd492a00700 1 --2- 172.21.15.69:0/3355057696 >> [v2:172.21.15.69:6800/1098677190,v1:172.21.15.69:6801/1098677190] conn(0x7fd4780396b0 0x7fd47803bb70 unknown :-1 s=BANNER_CONNECTING pgs=0 cs=0 l=1 rev1=0 crypto rx=0 tx=0 comp rx=0 tx=0)._handle_peer_banner_payload supported=3 required=0
2024-04-24T08:54:38.809 INFO:teuthology.orchestra.run.smithi069.stderr:2024-04-24T08:54:38.809+0000 7fd492a00700 1 --2- 172.21.15.69:0/3355057696 >> [v2:172.21.15.69:6800/1098677190,v1:172.21.15.69:6801/1098677190] conn(0x7fd4780396b0 0x7fd47803bb70 secure :-1 s=READY pgs=12 cs=0 l=1 rev1=1 crypto rx=0x7fd480006fd0 tx=0x7fd480006e40 comp rx=0 tx=0).ready entity=mgr.14152 client_cookie=0 server_cookie=0 in_seq=0 out_seq=0
2024-04-24T08:54:38.814 INFO:teuthology.orchestra.run.smithi069.stderr:2024-04-24T08:54:38.814+0000 7fd48be00700 1 -- 172.21.15.69:0/3355057696 <== mon.0 v2:172.21.15.69:3300/0 6 ==== mon_command_ack([{"prefix": "get_command_descriptions"}]=0 v0) ==== 72+0+188370 (secure 0 0 0) 0x7fd484013070 con 0x7fd494101450
2024-04-24T08:54:39.036 INFO:teuthology.orchestra.run.smithi069.stderr:2024-04-24T08:54:39.036+0000 7fd49a400700 1 -- 172.21.15.69:0/3355057696 --> [v2:172.21.15.69:3300/0,v1:172.21.15.69:6789/0] -- mon_command([{prefix=config set, name=mgr/cephadm/allow_ptrace}] v 0) -- 0x7fd494190f10 con 0x7fd494101450
2024-04-24T08:54:39.037 INFO:journalctl@ceph.mon.a.smithi069.stdout:Apr 24 08:54:38 smithi069 ceph-mon[28170]: from='mgr.14152 172.21.15.69:0/2710363019' entity='mgr.x'
2024-04-24T08:54:39.037 INFO:journalctl@ceph.mon.a.smithi069.stdout:Apr 24 08:54:38 smithi069 ceph-mon[28170]: from='mgr.14152 172.21.15.69:0/2710363019' entity='mgr.x'
2024-04-24T08:54:39.037 INFO:journalctl@ceph.mon.a.smithi069.stdout:Apr 24 08:54:38 smithi069 ceph-mon[28170]: from='mgr.14152 172.21.15.69:0/2710363019' entity='mgr.x' cmd=[{"prefix": "config rm", "who": "osd/host:smithi069", "name": "osd_memory_target"}]: dispatch
2024-04-24T08:54:39.037 INFO:journalctl@ceph.mon.a.smithi069.stdout:Apr 24 08:54:38 smithi069 ceph-mon[28170]: from='mgr.14152 172.21.15.69:0/2710363019' entity='mgr.x'
2024-04-24T08:54:39.037 INFO:journalctl@ceph.mon.a.smithi069.stdout:Apr 24 08:54:38 smithi069 ceph-mon[28170]: from='mgr.14152 172.21.15.69:0/2710363019' entity='mgr.x' cmd=[{"prefix": "config dump", "format": "json"}]: dispatch
2024-04-24T08:54:39.037 INFO:journalctl@ceph.mon.a.smithi069.stdout:Apr 24 08:54:38 smithi069 ceph-mon[28170]: from='mgr.14152 172.21.15.69:0/2710363019' entity='mgr.x'
2024-04-24T08:54:39.042 INFO:teuthology.orchestra.run.smithi069.stderr:2024-04-24T08:54:39.041+0000 7fd48be00700 1 -- 172.21.15.69:0/3355057696 <== mon.0 v2:172.21.15.69:3300/0 7 ==== mon_command_ack([{prefix=config set, name=mgr/cephadm/allow_ptrace}]=0 v9)=0 v9) ==== 125+0+0 (secure 0 0 0) 0x7fd484031020 con 0x7fd494101450
2024-04-24T08:54:39.045 INFO:teuthology.orchestra.run.smithi069.stderr:2024-04-24T08:54:39.045+0000 7fd49a400700 1 -- 172.21.15.69:0/3355057696 >> [v2:172.21.15.69:6800/1098677190,v1:172.21.15.69:6801/1098677190] conn(0x7fd4780396b0 msgr2=0x7fd47803bb70 secure :-1 s=STATE_CONNECTION_ESTABLISHED l=1).mark_down
2024-04-24T08:54:39.045 INFO:teuthology.orchestra.run.smithi069.stderr:2024-04-24T08:54:39.045+0000 7fd49a400700 1 --2- 172.21.15.69:0/3355057696 >> [v2:172.21.15.69:6800/1098677190,v1:172.21.15.69:6801/1098677190] conn(0x7fd4780396b0 0x7fd47803bb70 secure :-1 s=READY pgs=12 cs=0 l=1 rev1=1 crypto rx=0x7fd480006fd0 tx=0x7fd480006e40 comp rx=0 tx=0).stop
2024-04-24T08:54:39.045 INFO:teuthology.orchestra.run.smithi069.stderr:2024-04-24T08:54:39.045+0000 7fd49a400700 1 -- 172.21.15.69:0/3355057696 >> [v2:172.21.15.69:3300/0,v1:172.21.15.69:6789/0] conn(0x7fd494101450 msgr2=0x7fd494107440 secure :-1 s=STATE_CONNECTION_ESTABLISHED l=1).mark_down
2024-04-24T08:54:39.045 INFO:teuthology.orchestra.run.smithi069.stderr:2024-04-24T08:54:39.045+0000 7fd49a400700 1 --2- 172.21.15.69:0/3355057696 >> [v2:172.21.15.69:3300/0,v1:172.21.15.69:6789/0] conn(0x7fd494101450 0x7fd494107440 secure :-1 s=READY pgs=81 cs=0 l=1 rev1=1 crypto rx=0x7fd484005800 tx=0x7fd484009f60 comp rx=0 tx=0).stop
2024-04-24T08:54:39.045 INFO:teuthology.orchestra.run.smithi069.stderr:2024-04-24T08:54:39.045+0000 7fd49a400700 1 -- 172.21.15.69:0/3355057696 shutdown_connections
2024-04-24T08:54:39.045 INFO:teuthology.orchestra.run.smithi069.stderr:2024-04-24T08:54:39.045+0000 7fd49a400700 1 --2- 172.21.15.69:0/3355057696 >> [v2:172.21.15.69:6800/1098677190,v1:172.21.15.69:6801/1098677190] conn(0x7fd4780396b0 0x7fd47803bb70 unknown :-1 s=CLOSED pgs=12 cs=0 l=1 rev1=1 crypto rx=0 tx=0 comp rx=0 tx=0).stop
2024-04-24T08:54:39.045 INFO:teuthology.orchestra.run.smithi069.stderr:2024-04-24T08:54:39.045+0000 7fd49a400700 1 --2- 172.21.15.69:0/3355057696 >> [v2:172.21.15.69:3300/0,v1:172.21.15.69:6789/0] conn(0x7fd494101450 0x7fd494107440 unknown :-1 s=CLOSED pgs=81 cs=0 l=1 rev1=1 crypto rx=0 tx=0 comp rx=0 tx=0).stop
2024-04-24T08:54:39.045 INFO:teuthology.orchestra.run.smithi069.stderr:2024-04-24T08:54:39.045+0000 7fd49a400700 1 -- 172.21.15.69:0/3355057696 >> 172.21.15.69:0/3355057696 conn(0x7fd4940fc9f0 msgr2=0x7fd4940fd540 unknown :-1 s=STATE_NONE l=0).mark_down
2024-04-24T08:54:39.046 INFO:teuthology.orchestra.run.smithi069.stderr:2024-04-24T08:54:39.045+0000 7fd49a400700 1 -- 172.21.15.69:0/3355057696 shutdown_connections
2024-04-24T08:54:39.046 INFO:teuthology.orchestra.run.smithi069.stderr:2024-04-24T08:54:39.045+0000 7fd49a400700 1 -- 172.21.15.69:0/3355057696 wait complete.
2024-04-24T08:54:39.849 INFO:tasks.cephadm:Distributing conf and client.admin keyring to all hosts + 0755
2024-04-24T08:54:39.850 DEBUG:teuthology.orchestra.run.smithi069:> sudo /home/ubuntu/cephtest/cephadm --image quay-quay-quay.apps.os.sepia.ceph.com/ceph-ci/ceph:1f81fb397ae98da7563d451a78c61574c8f4e6e0 shell -c /etc/ceph/ceph.conf -k /etc/ceph/ceph.client.admin.keyring --fsid ef1ec7e8-0217-11ef-bc93-c7b262605968 -- ceph orch client-keyring set client.admin '*' --mode 0755
2024-04-24T08:54:40.275 INFO:teuthology.orchestra.run.smithi069.stderr:Inferring config /var/lib/ceph/ef1ec7e8-0217-11ef-bc93-c7b262605968/mon.a/config
2024-04-24T08:54:40.341 INFO:journalctl@ceph.mon.a.smithi069.stdout:Apr 24 08:54:40 smithi069 ceph-mon[28170]: from='client.? 172.21.15.69:0/3355057696' entity='client.admin'
2024-04-24T08:54:40.341 INFO:journalctl@ceph.mon.a.smithi069.stdout:Apr 24 08:54:40 smithi069 ceph-mon[28170]: from='mgr.14152 172.21.15.69:0/2710363019' entity='mgr.x' cmd=[{"prefix": "config dump", "format": "json"}]: dispatch
2024-04-24T08:54:40.341 INFO:journalctl@ceph.mon.a.smithi069.stdout:Apr 24 08:54:40 smithi069 ceph-mon[28170]: from='mgr.14152 172.21.15.69:0/2710363019' entity='mgr.x'
2024-04-24T08:54:42.379 INFO:teuthology.orchestra.run.smithi069.stderr:2024-04-24T08:54:42.378+0000 7f601f200700 1 -- 172.21.15.69:0/779368178 >> [v2:172.21.15.69:3300/0,v1:172.21.15.69:6789/0] conn(0x7f6018076b20 msgr2=0x7f6018074f80 secure :-1 s=STATE_CONNECTION_ESTABLISHED l=1).mark_down
2024-04-24T08:54:42.379 INFO:teuthology.orchestra.run.smithi069.stderr:2024-04-24T08:54:42.378+0000 7f601f200700 1 --2- 172.21.15.69:0/779368178 >> [v2:172.21.15.69:3300/0,v1:172.21.15.69:6789/0] conn(0x7f6018076b20 0x7f6018074f80 secure :-1 s=READY pgs=82 cs=0 l=1 rev1=1 crypto rx=0x7f600c009910 tx=0x7f600c009c20 comp rx=0 tx=0).stop
2024-04-24T08:54:42.379 INFO:teuthology.orchestra.run.smithi069.stderr:2024-04-24T08:54:42.378+0000 7f601f200700 1 -- 172.21.15.69:0/779368178 shutdown_connections
2024-04-24T08:54:42.379 INFO:teuthology.orchestra.run.smithi069.stderr:2024-04-24T08:54:42.378+0000 7f601f200700 1 --2- 172.21.15.69:0/779368178 >> [v2:172.21.15.69:3300/0,v1:172.21.15.69:6789/0] conn(0x7f6018076b20 0x7f6018074f80 unknown :-1 s=CLOSED pgs=82 cs=0 l=1 rev1=1 crypto rx=0 tx=0 comp rx=0 tx=0).stop
2024-04-24T08:54:42.379 INFO:teuthology.orchestra.run.smithi069.stderr:2024-04-24T08:54:42.378+0000 7f601f200700 1 -- 172.21.15.69:0/779368178 >> 172.21.15.69:0/779368178 conn(0x7f60180fd9a0 msgr2=0x7f60180ffdc0 unknown :-1 s=STATE_NONE l=0).mark_down
2024-04-24T08:54:42.379 INFO:teuthology.orchestra.run.smithi069.stderr:2024-04-24T08:54:42.378+0000 7f601f200700 1 -- 172.21.15.69:0/779368178 shutdown_connections
2024-04-24T08:54:42.379 INFO:teuthology.orchestra.run.smithi069.stderr:2024-04-24T08:54:42.378+0000 7f601f200700 1 -- 172.21.15.69:0/779368178 wait complete.
2024-04-24T08:54:42.380 INFO:teuthology.orchestra.run.smithi069.stderr:2024-04-24T08:54:42.379+0000 7f601f200700 1 Processor -- start
2024-04-24T08:54:42.380 INFO:teuthology.orchestra.run.smithi069.stderr:2024-04-24T08:54:42.380+0000 7f601f200700 1 -- start start
