2024-04-24T08:53:38.189+0000 7f0e5dc00700 1 -- 172.21.15.69:0/3388447868 >> [v2:172.21.15.69:3300/0,v1:172.21.15.69:6789/0] conn(0x7f0e5807ddf0 msgr2=0x7f0e5807c2f0 secure :-1 s=STATE_CONNECTION_ESTABLISHED l=1).mark_down
2024-04-24T08:53:39.135 INFO:teuthology.orchestra.run.smithi069.stdout:/usr/bin/ceph: stderr
2024-04-24T08:53:38.189+0000 7f0e5dc00700 1 --2- 172.21.15.69:0/3388447868 >> [v2:172.21.15.69:3300/0,v1:172.21.15.69:6789/0] conn(0x7f0e5807ddf0 0x7f0e5807c2f0 secure :-1 s=READY pgs=20 cs=0 l=1 rev1=1 crypto rx=0x7f0e480098a0 tx=0x7f0e48009bb0 comp rx=0 tx=0).stop
2024-04-24T08:53:39.135 INFO:teuthology.orchestra.run.smithi069.stdout:/usr/bin/ceph: stderr
2024-04-24T08:53:38.189+0000 7f0e5dc00700 1 -- 172.21.15.69:0/3388447868 shutdown_connections
2024-04-24T08:53:39.135 INFO:teuthology.orchestra.run.smithi069.stdout:/usr/bin/ceph: stderr
2024-04-24T08:53:38.189+0000 7f0e5dc00700 1 --2- 172.21.15.69:0/3388447868 >> [v2:172.21.15.69:3300/0,v1:172.21.15.69:6789/0] conn(0x7f0e5807ddf0 0x7f0e5807c2f0 unknown :-1 s=CLOSED pgs=20 cs=0 l=1 rev1=1 crypto rx=0 tx=0 comp rx=0 tx=0).stop
2024-04-24T08:53:39.135 INFO:teuthology.orchestra.run.smithi069.stdout:/usr/bin/ceph: stderr
2024-04-24T08:53:38.189+0000 7f0e5dc00700 1 -- 172.21.15.69:0/3388447868 >> 172.21.15.69:0/3388447868 conn(0x7f0e581039e0 msgr2=0x7f0e58105e00 unknown :-1 s=STATE_NONE l=0).mark_down
2024-04-24T08:53:39.135 INFO:teuthology.orchestra.run.smithi069.stdout:/usr/bin/ceph: stderr
2024-04-24T08:53:38.189+0000 7f0e5dc00700 1 -- 172.21.15.69:0/3388447868 shutdown_connections
2024-04-24T08:53:39.135 INFO:teuthology.orchestra.run.smithi069.stdout:/usr/bin/ceph: stderr
2024-04-24T08:53:38.189+0000 7f0e5dc00700 1 -- 172.21.15.69:0/3388447868 wait complete.
2024-04-24T08:53:39.135 INFO:teuthology.orchestra.run.smithi069.stdout:/usr/bin/ceph: stderr
2024-04-24T08:53:38.190+0000 7f0e5dc00700 1 Processor -- start
2024-04-24T08:53:39.135 INFO:teuthology.orchestra.run.smithi069.stdout:/usr/bin/ceph: stderr
2024-04-24T08:53:38.190+0000 7f0e5dc00700 1 -- start start
2024-04-24T08:53:39.135 INFO:teuthology.orchestra.run.smithi069.stdout:/usr/bin/ceph: stderr
2024-04-24T08:53:38.190+0000 7f0e5dc00700 1 --2- >> [v2:172.21.15.69:3300/0,v1:172.21.15.69:6789/0] conn(0x7f0e5807ddf0 0x7f0e5819e7d0 unknown :-1 s=NONE pgs=0 cs=0 l=1 rev1=0 crypto rx=0 tx=0 comp rx=0 tx=0).connect
2024-04-24T08:53:39.135 INFO:teuthology.orchestra.run.smithi069.stdout:/usr/bin/ceph: stderr
2024-04-24T08:53:38.190+0000 7f0e5dc00700 1 -- --> [v2:172.21.15.69:3300/0,v1:172.21.15.69:6789/0] -- mon_getmap magic: 0 -- 0x7f0e5810e910 con 0x7f0e5807ddf0
2024-04-24T08:53:39.135 INFO:teuthology.orchestra.run.smithi069.stdout:/usr/bin/ceph: stderr
2024-04-24T08:53:38.190+0000 7f0e56a00700 1 --2- >> [v2:172.21.15.69:3300/0,v1:172.21.15.69:6789/0] conn(0x7f0e5807ddf0 0x7f0e5819e7d0 unknown :-1 s=BANNER_CONNECTING pgs=0 cs=0 l=1 rev1=0 crypto rx=0 tx=0 comp rx=0 tx=0)._handle_peer_banner_payload supported=3 required=0
2024-04-24T08:53:39.135 INFO:teuthology.orchestra.run.smithi069.stdout:/usr/bin/ceph: stderr
2024-04-24T08:53:38.191+0000 7f0e56a00700 1 --2- >> [v2:172.21.15.69:3300/0,v1:172.21.15.69:6789/0] conn(0x7f0e5807ddf0 0x7f0e5819e7d0 unknown :-1 s=HELLO_CONNECTING pgs=0 cs=0 l=1 rev1=1 crypto rx=0 tx=0 comp rx=0 tx=0).handle_hello peer v2:172.21.15.69:3300/0 says I am v2:172.21.15.69:57706/0 (socket says 172.21.15.69:57706)
2024-04-24T08:53:39.136 INFO:teuthology.orchestra.run.smithi069.stdout:/usr/bin/ceph: stderr
2024-04-24T08:53:38.191+0000 7f0e56a00700 1 -- 172.21.15.69:0/2137525695 learned_addr learned my addr 172.21.15.69:0/2137525695 (peer_addr_for_me v2:172.21.15.69:0/0)
2024-04-24T08:53:39.136 INFO:teuthology.orchestra.run.smithi069.stdout:/usr/bin/ceph: stderr
2024-04-24T08:53:38.191+0000 7f0e56a00700 1 -- 172.21.15.69:0/2137525695 --> [v2:172.21.15.69:3300/0,v1:172.21.15.69:6789/0] -- mon_subscribe({config=0+,monmap=0+}) -- 0x7f0e5819ed10 con 0x7f0e5807ddf0
2024-04-24T08:53:39.136 INFO:teuthology.orchestra.run.smithi069.stdout:/usr/bin/ceph: stderr
2024-04-24T08:53:38.191+0000 7f0e56a00700 1 --2- 172.21.15.69:0/2137525695 >> [v2:172.21.15.69:3300/0,v1:172.21.15.69:6789/0] conn(0x7f0e5807ddf0 0x7f0e5819e7d0 secure :-1 s=READY pgs=21 cs=0 l=1 rev1=1 crypto rx=0x7f0e48006af0 tx=0x7f0e48011c40 comp rx=0 tx=0).ready entity=mon.0 client_cookie=0 server_cookie=0 in_seq=0 out_seq=0
2024-04-24T08:53:39.136 INFO:teuthology.orchestra.run.smithi069.stdout:/usr/bin/ceph: stderr
2024-04-24T08:53:38.191+0000 7f0e4f400700 1 -- 172.21.15.69:0/2137525695 <== mon.0 v2:172.21.15.69:3300/0 1 ==== mon_map magic: 0 ==== 205+0+0 (secure 0 0 0) 0x7f0e480039e0 con 0x7f0e5807ddf0
2024-04-24T08:53:39.136 INFO:teuthology.orchestra.run.smithi069.stdout:/usr/bin/ceph: stderr
2024-04-24T08:53:38.191+0000 7f0e4f400700 1 -- 172.21.15.69:0/2137525695 <== mon.0 v2:172.21.15.69:3300/0 2 ==== config(26 keys) ==== 1071+0+0 (secure 0 0 0) 0x7f0e48003b80 con 0x7f0e5807ddf0
2024-04-24T08:53:39.136 INFO:teuthology.orchestra.run.smithi069.stdout:/usr/bin/ceph: stderr
2024-04-24T08:53:38.191+0000 7f0e4f400700 1 -- 172.21.15.69:0/2137525695 <== mon.0 v2:172.21.15.69:3300/0 3 ==== mon_map magic: 0 ==== 205+0+0 (secure 0 0 0) 0x7f0e480196a0 con 0x7f0e5807ddf0
2024-04-24T08:53:39.136 INFO:teuthology.orchestra.run.smithi069.stdout:/usr/bin/ceph: stderr
2024-04-24T08:53:38.191+0000 7f0e5dc00700 1 -- 172.21.15.69:0/2137525695 --> [v2:172.21.15.69:3300/0,v1:172.21.15.69:6789/0] -- mon_subscribe({mgrmap=0+}) -- 0x7f0e5819efa0 con 0x7f0e5807ddf0
2024-04-24T08:53:39.136 INFO:teuthology.orchestra.run.smithi069.stdout:/usr/bin/ceph: stderr
2024-04-24T08:53:38.192+0000 7f0e5dc00700 1 -- 172.21.15.69:0/2137525695 --> [v2:172.21.15.69:3300/0,v1:172.21.15.69:6789/0] -- mon_subscribe({osdmap=0}) -- 0x7f0e581a1c90 con 0x7f0e5807ddf0
2024-04-24T08:53:39.136 INFO:teuthology.orchestra.run.smithi069.stdout:/usr/bin/ceph: stderr
2024-04-24T08:53:38.193+0000 7f0e4f400700 1 -- 172.21.15.69:0/2137525695 <== mon.0 v2:172.21.15.69:3300/0 4 ==== mgrmap(e 4) ==== 46547+0+0 (secure 0 0 0) 0x7f0e4801ab50 con 0x7f0e5807ddf0
2024-04-24T08:53:39.136 INFO:teuthology.orchestra.run.smithi069.stdout:/usr/bin/ceph: stderr
2024-04-24T08:53:38.193+0000 7f0e5dc00700 1 -- 172.21.15.69:0/2137525695 --> [v2:172.21.15.69:3300/0,v1:172.21.15.69:6789/0] -- mon_command({"prefix": "get_command_descriptions"} v 0) -- 0x7f0e58064150 con 0x7f0e5807ddf0
2024-04-24T08:53:39.136 INFO:teuthology.orchestra.run.smithi069.stdout:/usr/bin/ceph: stderr
2024-04-24T08:53:38.193+0000 7f0e4f400700 1 --2- 172.21.15.69:0/2137525695 >> [v2:172.21.15.69:6800/3911821813,v1:172.21.15.69:6801/3911821813] conn(0x7f0e3c0395b0 0x7f0e3c03ba70 unknown :-1 s=NONE pgs=0 cs=0 l=1 rev1=0 crypto rx=0 tx=0 comp rx=0 tx=0).connect
2024-04-24T08:53:39.136 INFO:teuthology.orchestra.run.smithi069.stdout:/usr/bin/ceph: stderr
2024-04-24T08:53:38.193+0000 7f0e4f400700 1 -- 172.21.15.69:0/2137525695 <== mon.0 v2:172.21.15.69:3300/0 5 ==== osd_map(1..1 src has 1..1) ==== 725+0+0 (secure 0 0 0) 0x7f0e4804dba0 con 0x7f0e5807ddf0
2024-04-24T08:53:39.136 INFO:teuthology.orchestra.run.smithi069.stdout:/usr/bin/ceph: stderr
2024-04-24T08:53:38.193+0000 7f0e56000700 1 --2- 172.21.15.69:0/2137525695 >> [v2:172.21.15.69:6800/3911821813,v1:172.21.15.69:6801/3911821813] conn(0x7f0e3c0395b0 0x7f0e3c03ba70 unknown :-1 s=BANNER_CONNECTING pgs=0 cs=0 l=1 rev1=0 crypto rx=0 tx=0 comp rx=0 tx=0)._handle_peer_banner_payload supported=3 required=0
2024-04-24T08:53:39.136 INFO:teuthology.orchestra.run.smithi069.stdout:/usr/bin/ceph: stderr
2024-04-24T08:53:38.194+0000 7f0e56000700 1 --2- 172.21.15.69:0/2137525695 >> [v2:172.21.15.69:6800/3911821813,v1:172.21.15.69:6801/3911821813] conn(0x7f0e3c0395b0 0x7f0e3c03ba70 secure :-1 s=READY pgs=7 cs=0 l=1 rev1=1 crypto rx=0x7f0e44006fd0 tx=0x7f0e44006e40 comp rx=0 tx=0).ready entity=mgr.14100 client_cookie=0 server_cookie=0 in_seq=0 out_seq=0
2024-04-24T08:53:39.137 INFO:teuthology.orchestra.run.smithi069.stdout:/usr/bin/ceph: stderr
2024-04-24T08:53:38.199+0000 7f0e4f400700 1 -- 172.21.15.69:0/2137525695 <== mon.0 v2:172.21.15.69:3300/0 6 ==== mon_command_ack([{"prefix": "get_command_descriptions"}]=0 v0) ==== 72+0+188370 (secure 0 0 0) 0x7f0e480172b0 con 0x7f0e5807ddf0
2024-04-24T08:53:39.137 INFO:teuthology.orchestra.run.smithi069.stdout:/usr/bin/ceph: stderr
2024-04-24T08:53:38.423+0000 7f0e5dc00700 1 -- 172.21.15.69:0/2137525695 --> [v2:172.21.15.69:3300/0,v1:172.21.15.69:6789/0] -- mon_command({"prefix": "config assimilate-conf"} v 0) -- 0x7f0e581a2fe0 con 0x7f0e5807ddf0
2024-04-24T08:53:39.137 INFO:teuthology.orchestra.run.smithi069.stdout:/usr/bin/ceph: stderr
2024-04-24T08:53:38.425+0000 7f0e4f400700 1 -- 172.21.15.69:0/2137525695 <== mon.0 v2:172.21.15.69:3300/0 7 ==== mon_command_ack([{"prefix": "config assimilate-conf"}]=0 v3) ==== 70+0+373 (secure 0 0 0) 0x7f0e48029d50 con 0x7f0e5807ddf0
2024-04-24T08:53:39.137 INFO:teuthology.orchestra.run.smithi069.stdout:/usr/bin/ceph: stderr
2024-04-24T08:53:38.428+0000 7f0e5dc00700 1 -- 172.21.15.69:0/2137525695 >> [v2:172.21.15.69:6800/3911821813,v1:172.21.15.69:6801/3911821813] conn(0x7f0e3c0395b0 msgr2=0x7f0e3c03ba70 secure :-1 s=STATE_CONNECTION_ESTABLISHED l=1).mark_down
2024-04-24T08:53:39.137 INFO:teuthology.orchestra.run.smithi069.stdout:/usr/bin/ceph: stderr
2024-04-24T08:53:38.428+0000 7f0e5dc00700 1 --2- 172.21.15.69:0/2137525695 >> [v2:172.21.15.69:6800/3911821813,v1:172.21.15.69:6801/3911821813] conn(0x7f0e3c0395b0 0x7f0e3c03ba70 secure :-1 s=READY pgs=7 cs=0 l=1 rev1=1 crypto rx=0x7f0e44006fd0 tx=0x7f0e44006e40 comp rx=0 tx=0).stop
2024-04-24T08:53:39.137 INFO:teuthology.orchestra.run.smithi069.stdout:/usr/bin/ceph: stderr
2024-04-24T08:53:38.428+0000 7f0e5dc00700 1 -- 172.21.15.69:0/2137525695 >> [v2:172.21.15.69:3300/0,v1:172.21.15.69:6789/0] conn(0x7f0e5807ddf0 msgr2=0x7f0e5819e7d0 secure :-1 s=STATE_CONNECTION_ESTABLISHED l=1).mark_down
2024-04-24T08:53:39.137 INFO:teuthology.orchestra.run.smithi069.stdout:/usr/bin/ceph: stderr
2024-04-24T08:53:38.428+0000 7f0e5dc00700 1 --2- 172.21.15.69:0/2137525695 >> [v2:172.21.15.69:3300/0,v1:172.21.15.69:6789/0] conn(0x7f0e5807ddf0 0x7f0e5819e7d0 secure :-1 s=READY pgs=21 cs=0 l=1 rev1=1 crypto rx=0x7f0e48006af0 tx=0x7f0e48011c40 comp rx=0 tx=0).stop
2024-04-24T08:53:39.137 INFO:teuthology.orchestra.run.smithi069.stdout:/usr/bin/ceph: stderr
2024-04-24T08:53:38.428+0000 7f0e5dc00700 1 -- 172.21.15.69:0/2137525695 shutdown_connections
2024-04-24T08:53:39.137 INFO:teuthology.orchestra.run.smithi069.stdout:/usr/bin/ceph: stderr
2024-04-24T08:53:38.428+0000 7f0e5dc00700 1 --2- 172.21.15.69:0/2137525695 >> [v2:172.21.15.69:6800/3911821813,v1:172.21.15.69:6801/3911821813] conn(0x7f0e3c0395b0 0x7f0e3c03ba70 unknown :-1 s=CLOSED pgs=7 cs=0 l=1 rev1=1 crypto rx=0 tx=0 comp rx=0 tx=0).stop
2024-04-24T08:53:39.137 INFO:teuthology.orchestra.run.smithi069.stdout:/usr/bin/ceph: stderr
2024-04-24T08:53:38.428+0000 7f0e5dc00700 1 --2- 172.21.15.69:0/2137525695 >> [v2:172.21.15.69:3300/0,v1:172.21.15.69:6789/0] conn(0x7f0e5807ddf0 0x7f0e5819e7d0 unknown :-1 s=CLOSED pgs=21 cs=0 l=1 rev1=1 crypto rx=0 tx=0 comp rx=0 tx=0).stop
2024-04-24T08:53:39.137 INFO:teuthology.orchestra.run.smithi069.stdout:/usr/bin/ceph: stderr
2024-04-24T08:53:38.428+0000 7f0e5dc00700 1 -- 172.21.15.69:0/2137525695 >> 172.21.15.69:0/2137525695 conn(0x7f0e581039e0 msgr2=0x7f0e581047f0 unknown :-1 s=STATE_NONE l=0).mark_down
2024-04-24T08:53:39.137 INFO:teuthology.orchestra.run.smithi069.stdout:/usr/bin/ceph: stderr
2024-04-24T08:53:38.428+0000 7f0e5dc00700 1 -- 172.21.15.69:0/2137525695 shutdown_connections
2024-04-24T08:53:39.137 INFO:teuthology.orchestra.run.smithi069.stdout:/usr/bin/ceph: stderr
2024-04-24T08:53:38.428+0000 7f0e5dc00700 1 -- 172.21.15.69:0/2137525695 wait complete.
2024-04-24T08:53:39.138 INFO:teuthology.orchestra.run.smithi069.stdout:Enabling cephadm module...
2024-04-24T08:53:40.341 INFO:journalctl@ceph.mon.a.smithi069.stdout:Apr 24 08:53:40 smithi069 ceph-mon[28170]: from='client.? 172.21.15.69:0/3315667953' entity='client.admin' cmd=[{"prefix": "mgr module enable", "module": "cephadm"}]: dispatch
2024-04-24T08:53:40.341 INFO:journalctl@ceph.mgr.x.smithi069.stdout:Apr 24 08:53:40 smithi069 ceph-ef1ec7e8-0217-11ef-bc93-c7b262605968-mgr-x[28411]: ignoring --setuser ceph since I am not root
2024-04-24T08:53:40.341 INFO:journalctl@ceph.mgr.x.smithi069.stdout:Apr 24 08:53:40 smithi069 ceph-ef1ec7e8-0217-11ef-bc93-c7b262605968-mgr-x[28411]: ignoring --setgroup ceph since I am not root
2024-04-24T08:53:40.744 INFO:journalctl@ceph.mgr.x.smithi069.stdout:Apr 24 08:53:40 smithi069 ceph-ef1ec7e8-0217-11ef-bc93-c7b262605968-mgr-x[28411]:
2024-04-24T08:53:40.370+0000 7f217d108200 -1 mgr[py] Module balancer has missing NOTIFY_TYPES member
2024-04-24T08:53:40.744 INFO:journalctl@ceph.mgr.x.smithi069.stdout:Apr 24 08:53:40 smithi069 ceph-ef1ec7e8-0217-11ef-bc93-c7b262605968-mgr-x[28411]:
2024-04-24T08:53:40.609+0000 7f217d108200 -1 mgr[py] Module orchestrator has missing NOTIFY_TYPES member
2024-04-24T08:53:40.744 INFO:journalctl@ceph.mgr.x.smithi069.stdout:Apr 24 08:53:40 smithi069 ceph-ef1ec7e8-0217-11ef-bc93-c7b262605968-mgr-x[28411]:
2024-04-24T08:53:40.743+0000 7f217d108200 -1 mgr[py] Module snap_schedule has missing NOTIFY_TYPES member
2024-04-24T08:53:40.788 INFO:teuthology.orchestra.run.smithi069.stdout:/usr/bin/ceph: stderr
2024-04-24T08:53:39.742+0000 7fc2bb000700 1 Processor -- start
2024-04-24T08:53:40.788 INFO:teuthology.orchestra.run.smithi069.stdout:/usr/bin/ceph: stderr
2024-04-24T08:53:39.742+0000 7fc2bb000700 1 -- start start
2024-04-24T08:53:40.789 INFO:teuthology.orchestra.run.smithi069.stdout:/usr/bin/ceph: stderr
2024-04-24T08:53:39.743+0000 7fc2bb000700 1 --2- >> [v2:172.21.15.69:3300/0,v1:172.21.15.69:6789/0] conn(0x7fc2b407dde0 0x7fc2b407c350 unknown :-1 s=NONE pgs=0 cs=0 l=0 rev1=0 crypto rx=0 tx=0 comp rx=0 tx=0).connect
2024-04-24T08:53:40.789 INFO:teuthology.orchestra.run.smithi069.stdout:/usr/bin/ceph: stderr
2024-04-24T08:53:39.743+0000 7fc2bb000700 1 -- --> [v2:172.21.15.69:3300/0,v1:172.21.15.69:6789/0] -- mon_getmap magic: 0 -- 0x7fc2b407c890 con 0x7fc2b407dde0
2024-04-24T08:53:40.789 INFO:teuthology.orchestra.run.smithi069.stdout:/usr/bin/ceph: stderr
2024-04-24T08:53:39.743+0000 7fc2b9c00700 1 --2- >> [v2:172.21.15.69:3300/0,v1:172.21.15.69:6789/0] conn(0x7fc2b407dde0 0x7fc2b407c350 unknown :-1 s=BANNER_CONNECTING pgs=0 cs=0 l=0 rev1=0 crypto rx=0 tx=0 comp rx=0 tx=0)._handle_peer_banner_payload supported=3 required=0
2024-04-24T08:53:40.789 INFO:teuthology.orchestra.run.smithi069.stdout:/usr/bin/ceph: stderr
2024-04-24T08:53:39.743+0000 7fc2b9c00700 1 --2- >> [v2:172.21.15.69:3300/0,v1:172.21.15.69:6789/0] conn(0x7fc2b407dde0 0x7fc2b407c350 unknown :-1 s=HELLO_CONNECTING pgs=0 cs=0 l=0 rev1=1 crypto rx=0 tx=0 comp rx=0 tx=0).handle_hello peer v2:172.21.15.69:3300/0 says I am v2:172.21.15.69:57716/0 (socket says 172.21.15.69:57716)
2024-04-24T08:53:40.789 INFO:teuthology.orchestra.run.smithi069.stdout:/usr/bin/ceph: stderr
2024-04-24T08:53:39.743+0000 7fc2b9c00700 1 -- 172.21.15.69:0/1776960439 learned_addr learned my addr 172.21.15.69:0/1776960439 (peer_addr_for_me v2:172.21.15.69:0/0)
2024-04-24T08:53:40.789 INFO:teuthology.orchestra.run.smithi069.stdout:/usr/bin/ceph: stderr
2024-04-24T08:53:39.744+0000 7fc2b9c00700 1 -- 172.21.15.69:0/1776960439 --> [v2:172.21.15.69:3300/0,v1:172.21.15.69:6789/0] -- mon_subscribe({config=0+,monmap=0+}) -- 0x7fc2b407ca10 con 0x7fc2b407dde0
2024-04-24T08:53:40.789 INFO:teuthology.orchestra.run.smithi069.stdout:/usr/bin/ceph: stderr
2024-04-24T08:53:39.744+0000 7fc2b9c00700 1 --2- 172.21.15.69:0/1776960439 >> [v2:172.21.15.69:3300/0,v1:172.21.15.69:6789/0] conn(0x7fc2b407dde0 0x7fc2b407c350 secure :-1 s=READY pgs=22 cs=0 l=1 rev1=1 crypto rx=0x7fc2a80098a0 tx=0x7fc2a8009bb0 comp rx=0 tx=0).ready entity=mon.0 client_cookie=8efdb7b9aa5d6656 server_cookie=0 in_seq=0 out_seq=0
2024-04-24T08:53:40.789 INFO:teuthology.orchestra.run.smithi069.stdout:/usr/bin/ceph: stderr
2024-04-24T08:53:39.744+0000 7fc2b3e00700 1 -- 172.21.15.69:0/1776960439 <== mon.0 v2:172.21.15.69:3300/0 1 ==== mon_map magic: 0 ==== 205+0+0 (secure 0 0 0) 0x7fc2a8004160 con 0x7fc2b407dde0
2024-04-24T08:53:40.789 INFO:teuthology.orchestra.run.smithi069.stdout:/usr/bin/ceph: stderr
2024-04-24T08:53:39.744+0000 7fc2b3e00700 1 -- 172.21.15.69:0/1776960439 <== mon.0 v2:172.21.15.69:3300/0 2 ==== config(26 keys) ==== 1071+0+0 (secure 0 0 0) 0x7fc2a8004300 con 0x7fc2b407dde0
2024-04-24T08:53:40.789 INFO:teuthology.orchestra.run.smithi069.stdout:/usr/bin/ceph: stderr
2024-04-24T08:53:39.744+0000 7fc2b3e00700 1 -- 172.21.15.69:0/1776960439 <== mon.0 v2:172.21.15.69:3300/0 3 ==== mon_map magic: 0 ==== 205+0+0 (secure 0 0 0) 0x7fc2a8011a80 con 0x7fc2b407dde0
2024-04-24T08:53:40.789 INFO:teuthology.orchestra.run.smithi069.stdout:/usr/bin/ceph: stderr
2024-04-24T08:53:39.745+0000 7fc2bb000700 1 -- 172.21.15.69:0/1776960439 >> [v2:172.21.15.69:3300/0,v1:172.21.15.69:6789/0] conn(0x7fc2b407dde0 msgr2=0x7fc2b407c350 secure :-1 s=STATE_CONNECTION_ESTABLISHED l=1).mark_down
2024-04-24T08:53:40.789 INFO:teuthology.orchestra.run.smithi069.stdout:/usr/bin/ceph: stderr
2024-04-24T08:53:39.745+0000 7fc2bb000700 1 --2- 172.21.15.69:0/1776960439 >> [v2:172.21.15.69:3300/0,v1:172.21.15.69:6789/0] conn(0x7fc2b407dde0 0x7fc2b407c350 secure :-1 s=READY pgs=22 cs=0 l=1 rev1=1 crypto rx=0x7fc2a80098a0 tx=0x7fc2a8009bb0 comp rx=0 tx=0).stop
2024-04-24T08:53:40.790 INFO:teuthology.orchestra.run.smithi069.stdout:/usr/bin/ceph: stderr
2024-04-24T08:53:39.745+0000 7fc2bb000700 1 -- 172.21.15.69:0/1776960439 shutdown_connections
2024-04-24T08:53:40.790 INFO:teuthology.orchestra.run.smithi069.stdout:/usr/bin/ceph: stderr
2024-04-24T08:53:39.745+0000 7fc2bb000700 1 --2- 172.21.15.69:0/1776960439 >> [v2:172.21.15.69:3300/0,v1:172.21.15.69:6789/0] conn(0x7fc2b407dde0 0x7fc2b407c350 unknown :-1 s=CLOSED pgs=22 cs=0 l=1 rev1=1 crypto rx=0 tx=0 comp rx=0 tx=0).stop
2024-04-24T08:53:40.790 INFO:teuthology.orchestra.run.smithi069.stdout:/usr/bin/ceph: stderr
2024-04-24T08:53:39.745+0000 7fc2bb000700 1 -- 172.21.15.69:0/1776960439 >> 172.21.15.69:0/1776960439 conn(0x7fc2b4103900 msgr2=0x7fc2b4105d20 unknown :-1 s=STATE_NONE l=0).mark_down
2024-04-24T08:53:40.790 INFO:teuthology.orchestra.run.smithi069.stdout:/usr/bin/ceph: stderr
2024-04-24T08:53:39.745+0000 7fc2bb000700 1 -- 172.21.15.69:0/1776960439 shutdown_connections
2024-04-24T08:53:40.790 INFO:teuthology.orchestra.run.smithi069.stdout:/usr/bin/ceph: stderr
2024-04-24T08:53:39.745+0000 7fc2bb000700 1 -- 172.21.15.69:0/1776960439 wait complete.
2024-04-24T08:53:40.790 INFO:teuthology.orchestra.run.smithi069.stdout:/usr/bin/ceph: stderr
2024-04-24T08:53:39.746+0000 7fc2bb000700 1 Processor -- start
2024-04-24T08:53:40.790 INFO:teuthology.orchestra.run.smithi069.stdout:/usr/bin/ceph: stderr
2024-04-24T08:53:39.747+0000 7fc2bb000700 1 -- start start
2024-04-24T08:53:40.790 INFO:teuthology.orchestra.run.smithi069.stdout:/usr/bin/ceph: stderr
2024-04-24T08:53:39.747+0000 7fc2bb000700 1 --2- >> [v2:172.21.15.69:3300/0,v1:172.21.15.69:6789/0] conn(0x7fc2b407dde0 0x7fc2b41a2a90 unknown :-1 s=NONE pgs=0 cs=0 l=1 rev1=0 crypto rx=0 tx=0 comp rx=0 tx=0).connect
2024-04-24T08:53:40.790 INFO:teuthology.orchestra.run.smithi069.stdout:/usr/bin/ceph: stderr
2024-04-24T08:53:39.747+0000 7fc2bb000700 1 -- --> [v2:172.21.15.69:3300/0,v1:172.21.15.69:6789/0] -- mon_getmap magic: 0 -- 0x7fc2b410a2a0 con 0x7fc2b407dde0
2024-04-24T08:53:40.790 INFO:teuthology.orchestra.run.smithi069.stdout:/usr/bin/ceph: stderr
2024-04-24T08:53:39.747+0000 7fc2b9c00700 1 --2- >> [v2:172.21.15.69:3300/0,v1:172.21.15.69:6789/0] conn(0x7fc2b407dde0 0x7fc2b41a2a90 unknown :-1 s=BANNER_CONNECTING pgs=0 cs=0 l=1 rev1=0 crypto rx=0 tx=0 comp rx=0 tx=0)._handle_peer_banner_payload supported=3 required=0
2024-04-24T08:53:40.790 INFO:teuthology.orchestra.run.smithi069.stdout:/usr/bin/ceph: stderr
2024-04-24T08:53:39.747+0000 7fc2b9c00700 1 --2- >> [v2:172.21.15.69:3300/0,v1:172.21.15.69:6789/0] conn(0x7fc2b407dde0 0x7fc2b41a2a90 unknown :-1 s=HELLO_CONNECTING pgs=0 cs=0 l=1 rev1=1 crypto rx=0 tx=0 comp rx=0 tx=0).handle_hello peer v2:172.21.15.69:3300/0 says I am v2:172.21.15.69:57732/0 (socket says 172.21.15.69:57732)
2024-04-24T08:53:40.790 INFO:teuthology.orchestra.run.smithi069.stdout:/usr/bin/ceph: stderr
2024-04-24T08:53:39.747+0000 7fc2b9c00700 1 -- 172.21.15.69:0/3315667953 learned_addr learned my addr 172.21.15.69:0/3315667953 (peer_addr_for_me v2:172.21.15.69:0/0)
2024-04-24T08:53:40.790 INFO:teuthology.orchestra.run.smithi069.stdout:/usr/bin/ceph: stderr
2024-04-24T08:53:39.748+0000 7fc2b9c00700 1 -- 172.21.15.69:0/3315667953 --> [v2:172.21.15.69:3300/0,v1:172.21.15.69:6789/0] -- mon_subscribe({config=0+,monmap=0+}) -- 0x7fc2b41a2fd0 con 0x7fc2b407dde0
2024-04-24T08:53:40.791 INFO:teuthology.orchestra.run.smithi069.stdout:/usr/bin/ceph: stderr
2024-04-24T08:53:39.748+0000 7fc2b9c00700 1 --2- 172.21.15.69:0/3315667953 >> [v2:172.21.15.69:3300/0,v1:172.21.15.69:6789/0] conn(0x7fc2b407dde0 0x7fc2b41a2a90 secure :-1 s=READY pgs=23 cs=0 l=1 rev1=1 crypto rx=0x7fc2a8011a50 tx=0x7fc2a8004290 comp rx=0 tx=0).ready entity=mon.0 client_cookie=0 server_cookie=0 in_seq=0 out_seq=0
2024-04-24T08:53:40.791 INFO:teuthology.orchestra.run.smithi069.stdout:/usr/bin/ceph: stderr
2024-04-24T08:53:39.748+0000 7fc2b2000700 1 -- 172.21.15.69:0/3315667953 <== mon.0 v2:172.21.15.69:3300/0 1 ==== mon_map magic: 0 ==== 205+0+0 (secure 0 0 0) 0x7fc2a80039f0 con 0x7fc2b407dde0
2024-04-24T08:53:40.791 INFO:teuthology.orchestra.run.smithi069.stdout:/usr/bin/ceph: stderr
2024-04-24T08:53:39.748+0000 7fc2b2000700 1 -- 172.21.15.69:0/3315667953 <== mon.0 v2:172.21.15.69:3300/0 2 ==== config(26 keys) ==== 1071+0+0 (secure 0 0 0) 0x7fc2a8003b90 con 0x7fc2b407dde0
2024-04-24T08:53:40.791 INFO:teuthology.orchestra.run.smithi069.stdout:/usr/bin/ceph: stderr
2024-04-24T08:53:39.748+0000 7fc2b2000700 1 -- 172.21.15.69:0/3315667953 <== mon.0 v2:172.21.15.69:3300/0 3 ==== mon_map magic: 0 ==== 205+0+0 (secure 0 0 0) 0x7fc2a801a600 con 0x7fc2b407dde0
2024-04-24T08:53:40.791 INFO:teuthology.orchestra.run.smithi069.stdout:/usr/bin/ceph: stderr
2024-04-24T08:53:39.748+0000 7fc2bb000700 1 -- 172.21.15.69:0/3315667953 --> [v2:172.21.15.69:3300/0,v1:172.21.15.69:6789/0] -- mon_subscribe({mgrmap=0+}) -- 0x7fc2b41a3260 con 0x7fc2b407dde0
2024-04-24T08:53:40.791 INFO:teuthology.orchestra.run.smithi069.stdout:/usr/bin/ceph: stderr
2024-04-24T08:53:39.748+0000 7fc2bb000700 1 -- 172.21.15.69:0/3315667953 --> [v2:172.21.15.69:3300/0,v1:172.21.15.69:6789/0] -- mon_subscribe({osdmap=0}) -- 0x7fc2b41a5f50 con 0x7fc2b407dde0
2024-04-24T08:53:40.791 INFO:teuthology.orchestra.run.smithi069.stdout:/usr/bin/ceph: stderr
2024-04-24T08:53:39.749+0000 7fc2b2000700 1 -- 172.21.15.69:0/3315667953 <== mon.0 v2:172.21.15.69:3300/0 4 ==== mgrmap(e 4) ==== 46547+0+0 (secure 0 0 0) 0x7fc2a8024a40 con 0x7fc2b407dde0
2024-04-24T08:53:40.791 INFO:teuthology.orchestra.run.smithi069.stdout:/usr/bin/ceph: stderr
2024-04-24T08:53:39.749+0000 7fc2bb000700 1 -- 172.21.15.69:0/3315667953 --> [v2:172.21.15.69:3300/0,v1:172.21.15.69:6789/0] -- mon_command({"prefix": "get_command_descriptions"} v 0) -- 0x7fc2b4064150 con 0x7fc2b407dde0
2024-04-24T08:53:40.791 INFO:teuthology.orchestra.run.smithi069.stdout:/usr/bin/ceph: stderr
2024-04-24T08:53:39.750+0000 7fc2b2000700 1 --2- 172.21.15.69:0/3315667953 >> [v2:172.21.15.69:6800/3911821813,v1:172.21.15.69:6801/3911821813] conn(0x7fc29c0395b0 0x7fc29c03ba70 unknown :-1 s=NONE pgs=0 cs=0 l=1 rev1=0 crypto rx=0 tx=0 comp rx=0 tx=0).connect
2024-04-24T08:53:40.791 INFO:teuthology.orchestra.run.smithi069.stdout:/usr/bin/ceph: stderr
2024-04-24T08:53:39.750+0000 7fc2b2000700 1 -- 172.21.15.69:0/3315667953 <== mon.0 v2:172.21.15.69:3300/0 5 ==== osd_map(1..1 src has 1..1) ==== 725+0+0 (secure 0 0 0) 0x7fc2a804da80 con 0x7fc2b407dde0
2024-04-24T08:53:40.791 INFO:teuthology.orchestra.run.smithi069.stdout:/usr/bin/ceph: stderr
2024-04-24T08:53:39.750+0000 7fc2b9200700 1 --2- 172.21.15.69:0/3315667953 >> [v2:172.21.15.69:6800/3911821813,v1:172.21.15.69:6801/3911821813] conn(0x7fc29c0395b0 0x7fc29c03ba70 unknown :-1 s=BANNER_CONNECTING pgs=0 cs=0 l=1 rev1=0 crypto rx=0 tx=0 comp rx=0 tx=0)._handle_peer_banner_payload supported=3 required=0
2024-04-24T08:53:40.791 INFO:teuthology.orchestra.run.smithi069.stdout:/usr/bin/ceph: stderr
2024-04-24T08:53:39.751+0000 7fc2b9200700 1 --2- 172.21.15.69:0/3315667953 >> [v2:172.21.15.69:6800/3911821813,v1:172.21.15.69:6801/3911821813] conn(0x7fc29c0395b0 0x7fc29c03ba70 secure :-1 s=READY pgs=8 cs=0 l=1 rev1=1 crypto rx=0x7fc2a0006fd0 tx=0x7fc2a0006e40 comp rx=0 tx=0).ready entity=mgr.14100 client_cookie=0 server_cookie=0 in_seq=0 out_seq=0
2024-04-24T08:53:40.791 INFO:teuthology.orchestra.run.smithi069.stdout:/usr/bin/ceph: stderr
2024-04-24T08:53:39.755+0000 7fc2b2000700 1 -- 172.21.15.69:0/3315667953 <== mon.0 v2:172.21.15.69:3300/0 6 ==== mon_command_ack([{"prefix": "get_command_descriptions"}]=0 v0) ==== 72+0+188370 (secure 0 0 0) 0x7fc2a804d4a0 con 0x7fc2b407dde0
2024-04-24T08:53:40.791 INFO:teuthology.orchestra.run.smithi069.stdout:/usr/bin/ceph: stderr
2024-04-24T08:53:40.041+0000 7fc2bb000700 1 -- 172.21.15.69:0/3315667953 --> [v2:172.21.15.69:3300/0,v1:172.21.15.69:6789/0] -- mon_command({"prefix": "mgr module enable", "module": "cephadm"} v 0) -- 0x7fc2b402dfe0 con 0x7fc2b407dde0
2024-04-24T08:53:40.792 INFO:teuthology.orchestra.run.smithi069.stdout:/usr/bin/ceph: stderr
2024-04-24T08:53:40.094+0000 7fc2b2000700 1 -- 172.21.15.69:0/3315667953 <== mon.0 v2:172.21.15.69:3300/0 7 ==== mon_command_ack([{"prefix": "mgr module enable", "module": "cephadm"}]=0 v5) ==== 86+0+0 (secure 0 0 0) 0x7fc2a802d770 con 0x7fc2b407dde0
2024-04-24T08:53:40.792 INFO:teuthology.orchestra.run.smithi069.stdout:/usr/bin/ceph: stderr
2024-04-24T08:53:40.097+0000 7fc2b2000700 1 -- 172.21.15.69:0/3315667953 <== mon.0 v2:172.21.15.69:3300/0 8 ==== mgrmap(e 5) ==== 46558+0+0 (secure 0 0 0) 0x7fc2a80212a0 con 0x7fc2b407dde0
2024-04-24T08:53:40.792 INFO:teuthology.orchestra.run.smithi069.stdout:/usr/bin/ceph: stderr
2024-04-24T08:53:40.099+0000 7fc2bb000700 1 -- 172.21.15.69:0/3315667953 >> [v2:172.21.15.69:6800/3911821813,v1:172.21.15.69:6801/3911821813] conn(0x7fc29c0395b0 msgr2=0x7fc29c03ba70 secure :-1 s=STATE_CONNECTION_ESTABLISHED l=1).mark_down
2024-04-24T08:53:40.792 INFO:teuthology.orchestra.run.smithi069.stdout:/usr/bin/ceph: stderr
2024-04-24T08:53:40.099+0000 7fc2bb000700 1 --2- 172.21.15.69:0/3315667953 >> [v2:172.21.15.69:6800/3911821813,v1:172.21.15.69:6801/3911821813] conn(0x7fc29c0395b0 0x7fc29c03ba70 secure :-1 s=READY pgs=8 cs=0 l=1 rev1=1 crypto rx=0x7fc2a0006fd0 tx=0x7fc2a0006e40 comp rx=0 tx=0).stop
2024-04-24T08:53:40.792 INFO:teuthology.orchestra.run.smithi069.stdout:/usr/bin/ceph: stderr
2024-04-24T08:53:40.099+0000 7fc2bb000700 1 -- 172.21.15.69:0/3315667953 >> [v2:172.21.15.69:3300/0,v1:172.21.15.69:6789/0] conn(0x7fc2b407dde0 msgr2=0x7fc2b41a2a90 secure :-1 s=STATE_CONNECTION_ESTABLISHED l=1).mark_down
2024-04-24T08:53:40.792 INFO:teuthology.orchestra.run.smithi069.stdout:/usr/bin/ceph: stderr
2024-04-24T08:53:40.099+0000 7fc2bb000700 1 --2- 172.21.15.69:0/3315667953 >> [v2:172.21.15.69:3300/0,v1:172.21.15.69:6789/0] conn(0x7fc2b407dde0 0x7fc2b41a2a90 secure :-1 s=READY pgs=23 cs=0 l=1 rev1=1 crypto rx=0x7fc2a8011a50 tx=0x7fc2a8004290 comp rx=0 tx=0).stop
2024-04-24T08:53:40.792 INFO:teuthology.orchestra.run.smithi069.stdout:/usr/bin/ceph: stderr
2024-04-24T08:53:40.099+0000 7fc2bb000700 1 -- 172.21.15.69:0/3315667953 shutdown_connections
2024-04-24T08:53:40.792 INFO:teuthology.orchestra.run.smithi069.stdout:/usr/bin/ceph: stderr
2024-04-24T08:53:40.099+0000 7fc2bb000700 1 --2- 172.21.15.69:0/3315667953 >> [v2:172.21.15.69:6800/3911821813,v1:172.21.15.69:6801/3911821813] conn(0x7fc29c0395b0 0x7fc29c03ba70 unknown :-1 s=CLOSED pgs=8 cs=0 l=1 rev1=1 crypto rx=0 tx=0 comp rx=0 tx=0).stop
2024-04-24T08:53:40.792 INFO:teuthology.orchestra.run.smithi069.stdout:/usr/bin/ceph: stderr
2024-04-24T08:53:40.099+0000 7fc2bb000700 1 --2- 172.21.15.69:0/3315667953 >> [v2:172.21.15.69:3300/0,v1:172.21.15.69:6789/0] conn(0x7fc2b407dde0 0x7fc2b41a2a90 unknown :-1 s=CLOSED pgs=23 cs=0 l=1 rev1=1 crypto rx=0 tx=0 comp rx=0 tx=0).stop
2024-04-24T08:53:40.792 INFO:teuthology.orchestra.run.smithi069.stdout:/usr/bin/ceph: stderr
2024-04-24T08:53:40.099+0000 7fc2bb000700 1 -- 172.21.15.69:0/3315667953 >> 172.21.15.69:0/3315667953 conn(0x7fc2b4103900 msgr2=0x7fc2b41995b0 unknown :-1 s=STATE_NONE l=0).mark_down
2024-04-24T08:53:40.792 INFO:teuthology.orchestra.run.smithi069.stdout:/usr/bin/ceph: stderr
2024-04-24T08:53:40.099+0000 7fc2bb000700 1 -- 172.21.15.69:0/3315667953 shutdown_connections
2024-04-24T08:53:40.792 INFO:teuthology.orchestra.run.smithi069.stdout:/usr/bin/ceph: stderr
2024-04-24T08:53:40.099+0000 7fc2bb000700 1 -- 172.21.15.69:0/3315667953 wait complete.
2024-04-24T08:53:41.298 INFO:journalctl@ceph.mon.a.smithi069.stdout:Apr 24 08:53:41 smithi069 ceph-mon[28170]: from='client.? 172.21.15.69:0/3315667953' entity='client.admin' cmd='[{"prefix": "mgr module enable", "module": "cephadm"}]': finished
2024-04-24T08:53:41.299 INFO:journalctl@ceph.mon.a.smithi069.stdout:Apr 24 08:53:41 smithi069 ceph-mon[28170]: mgrmap e5: x(active, since 5s)
2024-04-24T08:53:41.299 INFO:journalctl@ceph.mgr.x.smithi069.stdout:Apr 24 08:53:41 smithi069 ceph-ef1ec7e8-0217-11ef-bc93-c7b262605968-mgr-x[28411]:
2024-04-24T08:53:41.150+0000 7f217d108200 -1 mgr[py] Module progress has missing NOTIFY_TYPES member
2024-04-24T08:53:41.299 INFO:journalctl@ceph.mgr.x.smithi069.stdout:Apr 24 08:53:41 smithi069 ceph-ef1ec7e8-0217-11ef-bc93-c7b262605968-mgr-x[28411]:
2024-04-24T08:53:41.264+0000 7f217d108200 -1 mgr[py] Module influx has missing NOTIFY_TYPES member
2024-04-24T08:53:42.232 INFO:journalctl@ceph.mon.a.smithi069.stdout:Apr 24 08:53:42 smithi069 ceph-mon[28170]: from='client.? 172.21.15.69:0/3412131330' entity='client.admin' cmd=[{"prefix": "mgr stat"}]: dispatch
2024-04-24T08:53:42.246 INFO:teuthology.orchestra.run.smithi069.stdout:/usr/bin/ceph: stdout {
2024-04-24T08:53:42.247 INFO:teuthology.orchestra.run.smithi069.stdout:/usr/bin/ceph: stdout "epoch": 5,
2024-04-24T08:53:42.247 INFO:teuthology.orchestra.run.smithi069.stdout:/usr/bin/ceph: stdout "available": true,
2024-04-24T08:53:42.247 INFO:teuthology.orchestra.run.smithi069.stdout:/usr/bin/ceph: stdout "active_name": "x",
2024-04-24T08:53:42.247 INFO:teuthology.orchestra.run.smithi069.stdout:/usr/bin/ceph: stdout "num_standby": 0
2024-04-24T08:53:42.247 INFO:teuthology.orchestra.run.smithi069.stdout:/usr/bin/ceph: stdout }
2024-04-24T08:53:42.247 INFO:teuthology.orchestra.run.smithi069.stdout:/usr/bin/ceph: stderr
2024-04-24T08:53:41.298+0000 7f3539e00700 1 Processor -- start
2024-04-24T08:53:42.247 INFO:teuthology.orchestra.run.smithi069.stdout:/usr/bin/ceph: stderr
2024-04-24T08:53:41.298+0000 7f3539e00700 1 -- start start
2024-04-24T08:53:42.247 INFO:teuthology.orchestra.run.smithi069.stdout:/usr/bin/ceph: stderr
2024-04-24T08:53:41.298+0000 7f3539e00700 1 --2- >> [v2:172.21.15.69:3300/0,v1:172.21.15.69:6789/0] conn(0x7f3534108380 0x7f35341087a0 unknown :-1 s=NONE pgs=0 cs=0 l=0 rev1=0 crypto rx=0 tx=0 comp rx=0 tx=0).connect
2024-04-24T08:53:42.247 INFO:teuthology.orchestra.run.smithi069.stdout:/usr/bin/ceph: stderr
2024-04-24T08:53:41.299+0000 7f3539e00700 1 -- --> [v2:172.21.15.69:3300/0,v1:172.21.15.69:6789/0] -- mon_getmap magic: 0 -- 0x7f3534108ce0 con 0x7f3534108380
2024-04-24T08:53:42.247 INFO:teuthology.orchestra.run.smithi069.stdout:/usr/bin/ceph: stderr
2024-04-24T08:53:41.299+0000 7f3532a00700 1 --2- >> [v2:172.21.15.69:3300/0,v1:172.21.15.69:6789/0] conn(0x7f3534108380 0x7f35341087a0 unknown :-1 s=BANNER_CONNECTING pgs=0 cs=0 l=0 rev1=0 crypto rx=0 tx=0 comp rx=0 tx=0)._handle_peer_banner_payload supported=3 required=0
2024-04-24T08:53:42.247 INFO:teuthology.orchestra.run.smithi069.stdout:/usr/bin/ceph: stderr
2024-04-24T08:53:41.299+0000 7f3532a00700 1 --2- >> [v2:172.21.15.69:3300/0,v1:172.21.15.69:6789/0] conn(0x7f3534108380 0x7f35341087a0 unknown :-1 s=HELLO_CONNECTING pgs=0 cs=0 l=0 rev1=1 crypto rx=0 tx=0 comp rx=0 tx=0).handle_hello peer v2:172.21.15.69:3300/0 says I am v2:172.21.15.69:57764/0 (socket says 172.21.15.69:57764)
2024-04-24T08:53:42.247 INFO:teuthology.orchestra.run.smithi069.stdout:/usr/bin/ceph: stderr
2024-04-24T08:53:41.299+0000 7f3532a00700 1 -- 172.21.15.69:0/2729109563 learned_addr learned my addr 172.21.15.69:0/2729109563 (peer_addr_for_me v2:172.21.15.69:0/0)
2024-04-24T08:53:42.248 INFO:teuthology.orchestra.run.smithi069.stdout:/usr/bin/ceph: stderr
2024-04-24T08:53:41.299+0000 7f3532a00700 1 -- 172.21.15.69:0/2729109563 --> [v2:172.21.15.69:3300/0,v1:172.21.15.69:6789/0] -- mon_subscribe({config=0+,monmap=0+}) -- 0x7f3534108e60 con 0x7f3534108380
2024-04-24T08:53:42.248 INFO:teuthology.orchestra.run.smithi069.stdout:/usr/bin/ceph: stderr
2024-04-24T08:53:41.300+0000 7f3532a00700 1 --2- 172.21.15.69:0/2729109563 >> [v2:172.21.15.69:3300/0,v1:172.21.15.69:6789/0] conn(0x7f3534108380 0x7f35341087a0 secure :-1 s=READY pgs=26 cs=0 l=1 rev1=1 crypto rx=0x7f35240098a0 tx=0x7f3524009bb0 comp rx=0 tx=0).ready entity=mon.0 client_cookie=a453c21fdc8ef15a server_cookie=0 in_seq=0 out_seq=0
2024-04-24T08:53:42.248 INFO:teuthology.orchestra.run.smithi069.stdout:/usr/bin/ceph: stderr
2024-04-24T08:53:41.300+0000 7f3531600700 1 -- 172.21.15.69:0/2729109563 <== mon.0 v2:172.21.15.69:3300/0 1 ==== mon_map magic: 0 ==== 205+0+0 (secure 0 0 0) 0x7f3524004160 con 0x7f3534108380
2024-04-24T08:53:42.248 INFO:teuthology.orchestra.run.smithi069.stdout:/usr/bin/ceph: stderr
2024-04-24T08:53:41.300+0000 7f3531600700 1 -- 172.21.15.69:0/2729109563 <== mon.0 v2:172.21.15.69:3300/0 2 ==== config(26 keys) ==== 1071+0+0 (secure 0 0 0) 0x7f3524004300 con 0x7f3534108380
2024-04-24T08:53:42.248 INFO:teuthology.orchestra.run.smithi069.stdout:/usr/bin/ceph: stderr
2024-04-24T08:53:41.300+0000 7f3531600700 1 -- 172.21.15.69:0/2729109563 <== mon.0 v2:172.21.15.69:3300/0 3 ==== mon_map magic: 0 ==== 205+0+0 (secure 0 0 0) 0x7f3524011a80 con 0x7f3534108380
2024-04-24T08:53:42.248 INFO:teuthology.orchestra.run.smithi069.stdout:/usr/bin/ceph: stderr
2024-04-24T08:53:41.301+0000 7f3539e00700 1 -- 172.21.15.69:0/2729109563 >> [v2:172.21.15.69:3300/0,v1:172.21.15.69:6789/0] conn(0x7f3534108380 msgr2=0x7f35341087a0 secure :-1 s=STATE_CONNECTION_ESTABLISHED l=1).mark_down
2024-04-24T08:53:42.248 INFO:teuthology.orchestra.run.smithi069.stdout:/usr/bin/ceph: stderr
2024-04-24T08:53:41.301+0000 7f3539e00700 1 --2- 172.21.15.69:0/2729109563 >> [v2:172.21.15.69:3300/0,v1:172.21.15.69:6789/0] conn(0x7f3534108380 0x7f35341087a0 secure :-1 s=READY pgs=26 cs=0 l=1 rev1=1 crypto rx=0x7f35240098a0 tx=0x7f3524009bb0 comp rx=0 tx=0).stop
2024-04-24T08:53:42.248 INFO:teuthology.orchestra.run.smithi069.stdout:/usr/bin/ceph: stderr
2024-04-24T08:53:41.301+0000 7f3539e00700 1 -- 172.21.15.69:0/2729109563 shutdown_connections
2024-04-24T08:53:42.248 INFO:teuthology.orchestra.run.smithi069.stdout:/usr/bin/ceph: stderr
2024-04-24T08:53:41.301+0000 7f3539e00700 1 --2- 172.21.15.69:0/2729109563 >> [v2:172.21.15.69:3300/0,v1:172.21.15.69:6789/0] conn(0x7f3534108380 0x7f35341087a0 unknown :-1 s=CLOSED pgs=26 cs=0 l=1 rev1=1 crypto rx=0 tx=0 comp rx=0 tx=0).stop
2024-04-24T08:53:42.248 INFO:teuthology.orchestra.run.smithi069.stdout:/usr/bin/ceph: stderr
2024-04-24T08:53:41.301+0000 7f3539e00700 1 -- 172.21.15.69:0/2729109563 >> 172.21.15.69:0/2729109563 conn(0x7f3534103a40 msgr2=0x7f3534105e60 unknown :-1 s=STATE_NONE l=0).mark_down
2024-04-24T08:53:42.248 INFO:teuthology.orchestra.run.smithi069.stdout:/usr/bin/ceph: stderr
2024-04-24T08:53:41.302+0000 7f3539e00700 1 -- 172.21.15.69:0/2729109563 shutdown_connections
2024-04-24T08:53:42.248 INFO:teuthology.orchestra.run.smithi069.stdout:/usr/bin/ceph: stderr
2024-04-24T08:53:41.302+0000 7f3539e00700 1 -- 172.21.15.69:0/2729109563 wait complete.
2024-04-24T08:53:42.248 INFO:teuthology.orchestra.run.smithi069.stdout:/usr/bin/ceph: stderr
2024-04-24T08:53:41.303+0000 7f3539e00700 1 Processor -- start
2024-04-24T08:53:42.249 INFO:teuthology.orchestra.run.smithi069.stdout:/usr/bin/ceph: stderr
2024-04-24T08:53:41.303+0000 7f3539e00700 1 -- start start
2024-04-24T08:53:42.249 INFO:teuthology.orchestra.run.smithi069.stdout:/usr/bin/ceph: stderr
2024-04-24T08:53:41.303+0000 7f3539e00700 1 --2- >> [v2:172.21.15.69:3300/0,v1:172.21.15.69:6789/0] conn(0x7f3534108380 0x7f353419c5c0 unknown :-1 s=NONE pgs=0 cs=0 l=1 rev1=0 crypto rx=0 tx=0 comp rx=0 tx=0).connect
2024-04-24T08:53:42.249 INFO:teuthology.orchestra.run.smithi069.stdout:/usr/bin/ceph: stderr
2024-04-24T08:53:41.303+0000 7f3539e00700 1 -- --> [v2:172.21.15.69:3300/0,v1:172.21.15.69:6789/0] -- mon_getmap magic: 0 -- 0x7f353410a380 con 0x7f3534108380
2024-04-24T08:53:42.249 INFO:teuthology.orchestra.run.smithi069.stdout:/usr/bin/ceph: stderr
2024-04-24T08:53:41.303+0000 7f3532a00700 1 --2- >> [v2:172.21.15.69:3300/0,v1:172.21.15.69:6789/0] conn(0x7f3534108380 0x7f353419c5c0 unknown :-1 s=BANNER_CONNECTING pgs=0 cs=0 l=1 rev1=0 crypto rx=0 tx=0 comp rx=0 tx=0)._handle_peer_banner_payload supported=3 required=0
2024-04-24T08:53:42.249 INFO:teuthology.orchestra.run.smithi069.stdout:/usr/bin/ceph: stderr
2024-04-24T08:53:41.303+0000 7f3532a00700 1 --2- >> [v2:172.21.15.69:3300/0,v1:172.21.15.69:6789/0] conn(0x7f3534108380 0x7f353419c5c0 unknown :-1 s=HELLO_CONNECTING pgs=0 cs=0 l=1 rev1=1 crypto rx=0 tx=0 comp rx=0 tx=0).handle_hello peer v2:172.21.15.69:3300/0 says I am v2:172.21.15.69:57770/0 (socket says 172.21.15.69:57770)
2024-04-24T08:53:42.249 INFO:teuthology.orchestra.run.smithi069.stdout:/usr/bin/ceph: stderr
2024-04-24T08:53:41.303+0000 7f3532a00700 1 -- 172.21.15.69:0/3412131330 learned_addr learned my addr 172.21.15.69:0/3412131330 (peer_addr_for_me v2:172.21.15.69:0/0)
2024-04-24T08:53:42.249 INFO:teuthology.orchestra.run.smithi069.stdout:/usr/bin/ceph: stderr
2024-04-24T08:53:41.304+0000 7f3532a00700 1 -- 172.21.15.69:0/3412131330 --> [v2:172.21.15.69:3300/0,v1:172.21.15.69:6789/0] -- mon_subscribe({config=0+,monmap=0+}) -- 0x7f353419cb00 con 0x7f3534108380
2024-04-24T08:53:42.249 INFO:teuthology.orchestra.run.smithi069.stdout:/usr/bin/ceph: stderr
2024-04-24T08:53:41.304+0000 7f3532a00700 1 --2- 172.21.15.69:0/3412131330 >> [v2:172.21.15.69:3300/0,v1:172.21.15.69:6789/0] conn(0x7f3534108380 0x7f353419c5c0 secure :-1 s=READY pgs=27 cs=0 l=1 rev1=1 crypto rx=0x7f3524011a50 tx=0x7f3524011b30 comp rx=0 tx=0).ready entity=mon.0 client_cookie=0 server_cookie=0 in_seq=0 out_seq=0
2024-04-24T08:53:42.249 INFO:teuthology.orchestra.run.smithi069.stdout:/usr/bin/ceph: stderr
2024-04-24T08:53:41.304+0000 7f3538a00700 1 -- 172.21.15.69:0/3412131330 <== mon.0 v2:172.21.15.69:3300/0 1 ==== mon_map magic: 0 ==== 205+0+0 (secure 0 0 0) 0x7f3524003a80 con 0x7f3534108380
2024-04-24T08:53:42.249 INFO:teuthology.orchestra.run.smithi069.stdout:/usr/bin/ceph: stderr
2024-04-24T08:53:41.304+0000 7f3538a00700 1 -- 172.21.15.69:0/3412131330 <== mon.0 v2:172.21.15.69:3300/0 2 ==== config(26 keys) ==== 1071+0+0 (secure 0 0 0) 0x7f3524003c20 con 0x7f3534108380
2024-04-24T08:53:42.249 INFO:teuthology.orchestra.run.smithi069.stdout:/usr/bin/ceph: stderr
2024-04-24T08:53:41.304+0000 7f3539e00700 1 -- 172.21.15.69:0/3412131330 --> [v2:172.21.15.69:3300/0,v1:172.21.15.69:6789/0] -- mon_subscribe({mgrmap=0+}) -- 0x7f353419cd90 con 0x7f3534108380
2024-04-24T08:53:42.249 INFO:teuthology.orchestra.run.smithi069.stdout:/usr/bin/ceph: stderr
2024-04-24T08:53:41.304+0000 7f3538a00700 1 -- 172.21.15.69:0/3412131330 <== mon.0 v2:172.21.15.69:3300/0 3 ==== mon_map magic: 0 ==== 205+0+0 (secure 0 0 0) 0x7f352401a650 con 0x7f3534108380
2024-04-24T08:53:42.249 INFO:teuthology.orchestra.run.smithi069.stdout:/usr/bin/ceph: stderr
2024-04-24T08:53:41.304+0000 7f3539e00700 1 -- 172.21.15.69:0/3412131330 --> [v2:172.21.15.69:3300/0,v1:172.21.15.69:6789/0] -- mon_subscribe({osdmap=0}) -- 0x7f353419fa80 con 0x7f3534108380
2024-04-24T08:53:42.249 INFO:teuthology.orchestra.run.smithi069.stdout:/usr/bin/ceph: stderr
2024-04-24T08:53:41.305+0000 7f3538a00700 1 -- 172.21.15.69:0/3412131330 <== mon.0 v2:172.21.15.69:3300/0 4 ==== mgrmap(e 5) ==== 46558+0+0 (secure 0 0 0) 0x7f352401a960 con 0x7f3534108380
2024-04-24T08:53:42.250 INFO:teuthology.orchestra.run.smithi069.stdout:/usr/bin/ceph: stderr
2024-04-24T08:53:41.306+0000 7f3539e00700 1 -- 172.21.15.69:0/3412131330 --> [v2:172.21.15.69:3300/0,v1:172.21.15.69:6789/0] -- mon_command({"prefix": "get_command_descriptions"} v 0) -- 0x7f3534064150 con 0x7f3534108380
2024-04-24T08:53:42.250 INFO:teuthology.orchestra.run.smithi069.stdout:/usr/bin/ceph: stderr
2024-04-24T08:53:41.306+0000 7f3538a00700 1 --2- 172.21.15.69:0/3412131330 >> [v2:172.21.15.69:6800/3911821813,v1:172.21.15.69:6801/3911821813] conn(0x7f3518039600 0x7f351803bac0 unknown :-1 s=NONE pgs=0 cs=0 l=1 rev1=0 crypto rx=0 tx=0 comp rx=0 tx=0).connect
2024-04-24T08:53:42.250 INFO:teuthology.orchestra.run.smithi069.stdout:/usr/bin/ceph: stderr
2024-04-24T08:53:41.306+0000 7f3538a00700 1 -- 172.21.15.69:0/3412131330 <== mon.0 v2:172.21.15.69:3300/0 5 ==== osd_map(1..1 src has 1..1) ==== 725+0+0 (secure 0 0 0) 0x7f352404dbb0 con 0x7f3534108380
2024-04-24T08:53:42.250 INFO:teuthology.orchestra.run.smithi069.stdout:/usr/bin/ceph: stderr
2024-04-24T08:53:41.306+0000 7f3532000700 1 -- 172.21.15.69:0/3412131330 >> [v2:172.21.15.69:6800/3911821813,v1:172.21.15.69:6801/3911821813] conn(0x7f3518039600 msgr2=0x7f351803bac0 unknown :-1 s=STATE_CONNECTING_RE l=1).process reconnect failed to v2:172.21.15.69:6800/3911821813
2024-04-24T08:53:42.250 INFO:teuthology.orchestra.run.smithi069.stdout:/usr/bin/ceph: stderr
2024-04-24T08:53:41.306+0000 7f3532000700 1 --2- 172.21.15.69:0/3412131330 >> [v2:172.21.15.69:6800/3911821813,v1:172.21.15.69:6801/3911821813] conn(0x7f3518039600 0x7f351803bac0 unknown :-1 s=START_CONNECT pgs=0 cs=0 l=1 rev1=0 crypto rx=0 tx=0 comp rx=0 tx=0)._fault waiting 0.200000
2024-04-24T08:53:42.250 INFO:teuthology.orchestra.run.smithi069.stdout:/usr/bin/ceph: stderr
2024-04-24T08:53:41.312+0000 7f3538a00700 1 -- 172.21.15.69:0/3412131330 <== mon.0 v2:172.21.15.69:3300/0 6 ==== mon_command_ack([{"prefix": "get_command_descriptions"}]=0 v0) ==== 72+0+188370 (secure 0 0 0) 0x7f3524020240 con 0x7f3534108380
2024-04-24T08:53:42.250 INFO:teuthology.orchestra.run.smithi069.stdout:/usr/bin/ceph: stderr
2024-04-24T08:53:41.507+0000 7f3532000700 1 -- 172.21.15.69:0/3412131330 >> [v2:172.21.15.69:6800/3911821813,v1:172.21.15.69:6801/3911821813] conn(0x7f3518039600 msgr2=0x7f351803bac0 unknown :-1 s=STATE_CONNECTING_RE l=1).process reconnect failed to v2:172.21.15.69:6800/3911821813
2024-04-24T08:53:42.250 INFO:teuthology.orchestra.run.smithi069.stdout:/usr/bin/ceph: stderr
2024-04-24T08:53:41.507+0000 7f3532000700 1 --2- 172.21.15.69:0/3412131330 >> [v2:172.21.15.69:6800/3911821813,v1:172.21.15.69:6801/3911821813] conn(0x7f3518039600 0x7f351803bac0 unknown :-1 s=START_CONNECT pgs=0 cs=0 l=1 rev1=0 crypto rx=0 tx=0 comp rx=0 tx=0)._fault waiting 0.400000
2024-04-24T08:53:42.250 INFO:teuthology.orchestra.run.smithi069.stdout:/usr/bin/ceph: stderr
2024-04-24T08:53:41.597+0000 7f3539e00700 1 -- 172.21.15.69:0/3412131330 --> [v2:172.21.15.69:3300/0,v1:172.21.15.69:6789/0] -- mon_command({"prefix": "mgr stat"} v 0) -- 0x7f353402dfe0 con 0x7f3534108380
2024-04-24T08:53:42.250 INFO:teuthology.orchestra.run.smithi069.stdout:/usr/bin/ceph: stderr
2024-04-24T08:53:41.598+0000 7f3538a00700 1 -- 172.21.15.69:0/3412131330 <== mon.0 v2:172.21.15.69:3300/0 7 ==== mon_command_ack([{"prefix": "mgr stat"}]=0 v5) ==== 56+0+88 (secure 0 0 0) 0x7f352400fdd0 con 0x7f3534108380
2024-04-24T08:53:42.250 INFO:teuthology.orchestra.run.smithi069.stdout:/usr/bin/ceph: stderr
2024-04-24T08:53:41.601+0000 7f3539e00700 1 -- 172.21.15.69:0/3412131330 >> [v2:172.21.15.69:6800/3911821813,v1:172.21.15.69:6801/3911821813] conn(0x7f3518039600 msgr2=0x7f351803bac0 unknown :-1 s=STATE_CONNECTING l=1).mark_down
2024-04-24T08:53:42.250 INFO:teuthology.orchestra.run.smithi069.stdout:/usr/bin/ceph: stderr
2024-04-24T08:53:41.601+0000 7f3539e00700 1 --2- 172.21.15.69:0/3412131330 >> [v2:172.21.15.69:6800/3911821813,v1:172.21.15.69:6801/3911821813] conn(0x7f3518039600 0x7f351803bac0 unknown :-1 s=START_CONNECT pgs=0 cs=0 l=1 rev1=0 crypto rx=0 tx=0 comp rx=0 tx=0).stop
2024-04-24T08:53:42.250 INFO:teuthology.orchestra.run.smithi069.stdout:/usr/bin/ceph: stderr
2024-04-24T08:53:41.601+0000 7f3539e00700 1 -- 172.21.15.69:0/3412131330 >> [v2:172.21.15.69:3300/0,v1:172.21.15.69:6789/0] conn(0x7f3534108380 msgr2=0x7f353419c5c0 secure :-1 s=STATE_CONNECTION_ESTABLISHED l=1).mark_down
2024-04-24T08:53:42.251 INFO:teuthology.orchestra.run.smithi069.stdout:/usr/bin/ceph: stderr
2024-04-24T08:53:41.601+0000 7f3539e00700 1 --2- 172.21.15.69:0/3412131330 >> [v2:172.21.15.69:3300/0,v1:172.21.15.69:6789/0] conn(0x7f3534108380 0x7f353419c5c0 secure :-1 s=READY pgs=27 cs=0 l=1 rev1=1 crypto rx=0x7f3524011a50 tx=0x7f3524011b30 comp rx=0 tx=0).stop
2024-04-24T08:53:42.251 INFO:teuthology.orchestra.run.smithi069.stdout:/usr/bin/ceph: stderr
2024-04-24T08:53:41.601+0000 7f3539e00700 1 -- 172.21.15.69:0/3412131330 shutdown_connections
2024-04-24T08:53:42.251 INFO:teuthology.orchestra.run.smithi069.stdout:/usr/bin/ceph: stderr
2024-04-24T08:53:41.601+0000 7f3539e00700 1 --2- 172.21.15.69:0/3412131330 >> [v2:172.21.15.69:6800/3911821813,v1:172.21.15.69:6801/3911821813] conn(0x7f3518039600 0x7f351803bac0 unknown :-1 s=CLOSED pgs=0 cs=0 l=1 rev1=0 crypto rx=0 tx=0 comp rx=0 tx=0).stop
2024-04-24T08:53:42.251 INFO:teuthology.orchestra.run.smithi069.stdout:/usr/bin/ceph: stderr
2024-04-24T08:53:41.601+0000 7f3539e00700 1 --2- 172.21.15.69:0/3412131330 >> [v2:172.21.15.69:3300/0,v1:172.21.15.69:6789/0] conn(0x7f3534108380 0x7f353419c5c0 unknown :-1 s=CLOSED pgs=27 cs=0 l=1 rev1=1 crypto rx=0 tx=0 comp rx=0 tx=0).stop
2024-04-24T08:53:42.251 INFO:teuthology.orchestra.run.smithi069.stdout:/usr/bin/ceph: stderr
2024-04-24T08:53:41.601+0000 7f3539e00700 1 -- 172.21.15.69:0/3412131330 >> 172.21.15.69:0/3412131330 conn(0x7f3534103a40 msgr2=0x7f3534104810 unknown :-1 s=STATE_NONE l=0).mark_down
2024-04-24T08:53:42.251 INFO:teuthology.orchestra.run.smithi069.stdout:/usr/bin/ceph: stderr
2024-04-24T08:53:41.601+0000 7f3539e00700 1 -- 172.21.15.69:0/3412131330 shutdown_connections
2024-04-24T08:53:42.251 INFO:teuthology.orchestra.run.smithi069.stdout:/usr/bin/ceph: stderr
2024-04-24T08:53:41.601+0000 7f3539e00700 1 -- 172.21.15.69:0/3412131330 wait complete.
2024-04-24T08:53:42.251 INFO:teuthology.orchestra.run.smithi069.stdout:Waiting for the mgr to restart...
2024-04-24T08:53:42.251 INFO:teuthology.orchestra.run.smithi069.stdout:Waiting for mgr epoch 5...
2024-04-24T08:53:43.091 INFO:journalctl@ceph.mgr.x.smithi069.stdout:Apr 24 08:53:42 smithi069 ceph-ef1ec7e8-0217-11ef-bc93-c7b262605968-mgr-x[28411]:
2024-04-24T08:53:42.843+0000 7f217d108200 -1 mgr[py] Module telegraf has missing NOTIFY_TYPES member
2024-04-24T08:53:43.091 INFO:journalctl@ceph.mgr.x.smithi069.stdout:Apr 24 08:53:43 smithi069 ceph-ef1ec7e8-0217-11ef-bc93-c7b262605968-mgr-x[28411]:
2024-04-24T08:53:43.068+0000 7f217d108200 -1 mgr[py] Module osd_support has missing NOTIFY_TYPES member
2024-04-24T08:53:43.591 INFO:journalctl@ceph.mgr.x.smithi069.stdout:Apr 24 08:53:43 smithi069 ceph-ef1ec7e8-0217-11ef-bc93-c7b262605968-mgr-x[28411]:
2024-04-24T08:53:43.284+0000 7f217d108200 -1 mgr[py] Module iostat has missing NOTIFY_TYPES member
2024-04-24T08:53:44.036 INFO:journalctl@ceph.mgr.x.smithi069.stdout:Apr 24 08:53:43 smithi069 ceph-ef1ec7e8-0217-11ef-bc93-c7b262605968-mgr-x[28411]:
2024-04-24T08:53:43.664+0000 7f217d108200 -1 mgr[py] Module alerts has missing NOTIFY_TYPES member
2024-04-24T08:53:44.037 INFO:journalctl@ceph.mgr.x.smithi069.stdout:Apr 24 08:53:43 smithi069 ceph-ef1ec7e8-0217-11ef-bc93-c7b262605968-mgr-x[28411]:
2024-04-24T08:53:43.786+0000 7f217d108200 -1 mgr[py] Module selftest has missing NOTIFY_TYPES member
2024-04-24T08:53:44.291 INFO:journalctl@ceph.mgr.x.smithi069.stdout:Apr 24 08:53:44 smithi069 ceph-ef1ec7e8-0217-11ef-bc93-c7b262605968-mgr-x[28411]:
2024-04-24T08:53:44.036+0000 7f217d108200 -1 mgr[py] Module pg_autoscaler has missing NOTIFY_TYPES member
2024-04-24T08:53:44.591 INFO:journalctl@ceph.mgr.x.smithi069.stdout:Apr 24 08:53:44 smithi069 ceph-ef1ec7e8-0217-11ef-bc93-c7b262605968-mgr-x[28411]:
2024-04-24T08:53:44.290+0000 7f217d108200 -1 mgr[py] Module test_orchestrator has missing NOTIFY_TYPES member
2024-04-24T08:53:45.341 INFO:journalctl@ceph.mgr.x.smithi069.stdout:Apr 24 08:53:45 smithi069 ceph-ef1ec7e8-0217-11ef-bc93-c7b262605968-mgr-x[28411]:
2024-04-24T08:53:45.060+0000 7f217d108200 -1 mgr[py] Module rook has missing NOTIFY_TYPES member
2024-04-24T08:53:46.004 INFO:journalctl@ceph.mgr.x.smithi069.stdout:Apr 24 08:53:45 smithi069 ceph-ef1ec7e8-0217-11ef-bc93-c7b262605968-mgr-x[28411]:
2024-04-24T08:53:45.611+0000 7f217d108200 -1 mgr[py] Module volumes has missing NOTIFY_TYPES member
2024-04-24T08:53:46.005 INFO:journalctl@ceph.mgr.x.smithi069.stdout:Apr 24 08:53:45 smithi069 ceph-ef1ec7e8-0217-11ef-bc93-c7b262605968-mgr-x[28411]:
2024-04-24T08:53:45.740+0000 7f217d108200 -1 mgr[py] Module crash has missing NOTIFY_TYPES member
2024-04-24T08:53:46.005 INFO:journalctl@ceph.mgr.x.smithi069.stdout:Apr 24 08:53:46 smithi069 ceph-ef1ec7e8-0217-11ef-bc93-c7b262605968-mgr-x[28411]:
2024-04-24T08:53:46.004+0000 7f217d108200 -1 mgr[py] Module rgw has missing NOTIFY_TYPES member
2024-04-24T08:53:47.091 INFO:journalctl@ceph.mgr.x.smithi069.stdout:Apr 24 08:53:46 smithi069 ceph-ef1ec7e8-0217-11ef-bc93-c7b262605968-mgr-x[28411]:
2024-04-24T08:53:46.648+0000 7f217d108200 -1 mgr[py] Module prometheus has missing NOTIFY_TYPES member
