2024-04-24T08:54:09.884+0000 7ff012000700 1 -- 172.21.15.69:0/184906440 <== mon.0 v2:172.21.15.69:3300/0 2 ==== config(26 keys) ==== 1102+0+0 (secure 0 0 0) 0x7ff004004300 con 0x7ff01407dda0
2024-04-24T08:54:10.707 INFO:teuthology.orchestra.run.smithi069.stdout:/usr/bin/ceph: stderr
2024-04-24T08:54:09.884+0000 7ff012000700 1 -- 172.21.15.69:0/184906440 <== mon.0 v2:172.21.15.69:3300/0 3 ==== mon_map magic: 0 ==== 205+0+0 (secure 0 0 0) 0x7ff004011a50 con 0x7ff01407dda0
2024-04-24T08:54:10.707 INFO:teuthology.orchestra.run.smithi069.stdout:/usr/bin/ceph: stderr
2024-04-24T08:54:09.885+0000 7ff01a400700 1 -- 172.21.15.69:0/184906440 >> [v2:172.21.15.69:3300/0,v1:172.21.15.69:6789/0] conn(0x7ff01407dda0 msgr2=0x7ff01407c310 secure :-1 s=STATE_CONNECTION_ESTABLISHED l=1).mark_down
2024-04-24T08:54:10.710 INFO:teuthology.orchestra.run.smithi069.stdout:/usr/bin/ceph: stderr
2024-04-24T08:54:09.885+0000 7ff01a400700 1 --2- 172.21.15.69:0/184906440 >> [v2:172.21.15.69:3300/0,v1:172.21.15.69:6789/0] conn(0x7ff01407dda0 0x7ff01407c310 secure :-1 s=READY pgs=51 cs=0 l=1 rev1=1 crypto rx=0x7ff0040098a0 tx=0x7ff004009bb0 comp rx=0 tx=0).stop
2024-04-24T08:54:10.710 INFO:teuthology.orchestra.run.smithi069.stdout:/usr/bin/ceph: stderr
2024-04-24T08:54:09.885+0000 7ff01a400700 1 -- 172.21.15.69:0/184906440 shutdown_connections
2024-04-24T08:54:10.711 INFO:teuthology.orchestra.run.smithi069.stdout:/usr/bin/ceph: stderr
2024-04-24T08:54:09.885+0000 7ff01a400700 1 --2- 172.21.15.69:0/184906440 >> [v2:172.21.15.69:3300/0,v1:172.21.15.69:6789/0] conn(0x7ff01407dda0 0x7ff01407c310 unknown :-1 s=CLOSED pgs=51 cs=0 l=1 rev1=1 crypto rx=0 tx=0 comp rx=0 tx=0).stop
2024-04-24T08:54:10.711 INFO:teuthology.orchestra.run.smithi069.stdout:/usr/bin/ceph: stderr
2024-04-24T08:54:09.885+0000 7ff01a400700 1 -- 172.21.15.69:0/184906440 >> 172.21.15.69:0/184906440 conn(0x7ff014103a40 msgr2=0x7ff014105e60 unknown :-1 s=STATE_NONE l=0).mark_down
2024-04-24T08:54:10.711 INFO:teuthology.orchestra.run.smithi069.stdout:/usr/bin/ceph: stderr
2024-04-24T08:54:09.885+0000 7ff01a400700 1 -- 172.21.15.69:0/184906440 shutdown_connections
2024-04-24T08:54:10.711 INFO:teuthology.orchestra.run.smithi069.stdout:/usr/bin/ceph: stderr
2024-04-24T08:54:09.885+0000 7ff01a400700 1 -- 172.21.15.69:0/184906440 wait complete.
2024-04-24T08:54:10.711 INFO:teuthology.orchestra.run.smithi069.stdout:/usr/bin/ceph: stderr
2024-04-24T08:54:09.886+0000 7ff01a400700 1 Processor -- start
2024-04-24T08:54:10.711 INFO:teuthology.orchestra.run.smithi069.stdout:/usr/bin/ceph: stderr
2024-04-24T08:54:09.887+0000 7ff01a400700 1 -- start start
2024-04-24T08:54:10.711 INFO:teuthology.orchestra.run.smithi069.stdout:/usr/bin/ceph: stderr
2024-04-24T08:54:09.887+0000 7ff01a400700 1 --2- >> [v2:172.21.15.69:3300/0,v1:172.21.15.69:6789/0] conn(0x7ff01407dda0 0x7ff01419e770 unknown :-1 s=NONE pgs=0 cs=0 l=1 rev1=0 crypto rx=0 tx=0 comp rx=0 tx=0).connect
2024-04-24T08:54:10.711 INFO:teuthology.orchestra.run.smithi069.stdout:/usr/bin/ceph: stderr
2024-04-24T08:54:09.887+0000 7ff01a400700 1 -- --> [v2:172.21.15.69:3300/0,v1:172.21.15.69:6789/0] -- mon_getmap magic: 0 -- 0x7ff01410e830 con 0x7ff01407dda0
2024-04-24T08:54:10.711 INFO:teuthology.orchestra.run.smithi069.stdout:/usr/bin/ceph: stderr
2024-04-24T08:54:09.887+0000 7ff013400700 1 --2- >> [v2:172.21.15.69:3300/0,v1:172.21.15.69:6789/0] conn(0x7ff01407dda0 0x7ff01419e770 unknown :-1 s=BANNER_CONNECTING pgs=0 cs=0 l=1 rev1=0 crypto rx=0 tx=0 comp rx=0 tx=0)._handle_peer_banner_payload supported=3 required=0
2024-04-24T08:54:10.711 INFO:teuthology.orchestra.run.smithi069.stdout:/usr/bin/ceph: stderr
2024-04-24T08:54:09.887+0000 7ff013400700 1 --2- >> [v2:172.21.15.69:3300/0,v1:172.21.15.69:6789/0] conn(0x7ff01407dda0 0x7ff01419e770 unknown :-1 s=HELLO_CONNECTING pgs=0 cs=0 l=1 rev1=1 crypto rx=0 tx=0 comp rx=0 tx=0).handle_hello peer v2:172.21.15.69:3300/0 says I am v2:172.21.15.69:58672/0 (socket says 172.21.15.69:58672)
2024-04-24T08:54:10.711 INFO:teuthology.orchestra.run.smithi069.stdout:/usr/bin/ceph: stderr
2024-04-24T08:54:09.887+0000 7ff013400700 1 -- 172.21.15.69:0/846344715 learned_addr learned my addr 172.21.15.69:0/846344715 (peer_addr_for_me v2:172.21.15.69:0/0)
2024-04-24T08:54:10.711 INFO:teuthology.orchestra.run.smithi069.stdout:/usr/bin/ceph: stderr
2024-04-24T08:54:09.888+0000 7ff013400700 1 -- 172.21.15.69:0/846344715 --> [v2:172.21.15.69:3300/0,v1:172.21.15.69:6789/0] -- mon_subscribe({config=0+,monmap=0+}) -- 0x7ff01419ecb0 con 0x7ff01407dda0
2024-04-24T08:54:10.711 INFO:teuthology.orchestra.run.smithi069.stdout:/usr/bin/ceph: stderr
2024-04-24T08:54:09.888+0000 7ff013400700 1 --2- 172.21.15.69:0/846344715 >> [v2:172.21.15.69:3300/0,v1:172.21.15.69:6789/0] conn(0x7ff01407dda0 0x7ff01419e770 secure :-1 s=READY pgs=52 cs=0 l=1 rev1=1 crypto rx=0x7ff004006b20 tx=0x7ff004011ad0 comp rx=0 tx=0).ready entity=mon.0 client_cookie=0 server_cookie=0 in_seq=0 out_seq=0
2024-04-24T08:54:10.711 INFO:teuthology.orchestra.run.smithi069.stdout:/usr/bin/ceph: stderr
2024-04-24T08:54:09.888+0000 7ff00be00700 1 -- 172.21.15.69:0/846344715 <== mon.0 v2:172.21.15.69:3300/0 1 ==== mon_map magic: 0 ==== 205+0+0 (secure 0 0 0) 0x7ff004003b70 con 0x7ff01407dda0
2024-04-24T08:54:10.711 INFO:teuthology.orchestra.run.smithi069.stdout:/usr/bin/ceph: stderr
2024-04-24T08:54:09.888+0000 7ff00be00700 1 -- 172.21.15.69:0/846344715 <== mon.0 v2:172.21.15.69:3300/0 2 ==== config(26 keys) ==== 1102+0+0 (secure 0 0 0) 0x7ff00401a8e0 con 0x7ff01407dda0
2024-04-24T08:54:10.712 INFO:teuthology.orchestra.run.smithi069.stdout:/usr/bin/ceph: stderr
2024-04-24T08:54:09.888+0000 7ff00be00700 1 -- 172.21.15.69:0/846344715 <== mon.0 v2:172.21.15.69:3300/0 3 ==== mon_map magic: 0 ==== 205+0+0 (secure 0 0 0) 0x7ff0040249b0 con 0x7ff01407dda0
2024-04-24T08:54:10.712 INFO:teuthology.orchestra.run.smithi069.stdout:/usr/bin/ceph: stderr
2024-04-24T08:54:09.888+0000 7ff01a400700 1 -- 172.21.15.69:0/846344715 --> [v2:172.21.15.69:3300/0,v1:172.21.15.69:6789/0] -- mon_subscribe({mgrmap=0+}) -- 0x7ff01419ef40 con 0x7ff01407dda0
2024-04-24T08:54:10.712 INFO:teuthology.orchestra.run.smithi069.stdout:/usr/bin/ceph: stderr
2024-04-24T08:54:09.889+0000 7ff01a400700 1 -- 172.21.15.69:0/846344715 --> [v2:172.21.15.69:3300/0,v1:172.21.15.69:6789/0] -- mon_subscribe({osdmap=0}) -- 0x7ff0141a1be0 con 0x7ff01407dda0
2024-04-24T08:54:10.712 INFO:teuthology.orchestra.run.smithi069.stdout:/usr/bin/ceph: stderr
2024-04-24T08:54:09.890+0000 7ff00be00700 1 -- 172.21.15.69:0/846344715 <== mon.0 v2:172.21.15.69:3300/0 4 ==== mgrmap(e 8) ==== 46558+0+0 (secure 0 0 0) 0x7ff004022020 con 0x7ff01407dda0
2024-04-24T08:54:10.712 INFO:teuthology.orchestra.run.smithi069.stdout:/usr/bin/ceph: stderr
2024-04-24T08:54:09.890+0000 7ff01a400700 1 -- 172.21.15.69:0/846344715 --> [v2:172.21.15.69:3300/0,v1:172.21.15.69:6789/0] -- mon_command({"prefix": "get_command_descriptions"} v 0) -- 0x7ff014064150 con 0x7ff01407dda0
2024-04-24T08:54:10.712 INFO:teuthology.orchestra.run.smithi069.stdout:/usr/bin/ceph: stderr
2024-04-24T08:54:09.890+0000 7ff00be00700 1 --2- 172.21.15.69:0/846344715 >> [v2:172.21.15.69:6800/3470783122,v1:172.21.15.69:6801/3470783122] conn(0x7feff8039600 0x7feff803bac0 unknown :-1 s=NONE pgs=0 cs=0 l=1 rev1=0 crypto rx=0 tx=0 comp rx=0 tx=0).connect
2024-04-24T08:54:10.712 INFO:teuthology.orchestra.run.smithi069.stdout:/usr/bin/ceph: stderr
2024-04-24T08:54:09.890+0000 7ff00be00700 1 -- 172.21.15.69:0/846344715 <== mon.0 v2:172.21.15.69:3300/0 5 ==== osd_map(2..2 src has 1..2) ==== 940+0+0 (secure 0 0 0) 0x7ff00404df60 con 0x7ff01407dda0
2024-04-24T08:54:10.712 INFO:teuthology.orchestra.run.smithi069.stdout:/usr/bin/ceph: stderr
2024-04-24T08:54:09.890+0000 7ff012a00700 1 --2- 172.21.15.69:0/846344715 >> [v2:172.21.15.69:6800/3470783122,v1:172.21.15.69:6801/3470783122] conn(0x7feff8039600 0x7feff803bac0 unknown :-1 s=BANNER_CONNECTING pgs=0 cs=0 l=1 rev1=0 crypto rx=0 tx=0 comp rx=0 tx=0)._handle_peer_banner_payload supported=3 required=0
2024-04-24T08:54:10.712 INFO:teuthology.orchestra.run.smithi069.stdout:/usr/bin/ceph: stderr
2024-04-24T08:54:09.891+0000 7ff012a00700 1 --2- 172.21.15.69:0/846344715 >> [v2:172.21.15.69:6800/3470783122,v1:172.21.15.69:6801/3470783122] conn(0x7feff8039600 0x7feff803bac0 secure :-1 s=READY pgs=14 cs=0 l=1 rev1=1 crypto rx=0x7ff000006fd0 tx=0x7ff000006e40 comp rx=0 tx=0).ready entity=mgr.14120 client_cookie=0 server_cookie=0 in_seq=0 out_seq=0
2024-04-24T08:54:10.712 INFO:teuthology.orchestra.run.smithi069.stdout:/usr/bin/ceph: stderr
2024-04-24T08:54:09.895+0000 7ff00be00700 1 -- 172.21.15.69:0/846344715 <== mon.0 v2:172.21.15.69:3300/0 6 ==== mon_command_ack([{"prefix": "get_command_descriptions"}]=0 v0) ==== 72+0+188370 (secure 0 0 0) 0x7ff004020c10 con 0x7ff01407dda0
2024-04-24T08:54:10.712 INFO:teuthology.orchestra.run.smithi069.stdout:/usr/bin/ceph: stderr
2024-04-24T08:54:10.142+0000 7ff01a400700 1 -- 172.21.15.69:0/846344715 --> [v2:172.21.15.69:3300/0,v1:172.21.15.69:6789/0] -- mon_command([{prefix=config set, name=mgr/cephadm/container_init}] v 0) -- 0x7ff01402dfe0 con 0x7ff01407dda0
2024-04-24T08:54:10.712 INFO:teuthology.orchestra.run.smithi069.stdout:/usr/bin/ceph: stderr
2024-04-24T08:54:10.145+0000 7ff00be00700 1 -- 172.21.15.69:0/846344715 <== mon.0 v2:172.21.15.69:3300/0 7 ==== mon_command_ack([{prefix=config set, name=mgr/cephadm/container_init}]=0 v7)=0 v7) ==== 142+0+0 (secure 0 0 0) 0x7ff00404d8b0 con 0x7ff01407dda0
2024-04-24T08:54:10.712 INFO:teuthology.orchestra.run.smithi069.stdout:/usr/bin/ceph: stderr
2024-04-24T08:54:10.148+0000 7ff01a400700 1 -- 172.21.15.69:0/846344715 >> [v2:172.21.15.69:6800/3470783122,v1:172.21.15.69:6801/3470783122] conn(0x7feff8039600 msgr2=0x7feff803bac0 secure :-1 s=STATE_CONNECTION_ESTABLISHED l=1).mark_down
2024-04-24T08:54:10.712 INFO:teuthology.orchestra.run.smithi069.stdout:/usr/bin/ceph: stderr
2024-04-24T08:54:10.148+0000 7ff01a400700 1 --2- 172.21.15.69:0/846344715 >> [v2:172.21.15.69:6800/3470783122,v1:172.21.15.69:6801/3470783122] conn(0x7feff8039600 0x7feff803bac0 secure :-1 s=READY pgs=14 cs=0 l=1 rev1=1 crypto rx=0x7ff000006fd0 tx=0x7ff000006e40 comp rx=0 tx=0).stop
2024-04-24T08:54:10.712 INFO:teuthology.orchestra.run.smithi069.stdout:/usr/bin/ceph: stderr
2024-04-24T08:54:10.148+0000 7ff01a400700 1 -- 172.21.15.69:0/846344715 >> [v2:172.21.15.69:3300/0,v1:172.21.15.69:6789/0] conn(0x7ff01407dda0 msgr2=0x7ff01419e770 secure :-1 s=STATE_CONNECTION_ESTABLISHED l=1).mark_down
2024-04-24T08:54:10.713 INFO:teuthology.orchestra.run.smithi069.stdout:/usr/bin/ceph: stderr
2024-04-24T08:54:10.148+0000 7ff01a400700 1 --2- 172.21.15.69:0/846344715 >> [v2:172.21.15.69:3300/0,v1:172.21.15.69:6789/0] conn(0x7ff01407dda0 0x7ff01419e770 secure :-1 s=READY pgs=52 cs=0 l=1 rev1=1 crypto rx=0x7ff004006b20 tx=0x7ff004011ad0 comp rx=0 tx=0).stop
2024-04-24T08:54:10.713 INFO:teuthology.orchestra.run.smithi069.stdout:/usr/bin/ceph: stderr
2024-04-24T08:54:10.148+0000 7ff01a400700 1 -- 172.21.15.69:0/846344715 shutdown_connections
2024-04-24T08:54:10.713 INFO:teuthology.orchestra.run.smithi069.stdout:/usr/bin/ceph: stderr
2024-04-24T08:54:10.148+0000 7ff01a400700 1 --2- 172.21.15.69:0/846344715 >> [v2:172.21.15.69:6800/3470783122,v1:172.21.15.69:6801/3470783122] conn(0x7feff8039600 0x7feff803bac0 unknown :-1 s=CLOSED pgs=14 cs=0 l=1 rev1=1 crypto rx=0 tx=0 comp rx=0 tx=0).stop
2024-04-24T08:54:10.713 INFO:teuthology.orchestra.run.smithi069.stdout:/usr/bin/ceph: stderr
2024-04-24T08:54:10.148+0000 7ff01a400700 1 --2- 172.21.15.69:0/846344715 >> [v2:172.21.15.69:3300/0,v1:172.21.15.69:6789/0] conn(0x7ff01407dda0 0x7ff01419e770 unknown :-1 s=CLOSED pgs=52 cs=0 l=1 rev1=1 crypto rx=0 tx=0 comp rx=0 tx=0).stop
2024-04-24T08:54:10.713 INFO:teuthology.orchestra.run.smithi069.stdout:/usr/bin/ceph: stderr
2024-04-24T08:54:10.148+0000 7ff01a400700 1 -- 172.21.15.69:0/846344715 >> 172.21.15.69:0/846344715 conn(0x7ff014103a40 msgr2=0x7ff0141046d0 unknown :-1 s=STATE_NONE l=0).mark_down
2024-04-24T08:54:10.713 INFO:teuthology.orchestra.run.smithi069.stdout:/usr/bin/ceph: stderr
2024-04-24T08:54:10.149+0000 7ff01a400700 1 -- 172.21.15.69:0/846344715 shutdown_connections
2024-04-24T08:54:10.713 INFO:teuthology.orchestra.run.smithi069.stdout:/usr/bin/ceph: stderr
2024-04-24T08:54:10.149+0000 7ff01a400700 1 -- 172.21.15.69:0/846344715 wait complete.
2024-04-24T08:54:12.589 INFO:journalctl@ceph.mon.a.smithi069.stdout:Apr 24 08:54:12 smithi069 ceph-mon[28170]: pgmap v4: 0 pgs: ; 0 B data, 0 B used, 0 B / 0 B avail
2024-04-24T08:54:12.589 INFO:journalctl@ceph.mon.a.smithi069.stdout:Apr 24 08:54:12 smithi069 ceph-mon[28170]: from='client.? 172.21.15.69:0/1093961793' entity='client.admin'
2024-04-24T08:54:12.601 INFO:teuthology.orchestra.run.smithi069.stdout:/usr/bin/ceph: stderr
2024-04-24T08:54:11.622+0000 7f2804200700 1 Processor -- start
2024-04-24T08:54:12.601 INFO:teuthology.orchestra.run.smithi069.stdout:/usr/bin/ceph: stderr
2024-04-24T08:54:11.622+0000 7f2804200700 1 -- start start
2024-04-24T08:54:12.601 INFO:teuthology.orchestra.run.smithi069.stdout:/usr/bin/ceph: stderr
2024-04-24T08:54:11.623+0000 7f2804200700 1 --2- >> [v2:172.21.15.69:3300/0,v1:172.21.15.69:6789/0] conn(0x7f27fc07dd60 0x7f27fc07c2d0 unknown :-1 s=NONE pgs=0 cs=0 l=0 rev1=0 crypto rx=0 tx=0 comp rx=0 tx=0).connect
2024-04-24T08:54:12.601 INFO:teuthology.orchestra.run.smithi069.stdout:/usr/bin/ceph: stderr
2024-04-24T08:54:11.623+0000 7f2804200700 1 -- --> [v2:172.21.15.69:3300/0,v1:172.21.15.69:6789/0] -- mon_getmap magic: 0 -- 0x7f27fc07e180 con 0x7f27fc07dd60
2024-04-24T08:54:12.601 INFO:teuthology.orchestra.run.smithi069.stdout:/usr/bin/ceph: stderr
2024-04-24T08:54:11.623+0000 7f2801800700 1 --2- >> [v2:172.21.15.69:3300/0,v1:172.21.15.69:6789/0] conn(0x7f27fc07dd60 0x7f27fc07c2d0 unknown :-1 s=BANNER_CONNECTING pgs=0 cs=0 l=0 rev1=0 crypto rx=0 tx=0 comp rx=0 tx=0)._handle_peer_banner_payload supported=3 required=0
2024-04-24T08:54:12.601 INFO:teuthology.orchestra.run.smithi069.stdout:/usr/bin/ceph: stderr
2024-04-24T08:54:11.623+0000 7f2801800700 1 --2- >> [v2:172.21.15.69:3300/0,v1:172.21.15.69:6789/0] conn(0x7f27fc07dd60 0x7f27fc07c2d0 unknown :-1 s=HELLO_CONNECTING pgs=0 cs=0 l=0 rev1=1 crypto rx=0 tx=0 comp rx=0 tx=0).handle_hello peer v2:172.21.15.69:3300/0 says I am v2:172.21.15.69:58674/0 (socket says 172.21.15.69:58674)
2024-04-24T08:54:12.602 INFO:teuthology.orchestra.run.smithi069.stdout:/usr/bin/ceph: stderr
2024-04-24T08:54:11.623+0000 7f2801800700 1 -- 172.21.15.69:0/402524416 learned_addr learned my addr 172.21.15.69:0/402524416 (peer_addr_for_me v2:172.21.15.69:0/0)
2024-04-24T08:54:12.602 INFO:teuthology.orchestra.run.smithi069.stdout:/usr/bin/ceph: stderr
2024-04-24T08:54:11.624+0000 7f2801800700 1 -- 172.21.15.69:0/402524416 --> [v2:172.21.15.69:3300/0,v1:172.21.15.69:6789/0] -- mon_subscribe({config=0+,monmap=0+}) -- 0x7f27fc07c810 con 0x7f27fc07dd60
2024-04-24T08:54:12.602 INFO:teuthology.orchestra.run.smithi069.stdout:/usr/bin/ceph: stderr
2024-04-24T08:54:11.624+0000 7f2801800700 1 --2- 172.21.15.69:0/402524416 >> [v2:172.21.15.69:3300/0,v1:172.21.15.69:6789/0] conn(0x7f27fc07dd60 0x7f27fc07c2d0 secure :-1 s=READY pgs=53 cs=0 l=1 rev1=1 crypto rx=0x7f27f00098a0 tx=0x7f27f0009bb0 comp rx=0 tx=0).ready entity=mon.0 client_cookie=dcca8339f3b40fbb server_cookie=0 in_seq=0 out_seq=0
2024-04-24T08:54:12.602 INFO:teuthology.orchestra.run.smithi069.stdout:/usr/bin/ceph: stderr
2024-04-24T08:54:11.624+0000 7f27fbe00700 1 -- 172.21.15.69:0/402524416 <== mon.0 v2:172.21.15.69:3300/0 1 ==== mon_map magic: 0 ==== 205+0+0 (secure 0 0 0) 0x7f27f0004160 con 0x7f27fc07dd60
2024-04-24T08:54:12.602 INFO:teuthology.orchestra.run.smithi069.stdout:/usr/bin/ceph: stderr
2024-04-24T08:54:11.625+0000 7f27fbe00700 1 -- 172.21.15.69:0/402524416 <== mon.0 v2:172.21.15.69:3300/0 2 ==== config(26 keys) ==== 1102+0+0 (secure 0 0 0) 0x7f27f0004300 con 0x7f27fc07dd60
2024-04-24T08:54:12.602 INFO:teuthology.orchestra.run.smithi069.stdout:/usr/bin/ceph: stderr
2024-04-24T08:54:11.625+0000 7f27fbe00700 1 -- 172.21.15.69:0/402524416 <== mon.0 v2:172.21.15.69:3300/0 3 ==== mon_map magic: 0 ==== 205+0+0 (secure 0 0 0) 0x7f27f0011a50 con 0x7f27fc07dd60
2024-04-24T08:54:12.602 INFO:teuthology.orchestra.run.smithi069.stdout:/usr/bin/ceph: stderr
2024-04-24T08:54:11.625+0000 7f2804200700 1 -- 172.21.15.69:0/402524416 >> [v2:172.21.15.69:3300/0,v1:172.21.15.69:6789/0] conn(0x7f27fc07dd60 msgr2=0x7f27fc07c2d0 secure :-1 s=STATE_CONNECTION_ESTABLISHED l=1).mark_down
2024-04-24T08:54:12.602 INFO:teuthology.orchestra.run.smithi069.stdout:/usr/bin/ceph: stderr
2024-04-24T08:54:11.625+0000 7f2804200700 1 --2- 172.21.15.69:0/402524416 >> [v2:172.21.15.69:3300/0,v1:172.21.15.69:6789/0] conn(0x7f27fc07dd60 0x7f27fc07c2d0 secure :-1 s=READY pgs=53 cs=0 l=1 rev1=1 crypto rx=0x7f27f00098a0 tx=0x7f27f0009bb0 comp rx=0 tx=0).stop
2024-04-24T08:54:12.602 INFO:teuthology.orchestra.run.smithi069.stdout:/usr/bin/ceph: stderr
2024-04-24T08:54:11.625+0000 7f2804200700 1 -- 172.21.15.69:0/402524416 shutdown_connections
2024-04-24T08:54:12.602 INFO:teuthology.orchestra.run.smithi069.stdout:/usr/bin/ceph: stderr
2024-04-24T08:54:11.625+0000 7f2804200700 1 --2- 172.21.15.69:0/402524416 >> [v2:172.21.15.69:3300/0,v1:172.21.15.69:6789/0] conn(0x7f27fc07dd60 0x7f27fc07c2d0 unknown :-1 s=CLOSED pgs=53 cs=0 l=1 rev1=1 crypto rx=0 tx=0 comp rx=0 tx=0).stop
2024-04-24T08:54:12.602 INFO:teuthology.orchestra.run.smithi069.stdout:/usr/bin/ceph: stderr
2024-04-24T08:54:11.625+0000 7f2804200700 1 -- 172.21.15.69:0/402524416 >> 172.21.15.69:0/402524416 conn(0x7f27fc103a40 msgr2=0x7f27fc105e60 unknown :-1 s=STATE_NONE l=0).mark_down
2024-04-24T08:54:12.602 INFO:teuthology.orchestra.run.smithi069.stdout:/usr/bin/ceph: stderr
2024-04-24T08:54:11.625+0000 7f2804200700 1 -- 172.21.15.69:0/402524416 shutdown_connections
2024-04-24T08:54:12.603 INFO:teuthology.orchestra.run.smithi069.stdout:/usr/bin/ceph: stderr
2024-04-24T08:54:11.625+0000 7f2804200700 1 -- 172.21.15.69:0/402524416 wait complete.
2024-04-24T08:54:12.603 INFO:teuthology.orchestra.run.smithi069.stdout:/usr/bin/ceph: stderr
2024-04-24T08:54:11.626+0000 7f2804200700 1 Processor -- start
2024-04-24T08:54:12.603 INFO:teuthology.orchestra.run.smithi069.stdout:/usr/bin/ceph: stderr
2024-04-24T08:54:11.627+0000 7f2804200700 1 -- start start
2024-04-24T08:54:12.603 INFO:teuthology.orchestra.run.smithi069.stdout:/usr/bin/ceph: stderr
2024-04-24T08:54:11.627+0000 7f2804200700 1 --2- >> [v2:172.21.15.69:3300/0,v1:172.21.15.69:6789/0] conn(0x7f27fc07dd60 0x7f27fc19e7a0 unknown :-1 s=NONE pgs=0 cs=0 l=1 rev1=0 crypto rx=0 tx=0 comp rx=0 tx=0).connect
2024-04-24T08:54:12.603 INFO:teuthology.orchestra.run.smithi069.stdout:/usr/bin/ceph: stderr
2024-04-24T08:54:11.627+0000 7f2804200700 1 -- --> [v2:172.21.15.69:3300/0,v1:172.21.15.69:6789/0] -- mon_getmap magic: 0 -- 0x7f27fc10e810 con 0x7f27fc07dd60
2024-04-24T08:54:12.603 INFO:teuthology.orchestra.run.smithi069.stdout:/usr/bin/ceph: stderr
2024-04-24T08:54:11.627+0000 7f2801800700 1 --2- >> [v2:172.21.15.69:3300/0,v1:172.21.15.69:6789/0] conn(0x7f27fc07dd60 0x7f27fc19e7a0 unknown :-1 s=BANNER_CONNECTING pgs=0 cs=0 l=1 rev1=0 crypto rx=0 tx=0 comp rx=0 tx=0)._handle_peer_banner_payload supported=3 required=0
2024-04-24T08:54:12.603 INFO:teuthology.orchestra.run.smithi069.stdout:/usr/bin/ceph: stderr
2024-04-24T08:54:11.627+0000 7f2801800700 1 --2- >> [v2:172.21.15.69:3300/0,v1:172.21.15.69:6789/0] conn(0x7f27fc07dd60 0x7f27fc19e7a0 unknown :-1 s=HELLO_CONNECTING pgs=0 cs=0 l=1 rev1=1 crypto rx=0 tx=0 comp rx=0 tx=0).handle_hello peer v2:172.21.15.69:3300/0 says I am v2:172.21.15.69:58684/0 (socket says 172.21.15.69:58684)
2024-04-24T08:54:12.603 INFO:teuthology.orchestra.run.smithi069.stdout:/usr/bin/ceph: stderr
2024-04-24T08:54:11.627+0000 7f2801800700 1 -- 172.21.15.69:0/1093961793 learned_addr learned my addr 172.21.15.69:0/1093961793 (peer_addr_for_me v2:172.21.15.69:0/0)
2024-04-24T08:54:12.603 INFO:teuthology.orchestra.run.smithi069.stdout:/usr/bin/ceph: stderr
2024-04-24T08:54:11.628+0000 7f2801800700 1 -- 172.21.15.69:0/1093961793 --> [v2:172.21.15.69:3300/0,v1:172.21.15.69:6789/0] -- mon_subscribe({config=0+,monmap=0+}) -- 0x7f27fc19ece0 con 0x7f27fc07dd60
2024-04-24T08:54:12.603 INFO:teuthology.orchestra.run.smithi069.stdout:/usr/bin/ceph: stderr
2024-04-24T08:54:11.628+0000 7f2801800700 1 --2- 172.21.15.69:0/1093961793 >> [v2:172.21.15.69:3300/0,v1:172.21.15.69:6789/0] conn(0x7f27fc07dd60 0x7f27fc19e7a0 secure :-1 s=READY pgs=54 cs=0 l=1 rev1=1 crypto rx=0x7f27f0006b20 tx=0x7f27f0011ad0 comp rx=0 tx=0).ready entity=mon.0 client_cookie=0 server_cookie=0 in_seq=0 out_seq=0
2024-04-24T08:54:12.603 INFO:teuthology.orchestra.run.smithi069.stdout:/usr/bin/ceph: stderr
2024-04-24T08:54:11.628+0000 7f27fa000700 1 -- 172.21.15.69:0/1093961793 <== mon.0 v2:172.21.15.69:3300/0 1 ==== mon_map magic: 0 ==== 205+0+0 (secure 0 0 0) 0x7f27f0003b70 con 0x7f27fc07dd60
2024-04-24T08:54:12.603 INFO:teuthology.orchestra.run.smithi069.stdout:/usr/bin/ceph: stderr
2024-04-24T08:54:11.628+0000 7f27fa000700 1 -- 172.21.15.69:0/1093961793 <== mon.0 v2:172.21.15.69:3300/0 2 ==== config(26 keys) ==== 1102+0+0 (secure 0 0 0) 0x7f27f001a8e0 con 0x7f27fc07dd60
2024-04-24T08:54:12.603 INFO:teuthology.orchestra.run.smithi069.stdout:/usr/bin/ceph: stderr
2024-04-24T08:54:11.628+0000 7f2804200700 1 -- 172.21.15.69:0/1093961793 --> [v2:172.21.15.69:3300/0,v1:172.21.15.69:6789/0] -- mon_subscribe({mgrmap=0+}) -- 0x7f27fc19ef70 con 0x7f27fc07dd60
2024-04-24T08:54:12.603 INFO:teuthology.orchestra.run.smithi069.stdout:/usr/bin/ceph: stderr
2024-04-24T08:54:11.628+0000 7f27fa000700 1 -- 172.21.15.69:0/1093961793 <== mon.0 v2:172.21.15.69:3300/0 3 ==== mon_map magic: 0 ==== 205+0+0 (secure 0 0 0) 0x7f27f00249b0 con 0x7f27fc07dd60
2024-04-24T08:54:12.604 INFO:teuthology.orchestra.run.smithi069.stdout:/usr/bin/ceph: stderr
2024-04-24T08:54:11.628+0000 7f2804200700 1 -- 172.21.15.69:0/1093961793 --> [v2:172.21.15.69:3300/0,v1:172.21.15.69:6789/0] -- mon_subscribe({osdmap=0}) -- 0x7f27fc1a1c10 con 0x7f27fc07dd60
2024-04-24T08:54:12.604 INFO:teuthology.orchestra.run.smithi069.stdout:/usr/bin/ceph: stderr
2024-04-24T08:54:11.629+0000 7f27fa000700 1 -- 172.21.15.69:0/1093961793 <== mon.0 v2:172.21.15.69:3300/0 4 ==== mgrmap(e 8) ==== 46558+0+0 (secure 0 0 0) 0x7f27f0022020 con 0x7f27fc07dd60
2024-04-24T08:54:12.604 INFO:teuthology.orchestra.run.smithi069.stdout:/usr/bin/ceph: stderr
2024-04-24T08:54:11.630+0000 7f2804200700 1 -- 172.21.15.69:0/1093961793 --> [v2:172.21.15.69:3300/0,v1:172.21.15.69:6789/0] -- mon_command({"prefix": "get_command_descriptions"} v 0) -- 0x7f27fc064150 con 0x7f27fc07dd60
2024-04-24T08:54:12.604 INFO:teuthology.orchestra.run.smithi069.stdout:/usr/bin/ceph: stderr
2024-04-24T08:54:11.630+0000 7f27fa000700 1 --2- 172.21.15.69:0/1093961793 >> [v2:172.21.15.69:6800/3470783122,v1:172.21.15.69:6801/3470783122] conn(0x7f27e4039600 0x7f27e403bac0 unknown :-1 s=NONE pgs=0 cs=0 l=1 rev1=0 crypto rx=0 tx=0 comp rx=0 tx=0).connect
2024-04-24T08:54:12.604 INFO:teuthology.orchestra.run.smithi069.stdout:/usr/bin/ceph: stderr
2024-04-24T08:54:11.630+0000 7f27fa000700 1 -- 172.21.15.69:0/1093961793 <== mon.0 v2:172.21.15.69:3300/0 5 ==== osd_map(2..2 src has 1..2) ==== 940+0+0 (secure 0 0 0) 0x7f27f004de00 con 0x7f27fc07dd60
2024-04-24T08:54:12.604 INFO:teuthology.orchestra.run.smithi069.stdout:/usr/bin/ceph: stderr
2024-04-24T08:54:11.630+0000 7f2800e00700 1 --2- 172.21.15.69:0/1093961793 >> [v2:172.21.15.69:6800/3470783122,v1:172.21.15.69:6801/3470783122] conn(0x7f27e4039600 0x7f27e403bac0 unknown :-1 s=BANNER_CONNECTING pgs=0 cs=0 l=1 rev1=0 crypto rx=0 tx=0 comp rx=0 tx=0)._handle_peer_banner_payload supported=3 required=0
2024-04-24T08:54:12.604 INFO:teuthology.orchestra.run.smithi069.stdout:/usr/bin/ceph: stderr
2024-04-24T08:54:11.631+0000 7f2800e00700 1 --2- 172.21.15.69:0/1093961793 >> [v2:172.21.15.69:6800/3470783122,v1:172.21.15.69:6801/3470783122] conn(0x7f27e4039600 0x7f27e403bac0 secure :-1 s=READY pgs=15 cs=0 l=1 rev1=1 crypto rx=0x7f27e8006fd0 tx=0x7f27e8006e40 comp rx=0 tx=0).ready entity=mgr.14120 client_cookie=0 server_cookie=0 in_seq=0 out_seq=0
2024-04-24T08:54:12.604 INFO:teuthology.orchestra.run.smithi069.stdout:/usr/bin/ceph: stderr
2024-04-24T08:54:11.635+0000 7f27fa000700 1 -- 172.21.15.69:0/1093961793 <== mon.0 v2:172.21.15.69:3300/0 6 ==== mon_command_ack([{"prefix": "get_command_descriptions"}]=0 v0) ==== 72+0+188370 (secure 0 0 0) 0x7f27f002c3a0 con 0x7f27fc07dd60
2024-04-24T08:54:12.604 INFO:teuthology.orchestra.run.smithi069.stdout:/usr/bin/ceph: stderr
2024-04-24T08:54:11.859+0000 7f2804200700 1 -- 172.21.15.69:0/1093961793 --> [v2:172.21.15.69:3300/0,v1:172.21.15.69:6789/0] -- mon_command([{prefix=config set, name=mgr/dashboard/ssl_server_port}] v 0) -- 0x7f27fc02dfe0 con 0x7f27fc07dd60
2024-04-24T08:54:12.604 INFO:teuthology.orchestra.run.smithi069.stdout:/usr/bin/ceph: stderr
2024-04-24T08:54:11.862+0000 7f27fa000700 1 -- 172.21.15.69:0/1093961793 <== mon.0 v2:172.21.15.69:3300/0 7 ==== mon_command_ack([{prefix=config set, name=mgr/dashboard/ssl_server_port}]=0 v8)=0 v8) ==== 130+0+0 (secure 0 0 0) 0x7f27f000be10 con 0x7f27fc07dd60
2024-04-24T08:54:12.604 INFO:teuthology.orchestra.run.smithi069.stdout:/usr/bin/ceph: stderr
2024-04-24T08:54:11.865+0000 7f2804200700 1 -- 172.21.15.69:0/1093961793 >> [v2:172.21.15.69:6800/3470783122,v1:172.21.15.69:6801/3470783122] conn(0x7f27e4039600 msgr2=0x7f27e403bac0 secure :-1 s=STATE_CONNECTION_ESTABLISHED l=1).mark_down
2024-04-24T08:54:12.604 INFO:teuthology.orchestra.run.smithi069.stdout:/usr/bin/ceph: stderr
2024-04-24T08:54:11.865+0000 7f2804200700 1 --2- 172.21.15.69:0/1093961793 >> [v2:172.21.15.69:6800/3470783122,v1:172.21.15.69:6801/3470783122] conn(0x7f27e4039600 0x7f27e403bac0 secure :-1 s=READY pgs=15 cs=0 l=1 rev1=1 crypto rx=0x7f27e8006fd0 tx=0x7f27e8006e40 comp rx=0 tx=0).stop
2024-04-24T08:54:12.604 INFO:teuthology.orchestra.run.smithi069.stdout:/usr/bin/ceph: stderr
2024-04-24T08:54:11.865+0000 7f2804200700 1 -- 172.21.15.69:0/1093961793 >> [v2:172.21.15.69:3300/0,v1:172.21.15.69:6789/0] conn(0x7f27fc07dd60 msgr2=0x7f27fc19e7a0 secure :-1 s=STATE_CONNECTION_ESTABLISHED l=1).mark_down
2024-04-24T08:54:12.605 INFO:teuthology.orchestra.run.smithi069.stdout:/usr/bin/ceph: stderr
2024-04-24T08:54:11.865+0000 7f2804200700 1 --2- 172.21.15.69:0/1093961793 >> [v2:172.21.15.69:3300/0,v1:172.21.15.69:6789/0] conn(0x7f27fc07dd60 0x7f27fc19e7a0 secure :-1 s=READY pgs=54 cs=0 l=1 rev1=1 crypto rx=0x7f27f0006b20 tx=0x7f27f0011ad0 comp rx=0 tx=0).stop
2024-04-24T08:54:12.605 INFO:teuthology.orchestra.run.smithi069.stdout:/usr/bin/ceph: stderr
2024-04-24T08:54:11.866+0000 7f2804200700 1 -- 172.21.15.69:0/1093961793 shutdown_connections
2024-04-24T08:54:12.605 INFO:teuthology.orchestra.run.smithi069.stdout:/usr/bin/ceph: stderr
2024-04-24T08:54:11.866+0000 7f2804200700 1 --2- 172.21.15.69:0/1093961793 >> [v2:172.21.15.69:6800/3470783122,v1:172.21.15.69:6801/3470783122] conn(0x7f27e4039600 0x7f27e403bac0 unknown :-1 s=CLOSED pgs=15 cs=0 l=1 rev1=1 crypto rx=0 tx=0 comp rx=0 tx=0).stop
2024-04-24T08:54:12.605 INFO:teuthology.orchestra.run.smithi069.stdout:/usr/bin/ceph: stderr
2024-04-24T08:54:11.866+0000 7f2804200700 1 --2- 172.21.15.69:0/1093961793 >> [v2:172.21.15.69:3300/0,v1:172.21.15.69:6789/0] conn(0x7f27fc07dd60 0x7f27fc19e7a0 unknown :-1 s=CLOSED pgs=54 cs=0 l=1 rev1=1 crypto rx=0 tx=0 comp rx=0 tx=0).stop
2024-04-24T08:54:12.605 INFO:teuthology.orchestra.run.smithi069.stdout:/usr/bin/ceph: stderr
2024-04-24T08:54:11.866+0000 7f2804200700 1 -- 172.21.15.69:0/1093961793 >> 172.21.15.69:0/1093961793 conn(0x7f27fc103a40 msgr2=0x7f27fc104760 unknown :-1 s=STATE_NONE l=0).mark_down
2024-04-24T08:54:12.605 INFO:teuthology.orchestra.run.smithi069.stdout:/usr/bin/ceph: stderr
2024-04-24T08:54:11.866+0000 7f2804200700 1 -- 172.21.15.69:0/1093961793 shutdown_connections
2024-04-24T08:54:12.605 INFO:teuthology.orchestra.run.smithi069.stdout:/usr/bin/ceph: stderr
2024-04-24T08:54:11.866+0000 7f2804200700 1 -- 172.21.15.69:0/1093961793 wait complete.
2024-04-24T08:54:12.605 INFO:teuthology.orchestra.run.smithi069.stdout:Enabling the dashboard module...
2024-04-24T08:54:13.541 INFO:journalctl@ceph.mon.a.smithi069.stdout:Apr 24 08:54:13 smithi069 ceph-mon[28170]: from='mgr.14120 172.21.15.69:0/2438601616' entity='mgr.x'
2024-04-24T08:54:13.541 INFO:journalctl@ceph.mon.a.smithi069.stdout:Apr 24 08:54:13 smithi069 ceph-mon[28170]: pgmap v5: 0 pgs: ; 0 B data, 0 B used, 0 B / 0 B avail
2024-04-24T08:54:14.579 INFO:journalctl@ceph.mon.a.smithi069.stdout:Apr 24 08:54:14 smithi069 ceph-mon[28170]: from='client.? 172.21.15.69:0/4062318118' entity='client.admin' cmd=[{"prefix": "mgr module enable", "module": "dashboard"}]: dispatch
2024-04-24T08:54:14.580 INFO:journalctl@ceph.mon.a.smithi069.stdout:Apr 24 08:54:14 smithi069 ceph-mon[28170]: from='mgr.14120 172.21.15.69:0/2438601616' entity='mgr.x'
2024-04-24T08:54:14.580 INFO:journalctl@ceph.mgr.x.smithi069.stdout:Apr 24 08:54:14 smithi069 ceph-ef1ec7e8-0217-11ef-bc93-c7b262605968-mgr-x[28411]: ignoring --setuser ceph since I am not root
2024-04-24T08:54:14.580 INFO:journalctl@ceph.mgr.x.smithi069.stdout:Apr 24 08:54:14 smithi069 ceph-ef1ec7e8-0217-11ef-bc93-c7b262605968-mgr-x[28411]: ignoring --setgroup ceph since I am not root
2024-04-24T08:54:14.580 INFO:journalctl@ceph.mgr.x.smithi069.stdout:Apr 24 08:54:14 smithi069 ceph-ef1ec7e8-0217-11ef-bc93-c7b262605968-mgr-x[28411]:
2024-04-24T08:54:14.580+0000 7fed53543200 -1 mgr[py] Module balancer has missing NOTIFY_TYPES member
2024-04-24T08:54:14.841 INFO:journalctl@ceph.mgr.x.smithi069.stdout:Apr 24 08:54:14 smithi069 ceph-ef1ec7e8-0217-11ef-bc93-c7b262605968-mgr-x[28411]:
2024-04-24T08:54:14.829+0000 7fed53543200 -1 mgr[py] Module orchestrator has missing NOTIFY_TYPES member
2024-04-24T08:54:15.003 INFO:teuthology.orchestra.run.smithi069.stdout:/usr/bin/ceph: stderr
2024-04-24T08:54:13.217+0000 7f566f200700 1 Processor -- start
2024-04-24T08:54:15.004 INFO:teuthology.orchestra.run.smithi069.stdout:/usr/bin/ceph: stderr
2024-04-24T08:54:13.217+0000 7f566f200700 1 -- start start
2024-04-24T08:54:15.004 INFO:teuthology.orchestra.run.smithi069.stdout:/usr/bin/ceph: stderr
2024-04-24T08:54:13.217+0000 7f566f200700 1 --2- >> [v2:172.21.15.69:3300/0,v1:172.21.15.69:6789/0] conn(0x7f5668108c10 0x7f566810b000 unknown :-1 s=NONE pgs=0 cs=0 l=0 rev1=0 crypto rx=0 tx=0 comp rx=0 tx=0).connect
2024-04-24T08:54:15.005 INFO:teuthology.orchestra.run.smithi069.stdout:/usr/bin/ceph: stderr
2024-04-24T08:54:13.217+0000 7f566f200700 1 -- --> [v2:172.21.15.69:3300/0,v1:172.21.15.69:6789/0] -- mon_getmap magic: 0 -- 0x7f566807bec0 con 0x7f5668108c10
2024-04-24T08:54:15.005 INFO:teuthology.orchestra.run.smithi069.stdout:/usr/bin/ceph: stderr
2024-04-24T08:54:13.218+0000 7f566de00700 1 --2- >> [v2:172.21.15.69:3300/0,v1:172.21.15.69:6789/0] conn(0x7f5668108c10 0x7f566810b000 unknown :-1 s=BANNER_CONNECTING pgs=0 cs=0 l=0 rev1=0 crypto rx=0 tx=0 comp rx=0 tx=0)._handle_peer_banner_payload supported=3 required=0
2024-04-24T08:54:15.005 INFO:teuthology.orchestra.run.smithi069.stdout:/usr/bin/ceph: stderr
2024-04-24T08:54:13.218+0000 7f566de00700 1 --2- >> [v2:172.21.15.69:3300/0,v1:172.21.15.69:6789/0] conn(0x7f5668108c10 0x7f566810b000 unknown :-1 s=HELLO_CONNECTING pgs=0 cs=0 l=0 rev1=1 crypto rx=0 tx=0 comp rx=0 tx=0).handle_hello peer v2:172.21.15.69:3300/0 says I am v2:172.21.15.69:58682/0 (socket says 172.21.15.69:58682)
2024-04-24T08:54:15.005 INFO:teuthology.orchestra.run.smithi069.stdout:/usr/bin/ceph: stderr
2024-04-24T08:54:13.218+0000 7f566de00700 1 -- 172.21.15.69:0/2077992717 learned_addr learned my addr 172.21.15.69:0/2077992717 (peer_addr_for_me v2:172.21.15.69:0/0)
2024-04-24T08:54:15.006 INFO:teuthology.orchestra.run.smithi069.stdout:/usr/bin/ceph: stderr
2024-04-24T08:54:13.218+0000 7f566de00700 1 -- 172.21.15.69:0/2077992717 --> [v2:172.21.15.69:3300/0,v1:172.21.15.69:6789/0] -- mon_subscribe({config=0+,monmap=0+}) -- 0x7f566810b540 con 0x7f5668108c10
2024-04-24T08:54:15.006 INFO:teuthology.orchestra.run.smithi069.stdout:/usr/bin/ceph: stderr
2024-04-24T08:54:13.218+0000 7f566de00700 1 --2- 172.21.15.69:0/2077992717 >> [v2:172.21.15.69:3300/0,v1:172.21.15.69:6789/0] conn(0x7f5668108c10 0x7f566810b000 secure :-1 s=READY pgs=55 cs=0 l=1 rev1=1 crypto rx=0x7f565c0098a0 tx=0x7f565c009bb0 comp rx=0 tx=0).ready entity=mon.0 client_cookie=2b28eab369ee61f5 server_cookie=0 in_seq=0 out_seq=0
2024-04-24T08:54:15.007 INFO:teuthology.orchestra.run.smithi069.stdout:/usr/bin/ceph: stderr
2024-04-24T08:54:13.219+0000 7f566ca00700 1 -- 172.21.15.69:0/2077992717 <== mon.0 v2:172.21.15.69:3300/0 1 ==== mon_map magic: 0 ==== 205+0+0 (secure 0 0 0) 0x7f565c004160 con 0x7f5668108c10
2024-04-24T08:54:15.007 INFO:teuthology.orchestra.run.smithi069.stdout:/usr/bin/ceph: stderr
2024-04-24T08:54:13.219+0000 7f566ca00700 1 -- 172.21.15.69:0/2077992717 <== mon.0 v2:172.21.15.69:3300/0 2 ==== config(26 keys) ==== 1102+0+0 (secure 0 0 0) 0x7f565c004300 con 0x7f5668108c10
2024-04-24T08:54:15.007 INFO:teuthology.orchestra.run.smithi069.stdout:/usr/bin/ceph: stderr
2024-04-24T08:54:13.219+0000 7f566ca00700 1 -- 172.21.15.69:0/2077992717 <== mon.0 v2:172.21.15.69:3300/0 3 ==== mon_map magic: 0 ==== 205+0+0 (secure 0 0 0) 0x7f565c011a50 con 0x7f5668108c10
2024-04-24T08:54:15.007 INFO:teuthology.orchestra.run.smithi069.stdout:/usr/bin/ceph: stderr
2024-04-24T08:54:13.219+0000 7f566f200700 1 -- 172.21.15.69:0/2077992717 >> [v2:172.21.15.69:3300/0,v1:172.21.15.69:6789/0] conn(0x7f5668108c10 msgr2=0x7f566810b000 secure :-1 s=STATE_CONNECTION_ESTABLISHED l=1).mark_down
2024-04-24T08:54:15.007 INFO:teuthology.orchestra.run.smithi069.stdout:/usr/bin/ceph: stderr
2024-04-24T08:54:13.219+0000 7f566f200700 1 --2- 172.21.15.69:0/2077992717 >> [v2:172.21.15.69:3300/0,v1:172.21.15.69:6789/0] conn(0x7f5668108c10 0x7f566810b000 secure :-1 s=READY pgs=55 cs=0 l=1 rev1=1 crypto rx=0x7f565c0098a0 tx=0x7f565c009bb0 comp rx=0 tx=0).stop
2024-04-24T08:54:15.007 INFO:teuthology.orchestra.run.smithi069.stdout:/usr/bin/ceph: stderr
2024-04-24T08:54:13.219+0000 7f566f200700 1 -- 172.21.15.69:0/2077992717 shutdown_connections
2024-04-24T08:54:15.007 INFO:teuthology.orchestra.run.smithi069.stdout:/usr/bin/ceph: stderr
2024-04-24T08:54:13.219+0000 7f566f200700 1 --2- 172.21.15.69:0/2077992717 >> [v2:172.21.15.69:3300/0,v1:172.21.15.69:6789/0] conn(0x7f5668108c10 0x7f566810b000 unknown :-1 s=CLOSED pgs=55 cs=0 l=1 rev1=1 crypto rx=0 tx=0 comp rx=0 tx=0).stop
2024-04-24T08:54:15.008 INFO:teuthology.orchestra.run.smithi069.stdout:/usr/bin/ceph: stderr
2024-04-24T08:54:13.219+0000 7f566f200700 1 -- 172.21.15.69:0/2077992717 >> 172.21.15.69:0/2077992717 conn(0x7f5668102640 msgr2=0x7f5668104a80 unknown :-1 s=STATE_NONE l=0).mark_down
2024-04-24T08:54:15.008 INFO:teuthology.orchestra.run.smithi069.stdout:/usr/bin/ceph: stderr
2024-04-24T08:54:13.219+0000 7f566f200700 1 -- 172.21.15.69:0/2077992717 shutdown_connections
2024-04-24T08:54:15.008 INFO:teuthology.orchestra.run.smithi069.stdout:/usr/bin/ceph: stderr
2024-04-24T08:54:13.219+0000 7f566f200700 1 -- 172.21.15.69:0/2077992717 wait complete.
2024-04-24T08:54:15.008 INFO:teuthology.orchestra.run.smithi069.stdout:/usr/bin/ceph: stderr
2024-04-24T08:54:13.220+0000 7f566f200700 1 Processor -- start
2024-04-24T08:54:15.008 INFO:teuthology.orchestra.run.smithi069.stdout:/usr/bin/ceph: stderr
2024-04-24T08:54:13.221+0000 7f566f200700 1 -- start start
2024-04-24T08:54:15.008 INFO:teuthology.orchestra.run.smithi069.stdout:/usr/bin/ceph: stderr
2024-04-24T08:54:13.221+0000 7f566f200700 1 --2- >> [v2:172.21.15.69:3300/0,v1:172.21.15.69:6789/0] conn(0x7f5668108c10 0x7f566819e580 unknown :-1 s=NONE pgs=0 cs=0 l=1 rev1=0 crypto rx=0 tx=0 comp rx=0 tx=0).connect
2024-04-24T08:54:15.009 INFO:teuthology.orchestra.run.smithi069.stdout:/usr/bin/ceph: stderr
2024-04-24T08:54:13.221+0000 7f566f200700 1 -- --> [v2:172.21.15.69:3300/0,v1:172.21.15.69:6789/0] -- mon_getmap magic: 0 -- 0x7f566810c550 con 0x7f5668108c10
2024-04-24T08:54:15.009 INFO:teuthology.orchestra.run.smithi069.stdout:/usr/bin/ceph: stderr
2024-04-24T08:54:13.221+0000 7f566de00700 1 --2- >> [v2:172.21.15.69:3300/0,v1:172.21.15.69:6789/0] conn(0x7f5668108c10 0x7f566819e580 unknown :-1 s=BANNER_CONNECTING pgs=0 cs=0 l=1 rev1=0 crypto rx=0 tx=0 comp rx=0 tx=0)._handle_peer_banner_payload supported=3 required=0
2024-04-24T08:54:15.009 INFO:teuthology.orchestra.run.smithi069.stdout:/usr/bin/ceph: stderr
2024-04-24T08:54:13.221+0000 7f566de00700 1 --2- >> [v2:172.21.15.69:3300/0,v1:172.21.15.69:6789/0] conn(0x7f5668108c10 0x7f566819e580 unknown :-1 s=HELLO_CONNECTING pgs=0 cs=0 l=1 rev1=1 crypto rx=0 tx=0 comp rx=0 tx=0).handle_hello peer v2:172.21.15.69:3300/0 says I am v2:172.21.15.69:58692/0 (socket says 172.21.15.69:58692)
2024-04-24T08:54:15.011 INFO:teuthology.orchestra.run.smithi069.stdout:/usr/bin/ceph: stderr
2024-04-24T08:54:13.221+0000 7f566de00700 1 -- 172.21.15.69:0/4062318118 learned_addr learned my addr 172.21.15.69:0/4062318118 (peer_addr_for_me v2:172.21.15.69:0/0)
2024-04-24T08:54:15.011 INFO:teuthology.orchestra.run.smithi069.stdout:/usr/bin/ceph: stderr
2024-04-24T08:54:13.221+0000 7f566de00700 1 -- 172.21.15.69:0/4062318118 --> [v2:172.21.15.69:3300/0,v1:172.21.15.69:6789/0] -- mon_subscribe({config=0+,monmap=0+}) -- 0x7f566819eac0 con 0x7f5668108c10
2024-04-24T08:54:15.011 INFO:teuthology.orchestra.run.smithi069.stdout:/usr/bin/ceph: stderr
2024-04-24T08:54:13.222+0000 7f566de00700 1 --2- 172.21.15.69:0/4062318118 >> [v2:172.21.15.69:3300/0,v1:172.21.15.69:6789/0] conn(0x7f5668108c10 0x7f566819e580 secure :-1 s=READY pgs=56 cs=0 l=1 rev1=1 crypto rx=0x7f565c011a20 tx=0x7f565c011b00 comp rx=0 tx=0).ready entity=mon.0 client_cookie=0 server_cookie=0 in_seq=0 out_seq=0
2024-04-24T08:54:15.011 INFO:teuthology.orchestra.run.smithi069.stdout:/usr/bin/ceph: stderr
2024-04-24T08:54:13.222+0000 7f5662a00700 1 -- 172.21.15.69:0/4062318118 <== mon.0 v2:172.21.15.69:3300/0 1 ==== mon_map magic: 0 ==== 205+0+0 (secure 0 0 0) 0x7f565c003b70 con 0x7f5668108c10
2024-04-24T08:54:15.011 INFO:teuthology.orchestra.run.smithi069.stdout:/usr/bin/ceph: stderr
2024-04-24T08:54:13.222+0000 7f5662a00700 1 -- 172.21.15.69:0/4062318118 <== mon.0 v2:172.21.15.69:3300/0 2 ==== config(26 keys) ==== 1102+0+0 (secure 0 0 0) 0x7f565c01a8e0 con 0x7f5668108c10
2024-04-24T08:54:15.011 INFO:teuthology.orchestra.run.smithi069.stdout:/usr/bin/ceph: stderr
2024-04-24T08:54:13.222+0000 7f5662a00700 1 -- 172.21.15.69:0/4062318118 <== mon.0 v2:172.21.15.69:3300/0 3 ==== mon_map magic: 0 ==== 205+0+0 (secure 0 0 0) 0x7f565c024990 con 0x7f5668108c10
2024-04-24T08:54:15.011 INFO:teuthology.orchestra.run.smithi069.stdout:/usr/bin/ceph: stderr
2024-04-24T08:54:13.222+0000 7f566f200700 1 -- 172.21.15.69:0/4062318118 --> [v2:172.21.15.69:3300/0,v1:172.21.15.69:6789/0] -- mon_subscribe({mgrmap=0+}) -- 0x7f566819ed50 con 0x7f5668108c10
2024-04-24T08:54:15.011 INFO:teuthology.orchestra.run.smithi069.stdout:/usr/bin/ceph: stderr
2024-04-24T08:54:13.222+0000 7f566f200700 1 -- 172.21.15.69:0/4062318118 --> [v2:172.21.15.69:3300/0,v1:172.21.15.69:6789/0] -- mon_subscribe({osdmap=0}) -- 0x7f56681a1a40 con 0x7f5668108c10
2024-04-24T08:54:15.011 INFO:teuthology.orchestra.run.smithi069.stdout:/usr/bin/ceph: stderr
2024-04-24T08:54:13.223+0000 7f566f200700 1 -- 172.21.15.69:0/4062318118 --> [v2:172.21.15.69:3300/0,v1:172.21.15.69:6789/0] -- mon_command({"prefix": "get_command_descriptions"} v 0) -- 0x7f5668064150 con 0x7f5668108c10
2024-04-24T08:54:15.011 INFO:teuthology.orchestra.run.smithi069.stdout:/usr/bin/ceph: stderr
2024-04-24T08:54:13.223+0000 7f5662a00700 1 -- 172.21.15.69:0/4062318118 <== mon.0 v2:172.21.15.69:3300/0 4 ==== mgrmap(e 8) ==== 46558+0+0 (secure 0 0 0) 0x7f565c022020 con 0x7f5668108c10
2024-04-24T08:54:15.012 INFO:teuthology.orchestra.run.smithi069.stdout:/usr/bin/ceph: stderr
2024-04-24T08:54:13.224+0000 7f5662a00700 1 --2- 172.21.15.69:0/4062318118 >> [v2:172.21.15.69:6800/3470783122,v1:172.21.15.69:6801/3470783122] conn(0x7f56500395b0 0x7f565003ba70 unknown :-1 s=NONE pgs=0 cs=0 l=1 rev1=0 crypto rx=0 tx=0 comp rx=0 tx=0).connect
2024-04-24T08:54:15.012 INFO:teuthology.orchestra.run.smithi069.stdout:/usr/bin/ceph: stderr
2024-04-24T08:54:13.224+0000 7f5662a00700 1 -- 172.21.15.69:0/4062318118 <== mon.0 v2:172.21.15.69:3300/0 5 ==== osd_map(2..2 src has 1..2) ==== 940+0+0 (secure 0 0 0) 0x7f565c04d9b0 con 0x7f5668108c10
2024-04-24T08:54:15.012 INFO:teuthology.orchestra.run.smithi069.stdout:/usr/bin/ceph: stderr
2024-04-24T08:54:13.224+0000 7f566d400700 1 --2- 172.21.15.69:0/4062318118 >> [v2:172.21.15.69:6800/3470783122,v1:172.21.15.69:6801/3470783122] conn(0x7f56500395b0 0x7f565003ba70 unknown :-1 s=BANNER_CONNECTING pgs=0 cs=0 l=1 rev1=0 crypto rx=0 tx=0 comp rx=0 tx=0)._handle_peer_banner_payload supported=3 required=0
2024-04-24T08:54:15.012 INFO:teuthology.orchestra.run.smithi069.stdout:/usr/bin/ceph: stderr
2024-04-24T08:54:13.225+0000 7f566d400700 1 --2- 172.21.15.69:0/4062318118 >> [v2:172.21.15.69:6800/3470783122,v1:172.21.15.69:6801/3470783122] conn(0x7f56500395b0 0x7f565003ba70 secure :-1 s=READY pgs=16 cs=0 l=1 rev1=1 crypto rx=0x7f5658006fd0 tx=0x7f5658006e40 comp rx=0 tx=0).ready entity=mgr.14120 client_cookie=0 server_cookie=0 in_seq=0 out_seq=0
2024-04-24T08:54:15.012 INFO:teuthology.orchestra.run.smithi069.stdout:/usr/bin/ceph: stderr
2024-04-24T08:54:13.230+0000 7f5662a00700 1 -- 172.21.15.69:0/4062318118 <== mon.0 v2:172.21.15.69:3300/0 6 ==== mon_command_ack([{"prefix": "get_command_descriptions"}]=0 v0) ==== 72+0+188370 (secure 0 0 0) 0x7f565c00b3e0 con 0x7f5668108c10
2024-04-24T08:54:15.014 INFO:teuthology.orchestra.run.smithi069.stdout:/usr/bin/ceph: stderr
2024-04-24T08:54:13.542+0000 7f566f200700 1 -- 172.21.15.69:0/4062318118 --> [v2:172.21.15.69:3300/0,v1:172.21.15.69:6789/0] -- mon_command({"prefix": "mgr module enable", "module": "dashboard"} v 0) -- 0x7f566802dfe0 con 0x7f5668108c10
2024-04-24T08:54:15.014 INFO:teuthology.orchestra.run.smithi069.stdout:/usr/bin/ceph: stderr
2024-04-24T08:54:14.258+0000 7f5662a00700 1 -- 172.21.15.69:0/4062318118 <== mon.0 v2:172.21.15.69:3300/0 7 ==== mon_command_ack([{"prefix": "mgr module enable", "module": "dashboard"}]=0 v9) ==== 88+0+0 (secure 0 0 0) 0x7f565c021d80 con 0x7f5668108c10
2024-04-24T08:54:15.014 INFO:teuthology.orchestra.run.smithi069.stdout:/usr/bin/ceph: stderr
2024-04-24T08:54:14.262+0000 7f5662a00700 1 -- 172.21.15.69:0/4062318118 <== mon.0 v2:172.21.15.69:3300/0 8 ==== mgrmap(e 9) ==== 46571+0+0 (secure 0 0 0) 0x7f565c04dd10 con 0x7f5668108c10
2024-04-24T08:54:15.014 INFO:teuthology.orchestra.run.smithi069.stdout:/usr/bin/ceph: stderr
2024-04-24T08:54:14.263+0000 7f566f200700 1 -- 172.21.15.69:0/4062318118 >> [v2:172.21.15.69:6800/3470783122,v1:172.21.15.69:6801/3470783122] conn(0x7f56500395b0 msgr2=0x7f565003ba70 secure :-1 s=STATE_CONNECTION_ESTABLISHED l=1).mark_down
2024-04-24T08:54:15.014 INFO:teuthology.orchestra.run.smithi069.stdout:/usr/bin/ceph: stderr
2024-04-24T08:54:14.263+0000 7f566f200700 1 --2- 172.21.15.69:0/4062318118 >> [v2:172.21.15.69:6800/3470783122,v1:172.21.15.69:6801/3470783122] conn(0x7f56500395b0 0x7f565003ba70 secure :-1 s=READY pgs=16 cs=0 l=1 rev1=1 crypto rx=0x7f5658006fd0 tx=0x7f5658006e40 comp rx=0 tx=0).stop
2024-04-24T08:54:15.014 INFO:teuthology.orchestra.run.smithi069.stdout:/usr/bin/ceph: stderr
2024-04-24T08:54:14.263+0000 7f566f200700 1 -- 172.21.15.69:0/4062318118 >> [v2:172.21.15.69:3300/0,v1:172.21.15.69:6789/0] conn(0x7f5668108c10 msgr2=0x7f566819e580 secure :-1 s=STATE_CONNECTION_ESTABLISHED l=1).mark_down
2024-04-24T08:54:15.014 INFO:teuthology.orchestra.run.smithi069.stdout:/usr/bin/ceph: stderr
2024-04-24T08:54:14.263+0000 7f566f200700 1 --2- 172.21.15.69:0/4062318118 >> [v2:172.21.15.69:3300/0,v1:172.21.15.69:6789/0] conn(0x7f5668108c10 0x7f566819e580 secure :-1 s=READY pgs=56 cs=0 l=1 rev1=1 crypto rx=0x7f565c011a20 tx=0x7f565c011b00 comp rx=0 tx=0).stop
2024-04-24T08:54:15.014 INFO:teuthology.orchestra.run.smithi069.stdout:/usr/bin/ceph: stderr
2024-04-24T08:54:14.264+0000 7f566f200700 1 -- 172.21.15.69:0/4062318118 shutdown_connections
2024-04-24T08:54:15.014 INFO:teuthology.orchestra.run.smithi069.stdout:/usr/bin/ceph: stderr
2024-04-24T08:54:14.264+0000 7f566f200700 1 --2- 172.21.15.69:0/4062318118 >> [v2:172.21.15.69:6800/3470783122,v1:172.21.15.69:6801/3470783122] conn(0x7f56500395b0 0x7f565003ba70 unknown :-1 s=CLOSED pgs=16 cs=0 l=1 rev1=1 crypto rx=0 tx=0 comp rx=0 tx=0).stop
2024-04-24T08:54:15.014 INFO:teuthology.orchestra.run.smithi069.stdout:/usr/bin/ceph: stderr
2024-04-24T08:54:14.264+0000 7f566f200700 1 --2- 172.21.15.69:0/4062318118 >> [v2:172.21.15.69:3300/0,v1:172.21.15.69:6789/0] conn(0x7f5668108c10 0x7f566819e580 unknown :-1 s=CLOSED pgs=56 cs=0 l=1 rev1=1 crypto rx=0 tx=0 comp rx=0 tx=0).stop
2024-04-24T08:54:15.015 INFO:teuthology.orchestra.run.smithi069.stdout:/usr/bin/ceph: stderr
2024-04-24T08:54:14.264+0000 7f566f200700 1 -- 172.21.15.69:0/4062318118 >> 172.21.15.69:0/4062318118 conn(0x7f5668102640 msgr2=0x7f5668103240 unknown :-1 s=STATE_NONE l=0).mark_down
2024-04-24T08:54:15.015 INFO:teuthology.orchestra.run.smithi069.stdout:/usr/bin/ceph: stderr
2024-04-24T08:54:14.264+0000 7f566f200700 1 -- 172.21.15.69:0/4062318118 shutdown_connections
2024-04-24T08:54:15.015 INFO:teuthology.orchestra.run.smithi069.stdout:/usr/bin/ceph: stderr
2024-04-24T08:54:14.264+0000 7f566f200700 1 -- 172.21.15.69:0/4062318118 wait complete.
2024-04-24T08:54:15.220 INFO:journalctl@ceph.mgr.x.smithi069.stdout:Apr 24 08:54:14 smithi069 ceph-ef1ec7e8-0217-11ef-bc93-c7b262605968-mgr-x[28411]:
2024-04-24T08:54:14.958+0000 7fed53543200 -1 mgr[py] Module snap_schedule has missing NOTIFY_TYPES member
2024-04-24T08:54:15.481 INFO:journalctl@ceph.mgr.x.smithi069.stdout:Apr 24 08:54:15 smithi069 ceph-ef1ec7e8-0217-11ef-bc93-c7b262605968-mgr-x[28411]:
2024-04-24T08:54:15.360+0000 7fed53543200 -1 mgr[py] Module progress has missing NOTIFY_TYPES member
2024-04-24T08:54:15.481 INFO:journalctl@ceph.mon.a.smithi069.stdout:Apr 24 08:54:15 smithi069 ceph-mon[28170]: from='client.? 172.21.15.69:0/4062318118' entity='client.admin' cmd='[{"prefix": "mgr module enable", "module": "dashboard"}]': finished
2024-04-24T08:54:15.481 INFO:journalctl@ceph.mon.a.smithi069.stdout:Apr 24 08:54:15 smithi069 ceph-mon[28170]: mgrmap e9: x(active, since 25s)
2024-04-24T08:54:15.841 INFO:journalctl@ceph.mgr.x.smithi069.stdout:Apr 24 08:54:15 smithi069 ceph-ef1ec7e8-0217-11ef-bc93-c7b262605968-mgr-x[28411]:
2024-04-24T08:54:15.481+0000 7fed53543200 -1 mgr[py] Module influx has missing NOTIFY_TYPES member
2024-04-24T08:54:16.591 INFO:journalctl@ceph.mon.a.smithi069.stdout:Apr 24 08:54:16 smithi069 ceph-mon[28170]: from='client.? 172.21.15.69:0/33499462' entity='client.admin' cmd=[{"prefix": "mgr stat"}]: dispatch
2024-04-24T08:54:16.602 INFO:teuthology.orchestra.run.smithi069.stdout:/usr/bin/ceph: stdout {
2024-04-24T08:54:16.609 INFO:teuthology.orchestra.run.smithi069.stdout:/usr/bin/ceph: stdout "epoch": 9,
2024-04-24T08:54:16.609 INFO:teuthology.orchestra.run.smithi069.stdout:/usr/bin/ceph: stdout "available": true,
2024-04-24T08:54:16.609 INFO:teuthology.orchestra.run.smithi069.stdout:/usr/bin/ceph: stdout "active_name": "x",
2024-04-24T08:54:16.609 INFO:teuthology.orchestra.run.smithi069.stdout:/usr/bin/ceph: stdout "num_standby": 0
2024-04-24T08:54:16.609 INFO:teuthology.orchestra.run.smithi069.stdout:/usr/bin/ceph: stdout }
2024-04-24T08:54:16.609 INFO:teuthology.orchestra.run.smithi069.stdout:/usr/bin/ceph: stderr
2024-04-24T08:54:15.671+0000 7f277e600700 1 Processor -- start
2024-04-24T08:54:16.609 INFO:teuthology.orchestra.run.smithi069.stdout:/usr/bin/ceph: stderr
2024-04-24T08:54:15.671+0000 7f277e600700 1 -- start start
2024-04-24T08:54:16.609 INFO:teuthology.orchestra.run.smithi069.stdout:/usr/bin/ceph: stderr
2024-04-24T08:54:15.671+0000 7f277e600700 1 --2- >> [v2:172.21.15.69:3300/0,v1:172.21.15.69:6789/0] conn(0x7f2778108200 0x7f2778108620 unknown :-1 s=NONE pgs=0 cs=0 l=0 rev1=0 crypto rx=0 tx=0 comp rx=0 tx=0).connect
2024-04-24T08:54:16.609 INFO:teuthology.orchestra.run.smithi069.stdout:/usr/bin/ceph: stderr
2024-04-24T08:54:15.671+0000 7f277e600700 1 -- --> [v2:172.21.15.69:3300/0,v1:172.21.15.69:6789/0] -- mon_getmap magic: 0 -- 0x7f2778108bf0 con 0x7f2778108200
2024-04-24T08:54:16.609 INFO:teuthology.orchestra.run.smithi069.stdout:/usr/bin/ceph: stderr
2024-04-24T08:54:15.672+0000 7f277d200700 1 --2- >> [v2:172.21.15.69:3300/0,v1:172.21.15.69:6789/0] conn(0x7f2778108200 0x7f2778108620 unknown :-1 s=BANNER_CONNECTING pgs=0 cs=0 l=0 rev1=0 crypto rx=0 tx=0 comp rx=0 tx=0)._handle_peer_banner_payload supported=3 required=0
2024-04-24T08:54:16.609 INFO:teuthology.orchestra.run.smithi069.stdout:/usr/bin/ceph: stderr
2024-04-24T08:54:15.672+0000 7f277d200700 1 --2- >> [v2:172.21.15.69:3300/0,v1:172.21.15.69:6789/0] conn(0x7f2778108200 0x7f2778108620 unknown :-1 s=HELLO_CONNECTING pgs=0 cs=0 l=0 rev1=1 crypto rx=0 tx=0 comp rx=0 tx=0).handle_hello peer v2:172.21.15.69:3300/0 says I am v2:172.21.15.69:58716/0 (socket says 172.21.15.69:58716)
2024-04-24T08:54:16.609 INFO:teuthology.orchestra.run.smithi069.stdout:/usr/bin/ceph: stderr
2024-04-24T08:54:15.672+0000 7f277d200700 1 -- 172.21.15.69:0/1297404025 learned_addr learned my addr 172.21.15.69:0/1297404025 (peer_addr_for_me v2:172.21.15.69:0/0)
2024-04-24T08:54:16.610 INFO:teuthology.orchestra.run.smithi069.stdout:/usr/bin/ceph: stderr
2024-04-24T08:54:15.672+0000 7f277d200700 1 -- 172.21.15.69:0/1297404025 --> [v2:172.21.15.69:3300/0,v1:172.21.15.69:6789/0] -- mon_subscribe({config=0+,monmap=0+}) -- 0x7f27781093b0 con 0x7f2778108200
2024-04-24T08:54:16.610 INFO:teuthology.orchestra.run.smithi069.stdout:/usr/bin/ceph: stderr
