2024-04-24T08:55:22.095 INFO:teuthology.orchestra.run.smithi142.stdout:/usr/bin/ceph: stderr
2024-04-24T08:55:21.107+0000 7f9fdfe00700 1 -- 172.21.15.142:0/1498306811 <== mon.0 v2:172.21.15.142:3300/0 1 ==== mon_map magic: 0 v1 ==== 229+0+0 (secure 0 0 0) 0x7f9fd4004180 con 0x7f9fe0106e80
2024-04-24T08:55:22.095 INFO:teuthology.orchestra.run.smithi142.stdout:/usr/bin/ceph: stderr
2024-04-24T08:55:21.107+0000 7f9fdfe00700 1 -- 172.21.15.142:0/1498306811 <== mon.0 v2:172.21.15.142:3300/0 2 ==== config(27 keys) v1 ==== 1109+0+0 (secure 0 0 0) 0x7f9fd40042e0 con 0x7f9fe0106e80
2024-04-24T08:55:22.095 INFO:teuthology.orchestra.run.smithi142.stdout:/usr/bin/ceph: stderr
2024-04-24T08:55:21.107+0000 7f9fdfe00700 1 -- 172.21.15.142:0/1498306811 <== mon.0 v2:172.21.15.142:3300/0 3 ==== mon_map magic: 0 v1 ==== 229+0+0 (secure 0 0 0) 0x7f9fd4011b10 con 0x7f9fe0106e80
2024-04-24T08:55:22.095 INFO:teuthology.orchestra.run.smithi142.stdout:/usr/bin/ceph: stderr
2024-04-24T08:55:21.108+0000 7f9fe6c00700 1 -- 172.21.15.142:0/1498306811 >> [v2:172.21.15.142:3300/0,v1:172.21.15.142:6789/0] conn(0x7f9fe0106e80 msgr2=0x7f9fe0109270 secure :-1 s=STATE_CONNECTION_ESTABLISHED l=1).mark_down
2024-04-24T08:55:22.095 INFO:teuthology.orchestra.run.smithi142.stdout:/usr/bin/ceph: stderr
2024-04-24T08:55:21.108+0000 7f9fe6c00700 1 --2- 172.21.15.142:0/1498306811 >> [v2:172.21.15.142:3300/0,v1:172.21.15.142:6789/0] conn(0x7f9fe0106e80 0x7f9fe0109270 secure :-1 s=READY pgs=53 cs=0 l=1 rev1=1 crypto rx=0x7f9fd40098a0 tx=0x7f9fd4009bb0 comp rx=0 tx=0).stop
2024-04-24T08:55:22.095 INFO:teuthology.orchestra.run.smithi142.stdout:/usr/bin/ceph: stderr
2024-04-24T08:55:21.108+0000 7f9fe6c00700 1 -- 172.21.15.142:0/1498306811 shutdown_connections
2024-04-24T08:55:22.095 INFO:teuthology.orchestra.run.smithi142.stdout:/usr/bin/ceph: stderr
2024-04-24T08:55:21.108+0000 7f9fe6c00700 1 --2- 172.21.15.142:0/1498306811 >> [v2:172.21.15.142:3300/0,v1:172.21.15.142:6789/0] conn(0x7f9fe0106e80 0x7f9fe0109270 unknown :-1 s=CLOSED pgs=53 cs=0 l=1 rev1=1 crypto rx=0 tx=0 comp rx=0 tx=0).stop
2024-04-24T08:55:22.096 INFO:teuthology.orchestra.run.smithi142.stdout:/usr/bin/ceph: stderr
2024-04-24T08:55:21.108+0000 7f9fe6c00700 1 -- 172.21.15.142:0/1498306811 >> 172.21.15.142:0/1498306811 conn(0x7f9fe01008f0 msgr2=0x7f9fe0102d10 unknown :-1 s=STATE_NONE l=0).mark_down
2024-04-24T08:55:22.096 INFO:teuthology.orchestra.run.smithi142.stdout:/usr/bin/ceph: stderr
2024-04-24T08:55:21.108+0000 7f9fe6c00700 1 -- 172.21.15.142:0/1498306811 shutdown_connections
2024-04-24T08:55:22.096 INFO:teuthology.orchestra.run.smithi142.stdout:/usr/bin/ceph: stderr
2024-04-24T08:55:21.108+0000 7f9fe6c00700 1 -- 172.21.15.142:0/1498306811 wait complete.
2024-04-24T08:55:22.096 INFO:teuthology.orchestra.run.smithi142.stdout:/usr/bin/ceph: stderr
2024-04-24T08:55:21.109+0000 7f9fe6c00700 1 Processor -- start
2024-04-24T08:55:22.096 INFO:teuthology.orchestra.run.smithi142.stdout:/usr/bin/ceph: stderr
2024-04-24T08:55:21.110+0000 7f9fe6c00700 1 -- start start
2024-04-24T08:55:22.096 INFO:teuthology.orchestra.run.smithi142.stdout:/usr/bin/ceph: stderr
2024-04-24T08:55:21.110+0000 7f9fe6c00700 1 --2- >> [v2:172.21.15.142:3300/0,v1:172.21.15.142:6789/0] conn(0x7f9fe0106e80 0x7f9fe019a070 unknown :-1 s=NONE pgs=0 cs=0 l=1 rev1=0 crypto rx=0 tx=0 comp rx=0 tx=0).connect
2024-04-24T08:55:22.096 INFO:teuthology.orchestra.run.smithi142.stdout:/usr/bin/ceph: stderr
2024-04-24T08:55:21.110+0000 7f9fe6c00700 1 -- --> [v2:172.21.15.142:3300/0,v1:172.21.15.142:6789/0] -- mon_getmap magic: 0 v1 -- 0x7f9fe019a5b0 con 0x7f9fe0106e80
2024-04-24T08:55:22.096 INFO:teuthology.orchestra.run.smithi142.stdout:/usr/bin/ceph: stderr
2024-04-24T08:55:21.110+0000 7f9fe5800700 1 --2- >> [v2:172.21.15.142:3300/0,v1:172.21.15.142:6789/0] conn(0x7f9fe0106e80 0x7f9fe019a070 unknown :-1 s=BANNER_CONNECTING pgs=0 cs=0 l=1 rev1=0 crypto rx=0 tx=0 comp rx=0 tx=0)._handle_peer_banner_payload supported=3 required=0
2024-04-24T08:55:22.096 INFO:teuthology.orchestra.run.smithi142.stdout:/usr/bin/ceph: stderr
2024-04-24T08:55:21.110+0000 7f9fe5800700 1 --2- >> [v2:172.21.15.142:3300/0,v1:172.21.15.142:6789/0] conn(0x7f9fe0106e80 0x7f9fe019a070 unknown :-1 s=HELLO_CONNECTING pgs=0 cs=0 l=1 rev1=1 crypto rx=0 tx=0 comp rx=0 tx=0).handle_hello peer v2:172.21.15.142:3300/0 says I am v2:172.21.15.142:48354/0 (socket says 172.21.15.142:48354)
2024-04-24T08:55:22.096 INFO:teuthology.orchestra.run.smithi142.stdout:/usr/bin/ceph: stderr
2024-04-24T08:55:21.110+0000 7f9fe5800700 1 -- 172.21.15.142:0/4020561526 learned_addr learned my addr 172.21.15.142:0/4020561526 (peer_addr_for_me v2:172.21.15.142:0/0)
2024-04-24T08:55:22.096 INFO:teuthology.orchestra.run.smithi142.stdout:/usr/bin/ceph: stderr
2024-04-24T08:55:21.111+0000 7f9fe5800700 1 -- 172.21.15.142:0/4020561526 --> [v2:172.21.15.142:3300/0,v1:172.21.15.142:6789/0] -- mon_subscribe({config=0+,monmap=0+}) v3 -- 0x7f9fd4009550 con 0x7f9fe0106e80
2024-04-24T08:55:22.096 INFO:teuthology.orchestra.run.smithi142.stdout:/usr/bin/ceph: stderr
2024-04-24T08:55:21.111+0000 7f9fe5800700 1 --2- 172.21.15.142:0/4020561526 >> [v2:172.21.15.142:3300/0,v1:172.21.15.142:6789/0] conn(0x7f9fe0106e80 0x7f9fe019a070 secure :-1 s=READY pgs=54 cs=0 l=1 rev1=1 crypto rx=0x7f9fd40117b0 tx=0x7f9fd4011890 comp rx=0 tx=0).ready entity=mon.0 client_cookie=0 server_cookie=0 in_seq=0 out_seq=0
2024-04-24T08:55:22.096 INFO:teuthology.orchestra.run.smithi142.stdout:/usr/bin/ceph: stderr
2024-04-24T08:55:21.111+0000 7f9fde000700 1 -- 172.21.15.142:0/4020561526 <== mon.0 v2:172.21.15.142:3300/0 1 ==== mon_map magic: 0 v1 ==== 229+0+0 (secure 0 0 0) 0x7f9fd40038b0 con 0x7f9fe0106e80
2024-04-24T08:55:22.096 INFO:teuthology.orchestra.run.smithi142.stdout:/usr/bin/ceph: stderr
2024-04-24T08:55:21.111+0000 7f9fde000700 1 -- 172.21.15.142:0/4020561526 <== mon.0 v2:172.21.15.142:3300/0 2 ==== config(27 keys) v1 ==== 1109+0+0 (secure 0 0 0) 0x7f9fd4003a10 con 0x7f9fe0106e80
2024-04-24T08:55:22.097 INFO:teuthology.orchestra.run.smithi142.stdout:/usr/bin/ceph: stderr
2024-04-24T08:55:21.111+0000 7f9fe6c00700 1 -- 172.21.15.142:0/4020561526 --> [v2:172.21.15.142:3300/0,v1:172.21.15.142:6789/0] -- mon_subscribe({mgrmap=0+}) v3 -- 0x7f9fe019a7b0 con 0x7f9fe0106e80
2024-04-24T08:55:22.097 INFO:teuthology.orchestra.run.smithi142.stdout:/usr/bin/ceph: stderr
2024-04-24T08:55:21.112+0000 7f9fde000700 1 -- 172.21.15.142:0/4020561526 <== mon.0 v2:172.21.15.142:3300/0 3 ==== mon_map magic: 0 v1 ==== 229+0+0 (secure 0 0 0) 0x7f9fd4024780 con 0x7f9fe0106e80
2024-04-24T08:55:22.097 INFO:teuthology.orchestra.run.smithi142.stdout:/usr/bin/ceph: stderr
2024-04-24T08:55:21.112+0000 7f9fe6c00700 1 -- 172.21.15.142:0/4020561526 --> [v2:172.21.15.142:3300/0,v1:172.21.15.142:6789/0] -- mon_subscribe({osdmap=0}) v3 -- 0x7f9fe019ac50 con 0x7f9fe0106e80
2024-04-24T08:55:22.097 INFO:teuthology.orchestra.run.smithi142.stdout:/usr/bin/ceph: stderr
2024-04-24T08:55:21.113+0000 7f9fde000700 1 -- 172.21.15.142:0/4020561526 <== mon.0 v2:172.21.15.142:3300/0 4 ==== mgrmap(e 8) v1 ==== 45556+0+0 (secure 0 0 0) 0x7f9fd40248e0 con 0x7f9fe0106e80
2024-04-24T08:55:22.097 INFO:teuthology.orchestra.run.smithi142.stdout:/usr/bin/ceph: stderr
2024-04-24T08:55:21.113+0000 7f9fe6c00700 1 -- 172.21.15.142:0/4020561526 --> [v2:172.21.15.142:3300/0,v1:172.21.15.142:6789/0] -- mon_command({"prefix": "get_command_descriptions"} v 0) v1 -- 0x7f9fe010a5a0 con 0x7f9fe0106e80
2024-04-24T08:55:22.097 INFO:teuthology.orchestra.run.smithi142.stdout:/usr/bin/ceph: stderr
2024-04-24T08:55:21.113+0000 7f9fde000700 1 --2- 172.21.15.142:0/4020561526 >> [v2:172.21.15.142:6800/918629284,v1:172.21.15.142:6801/918629284] conn(0x7f9fc80387e0 0x7f9fc803aca0 unknown :-1 s=NONE pgs=0 cs=0 l=1 rev1=0 crypto rx=0 tx=0 comp rx=0 tx=0).connect
2024-04-24T08:55:22.097 INFO:teuthology.orchestra.run.smithi142.stdout:/usr/bin/ceph: stderr
2024-04-24T08:55:21.113+0000 7f9fde000700 1 -- 172.21.15.142:0/4020561526 <== mon.0 v2:172.21.15.142:3300/0 5 ==== osd_map(2..2 src has 1..2) v4 ==== 940+0+0 (secure 0 0 0) 0x7f9fd404c890 con 0x7f9fe0106e80
2024-04-24T08:55:22.097 INFO:teuthology.orchestra.run.smithi142.stdout:/usr/bin/ceph: stderr
2024-04-24T08:55:21.114+0000 7f9fe4e00700 1 --2- 172.21.15.142:0/4020561526 >> [v2:172.21.15.142:6800/918629284,v1:172.21.15.142:6801/918629284] conn(0x7f9fc80387e0 0x7f9fc803aca0 unknown :-1 s=BANNER_CONNECTING pgs=0 cs=0 l=1 rev1=0 crypto rx=0 tx=0 comp rx=0 tx=0)._handle_peer_banner_payload supported=3 required=0
2024-04-24T08:55:22.097 INFO:teuthology.orchestra.run.smithi142.stdout:/usr/bin/ceph: stderr
2024-04-24T08:55:21.114+0000 7f9fe4e00700 1 --2- 172.21.15.142:0/4020561526 >> [v2:172.21.15.142:6800/918629284,v1:172.21.15.142:6801/918629284] conn(0x7f9fc80387e0 0x7f9fc803aca0 secure :-1 s=READY pgs=15 cs=0 l=1 rev1=1 crypto rx=0x7f9fcc006fd0 tx=0x7f9fcc006e40 comp rx=0 tx=0).ready entity=mgr.14120 client_cookie=0 server_cookie=0 in_seq=0 out_seq=0
2024-04-24T08:55:22.097 INFO:teuthology.orchestra.run.smithi142.stdout:/usr/bin/ceph: stderr
2024-04-24T08:55:21.119+0000 7f9fde000700 1 -- 172.21.15.142:0/4020561526 <== mon.0 v2:172.21.15.142:3300/0 6 ==== mon_command_ack([{"prefix": "get_command_descriptions"}]=0 v0) v1 ==== 72+0+183351 (secure 0 0 0) 0x7f9fd4018760 con 0x7f9fe0106e80
2024-04-24T08:55:22.097 INFO:teuthology.orchestra.run.smithi142.stdout:/usr/bin/ceph: stderr
2024-04-24T08:55:21.354+0000 7f9fe6c00700 1 -- 172.21.15.142:0/4020561526 --> [v2:172.21.15.142:6800/918629284,v1:172.21.15.142:6801/918629284] -- mgr_command(tid 0: {"prefix": "orch apply", "service_type": "ceph-exporter", "target": ["mon-mgr", ""]}) v1 -- 0x7f9fe0101a80 con 0x7f9fc80387e0
2024-04-24T08:55:22.097 INFO:teuthology.orchestra.run.smithi142.stdout:/usr/bin/ceph: stderr
2024-04-24T08:55:21.364+0000 7f9fde000700 1 -- 172.21.15.142:0/4020561526 <== mgr.14120 v2:172.21.15.142:6800/918629284 1 ==== mgr_command_reply(tid 0: 0 ) v1 ==== 8+0+34 (secure 0 0 0) 0x7f9fe0101a80 con 0x7f9fc80387e0
2024-04-24T08:55:22.097 INFO:teuthology.orchestra.run.smithi142.stdout:/usr/bin/ceph: stderr
2024-04-24T08:55:21.367+0000 7f9fe6c00700 1 -- 172.21.15.142:0/4020561526 >> [v2:172.21.15.142:6800/918629284,v1:172.21.15.142:6801/918629284] conn(0x7f9fc80387e0 msgr2=0x7f9fc803aca0 secure :-1 s=STATE_CONNECTION_ESTABLISHED l=1).mark_down
2024-04-24T08:55:22.097 INFO:teuthology.orchestra.run.smithi142.stdout:/usr/bin/ceph: stderr
2024-04-24T08:55:21.367+0000 7f9fe6c00700 1 --2- 172.21.15.142:0/4020561526 >> [v2:172.21.15.142:6800/918629284,v1:172.21.15.142:6801/918629284] conn(0x7f9fc80387e0 0x7f9fc803aca0 secure :-1 s=READY pgs=15 cs=0 l=1 rev1=1 crypto rx=0x7f9fcc006fd0 tx=0x7f9fcc006e40 comp rx=0 tx=0).stop
2024-04-24T08:55:22.097 INFO:teuthology.orchestra.run.smithi142.stdout:/usr/bin/ceph: stderr
2024-04-24T08:55:21.367+0000 7f9fe6c00700 1 -- 172.21.15.142:0/4020561526 >> [v2:172.21.15.142:3300/0,v1:172.21.15.142:6789/0] conn(0x7f9fe0106e80 msgr2=0x7f9fe019a070 secure :-1 s=STATE_CONNECTION_ESTABLISHED l=1).mark_down
2024-04-24T08:55:22.098 INFO:teuthology.orchestra.run.smithi142.stdout:/usr/bin/ceph: stderr
2024-04-24T08:55:21.367+0000 7f9fe6c00700 1 --2- 172.21.15.142:0/4020561526 >> [v2:172.21.15.142:3300/0,v1:172.21.15.142:6789/0] conn(0x7f9fe0106e80 0x7f9fe019a070 secure :-1 s=READY pgs=54 cs=0 l=1 rev1=1 crypto rx=0x7f9fd40117b0 tx=0x7f9fd4011890 comp rx=0 tx=0).stop
2024-04-24T08:55:22.098 INFO:teuthology.orchestra.run.smithi142.stdout:/usr/bin/ceph: stderr
2024-04-24T08:55:21.368+0000 7f9fe6c00700 1 -- 172.21.15.142:0/4020561526 shutdown_connections
2024-04-24T08:55:22.098 INFO:teuthology.orchestra.run.smithi142.stdout:/usr/bin/ceph: stderr
2024-04-24T08:55:21.368+0000 7f9fe6c00700 1 --2- 172.21.15.142:0/4020561526 >> [v2:172.21.15.142:6800/918629284,v1:172.21.15.142:6801/918629284] conn(0x7f9fc80387e0 0x7f9fc803aca0 unknown :-1 s=CLOSED pgs=15 cs=0 l=1 rev1=1 crypto rx=0 tx=0 comp rx=0 tx=0).stop
2024-04-24T08:55:22.098 INFO:teuthology.orchestra.run.smithi142.stdout:/usr/bin/ceph: stderr
2024-04-24T08:55:21.368+0000 7f9fe6c00700 1 --2- 172.21.15.142:0/4020561526 >> [v2:172.21.15.142:3300/0,v1:172.21.15.142:6789/0] conn(0x7f9fe0106e80 0x7f9fe019a070 unknown :-1 s=CLOSED pgs=54 cs=0 l=1 rev1=1 crypto rx=0 tx=0 comp rx=0 tx=0).stop
2024-04-24T08:55:22.098 INFO:teuthology.orchestra.run.smithi142.stdout:/usr/bin/ceph: stderr
2024-04-24T08:55:21.368+0000 7f9fe6c00700 1 -- 172.21.15.142:0/4020561526 >> 172.21.15.142:0/4020561526 conn(0x7f9fe01008f0 msgr2=0x7f9fe0101370 unknown :-1 s=STATE_NONE l=0).mark_down
2024-04-24T08:55:22.098 INFO:teuthology.orchestra.run.smithi142.stdout:/usr/bin/ceph: stderr
2024-04-24T08:55:21.368+0000 7f9fe6c00700 1 -- 172.21.15.142:0/4020561526 shutdown_connections
2024-04-24T08:55:22.098 INFO:teuthology.orchestra.run.smithi142.stdout:/usr/bin/ceph: stderr
2024-04-24T08:55:21.368+0000 7f9fe6c00700 1 -- 172.21.15.142:0/4020561526 wait complete.
2024-04-24T08:55:22.098 INFO:teuthology.orchestra.run.smithi142.stdout:Deploying prometheus service with default placement...
2024-04-24T08:55:22.647 INFO:journalctl@ceph.mon.smithi142.smithi142.stdout:Apr 24 08:55:22 smithi142 ceph-mon[25798]: from='client.14148 -' entity='client.admin' cmd=[{"prefix": "orch apply", "service_type": "ceph-exporter", "target": ["mon-mgr", ""]}]: dispatch
2024-04-24T08:55:22.647 INFO:journalctl@ceph.mon.smithi142.smithi142.stdout:Apr 24 08:55:22 smithi142 ceph-mon[25798]: Saving service ceph-exporter spec with placement *
2024-04-24T08:55:22.647 INFO:journalctl@ceph.mon.smithi142.smithi142.stdout:Apr 24 08:55:22 smithi142 ceph-mon[25798]: from='mgr.14120 172.21.15.142:0/1161584179' entity='mgr.smithi142.hsydrs'
2024-04-24T08:55:23.592 INFO:journalctl@ceph.mon.smithi142.smithi142.stdout:Apr 24 08:55:23 smithi142 ceph-mon[25798]: pgmap v4: 0 pgs: ; 0 B data, 0 B used, 0 B / 0 B avail
2024-04-24T08:55:23.593 INFO:journalctl@ceph.mon.smithi142.smithi142.stdout:Apr 24 08:55:23 smithi142 ceph-mon[25798]: from='mgr.14120 172.21.15.142:0/1161584179' entity='mgr.smithi142.hsydrs'
2024-04-24T08:55:23.593 INFO:journalctl@ceph.mon.smithi142.smithi142.stdout:Apr 24 08:55:23 smithi142 ceph-mon[25798]: from='mgr.14120 172.21.15.142:0/1161584179' entity='mgr.smithi142.hsydrs'
2024-04-24T08:55:23.675 INFO:teuthology.orchestra.run.smithi142.stdout:/usr/bin/ceph: stdout Scheduled prometheus update...
2024-04-24T08:55:23.675 INFO:teuthology.orchestra.run.smithi142.stdout:/usr/bin/ceph: stderr
2024-04-24T08:55:22.725+0000 7f7ccde00700 1 Processor -- start
2024-04-24T08:55:23.675 INFO:teuthology.orchestra.run.smithi142.stdout:/usr/bin/ceph: stderr
2024-04-24T08:55:22.725+0000 7f7ccde00700 1 -- start start
2024-04-24T08:55:23.675 INFO:teuthology.orchestra.run.smithi142.stdout:/usr/bin/ceph: stderr
2024-04-24T08:55:22.726+0000 7f7ccde00700 1 --2- >> [v2:172.21.15.142:3300/0,v1:172.21.15.142:6789/0] conn(0x7f7cc8108800 0x7f7cc8108c20 unknown :-1 s=NONE pgs=0 cs=0 l=0 rev1=0 crypto rx=0 tx=0 comp rx=0 tx=0).connect
2024-04-24T08:55:23.675 INFO:teuthology.orchestra.run.smithi142.stdout:/usr/bin/ceph: stderr
2024-04-24T08:55:22.726+0000 7f7ccde00700 1 -- --> [v2:172.21.15.142:3300/0,v1:172.21.15.142:6789/0] -- mon_getmap magic: 0 v1 -- 0x7f7cc81091f0 con 0x7f7cc8108800
2024-04-24T08:55:23.675 INFO:teuthology.orchestra.run.smithi142.stdout:/usr/bin/ceph: stderr
2024-04-24T08:55:22.726+0000 7f7cc6a00700 1 --2- >> [v2:172.21.15.142:3300/0,v1:172.21.15.142:6789/0] conn(0x7f7cc8108800 0x7f7cc8108c20 unknown :-1 s=BANNER_CONNECTING pgs=0 cs=0 l=0 rev1=0 crypto rx=0 tx=0 comp rx=0 tx=0)._handle_peer_banner_payload supported=3 required=0
2024-04-24T08:55:23.675 INFO:teuthology.orchestra.run.smithi142.stdout:/usr/bin/ceph: stderr
2024-04-24T08:55:22.726+0000 7f7cc6a00700 1 --2- >> [v2:172.21.15.142:3300/0,v1:172.21.15.142:6789/0] conn(0x7f7cc8108800 0x7f7cc8108c20 unknown :-1 s=HELLO_CONNECTING pgs=0 cs=0 l=0 rev1=1 crypto rx=0 tx=0 comp rx=0 tx=0).handle_hello peer v2:172.21.15.142:3300/0 says I am v2:172.21.15.142:42394/0 (socket says 172.21.15.142:42394)
2024-04-24T08:55:23.675 INFO:teuthology.orchestra.run.smithi142.stdout:/usr/bin/ceph: stderr
2024-04-24T08:55:22.726+0000 7f7cc6a00700 1 -- 172.21.15.142:0/1989389423 learned_addr learned my addr 172.21.15.142:0/1989389423 (peer_addr_for_me v2:172.21.15.142:0/0)
2024-04-24T08:55:23.675 INFO:teuthology.orchestra.run.smithi142.stdout:/usr/bin/ceph: stderr
2024-04-24T08:55:22.727+0000 7f7cc6a00700 1 -- 172.21.15.142:0/1989389423 --> [v2:172.21.15.142:3300/0,v1:172.21.15.142:6789/0] -- mon_subscribe({config=0+,monmap=0+}) v3 -- 0x7f7cc81099b0 con 0x7f7cc8108800
2024-04-24T08:55:23.680 INFO:teuthology.orchestra.run.smithi142.stdout:/usr/bin/ceph: stderr
2024-04-24T08:55:22.727+0000 7f7cc6a00700 1 --2- 172.21.15.142:0/1989389423 >> [v2:172.21.15.142:3300/0,v1:172.21.15.142:6789/0] conn(0x7f7cc8108800 0x7f7cc8108c20 secure :-1 s=READY pgs=55 cs=0 l=1 rev1=1 crypto rx=0x7f7cb80098a0 tx=0x7f7cb8009bb0 comp rx=0 tx=0).ready entity=mon.0 client_cookie=66de8d249e902bd0 server_cookie=0 in_seq=0 out_seq=0
2024-04-24T08:55:23.680 INFO:teuthology.orchestra.run.smithi142.stdout:/usr/bin/ceph: stderr
2024-04-24T08:55:22.727+0000 7f7cc5600700 1 -- 172.21.15.142:0/1989389423 <== mon.0 v2:172.21.15.142:3300/0 1 ==== mon_map magic: 0 v1 ==== 229+0+0 (secure 0 0 0) 0x7f7cb8004180 con 0x7f7cc8108800
2024-04-24T08:55:23.680 INFO:teuthology.orchestra.run.smithi142.stdout:/usr/bin/ceph: stderr
2024-04-24T08:55:22.727+0000 7f7cc5600700 1 -- 172.21.15.142:0/1989389423 <== mon.0 v2:172.21.15.142:3300/0 2 ==== config(27 keys) v1 ==== 1109+0+0 (secure 0 0 0) 0x7f7cb80042e0 con 0x7f7cc8108800
2024-04-24T08:55:23.680 INFO:teuthology.orchestra.run.smithi142.stdout:/usr/bin/ceph: stderr
2024-04-24T08:55:22.727+0000 7f7cc5600700 1 -- 172.21.15.142:0/1989389423 <== mon.0 v2:172.21.15.142:3300/0 3 ==== mon_map magic: 0 v1 ==== 229+0+0 (secure 0 0 0) 0x7f7cb8011b10 con 0x7f7cc8108800
2024-04-24T08:55:23.681 INFO:teuthology.orchestra.run.smithi142.stdout:/usr/bin/ceph: stderr
2024-04-24T08:55:22.728+0000 7f7ccde00700 1 -- 172.21.15.142:0/1989389423 >> [v2:172.21.15.142:3300/0,v1:172.21.15.142:6789/0] conn(0x7f7cc8108800 msgr2=0x7f7cc8108c20 secure :-1 s=STATE_CONNECTION_ESTABLISHED l=1).mark_down
2024-04-24T08:55:23.681 INFO:teuthology.orchestra.run.smithi142.stdout:/usr/bin/ceph: stderr
2024-04-24T08:55:22.728+0000 7f7ccde00700 1 --2- 172.21.15.142:0/1989389423 >> [v2:172.21.15.142:3300/0,v1:172.21.15.142:6789/0] conn(0x7f7cc8108800 0x7f7cc8108c20 secure :-1 s=READY pgs=55 cs=0 l=1 rev1=1 crypto rx=0x7f7cb80098a0 tx=0x7f7cb8009bb0 comp rx=0 tx=0).stop
2024-04-24T08:55:23.681 INFO:teuthology.orchestra.run.smithi142.stdout:/usr/bin/ceph: stderr
2024-04-24T08:55:22.728+0000 7f7ccde00700 1 -- 172.21.15.142:0/1989389423 shutdown_connections
2024-04-24T08:55:23.681 INFO:teuthology.orchestra.run.smithi142.stdout:/usr/bin/ceph: stderr
2024-04-24T08:55:22.728+0000 7f7ccde00700 1 --2- 172.21.15.142:0/1989389423 >> [v2:172.21.15.142:3300/0,v1:172.21.15.142:6789/0] conn(0x7f7cc8108800 0x7f7cc8108c20 unknown :-1 s=CLOSED pgs=55 cs=0 l=1 rev1=1 crypto rx=0 tx=0 comp rx=0 tx=0).stop
2024-04-24T08:55:23.681 INFO:teuthology.orchestra.run.smithi142.stdout:/usr/bin/ceph: stderr
2024-04-24T08:55:22.728+0000 7f7ccde00700 1 -- 172.21.15.142:0/1989389423 >> 172.21.15.142:0/1989389423 conn(0x7f7cc807bd90 msgr2=0x7f7cc81064f0 unknown :-1 s=STATE_NONE l=0).mark_down
2024-04-24T08:55:23.681 INFO:teuthology.orchestra.run.smithi142.stdout:/usr/bin/ceph: stderr
2024-04-24T08:55:22.728+0000 7f7ccde00700 1 -- 172.21.15.142:0/1989389423 shutdown_connections
2024-04-24T08:55:23.681 INFO:teuthology.orchestra.run.smithi142.stdout:/usr/bin/ceph: stderr
2024-04-24T08:55:22.729+0000 7f7ccde00700 1 -- 172.21.15.142:0/1989389423 wait complete.
2024-04-24T08:55:23.681 INFO:teuthology.orchestra.run.smithi142.stdout:/usr/bin/ceph: stderr
2024-04-24T08:55:22.730+0000 7f7ccde00700 1 Processor -- start
2024-04-24T08:55:23.681 INFO:teuthology.orchestra.run.smithi142.stdout:/usr/bin/ceph: stderr
2024-04-24T08:55:22.730+0000 7f7ccde00700 1 -- start start
2024-04-24T08:55:23.681 INFO:teuthology.orchestra.run.smithi142.stdout:/usr/bin/ceph: stderr
2024-04-24T08:55:22.730+0000 7f7ccde00700 1 --2- >> [v2:172.21.15.142:3300/0,v1:172.21.15.142:6789/0] conn(0x7f7cc8108800 0x7f7cc819c560 unknown :-1 s=NONE pgs=0 cs=0 l=1 rev1=0 crypto rx=0 tx=0 comp rx=0 tx=0).connect
2024-04-24T08:55:23.681 INFO:teuthology.orchestra.run.smithi142.stdout:/usr/bin/ceph: stderr
2024-04-24T08:55:22.730+0000 7f7ccde00700 1 -- --> [v2:172.21.15.142:3300/0,v1:172.21.15.142:6789/0] -- mon_getmap magic: 0 v1 -- 0x7f7cc819caa0 con 0x7f7cc8108800
2024-04-24T08:55:23.681 INFO:teuthology.orchestra.run.smithi142.stdout:/usr/bin/ceph: stderr
2024-04-24T08:55:22.730+0000 7f7cc6a00700 1 --2- >> [v2:172.21.15.142:3300/0,v1:172.21.15.142:6789/0] conn(0x7f7cc8108800 0x7f7cc819c560 unknown :-1 s=BANNER_CONNECTING pgs=0 cs=0 l=1 rev1=0 crypto rx=0 tx=0 comp rx=0 tx=0)._handle_peer_banner_payload supported=3 required=0
2024-04-24T08:55:23.681 INFO:teuthology.orchestra.run.smithi142.stdout:/usr/bin/ceph: stderr
2024-04-24T08:55:22.731+0000 7f7cc6a00700 1 --2- >> [v2:172.21.15.142:3300/0,v1:172.21.15.142:6789/0] conn(0x7f7cc8108800 0x7f7cc819c560 unknown :-1 s=HELLO_CONNECTING pgs=0 cs=0 l=1 rev1=1 crypto rx=0 tx=0 comp rx=0 tx=0).handle_hello peer v2:172.21.15.142:3300/0 says I am v2:172.21.15.142:42404/0 (socket says 172.21.15.142:42404)
2024-04-24T08:55:23.682 INFO:teuthology.orchestra.run.smithi142.stdout:/usr/bin/ceph: stderr
2024-04-24T08:55:22.731+0000 7f7cc6a00700 1 -- 172.21.15.142:0/770585295 learned_addr learned my addr 172.21.15.142:0/770585295 (peer_addr_for_me v2:172.21.15.142:0/0)
2024-04-24T08:55:23.682 INFO:teuthology.orchestra.run.smithi142.stdout:/usr/bin/ceph: stderr
2024-04-24T08:55:22.731+0000 7f7cc6a00700 1 -- 172.21.15.142:0/770585295 --> [v2:172.21.15.142:3300/0,v1:172.21.15.142:6789/0] -- mon_subscribe({config=0+,monmap=0+}) v3 -- 0x7f7cb8009550 con 0x7f7cc8108800
2024-04-24T08:55:23.682 INFO:teuthology.orchestra.run.smithi142.stdout:/usr/bin/ceph: stderr
2024-04-24T08:55:22.731+0000 7f7cc6a00700 1 --2- 172.21.15.142:0/770585295 >> [v2:172.21.15.142:3300/0,v1:172.21.15.142:6789/0] conn(0x7f7cc8108800 0x7f7cc819c560 secure :-1 s=READY pgs=56 cs=0 l=1 rev1=1 crypto rx=0x7f7cb80117b0 tx=0x7f7cb8011890 comp rx=0 tx=0).ready entity=mon.0 client_cookie=0 server_cookie=0 in_seq=0 out_seq=0
2024-04-24T08:55:23.682 INFO:teuthology.orchestra.run.smithi142.stdout:/usr/bin/ceph: stderr
2024-04-24T08:55:22.732+0000 7f7ccca00700 1 -- 172.21.15.142:0/770585295 <== mon.0 v2:172.21.15.142:3300/0 1 ==== mon_map magic: 0 v1 ==== 229+0+0 (secure 0 0 0) 0x7f7cb80038b0 con 0x7f7cc8108800
2024-04-24T08:55:23.682 INFO:teuthology.orchestra.run.smithi142.stdout:/usr/bin/ceph: stderr
2024-04-24T08:55:22.732+0000 7f7ccca00700 1 -- 172.21.15.142:0/770585295 <== mon.0 v2:172.21.15.142:3300/0 2 ==== config(27 keys) v1 ==== 1109+0+0 (secure 0 0 0) 0x7f7cb8003a10 con 0x7f7cc8108800
2024-04-24T08:55:23.682 INFO:teuthology.orchestra.run.smithi142.stdout:/usr/bin/ceph: stderr
2024-04-24T08:55:22.732+0000 7f7ccca00700 1 -- 172.21.15.142:0/770585295 <== mon.0 v2:172.21.15.142:3300/0 3 ==== mon_map magic: 0 v1 ==== 229+0+0 (secure 0 0 0) 0x7f7cb80246e0 con 0x7f7cc8108800
2024-04-24T08:55:23.682 INFO:teuthology.orchestra.run.smithi142.stdout:/usr/bin/ceph: stderr
2024-04-24T08:55:22.732+0000 7f7ccde00700 1 -- 172.21.15.142:0/770585295 --> [v2:172.21.15.142:3300/0,v1:172.21.15.142:6789/0] -- mon_subscribe({mgrmap=0+}) v3 -- 0x7f7cc819cca0 con 0x7f7cc8108800
2024-04-24T08:55:23.682 INFO:teuthology.orchestra.run.smithi142.stdout:/usr/bin/ceph: stderr
2024-04-24T08:55:22.732+0000 7f7ccde00700 1 -- 172.21.15.142:0/770585295 --> [v2:172.21.15.142:3300/0,v1:172.21.15.142:6789/0] -- mon_subscribe({osdmap=0}) v3 -- 0x7f7cc819d140 con 0x7f7cc8108800
2024-04-24T08:55:23.682 INFO:teuthology.orchestra.run.smithi142.stdout:/usr/bin/ceph: stderr
2024-04-24T08:55:22.733+0000 7f7ccde00700 1 -- 172.21.15.142:0/770585295 --> [v2:172.21.15.142:3300/0,v1:172.21.15.142:6789/0] -- mon_command({"prefix": "get_command_descriptions"} v 0) v1 -- 0x7f7cc810cbe0 con 0x7f7cc8108800
2024-04-24T08:55:23.682 INFO:teuthology.orchestra.run.smithi142.stdout:/usr/bin/ceph: stderr
2024-04-24T08:55:22.733+0000 7f7ccca00700 1 -- 172.21.15.142:0/770585295 <== mon.0 v2:172.21.15.142:3300/0 4 ==== mgrmap(e 8) v1 ==== 45556+0+0 (secure 0 0 0) 0x7f7cb801ab80 con 0x7f7cc8108800
2024-04-24T08:55:23.682 INFO:teuthology.orchestra.run.smithi142.stdout:/usr/bin/ceph: stderr
2024-04-24T08:55:22.734+0000 7f7ccca00700 1 --2- 172.21.15.142:0/770585295 >> [v2:172.21.15.142:6800/918629284,v1:172.21.15.142:6801/918629284] conn(0x7f7cac038720 0x7f7cac03abe0 unknown :-1 s=NONE pgs=0 cs=0 l=1 rev1=0 crypto rx=0 tx=0 comp rx=0 tx=0).connect
2024-04-24T08:55:23.683 INFO:teuthology.orchestra.run.smithi142.stdout:/usr/bin/ceph: stderr
2024-04-24T08:55:22.734+0000 7f7ccca00700 1 -- 172.21.15.142:0/770585295 <== mon.0 v2:172.21.15.142:3300/0 5 ==== osd_map(2..2 src has 1..2) v4 ==== 940+0+0 (secure 0 0 0) 0x7f7cb804c930 con 0x7f7cc8108800
2024-04-24T08:55:23.683 INFO:teuthology.orchestra.run.smithi142.stdout:/usr/bin/ceph: stderr
2024-04-24T08:55:22.734+0000 7f7cc6000700 1 --2- 172.21.15.142:0/770585295 >> [v2:172.21.15.142:6800/918629284,v1:172.21.15.142:6801/918629284] conn(0x7f7cac038720 0x7f7cac03abe0 unknown :-1 s=BANNER_CONNECTING pgs=0 cs=0 l=1 rev1=0 crypto rx=0 tx=0 comp rx=0 tx=0)._handle_peer_banner_payload supported=3 required=0
2024-04-24T08:55:23.683 INFO:teuthology.orchestra.run.smithi142.stdout:/usr/bin/ceph: stderr
2024-04-24T08:55:22.735+0000 7f7cc6000700 1 --2- 172.21.15.142:0/770585295 >> [v2:172.21.15.142:6800/918629284,v1:172.21.15.142:6801/918629284] conn(0x7f7cac038720 0x7f7cac03abe0 secure :-1 s=READY pgs=16 cs=0 l=1 rev1=1 crypto rx=0x7f7cb4006fd0 tx=0x7f7cb4006e40 comp rx=0 tx=0).ready entity=mgr.14120 client_cookie=0 server_cookie=0 in_seq=0 out_seq=0
2024-04-24T08:55:23.683 INFO:teuthology.orchestra.run.smithi142.stdout:/usr/bin/ceph: stderr
2024-04-24T08:55:22.739+0000 7f7ccca00700 1 -- 172.21.15.142:0/770585295 <== mon.0 v2:172.21.15.142:3300/0 6 ==== mon_command_ack([{"prefix": "get_command_descriptions"}]=0 v0) v1 ==== 72+0+183351 (secure 0 0 0) 0x7f7cb8018ba0 con 0x7f7cc8108800
2024-04-24T08:55:23.683 INFO:teuthology.orchestra.run.smithi142.stdout:/usr/bin/ceph: stderr
2024-04-24T08:55:22.975+0000 7f7ccde00700 1 -- 172.21.15.142:0/770585295 --> [v2:172.21.15.142:6800/918629284,v1:172.21.15.142:6801/918629284] -- mgr_command(tid 0: {"prefix": "orch apply", "service_type": "prometheus", "target": ["mon-mgr", ""]}) v1 -- 0x7f7cc819f9e0 con 0x7f7cac038720
2024-04-24T08:55:23.683 INFO:teuthology.orchestra.run.smithi142.stdout:/usr/bin/ceph: stderr
2024-04-24T08:55:22.981+0000 7f7ccca00700 1 -- 172.21.15.142:0/770585295 <== mgr.14120 v2:172.21.15.142:6800/918629284 1 ==== mgr_command_reply(tid 0: 0 ) v1 ==== 8+0+31 (secure 0 0 0) 0x7f7cc819f9e0 con 0x7f7cac038720
2024-04-24T08:55:23.683 INFO:teuthology.orchestra.run.smithi142.stdout:/usr/bin/ceph: stderr
2024-04-24T08:55:22.984+0000 7f7ccde00700 1 -- 172.21.15.142:0/770585295 >> [v2:172.21.15.142:6800/918629284,v1:172.21.15.142:6801/918629284] conn(0x7f7cac038720 msgr2=0x7f7cac03abe0 secure :-1 s=STATE_CONNECTION_ESTABLISHED l=1).mark_down
2024-04-24T08:55:23.683 INFO:teuthology.orchestra.run.smithi142.stdout:/usr/bin/ceph: stderr
2024-04-24T08:55:22.984+0000 7f7ccde00700 1 --2- 172.21.15.142:0/770585295 >> [v2:172.21.15.142:6800/918629284,v1:172.21.15.142:6801/918629284] conn(0x7f7cac038720 0x7f7cac03abe0 secure :-1 s=READY pgs=16 cs=0 l=1 rev1=1 crypto rx=0x7f7cb4006fd0 tx=0x7f7cb4006e40 comp rx=0 tx=0).stop
2024-04-24T08:55:23.683 INFO:teuthology.orchestra.run.smithi142.stdout:/usr/bin/ceph: stderr
2024-04-24T08:55:22.984+0000 7f7ccde00700 1 -- 172.21.15.142:0/770585295 >> [v2:172.21.15.142:3300/0,v1:172.21.15.142:6789/0] conn(0x7f7cc8108800 msgr2=0x7f7cc819c560 secure :-1 s=STATE_CONNECTION_ESTABLISHED l=1).mark_down
2024-04-24T08:55:23.683 INFO:teuthology.orchestra.run.smithi142.stdout:/usr/bin/ceph: stderr
2024-04-24T08:55:22.984+0000 7f7ccde00700 1 --2- 172.21.15.142:0/770585295 >> [v2:172.21.15.142:3300/0,v1:172.21.15.142:6789/0] conn(0x7f7cc8108800 0x7f7cc819c560 secure :-1 s=READY pgs=56 cs=0 l=1 rev1=1 crypto rx=0x7f7cb80117b0 tx=0x7f7cb8011890 comp rx=0 tx=0).stop
2024-04-24T08:55:23.683 INFO:teuthology.orchestra.run.smithi142.stdout:/usr/bin/ceph: stderr
2024-04-24T08:55:22.984+0000 7f7ccde00700 1 -- 172.21.15.142:0/770585295 shutdown_connections
2024-04-24T08:55:23.683 INFO:teuthology.orchestra.run.smithi142.stdout:/usr/bin/ceph: stderr
2024-04-24T08:55:22.984+0000 7f7ccde00700 1 --2- 172.21.15.142:0/770585295 >> [v2:172.21.15.142:6800/918629284,v1:172.21.15.142:6801/918629284] conn(0x7f7cac038720 0x7f7cac03abe0 unknown :-1 s=CLOSED pgs=16 cs=0 l=1 rev1=1 crypto rx=0 tx=0 comp rx=0 tx=0).stop
2024-04-24T08:55:23.684 INFO:teuthology.orchestra.run.smithi142.stdout:/usr/bin/ceph: stderr
2024-04-24T08:55:22.984+0000 7f7ccde00700 1 --2- 172.21.15.142:0/770585295 >> [v2:172.21.15.142:3300/0,v1:172.21.15.142:6789/0] conn(0x7f7cc8108800 0x7f7cc819c560 unknown :-1 s=CLOSED pgs=56 cs=0 l=1 rev1=1 crypto rx=0 tx=0 comp rx=0 tx=0).stop
2024-04-24T08:55:23.684 INFO:teuthology.orchestra.run.smithi142.stdout:/usr/bin/ceph: stderr
2024-04-24T08:55:22.984+0000 7f7ccde00700 1 -- 172.21.15.142:0/770585295 >> 172.21.15.142:0/770585295 conn(0x7f7cc807bd90 msgr2=0x7f7cc8105c90 unknown :-1 s=STATE_NONE l=0).mark_down
2024-04-24T08:55:23.684 INFO:teuthology.orchestra.run.smithi142.stdout:/usr/bin/ceph: stderr
2024-04-24T08:55:22.984+0000 7f7ccde00700 1 -- 172.21.15.142:0/770585295 shutdown_connections
2024-04-24T08:55:23.684 INFO:teuthology.orchestra.run.smithi142.stdout:/usr/bin/ceph: stderr
2024-04-24T08:55:22.984+0000 7f7ccde00700 1 -- 172.21.15.142:0/770585295 wait complete.
2024-04-24T08:55:23.684 INFO:teuthology.orchestra.run.smithi142.stdout:Deploying grafana service with default placement...
2024-04-24T08:55:24.531 INFO:journalctl@ceph.mon.smithi142.smithi142.stdout:Apr 24 08:55:24 smithi142 ceph-mon[25798]: from='client.14150 -' entity='client.admin' cmd=[{"prefix": "orch apply", "service_type": "prometheus", "target": ["mon-mgr", ""]}]: dispatch
2024-04-24T08:55:24.531 INFO:journalctl@ceph.mon.smithi142.smithi142.stdout:Apr 24 08:55:24 smithi142 ceph-mon[25798]: Saving service prometheus spec with placement count:1
2024-04-24T08:55:25.503 INFO:journalctl@ceph.mon.smithi142.smithi142.stdout:Apr 24 08:55:25 smithi142 ceph-mon[25798]: pgmap v5: 0 pgs: ; 0 B data, 0 B used, 0 B / 0 B avail
2024-04-24T08:55:25.504 INFO:journalctl@ceph.mon.smithi142.smithi142.stdout:Apr 24 08:55:25 smithi142 ceph-mon[25798]: from='mgr.14120 172.21.15.142:0/1161584179' entity='mgr.smithi142.hsydrs'
2024-04-24T08:55:25.522 INFO:teuthology.orchestra.run.smithi142.stdout:/usr/bin/ceph: stdout Scheduled grafana update...
2024-04-24T08:55:25.522 INFO:teuthology.orchestra.run.smithi142.stdout:/usr/bin/ceph: stderr
2024-04-24T08:55:24.531+0000 7f62d7000700 1 Processor -- start
2024-04-24T08:55:25.522 INFO:teuthology.orchestra.run.smithi142.stdout:/usr/bin/ceph: stderr
2024-04-24T08:55:24.531+0000 7f62d7000700 1 -- start start
2024-04-24T08:55:25.522 INFO:teuthology.orchestra.run.smithi142.stdout:/usr/bin/ceph: stderr
2024-04-24T08:55:24.531+0000 7f62d7000700 1 --2- >> [v2:172.21.15.142:3300/0,v1:172.21.15.142:6789/0] conn(0x7f62d007ad90 0x7f62d00791f0 unknown :-1 s=NONE pgs=0 cs=0 l=0 rev1=0 crypto rx=0 tx=0 comp rx=0 tx=0).connect
2024-04-24T08:55:25.522 INFO:teuthology.orchestra.run.smithi142.stdout:/usr/bin/ceph: stderr
2024-04-24T08:55:24.531+0000 7f62d7000700 1 -- --> [v2:172.21.15.142:3300/0,v1:172.21.15.142:6789/0] -- mon_getmap magic: 0 v1 -- 0x7f62d00797c0 con 0x7f62d007ad90
2024-04-24T08:55:25.522 INFO:teuthology.orchestra.run.smithi142.stdout:/usr/bin/ceph: stderr
2024-04-24T08:55:24.532+0000 7f62cfe00700 1 --2- >> [v2:172.21.15.142:3300/0,v1:172.21.15.142:6789/0] conn(0x7f62d007ad90 0x7f62d00791f0 unknown :-1 s=BANNER_CONNECTING pgs=0 cs=0 l=0 rev1=0 crypto rx=0 tx=0 comp rx=0 tx=0)._handle_peer_banner_payload supported=3 required=0
2024-04-24T08:55:25.522 INFO:teuthology.orchestra.run.smithi142.stdout:/usr/bin/ceph: stderr
2024-04-24T08:55:24.532+0000 7f62cfe00700 1 --2- >> [v2:172.21.15.142:3300/0,v1:172.21.15.142:6789/0] conn(0x7f62d007ad90 0x7f62d00791f0 unknown :-1 s=HELLO_CONNECTING pgs=0 cs=0 l=0 rev1=1 crypto rx=0 tx=0 comp rx=0 tx=0).handle_hello peer v2:172.21.15.142:3300/0 says I am v2:172.21.15.142:42418/0 (socket says 172.21.15.142:42418)
2024-04-24T08:55:25.522 INFO:teuthology.orchestra.run.smithi142.stdout:/usr/bin/ceph: stderr
2024-04-24T08:55:24.532+0000 7f62cfe00700 1 -- 172.21.15.142:0/3922136051 learned_addr learned my addr 172.21.15.142:0/3922136051 (peer_addr_for_me v2:172.21.15.142:0/0)
2024-04-24T08:55:25.522 INFO:teuthology.orchestra.run.smithi142.stdout:/usr/bin/ceph: stderr
2024-04-24T08:55:24.532+0000 7f62cfe00700 1 -- 172.21.15.142:0/3922136051 --> [v2:172.21.15.142:3300/0,v1:172.21.15.142:6789/0] -- mon_subscribe({config=0+,monmap=0+}) v3 -- 0x7f62d0079900 con 0x7f62d007ad90
2024-04-24T08:55:25.522 INFO:teuthology.orchestra.run.smithi142.stdout:/usr/bin/ceph: stderr
2024-04-24T08:55:24.533+0000 7f62cfe00700 1 --2- 172.21.15.142:0/3922136051 >> [v2:172.21.15.142:3300/0,v1:172.21.15.142:6789/0] conn(0x7f62d007ad90 0x7f62d00791f0 secure :-1 s=READY pgs=57 cs=0 l=1 rev1=1 crypto rx=0x7f62c00098a0 tx=0x7f62c0009bb0 comp rx=0 tx=0).ready entity=mon.0 client_cookie=1168608c7194219f server_cookie=0 in_seq=0 out_seq=0
2024-04-24T08:55:25.522 INFO:teuthology.orchestra.run.smithi142.stdout:/usr/bin/ceph: stderr
2024-04-24T08:55:24.533+0000 7f62cea00700 1 -- 172.21.15.142:0/3922136051 <== mon.0 v2:172.21.15.142:3300/0 1 ==== mon_map magic: 0 v1 ==== 229+0+0 (secure 0 0 0) 0x7f62c0004180 con 0x7f62d007ad90
2024-04-24T08:55:25.522 INFO:teuthology.orchestra.run.smithi142.stdout:/usr/bin/ceph: stderr
2024-04-24T08:55:24.533+0000 7f62cea00700 1 -- 172.21.15.142:0/3922136051 <== mon.0 v2:172.21.15.142:3300/0 2 ==== config(27 keys) v1 ==== 1109+0+0 (secure 0 0 0) 0x7f62c00042e0 con 0x7f62d007ad90
2024-04-24T08:55:25.523 INFO:teuthology.orchestra.run.smithi142.stdout:/usr/bin/ceph: stderr
2024-04-24T08:55:24.533+0000 7f62cea00700 1 -- 172.21.15.142:0/3922136051 <== mon.0 v2:172.21.15.142:3300/0 3 ==== mon_map magic: 0 v1 ==== 229+0+0 (secure 0 0 0) 0x7f62c0011b10 con 0x7f62d007ad90
2024-04-24T08:55:25.523 INFO:teuthology.orchestra.run.smithi142.stdout:/usr/bin/ceph: stderr
2024-04-24T08:55:24.534+0000 7f62d7000700 1 -- 172.21.15.142:0/3922136051 >> [v2:172.21.15.142:3300/0,v1:172.21.15.142:6789/0] conn(0x7f62d007ad90 msgr2=0x7f62d00791f0 secure :-1 s=STATE_CONNECTION_ESTABLISHED l=1).mark_down
2024-04-24T08:55:25.523 INFO:teuthology.orchestra.run.smithi142.stdout:/usr/bin/ceph: stderr
2024-04-24T08:55:24.534+0000 7f62d7000700 1 --2- 172.21.15.142:0/3922136051 >> [v2:172.21.15.142:3300/0,v1:172.21.15.142:6789/0] conn(0x7f62d007ad90 0x7f62d00791f0 secure :-1 s=READY pgs=57 cs=0 l=1 rev1=1 crypto rx=0x7f62c00098a0 tx=0x7f62c0009bb0 comp rx=0 tx=0).stop
2024-04-24T08:55:25.524 INFO:teuthology.orchestra.run.smithi142.stdout:/usr/bin/ceph: stderr
2024-04-24T08:55:24.534+0000 7f62d7000700 1 -- 172.21.15.142:0/3922136051 shutdown_connections
2024-04-24T08:55:25.524 INFO:teuthology.orchestra.run.smithi142.stdout:/usr/bin/ceph: stderr
2024-04-24T08:55:24.534+0000 7f62d7000700 1 --2- 172.21.15.142:0/3922136051 >> [v2:172.21.15.142:3300/0,v1:172.21.15.142:6789/0] conn(0x7f62d007ad90 0x7f62d00791f0 unknown :-1 s=CLOSED pgs=57 cs=0 l=1 rev1=1 crypto rx=0 tx=0 comp rx=0 tx=0).stop
2024-04-24T08:55:25.524 INFO:teuthology.orchestra.run.smithi142.stdout:/usr/bin/ceph: stderr
2024-04-24T08:55:24.534+0000 7f62d7000700 1 -- 172.21.15.142:0/3922136051 >> 172.21.15.142:0/3922136051 conn(0x7f62d0101ba0 msgr2=0x7f62d0103fc0 unknown :-1 s=STATE_NONE l=0).mark_down
2024-04-24T08:55:25.524 INFO:teuthology.orchestra.run.smithi142.stdout:/usr/bin/ceph: stderr
2024-04-24T08:55:24.534+0000 7f62d7000700 1 -- 172.21.15.142:0/3922136051 shutdown_connections
2024-04-24T08:55:25.524 INFO:teuthology.orchestra.run.smithi142.stdout:/usr/bin/ceph: stderr
2024-04-24T08:55:24.534+0000 7f62d7000700 1 -- 172.21.15.142:0/3922136051 wait complete.
2024-04-24T08:55:25.524 INFO:teuthology.orchestra.run.smithi142.stdout:/usr/bin/ceph: stderr
2024-04-24T08:55:24.535+0000 7f62d7000700 1 Processor -- start
2024-04-24T08:55:25.524 INFO:teuthology.orchestra.run.smithi142.stdout:/usr/bin/ceph: stderr
2024-04-24T08:55:24.535+0000 7f62d7000700 1 -- start start
2024-04-24T08:55:25.524 INFO:teuthology.orchestra.run.smithi142.stdout:/usr/bin/ceph: stderr
2024-04-24T08:55:24.535+0000 7f62d7000700 1 --2- >> [v2:172.21.15.142:3300/0,v1:172.21.15.142:6789/0] conn(0x7f62d007ad90 0x7f62d019c590 unknown :-1 s=NONE pgs=0 cs=0 l=1 rev1=0 crypto rx=0 tx=0 comp rx=0 tx=0).connect
2024-04-24T08:55:25.524 INFO:teuthology.orchestra.run.smithi142.stdout:/usr/bin/ceph: stderr
2024-04-24T08:55:24.535+0000 7f62d7000700 1 -- --> [v2:172.21.15.142:3300/0,v1:172.21.15.142:6789/0] -- mon_getmap magic: 0 v1 -- 0x7f62d019cad0 con 0x7f62d007ad90
2024-04-24T08:55:25.524 INFO:teuthology.orchestra.run.smithi142.stdout:/usr/bin/ceph: stderr
2024-04-24T08:55:24.536+0000 7f62cfe00700 1 --2- >> [v2:172.21.15.142:3300/0,v1:172.21.15.142:6789/0] conn(0x7f62d007ad90 0x7f62d019c590 unknown :-1 s=BANNER_CONNECTING pgs=0 cs=0 l=1 rev1=0 crypto rx=0 tx=0 comp rx=0 tx=0)._handle_peer_banner_payload supported=3 required=0
2024-04-24T08:55:25.524 INFO:teuthology.orchestra.run.smithi142.stdout:/usr/bin/ceph: stderr
2024-04-24T08:55:24.536+0000 7f62cfe00700 1 --2- >> [v2:172.21.15.142:3300/0,v1:172.21.15.142:6789/0] conn(0x7f62d007ad90 0x7f62d019c590 unknown :-1 s=HELLO_CONNECTING pgs=0 cs=0 l=1 rev1=1 crypto rx=0 tx=0 comp rx=0 tx=0).handle_hello peer v2:172.21.15.142:3300/0 says I am v2:172.21.15.142:42434/0 (socket says 172.21.15.142:42434)
2024-04-24T08:55:25.524 INFO:teuthology.orchestra.run.smithi142.stdout:/usr/bin/ceph: stderr
2024-04-24T08:55:24.536+0000 7f62cfe00700 1 -- 172.21.15.142:0/3253171218 learned_addr learned my addr 172.21.15.142:0/3253171218 (peer_addr_for_me v2:172.21.15.142:0/0)
2024-04-24T08:55:25.525 INFO:teuthology.orchestra.run.smithi142.stdout:/usr/bin/ceph: stderr
2024-04-24T08:55:24.536+0000 7f62cfe00700 1 -- 172.21.15.142:0/3253171218 --> [v2:172.21.15.142:3300/0,v1:172.21.15.142:6789/0] -- mon_subscribe({config=0+,monmap=0+}) v3 -- 0x7f62c0009550 con 0x7f62d007ad90
2024-04-24T08:55:25.525 INFO:teuthology.orchestra.run.smithi142.stdout:/usr/bin/ceph: stderr
2024-04-24T08:55:24.536+0000 7f62cfe00700 1 --2- 172.21.15.142:0/3253171218 >> [v2:172.21.15.142:3300/0,v1:172.21.15.142:6789/0] conn(0x7f62d007ad90 0x7f62d019c590 secure :-1 s=READY pgs=58 cs=0 l=1 rev1=1 crypto rx=0x7f62c0004210 tx=0x7f62c0011940 comp rx=0 tx=0).ready entity=mon.0 client_cookie=0 server_cookie=0 in_seq=0 out_seq=0
2024-04-24T08:55:25.525 INFO:teuthology.orchestra.run.smithi142.stdout:/usr/bin/ceph: stderr
2024-04-24T08:55:24.536+0000 7f62ccc00700 1 -- 172.21.15.142:0/3253171218 <== mon.0 v2:172.21.15.142:3300/0 1 ==== mon_map magic: 0 v1 ==== 229+0+0 (secure 0 0 0) 0x7f62c00038b0 con 0x7f62d007ad90
2024-04-24T08:55:25.525 INFO:teuthology.orchestra.run.smithi142.stdout:/usr/bin/ceph: stderr
2024-04-24T08:55:24.536+0000 7f62ccc00700 1 -- 172.21.15.142:0/3253171218 <== mon.0 v2:172.21.15.142:3300/0 2 ==== config(27 keys) v1 ==== 1109+0+0 (secure 0 0 0) 0x7f62c0003a10 con 0x7f62d007ad90
2024-04-24T08:55:25.525 INFO:teuthology.orchestra.run.smithi142.stdout:/usr/bin/ceph: stderr
2024-04-24T08:55:24.537+0000 7f62ccc00700 1 -- 172.21.15.142:0/3253171218 <== mon.0 v2:172.21.15.142:3300/0 3 ==== mon_map magic: 0 v1 ==== 229+0+0 (secure 0 0 0) 0x7f62c0024650 con 0x7f62d007ad90
2024-04-24T08:55:25.525 INFO:teuthology.orchestra.run.smithi142.stdout:/usr/bin/ceph: stderr
2024-04-24T08:55:24.537+0000 7f62d7000700 1 -- 172.21.15.142:0/3253171218 --> [v2:172.21.15.142:3300/0,v1:172.21.15.142:6789/0] -- mon_subscribe({mgrmap=0+}) v3 -- 0x7f62d019ccd0 con 0x7f62d007ad90
2024-04-24T08:55:25.525 INFO:teuthology.orchestra.run.smithi142.stdout:/usr/bin/ceph: stderr
2024-04-24T08:55:24.537+0000 7f62d7000700 1 -- 172.21.15.142:0/3253171218 --> [v2:172.21.15.142:3300/0,v1:172.21.15.142:6789/0] -- mon_subscribe({osdmap=0}) v3 -- 0x7f62d019d170 con 0x7f62d007ad90
2024-04-24T08:55:25.525 INFO:teuthology.orchestra.run.smithi142.stdout:/usr/bin/ceph: stderr
2024-04-24T08:55:24.538+0000 7f62ccc00700 1 -- 172.21.15.142:0/3253171218 <== mon.0 v2:172.21.15.142:3300/0 4 ==== mgrmap(e 8) v1 ==== 45556+0+0 (secure 0 0 0) 0x7f62c001a430 con 0x7f62d007ad90
2024-04-24T08:55:25.525 INFO:teuthology.orchestra.run.smithi142.stdout:/usr/bin/ceph: stderr
2024-04-24T08:55:24.538+0000 7f62d7000700 1 -- 172.21.15.142:0/3253171218 --> [v2:172.21.15.142:3300/0,v1:172.21.15.142:6789/0] -- mon_command({"prefix": "get_command_descriptions"} v 0) v1 -- 0x7f62d010c980 con 0x7f62d007ad90
2024-04-24T08:55:25.525 INFO:teuthology.orchestra.run.smithi142.stdout:/usr/bin/ceph: stderr
2024-04-24T08:55:24.538+0000 7f62ccc00700 1 --2- 172.21.15.142:0/3253171218 >> [v2:172.21.15.142:6800/918629284,v1:172.21.15.142:6801/918629284] conn(0x7f62b4038720 0x7f62b403abe0 unknown :-1 s=NONE pgs=0 cs=0 l=1 rev1=0 crypto rx=0 tx=0 comp rx=0 tx=0).connect
2024-04-24T08:55:25.525 INFO:teuthology.orchestra.run.smithi142.stdout:/usr/bin/ceph: stderr
2024-04-24T08:55:24.538+0000 7f62ccc00700 1 -- 172.21.15.142:0/3253171218 <== mon.0 v2:172.21.15.142:3300/0 5 ==== osd_map(2..2 src has 1..2) v4 ==== 940+0+0 (secure 0 0 0) 0x7f62c004c710 con 0x7f62d007ad90
2024-04-24T08:55:25.525 INFO:teuthology.orchestra.run.smithi142.stdout:/usr/bin/ceph: stderr
2024-04-24T08:55:24.538+0000 7f62cf400700 1 --2- 172.21.15.142:0/3253171218 >> [v2:172.21.15.142:6800/918629284,v1:172.21.15.142:6801/918629284] conn(0x7f62b4038720 0x7f62b403abe0 unknown :-1 s=BANNER_CONNECTING pgs=0 cs=0 l=1 rev1=0 crypto rx=0 tx=0 comp rx=0 tx=0)._handle_peer_banner_payload supported=3 required=0
2024-04-24T08:55:25.525 INFO:teuthology.orchestra.run.smithi142.stdout:/usr/bin/ceph: stderr
2024-04-24T08:55:24.539+0000 7f62cf400700 1 --2- 172.21.15.142:0/3253171218 >> [v2:172.21.15.142:6800/918629284,v1:172.21.15.142:6801/918629284] conn(0x7f62b4038720 0x7f62b403abe0 secure :-1 s=READY pgs=17 cs=0 l=1 rev1=1 crypto rx=0x7f62bc006fd0 tx=0x7f62bc006e40 comp rx=0 tx=0).ready entity=mgr.14120 client_cookie=0 server_cookie=0 in_seq=0 out_seq=0
2024-04-24T08:55:25.525 INFO:teuthology.orchestra.run.smithi142.stdout:/usr/bin/ceph: stderr
2024-04-24T08:55:24.543+0000 7f62ccc00700 1 -- 172.21.15.142:0/3253171218 <== mon.0 v2:172.21.15.142:3300/0 6 ==== mon_command_ack([{"prefix": "get_command_descriptions"}]=0 v0) v1 ==== 72+0+183351 (secure 0 0 0) 0x7f62c0024e30 con 0x7f62d007ad90
2024-04-24T08:55:25.526 INFO:teuthology.orchestra.run.smithi142.stdout:/usr/bin/ceph: stderr
2024-04-24T08:55:24.783+0000 7f62d7000700 1 -- 172.21.15.142:0/3253171218 --> [v2:172.21.15.142:6800/918629284,v1:172.21.15.142:6801/918629284] -- mgr_command(tid 0: {"prefix": "orch apply", "service_type": "grafana", "target": ["mon-mgr", ""]}) v1 -- 0x7f62d0102eb0 con 0x7f62b4038720
2024-04-24T08:55:25.526 INFO:teuthology.orchestra.run.smithi142.stdout:/usr/bin/ceph: stderr
2024-04-24T08:55:24.790+0000 7f62ccc00700 1 -- 172.21.15.142:0/3253171218 <== mgr.14120 v2:172.21.15.142:6800/918629284 1 ==== mgr_command_reply(tid 0: 0 ) v1 ==== 8+0+28 (secure 0 0 0) 0x7f62d0102eb0 con 0x7f62b4038720
2024-04-24T08:55:25.526 INFO:teuthology.orchestra.run.smithi142.stdout:/usr/bin/ceph: stderr
2024-04-24T08:55:24.793+0000 7f62d7000700 1 -- 172.21.15.142:0/3253171218 >> [v2:172.21.15.142:6800/918629284,v1:172.21.15.142:6801/918629284] conn(0x7f62b4038720 msgr2=0x7f62b403abe0 secure :-1 s=STATE_CONNECTION_ESTABLISHED l=1).mark_down
2024-04-24T08:55:25.526 INFO:teuthology.orchestra.run.smithi142.stdout:/usr/bin/ceph: stderr
2024-04-24T08:55:24.793+0000 7f62d7000700 1 --2- 172.21.15.142:0/3253171218 >> [v2:172.21.15.142:6800/918629284,v1:172.21.15.142:6801/918629284] conn(0x7f62b4038720 0x7f62b403abe0 secure :-1 s=READY pgs=17 cs=0 l=1 rev1=1 crypto rx=0x7f62bc006fd0 tx=0x7f62bc006e40 comp rx=0 tx=0).stop
2024-04-24T08:55:25.526 INFO:teuthology.orchestra.run.smithi142.stdout:/usr/bin/ceph: stderr
2024-04-24T08:55:24.793+0000 7f62d7000700 1 -- 172.21.15.142:0/3253171218 >> [v2:172.21.15.142:3300/0,v1:172.21.15.142:6789/0] conn(0x7f62d007ad90 msgr2=0x7f62d019c590 secure :-1 s=STATE_CONNECTION_ESTABLISHED l=1).mark_down
2024-04-24T08:55:25.526 INFO:teuthology.orchestra.run.smithi142.stdout:/usr/bin/ceph: stderr
2024-04-24T08:55:24.793+0000 7f62d7000700 1 --2- 172.21.15.142:0/3253171218 >> [v2:172.21.15.142:3300/0,v1:172.21.15.142:6789/0] conn(0x7f62d007ad90 0x7f62d019c590 secure :-1 s=READY pgs=58 cs=0 l=1 rev1=1 crypto rx=0x7f62c0004210 tx=0x7f62c0011940 comp rx=0 tx=0).stop
2024-04-24T08:55:25.526 INFO:teuthology.orchestra.run.smithi142.stdout:/usr/bin/ceph: stderr
2024-04-24T08:55:24.793+0000 7f62d7000700 1 -- 172.21.15.142:0/3253171218 shutdown_connections
2024-04-24T08:55:25.526 INFO:teuthology.orchestra.run.smithi142.stdout:/usr/bin/ceph: stderr
2024-04-24T08:55:24.793+0000 7f62d7000700 1 --2- 172.21.15.142:0/3253171218 >> [v2:172.21.15.142:6800/918629284,v1:172.21.15.142:6801/918629284] conn(0x7f62b4038720 0x7f62b403abe0 unknown :-1 s=CLOSED pgs=17 cs=0 l=1 rev1=1 crypto rx=0 tx=0 comp rx=0 tx=0).stop
2024-04-24T08:55:25.526 INFO:teuthology.orchestra.run.smithi142.stdout:/usr/bin/ceph: stderr
2024-04-24T08:55:24.793+0000 7f62d7000700 1 --2- 172.21.15.142:0/3253171218 >> [v2:172.21.15.142:3300/0,v1:172.21.15.142:6789/0] conn(0x7f62d007ad90 0x7f62d019c590 unknown :-1 s=CLOSED pgs=58 cs=0 l=1 rev1=1 crypto rx=0 tx=0 comp rx=0 tx=0).stop
2024-04-24T08:55:25.526 INFO:teuthology.orchestra.run.smithi142.stdout:/usr/bin/ceph: stderr
2024-04-24T08:55:24.793+0000 7f62d7000700 1 -- 172.21.15.142:0/3253171218 >> 172.21.15.142:0/3253171218 conn(0x7f62d0101ba0 msgr2=0x7f62d01027a0 unknown :-1 s=STATE_NONE l=0).mark_down
2024-04-24T08:55:25.526 INFO:teuthology.orchestra.run.smithi142.stdout:/usr/bin/ceph: stderr
2024-04-24T08:55:24.794+0000 7f62d7000700 1 -- 172.21.15.142:0/3253171218 shutdown_connections
2024-04-24T08:55:25.526 INFO:teuthology.orchestra.run.smithi142.stdout:/usr/bin/ceph: stderr
2024-04-24T08:55:24.794+0000 7f62d7000700 1 -- 172.21.15.142:0/3253171218 wait complete.
2024-04-24T08:55:25.526 INFO:teuthology.orchestra.run.smithi142.stdout:Deploying node-exporter service with default placement...
2024-04-24T08:55:26.476 INFO:journalctl@ceph.mon.smithi142.smithi142.stdout:Apr 24 08:55:26 smithi142 ceph-mon[25798]: from='client.14152 -' entity='client.admin' cmd=[{"prefix": "orch apply", "service_type": "grafana", "target": ["mon-mgr", ""]}]: dispatch
2024-04-24T08:55:26.476 INFO:journalctl@ceph.mon.smithi142.smithi142.stdout:Apr 24 08:55:26 smithi142 ceph-mon[25798]: Saving service grafana spec with placement count:1
2024-04-24T08:55:27.562 INFO:journalctl@ceph.mon.smithi142.smithi142.stdout:Apr 24 08:55:27 smithi142 ceph-mon[25798]: pgmap v6: 0 pgs: ; 0 B data, 0 B used, 0 B / 0 B avail
2024-04-24T08:55:27.562 INFO:journalctl@ceph.mon.smithi142.smithi142.stdout:Apr 24 08:55:27 smithi142 ceph-mon[25798]: from='client.14154 -' entity='client.admin' cmd=[{"prefix": "orch apply", "service_type": "node-exporter", "target": ["mon-mgr", ""]}]: dispatch
2024-04-24T08:55:27.562 INFO:journalctl@ceph.mon.smithi142.smithi142.stdout:Apr 24 08:55:27 smithi142 ceph-mon[25798]: Saving service node-exporter spec with placement *
2024-04-24T08:55:27.562 INFO:journalctl@ceph.mon.smithi142.smithi142.stdout:Apr 24 08:55:27 smithi142 ceph-mon[25798]: from='mgr.14120 172.21.15.142:0/1161584179' entity='mgr.smithi142.hsydrs'
2024-04-24T08:55:27.578 INFO:teuthology.orchestra.run.smithi142.stdout:/usr/bin/ceph: stdout Scheduled node-exporter update...
2024-04-24T08:55:27.578 INFO:teuthology.orchestra.run.smithi142.stdout:/usr/bin/ceph: stderr
2024-04-24T08:55:26.646+0000 7f39c8200700 1 Processor -- start
2024-04-24T08:55:27.578 INFO:teuthology.orchestra.run.smithi142.stdout:/usr/bin/ceph: stderr
2024-04-24T08:55:26.646+0000 7f39c8200700 1 -- start start
2024-04-24T08:55:27.578 INFO:teuthology.orchestra.run.smithi142.stdout:/usr/bin/ceph: stderr
2024-04-24T08:55:26.646+0000 7f39c8200700 1 --2- >> [v2:172.21.15.142:3300/0,v1:172.21.15.142:6789/0] conn(0x7f39c0104e70 0x7f39c0105290 unknown :-1 s=NONE pgs=0 cs=0 l=0 rev1=0 crypto rx=0 tx=0 comp rx=0 tx=0).connect
2024-04-24T08:55:27.578 INFO:teuthology.orchestra.run.smithi142.stdout:/usr/bin/ceph: stderr
2024-04-24T08:55:26.646+0000 7f39c8200700 1 -- --> [v2:172.21.15.142:3300/0,v1:172.21.15.142:6789/0] -- mon_getmap magic: 0 v1 -- 0x7f39c0074750 con 0x7f39c0104e70
2024-04-24T08:55:27.579 INFO:teuthology.orchestra.run.smithi142.stdout:/usr/bin/ceph: stderr
2024-04-24T08:55:26.646+0000 7f39c5800700 1 --2- >> [v2:172.21.15.142:3300/0,v1:172.21.15.142:6789/0] conn(0x7f39c0104e70 0x7f39c0105290 unknown :-1 s=BANNER_CONNECTING pgs=0 cs=0 l=0 rev1=0 crypto rx=0 tx=0 comp rx=0 tx=0)._handle_peer_banner_payload supported=3 required=0
2024-04-24T08:55:27.579 INFO:teuthology.orchestra.run.smithi142.stdout:/usr/bin/ceph: stderr
2024-04-24T08:55:26.646+0000 7f39c5800700 1 --2- >> [v2:172.21.15.142:3300/0,v1:172.21.15.142:6789/0] conn(0x7f39c0104e70 0x7f39c0105290 unknown :-1 s=HELLO_CONNECTING pgs=0 cs=0 l=0 rev1=1 crypto rx=0 tx=0 comp rx=0 tx=0).handle_hello peer v2:172.21.15.142:3300/0 says I am v2:172.21.15.142:42448/0 (socket says 172.21.15.142:42448)
2024-04-24T08:55:27.579 INFO:teuthology.orchestra.run.smithi142.stdout:/usr/bin/ceph: stderr
2024-04-24T08:55:26.646+0000 7f39c5800700 1 -- 172.21.15.142:0/3444510164 learned_addr learned my addr 172.21.15.142:0/3444510164 (peer_addr_for_me v2:172.21.15.142:0/0)
