2024-04-24T08:54:49.627+0000 7fd2a1600700 1 --2- 172.21.15.142:0/3680976169 >> [v2:172.21.15.142:6800/981648272,v1:172.21.15.142:6801/981648272] conn(0x7fd2800386d0 0x7fd28003ab90 secure :-1 s=READY pgs=7 cs=0 l=1 rev1=1 crypto rx=0x7fd288006fd0 tx=0x7fd288006e40 comp rx=0 tx=0).stop
2024-04-24T08:54:50.324 INFO:teuthology.orchestra.run.smithi142.stdout:/usr/bin/ceph: stderr
2024-04-24T08:54:49.627+0000 7fd2a1600700 1 -- 172.21.15.142:0/3680976169 >> [v2:172.21.15.142:3300/0,v1:172.21.15.142:6789/0] conn(0x7fd29c1054b0 msgr2=0x7fd29c19c640 secure :-1 s=STATE_CONNECTION_ESTABLISHED l=1).mark_down
2024-04-24T08:54:50.324 INFO:teuthology.orchestra.run.smithi142.stdout:/usr/bin/ceph: stderr
2024-04-24T08:54:49.627+0000 7fd2a1600700 1 --2- 172.21.15.142:0/3680976169 >> [v2:172.21.15.142:3300/0,v1:172.21.15.142:6789/0] conn(0x7fd29c1054b0 0x7fd29c19c640 secure :-1 s=READY pgs=21 cs=0 l=1 rev1=1 crypto rx=0x7fd28c011710 tx=0x7fd28c0047c0 comp rx=0 tx=0).stop
2024-04-24T08:54:50.324 INFO:teuthology.orchestra.run.smithi142.stdout:/usr/bin/ceph: stderr
2024-04-24T08:54:49.627+0000 7fd2a1600700 1 -- 172.21.15.142:0/3680976169 shutdown_connections
2024-04-24T08:54:50.324 INFO:teuthology.orchestra.run.smithi142.stdout:/usr/bin/ceph: stderr
2024-04-24T08:54:49.627+0000 7fd2a1600700 1 --2- 172.21.15.142:0/3680976169 >> [v2:172.21.15.142:6800/981648272,v1:172.21.15.142:6801/981648272] conn(0x7fd2800386d0 0x7fd28003ab90 unknown :-1 s=CLOSED pgs=7 cs=0 l=1 rev1=1 crypto rx=0 tx=0 comp rx=0 tx=0).stop
2024-04-24T08:54:50.324 INFO:teuthology.orchestra.run.smithi142.stdout:/usr/bin/ceph: stderr
2024-04-24T08:54:49.627+0000 7fd2a1600700 1 --2- 172.21.15.142:0/3680976169 >> [v2:172.21.15.142:3300/0,v1:172.21.15.142:6789/0] conn(0x7fd29c1054b0 0x7fd29c19c640 unknown :-1 s=CLOSED pgs=21 cs=0 l=1 rev1=1 crypto rx=0 tx=0 comp rx=0 tx=0).stop
2024-04-24T08:54:50.324 INFO:teuthology.orchestra.run.smithi142.stdout:/usr/bin/ceph: stderr
2024-04-24T08:54:49.627+0000 7fd2a1600700 1 -- 172.21.15.142:0/3680976169 >> 172.21.15.142:0/3680976169 conn(0x7fd29c100a50 msgr2=0x7fd29c101980 unknown :-1 s=STATE_NONE l=0).mark_down
2024-04-24T08:54:50.324 INFO:teuthology.orchestra.run.smithi142.stdout:/usr/bin/ceph: stderr
2024-04-24T08:54:49.628+0000 7fd2a1600700 1 -- 172.21.15.142:0/3680976169 shutdown_connections
2024-04-24T08:54:50.324 INFO:teuthology.orchestra.run.smithi142.stdout:/usr/bin/ceph: stderr
2024-04-24T08:54:49.628+0000 7fd2a1600700 1 -- 172.21.15.142:0/3680976169 wait complete.
2024-04-24T08:54:50.324 INFO:teuthology.orchestra.run.smithi142.stdout:Enabling cephadm module...
2024-04-24T08:54:51.557 INFO:journalctl@ceph.mon.smithi142.smithi142.stdout:Apr 24 08:54:51 smithi142 ceph-mon[25798]: from='client.? 172.21.15.142:0/2117185104' entity='client.admin' cmd=[{"prefix": "mgr module enable", "module": "cephadm"}]: dispatch
2024-04-24T08:54:51.942 INFO:teuthology.orchestra.run.smithi142.stdout:/usr/bin/ceph: stderr
2024-04-24T08:54:50.919+0000 7f5712e00700 1 Processor -- start
2024-04-24T08:54:51.947 INFO:teuthology.orchestra.run.smithi142.stdout:/usr/bin/ceph: stderr
2024-04-24T08:54:50.919+0000 7f5712e00700 1 -- start start
2024-04-24T08:54:51.947 INFO:teuthology.orchestra.run.smithi142.stdout:/usr/bin/ceph: stderr
2024-04-24T08:54:50.920+0000 7f5712e00700 1 --2- >> [v2:172.21.15.142:3300/0,v1:172.21.15.142:6789/0] conn(0x7f570c10d130 0x7f570c10d550 unknown :-1 s=NONE pgs=0 cs=0 l=0 rev1=0 crypto rx=0 tx=0 comp rx=0 tx=0).connect
2024-04-24T08:54:51.948 INFO:teuthology.orchestra.run.smithi142.stdout:/usr/bin/ceph: stderr
2024-04-24T08:54:50.920+0000 7f5712e00700 1 -- --> [v2:172.21.15.142:3300/0,v1:172.21.15.142:6789/0] -- mon_getmap magic: 0 v1 -- 0x7f570c10db20 con 0x7f570c10d130
2024-04-24T08:54:51.948 INFO:teuthology.orchestra.run.smithi142.stdout:/usr/bin/ceph: stderr
2024-04-24T08:54:50.920+0000 7f570be00700 1 --2- >> [v2:172.21.15.142:3300/0,v1:172.21.15.142:6789/0] conn(0x7f570c10d130 0x7f570c10d550 unknown :-1 s=BANNER_CONNECTING pgs=0 cs=0 l=0 rev1=0 crypto rx=0 tx=0 comp rx=0 tx=0)._handle_peer_banner_payload supported=3 required=0
2024-04-24T08:54:51.948 INFO:teuthology.orchestra.run.smithi142.stdout:/usr/bin/ceph: stderr
2024-04-24T08:54:50.920+0000 7f570be00700 1 --2- >> [v2:172.21.15.142:3300/0,v1:172.21.15.142:6789/0] conn(0x7f570c10d130 0x7f570c10d550 unknown :-1 s=HELLO_CONNECTING pgs=0 cs=0 l=0 rev1=1 crypto rx=0 tx=0 comp rx=0 tx=0).handle_hello peer v2:172.21.15.142:3300/0 says I am v2:172.21.15.142:53924/0 (socket says 172.21.15.142:53924)
2024-04-24T08:54:51.948 INFO:teuthology.orchestra.run.smithi142.stdout:/usr/bin/ceph: stderr
2024-04-24T08:54:50.920+0000 7f570be00700 1 -- 172.21.15.142:0/2014191942 learned_addr learned my addr 172.21.15.142:0/2014191942 (peer_addr_for_me v2:172.21.15.142:0/0)
2024-04-24T08:54:51.948 INFO:teuthology.orchestra.run.smithi142.stdout:/usr/bin/ceph: stderr
2024-04-24T08:54:50.921+0000 7f570be00700 1 -- 172.21.15.142:0/2014191942 --> [v2:172.21.15.142:3300/0,v1:172.21.15.142:6789/0] -- mon_subscribe({config=0+,monmap=0+}) v3 -- 0x7f570c10dda0 con 0x7f570c10d130
2024-04-24T08:54:51.948 INFO:teuthology.orchestra.run.smithi142.stdout:/usr/bin/ceph: stderr
2024-04-24T08:54:50.921+0000 7f570be00700 1 --2- 172.21.15.142:0/2014191942 >> [v2:172.21.15.142:3300/0,v1:172.21.15.142:6789/0] conn(0x7f570c10d130 0x7f570c10d550 secure :-1 s=READY pgs=22 cs=0 l=1 rev1=1 crypto rx=0x7f56fc0098a0 tx=0x7f56fc009bb0 comp rx=0 tx=0).ready entity=mon.0 client_cookie=3940ce7cb6666529 server_cookie=0 in_seq=0 out_seq=0
2024-04-24T08:54:51.948 INFO:teuthology.orchestra.run.smithi142.stdout:/usr/bin/ceph: stderr
2024-04-24T08:54:50.921+0000 7f570aa00700 1 -- 172.21.15.142:0/2014191942 <== mon.0 v2:172.21.15.142:3300/0 1 ==== mon_map magic: 0 v1 ==== 229+0+0 (secure 0 0 0) 0x7f56fc004180 con 0x7f570c10d130
2024-04-24T08:54:51.948 INFO:teuthology.orchestra.run.smithi142.stdout:/usr/bin/ceph: stderr
2024-04-24T08:54:50.921+0000 7f570aa00700 1 -- 172.21.15.142:0/2014191942 <== mon.0 v2:172.21.15.142:3300/0 2 ==== config(27 keys) v1 ==== 1042+0+0 (secure 0 0 0) 0x7f56fc0042e0 con 0x7f570c10d130
2024-04-24T08:54:51.948 INFO:teuthology.orchestra.run.smithi142.stdout:/usr/bin/ceph: stderr
2024-04-24T08:54:50.922+0000 7f570aa00700 1 -- 172.21.15.142:0/2014191942 <== mon.0 v2:172.21.15.142:3300/0 3 ==== mon_map magic: 0 v1 ==== 229+0+0 (secure 0 0 0) 0x7f56fc011a70 con 0x7f570c10d130
2024-04-24T08:54:51.948 INFO:teuthology.orchestra.run.smithi142.stdout:/usr/bin/ceph: stderr
2024-04-24T08:54:50.922+0000 7f5712e00700 1 -- 172.21.15.142:0/2014191942 >> [v2:172.21.15.142:3300/0,v1:172.21.15.142:6789/0] conn(0x7f570c10d130 msgr2=0x7f570c10d550 secure :-1 s=STATE_CONNECTION_ESTABLISHED l=1).mark_down
2024-04-24T08:54:51.948 INFO:teuthology.orchestra.run.smithi142.stdout:/usr/bin/ceph: stderr
2024-04-24T08:54:50.922+0000 7f5712e00700 1 --2- 172.21.15.142:0/2014191942 >> [v2:172.21.15.142:3300/0,v1:172.21.15.142:6789/0] conn(0x7f570c10d130 0x7f570c10d550 secure :-1 s=READY pgs=22 cs=0 l=1 rev1=1 crypto rx=0x7f56fc0098a0 tx=0x7f56fc009bb0 comp rx=0 tx=0).stop
2024-04-24T08:54:51.948 INFO:teuthology.orchestra.run.smithi142.stdout:/usr/bin/ceph: stderr
2024-04-24T08:54:50.922+0000 7f5712e00700 1 -- 172.21.15.142:0/2014191942 shutdown_connections
2024-04-24T08:54:51.948 INFO:teuthology.orchestra.run.smithi142.stdout:/usr/bin/ceph: stderr
2024-04-24T08:54:50.922+0000 7f5712e00700 1 --2- 172.21.15.142:0/2014191942 >> [v2:172.21.15.142:3300/0,v1:172.21.15.142:6789/0] conn(0x7f570c10d130 0x7f570c10d550 unknown :-1 s=CLOSED pgs=22 cs=0 l=1 rev1=1 crypto rx=0 tx=0 comp rx=0 tx=0).stop
2024-04-24T08:54:51.948 INFO:teuthology.orchestra.run.smithi142.stdout:/usr/bin/ceph: stderr
2024-04-24T08:54:50.922+0000 7f5712e00700 1 -- 172.21.15.142:0/2014191942 >> 172.21.15.142:0/2014191942 conn(0x7f570c07bbf0 msgr2=0x7f570c07e030 unknown :-1 s=STATE_NONE l=0).mark_down
2024-04-24T08:54:51.949 INFO:teuthology.orchestra.run.smithi142.stdout:/usr/bin/ceph: stderr
2024-04-24T08:54:50.922+0000 7f5712e00700 1 -- 172.21.15.142:0/2014191942 shutdown_connections
2024-04-24T08:54:51.949 INFO:teuthology.orchestra.run.smithi142.stdout:/usr/bin/ceph: stderr
2024-04-24T08:54:50.922+0000 7f5712e00700 1 -- 172.21.15.142:0/2014191942 wait complete.
2024-04-24T08:54:51.949 INFO:teuthology.orchestra.run.smithi142.stdout:/usr/bin/ceph: stderr
2024-04-24T08:54:50.923+0000 7f5712e00700 1 Processor -- start
2024-04-24T08:54:51.949 INFO:teuthology.orchestra.run.smithi142.stdout:/usr/bin/ceph: stderr
2024-04-24T08:54:50.924+0000 7f5712e00700 1 -- start start
2024-04-24T08:54:51.949 INFO:teuthology.orchestra.run.smithi142.stdout:/usr/bin/ceph: stderr
2024-04-24T08:54:50.924+0000 7f5712e00700 1 --2- >> [v2:172.21.15.142:3300/0,v1:172.21.15.142:6789/0] conn(0x7f570c10d130 0x7f570c1a08c0 unknown :-1 s=NONE pgs=0 cs=0 l=1 rev1=0 crypto rx=0 tx=0 comp rx=0 tx=0).connect
2024-04-24T08:54:51.949 INFO:teuthology.orchestra.run.smithi142.stdout:/usr/bin/ceph: stderr
2024-04-24T08:54:50.924+0000 7f5712e00700 1 -- --> [v2:172.21.15.142:3300/0,v1:172.21.15.142:6789/0] -- mon_getmap magic: 0 v1 -- 0x7f570c1a0e00 con 0x7f570c10d130
2024-04-24T08:54:51.949 INFO:teuthology.orchestra.run.smithi142.stdout:/usr/bin/ceph: stderr
2024-04-24T08:54:50.924+0000 7f570be00700 1 --2- >> [v2:172.21.15.142:3300/0,v1:172.21.15.142:6789/0] conn(0x7f570c10d130 0x7f570c1a08c0 unknown :-1 s=BANNER_CONNECTING pgs=0 cs=0 l=1 rev1=0 crypto rx=0 tx=0 comp rx=0 tx=0)._handle_peer_banner_payload supported=3 required=0
2024-04-24T08:54:51.949 INFO:teuthology.orchestra.run.smithi142.stdout:/usr/bin/ceph: stderr
2024-04-24T08:54:50.924+0000 7f570be00700 1 --2- >> [v2:172.21.15.142:3300/0,v1:172.21.15.142:6789/0] conn(0x7f570c10d130 0x7f570c1a08c0 unknown :-1 s=HELLO_CONNECTING pgs=0 cs=0 l=1 rev1=1 crypto rx=0 tx=0 comp rx=0 tx=0).handle_hello peer v2:172.21.15.142:3300/0 says I am v2:172.21.15.142:53932/0 (socket says 172.21.15.142:53932)
2024-04-24T08:54:51.949 INFO:teuthology.orchestra.run.smithi142.stdout:/usr/bin/ceph: stderr
2024-04-24T08:54:50.924+0000 7f570be00700 1 -- 172.21.15.142:0/2117185104 learned_addr learned my addr 172.21.15.142:0/2117185104 (peer_addr_for_me v2:172.21.15.142:0/0)
2024-04-24T08:54:51.949 INFO:teuthology.orchestra.run.smithi142.stdout:/usr/bin/ceph: stderr
2024-04-24T08:54:50.925+0000 7f570be00700 1 -- 172.21.15.142:0/2117185104 --> [v2:172.21.15.142:3300/0,v1:172.21.15.142:6789/0] -- mon_subscribe({config=0+,monmap=0+}) v3 -- 0x7f56fc009550 con 0x7f570c10d130
2024-04-24T08:54:51.949 INFO:teuthology.orchestra.run.smithi142.stdout:/usr/bin/ceph: stderr
2024-04-24T08:54:50.925+0000 7f570be00700 1 --2- 172.21.15.142:0/2117185104 >> [v2:172.21.15.142:3300/0,v1:172.21.15.142:6789/0] conn(0x7f570c10d130 0x7f570c1a08c0 secure :-1 s=READY pgs=23 cs=0 l=1 rev1=1 crypto rx=0x7f56fc011710 tx=0x7f56fc0047c0 comp rx=0 tx=0).ready entity=mon.0 client_cookie=0 server_cookie=0 in_seq=0 out_seq=0
2024-04-24T08:54:51.949 INFO:teuthology.orchestra.run.smithi142.stdout:/usr/bin/ceph: stderr
2024-04-24T08:54:50.925+0000 7f5708c00700 1 -- 172.21.15.142:0/2117185104 <== mon.0 v2:172.21.15.142:3300/0 1 ==== mon_map magic: 0 v1 ==== 229+0+0 (secure 0 0 0) 0x7f56fc003b10 con 0x7f570c10d130
2024-04-24T08:54:51.949 INFO:teuthology.orchestra.run.smithi142.stdout:/usr/bin/ceph: stderr
2024-04-24T08:54:50.925+0000 7f5708c00700 1 -- 172.21.15.142:0/2117185104 <== mon.0 v2:172.21.15.142:3300/0 2 ==== config(27 keys) v1 ==== 1042+0+0 (secure 0 0 0) 0x7f56fc01b8c0 con 0x7f570c10d130
2024-04-24T08:54:51.949 INFO:teuthology.orchestra.run.smithi142.stdout:/usr/bin/ceph: stderr
2024-04-24T08:54:50.925+0000 7f5712e00700 1 -- 172.21.15.142:0/2117185104 --> [v2:172.21.15.142:3300/0,v1:172.21.15.142:6789/0] -- mon_subscribe({mgrmap=0+}) v3 -- 0x7f570c1a1000 con 0x7f570c10d130
2024-04-24T08:54:51.950 INFO:teuthology.orchestra.run.smithi142.stdout:/usr/bin/ceph: stderr
2024-04-24T08:54:50.925+0000 7f5708c00700 1 -- 172.21.15.142:0/2117185104 <== mon.0 v2:172.21.15.142:3300/0 3 ==== mon_map magic: 0 v1 ==== 229+0+0 (secure 0 0 0) 0x7f56fc019770 con 0x7f570c10d130
2024-04-24T08:54:51.950 INFO:teuthology.orchestra.run.smithi142.stdout:/usr/bin/ceph: stderr
2024-04-24T08:54:50.925+0000 7f5712e00700 1 -- 172.21.15.142:0/2117185104 --> [v2:172.21.15.142:3300/0,v1:172.21.15.142:6789/0] -- mon_subscribe({osdmap=0}) v3 -- 0x7f570c1a14a0 con 0x7f570c10d130
2024-04-24T08:54:51.950 INFO:teuthology.orchestra.run.smithi142.stdout:/usr/bin/ceph: stderr
2024-04-24T08:54:50.926+0000 7f5712e00700 1 -- 172.21.15.142:0/2117185104 --> [v2:172.21.15.142:3300/0,v1:172.21.15.142:6789/0] -- mon_command({"prefix": "get_command_descriptions"} v 0) v1 -- 0x7f570c110fd0 con 0x7f570c10d130
2024-04-24T08:54:51.950 INFO:teuthology.orchestra.run.smithi142.stdout:/usr/bin/ceph: stderr
2024-04-24T08:54:50.926+0000 7f5708c00700 1 -- 172.21.15.142:0/2117185104 <== mon.0 v2:172.21.15.142:3300/0 4 ==== mgrmap(e 4) v1 ==== 45545+0+0 (secure 0 0 0) 0x7f56fc01ba30 con 0x7f570c10d130
2024-04-24T08:54:51.950 INFO:teuthology.orchestra.run.smithi142.stdout:/usr/bin/ceph: stderr
2024-04-24T08:54:50.927+0000 7f5708c00700 1 --2- 172.21.15.142:0/2117185104 >> [v2:172.21.15.142:6800/981648272,v1:172.21.15.142:6801/981648272] conn(0x7f56f0038720 0x7f56f003abe0 unknown :-1 s=NONE pgs=0 cs=0 l=1 rev1=0 crypto rx=0 tx=0 comp rx=0 tx=0).connect
2024-04-24T08:54:51.950 INFO:teuthology.orchestra.run.smithi142.stdout:/usr/bin/ceph: stderr
2024-04-24T08:54:50.927+0000 7f5708c00700 1 -- 172.21.15.142:0/2117185104 <== mon.0 v2:172.21.15.142:3300/0 5 ==== osd_map(1..1 src has 1..1) v4 ==== 725+0+0 (secure 0 0 0) 0x7f56fc04c860 con 0x7f570c10d130
2024-04-24T08:54:51.950 INFO:teuthology.orchestra.run.smithi142.stdout:/usr/bin/ceph: stderr
2024-04-24T08:54:50.927+0000 7f570b400700 1 --2- 172.21.15.142:0/2117185104 >> [v2:172.21.15.142:6800/981648272,v1:172.21.15.142:6801/981648272] conn(0x7f56f0038720 0x7f56f003abe0 unknown :-1 s=BANNER_CONNECTING pgs=0 cs=0 l=1 rev1=0 crypto rx=0 tx=0 comp rx=0 tx=0)._handle_peer_banner_payload supported=3 required=0
2024-04-24T08:54:51.950 INFO:teuthology.orchestra.run.smithi142.stdout:/usr/bin/ceph: stderr
2024-04-24T08:54:50.928+0000 7f570b400700 1 --2- 172.21.15.142:0/2117185104 >> [v2:172.21.15.142:6800/981648272,v1:172.21.15.142:6801/981648272] conn(0x7f56f0038720 0x7f56f003abe0 secure :-1 s=READY pgs=8 cs=0 l=1 rev1=1 crypto rx=0x7f56f8006fd0 tx=0x7f56f8006e40 comp rx=0 tx=0).ready entity=mgr.14100 client_cookie=0 server_cookie=0 in_seq=0 out_seq=0
2024-04-24T08:54:51.950 INFO:teuthology.orchestra.run.smithi142.stdout:/usr/bin/ceph: stderr
2024-04-24T08:54:50.932+0000 7f5708c00700 1 -- 172.21.15.142:0/2117185104 <== mon.0 v2:172.21.15.142:3300/0 6 ==== mon_command_ack([{"prefix": "get_command_descriptions"}]=0 v0) v1 ==== 72+0+183351 (secure 0 0 0) 0x7f56fc02c9a0 con 0x7f570c10d130
2024-04-24T08:54:51.950 INFO:teuthology.orchestra.run.smithi142.stdout:/usr/bin/ceph: stderr
2024-04-24T08:54:51.208+0000 7f5712e00700 1 -- 172.21.15.142:0/2117185104 --> [v2:172.21.15.142:3300/0,v1:172.21.15.142:6789/0] -- mon_command({"prefix": "mgr module enable", "module": "cephadm"} v 0) v1 -- 0x7f570c1a3d90 con 0x7f570c10d130
2024-04-24T08:54:51.950 INFO:teuthology.orchestra.run.smithi142.stdout:/usr/bin/ceph: stderr
2024-04-24T08:54:51.265+0000 7f5708c00700 1 -- 172.21.15.142:0/2117185104 <== mon.0 v2:172.21.15.142:3300/0 7 ==== mgrmap(e 5) v1 ==== 45556+0+0 (secure 0 0 0) 0x7f56fc0199a0 con 0x7f570c10d130
2024-04-24T08:54:51.953 INFO:teuthology.orchestra.run.smithi142.stdout:/usr/bin/ceph: stderr
2024-04-24T08:54:51.268+0000 7f5708c00700 1 -- 172.21.15.142:0/2117185104 <== mon.0 v2:172.21.15.142:3300/0 8 ==== mon_command_ack([{"prefix": "mgr module enable", "module": "cephadm"}]=0 v5) v1 ==== 86+0+0 (secure 0 0 0) 0x7f56fc04c280 con 0x7f570c10d130
2024-04-24T08:54:51.953 INFO:teuthology.orchestra.run.smithi142.stdout:/usr/bin/ceph: stderr
2024-04-24T08:54:51.271+0000 7f5712e00700 1 -- 172.21.15.142:0/2117185104 >> [v2:172.21.15.142:6800/981648272,v1:172.21.15.142:6801/981648272] conn(0x7f56f0038720 msgr2=0x7f56f003abe0 secure :-1 s=STATE_CONNECTION_ESTABLISHED l=1).mark_down
2024-04-24T08:54:51.953 INFO:teuthology.orchestra.run.smithi142.stdout:/usr/bin/ceph: stderr
2024-04-24T08:54:51.271+0000 7f5712e00700 1 --2- 172.21.15.142:0/2117185104 >> [v2:172.21.15.142:6800/981648272,v1:172.21.15.142:6801/981648272] conn(0x7f56f0038720 0x7f56f003abe0 secure :-1 s=READY pgs=8 cs=0 l=1 rev1=1 crypto rx=0x7f56f8006fd0 tx=0x7f56f8006e40 comp rx=0 tx=0).stop
2024-04-24T08:54:51.953 INFO:teuthology.orchestra.run.smithi142.stdout:/usr/bin/ceph: stderr
2024-04-24T08:54:51.271+0000 7f5712e00700 1 -- 172.21.15.142:0/2117185104 >> [v2:172.21.15.142:3300/0,v1:172.21.15.142:6789/0] conn(0x7f570c10d130 msgr2=0x7f570c1a08c0 secure :-1 s=STATE_CONNECTION_ESTABLISHED l=1).mark_down
2024-04-24T08:54:51.953 INFO:teuthology.orchestra.run.smithi142.stdout:/usr/bin/ceph: stderr
2024-04-24T08:54:51.271+0000 7f5712e00700 1 --2- 172.21.15.142:0/2117185104 >> [v2:172.21.15.142:3300/0,v1:172.21.15.142:6789/0] conn(0x7f570c10d130 0x7f570c1a08c0 secure :-1 s=READY pgs=23 cs=0 l=1 rev1=1 crypto rx=0x7f56fc011710 tx=0x7f56fc0047c0 comp rx=0 tx=0).stop
2024-04-24T08:54:51.953 INFO:teuthology.orchestra.run.smithi142.stdout:/usr/bin/ceph: stderr
2024-04-24T08:54:51.271+0000 7f5712e00700 1 -- 172.21.15.142:0/2117185104 shutdown_connections
2024-04-24T08:54:51.954 INFO:teuthology.orchestra.run.smithi142.stdout:/usr/bin/ceph: stderr
2024-04-24T08:54:51.271+0000 7f5712e00700 1 --2- 172.21.15.142:0/2117185104 >> [v2:172.21.15.142:6800/981648272,v1:172.21.15.142:6801/981648272] conn(0x7f56f0038720 0x7f56f003abe0 unknown :-1 s=CLOSED pgs=8 cs=0 l=1 rev1=1 crypto rx=0 tx=0 comp rx=0 tx=0).stop
2024-04-24T08:54:51.954 INFO:teuthology.orchestra.run.smithi142.stdout:/usr/bin/ceph: stderr
2024-04-24T08:54:51.271+0000 7f5712e00700 1 --2- 172.21.15.142:0/2117185104 >> [v2:172.21.15.142:3300/0,v1:172.21.15.142:6789/0] conn(0x7f570c10d130 0x7f570c1a08c0 unknown :-1 s=CLOSED pgs=23 cs=0 l=1 rev1=1 crypto rx=0 tx=0 comp rx=0 tx=0).stop
2024-04-24T08:54:51.954 INFO:teuthology.orchestra.run.smithi142.stdout:/usr/bin/ceph: stderr
2024-04-24T08:54:51.271+0000 7f5712e00700 1 -- 172.21.15.142:0/2117185104 >> 172.21.15.142:0/2117185104 conn(0x7f570c07bbf0 msgr2=0x7f570c07c720 unknown :-1 s=STATE_NONE l=0).mark_down
2024-04-24T08:54:51.954 INFO:teuthology.orchestra.run.smithi142.stdout:/usr/bin/ceph: stderr
2024-04-24T08:54:51.271+0000 7f5712e00700 1 -- 172.21.15.142:0/2117185104 shutdown_connections
2024-04-24T08:54:51.954 INFO:teuthology.orchestra.run.smithi142.stdout:/usr/bin/ceph: stderr
2024-04-24T08:54:51.271+0000 7f5712e00700 1 -- 172.21.15.142:0/2117185104 wait complete.
2024-04-24T08:54:52.461 INFO:journalctl@ceph.mon.smithi142.smithi142.stdout:Apr 24 08:54:52 smithi142 ceph-mon[25798]: from='client.? 172.21.15.142:0/2117185104' entity='client.admin' cmd='[{"prefix": "mgr module enable", "module": "cephadm"}]': finished
2024-04-24T08:54:52.461 INFO:journalctl@ceph.mon.smithi142.smithi142.stdout:Apr 24 08:54:52 smithi142 ceph-mon[25798]: mgrmap e5: smithi142.hsydrs(active, since 5s)
2024-04-24T08:54:53.548 INFO:journalctl@ceph.mon.smithi142.smithi142.stdout:Apr 24 08:54:53 smithi142 ceph-mon[25798]: from='client.? 172.21.15.142:0/1385503027' entity='client.admin' cmd=[{"prefix": "mgr stat"}]: dispatch
2024-04-24T08:54:53.563 INFO:teuthology.orchestra.run.smithi142.stdout:/usr/bin/ceph: stdout {
2024-04-24T08:54:53.564 INFO:teuthology.orchestra.run.smithi142.stdout:/usr/bin/ceph: stdout "epoch": 5,
2024-04-24T08:54:53.564 INFO:teuthology.orchestra.run.smithi142.stdout:/usr/bin/ceph: stdout "available": true,
2024-04-24T08:54:53.564 INFO:teuthology.orchestra.run.smithi142.stdout:/usr/bin/ceph: stdout "active_name": "smithi142.hsydrs",
2024-04-24T08:54:53.564 INFO:teuthology.orchestra.run.smithi142.stdout:/usr/bin/ceph: stdout "num_standby": 0
2024-04-24T08:54:53.564 INFO:teuthology.orchestra.run.smithi142.stdout:/usr/bin/ceph: stdout }
2024-04-24T08:54:53.564 INFO:teuthology.orchestra.run.smithi142.stdout:/usr/bin/ceph: stderr
2024-04-24T08:54:52.524+0000 7efc10800700 1 Processor -- start
2024-04-24T08:54:53.564 INFO:teuthology.orchestra.run.smithi142.stdout:/usr/bin/ceph: stderr
2024-04-24T08:54:52.524+0000 7efc10800700 1 -- start start
2024-04-24T08:54:53.564 INFO:teuthology.orchestra.run.smithi142.stdout:/usr/bin/ceph: stderr
2024-04-24T08:54:52.525+0000 7efc10800700 1 --2- >> [v2:172.21.15.142:3300/0,v1:172.21.15.142:6789/0] conn(0x7efc081065f0 0x7efc08106a10 unknown :-1 s=NONE pgs=0 cs=0 l=0 rev1=0 crypto rx=0 tx=0 comp rx=0 tx=0).connect
2024-04-24T08:54:53.564 INFO:teuthology.orchestra.run.smithi142.stdout:/usr/bin/ceph: stderr
2024-04-24T08:54:52.525+0000 7efc10800700 1 -- --> [v2:172.21.15.142:3300/0,v1:172.21.15.142:6789/0] -- mon_getmap magic: 0 v1 -- 0x7efc08106fe0 con 0x7efc081065f0
2024-04-24T08:54:53.564 INFO:teuthology.orchestra.run.smithi142.stdout:/usr/bin/ceph: stderr
2024-04-24T08:54:52.525+0000 7efc0de00700 1 --2- >> [v2:172.21.15.142:3300/0,v1:172.21.15.142:6789/0] conn(0x7efc081065f0 0x7efc08106a10 unknown :-1 s=BANNER_CONNECTING pgs=0 cs=0 l=0 rev1=0 crypto rx=0 tx=0 comp rx=0 tx=0)._handle_peer_banner_payload supported=3 required=0
2024-04-24T08:54:53.564 INFO:teuthology.orchestra.run.smithi142.stdout:/usr/bin/ceph: stderr
2024-04-24T08:54:52.525+0000 7efc0de00700 1 --2- >> [v2:172.21.15.142:3300/0,v1:172.21.15.142:6789/0] conn(0x7efc081065f0 0x7efc08106a10 unknown :-1 s=HELLO_CONNECTING pgs=0 cs=0 l=0 rev1=1 crypto rx=0 tx=0 comp rx=0 tx=0).handle_hello peer v2:172.21.15.142:3300/0 says I am v2:172.21.15.142:42384/0 (socket says 172.21.15.142:42384)
2024-04-24T08:54:53.564 INFO:teuthology.orchestra.run.smithi142.stdout:/usr/bin/ceph: stderr
2024-04-24T08:54:52.525+0000 7efc0de00700 1 -- 172.21.15.142:0/3063742553 learned_addr learned my addr 172.21.15.142:0/3063742553 (peer_addr_for_me v2:172.21.15.142:0/0)
2024-04-24T08:54:53.564 INFO:teuthology.orchestra.run.smithi142.stdout:/usr/bin/ceph: stderr
2024-04-24T08:54:52.526+0000 7efc0de00700 1 -- 172.21.15.142:0/3063742553 --> [v2:172.21.15.142:3300/0,v1:172.21.15.142:6789/0] -- mon_subscribe({config=0+,monmap=0+}) v3 -- 0x7efc081077a0 con 0x7efc081065f0
2024-04-24T08:54:53.564 INFO:teuthology.orchestra.run.smithi142.stdout:/usr/bin/ceph: stderr
2024-04-24T08:54:52.526+0000 7efc0de00700 1 --2- 172.21.15.142:0/3063742553 >> [v2:172.21.15.142:3300/0,v1:172.21.15.142:6789/0] conn(0x7efc081065f0 0x7efc08106a10 secure :-1 s=READY pgs=26 cs=0 l=1 rev1=1 crypto rx=0x7efbfc0098a0 tx=0x7efbfc009bb0 comp rx=0 tx=0).ready entity=mon.0 client_cookie=9a4236e3f93cf3ae server_cookie=0 in_seq=0 out_seq=0
2024-04-24T08:54:53.565 INFO:teuthology.orchestra.run.smithi142.stdout:/usr/bin/ceph: stderr
2024-04-24T08:54:52.526+0000 7efc0ca00700 1 -- 172.21.15.142:0/3063742553 <== mon.0 v2:172.21.15.142:3300/0 1 ==== mon_map magic: 0 v1 ==== 229+0+0 (secure 0 0 0) 0x7efbfc004180 con 0x7efc081065f0
2024-04-24T08:54:53.565 INFO:teuthology.orchestra.run.smithi142.stdout:/usr/bin/ceph: stderr
2024-04-24T08:54:52.526+0000 7efc0ca00700 1 -- 172.21.15.142:0/3063742553 <== mon.0 v2:172.21.15.142:3300/0 2 ==== config(27 keys) v1 ==== 1042+0+0 (secure 0 0 0) 0x7efbfc0042e0 con 0x7efc081065f0
2024-04-24T08:54:53.565 INFO:teuthology.orchestra.run.smithi142.stdout:/usr/bin/ceph: stderr
2024-04-24T08:54:52.526+0000 7efc0ca00700 1 -- 172.21.15.142:0/3063742553 <== mon.0 v2:172.21.15.142:3300/0 3 ==== mon_map magic: 0 v1 ==== 229+0+0 (secure 0 0 0) 0x7efbfc011a70 con 0x7efc081065f0
2024-04-24T08:54:53.565 INFO:teuthology.orchestra.run.smithi142.stdout:/usr/bin/ceph: stderr
2024-04-24T08:54:52.527+0000 7efc10800700 1 -- 172.21.15.142:0/3063742553 >> [v2:172.21.15.142:3300/0,v1:172.21.15.142:6789/0] conn(0x7efc081065f0 msgr2=0x7efc08106a10 secure :-1 s=STATE_CONNECTION_ESTABLISHED l=1).mark_down
2024-04-24T08:54:53.565 INFO:teuthology.orchestra.run.smithi142.stdout:/usr/bin/ceph: stderr
2024-04-24T08:54:52.527+0000 7efc10800700 1 --2- 172.21.15.142:0/3063742553 >> [v2:172.21.15.142:3300/0,v1:172.21.15.142:6789/0] conn(0x7efc081065f0 0x7efc08106a10 secure :-1 s=READY pgs=26 cs=0 l=1 rev1=1 crypto rx=0x7efbfc0098a0 tx=0x7efbfc009bb0 comp rx=0 tx=0).stop
2024-04-24T08:54:53.565 INFO:teuthology.orchestra.run.smithi142.stdout:/usr/bin/ceph: stderr
2024-04-24T08:54:52.527+0000 7efc10800700 1 -- 172.21.15.142:0/3063742553 shutdown_connections
2024-04-24T08:54:53.565 INFO:teuthology.orchestra.run.smithi142.stdout:/usr/bin/ceph: stderr
2024-04-24T08:54:52.527+0000 7efc10800700 1 --2- 172.21.15.142:0/3063742553 >> [v2:172.21.15.142:3300/0,v1:172.21.15.142:6789/0] conn(0x7efc081065f0 0x7efc08106a10 unknown :-1 s=CLOSED pgs=26 cs=0 l=1 rev1=1 crypto rx=0 tx=0 comp rx=0 tx=0).stop
2024-04-24T08:54:53.565 INFO:teuthology.orchestra.run.smithi142.stdout:/usr/bin/ceph: stderr
2024-04-24T08:54:52.527+0000 7efc10800700 1 -- 172.21.15.142:0/3063742553 >> 172.21.15.142:0/3063742553 conn(0x7efc08101bb0 msgr2=0x7efc08103fd0 unknown :-1 s=STATE_NONE l=0).mark_down
2024-04-24T08:54:53.565 INFO:teuthology.orchestra.run.smithi142.stdout:/usr/bin/ceph: stderr
2024-04-24T08:54:52.527+0000 7efc10800700 1 -- 172.21.15.142:0/3063742553 shutdown_connections
2024-04-24T08:54:53.565 INFO:teuthology.orchestra.run.smithi142.stdout:/usr/bin/ceph: stderr
2024-04-24T08:54:52.527+0000 7efc10800700 1 -- 172.21.15.142:0/3063742553 wait complete.
2024-04-24T08:54:53.565 INFO:teuthology.orchestra.run.smithi142.stdout:/usr/bin/ceph: stderr
2024-04-24T08:54:52.528+0000 7efc10800700 1 Processor -- start
2024-04-24T08:54:53.565 INFO:teuthology.orchestra.run.smithi142.stdout:/usr/bin/ceph: stderr
2024-04-24T08:54:52.528+0000 7efc10800700 1 -- start start
2024-04-24T08:54:53.565 INFO:teuthology.orchestra.run.smithi142.stdout:/usr/bin/ceph: stderr
2024-04-24T08:54:52.529+0000 7efc10800700 1 --2- >> [v2:172.21.15.142:3300/0,v1:172.21.15.142:6789/0] conn(0x7efc081065f0 0x7efc0819c4f0 unknown :-1 s=NONE pgs=0 cs=0 l=1 rev1=0 crypto rx=0 tx=0 comp rx=0 tx=0).connect
2024-04-24T08:54:53.565 INFO:teuthology.orchestra.run.smithi142.stdout:/usr/bin/ceph: stderr
2024-04-24T08:54:52.529+0000 7efc10800700 1 -- --> [v2:172.21.15.142:3300/0,v1:172.21.15.142:6789/0] -- mon_getmap magic: 0 v1 -- 0x7efc0819ca30 con 0x7efc081065f0
2024-04-24T08:54:53.566 INFO:teuthology.orchestra.run.smithi142.stdout:/usr/bin/ceph: stderr
2024-04-24T08:54:52.529+0000 7efc0de00700 1 --2- >> [v2:172.21.15.142:3300/0,v1:172.21.15.142:6789/0] conn(0x7efc081065f0 0x7efc0819c4f0 unknown :-1 s=BANNER_CONNECTING pgs=0 cs=0 l=1 rev1=0 crypto rx=0 tx=0 comp rx=0 tx=0)._handle_peer_banner_payload supported=3 required=0
2024-04-24T08:54:53.566 INFO:teuthology.orchestra.run.smithi142.stdout:/usr/bin/ceph: stderr
2024-04-24T08:54:52.529+0000 7efc0de00700 1 --2- >> [v2:172.21.15.142:3300/0,v1:172.21.15.142:6789/0] conn(0x7efc081065f0 0x7efc0819c4f0 unknown :-1 s=HELLO_CONNECTING pgs=0 cs=0 l=1 rev1=1 crypto rx=0 tx=0 comp rx=0 tx=0).handle_hello peer v2:172.21.15.142:3300/0 says I am v2:172.21.15.142:42392/0 (socket says 172.21.15.142:42392)
2024-04-24T08:54:53.566 INFO:teuthology.orchestra.run.smithi142.stdout:/usr/bin/ceph: stderr
2024-04-24T08:54:52.529+0000 7efc0de00700 1 -- 172.21.15.142:0/1385503027 learned_addr learned my addr 172.21.15.142:0/1385503027 (peer_addr_for_me v2:172.21.15.142:0/0)
2024-04-24T08:54:53.566 INFO:teuthology.orchestra.run.smithi142.stdout:/usr/bin/ceph: stderr
2024-04-24T08:54:52.529+0000 7efc0de00700 1 -- 172.21.15.142:0/1385503027 --> [v2:172.21.15.142:3300/0,v1:172.21.15.142:6789/0] -- mon_subscribe({config=0+,monmap=0+}) v3 -- 0x7efbfc009550 con 0x7efc081065f0
2024-04-24T08:54:53.566 INFO:teuthology.orchestra.run.smithi142.stdout:/usr/bin/ceph: stderr
2024-04-24T08:54:52.529+0000 7efc0de00700 1 --2- 172.21.15.142:0/1385503027 >> [v2:172.21.15.142:3300/0,v1:172.21.15.142:6789/0] conn(0x7efc081065f0 0x7efc0819c4f0 secure :-1 s=READY pgs=27 cs=0 l=1 rev1=1 crypto rx=0x7efbfc011710 tx=0x7efbfc0047c0 comp rx=0 tx=0).ready entity=mon.0 client_cookie=0 server_cookie=0 in_seq=0 out_seq=0
2024-04-24T08:54:53.566 INFO:teuthology.orchestra.run.smithi142.stdout:/usr/bin/ceph: stderr
2024-04-24T08:54:52.530+0000 7efc02a00700 1 -- 172.21.15.142:0/1385503027 <== mon.0 v2:172.21.15.142:3300/0 1 ==== mon_map magic: 0 v1 ==== 229+0+0 (secure 0 0 0) 0x7efbfc003b10 con 0x7efc081065f0
2024-04-24T08:54:53.566 INFO:teuthology.orchestra.run.smithi142.stdout:/usr/bin/ceph: stderr
2024-04-24T08:54:52.530+0000 7efc02a00700 1 -- 172.21.15.142:0/1385503027 <== mon.0 v2:172.21.15.142:3300/0 2 ==== config(27 keys) v1 ==== 1042+0+0 (secure 0 0 0) 0x7efbfc01b8c0 con 0x7efc081065f0
2024-04-24T08:54:53.566 INFO:teuthology.orchestra.run.smithi142.stdout:/usr/bin/ceph: stderr
2024-04-24T08:54:52.530+0000 7efc02a00700 1 -- 172.21.15.142:0/1385503027 <== mon.0 v2:172.21.15.142:3300/0 3 ==== mon_map magic: 0 v1 ==== 229+0+0 (secure 0 0 0) 0x7efbfc019770 con 0x7efc081065f0
2024-04-24T08:54:53.566 INFO:teuthology.orchestra.run.smithi142.stdout:/usr/bin/ceph: stderr
2024-04-24T08:54:52.530+0000 7efc10800700 1 -- 172.21.15.142:0/1385503027 --> [v2:172.21.15.142:3300/0,v1:172.21.15.142:6789/0] -- mon_subscribe({mgrmap=0+}) v3 -- 0x7efc0819cc30 con 0x7efc081065f0
2024-04-24T08:54:53.566 INFO:teuthology.orchestra.run.smithi142.stdout:/usr/bin/ceph: stderr
2024-04-24T08:54:52.530+0000 7efc10800700 1 -- 172.21.15.142:0/1385503027 --> [v2:172.21.15.142:3300/0,v1:172.21.15.142:6789/0] -- mon_subscribe({osdmap=0}) v3 -- 0x7efc0819d0d0 con 0x7efc081065f0
2024-04-24T08:54:53.566 INFO:teuthology.orchestra.run.smithi142.stdout:/usr/bin/ceph: stderr
2024-04-24T08:54:52.531+0000 7efc02a00700 1 -- 172.21.15.142:0/1385503027 <== mon.0 v2:172.21.15.142:3300/0 4 ==== mgrmap(e 5) v1 ==== 45556+0+0 (secure 0 0 0) 0x7efbfc0199a0 con 0x7efc081065f0
2024-04-24T08:54:53.566 INFO:teuthology.orchestra.run.smithi142.stdout:/usr/bin/ceph: stderr
2024-04-24T08:54:52.531+0000 7efc10800700 1 -- 172.21.15.142:0/1385503027 --> [v2:172.21.15.142:3300/0,v1:172.21.15.142:6789/0] -- mon_command({"prefix": "get_command_descriptions"} v 0) v1 -- 0x7efc0810a9d0 con 0x7efc081065f0
2024-04-24T08:54:53.566 INFO:teuthology.orchestra.run.smithi142.stdout:/usr/bin/ceph: stderr
2024-04-24T08:54:52.531+0000 7efc02a00700 1 --2- 172.21.15.142:0/1385503027 >> [v2:172.21.15.142:6800/981648272,v1:172.21.15.142:6801/981648272] conn(0x7efbf0038770 0x7efbf003ac30 unknown :-1 s=NONE pgs=0 cs=0 l=1 rev1=0 crypto rx=0 tx=0 comp rx=0 tx=0).connect
2024-04-24T08:54:53.566 INFO:teuthology.orchestra.run.smithi142.stdout:/usr/bin/ceph: stderr
2024-04-24T08:54:52.531+0000 7efc02a00700 1 -- 172.21.15.142:0/1385503027 <== mon.0 v2:172.21.15.142:3300/0 5 ==== osd_map(1..1 src has 1..1) v4 ==== 725+0+0 (secure 0 0 0) 0x7efbfc04ca50 con 0x7efc081065f0
2024-04-24T08:54:53.567 INFO:teuthology.orchestra.run.smithi142.stdout:/usr/bin/ceph: stderr
2024-04-24T08:54:52.532+0000 7efc0d400700 1 -- 172.21.15.142:0/1385503027 >> [v2:172.21.15.142:6800/981648272,v1:172.21.15.142:6801/981648272] conn(0x7efbf0038770 msgr2=0x7efbf003ac30 unknown :-1 s=STATE_CONNECTING_RE l=1).process reconnect failed to v2:172.21.15.142:6800/981648272
2024-04-24T08:54:53.567 INFO:teuthology.orchestra.run.smithi142.stdout:/usr/bin/ceph: stderr
2024-04-24T08:54:52.532+0000 7efc0d400700 1 --2- 172.21.15.142:0/1385503027 >> [v2:172.21.15.142:6800/981648272,v1:172.21.15.142:6801/981648272] conn(0x7efbf0038770 0x7efbf003ac30 unknown :-1 s=START_CONNECT pgs=0 cs=0 l=1 rev1=0 crypto rx=0 tx=0 comp rx=0 tx=0)._fault waiting 0.200000
2024-04-24T08:54:53.567 INFO:teuthology.orchestra.run.smithi142.stdout:/usr/bin/ceph: stderr
2024-04-24T08:54:52.537+0000 7efc02a00700 1 -- 172.21.15.142:0/1385503027 <== mon.0 v2:172.21.15.142:3300/0 6 ==== mon_command_ack([{"prefix": "get_command_descriptions"}]=0 v0) v1 ==== 72+0+183351 (secure 0 0 0) 0x7efbfc018350 con 0x7efc081065f0
2024-04-24T08:54:53.567 INFO:teuthology.orchestra.run.smithi142.stdout:/usr/bin/ceph: stderr
2024-04-24T08:54:52.733+0000 7efc0d400700 1 -- 172.21.15.142:0/1385503027 >> [v2:172.21.15.142:6800/981648272,v1:172.21.15.142:6801/981648272] conn(0x7efbf0038770 msgr2=0x7efbf003ac30 unknown :-1 s=STATE_CONNECTING_RE l=1).process reconnect failed to v2:172.21.15.142:6800/981648272
2024-04-24T08:54:53.567 INFO:teuthology.orchestra.run.smithi142.stdout:/usr/bin/ceph: stderr
2024-04-24T08:54:52.733+0000 7efc0d400700 1 --2- 172.21.15.142:0/1385503027 >> [v2:172.21.15.142:6800/981648272,v1:172.21.15.142:6801/981648272] conn(0x7efbf0038770 0x7efbf003ac30 unknown :-1 s=START_CONNECT pgs=0 cs=0 l=1 rev1=0 crypto rx=0 tx=0 comp rx=0 tx=0)._fault waiting 0.400000
2024-04-24T08:54:53.567 INFO:teuthology.orchestra.run.smithi142.stdout:/usr/bin/ceph: stderr
2024-04-24T08:54:52.815+0000 7efc10800700 1 -- 172.21.15.142:0/1385503027 --> [v2:172.21.15.142:3300/0,v1:172.21.15.142:6789/0] -- mon_command({"prefix": "mgr stat"} v 0) v1 -- 0x7efc0819fab0 con 0x7efc081065f0
2024-04-24T08:54:53.567 INFO:teuthology.orchestra.run.smithi142.stdout:/usr/bin/ceph: stderr
2024-04-24T08:54:52.815+0000 7efc02a00700 1 -- 172.21.15.142:0/1385503027 <== mon.0 v2:172.21.15.142:3300/0 7 ==== mon_command_ack([{"prefix": "mgr stat"}]=0 v5) v1 ==== 56+0+103 (secure 0 0 0) 0x7efc0819fab0 con 0x7efc081065f0
2024-04-24T08:54:53.567 INFO:teuthology.orchestra.run.smithi142.stdout:/usr/bin/ceph: stderr
2024-04-24T08:54:52.818+0000 7efc10800700 1 -- 172.21.15.142:0/1385503027 >> [v2:172.21.15.142:6800/981648272,v1:172.21.15.142:6801/981648272] conn(0x7efbf0038770 msgr2=0x7efbf003ac30 unknown :-1 s=STATE_CONNECTING l=1).mark_down
2024-04-24T08:54:53.567 INFO:teuthology.orchestra.run.smithi142.stdout:/usr/bin/ceph: stderr
2024-04-24T08:54:52.818+0000 7efc10800700 1 --2- 172.21.15.142:0/1385503027 >> [v2:172.21.15.142:6800/981648272,v1:172.21.15.142:6801/981648272] conn(0x7efbf0038770 0x7efbf003ac30 unknown :-1 s=START_CONNECT pgs=0 cs=0 l=1 rev1=0 crypto rx=0 tx=0 comp rx=0 tx=0).stop
2024-04-24T08:54:53.567 INFO:teuthology.orchestra.run.smithi142.stdout:/usr/bin/ceph: stderr
2024-04-24T08:54:52.818+0000 7efc10800700 1 -- 172.21.15.142:0/1385503027 >> [v2:172.21.15.142:3300/0,v1:172.21.15.142:6789/0] conn(0x7efc081065f0 msgr2=0x7efc0819c4f0 secure :-1 s=STATE_CONNECTION_ESTABLISHED l=1).mark_down
2024-04-24T08:54:53.567 INFO:teuthology.orchestra.run.smithi142.stdout:/usr/bin/ceph: stderr
2024-04-24T08:54:52.818+0000 7efc10800700 1 --2- 172.21.15.142:0/1385503027 >> [v2:172.21.15.142:3300/0,v1:172.21.15.142:6789/0] conn(0x7efc081065f0 0x7efc0819c4f0 secure :-1 s=READY pgs=27 cs=0 l=1 rev1=1 crypto rx=0x7efbfc011710 tx=0x7efbfc0047c0 comp rx=0 tx=0).stop
2024-04-24T08:54:53.567 INFO:teuthology.orchestra.run.smithi142.stdout:/usr/bin/ceph: stderr
2024-04-24T08:54:52.818+0000 7efc10800700 1 -- 172.21.15.142:0/1385503027 shutdown_connections
2024-04-24T08:54:53.567 INFO:teuthology.orchestra.run.smithi142.stdout:/usr/bin/ceph: stderr
2024-04-24T08:54:52.818+0000 7efc10800700 1 --2- 172.21.15.142:0/1385503027 >> [v2:172.21.15.142:6800/981648272,v1:172.21.15.142:6801/981648272] conn(0x7efbf0038770 0x7efbf003ac30 unknown :-1 s=CLOSED pgs=0 cs=0 l=1 rev1=0 crypto rx=0 tx=0 comp rx=0 tx=0).stop
2024-04-24T08:54:53.567 INFO:teuthology.orchestra.run.smithi142.stdout:/usr/bin/ceph: stderr
2024-04-24T08:54:52.818+0000 7efc10800700 1 --2- 172.21.15.142:0/1385503027 >> [v2:172.21.15.142:3300/0,v1:172.21.15.142:6789/0] conn(0x7efc081065f0 0x7efc0819c4f0 unknown :-1 s=CLOSED pgs=27 cs=0 l=1 rev1=1 crypto rx=0 tx=0 comp rx=0 tx=0).stop
2024-04-24T08:54:53.568 INFO:teuthology.orchestra.run.smithi142.stdout:/usr/bin/ceph: stderr
2024-04-24T08:54:52.818+0000 7efc10800700 1 -- 172.21.15.142:0/1385503027 >> 172.21.15.142:0/1385503027 conn(0x7efc08101bb0 msgr2=0x7efc08102670 unknown :-1 s=STATE_NONE l=0).mark_down
2024-04-24T08:54:53.568 INFO:teuthology.orchestra.run.smithi142.stdout:/usr/bin/ceph: stderr
2024-04-24T08:54:52.818+0000 7efc10800700 1 -- 172.21.15.142:0/1385503027 shutdown_connections
2024-04-24T08:54:53.568 INFO:teuthology.orchestra.run.smithi142.stdout:/usr/bin/ceph: stderr
2024-04-24T08:54:52.819+0000 7efc10800700 1 -- 172.21.15.142:0/1385503027 wait complete.
2024-04-24T08:54:53.568 INFO:teuthology.orchestra.run.smithi142.stdout:Waiting for the mgr to restart...
2024-04-24T08:54:53.568 INFO:teuthology.orchestra.run.smithi142.stdout:Waiting for mgr epoch 5...
2024-04-24T08:55:00.593 INFO:journalctl@ceph.mon.smithi142.smithi142.stdout:Apr 24 08:55:00 smithi142 ceph-mon[25798]: Active manager daemon smithi142.hsydrs restarted
2024-04-24T08:55:00.594 INFO:journalctl@ceph.mon.smithi142.smithi142.stdout:Apr 24 08:55:00 smithi142 ceph-mon[25798]: Activating manager daemon smithi142.hsydrs
2024-04-24T08:55:00.594 INFO:journalctl@ceph.mon.smithi142.smithi142.stdout:Apr 24 08:55:00 smithi142 ceph-mon[25798]: osdmap e2: 0 total, 0 up, 0 in
2024-04-24T08:55:00.594 INFO:journalctl@ceph.mon.smithi142.smithi142.stdout:Apr 24 08:55:00 smithi142 ceph-mon[25798]: mgrmap e6: smithi142.hsydrs(active, starting, since 0.00969317s)
2024-04-24T08:55:00.594 INFO:journalctl@ceph.mon.smithi142.smithi142.stdout:Apr 24 08:55:00 smithi142 ceph-mon[25798]: from='mgr.14120 172.21.15.142:0/1161584179' entity='mgr.smithi142.hsydrs' cmd=[{"prefix": "mon metadata", "id": "smithi142"}]: dispatch
2024-04-24T08:55:00.594 INFO:journalctl@ceph.mon.smithi142.smithi142.stdout:Apr 24 08:55:00 smithi142 ceph-mon[25798]: from='mgr.14120 172.21.15.142:0/1161584179' entity='mgr.smithi142.hsydrs' cmd=[{"prefix": "mgr metadata", "who": "smithi142.hsydrs", "id": "smithi142.hsydrs"}]: dispatch
2024-04-24T08:55:00.594 INFO:journalctl@ceph.mon.smithi142.smithi142.stdout:Apr 24 08:55:00 smithi142 ceph-mon[25798]: from='mgr.14120 172.21.15.142:0/1161584179' entity='mgr.smithi142.hsydrs' cmd=[{"prefix": "mds metadata"}]: dispatch
2024-04-24T08:55:00.594 INFO:journalctl@ceph.mon.smithi142.smithi142.stdout:Apr 24 08:55:00 smithi142 ceph-mon[25798]: from='mgr.14120 172.21.15.142:0/1161584179' entity='mgr.smithi142.hsydrs' cmd=[{"prefix": "osd metadata"}]: dispatch
2024-04-24T08:55:00.594 INFO:journalctl@ceph.mon.smithi142.smithi142.stdout:Apr 24 08:55:00 smithi142 ceph-mon[25798]: from='mgr.14120 172.21.15.142:0/1161584179' entity='mgr.smithi142.hsydrs' cmd=[{"prefix": "mon metadata"}]: dispatch
2024-04-24T08:55:00.594 INFO:journalctl@ceph.mon.smithi142.smithi142.stdout:Apr 24 08:55:00 smithi142 ceph-mon[25798]: Manager daemon smithi142.hsydrs is now available
2024-04-24T08:55:00.594 INFO:journalctl@ceph.mon.smithi142.smithi142.stdout:Apr 24 08:55:00 smithi142 ceph-mon[25798]: from='mgr.14120 172.21.15.142:0/1161584179' entity='mgr.smithi142.hsydrs'
2024-04-24T08:55:00.594 INFO:journalctl@ceph.mon.smithi142.smithi142.stdout:Apr 24 08:55:00 smithi142 ceph-mon[25798]: from='mgr.14120 172.21.15.142:0/1161584179' entity='mgr.smithi142.hsydrs'
2024-04-24T08:55:01.459 INFO:journalctl@ceph.mon.smithi142.smithi142.stdout:Apr 24 08:55:01 smithi142 ceph-mon[25798]: Found migration_current of "None". Setting to last migration.
2024-04-24T08:55:01.459 INFO:journalctl@ceph.mon.smithi142.smithi142.stdout:Apr 24 08:55:01 smithi142 ceph-mon[25798]: from='mgr.14120 172.21.15.142:0/1161584179' entity='mgr.smithi142.hsydrs' cmd=[{"prefix": "config dump", "format": "json"}]: dispatch
2024-04-24T08:55:01.460 INFO:journalctl@ceph.mon.smithi142.smithi142.stdout:Apr 24 08:55:01 smithi142 ceph-mon[25798]: from='mgr.14120 172.21.15.142:0/1161584179' entity='mgr.smithi142.hsydrs' cmd=[{"prefix": "config dump", "format": "json"}]: dispatch
2024-04-24T08:55:01.460 INFO:journalctl@ceph.mon.smithi142.smithi142.stdout:Apr 24 08:55:01 smithi142 ceph-mon[25798]: from='mgr.14120 172.21.15.142:0/1161584179' entity='mgr.smithi142.hsydrs' cmd=[{"prefix":"config rm","who":"mgr","name":"mgr/rbd_support/smithi142.hsydrs/mirror_snapshot_schedule"}]: dispatch
2024-04-24T08:55:01.460 INFO:journalctl@ceph.mon.smithi142.smithi142.stdout:Apr 24 08:55:01 smithi142 ceph-mon[25798]: from='mgr.14120 172.21.15.142:0/1161584179' entity='mgr.smithi142.hsydrs' cmd=[{"prefix":"config rm","who":"mgr","name":"mgr/rbd_support/smithi142.hsydrs/trash_purge_schedule"}]: dispatch
2024-04-24T08:55:01.460 INFO:journalctl@ceph.mon.smithi142.smithi142.stdout:Apr 24 08:55:01 smithi142 ceph-mon[25798]: mgrmap e7: smithi142.hsydrs(active, since 1.01819s)
2024-04-24T08:55:01.741 INFO:teuthology.orchestra.run.smithi142.stdout:/usr/bin/ceph: stdout {
2024-04-24T08:55:01.741 INFO:teuthology.orchestra.run.smithi142.stdout:/usr/bin/ceph: stdout "mgrmap_epoch": 7,
2024-04-24T08:55:01.741 INFO:teuthology.orchestra.run.smithi142.stdout:/usr/bin/ceph: stdout "initialized": true
2024-04-24T08:55:01.741 INFO:teuthology.orchestra.run.smithi142.stdout:/usr/bin/ceph: stdout }
2024-04-24T08:55:01.743 INFO:teuthology.orchestra.run.smithi142.stdout:/usr/bin/ceph: stderr
2024-04-24T08:54:54.154+0000 7f959c200700 1 Processor -- start
2024-04-24T08:55:01.743 INFO:teuthology.orchestra.run.smithi142.stdout:/usr/bin/ceph: stderr
2024-04-24T08:54:54.154+0000 7f959c200700 1 -- start start
2024-04-24T08:55:01.743 INFO:teuthology.orchestra.run.smithi142.stdout:/usr/bin/ceph: stderr
2024-04-24T08:54:54.155+0000 7f959c200700 1 --2- >> [v2:172.21.15.142:3300/0,v1:172.21.15.142:6789/0] conn(0x7f959407adb0 0x7f9594079210 unknown :-1 s=NONE pgs=0 cs=0 l=0 rev1=0 crypto rx=0 tx=0 comp rx=0 tx=0).connect
2024-04-24T08:55:01.743 INFO:teuthology.orchestra.run.smithi142.stdout:/usr/bin/ceph: stderr
2024-04-24T08:54:54.155+0000 7f959c200700 1 -- --> [v2:172.21.15.142:3300/0,v1:172.21.15.142:6789/0] -- mon_getmap magic: 0 v1 -- 0x7f95940797e0 con 0x7f959407adb0
2024-04-24T08:55:01.744 INFO:teuthology.orchestra.run.smithi142.stdout:/usr/bin/ceph: stderr
2024-04-24T08:54:54.155+0000 7f9599800700 1 --2- >> [v2:172.21.15.142:3300/0,v1:172.21.15.142:6789/0] conn(0x7f959407adb0 0x7f9594079210 unknown :-1 s=BANNER_CONNECTING pgs=0 cs=0 l=0 rev1=0 crypto rx=0 tx=0 comp rx=0 tx=0)._handle_peer_banner_payload supported=3 required=0
2024-04-24T08:55:01.744 INFO:teuthology.orchestra.run.smithi142.stdout:/usr/bin/ceph: stderr
2024-04-24T08:54:54.155+0000 7f9599800700 1 --2- >> [v2:172.21.15.142:3300/0,v1:172.21.15.142:6789/0] conn(0x7f959407adb0 0x7f9594079210 unknown :-1 s=HELLO_CONNECTING pgs=0 cs=0 l=0 rev1=1 crypto rx=0 tx=0 comp rx=0 tx=0).handle_hello peer v2:172.21.15.142:3300/0 says I am v2:172.21.15.142:42406/0 (socket says 172.21.15.142:42406)
2024-04-24T08:55:01.744 INFO:teuthology.orchestra.run.smithi142.stdout:/usr/bin/ceph: stderr
2024-04-24T08:54:54.155+0000 7f9599800700 1 -- 172.21.15.142:0/317790790 learned_addr learned my addr 172.21.15.142:0/317790790 (peer_addr_for_me v2:172.21.15.142:0/0)
2024-04-24T08:55:01.744 INFO:teuthology.orchestra.run.smithi142.stdout:/usr/bin/ceph: stderr
2024-04-24T08:54:54.155+0000 7f9599800700 1 -- 172.21.15.142:0/317790790 --> [v2:172.21.15.142:3300/0,v1:172.21.15.142:6789/0] -- mon_subscribe({config=0+,monmap=0+}) v3 -- 0x7f9594079920 con 0x7f959407adb0
2024-04-24T08:55:01.744 INFO:teuthology.orchestra.run.smithi142.stdout:/usr/bin/ceph: stderr
2024-04-24T08:54:54.156+0000 7f9599800700 1 --2- 172.21.15.142:0/317790790 >> [v2:172.21.15.142:3300/0,v1:172.21.15.142:6789/0] conn(0x7f959407adb0 0x7f9594079210 secure :-1 s=READY pgs=28 cs=0 l=1 rev1=1 crypto rx=0x7f95880098a0 tx=0x7f9588009bb0 comp rx=0 tx=0).ready entity=mon.0 client_cookie=db8bd6e085647015 server_cookie=0 in_seq=0 out_seq=0
2024-04-24T08:55:01.744 INFO:teuthology.orchestra.run.smithi142.stdout:/usr/bin/ceph: stderr
2024-04-24T08:54:54.156+0000 7f9593e00700 1 -- 172.21.15.142:0/317790790 <== mon.0 v2:172.21.15.142:3300/0 1 ==== mon_map magic: 0 v1 ==== 229+0+0 (secure 0 0 0) 0x7f9588004180 con 0x7f959407adb0
2024-04-24T08:55:01.744 INFO:teuthology.orchestra.run.smithi142.stdout:/usr/bin/ceph: stderr
2024-04-24T08:54:54.156+0000 7f9593e00700 1 -- 172.21.15.142:0/317790790 <== mon.0 v2:172.21.15.142:3300/0 2 ==== config(27 keys) v1 ==== 1042+0+0 (secure 0 0 0) 0x7f95880042e0 con 0x7f959407adb0
2024-04-24T08:55:01.744 INFO:teuthology.orchestra.run.smithi142.stdout:/usr/bin/ceph: stderr
2024-04-24T08:54:54.156+0000 7f9593e00700 1 -- 172.21.15.142:0/317790790 <== mon.0 v2:172.21.15.142:3300/0 3 ==== mon_map magic: 0 v1 ==== 229+0+0 (secure 0 0 0) 0x7f9588011a70 con 0x7f959407adb0
2024-04-24T08:55:01.744 INFO:teuthology.orchestra.run.smithi142.stdout:/usr/bin/ceph: stderr
2024-04-24T08:54:54.157+0000 7f959c200700 1 -- 172.21.15.142:0/317790790 >> [v2:172.21.15.142:3300/0,v1:172.21.15.142:6789/0] conn(0x7f959407adb0 msgr2=0x7f9594079210 secure :-1 s=STATE_CONNECTION_ESTABLISHED l=1).mark_down
2024-04-24T08:55:01.751 INFO:teuthology.orchestra.run.smithi142.stdout:/usr/bin/ceph: stderr
2024-04-24T08:54:54.157+0000 7f959c200700 1 --2- 172.21.15.142:0/317790790 >> [v2:172.21.15.142:3300/0,v1:172.21.15.142:6789/0] conn(0x7f959407adb0 0x7f9594079210 secure :-1 s=READY pgs=28 cs=0 l=1 rev1=1 crypto rx=0x7f95880098a0 tx=0x7f9588009bb0 comp rx=0 tx=0).stop
2024-04-24T08:55:01.751 INFO:teuthology.orchestra.run.smithi142.stdout:/usr/bin/ceph: stderr
2024-04-24T08:54:54.157+0000 7f959c200700 1 -- 172.21.15.142:0/317790790 shutdown_connections
2024-04-24T08:55:01.751 INFO:teuthology.orchestra.run.smithi142.stdout:/usr/bin/ceph: stderr
2024-04-24T08:54:54.157+0000 7f959c200700 1 --2- 172.21.15.142:0/317790790 >> [v2:172.21.15.142:3300/0,v1:172.21.15.142:6789/0] conn(0x7f959407adb0 0x7f9594079210 unknown :-1 s=CLOSED pgs=28 cs=0 l=1 rev1=1 crypto rx=0 tx=0 comp rx=0 tx=0).stop
2024-04-24T08:55:01.751 INFO:teuthology.orchestra.run.smithi142.stdout:/usr/bin/ceph: stderr
2024-04-24T08:54:54.157+0000 7f959c200700 1 -- 172.21.15.142:0/317790790 >> 172.21.15.142:0/317790790 conn(0x7f9594101ba0 msgr2=0x7f9594103fc0 unknown :-1 s=STATE_NONE l=0).mark_down
2024-04-24T08:55:01.752 INFO:teuthology.orchestra.run.smithi142.stdout:/usr/bin/ceph: stderr
2024-04-24T08:54:54.157+0000 7f959c200700 1 -- 172.21.15.142:0/317790790 shutdown_connections
2024-04-24T08:55:01.752 INFO:teuthology.orchestra.run.smithi142.stdout:/usr/bin/ceph: stderr
2024-04-24T08:54:54.157+0000 7f959c200700 1 -- 172.21.15.142:0/317790790 wait complete.
2024-04-24T08:55:01.752 INFO:teuthology.orchestra.run.smithi142.stdout:/usr/bin/ceph: stderr
2024-04-24T08:54:54.158+0000 7f959c200700 1 Processor -- start
2024-04-24T08:55:01.752 INFO:teuthology.orchestra.run.smithi142.stdout:/usr/bin/ceph: stderr
2024-04-24T08:54:54.158+0000 7f959c200700 1 -- start start
2024-04-24T08:55:01.752 INFO:teuthology.orchestra.run.smithi142.stdout:/usr/bin/ceph: stderr
2024-04-24T08:54:54.158+0000 7f959c200700 1 --2- >> [v2:172.21.15.142:3300/0,v1:172.21.15.142:6789/0] conn(0x7f959407adb0 0x7f959419c5a0 unknown :-1 s=NONE pgs=0 cs=0 l=1 rev1=0 crypto rx=0 tx=0 comp rx=0 tx=0).connect
2024-04-24T08:55:01.753 INFO:teuthology.orchestra.run.smithi142.stdout:/usr/bin/ceph: stderr
2024-04-24T08:54:54.158+0000 7f959c200700 1 -- --> [v2:172.21.15.142:3300/0,v1:172.21.15.142:6789/0] -- mon_getmap magic: 0 v1 -- 0x7f959419cae0 con 0x7f959407adb0
2024-04-24T08:55:01.753 INFO:teuthology.orchestra.run.smithi142.stdout:/usr/bin/ceph: stderr
2024-04-24T08:54:54.159+0000 7f9599800700 1 --2- >> [v2:172.21.15.142:3300/0,v1:172.21.15.142:6789/0] conn(0x7f959407adb0 0x7f959419c5a0 unknown :-1 s=BANNER_CONNECTING pgs=0 cs=0 l=1 rev1=0 crypto rx=0 tx=0 comp rx=0 tx=0)._handle_peer_banner_payload supported=3 required=0
2024-04-24T08:55:01.753 INFO:teuthology.orchestra.run.smithi142.stdout:/usr/bin/ceph: stderr
2024-04-24T08:54:54.159+0000 7f9599800700 1 --2- >> [v2:172.21.15.142:3300/0,v1:172.21.15.142:6789/0] conn(0x7f959407adb0 0x7f959419c5a0 unknown :-1 s=HELLO_CONNECTING pgs=0 cs=0 l=1 rev1=1 crypto rx=0 tx=0 comp rx=0 tx=0).handle_hello peer v2:172.21.15.142:3300/0 says I am v2:172.21.15.142:42416/0 (socket says 172.21.15.142:42416)
2024-04-24T08:55:01.753 INFO:teuthology.orchestra.run.smithi142.stdout:/usr/bin/ceph: stderr
2024-04-24T08:54:54.159+0000 7f9599800700 1 -- 172.21.15.142:0/1005271992 learned_addr learned my addr 172.21.15.142:0/1005271992 (peer_addr_for_me v2:172.21.15.142:0/0)
2024-04-24T08:55:01.753 INFO:teuthology.orchestra.run.smithi142.stdout:/usr/bin/ceph: stderr
2024-04-24T08:54:54.159+0000 7f9599800700 1 -- 172.21.15.142:0/1005271992 --> [v2:172.21.15.142:3300/0,v1:172.21.15.142:6789/0] -- mon_subscribe({config=0+,monmap=0+}) v3 -- 0x7f9588009550 con 0x7f959407adb0
2024-04-24T08:55:01.753 INFO:teuthology.orchestra.run.smithi142.stdout:/usr/bin/ceph: stderr
2024-04-24T08:54:54.159+0000 7f9599800700 1 --2- 172.21.15.142:0/1005271992 >> [v2:172.21.15.142:3300/0,v1:172.21.15.142:6789/0] conn(0x7f959407adb0 0x7f959419c5a0 secure :-1 s=READY pgs=29 cs=0 l=1 rev1=1 crypto rx=0x7f9588006af0 tx=0x7f95880047c0 comp rx=0 tx=0).ready entity=mon.0 client_cookie=0 server_cookie=0 in_seq=0 out_seq=0
2024-04-24T08:55:01.753 INFO:teuthology.orchestra.run.smithi142.stdout:/usr/bin/ceph: stderr
2024-04-24T08:54:54.160+0000 7f9592000700 1 -- 172.21.15.142:0/1005271992 <== mon.0 v2:172.21.15.142:3300/0 1 ==== mon_map magic: 0 v1 ==== 229+0+0 (secure 0 0 0) 0x7f9588003a00 con 0x7f959407adb0
2024-04-24T08:55:01.753 INFO:teuthology.orchestra.run.smithi142.stdout:/usr/bin/ceph: stderr
2024-04-24T08:54:54.160+0000 7f9592000700 1 -- 172.21.15.142:0/1005271992 <== mon.0 v2:172.21.15.142:3300/0 2 ==== config(27 keys) v1 ==== 1042+0+0 (secure 0 0 0) 0x7f9588003b60 con 0x7f959407adb0
2024-04-24T08:55:01.753 INFO:teuthology.orchestra.run.smithi142.stdout:/usr/bin/ceph: stderr
2024-04-24T08:54:54.160+0000 7f959c200700 1 -- 172.21.15.142:0/1005271992 --> [v2:172.21.15.142:3300/0,v1:172.21.15.142:6789/0] -- mon_subscribe({mgrmap=0+}) v3 -- 0x7f959419cce0 con 0x7f959407adb0
2024-04-24T08:55:01.753 INFO:teuthology.orchestra.run.smithi142.stdout:/usr/bin/ceph: stderr
2024-04-24T08:54:54.160+0000 7f9592000700 1 -- 172.21.15.142:0/1005271992 <== mon.0 v2:172.21.15.142:3300/0 3 ==== mon_map magic: 0 v1 ==== 229+0+0 (secure 0 0 0) 0x7f9588023750 con 0x7f959407adb0
