2024-04-24T08:55:01.753 INFO:teuthology.orchestra.run.smithi142.stdout:/usr/bin/ceph: stderr
2024-04-24T08:54:54.160+0000 7f959c200700 1 -- 172.21.15.142:0/1005271992 --> [v2:172.21.15.142:3300/0,v1:172.21.15.142:6789/0] -- mon_subscribe({osdmap=0}) v3 -- 0x7f959419d180 con 0x7f959407adb0
2024-04-24T08:55:01.753 INFO:teuthology.orchestra.run.smithi142.stdout:/usr/bin/ceph: stderr
2024-04-24T08:54:54.161+0000 7f9592000700 1 -- 172.21.15.142:0/1005271992 <== mon.0 v2:172.21.15.142:3300/0 4 ==== mgrmap(e 5) v1 ==== 45556+0+0 (secure 0 0 0) 0x7f9588023940 con 0x7f959407adb0
2024-04-24T08:55:01.753 INFO:teuthology.orchestra.run.smithi142.stdout:/usr/bin/ceph: stderr
2024-04-24T08:54:54.162+0000 7f9592000700 1 --2- 172.21.15.142:0/1005271992 >> [v2:172.21.15.142:6800/981648272,v1:172.21.15.142:6801/981648272] conn(0x7f957c038770 0x7f957c03ac30 unknown :-1 s=NONE pgs=0 cs=0 l=1 rev1=0 crypto rx=0 tx=0 comp rx=0 tx=0).connect
2024-04-24T08:55:01.754 INFO:teuthology.orchestra.run.smithi142.stdout:/usr/bin/ceph: stderr
2024-04-24T08:54:54.162+0000 7f9592000700 1 -- 172.21.15.142:0/1005271992 --> [v2:172.21.15.142:6800/981648272,v1:172.21.15.142:6801/981648272] -- command(tid 0: {"prefix": "get_command_descriptions"}) v1 -- 0x7f957c03b340 con 0x7f957c038770
2024-04-24T08:55:01.754 INFO:teuthology.orchestra.run.smithi142.stdout:/usr/bin/ceph: stderr
2024-04-24T08:54:54.162+0000 7f9592000700 1 -- 172.21.15.142:0/1005271992 <== mon.0 v2:172.21.15.142:3300/0 5 ==== osd_map(1..1 src has 1..1) v4 ==== 725+0+0 (secure 0 0 0) 0x7f958804c970 con 0x7f959407adb0
2024-04-24T08:55:01.754 INFO:teuthology.orchestra.run.smithi142.stdout:/usr/bin/ceph: stderr
2024-04-24T08:54:54.162+0000 7f9598e00700 1 -- 172.21.15.142:0/1005271992 >> [v2:172.21.15.142:6800/981648272,v1:172.21.15.142:6801/981648272] conn(0x7f957c038770 msgr2=0x7f957c03ac30 unknown :-1 s=STATE_CONNECTING_RE l=1).process reconnect failed to v2:172.21.15.142:6800/981648272
2024-04-24T08:55:01.754 INFO:teuthology.orchestra.run.smithi142.stdout:/usr/bin/ceph: stderr
2024-04-24T08:54:54.162+0000 7f9598e00700 1 --2- 172.21.15.142:0/1005271992 >> [v2:172.21.15.142:6800/981648272,v1:172.21.15.142:6801/981648272] conn(0x7f957c038770 0x7f957c03ac30 unknown :-1 s=START_CONNECT pgs=0 cs=0 l=1 rev1=0 crypto rx=0 tx=0 comp rx=0 tx=0)._fault waiting 0.200000
2024-04-24T08:55:01.754 INFO:teuthology.orchestra.run.smithi142.stdout:/usr/bin/ceph: stderr
2024-04-24T08:54:54.363+0000 7f9598e00700 1 -- 172.21.15.142:0/1005271992 >> [v2:172.21.15.142:6800/981648272,v1:172.21.15.142:6801/981648272] conn(0x7f957c038770 msgr2=0x7f957c03ac30 unknown :-1 s=STATE_CONNECTING_RE l=1).process reconnect failed to v2:172.21.15.142:6800/981648272
2024-04-24T08:55:01.754 INFO:teuthology.orchestra.run.smithi142.stdout:/usr/bin/ceph: stderr
2024-04-24T08:54:54.363+0000 7f9598e00700 1 --2- 172.21.15.142:0/1005271992 >> [v2:172.21.15.142:6800/981648272,v1:172.21.15.142:6801/981648272] conn(0x7f957c038770 0x7f957c03ac30 unknown :-1 s=START_CONNECT pgs=0 cs=0 l=1 rev1=0 crypto rx=0 tx=0 comp rx=0 tx=0)._fault waiting 0.400000
2024-04-24T08:55:01.754 INFO:teuthology.orchestra.run.smithi142.stdout:/usr/bin/ceph: stderr
2024-04-24T08:54:54.764+0000 7f9598e00700 1 -- 172.21.15.142:0/1005271992 >> [v2:172.21.15.142:6800/981648272,v1:172.21.15.142:6801/981648272] conn(0x7f957c038770 msgr2=0x7f957c03ac30 unknown :-1 s=STATE_CONNECTING_RE l=1).process reconnect failed to v2:172.21.15.142:6800/981648272
2024-04-24T08:55:01.754 INFO:teuthology.orchestra.run.smithi142.stdout:/usr/bin/ceph: stderr
2024-04-24T08:54:54.764+0000 7f9598e00700 1 --2- 172.21.15.142:0/1005271992 >> [v2:172.21.15.142:6800/981648272,v1:172.21.15.142:6801/981648272] conn(0x7f957c038770 0x7f957c03ac30 unknown :-1 s=START_CONNECT pgs=0 cs=0 l=1 rev1=0 crypto rx=0 tx=0 comp rx=0 tx=0)._fault waiting 0.800000
2024-04-24T08:55:01.754 INFO:teuthology.orchestra.run.smithi142.stdout:/usr/bin/ceph: stderr
2024-04-24T08:54:55.565+0000 7f9598e00700 1 -- 172.21.15.142:0/1005271992 >> [v2:172.21.15.142:6800/981648272,v1:172.21.15.142:6801/981648272] conn(0x7f957c038770 msgr2=0x7f957c03ac30 unknown :-1 s=STATE_CONNECTING_RE l=1).process reconnect failed to v2:172.21.15.142:6800/981648272
2024-04-24T08:55:01.754 INFO:teuthology.orchestra.run.smithi142.stdout:/usr/bin/ceph: stderr
2024-04-24T08:54:55.565+0000 7f9598e00700 1 --2- 172.21.15.142:0/1005271992 >> [v2:172.21.15.142:6800/981648272,v1:172.21.15.142:6801/981648272] conn(0x7f957c038770 0x7f957c03ac30 unknown :-1 s=START_CONNECT pgs=0 cs=0 l=1 rev1=0 crypto rx=0 tx=0 comp rx=0 tx=0)._fault waiting 1.600000
2024-04-24T08:55:01.754 INFO:teuthology.orchestra.run.smithi142.stdout:/usr/bin/ceph: stderr
2024-04-24T08:54:57.167+0000 7f9598e00700 1 -- 172.21.15.142:0/1005271992 >> [v2:172.21.15.142:6800/981648272,v1:172.21.15.142:6801/981648272] conn(0x7f957c038770 msgr2=0x7f957c03ac30 unknown :-1 s=STATE_CONNECTING_RE l=1).process reconnect failed to v2:172.21.15.142:6800/981648272
2024-04-24T08:55:01.754 INFO:teuthology.orchestra.run.smithi142.stdout:/usr/bin/ceph: stderr
2024-04-24T08:54:57.167+0000 7f9598e00700 1 --2- 172.21.15.142:0/1005271992 >> [v2:172.21.15.142:6800/981648272,v1:172.21.15.142:6801/981648272] conn(0x7f957c038770 0x7f957c03ac30 unknown :-1 s=START_CONNECT pgs=0 cs=0 l=1 rev1=0 crypto rx=0 tx=0 comp rx=0 tx=0)._fault waiting 3.200000
2024-04-24T08:55:01.754 INFO:teuthology.orchestra.run.smithi142.stdout:/usr/bin/ceph: stderr
2024-04-24T08:55:00.122+0000 7f9592000700 1 -- 172.21.15.142:0/1005271992 <== mon.0 v2:172.21.15.142:3300/0 6 ==== mgrmap(e 6) v1 ==== 45323+0+0 (secure 0 0 0) 0x7f9588023bf0 con 0x7f959407adb0
2024-04-24T08:55:01.755 INFO:teuthology.orchestra.run.smithi142.stdout:/usr/bin/ceph: stderr
2024-04-24T08:55:00.122+0000 7f9592000700 1 -- 172.21.15.142:0/1005271992 >> [v2:172.21.15.142:6800/981648272,v1:172.21.15.142:6801/981648272] conn(0x7f957c038770 msgr2=0x7f957c03ac30 unknown :-1 s=STATE_CONNECTING l=1).mark_down
2024-04-24T08:55:01.755 INFO:teuthology.orchestra.run.smithi142.stdout:/usr/bin/ceph: stderr
2024-04-24T08:55:00.122+0000 7f9592000700 1 --2- 172.21.15.142:0/1005271992 >> [v2:172.21.15.142:6800/981648272,v1:172.21.15.142:6801/981648272] conn(0x7f957c038770 0x7f957c03ac30 unknown :-1 s=START_CONNECT pgs=0 cs=0 l=1 rev1=0 crypto rx=0 tx=0 comp rx=0 tx=0).stop
2024-04-24T08:55:01.755 INFO:teuthology.orchestra.run.smithi142.stdout:/usr/bin/ceph: stderr
2024-04-24T08:55:01.127+0000 7f9592000700 1 -- 172.21.15.142:0/1005271992 <== mon.0 v2:172.21.15.142:3300/0 7 ==== mgrmap(e 7) v1 ==== 45450+0+0 (secure 0 0 0) 0x7f958802dcf0 con 0x7f959407adb0
2024-04-24T08:55:01.755 INFO:teuthology.orchestra.run.smithi142.stdout:/usr/bin/ceph: stderr
2024-04-24T08:55:01.127+0000 7f9592000700 1 --2- 172.21.15.142:0/1005271992 >> [v2:172.21.15.142:6800/918629284,v1:172.21.15.142:6801/918629284] conn(0x7f957c03bfb0 0x7f957c03e3a0 unknown :-1 s=NONE pgs=0 cs=0 l=1 rev1=0 crypto rx=0 tx=0 comp rx=0 tx=0).connect
2024-04-24T08:55:01.755 INFO:teuthology.orchestra.run.smithi142.stdout:/usr/bin/ceph: stderr
2024-04-24T08:55:01.127+0000 7f9592000700 1 -- 172.21.15.142:0/1005271992 --> [v2:172.21.15.142:6800/918629284,v1:172.21.15.142:6801/918629284] -- command(tid 0: {"prefix": "get_command_descriptions"}) v1 -- 0x7f957c03b340 con 0x7f957c03bfb0
2024-04-24T08:55:01.755 INFO:teuthology.orchestra.run.smithi142.stdout:/usr/bin/ceph: stderr
2024-04-24T08:55:01.130+0000 7f9598e00700 1 --2- 172.21.15.142:0/1005271992 >> [v2:172.21.15.142:6800/918629284,v1:172.21.15.142:6801/918629284] conn(0x7f957c03bfb0 0x7f957c03e3a0 unknown :-1 s=BANNER_CONNECTING pgs=0 cs=0 l=1 rev1=0 crypto rx=0 tx=0 comp rx=0 tx=0)._handle_peer_banner_payload supported=3 required=0
2024-04-24T08:55:01.755 INFO:teuthology.orchestra.run.smithi142.stdout:/usr/bin/ceph: stderr
2024-04-24T08:55:01.133+0000 7f9598e00700 1 --2- 172.21.15.142:0/1005271992 >> [v2:172.21.15.142:6800/918629284,v1:172.21.15.142:6801/918629284] conn(0x7f957c03bfb0 0x7f957c03e3a0 secure :-1 s=READY pgs=3 cs=0 l=1 rev1=1 crypto rx=0x7f9580003a10 tx=0x7f95800092b0 comp rx=0 tx=0).ready entity=mgr.14120 client_cookie=0 server_cookie=0 in_seq=0 out_seq=0
2024-04-24T08:55:01.755 INFO:teuthology.orchestra.run.smithi142.stdout:/usr/bin/ceph: stderr
2024-04-24T08:55:01.135+0000 7f9592000700 1 -- 172.21.15.142:0/1005271992 <== mgr.14120 v2:172.21.15.142:6800/918629284 1 ==== command_reply(tid 0: 0 ) v1 ==== 8+0+6910 (secure 0 0 0) 0x7f957c03b340 con 0x7f957c03bfb0
2024-04-24T08:55:01.755 INFO:teuthology.orchestra.run.smithi142.stdout:/usr/bin/ceph: stderr
2024-04-24T08:55:01.142+0000 7f959c200700 1 -- 172.21.15.142:0/1005271992 --> [v2:172.21.15.142:6800/918629284,v1:172.21.15.142:6801/918629284] -- command(tid 1: {"prefix": "mgr_status"}) v1 -- 0x7f959410c900 con 0x7f957c03bfb0
2024-04-24T08:55:01.755 INFO:teuthology.orchestra.run.smithi142.stdout:/usr/bin/ceph: stderr
2024-04-24T08:55:01.143+0000 7f9592000700 1 -- 172.21.15.142:0/1005271992 <== mgr.14120 v2:172.21.15.142:6800/918629284 2 ==== command_reply(tid 1: 0 ) v1 ==== 8+0+51 (secure 0 0 0) 0x7f959410c900 con 0x7f957c03bfb0
2024-04-24T08:55:01.755 INFO:teuthology.orchestra.run.smithi142.stdout:/usr/bin/ceph: stderr
2024-04-24T08:55:01.144+0000 7f959c200700 1 -- 172.21.15.142:0/1005271992 >> [v2:172.21.15.142:6800/918629284,v1:172.21.15.142:6801/918629284] conn(0x7f957c03bfb0 msgr2=0x7f957c03e3a0 secure :-1 s=STATE_CONNECTION_ESTABLISHED l=1).mark_down
2024-04-24T08:55:01.755 INFO:teuthology.orchestra.run.smithi142.stdout:/usr/bin/ceph: stderr
2024-04-24T08:55:01.144+0000 7f959c200700 1 --2- 172.21.15.142:0/1005271992 >> [v2:172.21.15.142:6800/918629284,v1:172.21.15.142:6801/918629284] conn(0x7f957c03bfb0 0x7f957c03e3a0 secure :-1 s=READY pgs=3 cs=0 l=1 rev1=1 crypto rx=0x7f9580003a10 tx=0x7f95800092b0 comp rx=0 tx=0).stop
2024-04-24T08:55:01.755 INFO:teuthology.orchestra.run.smithi142.stdout:/usr/bin/ceph: stderr
2024-04-24T08:55:01.144+0000 7f959c200700 1 -- 172.21.15.142:0/1005271992 >> [v2:172.21.15.142:3300/0,v1:172.21.15.142:6789/0] conn(0x7f959407adb0 msgr2=0x7f959419c5a0 secure :-1 s=STATE_CONNECTION_ESTABLISHED l=1).mark_down
2024-04-24T08:55:01.756 INFO:teuthology.orchestra.run.smithi142.stdout:/usr/bin/ceph: stderr
2024-04-24T08:55:01.144+0000 7f959c200700 1 --2- 172.21.15.142:0/1005271992 >> [v2:172.21.15.142:3300/0,v1:172.21.15.142:6789/0] conn(0x7f959407adb0 0x7f959419c5a0 secure :-1 s=READY pgs=29 cs=0 l=1 rev1=1 crypto rx=0x7f9588006af0 tx=0x7f95880047c0 comp rx=0 tx=0).stop
2024-04-24T08:55:01.756 INFO:teuthology.orchestra.run.smithi142.stdout:/usr/bin/ceph: stderr
2024-04-24T08:55:01.144+0000 7f959c200700 1 -- 172.21.15.142:0/1005271992 shutdown_connections
2024-04-24T08:55:01.756 INFO:teuthology.orchestra.run.smithi142.stdout:/usr/bin/ceph: stderr
2024-04-24T08:55:01.144+0000 7f959c200700 1 --2- 172.21.15.142:0/1005271992 >> [v2:172.21.15.142:3300/0,v1:172.21.15.142:6789/0] conn(0x7f959407adb0 0x7f959419c5a0 unknown :-1 s=CLOSED pgs=29 cs=0 l=1 rev1=1 crypto rx=0 tx=0 comp rx=0 tx=0).stop
2024-04-24T08:55:01.756 INFO:teuthology.orchestra.run.smithi142.stdout:/usr/bin/ceph: stderr
2024-04-24T08:55:01.144+0000 7f959c200700 1 --2- 172.21.15.142:0/1005271992 >> [v2:172.21.15.142:6800/918629284,v1:172.21.15.142:6801/918629284] conn(0x7f957c03bfb0 0x7f957c03e3a0 unknown :-1 s=CLOSED pgs=3 cs=0 l=1 rev1=1 crypto rx=0 tx=0 comp rx=0 tx=0).stop
2024-04-24T08:55:01.756 INFO:teuthology.orchestra.run.smithi142.stdout:/usr/bin/ceph: stderr
2024-04-24T08:55:01.144+0000 7f959c200700 1 --2- 172.21.15.142:0/1005271992 >> [v2:172.21.15.142:6800/981648272,v1:172.21.15.142:6801/981648272] conn(0x7f957c038770 0x7f957c03ac30 unknown :-1 s=CLOSED pgs=0 cs=0 l=1 rev1=0 crypto rx=0 tx=0 comp rx=0 tx=0).stop
2024-04-24T08:55:01.756 INFO:teuthology.orchestra.run.smithi142.stdout:/usr/bin/ceph: stderr
2024-04-24T08:55:01.144+0000 7f959c200700 1 -- 172.21.15.142:0/1005271992 >> 172.21.15.142:0/1005271992 conn(0x7f9594101ba0 msgr2=0x7f9594102860 unknown :-1 s=STATE_NONE l=0).mark_down
2024-04-24T08:55:01.756 INFO:teuthology.orchestra.run.smithi142.stdout:/usr/bin/ceph: stderr
2024-04-24T08:55:01.144+0000 7f959c200700 1 -- 172.21.15.142:0/1005271992 shutdown_connections
2024-04-24T08:55:01.756 INFO:teuthology.orchestra.run.smithi142.stdout:/usr/bin/ceph: stderr
2024-04-24T08:55:01.145+0000 7f959c200700 1 -- 172.21.15.142:0/1005271992 wait complete.
2024-04-24T08:55:01.756 INFO:teuthology.orchestra.run.smithi142.stdout:mgr epoch 5 is available
2024-04-24T08:55:01.756 INFO:teuthology.orchestra.run.smithi142.stdout:Setting orchestrator backend to cephadm...
2024-04-24T08:55:02.289 INFO:journalctl@ceph.mon.smithi142.smithi142.stdout:Apr 24 08:55:02 smithi142 ceph-mon[25798]: from='client.14124 -' entity='client.admin' cmd=[{"prefix": "get_command_descriptions"}]: dispatch
2024-04-24T08:55:02.289 INFO:journalctl@ceph.mon.smithi142.smithi142.stdout:Apr 24 08:55:02 smithi142 ceph-mon[25798]: from='client.14124 -' entity='client.admin' cmd=[{"prefix": "mgr_status"}]: dispatch
2024-04-24T08:55:03.266 INFO:teuthology.orchestra.run.smithi142.stdout:/usr/bin/ceph: stderr
2024-04-24T08:55:02.353+0000 7f2bc3800700 1 Processor -- start
2024-04-24T08:55:03.266 INFO:teuthology.orchestra.run.smithi142.stdout:/usr/bin/ceph: stderr
2024-04-24T08:55:02.353+0000 7f2bc3800700 1 -- start start
2024-04-24T08:55:03.266 INFO:teuthology.orchestra.run.smithi142.stdout:/usr/bin/ceph: stderr
2024-04-24T08:55:02.353+0000 7f2bc3800700 1 --2- >> [v2:172.21.15.142:3300/0,v1:172.21.15.142:6789/0] conn(0x7f2bbc107070 0x7f2bbc109460 unknown :-1 s=NONE pgs=0 cs=0 l=0 rev1=0 crypto rx=0 tx=0 comp rx=0 tx=0).connect
2024-04-24T08:55:03.266 INFO:teuthology.orchestra.run.smithi142.stdout:/usr/bin/ceph: stderr
2024-04-24T08:55:02.353+0000 7f2bc3800700 1 -- --> [v2:172.21.15.142:3300/0,v1:172.21.15.142:6789/0] -- mon_getmap magic: 0 v1 -- 0x7f2bbc074750 con 0x7f2bbc107070
2024-04-24T08:55:03.266 INFO:teuthology.orchestra.run.smithi142.stdout:/usr/bin/ceph: stderr
2024-04-24T08:55:02.354+0000 7f2bc0e00700 1 --2- >> [v2:172.21.15.142:3300/0,v1:172.21.15.142:6789/0] conn(0x7f2bbc107070 0x7f2bbc109460 unknown :-1 s=BANNER_CONNECTING pgs=0 cs=0 l=0 rev1=0 crypto rx=0 tx=0 comp rx=0 tx=0)._handle_peer_banner_payload supported=3 required=0
2024-04-24T08:55:03.266 INFO:teuthology.orchestra.run.smithi142.stdout:/usr/bin/ceph: stderr
2024-04-24T08:55:02.354+0000 7f2bc0e00700 1 --2- >> [v2:172.21.15.142:3300/0,v1:172.21.15.142:6789/0] conn(0x7f2bbc107070 0x7f2bbc109460 unknown :-1 s=HELLO_CONNECTING pgs=0 cs=0 l=0 rev1=1 crypto rx=0 tx=0 comp rx=0 tx=0).handle_hello peer v2:172.21.15.142:3300/0 says I am v2:172.21.15.142:49656/0 (socket says 172.21.15.142:49656)
2024-04-24T08:55:03.267 INFO:teuthology.orchestra.run.smithi142.stdout:/usr/bin/ceph: stderr
2024-04-24T08:55:02.354+0000 7f2bc0e00700 1 -- 172.21.15.142:0/137518294 learned_addr learned my addr 172.21.15.142:0/137518294 (peer_addr_for_me v2:172.21.15.142:0/0)
2024-04-24T08:55:03.267 INFO:teuthology.orchestra.run.smithi142.stdout:/usr/bin/ceph: stderr
2024-04-24T08:55:02.354+0000 7f2bc0e00700 1 -- 172.21.15.142:0/137518294 --> [v2:172.21.15.142:3300/0,v1:172.21.15.142:6789/0] -- mon_subscribe({config=0+,monmap=0+}) v3 -- 0x7f2bbc1099a0 con 0x7f2bbc107070
2024-04-24T08:55:03.267 INFO:teuthology.orchestra.run.smithi142.stdout:/usr/bin/ceph: stderr
2024-04-24T08:55:02.355+0000 7f2bc0e00700 1 --2- 172.21.15.142:0/137518294 >> [v2:172.21.15.142:3300/0,v1:172.21.15.142:6789/0] conn(0x7f2bbc107070 0x7f2bbc109460 secure :-1 s=READY pgs=37 cs=0 l=1 rev1=1 crypto rx=0x7f2bb00098a0 tx=0x7f2bb0009bb0 comp rx=0 tx=0).ready entity=mon.0 client_cookie=b1398b34ace0dda7 server_cookie=0 in_seq=0 out_seq=0
2024-04-24T08:55:03.267 INFO:teuthology.orchestra.run.smithi142.stdout:/usr/bin/ceph: stderr
2024-04-24T08:55:02.355+0000 7f2bbb400700 1 -- 172.21.15.142:0/137518294 <== mon.0 v2:172.21.15.142:3300/0 1 ==== mon_map magic: 0 v1 ==== 229+0+0 (secure 0 0 0) 0x7f2bb0004180 con 0x7f2bbc107070
2024-04-24T08:55:03.267 INFO:teuthology.orchestra.run.smithi142.stdout:/usr/bin/ceph: stderr
2024-04-24T08:55:02.355+0000 7f2bbb400700 1 -- 172.21.15.142:0/137518294 <== mon.0 v2:172.21.15.142:3300/0 2 ==== config(27 keys) v1 ==== 1042+0+0 (secure 0 0 0) 0x7f2bb00042e0 con 0x7f2bbc107070
2024-04-24T08:55:03.267 INFO:teuthology.orchestra.run.smithi142.stdout:/usr/bin/ceph: stderr
2024-04-24T08:55:02.355+0000 7f2bbb400700 1 -- 172.21.15.142:0/137518294 <== mon.0 v2:172.21.15.142:3300/0 3 ==== mon_map magic: 0 v1 ==== 229+0+0 (secure 0 0 0) 0x7f2bb0011a70 con 0x7f2bbc107070
2024-04-24T08:55:03.267 INFO:teuthology.orchestra.run.smithi142.stdout:/usr/bin/ceph: stderr
2024-04-24T08:55:02.355+0000 7f2bc3800700 1 -- 172.21.15.142:0/137518294 >> [v2:172.21.15.142:3300/0,v1:172.21.15.142:6789/0] conn(0x7f2bbc107070 msgr2=0x7f2bbc109460 secure :-1 s=STATE_CONNECTION_ESTABLISHED l=1).mark_down
2024-04-24T08:55:03.267 INFO:teuthology.orchestra.run.smithi142.stdout:/usr/bin/ceph: stderr
2024-04-24T08:55:02.355+0000 7f2bc3800700 1 --2- 172.21.15.142:0/137518294 >> [v2:172.21.15.142:3300/0,v1:172.21.15.142:6789/0] conn(0x7f2bbc107070 0x7f2bbc109460 secure :-1 s=READY pgs=37 cs=0 l=1 rev1=1 crypto rx=0x7f2bb00098a0 tx=0x7f2bb0009bb0 comp rx=0 tx=0).stop
2024-04-24T08:55:03.267 INFO:teuthology.orchestra.run.smithi142.stdout:/usr/bin/ceph: stderr
2024-04-24T08:55:02.356+0000 7f2bc3800700 1 -- 172.21.15.142:0/137518294 shutdown_connections
2024-04-24T08:55:03.267 INFO:teuthology.orchestra.run.smithi142.stdout:/usr/bin/ceph: stderr
2024-04-24T08:55:02.356+0000 7f2bc3800700 1 --2- 172.21.15.142:0/137518294 >> [v2:172.21.15.142:3300/0,v1:172.21.15.142:6789/0] conn(0x7f2bbc107070 0x7f2bbc109460 unknown :-1 s=CLOSED pgs=37 cs=0 l=1 rev1=1 crypto rx=0 tx=0 comp rx=0 tx=0).stop
2024-04-24T08:55:03.267 INFO:teuthology.orchestra.run.smithi142.stdout:/usr/bin/ceph: stderr
2024-04-24T08:55:02.356+0000 7f2bc3800700 1 -- 172.21.15.142:0/137518294 >> 172.21.15.142:0/137518294 conn(0x7f2bbc100a60 msgr2=0x7f2bbc102e80 unknown :-1 s=STATE_NONE l=0).mark_down
2024-04-24T08:55:03.267 INFO:teuthology.orchestra.run.smithi142.stdout:/usr/bin/ceph: stderr
2024-04-24T08:55:02.356+0000 7f2bc3800700 1 -- 172.21.15.142:0/137518294 shutdown_connections
2024-04-24T08:55:03.267 INFO:teuthology.orchestra.run.smithi142.stdout:/usr/bin/ceph: stderr
2024-04-24T08:55:02.356+0000 7f2bc3800700 1 -- 172.21.15.142:0/137518294 wait complete.
2024-04-24T08:55:03.268 INFO:teuthology.orchestra.run.smithi142.stdout:/usr/bin/ceph: stderr
2024-04-24T08:55:02.357+0000 7f2bc3800700 1 Processor -- start
2024-04-24T08:55:03.268 INFO:teuthology.orchestra.run.smithi142.stdout:/usr/bin/ceph: stderr
2024-04-24T08:55:02.357+0000 7f2bc3800700 1 -- start start
2024-04-24T08:55:03.268 INFO:teuthology.orchestra.run.smithi142.stdout:/usr/bin/ceph: stderr
2024-04-24T08:55:02.357+0000 7f2bc3800700 1 --2- >> [v2:172.21.15.142:3300/0,v1:172.21.15.142:6789/0] conn(0x7f2bbc107070 0x7f2bbc19c4d0 unknown :-1 s=NONE pgs=0 cs=0 l=1 rev1=0 crypto rx=0 tx=0 comp rx=0 tx=0).connect
2024-04-24T08:55:03.268 INFO:teuthology.orchestra.run.smithi142.stdout:/usr/bin/ceph: stderr
2024-04-24T08:55:02.357+0000 7f2bc3800700 1 -- --> [v2:172.21.15.142:3300/0,v1:172.21.15.142:6789/0] -- mon_getmap magic: 0 v1 -- 0x7f2bbc19ca10 con 0x7f2bbc107070
2024-04-24T08:55:03.268 INFO:teuthology.orchestra.run.smithi142.stdout:/usr/bin/ceph: stderr
2024-04-24T08:55:02.358+0000 7f2bc0e00700 1 --2- >> [v2:172.21.15.142:3300/0,v1:172.21.15.142:6789/0] conn(0x7f2bbc107070 0x7f2bbc19c4d0 unknown :-1 s=BANNER_CONNECTING pgs=0 cs=0 l=1 rev1=0 crypto rx=0 tx=0 comp rx=0 tx=0)._handle_peer_banner_payload supported=3 required=0
2024-04-24T08:55:03.268 INFO:teuthology.orchestra.run.smithi142.stdout:/usr/bin/ceph: stderr
2024-04-24T08:55:02.358+0000 7f2bc0e00700 1 --2- >> [v2:172.21.15.142:3300/0,v1:172.21.15.142:6789/0] conn(0x7f2bbc107070 0x7f2bbc19c4d0 unknown :-1 s=HELLO_CONNECTING pgs=0 cs=0 l=1 rev1=1 crypto rx=0 tx=0 comp rx=0 tx=0).handle_hello peer v2:172.21.15.142:3300/0 says I am v2:172.21.15.142:49668/0 (socket says 172.21.15.142:49668)
2024-04-24T08:55:03.268 INFO:teuthology.orchestra.run.smithi142.stdout:/usr/bin/ceph: stderr
2024-04-24T08:55:02.358+0000 7f2bc0e00700 1 -- 172.21.15.142:0/96923262 learned_addr learned my addr 172.21.15.142:0/96923262 (peer_addr_for_me v2:172.21.15.142:0/0)
2024-04-24T08:55:03.268 INFO:teuthology.orchestra.run.smithi142.stdout:/usr/bin/ceph: stderr
2024-04-24T08:55:02.358+0000 7f2bc0e00700 1 -- 172.21.15.142:0/96923262 --> [v2:172.21.15.142:3300/0,v1:172.21.15.142:6789/0] -- mon_subscribe({config=0+,monmap=0+}) v3 -- 0x7f2bb0009550 con 0x7f2bbc107070
2024-04-24T08:55:03.268 INFO:teuthology.orchestra.run.smithi142.stdout:/usr/bin/ceph: stderr
2024-04-24T08:55:02.358+0000 7f2bc0e00700 1 --2- 172.21.15.142:0/96923262 >> [v2:172.21.15.142:3300/0,v1:172.21.15.142:6789/0] conn(0x7f2bbc107070 0x7f2bbc19c4d0 secure :-1 s=READY pgs=38 cs=0 l=1 rev1=1 crypto rx=0x7f2bb0011710 tx=0x7f2bb00047c0 comp rx=0 tx=0).ready entity=mon.0 client_cookie=0 server_cookie=0 in_seq=0 out_seq=0
2024-04-24T08:55:03.268 INFO:teuthology.orchestra.run.smithi142.stdout:/usr/bin/ceph: stderr
2024-04-24T08:55:02.358+0000 7f2bb9600700 1 -- 172.21.15.142:0/96923262 <== mon.0 v2:172.21.15.142:3300/0 1 ==== mon_map magic: 0 v1 ==== 229+0+0 (secure 0 0 0) 0x7f2bb0003b10 con 0x7f2bbc107070
2024-04-24T08:55:03.268 INFO:teuthology.orchestra.run.smithi142.stdout:/usr/bin/ceph: stderr
2024-04-24T08:55:02.359+0000 7f2bb9600700 1 -- 172.21.15.142:0/96923262 <== mon.0 v2:172.21.15.142:3300/0 2 ==== config(27 keys) v1 ==== 1042+0+0 (secure 0 0 0) 0x7f2bb001b8c0 con 0x7f2bbc107070
2024-04-24T08:55:03.268 INFO:teuthology.orchestra.run.smithi142.stdout:/usr/bin/ceph: stderr
2024-04-24T08:55:02.359+0000 7f2bb9600700 1 -- 172.21.15.142:0/96923262 <== mon.0 v2:172.21.15.142:3300/0 3 ==== mon_map magic: 0 v1 ==== 229+0+0 (secure 0 0 0) 0x7f2bb00197e0 con 0x7f2bbc107070
2024-04-24T08:55:03.268 INFO:teuthology.orchestra.run.smithi142.stdout:/usr/bin/ceph: stderr
2024-04-24T08:55:02.359+0000 7f2bc3800700 1 -- 172.21.15.142:0/96923262 --> [v2:172.21.15.142:3300/0,v1:172.21.15.142:6789/0] -- mon_subscribe({mgrmap=0+}) v3 -- 0x7f2bbc19cc10 con 0x7f2bbc107070
2024-04-24T08:55:03.269 INFO:teuthology.orchestra.run.smithi142.stdout:/usr/bin/ceph: stderr
2024-04-24T08:55:02.359+0000 7f2bc3800700 1 -- 172.21.15.142:0/96923262 --> [v2:172.21.15.142:3300/0,v1:172.21.15.142:6789/0] -- mon_subscribe({osdmap=0}) v3 -- 0x7f2bbc19d0b0 con 0x7f2bbc107070
2024-04-24T08:55:03.269 INFO:teuthology.orchestra.run.smithi142.stdout:/usr/bin/ceph: stderr
2024-04-24T08:55:02.360+0000 7f2bb9600700 1 -- 172.21.15.142:0/96923262 <== mon.0 v2:172.21.15.142:3300/0 4 ==== mgrmap(e 8) v1 ==== 45556+0+0 (secure 0 0 0) 0x7f2bb001ba30 con 0x7f2bbc107070
2024-04-24T08:55:03.269 INFO:teuthology.orchestra.run.smithi142.stdout:/usr/bin/ceph: stderr
2024-04-24T08:55:02.360+0000 7f2bc3800700 1 -- 172.21.15.142:0/96923262 --> [v2:172.21.15.142:3300/0,v1:172.21.15.142:6789/0] -- mon_command({"prefix": "get_command_descriptions"} v 0) v1 -- 0x7f2bbc10a6c0 con 0x7f2bbc107070
2024-04-24T08:55:03.269 INFO:teuthology.orchestra.run.smithi142.stdout:/usr/bin/ceph: stderr
2024-04-24T08:55:02.360+0000 7f2bb9600700 1 --2- 172.21.15.142:0/96923262 >> [v2:172.21.15.142:6800/918629284,v1:172.21.15.142:6801/918629284] conn(0x7f2ba4038770 0x7f2ba403ac30 unknown :-1 s=NONE pgs=0 cs=0 l=1 rev1=0 crypto rx=0 tx=0 comp rx=0 tx=0).connect
2024-04-24T08:55:03.269 INFO:teuthology.orchestra.run.smithi142.stdout:/usr/bin/ceph: stderr
2024-04-24T08:55:02.360+0000 7f2bb9600700 1 -- 172.21.15.142:0/96923262 <== mon.0 v2:172.21.15.142:3300/0 5 ==== osd_map(2..2 src has 1..2) v4 ==== 940+0+0 (secure 0 0 0) 0x7f2bb004c9c0 con 0x7f2bbc107070
2024-04-24T08:55:03.269 INFO:teuthology.orchestra.run.smithi142.stdout:/usr/bin/ceph: stderr
2024-04-24T08:55:02.361+0000 7f2bbbe00700 1 --2- 172.21.15.142:0/96923262 >> [v2:172.21.15.142:6800/918629284,v1:172.21.15.142:6801/918629284] conn(0x7f2ba4038770 0x7f2ba403ac30 unknown :-1 s=BANNER_CONNECTING pgs=0 cs=0 l=1 rev1=0 crypto rx=0 tx=0 comp rx=0 tx=0)._handle_peer_banner_payload supported=3 required=0
2024-04-24T08:55:03.269 INFO:teuthology.orchestra.run.smithi142.stdout:/usr/bin/ceph: stderr
2024-04-24T08:55:02.361+0000 7f2bbbe00700 1 --2- 172.21.15.142:0/96923262 >> [v2:172.21.15.142:6800/918629284,v1:172.21.15.142:6801/918629284] conn(0x7f2ba4038770 0x7f2ba403ac30 secure :-1 s=READY pgs=7 cs=0 l=1 rev1=1 crypto rx=0x7f2ba8006fd0 tx=0x7f2ba8006e40 comp rx=0 tx=0).ready entity=mgr.14120 client_cookie=0 server_cookie=0 in_seq=0 out_seq=0
2024-04-24T08:55:03.269 INFO:teuthology.orchestra.run.smithi142.stdout:/usr/bin/ceph: stderr
2024-04-24T08:55:02.366+0000 7f2bb9600700 1 -- 172.21.15.142:0/96923262 <== mon.0 v2:172.21.15.142:3300/0 6 ==== mon_command_ack([{"prefix": "get_command_descriptions"}]=0 v0) v1 ==== 72+0+183351 (secure 0 0 0) 0x7f2bb002cd20 con 0x7f2bbc107070
2024-04-24T08:55:03.269 INFO:teuthology.orchestra.run.smithi142.stdout:/usr/bin/ceph: stderr
2024-04-24T08:55:02.602+0000 7f2bc3800700 1 -- 172.21.15.142:0/96923262 --> [v2:172.21.15.142:6800/918629284,v1:172.21.15.142:6801/918629284] -- mgr_command(tid 0: {"prefix": "orch set backend", "module_name": "cephadm", "target": ["mon-mgr", ""]}) v1 -- 0x7f2bbc101c80 con 0x7f2ba4038770
2024-04-24T08:55:03.269 INFO:teuthology.orchestra.run.smithi142.stdout:/usr/bin/ceph: stderr
2024-04-24T08:55:02.617+0000 7f2bb9600700 1 -- 172.21.15.142:0/96923262 <== mgr.14120 v2:172.21.15.142:6800/918629284 1 ==== mgr_command_reply(tid 0: 0 ) v1 ==== 8+0+0 (secure 0 0 0) 0x7f2bbc101c80 con 0x7f2ba4038770
2024-04-24T08:55:03.269 INFO:teuthology.orchestra.run.smithi142.stdout:/usr/bin/ceph: stderr
2024-04-24T08:55:02.621+0000 7f2bc3800700 1 -- 172.21.15.142:0/96923262 >> [v2:172.21.15.142:6800/918629284,v1:172.21.15.142:6801/918629284] conn(0x7f2ba4038770 msgr2=0x7f2ba403ac30 secure :-1 s=STATE_CONNECTION_ESTABLISHED l=1).mark_down
2024-04-24T08:55:03.269 INFO:teuthology.orchestra.run.smithi142.stdout:/usr/bin/ceph: stderr
2024-04-24T08:55:02.621+0000 7f2bc3800700 1 --2- 172.21.15.142:0/96923262 >> [v2:172.21.15.142:6800/918629284,v1:172.21.15.142:6801/918629284] conn(0x7f2ba4038770 0x7f2ba403ac30 secure :-1 s=READY pgs=7 cs=0 l=1 rev1=1 crypto rx=0x7f2ba8006fd0 tx=0x7f2ba8006e40 comp rx=0 tx=0).stop
2024-04-24T08:55:03.269 INFO:teuthology.orchestra.run.smithi142.stdout:/usr/bin/ceph: stderr
2024-04-24T08:55:02.621+0000 7f2bc3800700 1 -- 172.21.15.142:0/96923262 >> [v2:172.21.15.142:3300/0,v1:172.21.15.142:6789/0] conn(0x7f2bbc107070 msgr2=0x7f2bbc19c4d0 secure :-1 s=STATE_CONNECTION_ESTABLISHED l=1).mark_down
2024-04-24T08:55:03.270 INFO:teuthology.orchestra.run.smithi142.stdout:/usr/bin/ceph: stderr
2024-04-24T08:55:02.621+0000 7f2bc3800700 1 --2- 172.21.15.142:0/96923262 >> [v2:172.21.15.142:3300/0,v1:172.21.15.142:6789/0] conn(0x7f2bbc107070 0x7f2bbc19c4d0 secure :-1 s=READY pgs=38 cs=0 l=1 rev1=1 crypto rx=0x7f2bb0011710 tx=0x7f2bb00047c0 comp rx=0 tx=0).stop
2024-04-24T08:55:03.270 INFO:teuthology.orchestra.run.smithi142.stdout:/usr/bin/ceph: stderr
2024-04-24T08:55:02.621+0000 7f2bc3800700 1 -- 172.21.15.142:0/96923262 shutdown_connections
2024-04-24T08:55:03.270 INFO:teuthology.orchestra.run.smithi142.stdout:/usr/bin/ceph: stderr
2024-04-24T08:55:02.621+0000 7f2bc3800700 1 --2- 172.21.15.142:0/96923262 >> [v2:172.21.15.142:6800/918629284,v1:172.21.15.142:6801/918629284] conn(0x7f2ba4038770 0x7f2ba403ac30 unknown :-1 s=CLOSED pgs=7 cs=0 l=1 rev1=1 crypto rx=0 tx=0 comp rx=0 tx=0).stop
2024-04-24T08:55:03.270 INFO:teuthology.orchestra.run.smithi142.stdout:/usr/bin/ceph: stderr
2024-04-24T08:55:02.621+0000 7f2bc3800700 1 --2- 172.21.15.142:0/96923262 >> [v2:172.21.15.142:3300/0,v1:172.21.15.142:6789/0] conn(0x7f2bbc107070 0x7f2bbc19c4d0 unknown :-1 s=CLOSED pgs=38 cs=0 l=1 rev1=1 crypto rx=0 tx=0 comp rx=0 tx=0).stop
2024-04-24T08:55:03.270 INFO:teuthology.orchestra.run.smithi142.stdout:/usr/bin/ceph: stderr
2024-04-24T08:55:02.621+0000 7f2bc3800700 1 -- 172.21.15.142:0/96923262 >> 172.21.15.142:0/96923262 conn(0x7f2bbc100a60 msgr2=0x7f2bbc101570 unknown :-1 s=STATE_NONE l=0).mark_down
2024-04-24T08:55:03.270 INFO:teuthology.orchestra.run.smithi142.stdout:/usr/bin/ceph: stderr
2024-04-24T08:55:02.621+0000 7f2bc3800700 1 -- 172.21.15.142:0/96923262 shutdown_connections
2024-04-24T08:55:03.270 INFO:teuthology.orchestra.run.smithi142.stdout:/usr/bin/ceph: stderr
2024-04-24T08:55:02.621+0000 7f2bc3800700 1 -- 172.21.15.142:0/96923262 wait complete.
2024-04-24T08:55:03.593 INFO:journalctl@ceph.mon.smithi142.smithi142.stdout:Apr 24 08:55:03 smithi142 ceph-mon[25798]: mgrmap e8: smithi142.hsydrs(active, since 2s)
2024-04-24T08:55:03.593 INFO:journalctl@ceph.mon.smithi142.smithi142.stdout:Apr 24 08:55:03 smithi142 ceph-mon[25798]: from='mgr.14120 172.21.15.142:0/1161584179' entity='mgr.smithi142.hsydrs'
2024-04-24T08:55:03.593 INFO:journalctl@ceph.mon.smithi142.smithi142.stdout:Apr 24 08:55:03 smithi142 ceph-mon[25798]: from='mgr.14120 172.21.15.142:0/1161584179' entity='mgr.smithi142.hsydrs'
2024-04-24T08:55:03.593 INFO:journalctl@ceph.mon.smithi142.smithi142.stdout:Apr 24 08:55:03 smithi142 ceph-mon[25798]: from='mgr.14120 172.21.15.142:0/1161584179' entity='mgr.smithi142.hsydrs'
2024-04-24T08:55:03.593 INFO:journalctl@ceph.mon.smithi142.smithi142.stdout:Apr 24 08:55:03 smithi142 ceph-mon[25798]: from='mgr.14120 172.21.15.142:0/1161584179' entity='mgr.smithi142.hsydrs' cmd=[{"prefix": "config dump", "format": "json"}]: dispatch
2024-04-24T08:55:03.593 INFO:journalctl@ceph.mon.smithi142.smithi142.stdout:Apr 24 08:55:03 smithi142 ceph-mon[25798]: from='mgr.14120 172.21.15.142:0/1161584179' entity='mgr.smithi142.hsydrs' cmd=[{"prefix": "config dump", "format": "json"}]: dispatch
2024-04-24T08:55:04.307 INFO:journalctl@ceph.mon.smithi142.smithi142.stdout:Apr 24 08:55:04 smithi142 ceph-mon[25798]: from='client.14132 -' entity='client.admin' cmd=[{"prefix": "orch set backend", "module_name": "cephadm", "target": ["mon-mgr", ""]}]: dispatch
2024-04-24T08:55:04.307 INFO:journalctl@ceph.mon.smithi142.smithi142.stdout:Apr 24 08:55:04 smithi142 ceph-mon[25798]: [24/Apr/2024:08:55:02] ENGINE Bus STARTING
2024-04-24T08:55:04.307 INFO:journalctl@ceph.mon.smithi142.smithi142.stdout:Apr 24 08:55:04 smithi142 ceph-mon[25798]: [24/Apr/2024:08:55:03] ENGINE Serving on https://172.21.15.142:7150
2024-04-24T08:55:04.307 INFO:journalctl@ceph.mon.smithi142.smithi142.stdout:Apr 24 08:55:04 smithi142 ceph-mon[25798]: [24/Apr/2024:08:55:03] ENGINE Serving on http://172.21.15.142:8765
2024-04-24T08:55:04.307 INFO:journalctl@ceph.mon.smithi142.smithi142.stdout:Apr 24 08:55:04 smithi142 ceph-mon[25798]: [24/Apr/2024:08:55:03] ENGINE Bus STARTED
2024-04-24T08:55:05.020 INFO:teuthology.orchestra.run.smithi142.stdout:/usr/bin/ceph: stdout value unchanged
2024-04-24T08:55:05.020 INFO:teuthology.orchestra.run.smithi142.stdout:/usr/bin/ceph: stderr
2024-04-24T08:55:04.089+0000 7f113ea00700 1 Processor -- start
2024-04-24T08:55:05.021 INFO:teuthology.orchestra.run.smithi142.stdout:/usr/bin/ceph: stderr
2024-04-24T08:55:04.089+0000 7f113ea00700 1 -- start start
2024-04-24T08:55:05.021 INFO:teuthology.orchestra.run.smithi142.stdout:/usr/bin/ceph: stderr
2024-04-24T08:55:04.089+0000 7f113ea00700 1 --2- >> [v2:172.21.15.142:3300/0,v1:172.21.15.142:6789/0] conn(0x7f11381065a0 0x7f11381069c0 unknown :-1 s=NONE pgs=0 cs=0 l=0 rev1=0 crypto rx=0 tx=0 comp rx=0 tx=0).connect
2024-04-24T08:55:05.021 INFO:teuthology.orchestra.run.smithi142.stdout:/usr/bin/ceph: stderr
2024-04-24T08:55:04.089+0000 7f113ea00700 1 -- --> [v2:172.21.15.142:3300/0,v1:172.21.15.142:6789/0] -- mon_getmap magic: 0 v1 -- 0x7f1138106f90 con 0x7f11381065a0
2024-04-24T08:55:05.021 INFO:teuthology.orchestra.run.smithi142.stdout:/usr/bin/ceph: stderr
2024-04-24T08:55:04.090+0000 7f1137e00700 1 --2- >> [v2:172.21.15.142:3300/0,v1:172.21.15.142:6789/0] conn(0x7f11381065a0 0x7f11381069c0 unknown :-1 s=BANNER_CONNECTING pgs=0 cs=0 l=0 rev1=0 crypto rx=0 tx=0 comp rx=0 tx=0)._handle_peer_banner_payload supported=3 required=0
2024-04-24T08:55:05.021 INFO:teuthology.orchestra.run.smithi142.stdout:/usr/bin/ceph: stderr
2024-04-24T08:55:04.090+0000 7f1137e00700 1 --2- >> [v2:172.21.15.142:3300/0,v1:172.21.15.142:6789/0] conn(0x7f11381065a0 0x7f11381069c0 unknown :-1 s=HELLO_CONNECTING pgs=0 cs=0 l=0 rev1=1 crypto rx=0 tx=0 comp rx=0 tx=0).handle_hello peer v2:172.21.15.142:3300/0 says I am v2:172.21.15.142:49678/0 (socket says 172.21.15.142:49678)
2024-04-24T08:55:05.021 INFO:teuthology.orchestra.run.smithi142.stdout:/usr/bin/ceph: stderr
2024-04-24T08:55:04.090+0000 7f1137e00700 1 -- 172.21.15.142:0/4198642023 learned_addr learned my addr 172.21.15.142:0/4198642023 (peer_addr_for_me v2:172.21.15.142:0/0)
2024-04-24T08:55:05.021 INFO:teuthology.orchestra.run.smithi142.stdout:/usr/bin/ceph: stderr
2024-04-24T08:55:04.090+0000 7f1137e00700 1 -- 172.21.15.142:0/4198642023 --> [v2:172.21.15.142:3300/0,v1:172.21.15.142:6789/0] -- mon_subscribe({config=0+,monmap=0+}) v3 -- 0x7f11381077a0 con 0x7f11381065a0
2024-04-24T08:55:05.021 INFO:teuthology.orchestra.run.smithi142.stdout:/usr/bin/ceph: stderr
2024-04-24T08:55:04.091+0000 7f1137e00700 1 --2- 172.21.15.142:0/4198642023 >> [v2:172.21.15.142:3300/0,v1:172.21.15.142:6789/0] conn(0x7f11381065a0 0x7f11381069c0 secure :-1 s=READY pgs=39 cs=0 l=1 rev1=1 crypto rx=0x7f11280098a0 tx=0x7f1128009bb0 comp rx=0 tx=0).ready entity=mon.0 client_cookie=2a88d92252abd8c1 server_cookie=0 in_seq=0 out_seq=0
2024-04-24T08:55:05.021 INFO:teuthology.orchestra.run.smithi142.stdout:/usr/bin/ceph: stderr
2024-04-24T08:55:04.091+0000 7f1137400700 1 -- 172.21.15.142:0/4198642023 <== mon.0 v2:172.21.15.142:3300/0 1 ==== mon_map magic: 0 v1 ==== 229+0+0 (secure 0 0 0) 0x7f1128004180 con 0x7f11381065a0
2024-04-24T08:55:05.021 INFO:teuthology.orchestra.run.smithi142.stdout:/usr/bin/ceph: stderr
2024-04-24T08:55:04.091+0000 7f1137400700 1 -- 172.21.15.142:0/4198642023 <== mon.0 v2:172.21.15.142:3300/0 2 ==== config(27 keys) v1 ==== 1042+0+0 (secure 0 0 0) 0x7f11280042e0 con 0x7f11381065a0
2024-04-24T08:55:05.021 INFO:teuthology.orchestra.run.smithi142.stdout:/usr/bin/ceph: stderr
2024-04-24T08:55:04.091+0000 7f1137400700 1 -- 172.21.15.142:0/4198642023 <== mon.0 v2:172.21.15.142:3300/0 3 ==== mon_map magic: 0 v1 ==== 229+0+0 (secure 0 0 0) 0x7f1128011a70 con 0x7f11381065a0
2024-04-24T08:55:05.021 INFO:teuthology.orchestra.run.smithi142.stdout:/usr/bin/ceph: stderr
2024-04-24T08:55:04.091+0000 7f113ea00700 1 -- 172.21.15.142:0/4198642023 >> [v2:172.21.15.142:3300/0,v1:172.21.15.142:6789/0] conn(0x7f11381065a0 msgr2=0x7f11381069c0 secure :-1 s=STATE_CONNECTION_ESTABLISHED l=1).mark_down
2024-04-24T08:55:05.021 INFO:teuthology.orchestra.run.smithi142.stdout:/usr/bin/ceph: stderr
2024-04-24T08:55:04.091+0000 7f113ea00700 1 --2- 172.21.15.142:0/4198642023 >> [v2:172.21.15.142:3300/0,v1:172.21.15.142:6789/0] conn(0x7f11381065a0 0x7f11381069c0 secure :-1 s=READY pgs=39 cs=0 l=1 rev1=1 crypto rx=0x7f11280098a0 tx=0x7f1128009bb0 comp rx=0 tx=0).stop
2024-04-24T08:55:05.021 INFO:teuthology.orchestra.run.smithi142.stdout:/usr/bin/ceph: stderr
2024-04-24T08:55:04.092+0000 7f113ea00700 1 -- 172.21.15.142:0/4198642023 shutdown_connections
2024-04-24T08:55:05.022 INFO:teuthology.orchestra.run.smithi142.stdout:/usr/bin/ceph: stderr
2024-04-24T08:55:04.092+0000 7f113ea00700 1 --2- 172.21.15.142:0/4198642023 >> [v2:172.21.15.142:3300/0,v1:172.21.15.142:6789/0] conn(0x7f11381065a0 0x7f11381069c0 unknown :-1 s=CLOSED pgs=39 cs=0 l=1 rev1=1 crypto rx=0 tx=0 comp rx=0 tx=0).stop
2024-04-24T08:55:05.022 INFO:teuthology.orchestra.run.smithi142.stdout:/usr/bin/ceph: stderr
2024-04-24T08:55:04.092+0000 7f113ea00700 1 -- 172.21.15.142:0/4198642023 >> 172.21.15.142:0/4198642023 conn(0x7f1138101ba0 msgr2=0x7f1138103fc0 unknown :-1 s=STATE_NONE l=0).mark_down
2024-04-24T08:55:05.022 INFO:teuthology.orchestra.run.smithi142.stdout:/usr/bin/ceph: stderr
2024-04-24T08:55:04.092+0000 7f113ea00700 1 -- 172.21.15.142:0/4198642023 shutdown_connections
2024-04-24T08:55:05.022 INFO:teuthology.orchestra.run.smithi142.stdout:/usr/bin/ceph: stderr
2024-04-24T08:55:04.092+0000 7f113ea00700 1 -- 172.21.15.142:0/4198642023 wait complete.
2024-04-24T08:55:05.022 INFO:teuthology.orchestra.run.smithi142.stdout:/usr/bin/ceph: stderr
2024-04-24T08:55:04.093+0000 7f113ea00700 1 Processor -- start
2024-04-24T08:55:05.022 INFO:teuthology.orchestra.run.smithi142.stdout:/usr/bin/ceph: stderr
2024-04-24T08:55:04.093+0000 7f113ea00700 1 -- start start
2024-04-24T08:55:05.022 INFO:teuthology.orchestra.run.smithi142.stdout:/usr/bin/ceph: stderr
2024-04-24T08:55:04.093+0000 7f113ea00700 1 --2- >> [v2:172.21.15.142:3300/0,v1:172.21.15.142:6789/0] conn(0x7f11381065a0 0x7f113819c5d0 unknown :-1 s=NONE pgs=0 cs=0 l=1 rev1=0 crypto rx=0 tx=0 comp rx=0 tx=0).connect
2024-04-24T08:55:05.022 INFO:teuthology.orchestra.run.smithi142.stdout:/usr/bin/ceph: stderr
2024-04-24T08:55:04.093+0000 7f113ea00700 1 -- --> [v2:172.21.15.142:3300/0,v1:172.21.15.142:6789/0] -- mon_getmap magic: 0 v1 -- 0x7f113819cb10 con 0x7f11381065a0
2024-04-24T08:55:05.022 INFO:teuthology.orchestra.run.smithi142.stdout:/usr/bin/ceph: stderr
2024-04-24T08:55:04.093+0000 7f1137e00700 1 --2- >> [v2:172.21.15.142:3300/0,v1:172.21.15.142:6789/0] conn(0x7f11381065a0 0x7f113819c5d0 unknown :-1 s=BANNER_CONNECTING pgs=0 cs=0 l=1 rev1=0 crypto rx=0 tx=0 comp rx=0 tx=0)._handle_peer_banner_payload supported=3 required=0
2024-04-24T08:55:05.022 INFO:teuthology.orchestra.run.smithi142.stdout:/usr/bin/ceph: stderr
2024-04-24T08:55:04.094+0000 7f1137e00700 1 --2- >> [v2:172.21.15.142:3300/0,v1:172.21.15.142:6789/0] conn(0x7f11381065a0 0x7f113819c5d0 unknown :-1 s=HELLO_CONNECTING pgs=0 cs=0 l=1 rev1=1 crypto rx=0 tx=0 comp rx=0 tx=0).handle_hello peer v2:172.21.15.142:3300/0 says I am v2:172.21.15.142:49680/0 (socket says 172.21.15.142:49680)
2024-04-24T08:55:05.022 INFO:teuthology.orchestra.run.smithi142.stdout:/usr/bin/ceph: stderr
2024-04-24T08:55:04.094+0000 7f1137e00700 1 -- 172.21.15.142:0/1177035409 learned_addr learned my addr 172.21.15.142:0/1177035409 (peer_addr_for_me v2:172.21.15.142:0/0)
2024-04-24T08:55:05.022 INFO:teuthology.orchestra.run.smithi142.stdout:/usr/bin/ceph: stderr
2024-04-24T08:55:04.094+0000 7f1137e00700 1 -- 172.21.15.142:0/1177035409 --> [v2:172.21.15.142:3300/0,v1:172.21.15.142:6789/0] -- mon_subscribe({config=0+,monmap=0+}) v3 -- 0x7f1128009550 con 0x7f11381065a0
2024-04-24T08:55:05.022 INFO:teuthology.orchestra.run.smithi142.stdout:/usr/bin/ceph: stderr
2024-04-24T08:55:04.094+0000 7f1137e00700 1 --2- 172.21.15.142:0/1177035409 >> [v2:172.21.15.142:3300/0,v1:172.21.15.142:6789/0] conn(0x7f11381065a0 0x7f113819c5d0 secure :-1 s=READY pgs=40 cs=0 l=1 rev1=1 crypto rx=0x7f1128006af0 tx=0x7f11280047c0 comp rx=0 tx=0).ready entity=mon.0 client_cookie=0 server_cookie=0 in_seq=0 out_seq=0
2024-04-24T08:55:05.023 INFO:teuthology.orchestra.run.smithi142.stdout:/usr/bin/ceph: stderr
2024-04-24T08:55:04.095+0000 7f1135600700 1 -- 172.21.15.142:0/1177035409 <== mon.0 v2:172.21.15.142:3300/0 1 ==== mon_map magic: 0 v1 ==== 229+0+0 (secure 0 0 0) 0x7f1128003a00 con 0x7f11381065a0
2024-04-24T08:55:05.023 INFO:teuthology.orchestra.run.smithi142.stdout:/usr/bin/ceph: stderr
2024-04-24T08:55:04.095+0000 7f1135600700 1 -- 172.21.15.142:0/1177035409 <== mon.0 v2:172.21.15.142:3300/0 2 ==== config(27 keys) v1 ==== 1042+0+0 (secure 0 0 0) 0x7f1128003b60 con 0x7f11381065a0
2024-04-24T08:55:05.023 INFO:teuthology.orchestra.run.smithi142.stdout:/usr/bin/ceph: stderr
2024-04-24T08:55:04.095+0000 7f113ea00700 1 -- 172.21.15.142:0/1177035409 --> [v2:172.21.15.142:3300/0,v1:172.21.15.142:6789/0] -- mon_subscribe({mgrmap=0+}) v3 -- 0x7f113819cd10 con 0x7f11381065a0
2024-04-24T08:55:05.023 INFO:teuthology.orchestra.run.smithi142.stdout:/usr/bin/ceph: stderr
2024-04-24T08:55:04.095+0000 7f1135600700 1 -- 172.21.15.142:0/1177035409 <== mon.0 v2:172.21.15.142:3300/0 3 ==== mon_map magic: 0 v1 ==== 229+0+0 (secure 0 0 0) 0x7f1128023750 con 0x7f11381065a0
2024-04-24T08:55:05.023 INFO:teuthology.orchestra.run.smithi142.stdout:/usr/bin/ceph: stderr
2024-04-24T08:55:04.095+0000 7f113ea00700 1 -- 172.21.15.142:0/1177035409 --> [v2:172.21.15.142:3300/0,v1:172.21.15.142:6789/0] -- mon_subscribe({osdmap=0}) v3 -- 0x7f113819d1b0 con 0x7f11381065a0
2024-04-24T08:55:05.023 INFO:teuthology.orchestra.run.smithi142.stdout:/usr/bin/ceph: stderr
2024-04-24T08:55:04.096+0000 7f113ea00700 1 -- 172.21.15.142:0/1177035409 --> [v2:172.21.15.142:3300/0,v1:172.21.15.142:6789/0] -- mon_command({"prefix": "get_command_descriptions"} v 0) v1 -- 0x7f113810a9d0 con 0x7f11381065a0
2024-04-24T08:55:05.023 INFO:teuthology.orchestra.run.smithi142.stdout:/usr/bin/ceph: stderr
2024-04-24T08:55:04.096+0000 7f1135600700 1 -- 172.21.15.142:0/1177035409 <== mon.0 v2:172.21.15.142:3300/0 4 ==== mgrmap(e 8) v1 ==== 45556+0+0 (secure 0 0 0) 0x7f1128023940 con 0x7f11381065a0
2024-04-24T08:55:05.023 INFO:teuthology.orchestra.run.smithi142.stdout:/usr/bin/ceph: stderr
2024-04-24T08:55:04.097+0000 7f1135600700 1 --2- 172.21.15.142:0/1177035409 >> [v2:172.21.15.142:6800/918629284,v1:172.21.15.142:6801/918629284] conn(0x7f111c038770 0x7f111c03ac30 unknown :-1 s=NONE pgs=0 cs=0 l=1 rev1=0 crypto rx=0 tx=0 comp rx=0 tx=0).connect
2024-04-24T08:55:05.023 INFO:teuthology.orchestra.run.smithi142.stdout:/usr/bin/ceph: stderr
2024-04-24T08:55:04.097+0000 7f1135600700 1 -- 172.21.15.142:0/1177035409 <== mon.0 v2:172.21.15.142:3300/0 5 ==== osd_map(2..2 src has 1..2) v4 ==== 940+0+0 (secure 0 0 0) 0x7f112804ce90 con 0x7f11381065a0
2024-04-24T08:55:05.023 INFO:teuthology.orchestra.run.smithi142.stdout:/usr/bin/ceph: stderr
2024-04-24T08:55:04.098+0000 7f112fe00700 1 --2- 172.21.15.142:0/1177035409 >> [v2:172.21.15.142:6800/918629284,v1:172.21.15.142:6801/918629284] conn(0x7f111c038770 0x7f111c03ac30 unknown :-1 s=BANNER_CONNECTING pgs=0 cs=0 l=1 rev1=0 crypto rx=0 tx=0 comp rx=0 tx=0)._handle_peer_banner_payload supported=3 required=0
2024-04-24T08:55:05.023 INFO:teuthology.orchestra.run.smithi142.stdout:/usr/bin/ceph: stderr
2024-04-24T08:55:04.098+0000 7f112fe00700 1 --2- 172.21.15.142:0/1177035409 >> [v2:172.21.15.142:6800/918629284,v1:172.21.15.142:6801/918629284] conn(0x7f111c038770 0x7f111c03ac30 secure :-1 s=READY pgs=8 cs=0 l=1 rev1=1 crypto rx=0x7f1120006fd0 tx=0x7f1120006e40 comp rx=0 tx=0).ready entity=mgr.14120 client_cookie=0 server_cookie=0 in_seq=0 out_seq=0
2024-04-24T08:55:05.023 INFO:teuthology.orchestra.run.smithi142.stdout:/usr/bin/ceph: stderr
2024-04-24T08:55:04.103+0000 7f1135600700 1 -- 172.21.15.142:0/1177035409 <== mon.0 v2:172.21.15.142:3300/0 6 ==== mon_command_ack([{"prefix": "get_command_descriptions"}]=0 v0) v1 ==== 72+0+183351 (secure 0 0 0) 0x7f112802b760 con 0x7f11381065a0
2024-04-24T08:55:05.024 INFO:teuthology.orchestra.run.smithi142.stdout:/usr/bin/ceph: stderr
2024-04-24T08:55:04.327+0000 7f113ea00700 1 -- 172.21.15.142:0/1177035409 --> [v2:172.21.15.142:6800/918629284,v1:172.21.15.142:6801/918629284] -- mgr_command(tid 0: {"prefix": "cephadm set-user", "user": "root", "target": ["mon-mgr", ""]}) v1 -- 0x7f1138102e80 con 0x7f111c038770
2024-04-24T08:55:05.024 INFO:teuthology.orchestra.run.smithi142.stdout:/usr/bin/ceph: stderr
2024-04-24T08:55:04.329+0000 7f1135600700 1 -- 172.21.15.142:0/1177035409 <== mgr.14120 v2:172.21.15.142:6800/918629284 1 ==== mgr_command_reply(tid 0: 0 ) v1 ==== 8+0+16 (secure 0 0 0) 0x7f1138102e80 con 0x7f111c038770
2024-04-24T08:55:05.024 INFO:teuthology.orchestra.run.smithi142.stdout:/usr/bin/ceph: stderr
2024-04-24T08:55:04.331+0000 7f113ea00700 1 -- 172.21.15.142:0/1177035409 >> [v2:172.21.15.142:6800/918629284,v1:172.21.15.142:6801/918629284] conn(0x7f111c038770 msgr2=0x7f111c03ac30 secure :-1 s=STATE_CONNECTION_ESTABLISHED l=1).mark_down
2024-04-24T08:55:05.024 INFO:teuthology.orchestra.run.smithi142.stdout:/usr/bin/ceph: stderr
2024-04-24T08:55:04.331+0000 7f113ea00700 1 --2- 172.21.15.142:0/1177035409 >> [v2:172.21.15.142:6800/918629284,v1:172.21.15.142:6801/918629284] conn(0x7f111c038770 0x7f111c03ac30 secure :-1 s=READY pgs=8 cs=0 l=1 rev1=1 crypto rx=0x7f1120006fd0 tx=0x7f1120006e40 comp rx=0 tx=0).stop
2024-04-24T08:55:05.024 INFO:teuthology.orchestra.run.smithi142.stdout:/usr/bin/ceph: stderr
2024-04-24T08:55:04.331+0000 7f113ea00700 1 -- 172.21.15.142:0/1177035409 >> [v2:172.21.15.142:3300/0,v1:172.21.15.142:6789/0] conn(0x7f11381065a0 msgr2=0x7f113819c5d0 secure :-1 s=STATE_CONNECTION_ESTABLISHED l=1).mark_down
2024-04-24T08:55:05.024 INFO:teuthology.orchestra.run.smithi142.stdout:/usr/bin/ceph: stderr
2024-04-24T08:55:04.331+0000 7f113ea00700 1 --2- 172.21.15.142:0/1177035409 >> [v2:172.21.15.142:3300/0,v1:172.21.15.142:6789/0] conn(0x7f11381065a0 0x7f113819c5d0 secure :-1 s=READY pgs=40 cs=0 l=1 rev1=1 crypto rx=0x7f1128006af0 tx=0x7f11280047c0 comp rx=0 tx=0).stop
2024-04-24T08:55:05.024 INFO:teuthology.orchestra.run.smithi142.stdout:/usr/bin/ceph: stderr
2024-04-24T08:55:04.331+0000 7f113ea00700 1 -- 172.21.15.142:0/1177035409 shutdown_connections
2024-04-24T08:55:05.024 INFO:teuthology.orchestra.run.smithi142.stdout:/usr/bin/ceph: stderr
2024-04-24T08:55:04.332+0000 7f113ea00700 1 --2- 172.21.15.142:0/1177035409 >> [v2:172.21.15.142:6800/918629284,v1:172.21.15.142:6801/918629284] conn(0x7f111c038770 0x7f111c03ac30 unknown :-1 s=CLOSED pgs=8 cs=0 l=1 rev1=1 crypto rx=0 tx=0 comp rx=0 tx=0).stop
2024-04-24T08:55:05.024 INFO:teuthology.orchestra.run.smithi142.stdout:/usr/bin/ceph: stderr
2024-04-24T08:55:04.332+0000 7f113ea00700 1 --2- 172.21.15.142:0/1177035409 >> [v2:172.21.15.142:3300/0,v1:172.21.15.142:6789/0] conn(0x7f11381065a0 0x7f113819c5d0 unknown :-1 s=CLOSED pgs=40 cs=0 l=1 rev1=1 crypto rx=0 tx=0 comp rx=0 tx=0).stop
2024-04-24T08:55:05.024 INFO:teuthology.orchestra.run.smithi142.stdout:/usr/bin/ceph: stderr
2024-04-24T08:55:04.332+0000 7f113ea00700 1 -- 172.21.15.142:0/1177035409 >> 172.21.15.142:0/1177035409 conn(0x7f1138101ba0 msgr2=0x7f1138102770 unknown :-1 s=STATE_NONE l=0).mark_down
2024-04-24T08:55:05.024 INFO:teuthology.orchestra.run.smithi142.stdout:/usr/bin/ceph: stderr
2024-04-24T08:55:04.333+0000 7f113ea00700 1 -- 172.21.15.142:0/1177035409 shutdown_connections
2024-04-24T08:55:05.024 INFO:teuthology.orchestra.run.smithi142.stdout:/usr/bin/ceph: stderr
2024-04-24T08:55:04.333+0000 7f113ea00700 1 -- 172.21.15.142:0/1177035409 wait complete.
2024-04-24T08:55:05.024 INFO:teuthology.orchestra.run.smithi142.stdout:Generating ssh key...
2024-04-24T08:55:05.340 INFO:journalctl@ceph.mon.smithi142.smithi142.stdout:Apr 24 08:55:05 smithi142 ceph-mon[25798]: from='client.14134 -' entity='client.admin' cmd=[{"prefix": "cephadm set-user", "user": "root", "target": ["mon-mgr", ""]}]: dispatch
2024-04-24T08:55:07.067 INFO:teuthology.orchestra.run.smithi142.stdout:/usr/bin/ceph: stderr
2024-04-24T08:55:05.648+0000 7f0961800700 1 Processor -- start
2024-04-24T08:55:07.067 INFO:teuthology.orchestra.run.smithi142.stdout:/usr/bin/ceph: stderr
2024-04-24T08:55:05.648+0000 7f0961800700 1 -- start start
2024-04-24T08:55:07.067 INFO:teuthology.orchestra.run.smithi142.stdout:/usr/bin/ceph: stderr
2024-04-24T08:55:05.648+0000 7f0961800700 1 --2- >> [v2:172.21.15.142:3300/0,v1:172.21.15.142:6789/0] conn(0x7f095c10e020 0x7f095c10e440 unknown :-1 s=NONE pgs=0 cs=0 l=0 rev1=0 crypto rx=0 tx=0 comp rx=0 tx=0).connect
2024-04-24T08:55:07.067 INFO:teuthology.orchestra.run.smithi142.stdout:/usr/bin/ceph: stderr
2024-04-24T08:55:05.648+0000 7f0961800700 1 -- --> [v2:172.21.15.142:3300/0,v1:172.21.15.142:6789/0] -- mon_getmap magic: 0 v1 -- 0x7f095c10ea10 con 0x7f095c10e020
2024-04-24T08:55:07.067 INFO:teuthology.orchestra.run.smithi142.stdout:/usr/bin/ceph: stderr
2024-04-24T08:55:05.649+0000 7f095aa00700 1 --2- >> [v2:172.21.15.142:3300/0,v1:172.21.15.142:6789/0] conn(0x7f095c10e020 0x7f095c10e440 unknown :-1 s=BANNER_CONNECTING pgs=0 cs=0 l=0 rev1=0 crypto rx=0 tx=0 comp rx=0 tx=0)._handle_peer_banner_payload supported=3 required=0
2024-04-24T08:55:07.068 INFO:teuthology.orchestra.run.smithi142.stdout:/usr/bin/ceph: stderr
2024-04-24T08:55:05.649+0000 7f095aa00700 1 --2- >> [v2:172.21.15.142:3300/0,v1:172.21.15.142:6789/0] conn(0x7f095c10e020 0x7f095c10e440 unknown :-1 s=HELLO_CONNECTING pgs=0 cs=0 l=0 rev1=1 crypto rx=0 tx=0 comp rx=0 tx=0).handle_hello peer v2:172.21.15.142:3300/0 says I am v2:172.21.15.142:49684/0 (socket says 172.21.15.142:49684)
2024-04-24T08:55:07.068 INFO:teuthology.orchestra.run.smithi142.stdout:/usr/bin/ceph: stderr
2024-04-24T08:55:05.649+0000 7f095aa00700 1 -- 172.21.15.142:0/4215745542 learned_addr learned my addr 172.21.15.142:0/4215745542 (peer_addr_for_me v2:172.21.15.142:0/0)
2024-04-24T08:55:07.068 INFO:teuthology.orchestra.run.smithi142.stdout:/usr/bin/ceph: stderr
2024-04-24T08:55:05.649+0000 7f095aa00700 1 -- 172.21.15.142:0/4215745542 --> [v2:172.21.15.142:3300/0,v1:172.21.15.142:6789/0] -- mon_subscribe({config=0+,monmap=0+}) v3 -- 0x7f095c10eb50 con 0x7f095c10e020
2024-04-24T08:55:07.070 INFO:teuthology.orchestra.run.smithi142.stdout:/usr/bin/ceph: stderr
2024-04-24T08:55:05.650+0000 7f095aa00700 1 --2- 172.21.15.142:0/4215745542 >> [v2:172.21.15.142:3300/0,v1:172.21.15.142:6789/0] conn(0x7f095c10e020 0x7f095c10e440 secure :-1 s=READY pgs=41 cs=0 l=1 rev1=1 crypto rx=0x7f094c0098a0 tx=0x7f094c009bb0 comp rx=0 tx=0).ready entity=mon.0 client_cookie=2d615d43f0df7381 server_cookie=0 in_seq=0 out_seq=0
2024-04-24T08:55:07.070 INFO:teuthology.orchestra.run.smithi142.stdout:/usr/bin/ceph: stderr
2024-04-24T08:55:05.650+0000 7f095a000700 1 -- 172.21.15.142:0/4215745542 <== mon.0 v2:172.21.15.142:3300/0 1 ==== mon_map magic: 0 v1 ==== 229+0+0 (secure 0 0 0) 0x7f094c004180 con 0x7f095c10e020
2024-04-24T08:55:07.070 INFO:teuthology.orchestra.run.smithi142.stdout:/usr/bin/ceph: stderr
