2024-04-24T08:55:44.842 INFO:journalctl@ceph.mon.smithi142.smithi142.stdout:Apr 24 08:55:44 smithi142 ceph-mon[25798]: from='client.14168 -' entity='client.admin' cmd=[{"prefix": "get_command_descriptions"}]: dispatch
2024-04-24T08:55:44.842 INFO:journalctl@ceph.mon.smithi142.smithi142.stdout:Apr 24 08:55:44 smithi142 ceph-mon[25798]: from='client.14168 -' entity='client.admin' cmd=[{"prefix": "mgr_status"}]: dispatch
2024-04-24T08:55:44.859 INFO:teuthology.orchestra.run.smithi142.stdout:/usr/bin/ceph: stdout {
2024-04-24T08:55:44.859 INFO:teuthology.orchestra.run.smithi142.stdout:/usr/bin/ceph: stdout "mgrmap_epoch": 11,
2024-04-24T08:55:44.859 INFO:teuthology.orchestra.run.smithi142.stdout:/usr/bin/ceph: stdout "initialized": true
2024-04-24T08:55:44.859 INFO:teuthology.orchestra.run.smithi142.stdout:/usr/bin/ceph: stdout }
2024-04-24T08:55:44.859 INFO:teuthology.orchestra.run.smithi142.stdout:/usr/bin/ceph: stderr
2024-04-24T08:55:36.434+0000 7f17ff800700 1 Processor -- start
2024-04-24T08:55:44.859 INFO:teuthology.orchestra.run.smithi142.stdout:/usr/bin/ceph: stderr
2024-04-24T08:55:36.434+0000 7f17ff800700 1 -- start start
2024-04-24T08:55:44.859 INFO:teuthology.orchestra.run.smithi142.stdout:/usr/bin/ceph: stderr
2024-04-24T08:55:36.435+0000 7f17ff800700 1 --2- >> [v2:172.21.15.142:3300/0,v1:172.21.15.142:6789/0] conn(0x7f17f807ad90 0x7f17f80791f0 unknown :-1 s=NONE pgs=0 cs=0 l=0 rev1=0 crypto rx=0 tx=0 comp rx=0 tx=0).connect
2024-04-24T08:55:44.859 INFO:teuthology.orchestra.run.smithi142.stdout:/usr/bin/ceph: stderr
2024-04-24T08:55:36.435+0000 7f17ff800700 1 -- --> [v2:172.21.15.142:3300/0,v1:172.21.15.142:6789/0] -- mon_getmap magic: 0 v1 -- 0x7f17f80797c0 con 0x7f17f807ad90
2024-04-24T08:55:44.859 INFO:teuthology.orchestra.run.smithi142.stdout:/usr/bin/ceph: stderr
2024-04-24T08:55:36.435+0000 7f17fce00700 1 --2- >> [v2:172.21.15.142:3300/0,v1:172.21.15.142:6789/0] conn(0x7f17f807ad90 0x7f17f80791f0 unknown :-1 s=BANNER_CONNECTING pgs=0 cs=0 l=0 rev1=0 crypto rx=0 tx=0 comp rx=0 tx=0)._handle_peer_banner_payload supported=3 required=0
2024-04-24T08:55:44.859 INFO:teuthology.orchestra.run.smithi142.stdout:/usr/bin/ceph: stderr
2024-04-24T08:55:36.435+0000 7f17fce00700 1 --2- >> [v2:172.21.15.142:3300/0,v1:172.21.15.142:6789/0] conn(0x7f17f807ad90 0x7f17f80791f0 unknown :-1 s=HELLO_CONNECTING pgs=0 cs=0 l=0 rev1=1 crypto rx=0 tx=0 comp rx=0 tx=0).handle_hello peer v2:172.21.15.142:3300/0 says I am v2:172.21.15.142:43624/0 (socket says 172.21.15.142:43624)
2024-04-24T08:55:44.859 INFO:teuthology.orchestra.run.smithi142.stdout:/usr/bin/ceph: stderr
2024-04-24T08:55:36.435+0000 7f17fce00700 1 -- 172.21.15.142:0/2437706834 learned_addr learned my addr 172.21.15.142:0/2437706834 (peer_addr_for_me v2:172.21.15.142:0/0)
2024-04-24T08:55:44.860 INFO:teuthology.orchestra.run.smithi142.stdout:/usr/bin/ceph: stderr
2024-04-24T08:55:36.436+0000 7f17fce00700 1 -- 172.21.15.142:0/2437706834 --> [v2:172.21.15.142:3300/0,v1:172.21.15.142:6789/0] -- mon_subscribe({config=0+,monmap=0+}) v3 -- 0x7f17f8079900 con 0x7f17f807ad90
2024-04-24T08:55:44.860 INFO:teuthology.orchestra.run.smithi142.stdout:/usr/bin/ceph: stderr
2024-04-24T08:55:36.436+0000 7f17fce00700 1 --2- 172.21.15.142:0/2437706834 >> [v2:172.21.15.142:3300/0,v1:172.21.15.142:6789/0] conn(0x7f17f807ad90 0x7f17f80791f0 secure :-1 s=READY pgs=73 cs=0 l=1 rev1=1 crypto rx=0x7f17ec0098a0 tx=0x7f17ec009bb0 comp rx=0 tx=0).ready entity=mon.0 client_cookie=3ba3b0c380c5e37c server_cookie=0 in_seq=0 out_seq=0
2024-04-24T08:55:44.860 INFO:teuthology.orchestra.run.smithi142.stdout:/usr/bin/ceph: stderr
2024-04-24T08:55:36.436+0000 7f17f7400700 1 -- 172.21.15.142:0/2437706834 <== mon.0 v2:172.21.15.142:3300/0 1 ==== mon_map magic: 0 v1 ==== 229+0+0 (secure 0 0 0) 0x7f17ec004180 con 0x7f17f807ad90
2024-04-24T08:55:44.860 INFO:teuthology.orchestra.run.smithi142.stdout:/usr/bin/ceph: stderr
2024-04-24T08:55:36.436+0000 7f17f7400700 1 -- 172.21.15.142:0/2437706834 <== mon.0 v2:172.21.15.142:3300/0 2 ==== config(27 keys) v1 ==== 1109+0+0 (secure 0 0 0) 0x7f17ec0042e0 con 0x7f17f807ad90
2024-04-24T08:55:44.860 INFO:teuthology.orchestra.run.smithi142.stdout:/usr/bin/ceph: stderr
2024-04-24T08:55:36.436+0000 7f17f7400700 1 -- 172.21.15.142:0/2437706834 <== mon.0 v2:172.21.15.142:3300/0 3 ==== mon_map magic: 0 v1 ==== 229+0+0 (secure 0 0 0) 0x7f17ec011b10 con 0x7f17f807ad90
2024-04-24T08:55:44.860 INFO:teuthology.orchestra.run.smithi142.stdout:/usr/bin/ceph: stderr
2024-04-24T08:55:36.437+0000 7f17ff800700 1 -- 172.21.15.142:0/2437706834 >> [v2:172.21.15.142:3300/0,v1:172.21.15.142:6789/0] conn(0x7f17f807ad90 msgr2=0x7f17f80791f0 secure :-1 s=STATE_CONNECTION_ESTABLISHED l=1).mark_down
2024-04-24T08:55:44.860 INFO:teuthology.orchestra.run.smithi142.stdout:/usr/bin/ceph: stderr
2024-04-24T08:55:36.437+0000 7f17ff800700 1 --2- 172.21.15.142:0/2437706834 >> [v2:172.21.15.142:3300/0,v1:172.21.15.142:6789/0] conn(0x7f17f807ad90 0x7f17f80791f0 secure :-1 s=READY pgs=73 cs=0 l=1 rev1=1 crypto rx=0x7f17ec0098a0 tx=0x7f17ec009bb0 comp rx=0 tx=0).stop
2024-04-24T08:55:44.860 INFO:teuthology.orchestra.run.smithi142.stdout:/usr/bin/ceph: stderr
2024-04-24T08:55:36.437+0000 7f17ff800700 1 -- 172.21.15.142:0/2437706834 shutdown_connections
2024-04-24T08:55:44.860 INFO:teuthology.orchestra.run.smithi142.stdout:/usr/bin/ceph: stderr
2024-04-24T08:55:36.437+0000 7f17ff800700 1 --2- 172.21.15.142:0/2437706834 >> [v2:172.21.15.142:3300/0,v1:172.21.15.142:6789/0] conn(0x7f17f807ad90 0x7f17f80791f0 unknown :-1 s=CLOSED pgs=73 cs=0 l=1 rev1=1 crypto rx=0 tx=0 comp rx=0 tx=0).stop
2024-04-24T08:55:44.860 INFO:teuthology.orchestra.run.smithi142.stdout:/usr/bin/ceph: stderr
2024-04-24T08:55:36.437+0000 7f17ff800700 1 -- 172.21.15.142:0/2437706834 >> 172.21.15.142:0/2437706834 conn(0x7f17f8101ba0 msgr2=0x7f17f8103fc0 unknown :-1 s=STATE_NONE l=0).mark_down
2024-04-24T08:55:44.860 INFO:teuthology.orchestra.run.smithi142.stdout:/usr/bin/ceph: stderr
2024-04-24T08:55:36.437+0000 7f17ff800700 1 -- 172.21.15.142:0/2437706834 shutdown_connections
2024-04-24T08:55:44.860 INFO:teuthology.orchestra.run.smithi142.stdout:/usr/bin/ceph: stderr
2024-04-24T08:55:36.437+0000 7f17ff800700 1 -- 172.21.15.142:0/2437706834 wait complete.
2024-04-24T08:55:44.860 INFO:teuthology.orchestra.run.smithi142.stdout:/usr/bin/ceph: stderr
2024-04-24T08:55:36.438+0000 7f17ff800700 1 Processor -- start
2024-04-24T08:55:44.861 INFO:teuthology.orchestra.run.smithi142.stdout:/usr/bin/ceph: stderr
2024-04-24T08:55:36.439+0000 7f17ff800700 1 -- start start
2024-04-24T08:55:44.861 INFO:teuthology.orchestra.run.smithi142.stdout:/usr/bin/ceph: stderr
2024-04-24T08:55:36.439+0000 7f17ff800700 1 --2- >> [v2:172.21.15.142:3300/0,v1:172.21.15.142:6789/0] conn(0x7f17f807ad90 0x7f17f819c590 unknown :-1 s=NONE pgs=0 cs=0 l=1 rev1=0 crypto rx=0 tx=0 comp rx=0 tx=0).connect
2024-04-24T08:55:44.861 INFO:teuthology.orchestra.run.smithi142.stdout:/usr/bin/ceph: stderr
2024-04-24T08:55:36.439+0000 7f17ff800700 1 -- --> [v2:172.21.15.142:3300/0,v1:172.21.15.142:6789/0] -- mon_getmap magic: 0 v1 -- 0x7f17f819cad0 con 0x7f17f807ad90
2024-04-24T08:55:44.861 INFO:teuthology.orchestra.run.smithi142.stdout:/usr/bin/ceph: stderr
2024-04-24T08:55:36.439+0000 7f17fce00700 1 --2- >> [v2:172.21.15.142:3300/0,v1:172.21.15.142:6789/0] conn(0x7f17f807ad90 0x7f17f819c590 unknown :-1 s=BANNER_CONNECTING pgs=0 cs=0 l=1 rev1=0 crypto rx=0 tx=0 comp rx=0 tx=0)._handle_peer_banner_payload supported=3 required=0
2024-04-24T08:55:44.861 INFO:teuthology.orchestra.run.smithi142.stdout:/usr/bin/ceph: stderr
2024-04-24T08:55:36.439+0000 7f17fce00700 1 --2- >> [v2:172.21.15.142:3300/0,v1:172.21.15.142:6789/0] conn(0x7f17f807ad90 0x7f17f819c590 unknown :-1 s=HELLO_CONNECTING pgs=0 cs=0 l=1 rev1=1 crypto rx=0 tx=0 comp rx=0 tx=0).handle_hello peer v2:172.21.15.142:3300/0 says I am v2:172.21.15.142:43634/0 (socket says 172.21.15.142:43634)
2024-04-24T08:55:44.861 INFO:teuthology.orchestra.run.smithi142.stdout:/usr/bin/ceph: stderr
2024-04-24T08:55:36.439+0000 7f17fce00700 1 -- 172.21.15.142:0/2551151408 learned_addr learned my addr 172.21.15.142:0/2551151408 (peer_addr_for_me v2:172.21.15.142:0/0)
2024-04-24T08:55:44.861 INFO:teuthology.orchestra.run.smithi142.stdout:/usr/bin/ceph: stderr
2024-04-24T08:55:36.440+0000 7f17fce00700 1 -- 172.21.15.142:0/2551151408 --> [v2:172.21.15.142:3300/0,v1:172.21.15.142:6789/0] -- mon_subscribe({config=0+,monmap=0+}) v3 -- 0x7f17ec009550 con 0x7f17f807ad90
2024-04-24T08:55:44.861 INFO:teuthology.orchestra.run.smithi142.stdout:/usr/bin/ceph: stderr
2024-04-24T08:55:36.440+0000 7f17fce00700 1 --2- 172.21.15.142:0/2551151408 >> [v2:172.21.15.142:3300/0,v1:172.21.15.142:6789/0] conn(0x7f17f807ad90 0x7f17f819c590 secure :-1 s=READY pgs=74 cs=0 l=1 rev1=1 crypto rx=0x7f17ec004210 tx=0x7f17ec011940 comp rx=0 tx=0).ready entity=mon.0 client_cookie=0 server_cookie=0 in_seq=0 out_seq=0
2024-04-24T08:55:44.861 INFO:teuthology.orchestra.run.smithi142.stdout:/usr/bin/ceph: stderr
2024-04-24T08:55:36.440+0000 7f17f5600700 1 -- 172.21.15.142:0/2551151408 <== mon.0 v2:172.21.15.142:3300/0 1 ==== mon_map magic: 0 v1 ==== 229+0+0 (secure 0 0 0) 0x7f17ec0038b0 con 0x7f17f807ad90
2024-04-24T08:55:44.861 INFO:teuthology.orchestra.run.smithi142.stdout:/usr/bin/ceph: stderr
2024-04-24T08:55:36.440+0000 7f17f5600700 1 -- 172.21.15.142:0/2551151408 <== mon.0 v2:172.21.15.142:3300/0 2 ==== config(27 keys) v1 ==== 1109+0+0 (secure 0 0 0) 0x7f17ec003a10 con 0x7f17f807ad90
2024-04-24T08:55:44.861 INFO:teuthology.orchestra.run.smithi142.stdout:/usr/bin/ceph: stderr
2024-04-24T08:55:36.440+0000 7f17f5600700 1 -- 172.21.15.142:0/2551151408 <== mon.0 v2:172.21.15.142:3300/0 3 ==== mon_map magic: 0 v1 ==== 229+0+0 (secure 0 0 0) 0x7f17ec024650 con 0x7f17f807ad90
2024-04-24T08:55:44.861 INFO:teuthology.orchestra.run.smithi142.stdout:/usr/bin/ceph: stderr
2024-04-24T08:55:36.440+0000 7f17ff800700 1 -- 172.21.15.142:0/2551151408 --> [v2:172.21.15.142:3300/0,v1:172.21.15.142:6789/0] -- mon_subscribe({mgrmap=0+}) v3 -- 0x7f17f819ccd0 con 0x7f17f807ad90
2024-04-24T08:55:44.861 INFO:teuthology.orchestra.run.smithi142.stdout:/usr/bin/ceph: stderr
2024-04-24T08:55:36.440+0000 7f17ff800700 1 -- 172.21.15.142:0/2551151408 --> [v2:172.21.15.142:3300/0,v1:172.21.15.142:6789/0] -- mon_subscribe({osdmap=0}) v3 -- 0x7f17f819d170 con 0x7f17f807ad90
2024-04-24T08:55:44.861 INFO:teuthology.orchestra.run.smithi142.stdout:/usr/bin/ceph: stderr
2024-04-24T08:55:36.441+0000 7f17f5600700 1 -- 172.21.15.142:0/2551151408 <== mon.0 v2:172.21.15.142:3300/0 4 ==== mgrmap(e 9) v1 ==== 45569+0+0 (secure 0 0 0) 0x7f17ec01ab80 con 0x7f17f807ad90
2024-04-24T08:55:44.862 INFO:teuthology.orchestra.run.smithi142.stdout:/usr/bin/ceph: stderr
2024-04-24T08:55:36.442+0000 7f17f5600700 1 --2- 172.21.15.142:0/2551151408 >> [v2:172.21.15.142:6800/918629284,v1:172.21.15.142:6801/918629284] conn(0x7f17e0038770 0x7f17e003ac30 unknown :-1 s=NONE pgs=0 cs=0 l=1 rev1=0 crypto rx=0 tx=0 comp rx=0 tx=0).connect
2024-04-24T08:55:44.862 INFO:teuthology.orchestra.run.smithi142.stdout:/usr/bin/ceph: stderr
2024-04-24T08:55:36.442+0000 7f17f5600700 1 -- 172.21.15.142:0/2551151408 --> [v2:172.21.15.142:6800/918629284,v1:172.21.15.142:6801/918629284] -- command(tid 0: {"prefix": "get_command_descriptions"}) v1 -- 0x7f17e003b340 con 0x7f17e0038770
2024-04-24T08:55:44.862 INFO:teuthology.orchestra.run.smithi142.stdout:/usr/bin/ceph: stderr
2024-04-24T08:55:36.442+0000 7f17f5600700 1 -- 172.21.15.142:0/2551151408 <== mon.0 v2:172.21.15.142:3300/0 5 ==== osd_map(2..2 src has 1..2) v4 ==== 940+0+0 (secure 0 0 0) 0x7f17ec04c700 con 0x7f17f807ad90
2024-04-24T08:55:44.862 INFO:teuthology.orchestra.run.smithi142.stdout:/usr/bin/ceph: stderr
2024-04-24T08:55:36.442+0000 7f17f7e00700 1 -- 172.21.15.142:0/2551151408 >> [v2:172.21.15.142:6800/918629284,v1:172.21.15.142:6801/918629284] conn(0x7f17e0038770 msgr2=0x7f17e003ac30 unknown :-1 s=STATE_CONNECTING_RE l=1).process reconnect failed to v2:172.21.15.142:6800/918629284
2024-04-24T08:55:44.862 INFO:teuthology.orchestra.run.smithi142.stdout:/usr/bin/ceph: stderr
2024-04-24T08:55:36.442+0000 7f17f7e00700 1 --2- 172.21.15.142:0/2551151408 >> [v2:172.21.15.142:6800/918629284,v1:172.21.15.142:6801/918629284] conn(0x7f17e0038770 0x7f17e003ac30 unknown :-1 s=START_CONNECT pgs=0 cs=0 l=1 rev1=0 crypto rx=0 tx=0 comp rx=0 tx=0)._fault waiting 0.200000
2024-04-24T08:55:44.862 INFO:teuthology.orchestra.run.smithi142.stdout:/usr/bin/ceph: stderr
2024-04-24T08:55:36.643+0000 7f17f7e00700 1 -- 172.21.15.142:0/2551151408 >> [v2:172.21.15.142:6800/918629284,v1:172.21.15.142:6801/918629284] conn(0x7f17e0038770 msgr2=0x7f17e003ac30 unknown :-1 s=STATE_CONNECTING_RE l=1).process reconnect failed to v2:172.21.15.142:6800/918629284
2024-04-24T08:55:44.862 INFO:teuthology.orchestra.run.smithi142.stdout:/usr/bin/ceph: stderr
2024-04-24T08:55:36.643+0000 7f17f7e00700 1 --2- 172.21.15.142:0/2551151408 >> [v2:172.21.15.142:6800/918629284,v1:172.21.15.142:6801/918629284] conn(0x7f17e0038770 0x7f17e003ac30 unknown :-1 s=START_CONNECT pgs=0 cs=0 l=1 rev1=0 crypto rx=0 tx=0 comp rx=0 tx=0)._fault waiting 0.400000
2024-04-24T08:55:44.862 INFO:teuthology.orchestra.run.smithi142.stdout:/usr/bin/ceph: stderr
2024-04-24T08:55:37.044+0000 7f17f7e00700 1 -- 172.21.15.142:0/2551151408 >> [v2:172.21.15.142:6800/918629284,v1:172.21.15.142:6801/918629284] conn(0x7f17e0038770 msgr2=0x7f17e003ac30 unknown :-1 s=STATE_CONNECTING_RE l=1).process reconnect failed to v2:172.21.15.142:6800/918629284
2024-04-24T08:55:44.862 INFO:teuthology.orchestra.run.smithi142.stdout:/usr/bin/ceph: stderr
2024-04-24T08:55:37.044+0000 7f17f7e00700 1 --2- 172.21.15.142:0/2551151408 >> [v2:172.21.15.142:6800/918629284,v1:172.21.15.142:6801/918629284] conn(0x7f17e0038770 0x7f17e003ac30 unknown :-1 s=START_CONNECT pgs=0 cs=0 l=1 rev1=0 crypto rx=0 tx=0 comp rx=0 tx=0)._fault waiting 0.800000
2024-04-24T08:55:44.862 INFO:teuthology.orchestra.run.smithi142.stdout:/usr/bin/ceph: stderr
2024-04-24T08:55:37.845+0000 7f17f7e00700 1 -- 172.21.15.142:0/2551151408 >> [v2:172.21.15.142:6800/918629284,v1:172.21.15.142:6801/918629284] conn(0x7f17e0038770 msgr2=0x7f17e003ac30 unknown :-1 s=STATE_CONNECTING_RE l=1).process reconnect failed to v2:172.21.15.142:6800/918629284
2024-04-24T08:55:44.862 INFO:teuthology.orchestra.run.smithi142.stdout:/usr/bin/ceph: stderr
2024-04-24T08:55:37.845+0000 7f17f7e00700 1 --2- 172.21.15.142:0/2551151408 >> [v2:172.21.15.142:6800/918629284,v1:172.21.15.142:6801/918629284] conn(0x7f17e0038770 0x7f17e003ac30 unknown :-1 s=START_CONNECT pgs=0 cs=0 l=1 rev1=0 crypto rx=0 tx=0 comp rx=0 tx=0)._fault waiting 1.600000
2024-04-24T08:55:44.862 INFO:teuthology.orchestra.run.smithi142.stdout:/usr/bin/ceph: stderr
2024-04-24T08:55:39.446+0000 7f17f7e00700 1 -- 172.21.15.142:0/2551151408 >> [v2:172.21.15.142:6800/918629284,v1:172.21.15.142:6801/918629284] conn(0x7f17e0038770 msgr2=0x7f17e003ac30 unknown :-1 s=STATE_CONNECTING_RE l=1).process reconnect failed to v2:172.21.15.142:6800/918629284
2024-04-24T08:55:44.862 INFO:teuthology.orchestra.run.smithi142.stdout:/usr/bin/ceph: stderr
2024-04-24T08:55:39.446+0000 7f17f7e00700 1 --2- 172.21.15.142:0/2551151408 >> [v2:172.21.15.142:6800/918629284,v1:172.21.15.142:6801/918629284] conn(0x7f17e0038770 0x7f17e003ac30 unknown :-1 s=START_CONNECT pgs=0 cs=0 l=1 rev1=0 crypto rx=0 tx=0 comp rx=0 tx=0)._fault waiting 3.200000
2024-04-24T08:55:44.863 INFO:teuthology.orchestra.run.smithi142.stdout:/usr/bin/ceph: stderr
2024-04-24T08:55:42.454+0000 7f17f5600700 1 -- 172.21.15.142:0/2551151408 <== mon.0 v2:172.21.15.142:3300/0 6 ==== mgrmap(e 10) v1 ==== 45336+0+0 (secure 0 0 0) 0x7f17ec024af0 con 0x7f17f807ad90
2024-04-24T08:55:44.863 INFO:teuthology.orchestra.run.smithi142.stdout:/usr/bin/ceph: stderr
2024-04-24T08:55:42.455+0000 7f17f5600700 1 -- 172.21.15.142:0/2551151408 >> [v2:172.21.15.142:6800/918629284,v1:172.21.15.142:6801/918629284] conn(0x7f17e0038770 msgr2=0x7f17e003ac30 unknown :-1 s=STATE_CONNECTING l=1).mark_down
2024-04-24T08:55:44.863 INFO:teuthology.orchestra.run.smithi142.stdout:/usr/bin/ceph: stderr
2024-04-24T08:55:42.455+0000 7f17f5600700 1 --2- 172.21.15.142:0/2551151408 >> [v2:172.21.15.142:6800/918629284,v1:172.21.15.142:6801/918629284] conn(0x7f17e0038770 0x7f17e003ac30 unknown :-1 s=START_CONNECT pgs=0 cs=0 l=1 rev1=0 crypto rx=0 tx=0 comp rx=0 tx=0).stop
2024-04-24T08:55:44.863 INFO:teuthology.orchestra.run.smithi142.stdout:/usr/bin/ceph: stderr
2024-04-24T08:55:43.458+0000 7f17f5600700 1 -- 172.21.15.142:0/2551151408 <== mon.0 v2:172.21.15.142:3300/0 7 ==== mgrmap(e 11) v1 ==== 45463+0+0 (secure 0 0 0) 0x7f17ec04e7a0 con 0x7f17f807ad90
2024-04-24T08:55:44.863 INFO:teuthology.orchestra.run.smithi142.stdout:/usr/bin/ceph: stderr
2024-04-24T08:55:43.458+0000 7f17f5600700 1 --2- 172.21.15.142:0/2551151408 >> [v2:172.21.15.142:6800/3006242546,v1:172.21.15.142:6801/3006242546] conn(0x7f17e003bfc0 0x7f17e003e3b0 unknown :-1 s=NONE pgs=0 cs=0 l=1 rev1=0 crypto rx=0 tx=0 comp rx=0 tx=0).connect
2024-04-24T08:55:44.863 INFO:teuthology.orchestra.run.smithi142.stdout:/usr/bin/ceph: stderr
2024-04-24T08:55:43.458+0000 7f17f5600700 1 -- 172.21.15.142:0/2551151408 --> [v2:172.21.15.142:6800/3006242546,v1:172.21.15.142:6801/3006242546] -- command(tid 0: {"prefix": "get_command_descriptions"}) v1 -- 0x7f17e003b340 con 0x7f17e003bfc0
2024-04-24T08:55:44.863 INFO:teuthology.orchestra.run.smithi142.stdout:/usr/bin/ceph: stderr
2024-04-24T08:55:43.459+0000 7f17f7e00700 1 --2- 172.21.15.142:0/2551151408 >> [v2:172.21.15.142:6800/3006242546,v1:172.21.15.142:6801/3006242546] conn(0x7f17e003bfc0 0x7f17e003e3b0 unknown :-1 s=BANNER_CONNECTING pgs=0 cs=0 l=1 rev1=0 crypto rx=0 tx=0 comp rx=0 tx=0)._handle_peer_banner_payload supported=3 required=0
2024-04-24T08:55:44.863 INFO:teuthology.orchestra.run.smithi142.stdout:/usr/bin/ceph: stderr
2024-04-24T08:55:43.461+0000 7f17f7e00700 1 --2- 172.21.15.142:0/2551151408 >> [v2:172.21.15.142:6800/3006242546,v1:172.21.15.142:6801/3006242546] conn(0x7f17e003bfc0 0x7f17e003e3b0 secure :-1 s=READY pgs=4 cs=0 l=1 rev1=1 crypto rx=0x7f17e4003a10 tx=0x7f17e40092b0 comp rx=0 tx=0).ready entity=mgr.14164 client_cookie=0 server_cookie=0 in_seq=0 out_seq=0
2024-04-24T08:55:44.863 INFO:teuthology.orchestra.run.smithi142.stdout:/usr/bin/ceph: stderr
2024-04-24T08:55:43.462+0000 7f17f5600700 1 -- 172.21.15.142:0/2551151408 <== mgr.14164 v2:172.21.15.142:6800/3006242546 1 ==== command_reply(tid 0: 0 ) v1 ==== 8+0+6910 (secure 0 0 0) 0x7f17e003b340 con 0x7f17e003bfc0
2024-04-24T08:55:44.863 INFO:teuthology.orchestra.run.smithi142.stdout:/usr/bin/ceph: stderr
2024-04-24T08:55:43.469+0000 7f17ff800700 1 -- 172.21.15.142:0/2551151408 --> [v2:172.21.15.142:6800/3006242546,v1:172.21.15.142:6801/3006242546] -- command(tid 1: {"prefix": "mgr_status"}) v1 -- 0x7f17f810c980 con 0x7f17e003bfc0
2024-04-24T08:55:44.863 INFO:teuthology.orchestra.run.smithi142.stdout:/usr/bin/ceph: stderr
2024-04-24T08:55:43.470+0000 7f17f5600700 1 -- 172.21.15.142:0/2551151408 <== mgr.14164 v2:172.21.15.142:6800/3006242546 2 ==== command_reply(tid 1: 0 ) v1 ==== 8+0+52 (secure 0 0 0) 0x7f17f810c980 con 0x7f17e003bfc0
2024-04-24T08:55:44.863 INFO:teuthology.orchestra.run.smithi142.stdout:/usr/bin/ceph: stderr
2024-04-24T08:55:43.470+0000 7f17ff800700 1 -- 172.21.15.142:0/2551151408 >> [v2:172.21.15.142:6800/3006242546,v1:172.21.15.142:6801/3006242546] conn(0x7f17e003bfc0 msgr2=0x7f17e003e3b0 secure :-1 s=STATE_CONNECTION_ESTABLISHED l=1).mark_down
2024-04-24T08:55:44.863 INFO:teuthology.orchestra.run.smithi142.stdout:/usr/bin/ceph: stderr
2024-04-24T08:55:43.470+0000 7f17ff800700 1 --2- 172.21.15.142:0/2551151408 >> [v2:172.21.15.142:6800/3006242546,v1:172.21.15.142:6801/3006242546] conn(0x7f17e003bfc0 0x7f17e003e3b0 secure :-1 s=READY pgs=4 cs=0 l=1 rev1=1 crypto rx=0x7f17e4003a10 tx=0x7f17e40092b0 comp rx=0 tx=0).stop
2024-04-24T08:55:44.863 INFO:teuthology.orchestra.run.smithi142.stdout:/usr/bin/ceph: stderr
2024-04-24T08:55:43.470+0000 7f17ff800700 1 -- 172.21.15.142:0/2551151408 >> [v2:172.21.15.142:3300/0,v1:172.21.15.142:6789/0] conn(0x7f17f807ad90 msgr2=0x7f17f819c590 secure :-1 s=STATE_CONNECTION_ESTABLISHED l=1).mark_down
2024-04-24T08:55:44.863 INFO:teuthology.orchestra.run.smithi142.stdout:/usr/bin/ceph: stderr
2024-04-24T08:55:43.470+0000 7f17ff800700 1 --2- 172.21.15.142:0/2551151408 >> [v2:172.21.15.142:3300/0,v1:172.21.15.142:6789/0] conn(0x7f17f807ad90 0x7f17f819c590 secure :-1 s=READY pgs=74 cs=0 l=1 rev1=1 crypto rx=0x7f17ec004210 tx=0x7f17ec011940 comp rx=0 tx=0).stop
2024-04-24T08:55:44.864 INFO:teuthology.orchestra.run.smithi142.stdout:/usr/bin/ceph: stderr
2024-04-24T08:55:43.471+0000 7f17ff800700 1 -- 172.21.15.142:0/2551151408 shutdown_connections
2024-04-24T08:55:44.864 INFO:teuthology.orchestra.run.smithi142.stdout:/usr/bin/ceph: stderr
2024-04-24T08:55:43.471+0000 7f17ff800700 1 --2- 172.21.15.142:0/2551151408 >> [v2:172.21.15.142:6800/3006242546,v1:172.21.15.142:6801/3006242546] conn(0x7f17e003bfc0 0x7f17e003e3b0 unknown :-1 s=CLOSED pgs=4 cs=0 l=1 rev1=1 crypto rx=0 tx=0 comp rx=0 tx=0).stop
2024-04-24T08:55:44.864 INFO:teuthology.orchestra.run.smithi142.stdout:/usr/bin/ceph: stderr
2024-04-24T08:55:43.471+0000 7f17ff800700 1 --2- 172.21.15.142:0/2551151408 >> [v2:172.21.15.142:3300/0,v1:172.21.15.142:6789/0] conn(0x7f17f807ad90 0x7f17f819c590 unknown :-1 s=CLOSED pgs=74 cs=0 l=1 rev1=1 crypto rx=0 tx=0 comp rx=0 tx=0).stop
2024-04-24T08:55:44.864 INFO:teuthology.orchestra.run.smithi142.stdout:/usr/bin/ceph: stderr
2024-04-24T08:55:43.471+0000 7f17ff800700 1 --2- 172.21.15.142:0/2551151408 >> [v2:172.21.15.142:6800/918629284,v1:172.21.15.142:6801/918629284] conn(0x7f17e0038770 0x7f17e003ac30 unknown :-1 s=CLOSED pgs=0 cs=0 l=1 rev1=0 crypto rx=0 tx=0 comp rx=0 tx=0).stop
2024-04-24T08:55:44.864 INFO:teuthology.orchestra.run.smithi142.stdout:/usr/bin/ceph: stderr
2024-04-24T08:55:43.471+0000 7f17ff800700 1 -- 172.21.15.142:0/2551151408 >> 172.21.15.142:0/2551151408 conn(0x7f17f8101ba0 msgr2=0x7f17f81027a0 unknown :-1 s=STATE_NONE l=0).mark_down
2024-04-24T08:55:44.864 INFO:teuthology.orchestra.run.smithi142.stdout:/usr/bin/ceph: stderr
2024-04-24T08:55:43.471+0000 7f17ff800700 1 -- 172.21.15.142:0/2551151408 shutdown_connections
2024-04-24T08:55:44.864 INFO:teuthology.orchestra.run.smithi142.stdout:/usr/bin/ceph: stderr
2024-04-24T08:55:43.471+0000 7f17ff800700 1 -- 172.21.15.142:0/2551151408 wait complete.
2024-04-24T08:55:44.864 INFO:teuthology.orchestra.run.smithi142.stdout:mgr epoch 9 is available
2024-04-24T08:55:44.864 INFO:teuthology.orchestra.run.smithi142.stdout:Generating a dashboard self-signed certificate...
2024-04-24T08:55:45.688 INFO:journalctl@ceph.mon.smithi142.smithi142.stdout:Apr 24 08:55:45 smithi142 ceph-mon[25798]: mgrmap e12: smithi142.hsydrs(active, since 2s)
2024-04-24T08:55:45.688 INFO:journalctl@ceph.mon.smithi142.smithi142.stdout:Apr 24 08:55:45 smithi142 ceph-mon[25798]: from='mgr.14164 172.21.15.142:0/2643394771' entity='mgr.smithi142.hsydrs'
2024-04-24T08:55:46.555 INFO:teuthology.orchestra.run.smithi142.stdout:/usr/bin/ceph: stdout Self-signed certificate created
2024-04-24T08:55:46.555 INFO:teuthology.orchestra.run.smithi142.stdout:/usr/bin/ceph: stderr
2024-04-24T08:55:45.420+0000 7f3b33c00700 1 Processor -- start
2024-04-24T08:55:46.555 INFO:teuthology.orchestra.run.smithi142.stdout:/usr/bin/ceph: stderr
2024-04-24T08:55:45.420+0000 7f3b33c00700 1 -- start start
2024-04-24T08:55:46.555 INFO:teuthology.orchestra.run.smithi142.stdout:/usr/bin/ceph: stderr
2024-04-24T08:55:45.420+0000 7f3b33c00700 1 --2- >> [v2:172.21.15.142:3300/0,v1:172.21.15.142:6789/0] conn(0x7f3b2c106590 0x7f3b2c1069b0 unknown :-1 s=NONE pgs=0 cs=0 l=0 rev1=0 crypto rx=0 tx=0 comp rx=0 tx=0).connect
2024-04-24T08:55:46.555 INFO:teuthology.orchestra.run.smithi142.stdout:/usr/bin/ceph: stderr
2024-04-24T08:55:45.420+0000 7f3b33c00700 1 -- --> [v2:172.21.15.142:3300/0,v1:172.21.15.142:6789/0] -- mon_getmap magic: 0 v1 -- 0x7f3b2c106f80 con 0x7f3b2c106590
2024-04-24T08:55:46.555 INFO:teuthology.orchestra.run.smithi142.stdout:/usr/bin/ceph: stderr
2024-04-24T08:55:45.421+0000 7f3b31200700 1 --2- >> [v2:172.21.15.142:3300/0,v1:172.21.15.142:6789/0] conn(0x7f3b2c106590 0x7f3b2c1069b0 unknown :-1 s=BANNER_CONNECTING pgs=0 cs=0 l=0 rev1=0 crypto rx=0 tx=0 comp rx=0 tx=0)._handle_peer_banner_payload supported=3 required=0
2024-04-24T08:55:46.556 INFO:teuthology.orchestra.run.smithi142.stdout:/usr/bin/ceph: stderr
2024-04-24T08:55:45.421+0000 7f3b31200700 1 --2- >> [v2:172.21.15.142:3300/0,v1:172.21.15.142:6789/0] conn(0x7f3b2c106590 0x7f3b2c1069b0 unknown :-1 s=HELLO_CONNECTING pgs=0 cs=0 l=0 rev1=1 crypto rx=0 tx=0 comp rx=0 tx=0).handle_hello peer v2:172.21.15.142:3300/0 says I am v2:172.21.15.142:54986/0 (socket says 172.21.15.142:54986)
2024-04-24T08:55:46.556 INFO:teuthology.orchestra.run.smithi142.stdout:/usr/bin/ceph: stderr
2024-04-24T08:55:45.421+0000 7f3b31200700 1 -- 172.21.15.142:0/55230454 learned_addr learned my addr 172.21.15.142:0/55230454 (peer_addr_for_me v2:172.21.15.142:0/0)
2024-04-24T08:55:46.556 INFO:teuthology.orchestra.run.smithi142.stdout:/usr/bin/ceph: stderr
2024-04-24T08:55:45.422+0000 7f3b31200700 1 -- 172.21.15.142:0/55230454 --> [v2:172.21.15.142:3300/0,v1:172.21.15.142:6789/0] -- mon_subscribe({config=0+,monmap=0+}) v3 -- 0x7f3b2c107790 con 0x7f3b2c106590
2024-04-24T08:55:46.556 INFO:teuthology.orchestra.run.smithi142.stdout:/usr/bin/ceph: stderr
2024-04-24T08:55:45.422+0000 7f3b31200700 1 --2- 172.21.15.142:0/55230454 >> [v2:172.21.15.142:3300/0,v1:172.21.15.142:6789/0] conn(0x7f3b2c106590 0x7f3b2c1069b0 secure :-1 s=READY pgs=82 cs=0 l=1 rev1=1 crypto rx=0x7f3b200098a0 tx=0x7f3b20009bb0 comp rx=0 tx=0).ready entity=mon.0 client_cookie=d99d914408e5395d server_cookie=0 in_seq=0 out_seq=0
2024-04-24T08:55:46.556 INFO:teuthology.orchestra.run.smithi142.stdout:/usr/bin/ceph: stderr
2024-04-24T08:55:45.422+0000 7f3b2b400700 1 -- 172.21.15.142:0/55230454 <== mon.0 v2:172.21.15.142:3300/0 1 ==== mon_map magic: 0 v1 ==== 229+0+0 (secure 0 0 0) 0x7f3b20004180 con 0x7f3b2c106590
2024-04-24T08:55:46.556 INFO:teuthology.orchestra.run.smithi142.stdout:/usr/bin/ceph: stderr
2024-04-24T08:55:45.422+0000 7f3b2b400700 1 -- 172.21.15.142:0/55230454 <== mon.0 v2:172.21.15.142:3300/0 2 ==== config(27 keys) v1 ==== 1109+0+0 (secure 0 0 0) 0x7f3b200042e0 con 0x7f3b2c106590
2024-04-24T08:55:46.556 INFO:teuthology.orchestra.run.smithi142.stdout:/usr/bin/ceph: stderr
2024-04-24T08:55:45.422+0000 7f3b2b400700 1 -- 172.21.15.142:0/55230454 <== mon.0 v2:172.21.15.142:3300/0 3 ==== mon_map magic: 0 v1 ==== 229+0+0 (secure 0 0 0) 0x7f3b20011b10 con 0x7f3b2c106590
2024-04-24T08:55:46.556 INFO:teuthology.orchestra.run.smithi142.stdout:/usr/bin/ceph: stderr
2024-04-24T08:55:45.423+0000 7f3b33c00700 1 -- 172.21.15.142:0/55230454 >> [v2:172.21.15.142:3300/0,v1:172.21.15.142:6789/0] conn(0x7f3b2c106590 msgr2=0x7f3b2c1069b0 secure :-1 s=STATE_CONNECTION_ESTABLISHED l=1).mark_down
2024-04-24T08:55:46.556 INFO:teuthology.orchestra.run.smithi142.stdout:/usr/bin/ceph: stderr
2024-04-24T08:55:45.423+0000 7f3b33c00700 1 --2- 172.21.15.142:0/55230454 >> [v2:172.21.15.142:3300/0,v1:172.21.15.142:6789/0] conn(0x7f3b2c106590 0x7f3b2c1069b0 secure :-1 s=READY pgs=82 cs=0 l=1 rev1=1 crypto rx=0x7f3b200098a0 tx=0x7f3b20009bb0 comp rx=0 tx=0).stop
2024-04-24T08:55:46.556 INFO:teuthology.orchestra.run.smithi142.stdout:/usr/bin/ceph: stderr
2024-04-24T08:55:45.423+0000 7f3b33c00700 1 -- 172.21.15.142:0/55230454 shutdown_connections
2024-04-24T08:55:46.556 INFO:teuthology.orchestra.run.smithi142.stdout:/usr/bin/ceph: stderr
2024-04-24T08:55:45.423+0000 7f3b33c00700 1 --2- 172.21.15.142:0/55230454 >> [v2:172.21.15.142:3300/0,v1:172.21.15.142:6789/0] conn(0x7f3b2c106590 0x7f3b2c1069b0 unknown :-1 s=CLOSED pgs=82 cs=0 l=1 rev1=1 crypto rx=0 tx=0 comp rx=0 tx=0).stop
2024-04-24T08:55:46.556 INFO:teuthology.orchestra.run.smithi142.stdout:/usr/bin/ceph: stderr
2024-04-24T08:55:45.423+0000 7f3b33c00700 1 -- 172.21.15.142:0/55230454 >> 172.21.15.142:0/55230454 conn(0x7f3b2c101b70 msgr2=0x7f3b2c103f90 unknown :-1 s=STATE_NONE l=0).mark_down
2024-04-24T08:55:46.556 INFO:teuthology.orchestra.run.smithi142.stdout:/usr/bin/ceph: stderr
2024-04-24T08:55:45.423+0000 7f3b33c00700 1 -- 172.21.15.142:0/55230454 shutdown_connections
2024-04-24T08:55:46.557 INFO:teuthology.orchestra.run.smithi142.stdout:/usr/bin/ceph: stderr
2024-04-24T08:55:45.423+0000 7f3b33c00700 1 -- 172.21.15.142:0/55230454 wait complete.
2024-04-24T08:55:46.557 INFO:teuthology.orchestra.run.smithi142.stdout:/usr/bin/ceph: stderr
2024-04-24T08:55:45.424+0000 7f3b33c00700 1 Processor -- start
2024-04-24T08:55:46.557 INFO:teuthology.orchestra.run.smithi142.stdout:/usr/bin/ceph: stderr
2024-04-24T08:55:45.425+0000 7f3b33c00700 1 -- start start
2024-04-24T08:55:46.557 INFO:teuthology.orchestra.run.smithi142.stdout:/usr/bin/ceph: stderr
2024-04-24T08:55:45.425+0000 7f3b33c00700 1 --2- >> [v2:172.21.15.142:3300/0,v1:172.21.15.142:6789/0] conn(0x7f3b2c106590 0x7f3b2c19a340 unknown :-1 s=NONE pgs=0 cs=0 l=1 rev1=0 crypto rx=0 tx=0 comp rx=0 tx=0).connect
2024-04-24T08:55:46.557 INFO:teuthology.orchestra.run.smithi142.stdout:/usr/bin/ceph: stderr
2024-04-24T08:55:45.425+0000 7f3b33c00700 1 -- --> [v2:172.21.15.142:3300/0,v1:172.21.15.142:6789/0] -- mon_getmap magic: 0 v1 -- 0x7f3b2c19a880 con 0x7f3b2c106590
2024-04-24T08:55:46.557 INFO:teuthology.orchestra.run.smithi142.stdout:/usr/bin/ceph: stderr
2024-04-24T08:55:45.425+0000 7f3b31200700 1 --2- >> [v2:172.21.15.142:3300/0,v1:172.21.15.142:6789/0] conn(0x7f3b2c106590 0x7f3b2c19a340 unknown :-1 s=BANNER_CONNECTING pgs=0 cs=0 l=1 rev1=0 crypto rx=0 tx=0 comp rx=0 tx=0)._handle_peer_banner_payload supported=3 required=0
2024-04-24T08:55:46.557 INFO:teuthology.orchestra.run.smithi142.stdout:/usr/bin/ceph: stderr
2024-04-24T08:55:45.425+0000 7f3b31200700 1 --2- >> [v2:172.21.15.142:3300/0,v1:172.21.15.142:6789/0] conn(0x7f3b2c106590 0x7f3b2c19a340 unknown :-1 s=HELLO_CONNECTING pgs=0 cs=0 l=1 rev1=1 crypto rx=0 tx=0 comp rx=0 tx=0).handle_hello peer v2:172.21.15.142:3300/0 says I am v2:172.21.15.142:55002/0 (socket says 172.21.15.142:55002)
2024-04-24T08:55:46.557 INFO:teuthology.orchestra.run.smithi142.stdout:/usr/bin/ceph: stderr
2024-04-24T08:55:45.425+0000 7f3b31200700 1 -- 172.21.15.142:0/3078621264 learned_addr learned my addr 172.21.15.142:0/3078621264 (peer_addr_for_me v2:172.21.15.142:0/0)
2024-04-24T08:55:46.557 INFO:teuthology.orchestra.run.smithi142.stdout:/usr/bin/ceph: stderr
2024-04-24T08:55:45.426+0000 7f3b31200700 1 -- 172.21.15.142:0/3078621264 --> [v2:172.21.15.142:3300/0,v1:172.21.15.142:6789/0] -- mon_subscribe({config=0+,monmap=0+}) v3 -- 0x7f3b20009550 con 0x7f3b2c106590
2024-04-24T08:55:46.557 INFO:teuthology.orchestra.run.smithi142.stdout:/usr/bin/ceph: stderr
2024-04-24T08:55:45.426+0000 7f3b31200700 1 --2- 172.21.15.142:0/3078621264 >> [v2:172.21.15.142:3300/0,v1:172.21.15.142:6789/0] conn(0x7f3b2c106590 0x7f3b2c19a340 secure :-1 s=READY pgs=83 cs=0 l=1 rev1=1 crypto rx=0x7f3b200117b0 tx=0x7f3b20011890 comp rx=0 tx=0).ready entity=mon.0 client_cookie=0 server_cookie=0 in_seq=0 out_seq=0
2024-04-24T08:55:46.557 INFO:teuthology.orchestra.run.smithi142.stdout:/usr/bin/ceph: stderr
2024-04-24T08:55:45.426+0000 7f3b29600700 1 -- 172.21.15.142:0/3078621264 <== mon.0 v2:172.21.15.142:3300/0 1 ==== mon_map magic: 0 v1 ==== 229+0+0 (secure 0 0 0) 0x7f3b200038b0 con 0x7f3b2c106590
2024-04-24T08:55:46.557 INFO:teuthology.orchestra.run.smithi142.stdout:/usr/bin/ceph: stderr
2024-04-24T08:55:45.426+0000 7f3b29600700 1 -- 172.21.15.142:0/3078621264 <== mon.0 v2:172.21.15.142:3300/0 2 ==== config(27 keys) v1 ==== 1109+0+0 (secure 0 0 0) 0x7f3b20003a10 con 0x7f3b2c106590
2024-04-24T08:55:46.557 INFO:teuthology.orchestra.run.smithi142.stdout:/usr/bin/ceph: stderr
2024-04-24T08:55:45.426+0000 7f3b29600700 1 -- 172.21.15.142:0/3078621264 <== mon.0 v2:172.21.15.142:3300/0 3 ==== mon_map magic: 0 v1 ==== 229+0+0 (secure 0 0 0) 0x7f3b200246e0 con 0x7f3b2c106590
2024-04-24T08:55:46.557 INFO:teuthology.orchestra.run.smithi142.stdout:/usr/bin/ceph: stderr
2024-04-24T08:55:45.426+0000 7f3b33c00700 1 -- 172.21.15.142:0/3078621264 --> [v2:172.21.15.142:3300/0,v1:172.21.15.142:6789/0] -- mon_subscribe({mgrmap=0+}) v3 -- 0x7f3b2c19aa80 con 0x7f3b2c106590
2024-04-24T08:55:46.558 INFO:teuthology.orchestra.run.smithi142.stdout:/usr/bin/ceph: stderr
2024-04-24T08:55:45.427+0000 7f3b33c00700 1 -- 172.21.15.142:0/3078621264 --> [v2:172.21.15.142:3300/0,v1:172.21.15.142:6789/0] -- mon_subscribe({osdmap=0}) v3 -- 0x7f3b2c19af20 con 0x7f3b2c106590
2024-04-24T08:55:46.558 INFO:teuthology.orchestra.run.smithi142.stdout:/usr/bin/ceph: stderr
2024-04-24T08:55:45.428+0000 7f3b29600700 1 -- 172.21.15.142:0/3078621264 <== mon.0 v2:172.21.15.142:3300/0 4 ==== mgrmap(e 12) v1 ==== 45569+0+0 (secure 0 0 0) 0x7f3b2001ab80 con 0x7f3b2c106590
2024-04-24T08:55:46.558 INFO:teuthology.orchestra.run.smithi142.stdout:/usr/bin/ceph: stderr
2024-04-24T08:55:45.428+0000 7f3b1ea00700 1 -- 172.21.15.142:0/3078621264 --> [v2:172.21.15.142:3300/0,v1:172.21.15.142:6789/0] -- mon_command({"prefix": "get_command_descriptions"} v 0) v1 -- 0x7f3b080052f0 con 0x7f3b2c106590
2024-04-24T08:55:46.558 INFO:teuthology.orchestra.run.smithi142.stdout:/usr/bin/ceph: stderr
2024-04-24T08:55:45.428+0000 7f3b29600700 1 --2- 172.21.15.142:0/3078621264 >> [v2:172.21.15.142:6800/3006242546,v1:172.21.15.142:6801/3006242546] conn(0x7f3b140387c0 0x7f3b1403ac80 unknown :-1 s=NONE pgs=0 cs=0 l=1 rev1=0 crypto rx=0 tx=0 comp rx=0 tx=0).connect
2024-04-24T08:55:46.558 INFO:teuthology.orchestra.run.smithi142.stdout:/usr/bin/ceph: stderr
2024-04-24T08:55:45.428+0000 7f3b29600700 1 -- 172.21.15.142:0/3078621264 <== mon.0 v2:172.21.15.142:3300/0 5 ==== osd_map(3..3 src has 1..3) v4 ==== 1155+0+0 (secure 0 0 0) 0x7f3b2004ca40 con 0x7f3b2c106590
2024-04-24T08:55:46.558 INFO:teuthology.orchestra.run.smithi142.stdout:/usr/bin/ceph: stderr
2024-04-24T08:55:45.429+0000 7f3b2be00700 1 --2- 172.21.15.142:0/3078621264 >> [v2:172.21.15.142:6800/3006242546,v1:172.21.15.142:6801/3006242546] conn(0x7f3b140387c0 0x7f3b1403ac80 unknown :-1 s=BANNER_CONNECTING pgs=0 cs=0 l=1 rev1=0 crypto rx=0 tx=0 comp rx=0 tx=0)._handle_peer_banner_payload supported=3 required=0
2024-04-24T08:55:46.558 INFO:teuthology.orchestra.run.smithi142.stdout:/usr/bin/ceph: stderr
2024-04-24T08:55:45.429+0000 7f3b2be00700 1 --2- 172.21.15.142:0/3078621264 >> [v2:172.21.15.142:6800/3006242546,v1:172.21.15.142:6801/3006242546] conn(0x7f3b140387c0 0x7f3b1403ac80 secure :-1 s=READY pgs=7 cs=0 l=1 rev1=1 crypto rx=0x7f3b18006fd0 tx=0x7f3b18006e40 comp rx=0 tx=0).ready entity=mgr.14164 client_cookie=0 server_cookie=0 in_seq=0 out_seq=0
2024-04-24T08:55:46.558 INFO:teuthology.orchestra.run.smithi142.stdout:/usr/bin/ceph: stderr
2024-04-24T08:55:45.434+0000 7f3b29600700 1 -- 172.21.15.142:0/3078621264 <== mon.0 v2:172.21.15.142:3300/0 6 ==== mon_command_ack([{"prefix": "get_command_descriptions"}]=0 v0) v1 ==== 72+0+183351 (secure 0 0 0) 0x7f3b20010380 con 0x7f3b2c106590
2024-04-24T08:55:46.558 INFO:teuthology.orchestra.run.smithi142.stdout:/usr/bin/ceph: stderr
2024-04-24T08:55:45.687+0000 7f3b1ea00700 1 -- 172.21.15.142:0/3078621264 --> [v2:172.21.15.142:6800/3006242546,v1:172.21.15.142:6801/3006242546] -- mgr_command(tid 0: {"prefix": "dashboard create-self-signed-cert", "target": ["mon-mgr", ""]}) v1 -- 0x7f3b08000bc0 con 0x7f3b140387c0
2024-04-24T08:55:46.558 INFO:teuthology.orchestra.run.smithi142.stdout:/usr/bin/ceph: stderr
2024-04-24T08:55:45.863+0000 7f3b29600700 1 -- 172.21.15.142:0/3078621264 <== mgr.14164 v2:172.21.15.142:6800/3006242546 1 ==== mgr_command_reply(tid 0: 0 ) v1 ==== 8+0+32 (secure 0 0 0) 0x7f3b08000bc0 con 0x7f3b140387c0
2024-04-24T08:55:46.558 INFO:teuthology.orchestra.run.smithi142.stdout:/usr/bin/ceph: stderr
2024-04-24T08:55:45.865+0000 7f3b1ea00700 1 -- 172.21.15.142:0/3078621264 >> [v2:172.21.15.142:6800/3006242546,v1:172.21.15.142:6801/3006242546] conn(0x7f3b140387c0 msgr2=0x7f3b1403ac80 secure :-1 s=STATE_CONNECTION_ESTABLISHED l=1).mark_down
2024-04-24T08:55:46.558 INFO:teuthology.orchestra.run.smithi142.stdout:/usr/bin/ceph: stderr
2024-04-24T08:55:45.865+0000 7f3b1ea00700 1 --2- 172.21.15.142:0/3078621264 >> [v2:172.21.15.142:6800/3006242546,v1:172.21.15.142:6801/3006242546] conn(0x7f3b140387c0 0x7f3b1403ac80 secure :-1 s=READY pgs=7 cs=0 l=1 rev1=1 crypto rx=0x7f3b18006fd0 tx=0x7f3b18006e40 comp rx=0 tx=0).stop
2024-04-24T08:55:46.558 INFO:teuthology.orchestra.run.smithi142.stdout:/usr/bin/ceph: stderr
2024-04-24T08:55:45.865+0000 7f3b1ea00700 1 -- 172.21.15.142:0/3078621264 >> [v2:172.21.15.142:3300/0,v1:172.21.15.142:6789/0] conn(0x7f3b2c106590 msgr2=0x7f3b2c19a340 secure :-1 s=STATE_CONNECTION_ESTABLISHED l=1).mark_down
2024-04-24T08:55:46.558 INFO:teuthology.orchestra.run.smithi142.stdout:/usr/bin/ceph: stderr
2024-04-24T08:55:45.865+0000 7f3b1ea00700 1 --2- 172.21.15.142:0/3078621264 >> [v2:172.21.15.142:3300/0,v1:172.21.15.142:6789/0] conn(0x7f3b2c106590 0x7f3b2c19a340 secure :-1 s=READY pgs=83 cs=0 l=1 rev1=1 crypto rx=0x7f3b200117b0 tx=0x7f3b20011890 comp rx=0 tx=0).stop
2024-04-24T08:55:46.559 INFO:teuthology.orchestra.run.smithi142.stdout:/usr/bin/ceph: stderr
2024-04-24T08:55:45.866+0000 7f3b1ea00700 1 -- 172.21.15.142:0/3078621264 shutdown_connections
2024-04-24T08:55:46.559 INFO:teuthology.orchestra.run.smithi142.stdout:/usr/bin/ceph: stderr
2024-04-24T08:55:45.866+0000 7f3b1ea00700 1 --2- 172.21.15.142:0/3078621264 >> [v2:172.21.15.142:6800/3006242546,v1:172.21.15.142:6801/3006242546] conn(0x7f3b140387c0 0x7f3b1403ac80 unknown :-1 s=CLOSED pgs=7 cs=0 l=1 rev1=1 crypto rx=0 tx=0 comp rx=0 tx=0).stop
2024-04-24T08:55:46.559 INFO:teuthology.orchestra.run.smithi142.stdout:/usr/bin/ceph: stderr
2024-04-24T08:55:45.866+0000 7f3b1ea00700 1 --2- 172.21.15.142:0/3078621264 >> [v2:172.21.15.142:3300/0,v1:172.21.15.142:6789/0] conn(0x7f3b2c106590 0x7f3b2c19a340 unknown :-1 s=CLOSED pgs=83 cs=0 l=1 rev1=1 crypto rx=0 tx=0 comp rx=0 tx=0).stop
2024-04-24T08:55:46.559 INFO:teuthology.orchestra.run.smithi142.stdout:/usr/bin/ceph: stderr
2024-04-24T08:55:45.866+0000 7f3b1ea00700 1 -- 172.21.15.142:0/3078621264 >> 172.21.15.142:0/3078621264 conn(0x7f3b2c101b70 msgr2=0x7f3b2c102740 unknown :-1 s=STATE_NONE l=0).mark_down
2024-04-24T08:55:46.559 INFO:teuthology.orchestra.run.smithi142.stdout:/usr/bin/ceph: stderr
2024-04-24T08:55:45.866+0000 7f3b1ea00700 1 -- 172.21.15.142:0/3078621264 shutdown_connections
2024-04-24T08:55:46.559 INFO:teuthology.orchestra.run.smithi142.stdout:/usr/bin/ceph: stderr
2024-04-24T08:55:45.866+0000 7f3b1ea00700 1 -- 172.21.15.142:0/3078621264 wait complete.
2024-04-24T08:55:46.559 INFO:teuthology.orchestra.run.smithi142.stdout:Creating initial admin user...
2024-04-24T08:55:47.093 INFO:journalctl@ceph.mon.smithi142.smithi142.stdout:Apr 24 08:55:46 smithi142 ceph-mon[25798]: from='client.14176 -' entity='client.admin' cmd=[{"prefix": "dashboard create-self-signed-cert", "target": ["mon-mgr", ""]}]: dispatch
2024-04-24T08:55:47.093 INFO:journalctl@ceph.mon.smithi142.smithi142.stdout:Apr 24 08:55:46 smithi142 ceph-mon[25798]: from='mgr.14164 172.21.15.142:0/2643394771' entity='mgr.smithi142.hsydrs'
2024-04-24T08:55:47.093 INFO:journalctl@ceph.mon.smithi142.smithi142.stdout:Apr 24 08:55:46 smithi142 ceph-mon[25798]: from='mgr.14164 172.21.15.142:0/2643394771' entity='mgr.smithi142.hsydrs'
2024-04-24T08:55:47.093 INFO:journalctl@ceph.mon.smithi142.smithi142.stdout:Apr 24 08:55:46 smithi142 ceph-mon[25798]: from='mgr.14164 172.21.15.142:0/2643394771' entity='mgr.smithi142.hsydrs'
2024-04-24T08:55:48.002 INFO:journalctl@ceph.mon.smithi142.smithi142.stdout:Apr 24 08:55:47 smithi142 ceph-mon[25798]: from='client.14178 -' entity='client.admin' cmd=[{"prefix": "dashboard ac-user-create", "username": "admin", "rolename": "administrator", "force_password": true, "pwd_update_required": true, "target": ["mon-mgr", ""]}]: dispatch
2024-04-24T08:55:48.003 INFO:journalctl@ceph.mon.smithi142.smithi142.stdout:Apr 24 08:55:47 smithi142 ceph-mon[25798]: from='mgr.14164 172.21.15.142:0/2643394771' entity='mgr.smithi142.hsydrs'
2024-04-24T08:55:48.617 INFO:teuthology.orchestra.run.smithi142.stdout:/usr/bin/ceph: stdout {"username": "admin", "password": "$2b$12$LzSZw9cyDcSJqg3cr/9.suMSb8ZEjw9M/fQ4hQjE0Hxk7YTrrHm8S", "roles": ["administrator"], "name": null, "email": null, "lastUpdate": 1713948947, "enabled": true, "pwdExpirationDate": null, "pwdUpdateRequired": true}
2024-04-24T08:55:48.618 INFO:teuthology.orchestra.run.smithi142.stdout:/usr/bin/ceph: stderr
2024-04-24T08:55:47.133+0000 7fcadbe00700 1 Processor -- start
2024-04-24T08:55:48.618 INFO:teuthology.orchestra.run.smithi142.stdout:/usr/bin/ceph: stderr
2024-04-24T08:55:47.133+0000 7fcadbe00700 1 -- start start
2024-04-24T08:55:48.618 INFO:teuthology.orchestra.run.smithi142.stdout:/usr/bin/ceph: stderr
2024-04-24T08:55:47.133+0000 7fcadbe00700 1 --2- >> [v2:172.21.15.142:3300/0,v1:172.21.15.142:6789/0] conn(0x7fcadc106ec0 0x7fcadc1092b0 unknown :-1 s=NONE pgs=0 cs=0 l=0 rev1=0 crypto rx=0 tx=0 comp rx=0 tx=0).connect
2024-04-24T08:55:48.618 INFO:teuthology.orchestra.run.smithi142.stdout:/usr/bin/ceph: stderr
2024-04-24T08:55:47.133+0000 7fcadbe00700 1 -- --> [v2:172.21.15.142:3300/0,v1:172.21.15.142:6789/0] -- mon_getmap magic: 0 v1 -- 0x7fcadc074770 con 0x7fcadc106ec0
2024-04-24T08:55:48.618 INFO:teuthology.orchestra.run.smithi142.stdout:/usr/bin/ceph: stderr
2024-04-24T08:55:47.133+0000 7fcadaa00700 1 --2- >> [v2:172.21.15.142:3300/0,v1:172.21.15.142:6789/0] conn(0x7fcadc106ec0 0x7fcadc1092b0 unknown :-1 s=BANNER_CONNECTING pgs=0 cs=0 l=0 rev1=0 crypto rx=0 tx=0 comp rx=0 tx=0)._handle_peer_banner_payload supported=3 required=0
2024-04-24T08:55:48.618 INFO:teuthology.orchestra.run.smithi142.stdout:/usr/bin/ceph: stderr
2024-04-24T08:55:47.133+0000 7fcadaa00700 1 --2- >> [v2:172.21.15.142:3300/0,v1:172.21.15.142:6789/0] conn(0x7fcadc106ec0 0x7fcadc1092b0 unknown :-1 s=HELLO_CONNECTING pgs=0 cs=0 l=0 rev1=1 crypto rx=0 tx=0 comp rx=0 tx=0).handle_hello peer v2:172.21.15.142:3300/0 says I am v2:172.21.15.142:55016/0 (socket says 172.21.15.142:55016)
2024-04-24T08:55:48.618 INFO:teuthology.orchestra.run.smithi142.stdout:/usr/bin/ceph: stderr
2024-04-24T08:55:47.133+0000 7fcadaa00700 1 -- 172.21.15.142:0/4052281954 learned_addr learned my addr 172.21.15.142:0/4052281954 (peer_addr_for_me v2:172.21.15.142:0/0)
2024-04-24T08:55:48.618 INFO:teuthology.orchestra.run.smithi142.stdout:/usr/bin/ceph: stderr
2024-04-24T08:55:47.133+0000 7fcadaa00700 1 -- 172.21.15.142:0/4052281954 --> [v2:172.21.15.142:3300/0,v1:172.21.15.142:6789/0] -- mon_subscribe({config=0+,monmap=0+}) v3 -- 0x7fcadc1097f0 con 0x7fcadc106ec0
2024-04-24T08:55:48.618 INFO:teuthology.orchestra.run.smithi142.stdout:/usr/bin/ceph: stderr
2024-04-24T08:55:47.134+0000 7fcadaa00700 1 --2- 172.21.15.142:0/4052281954 >> [v2:172.21.15.142:3300/0,v1:172.21.15.142:6789/0] conn(0x7fcadc106ec0 0x7fcadc1092b0 secure :-1 s=READY pgs=84 cs=0 l=1 rev1=1 crypto rx=0x7fcacc0098a0 tx=0x7fcacc009bb0 comp rx=0 tx=0).ready entity=mon.0 client_cookie=e7244bca634a475 server_cookie=0 in_seq=0 out_seq=0
2024-04-24T08:55:48.618 INFO:teuthology.orchestra.run.smithi142.stdout:/usr/bin/ceph: stderr
2024-04-24T08:55:47.134+0000 7fcad9600700 1 -- 172.21.15.142:0/4052281954 <== mon.0 v2:172.21.15.142:3300/0 1 ==== mon_map magic: 0 v1 ==== 229+0+0 (secure 0 0 0) 0x7fcacc004180 con 0x7fcadc106ec0
2024-04-24T08:55:48.618 INFO:teuthology.orchestra.run.smithi142.stdout:/usr/bin/ceph: stderr
2024-04-24T08:55:47.134+0000 7fcad9600700 1 -- 172.21.15.142:0/4052281954 <== mon.0 v2:172.21.15.142:3300/0 2 ==== config(27 keys) v1 ==== 1109+0+0 (secure 0 0 0) 0x7fcacc0042e0 con 0x7fcadc106ec0
2024-04-24T08:55:48.618 INFO:teuthology.orchestra.run.smithi142.stdout:/usr/bin/ceph: stderr
2024-04-24T08:55:47.134+0000 7fcad9600700 1 -- 172.21.15.142:0/4052281954 <== mon.0 v2:172.21.15.142:3300/0 3 ==== mon_map magic: 0 v1 ==== 229+0+0 (secure 0 0 0) 0x7fcacc011b10 con 0x7fcadc106ec0
2024-04-24T08:55:48.619 INFO:teuthology.orchestra.run.smithi142.stdout:/usr/bin/ceph: stderr
2024-04-24T08:55:47.135+0000 7fcadbe00700 1 -- 172.21.15.142:0/4052281954 >> [v2:172.21.15.142:3300/0,v1:172.21.15.142:6789/0] conn(0x7fcadc106ec0 msgr2=0x7fcadc1092b0 secure :-1 s=STATE_CONNECTION_ESTABLISHED l=1).mark_down
2024-04-24T08:55:48.619 INFO:teuthology.orchestra.run.smithi142.stdout:/usr/bin/ceph: stderr
2024-04-24T08:55:47.135+0000 7fcadbe00700 1 --2- 172.21.15.142:0/4052281954 >> [v2:172.21.15.142:3300/0,v1:172.21.15.142:6789/0] conn(0x7fcadc106ec0 0x7fcadc1092b0 secure :-1 s=READY pgs=84 cs=0 l=1 rev1=1 crypto rx=0x7fcacc0098a0 tx=0x7fcacc009bb0 comp rx=0 tx=0).stop
2024-04-24T08:55:48.622 INFO:teuthology.orchestra.run.smithi142.stdout:/usr/bin/ceph: stderr
2024-04-24T08:55:47.135+0000 7fcadbe00700 1 -- 172.21.15.142:0/4052281954 shutdown_connections
2024-04-24T08:55:48.623 INFO:teuthology.orchestra.run.smithi142.stdout:/usr/bin/ceph: stderr
2024-04-24T08:55:47.135+0000 7fcadbe00700 1 --2- 172.21.15.142:0/4052281954 >> [v2:172.21.15.142:3300/0,v1:172.21.15.142:6789/0] conn(0x7fcadc106ec0 0x7fcadc1092b0 unknown :-1 s=CLOSED pgs=84 cs=0 l=1 rev1=1 crypto rx=0 tx=0 comp rx=0 tx=0).stop
2024-04-24T08:55:48.623 INFO:teuthology.orchestra.run.smithi142.stdout:/usr/bin/ceph: stderr
2024-04-24T08:55:47.135+0000 7fcadbe00700 1 -- 172.21.15.142:0/4052281954 >> 172.21.15.142:0/4052281954 conn(0x7fcadc1008f0 msgr2=0x7fcadc102d10 unknown :-1 s=STATE_NONE l=0).mark_down
2024-04-24T08:55:48.623 INFO:teuthology.orchestra.run.smithi142.stdout:/usr/bin/ceph: stderr
2024-04-24T08:55:47.135+0000 7fcadbe00700 1 -- 172.21.15.142:0/4052281954 shutdown_connections
2024-04-24T08:55:48.623 INFO:teuthology.orchestra.run.smithi142.stdout:/usr/bin/ceph: stderr
2024-04-24T08:55:47.135+0000 7fcadbe00700 1 -- 172.21.15.142:0/4052281954 wait complete.
2024-04-24T08:55:48.623 INFO:teuthology.orchestra.run.smithi142.stdout:/usr/bin/ceph: stderr
2024-04-24T08:55:47.136+0000 7fcadbe00700 1 Processor -- start
2024-04-24T08:55:48.623 INFO:teuthology.orchestra.run.smithi142.stdout:/usr/bin/ceph: stderr
2024-04-24T08:55:47.136+0000 7fcadbe00700 1 -- start start
2024-04-24T08:55:48.623 INFO:teuthology.orchestra.run.smithi142.stdout:/usr/bin/ceph: stderr
2024-04-24T08:55:47.137+0000 7fcadbe00700 1 --2- >> [v2:172.21.15.142:3300/0,v1:172.21.15.142:6789/0] conn(0x7fcadc106ec0 0x7fcadc1066f0 unknown :-1 s=NONE pgs=0 cs=0 l=1 rev1=0 crypto rx=0 tx=0 comp rx=0 tx=0).connect
2024-04-24T08:55:48.623 INFO:teuthology.orchestra.run.smithi142.stdout:/usr/bin/ceph: stderr
2024-04-24T08:55:47.137+0000 7fcadbe00700 1 -- --> [v2:172.21.15.142:3300/0,v1:172.21.15.142:6789/0] -- mon_getmap magic: 0 v1 -- 0x7fcadc106c30 con 0x7fcadc106ec0
2024-04-24T08:55:48.623 INFO:teuthology.orchestra.run.smithi142.stdout:/usr/bin/ceph: stderr
2024-04-24T08:55:47.137+0000 7fcadaa00700 1 --2- >> [v2:172.21.15.142:3300/0,v1:172.21.15.142:6789/0] conn(0x7fcadc106ec0 0x7fcadc1066f0 unknown :-1 s=BANNER_CONNECTING pgs=0 cs=0 l=1 rev1=0 crypto rx=0 tx=0 comp rx=0 tx=0)._handle_peer_banner_payload supported=3 required=0
2024-04-24T08:55:48.623 INFO:teuthology.orchestra.run.smithi142.stdout:/usr/bin/ceph: stderr
2024-04-24T08:55:47.137+0000 7fcadaa00700 1 --2- >> [v2:172.21.15.142:3300/0,v1:172.21.15.142:6789/0] conn(0x7fcadc106ec0 0x7fcadc1066f0 unknown :-1 s=HELLO_CONNECTING pgs=0 cs=0 l=1 rev1=1 crypto rx=0 tx=0 comp rx=0 tx=0).handle_hello peer v2:172.21.15.142:3300/0 says I am v2:172.21.15.142:55030/0 (socket says 172.21.15.142:55030)
2024-04-24T08:55:48.623 INFO:teuthology.orchestra.run.smithi142.stdout:/usr/bin/ceph: stderr
2024-04-24T08:55:47.137+0000 7fcadaa00700 1 -- 172.21.15.142:0/3124304228 learned_addr learned my addr 172.21.15.142:0/3124304228 (peer_addr_for_me v2:172.21.15.142:0/0)
2024-04-24T08:55:48.623 INFO:teuthology.orchestra.run.smithi142.stdout:/usr/bin/ceph: stderr
2024-04-24T08:55:47.137+0000 7fcadaa00700 1 -- 172.21.15.142:0/3124304228 --> [v2:172.21.15.142:3300/0,v1:172.21.15.142:6789/0] -- mon_subscribe({config=0+,monmap=0+}) v3 -- 0x7fcacc009550 con 0x7fcadc106ec0
2024-04-24T08:55:48.623 INFO:teuthology.orchestra.run.smithi142.stdout:/usr/bin/ceph: stderr
2024-04-24T08:55:47.138+0000 7fcadaa00700 1 --2- 172.21.15.142:0/3124304228 >> [v2:172.21.15.142:3300/0,v1:172.21.15.142:6789/0] conn(0x7fcadc106ec0 0x7fcadc1066f0 secure :-1 s=READY pgs=85 cs=0 l=1 rev1=1 crypto rx=0x7fcacc0117b0 tx=0x7fcacc011890 comp rx=0 tx=0).ready entity=mon.0 client_cookie=0 server_cookie=0 in_seq=0 out_seq=0
2024-04-24T08:55:48.623 INFO:teuthology.orchestra.run.smithi142.stdout:/usr/bin/ceph: stderr
2024-04-24T08:55:47.138+0000 7fcad3400700 1 -- 172.21.15.142:0/3124304228 <== mon.0 v2:172.21.15.142:3300/0 1 ==== mon_map magic: 0 v1 ==== 229+0+0 (secure 0 0 0) 0x7fcacc0038b0 con 0x7fcadc106ec0
2024-04-24T08:55:48.624 INFO:teuthology.orchestra.run.smithi142.stdout:/usr/bin/ceph: stderr
2024-04-24T08:55:47.138+0000 7fcad3400700 1 -- 172.21.15.142:0/3124304228 <== mon.0 v2:172.21.15.142:3300/0 2 ==== config(27 keys) v1 ==== 1109+0+0 (secure 0 0 0) 0x7fcacc003a10 con 0x7fcadc106ec0
2024-04-24T08:55:48.624 INFO:teuthology.orchestra.run.smithi142.stdout:/usr/bin/ceph: stderr
2024-04-24T08:55:47.138+0000 7fcadbe00700 1 -- 172.21.15.142:0/3124304228 --> [v2:172.21.15.142:3300/0,v1:172.21.15.142:6789/0] -- mon_subscribe({mgrmap=0+}) v3 -- 0x7fcadc104e70 con 0x7fcadc106ec0
2024-04-24T08:55:48.624 INFO:teuthology.orchestra.run.smithi142.stdout:/usr/bin/ceph: stderr
2024-04-24T08:55:47.138+0000 7fcad3400700 1 -- 172.21.15.142:0/3124304228 <== mon.0 v2:172.21.15.142:3300/0 3 ==== mon_map magic: 0 v1 ==== 229+0+0 (secure 0 0 0) 0x7fcacc024780 con 0x7fcadc106ec0
2024-04-24T08:55:48.624 INFO:teuthology.orchestra.run.smithi142.stdout:/usr/bin/ceph: stderr
