2024-04-24T09:03:16.494+0000 7f5071600700 1 -- 172.21.15.37:0/1275511465 <== mon.0 v2:172.21.15.37:3300/0 6 ==== mon_command_ack([{"prefix": "get_command_descriptions"}]=0 v0) v1 ==== 72+0+183351 (secure 0 0 0) 0x7f5064003eb0 con 0x7f507407ad70
2024-04-24T09:03:18.054 INFO:teuthology.orchestra.run.smithi037.stdout:/usr/bin/ceph: stderr
2024-04-24T09:03:16.747+0000 7f507b000700 1 -- 172.21.15.37:0/1275511465 --> [v2:172.21.15.37:6800/2274216927,v1:172.21.15.37:6801/2274216927] -- mgr_command(tid 0: {"prefix": "dashboard ac-user-create", "username": "admin", "rolename": "administrator", "force_password": true, "pwd_update_required": true, "target": ["mon-mgr", ""]}) v1 -- 0x7f5074062330 con 0x7f50580387c0
2024-04-24T09:03:18.054 INFO:teuthology.orchestra.run.smithi037.stdout:/usr/bin/ceph: stderr
2024-04-24T09:03:17.051+0000 7f5071600700 1 -- 172.21.15.37:0/1275511465 <== mgr.14164 v2:172.21.15.37:6800/2274216927 1 ==== mgr_command_reply(tid 0: 0 ) v1 ==== 8+0+252 (secure 0 0 0) 0x7f5074062330 con 0x7f50580387c0
2024-04-24T09:03:18.054 INFO:teuthology.orchestra.run.smithi037.stdout:/usr/bin/ceph: stderr
2024-04-24T09:03:17.055+0000 7f507b000700 1 -- 172.21.15.37:0/1275511465 >> [v2:172.21.15.37:6800/2274216927,v1:172.21.15.37:6801/2274216927] conn(0x7f50580387c0 msgr2=0x7f505803ac80 secure :-1 s=STATE_CONNECTION_ESTABLISHED l=1).mark_down
2024-04-24T09:03:18.054 INFO:teuthology.orchestra.run.smithi037.stdout:/usr/bin/ceph: stderr
2024-04-24T09:03:17.055+0000 7f507b000700 1 --2- 172.21.15.37:0/1275511465 >> [v2:172.21.15.37:6800/2274216927,v1:172.21.15.37:6801/2274216927] conn(0x7f50580387c0 0x7f505803ac80 secure :-1 s=READY pgs=8 cs=0 l=1 rev1=1 crypto rx=0x7f505c006fd0 tx=0x7f505c006e40 comp rx=0 tx=0).stop
2024-04-24T09:03:18.054 INFO:teuthology.orchestra.run.smithi037.stdout:/usr/bin/ceph: stderr
2024-04-24T09:03:17.055+0000 7f507b000700 1 -- 172.21.15.37:0/1275511465 >> [v2:172.21.15.37:3300/0,v1:172.21.15.37:6789/0] conn(0x7f507407ad70 msgr2=0x7f507419c530 secure :-1 s=STATE_CONNECTION_ESTABLISHED l=1).mark_down
2024-04-24T09:03:18.054 INFO:teuthology.orchestra.run.smithi037.stdout:/usr/bin/ceph: stderr
2024-04-24T09:03:17.055+0000 7f507b000700 1 --2- 172.21.15.37:0/1275511465 >> [v2:172.21.15.37:3300/0,v1:172.21.15.37:6789/0] conn(0x7f507407ad70 0x7f507419c530 secure :-1 s=READY pgs=85 cs=0 l=1 rev1=1 crypto rx=0x7f5064009320 tx=0x7f506400be00 comp rx=0 tx=0).stop
2024-04-24T09:03:18.055 INFO:teuthology.orchestra.run.smithi037.stdout:/usr/bin/ceph: stderr
2024-04-24T09:03:17.055+0000 7f507b000700 1 -- 172.21.15.37:0/1275511465 shutdown_connections
2024-04-24T09:03:18.055 INFO:teuthology.orchestra.run.smithi037.stdout:/usr/bin/ceph: stderr
2024-04-24T09:03:17.055+0000 7f507b000700 1 --2- 172.21.15.37:0/1275511465 >> [v2:172.21.15.37:6800/2274216927,v1:172.21.15.37:6801/2274216927] conn(0x7f50580387c0 0x7f505803ac80 unknown :-1 s=CLOSED pgs=8 cs=0 l=1 rev1=1 crypto rx=0 tx=0 comp rx=0 tx=0).stop
2024-04-24T09:03:18.055 INFO:teuthology.orchestra.run.smithi037.stdout:/usr/bin/ceph: stderr
2024-04-24T09:03:17.055+0000 7f507b000700 1 --2- 172.21.15.37:0/1275511465 >> [v2:172.21.15.37:3300/0,v1:172.21.15.37:6789/0] conn(0x7f507407ad70 0x7f507419c530 unknown :-1 s=CLOSED pgs=85 cs=0 l=1 rev1=1 crypto rx=0 tx=0 comp rx=0 tx=0).stop
2024-04-24T09:03:18.055 INFO:teuthology.orchestra.run.smithi037.stdout:/usr/bin/ceph: stderr
2024-04-24T09:03:17.055+0000 7f507b000700 1 -- 172.21.15.37:0/1275511465 >> 172.21.15.37:0/1275511465 conn(0x7f5074101ba0 msgr2=0x7f50741027c0 unknown :-1 s=STATE_NONE l=0).mark_down
2024-04-24T09:03:18.055 INFO:teuthology.orchestra.run.smithi037.stdout:/usr/bin/ceph: stderr
2024-04-24T09:03:17.056+0000 7f507b000700 1 -- 172.21.15.37:0/1275511465 shutdown_connections
2024-04-24T09:03:18.055 INFO:teuthology.orchestra.run.smithi037.stdout:/usr/bin/ceph: stderr
2024-04-24T09:03:17.056+0000 7f507b000700 1 -- 172.21.15.37:0/1275511465 wait complete.
2024-04-24T09:03:18.055 INFO:teuthology.orchestra.run.smithi037.stdout:Fetching dashboard port number...
2024-04-24T09:03:18.418 INFO:journalctl@ceph.mon.smithi037.smithi037.stdout:Apr 24 09:03:18 smithi037 ceph-mon[25698]: from='client.14178 -' entity='client.admin' cmd=[{"prefix": "dashboard ac-user-create", "username": "admin", "rolename": "administrator", "force_password": true, "pwd_update_required": true, "target": ["mon-mgr", ""]}]: dispatch
2024-04-24T09:03:18.419 INFO:journalctl@ceph.mon.smithi037.smithi037.stdout:Apr 24 09:03:18 smithi037 ceph-mon[25698]: from='mgr.14164 172.21.15.37:0/843581045' entity='mgr.smithi037.ghdmqq'
2024-04-24T09:03:19.364 INFO:journalctl@ceph.mon.smithi037.smithi037.stdout:Apr 24 09:03:19 smithi037 ceph-mon[25698]: mgrmap e13: smithi037.ghdmqq(active, since 6s)
2024-04-24T09:03:20.000 INFO:teuthology.orchestra.run.smithi037.stdout:/usr/bin/ceph: stdout 8443
2024-04-24T09:03:20.000 INFO:teuthology.orchestra.run.smithi037.stdout:/usr/bin/ceph: stderr
2024-04-24T09:03:19.130+0000 7fb654e00700 1 Processor -- start
2024-04-24T09:03:20.000 INFO:teuthology.orchestra.run.smithi037.stdout:/usr/bin/ceph: stderr
2024-04-24T09:03:19.130+0000 7fb654e00700 1 -- start start
2024-04-24T09:03:20.000 INFO:teuthology.orchestra.run.smithi037.stdout:/usr/bin/ceph: stderr
2024-04-24T09:03:19.130+0000 7fb654e00700 1 --2- >> [v2:172.21.15.37:3300/0,v1:172.21.15.37:6789/0] conn(0x7fb650108790 0x7fb650108bb0 unknown :-1 s=NONE pgs=0 cs=0 l=0 rev1=0 crypto rx=0 tx=0 comp rx=0 tx=0).connect
2024-04-24T09:03:20.000 INFO:teuthology.orchestra.run.smithi037.stdout:/usr/bin/ceph: stderr
2024-04-24T09:03:19.130+0000 7fb654e00700 1 -- --> [v2:172.21.15.37:3300/0,v1:172.21.15.37:6789/0] -- mon_getmap magic: 0 v1 -- 0x7fb650109180 con 0x7fb650108790
2024-04-24T09:03:20.000 INFO:teuthology.orchestra.run.smithi037.stdout:/usr/bin/ceph: stderr
2024-04-24T09:03:19.131+0000 7fb64de00700 1 --2- >> [v2:172.21.15.37:3300/0,v1:172.21.15.37:6789/0] conn(0x7fb650108790 0x7fb650108bb0 unknown :-1 s=BANNER_CONNECTING pgs=0 cs=0 l=0 rev1=0 crypto rx=0 tx=0 comp rx=0 tx=0)._handle_peer_banner_payload supported=3 required=0
2024-04-24T09:03:20.000 INFO:teuthology.orchestra.run.smithi037.stdout:/usr/bin/ceph: stderr
2024-04-24T09:03:19.131+0000 7fb64de00700 1 --2- >> [v2:172.21.15.37:3300/0,v1:172.21.15.37:6789/0] conn(0x7fb650108790 0x7fb650108bb0 unknown :-1 s=HELLO_CONNECTING pgs=0 cs=0 l=0 rev1=1 crypto rx=0 tx=0 comp rx=0 tx=0).handle_hello peer v2:172.21.15.37:3300/0 says I am v2:172.21.15.37:53650/0 (socket says 172.21.15.37:53650)
2024-04-24T09:03:20.001 INFO:teuthology.orchestra.run.smithi037.stdout:/usr/bin/ceph: stderr
2024-04-24T09:03:19.131+0000 7fb64de00700 1 -- 172.21.15.37:0/1938191563 learned_addr learned my addr 172.21.15.37:0/1938191563 (peer_addr_for_me v2:172.21.15.37:0/0)
2024-04-24T09:03:20.001 INFO:teuthology.orchestra.run.smithi037.stdout:/usr/bin/ceph: stderr
2024-04-24T09:03:19.131+0000 7fb64de00700 1 -- 172.21.15.37:0/1938191563 --> [v2:172.21.15.37:3300/0,v1:172.21.15.37:6789/0] -- mon_subscribe({config=0+,monmap=0+}) v3 -- 0x7fb650109990 con 0x7fb650108790
2024-04-24T09:03:20.001 INFO:teuthology.orchestra.run.smithi037.stdout:/usr/bin/ceph: stderr
2024-04-24T09:03:19.132+0000 7fb64de00700 1 --2- 172.21.15.37:0/1938191563 >> [v2:172.21.15.37:3300/0,v1:172.21.15.37:6789/0] conn(0x7fb650108790 0x7fb650108bb0 secure :-1 s=READY pgs=86 cs=0 l=1 rev1=1 crypto rx=0x7fb6400098a0 tx=0x7fb640009bb0 comp rx=0 tx=0).ready entity=mon.0 client_cookie=2add44a61e177940 server_cookie=0 in_seq=0 out_seq=0
2024-04-24T09:03:20.005 INFO:teuthology.orchestra.run.smithi037.stdout:/usr/bin/ceph: stderr
2024-04-24T09:03:19.132+0000 7fb64d400700 1 -- 172.21.15.37:0/1938191563 <== mon.0 v2:172.21.15.37:3300/0 1 ==== mon_map magic: 0 v1 ==== 229+0+0 (secure 0 0 0) 0x7fb640004180 con 0x7fb650108790
2024-04-24T09:03:20.005 INFO:teuthology.orchestra.run.smithi037.stdout:/usr/bin/ceph: stderr
2024-04-24T09:03:19.132+0000 7fb64d400700 1 -- 172.21.15.37:0/1938191563 <== mon.0 v2:172.21.15.37:3300/0 2 ==== config(27 keys) v1 ==== 1109+0+0 (secure 0 0 0) 0x7fb6400042e0 con 0x7fb650108790
2024-04-24T09:03:20.005 INFO:teuthology.orchestra.run.smithi037.stdout:/usr/bin/ceph: stderr
2024-04-24T09:03:19.132+0000 7fb64d400700 1 -- 172.21.15.37:0/1938191563 <== mon.0 v2:172.21.15.37:3300/0 3 ==== mon_map magic: 0 v1 ==== 229+0+0 (secure 0 0 0) 0x7fb640011b10 con 0x7fb650108790
2024-04-24T09:03:20.006 INFO:teuthology.orchestra.run.smithi037.stdout:/usr/bin/ceph: stderr
2024-04-24T09:03:19.133+0000 7fb654e00700 1 -- 172.21.15.37:0/1938191563 >> [v2:172.21.15.37:3300/0,v1:172.21.15.37:6789/0] conn(0x7fb650108790 msgr2=0x7fb650108bb0 secure :-1 s=STATE_CONNECTION_ESTABLISHED l=1).mark_down
2024-04-24T09:03:20.006 INFO:teuthology.orchestra.run.smithi037.stdout:/usr/bin/ceph: stderr
2024-04-24T09:03:19.133+0000 7fb654e00700 1 --2- 172.21.15.37:0/1938191563 >> [v2:172.21.15.37:3300/0,v1:172.21.15.37:6789/0] conn(0x7fb650108790 0x7fb650108bb0 secure :-1 s=READY pgs=86 cs=0 l=1 rev1=1 crypto rx=0x7fb6400098a0 tx=0x7fb640009bb0 comp rx=0 tx=0).stop
2024-04-24T09:03:20.006 INFO:teuthology.orchestra.run.smithi037.stdout:/usr/bin/ceph: stderr
2024-04-24T09:03:19.133+0000 7fb654e00700 1 -- 172.21.15.37:0/1938191563 shutdown_connections
2024-04-24T09:03:20.006 INFO:teuthology.orchestra.run.smithi037.stdout:/usr/bin/ceph: stderr
2024-04-24T09:03:19.133+0000 7fb654e00700 1 --2- 172.21.15.37:0/1938191563 >> [v2:172.21.15.37:3300/0,v1:172.21.15.37:6789/0] conn(0x7fb650108790 0x7fb650108bb0 unknown :-1 s=CLOSED pgs=86 cs=0 l=1 rev1=1 crypto rx=0 tx=0 comp rx=0 tx=0).stop
2024-04-24T09:03:20.006 INFO:teuthology.orchestra.run.smithi037.stdout:/usr/bin/ceph: stderr
2024-04-24T09:03:19.133+0000 7fb654e00700 1 -- 172.21.15.37:0/1938191563 >> 172.21.15.37:0/1938191563 conn(0x7fb65007bbf0 msgr2=0x7fb6501064f0 unknown :-1 s=STATE_NONE l=0).mark_down
2024-04-24T09:03:20.006 INFO:teuthology.orchestra.run.smithi037.stdout:/usr/bin/ceph: stderr
2024-04-24T09:03:19.133+0000 7fb654e00700 1 -- 172.21.15.37:0/1938191563 shutdown_connections
2024-04-24T09:03:20.006 INFO:teuthology.orchestra.run.smithi037.stdout:/usr/bin/ceph: stderr
2024-04-24T09:03:19.133+0000 7fb654e00700 1 -- 172.21.15.37:0/1938191563 wait complete.
2024-04-24T09:03:20.006 INFO:teuthology.orchestra.run.smithi037.stdout:/usr/bin/ceph: stderr
2024-04-24T09:03:19.134+0000 7fb654e00700 1 Processor -- start
2024-04-24T09:03:20.006 INFO:teuthology.orchestra.run.smithi037.stdout:/usr/bin/ceph: stderr
2024-04-24T09:03:19.134+0000 7fb654e00700 1 -- start start
2024-04-24T09:03:20.006 INFO:teuthology.orchestra.run.smithi037.stdout:/usr/bin/ceph: stderr
2024-04-24T09:03:19.135+0000 7fb654e00700 1 --2- >> [v2:172.21.15.37:3300/0,v1:172.21.15.37:6789/0] conn(0x7fb650108790 0x7fb65019c500 unknown :-1 s=NONE pgs=0 cs=0 l=1 rev1=0 crypto rx=0 tx=0 comp rx=0 tx=0).connect
2024-04-24T09:03:20.006 INFO:teuthology.orchestra.run.smithi037.stdout:/usr/bin/ceph: stderr
2024-04-24T09:03:19.135+0000 7fb654e00700 1 -- --> [v2:172.21.15.37:3300/0,v1:172.21.15.37:6789/0] -- mon_getmap magic: 0 v1 -- 0x7fb65019ca40 con 0x7fb650108790
2024-04-24T09:03:20.006 INFO:teuthology.orchestra.run.smithi037.stdout:/usr/bin/ceph: stderr
2024-04-24T09:03:19.135+0000 7fb64de00700 1 --2- >> [v2:172.21.15.37:3300/0,v1:172.21.15.37:6789/0] conn(0x7fb650108790 0x7fb65019c500 unknown :-1 s=BANNER_CONNECTING pgs=0 cs=0 l=1 rev1=0 crypto rx=0 tx=0 comp rx=0 tx=0)._handle_peer_banner_payload supported=3 required=0
2024-04-24T09:03:20.006 INFO:teuthology.orchestra.run.smithi037.stdout:/usr/bin/ceph: stderr
2024-04-24T09:03:19.135+0000 7fb64de00700 1 --2- >> [v2:172.21.15.37:3300/0,v1:172.21.15.37:6789/0] conn(0x7fb650108790 0x7fb65019c500 unknown :-1 s=HELLO_CONNECTING pgs=0 cs=0 l=1 rev1=1 crypto rx=0 tx=0 comp rx=0 tx=0).handle_hello peer v2:172.21.15.37:3300/0 says I am v2:172.21.15.37:53664/0 (socket says 172.21.15.37:53664)
2024-04-24T09:03:20.006 INFO:teuthology.orchestra.run.smithi037.stdout:/usr/bin/ceph: stderr
2024-04-24T09:03:19.135+0000 7fb64de00700 1 -- 172.21.15.37:0/2511469415 learned_addr learned my addr 172.21.15.37:0/2511469415 (peer_addr_for_me v2:172.21.15.37:0/0)
2024-04-24T09:03:20.006 INFO:teuthology.orchestra.run.smithi037.stdout:/usr/bin/ceph: stderr
2024-04-24T09:03:19.135+0000 7fb64de00700 1 -- 172.21.15.37:0/2511469415 --> [v2:172.21.15.37:3300/0,v1:172.21.15.37:6789/0] -- mon_subscribe({config=0+,monmap=0+}) v3 -- 0x7fb640009550 con 0x7fb650108790
2024-04-24T09:03:20.007 INFO:teuthology.orchestra.run.smithi037.stdout:/usr/bin/ceph: stderr
2024-04-24T09:03:19.136+0000 7fb64de00700 1 --2- 172.21.15.37:0/2511469415 >> [v2:172.21.15.37:3300/0,v1:172.21.15.37:6789/0] conn(0x7fb650108790 0x7fb65019c500 secure :-1 s=READY pgs=87 cs=0 l=1 rev1=1 crypto rx=0x7fb6400117b0 tx=0x7fb640011890 comp rx=0 tx=0).ready entity=mon.0 client_cookie=0 server_cookie=0 in_seq=0 out_seq=0
2024-04-24T09:03:20.007 INFO:teuthology.orchestra.run.smithi037.stdout:/usr/bin/ceph: stderr
2024-04-24T09:03:19.136+0000 7fb646a00700 1 -- 172.21.15.37:0/2511469415 <== mon.0 v2:172.21.15.37:3300/0 1 ==== mon_map magic: 0 v1 ==== 229+0+0 (secure 0 0 0) 0x7fb6400038b0 con 0x7fb650108790
2024-04-24T09:03:20.007 INFO:teuthology.orchestra.run.smithi037.stdout:/usr/bin/ceph: stderr
2024-04-24T09:03:19.136+0000 7fb646a00700 1 -- 172.21.15.37:0/2511469415 <== mon.0 v2:172.21.15.37:3300/0 2 ==== config(27 keys) v1 ==== 1109+0+0 (secure 0 0 0) 0x7fb640003a10 con 0x7fb650108790
2024-04-24T09:03:20.007 INFO:teuthology.orchestra.run.smithi037.stdout:/usr/bin/ceph: stderr
2024-04-24T09:03:19.136+0000 7fb646a00700 1 -- 172.21.15.37:0/2511469415 <== mon.0 v2:172.21.15.37:3300/0 3 ==== mon_map magic: 0 v1 ==== 229+0+0 (secure 0 0 0) 0x7fb6400246e0 con 0x7fb650108790
2024-04-24T09:03:20.007 INFO:teuthology.orchestra.run.smithi037.stdout:/usr/bin/ceph: stderr
2024-04-24T09:03:19.136+0000 7fb654e00700 1 -- 172.21.15.37:0/2511469415 --> [v2:172.21.15.37:3300/0,v1:172.21.15.37:6789/0] -- mon_subscribe({mgrmap=0+}) v3 -- 0x7fb65019cc40 con 0x7fb650108790
2024-04-24T09:03:20.007 INFO:teuthology.orchestra.run.smithi037.stdout:/usr/bin/ceph: stderr
2024-04-24T09:03:19.136+0000 7fb654e00700 1 -- 172.21.15.37:0/2511469415 --> [v2:172.21.15.37:3300/0,v1:172.21.15.37:6789/0] -- mon_subscribe({osdmap=0}) v3 -- 0x7fb65019d0e0 con 0x7fb650108790
2024-04-24T09:03:20.007 INFO:teuthology.orchestra.run.smithi037.stdout:/usr/bin/ceph: stderr
2024-04-24T09:03:19.137+0000 7fb646a00700 1 -- 172.21.15.37:0/2511469415 <== mon.0 v2:172.21.15.37:3300/0 4 ==== mgrmap(e 13) v1 ==== 45612+0+0 (secure 0 0 0) 0x7fb64001ab80 con 0x7fb650108790
2024-04-24T09:03:20.007 INFO:teuthology.orchestra.run.smithi037.stdout:/usr/bin/ceph: stderr
2024-04-24T09:03:19.137+0000 7fb654e00700 1 -- 172.21.15.37:0/2511469415 --> [v2:172.21.15.37:3300/0,v1:172.21.15.37:6789/0] -- mon_command({"prefix": "get_command_descriptions"} v 0) v1 -- 0x7fb65010cbc0 con 0x7fb650108790
2024-04-24T09:03:20.007 INFO:teuthology.orchestra.run.smithi037.stdout:/usr/bin/ceph: stderr
2024-04-24T09:03:19.138+0000 7fb646a00700 1 --2- 172.21.15.37:0/2511469415 >> [v2:172.21.15.37:6800/2274216927,v1:172.21.15.37:6801/2274216927] conn(0x7fb634038860 0x7fb63403ad20 unknown :-1 s=NONE pgs=0 cs=0 l=1 rev1=0 crypto rx=0 tx=0 comp rx=0 tx=0).connect
2024-04-24T09:03:20.007 INFO:teuthology.orchestra.run.smithi037.stdout:/usr/bin/ceph: stderr
2024-04-24T09:03:19.138+0000 7fb646a00700 1 -- 172.21.15.37:0/2511469415 <== mon.0 v2:172.21.15.37:3300/0 5 ==== osd_map(3..3 src has 1..3) v4 ==== 1155+0+0 (secure 0 0 0) 0x7fb64004ca10 con 0x7fb650108790
2024-04-24T09:03:20.007 INFO:teuthology.orchestra.run.smithi037.stdout:/usr/bin/ceph: stderr
2024-04-24T09:03:19.138+0000 7fb647e00700 1 --2- 172.21.15.37:0/2511469415 >> [v2:172.21.15.37:6800/2274216927,v1:172.21.15.37:6801/2274216927] conn(0x7fb634038860 0x7fb63403ad20 unknown :-1 s=BANNER_CONNECTING pgs=0 cs=0 l=1 rev1=0 crypto rx=0 tx=0 comp rx=0 tx=0)._handle_peer_banner_payload supported=3 required=0
2024-04-24T09:03:20.007 INFO:teuthology.orchestra.run.smithi037.stdout:/usr/bin/ceph: stderr
2024-04-24T09:03:19.139+0000 7fb647e00700 1 --2- 172.21.15.37:0/2511469415 >> [v2:172.21.15.37:6800/2274216927,v1:172.21.15.37:6801/2274216927] conn(0x7fb634038860 0x7fb63403ad20 secure :-1 s=READY pgs=9 cs=0 l=1 rev1=1 crypto rx=0x7fb638006fd0 tx=0x7fb638006e40 comp rx=0 tx=0).ready entity=mgr.14164 client_cookie=0 server_cookie=0 in_seq=0 out_seq=0
2024-04-24T09:03:20.007 INFO:teuthology.orchestra.run.smithi037.stdout:/usr/bin/ceph: stderr
2024-04-24T09:03:19.144+0000 7fb646a00700 1 -- 172.21.15.37:0/2511469415 <== mon.0 v2:172.21.15.37:3300/0 6 ==== mon_command_ack([{"prefix": "get_command_descriptions"}]=0 v0) v1 ==== 72+0+183351 (secure 0 0 0) 0x7fb64001a430 con 0x7fb650108790
2024-04-24T09:03:20.007 INFO:teuthology.orchestra.run.smithi037.stdout:/usr/bin/ceph: stderr
2024-04-24T09:03:19.364+0000 7fb654e00700 1 -- 172.21.15.37:0/2511469415 --> [v2:172.21.15.37:3300/0,v1:172.21.15.37:6789/0] -- mon_command({"prefix": "config get", "who": "mgr", "key": "mgr/dashboard/ssl_server_port"} v 0) v1 -- 0x7fb65019f970 con 0x7fb650108790
2024-04-24T09:03:20.007 INFO:teuthology.orchestra.run.smithi037.stdout:/usr/bin/ceph: stderr
2024-04-24T09:03:19.365+0000 7fb646a00700 1 -- 172.21.15.37:0/2511469415 <== mon.0 v2:172.21.15.37:3300/0 7 ==== mon_command_ack([{"prefix": "config get", "who": "mgr", "key": "mgr/dashboard/ssl_server_port"}]=0 v8) v1 ==== 112+0+5 (secure 0 0 0) 0x7fb640018b40 con 0x7fb650108790
2024-04-24T09:03:20.008 INFO:teuthology.orchestra.run.smithi037.stdout:/usr/bin/ceph: stderr
2024-04-24T09:03:19.367+0000 7fb654e00700 1 -- 172.21.15.37:0/2511469415 >> [v2:172.21.15.37:6800/2274216927,v1:172.21.15.37:6801/2274216927] conn(0x7fb634038860 msgr2=0x7fb63403ad20 secure :-1 s=STATE_CONNECTION_ESTABLISHED l=1).mark_down
2024-04-24T09:03:20.008 INFO:teuthology.orchestra.run.smithi037.stdout:/usr/bin/ceph: stderr
2024-04-24T09:03:19.367+0000 7fb654e00700 1 --2- 172.21.15.37:0/2511469415 >> [v2:172.21.15.37:6800/2274216927,v1:172.21.15.37:6801/2274216927] conn(0x7fb634038860 0x7fb63403ad20 secure :-1 s=READY pgs=9 cs=0 l=1 rev1=1 crypto rx=0x7fb638006fd0 tx=0x7fb638006e40 comp rx=0 tx=0).stop
2024-04-24T09:03:20.008 INFO:teuthology.orchestra.run.smithi037.stdout:/usr/bin/ceph: stderr
2024-04-24T09:03:19.368+0000 7fb654e00700 1 -- 172.21.15.37:0/2511469415 >> [v2:172.21.15.37:3300/0,v1:172.21.15.37:6789/0] conn(0x7fb650108790 msgr2=0x7fb65019c500 secure :-1 s=STATE_CONNECTION_ESTABLISHED l=1).mark_down
2024-04-24T09:03:20.008 INFO:teuthology.orchestra.run.smithi037.stdout:/usr/bin/ceph: stderr
2024-04-24T09:03:19.368+0000 7fb654e00700 1 --2- 172.21.15.37:0/2511469415 >> [v2:172.21.15.37:3300/0,v1:172.21.15.37:6789/0] conn(0x7fb650108790 0x7fb65019c500 secure :-1 s=READY pgs=87 cs=0 l=1 rev1=1 crypto rx=0x7fb6400117b0 tx=0x7fb640011890 comp rx=0 tx=0).stop
2024-04-24T09:03:20.008 INFO:teuthology.orchestra.run.smithi037.stdout:/usr/bin/ceph: stderr
2024-04-24T09:03:19.368+0000 7fb654e00700 1 -- 172.21.15.37:0/2511469415 shutdown_connections
2024-04-24T09:03:20.008 INFO:teuthology.orchestra.run.smithi037.stdout:/usr/bin/ceph: stderr
2024-04-24T09:03:19.368+0000 7fb654e00700 1 --2- 172.21.15.37:0/2511469415 >> [v2:172.21.15.37:6800/2274216927,v1:172.21.15.37:6801/2274216927] conn(0x7fb634038860 0x7fb63403ad20 unknown :-1 s=CLOSED pgs=9 cs=0 l=1 rev1=1 crypto rx=0 tx=0 comp rx=0 tx=0).stop
2024-04-24T09:03:20.008 INFO:teuthology.orchestra.run.smithi037.stdout:/usr/bin/ceph: stderr
2024-04-24T09:03:19.368+0000 7fb654e00700 1 --2- 172.21.15.37:0/2511469415 >> [v2:172.21.15.37:3300/0,v1:172.21.15.37:6789/0] conn(0x7fb650108790 0x7fb65019c500 unknown :-1 s=CLOSED pgs=87 cs=0 l=1 rev1=1 crypto rx=0 tx=0 comp rx=0 tx=0).stop
2024-04-24T09:03:20.008 INFO:teuthology.orchestra.run.smithi037.stdout:/usr/bin/ceph: stderr
2024-04-24T09:03:19.368+0000 7fb654e00700 1 -- 172.21.15.37:0/2511469415 >> 172.21.15.37:0/2511469415 conn(0x7fb65007bbf0 msgr2=0x7fb650105c10 unknown :-1 s=STATE_NONE l=0).mark_down
2024-04-24T09:03:20.008 INFO:teuthology.orchestra.run.smithi037.stdout:/usr/bin/ceph: stderr
2024-04-24T09:03:19.368+0000 7fb654e00700 1 -- 172.21.15.37:0/2511469415 shutdown_connections
2024-04-24T09:03:20.008 INFO:teuthology.orchestra.run.smithi037.stdout:/usr/bin/ceph: stderr
2024-04-24T09:03:19.368+0000 7fb654e00700 1 -- 172.21.15.37:0/2511469415 wait complete.
2024-04-24T09:03:20.033 INFO:teuthology.orchestra.run.smithi037.stdout:Non-zero exit code 1 from systemctl is-enabled firewalld.service
2024-04-24T09:03:20.033 INFO:teuthology.orchestra.run.smithi037.stdout:systemctl: stdout disabled
2024-04-24T09:03:20.054 INFO:teuthology.orchestra.run.smithi037.stdout:Non-zero exit code 3 from systemctl is-active firewalld.service
2024-04-24T09:03:20.055 INFO:teuthology.orchestra.run.smithi037.stdout:systemctl: stdout inactive
2024-04-24T09:03:20.055 INFO:teuthology.orchestra.run.smithi037.stdout:firewalld.service is not enabled
2024-04-24T09:03:20.055 INFO:teuthology.orchestra.run.smithi037.stdout:Not possible to open ports <[8443]>. firewalld.service is not available
2024-04-24T09:03:20.059 INFO:teuthology.orchestra.run.smithi037.stdout:Ceph Dashboard is now available at:
2024-04-24T09:03:20.059 INFO:teuthology.orchestra.run.smithi037.stdout:
2024-04-24T09:03:20.059 INFO:teuthology.orchestra.run.smithi037.stdout: URL: https://smithi037.front.sepia.ceph.com:8443/
2024-04-24T09:03:20.059 INFO:teuthology.orchestra.run.smithi037.stdout: User: admin
2024-04-24T09:03:20.059 INFO:teuthology.orchestra.run.smithi037.stdout: Password: zvb8kobt91
2024-04-24T09:03:20.059 INFO:teuthology.orchestra.run.smithi037.stdout:
2024-04-24T09:03:20.060 INFO:teuthology.orchestra.run.smithi037.stdout:Saving cluster configuration to /var/lib/ceph/24b55fb0-0219-11ef-bc93-c7b262605968/config directory
2024-04-24T09:03:20.062 INFO:teuthology.orchestra.run.smithi037.stdout:Enabling autotune for osd_memory_target
2024-04-24T09:03:20.358 INFO:journalctl@ceph.mon.smithi037.smithi037.stdout:Apr 24 09:03:20 smithi037 ceph-mon[25698]: from='client.? 172.21.15.37:0/2511469415' entity='client.admin' cmd=[{"prefix": "config get", "who": "mgr", "key": "mgr/dashboard/ssl_server_port"}]: dispatch
2024-04-24T09:03:21.602 INFO:teuthology.orchestra.run.smithi037.stdout:/usr/bin/ceph: stderr
2024-04-24T09:03:20.730+0000 7f3c75600700 1 Processor -- start
2024-04-24T09:03:21.602 INFO:teuthology.orchestra.run.smithi037.stdout:/usr/bin/ceph: stderr
2024-04-24T09:03:20.730+0000 7f3c75600700 1 -- start start
2024-04-24T09:03:21.602 INFO:teuthology.orchestra.run.smithi037.stdout:/usr/bin/ceph: stderr
2024-04-24T09:03:20.731+0000 7f3c75600700 1 --2- >> [v2:172.21.15.37:3300/0,v1:172.21.15.37:6789/0] conn(0x7f3c7010d130 0x7f3c7010d550 unknown :-1 s=NONE pgs=0 cs=0 l=0 rev1=0 crypto rx=0 tx=0 comp rx=0 tx=0).connect
2024-04-24T09:03:21.602 INFO:teuthology.orchestra.run.smithi037.stdout:/usr/bin/ceph: stderr
2024-04-24T09:03:20.731+0000 7f3c75600700 1 -- --> [v2:172.21.15.37:3300/0,v1:172.21.15.37:6789/0] -- mon_getmap magic: 0 v1 -- 0x7f3c7010db20 con 0x7f3c7010d130
2024-04-24T09:03:21.602 INFO:teuthology.orchestra.run.smithi037.stdout:/usr/bin/ceph: stderr
2024-04-24T09:03:20.731+0000 7f3c6ea00700 1 --2- >> [v2:172.21.15.37:3300/0,v1:172.21.15.37:6789/0] conn(0x7f3c7010d130 0x7f3c7010d550 unknown :-1 s=BANNER_CONNECTING pgs=0 cs=0 l=0 rev1=0 crypto rx=0 tx=0 comp rx=0 tx=0)._handle_peer_banner_payload supported=3 required=0
2024-04-24T09:03:21.602 INFO:teuthology.orchestra.run.smithi037.stdout:/usr/bin/ceph: stderr
2024-04-24T09:03:20.731+0000 7f3c6ea00700 1 --2- >> [v2:172.21.15.37:3300/0,v1:172.21.15.37:6789/0] conn(0x7f3c7010d130 0x7f3c7010d550 unknown :-1 s=HELLO_CONNECTING pgs=0 cs=0 l=0 rev1=1 crypto rx=0 tx=0 comp rx=0 tx=0).handle_hello peer v2:172.21.15.37:3300/0 says I am v2:172.21.15.37:53676/0 (socket says 172.21.15.37:53676)
2024-04-24T09:03:21.602 INFO:teuthology.orchestra.run.smithi037.stdout:/usr/bin/ceph: stderr
2024-04-24T09:03:20.731+0000 7f3c6ea00700 1 -- 172.21.15.37:0/2644162918 learned_addr learned my addr 172.21.15.37:0/2644162918 (peer_addr_for_me v2:172.21.15.37:0/0)
2024-04-24T09:03:21.602 INFO:teuthology.orchestra.run.smithi037.stdout:/usr/bin/ceph: stderr
2024-04-24T09:03:20.732+0000 7f3c6ea00700 1 -- 172.21.15.37:0/2644162918 --> [v2:172.21.15.37:3300/0,v1:172.21.15.37:6789/0] -- mon_subscribe({config=0+,monmap=0+}) v3 -- 0x7f3c7010dda0 con 0x7f3c7010d130
2024-04-24T09:03:21.603 INFO:teuthology.orchestra.run.smithi037.stdout:/usr/bin/ceph: stderr
2024-04-24T09:03:20.732+0000 7f3c6ea00700 1 --2- 172.21.15.37:0/2644162918 >> [v2:172.21.15.37:3300/0,v1:172.21.15.37:6789/0] conn(0x7f3c7010d130 0x7f3c7010d550 secure :-1 s=READY pgs=88 cs=0 l=1 rev1=1 crypto rx=0x7f3c600098a0 tx=0x7f3c60009bb0 comp rx=0 tx=0).ready entity=mon.0 client_cookie=8273b9776d5dd2c0 server_cookie=0 in_seq=0 out_seq=0
2024-04-24T09:03:21.607 INFO:teuthology.orchestra.run.smithi037.stdout:/usr/bin/ceph: stderr
2024-04-24T09:03:20.732+0000 7f3c6d600700 1 -- 172.21.15.37:0/2644162918 <== mon.0 v2:172.21.15.37:3300/0 1 ==== mon_map magic: 0 v1 ==== 229+0+0 (secure 0 0 0) 0x7f3c60004180 con 0x7f3c7010d130
2024-04-24T09:03:21.607 INFO:teuthology.orchestra.run.smithi037.stdout:/usr/bin/ceph: stderr
2024-04-24T09:03:20.732+0000 7f3c6d600700 1 -- 172.21.15.37:0/2644162918 <== mon.0 v2:172.21.15.37:3300/0 2 ==== config(27 keys) v1 ==== 1109+0+0 (secure 0 0 0) 0x7f3c600042e0 con 0x7f3c7010d130
2024-04-24T09:03:21.607 INFO:teuthology.orchestra.run.smithi037.stdout:/usr/bin/ceph: stderr
2024-04-24T09:03:20.732+0000 7f3c6d600700 1 -- 172.21.15.37:0/2644162918 <== mon.0 v2:172.21.15.37:3300/0 3 ==== mon_map magic: 0 v1 ==== 229+0+0 (secure 0 0 0) 0x7f3c60011b10 con 0x7f3c7010d130
2024-04-24T09:03:21.607 INFO:teuthology.orchestra.run.smithi037.stdout:/usr/bin/ceph: stderr
2024-04-24T09:03:20.733+0000 7f3c75600700 1 -- 172.21.15.37:0/2644162918 >> [v2:172.21.15.37:3300/0,v1:172.21.15.37:6789/0] conn(0x7f3c7010d130 msgr2=0x7f3c7010d550 secure :-1 s=STATE_CONNECTION_ESTABLISHED l=1).mark_down
2024-04-24T09:03:21.608 INFO:teuthology.orchestra.run.smithi037.stdout:/usr/bin/ceph: stderr
2024-04-24T09:03:20.733+0000 7f3c75600700 1 --2- 172.21.15.37:0/2644162918 >> [v2:172.21.15.37:3300/0,v1:172.21.15.37:6789/0] conn(0x7f3c7010d130 0x7f3c7010d550 secure :-1 s=READY pgs=88 cs=0 l=1 rev1=1 crypto rx=0x7f3c600098a0 tx=0x7f3c60009bb0 comp rx=0 tx=0).stop
2024-04-24T09:03:21.608 INFO:teuthology.orchestra.run.smithi037.stdout:/usr/bin/ceph: stderr
2024-04-24T09:03:20.733+0000 7f3c75600700 1 -- 172.21.15.37:0/2644162918 shutdown_connections
2024-04-24T09:03:21.608 INFO:teuthology.orchestra.run.smithi037.stdout:/usr/bin/ceph: stderr
2024-04-24T09:03:20.733+0000 7f3c75600700 1 --2- 172.21.15.37:0/2644162918 >> [v2:172.21.15.37:3300/0,v1:172.21.15.37:6789/0] conn(0x7f3c7010d130 0x7f3c7010d550 unknown :-1 s=CLOSED pgs=88 cs=0 l=1 rev1=1 crypto rx=0 tx=0 comp rx=0 tx=0).stop
2024-04-24T09:03:21.608 INFO:teuthology.orchestra.run.smithi037.stdout:/usr/bin/ceph: stderr
2024-04-24T09:03:20.733+0000 7f3c75600700 1 -- 172.21.15.37:0/2644162918 >> 172.21.15.37:0/2644162918 conn(0x7f3c7007bbf0 msgr2=0x7f3c7007e030 unknown :-1 s=STATE_NONE l=0).mark_down
2024-04-24T09:03:21.608 INFO:teuthology.orchestra.run.smithi037.stdout:/usr/bin/ceph: stderr
2024-04-24T09:03:20.733+0000 7f3c75600700 1 -- 172.21.15.37:0/2644162918 shutdown_connections
2024-04-24T09:03:21.608 INFO:teuthology.orchestra.run.smithi037.stdout:/usr/bin/ceph: stderr
2024-04-24T09:03:20.733+0000 7f3c75600700 1 -- 172.21.15.37:0/2644162918 wait complete.
2024-04-24T09:03:21.608 INFO:teuthology.orchestra.run.smithi037.stdout:/usr/bin/ceph: stderr
2024-04-24T09:03:20.734+0000 7f3c75600700 1 Processor -- start
2024-04-24T09:03:21.608 INFO:teuthology.orchestra.run.smithi037.stdout:/usr/bin/ceph: stderr
2024-04-24T09:03:20.734+0000 7f3c75600700 1 -- start start
2024-04-24T09:03:21.608 INFO:teuthology.orchestra.run.smithi037.stdout:/usr/bin/ceph: stderr
2024-04-24T09:03:20.735+0000 7f3c75600700 1 --2- >> [v2:172.21.15.37:3300/0,v1:172.21.15.37:6789/0] conn(0x7f3c7010d130 0x7f3c701a0910 unknown :-1 s=NONE pgs=0 cs=0 l=1 rev1=0 crypto rx=0 tx=0 comp rx=0 tx=0).connect
2024-04-24T09:03:21.608 INFO:teuthology.orchestra.run.smithi037.stdout:/usr/bin/ceph: stderr
2024-04-24T09:03:20.735+0000 7f3c75600700 1 -- --> [v2:172.21.15.37:3300/0,v1:172.21.15.37:6789/0] -- mon_getmap magic: 0 v1 -- 0x7f3c701a0e50 con 0x7f3c7010d130
2024-04-24T09:03:21.608 INFO:teuthology.orchestra.run.smithi037.stdout:/usr/bin/ceph: stderr
2024-04-24T09:03:20.735+0000 7f3c6ea00700 1 --2- >> [v2:172.21.15.37:3300/0,v1:172.21.15.37:6789/0] conn(0x7f3c7010d130 0x7f3c701a0910 unknown :-1 s=BANNER_CONNECTING pgs=0 cs=0 l=1 rev1=0 crypto rx=0 tx=0 comp rx=0 tx=0)._handle_peer_banner_payload supported=3 required=0
2024-04-24T09:03:21.608 INFO:teuthology.orchestra.run.smithi037.stdout:/usr/bin/ceph: stderr
2024-04-24T09:03:20.735+0000 7f3c6ea00700 1 --2- >> [v2:172.21.15.37:3300/0,v1:172.21.15.37:6789/0] conn(0x7f3c7010d130 0x7f3c701a0910 unknown :-1 s=HELLO_CONNECTING pgs=0 cs=0 l=1 rev1=1 crypto rx=0 tx=0 comp rx=0 tx=0).handle_hello peer v2:172.21.15.37:3300/0 says I am v2:172.21.15.37:53684/0 (socket says 172.21.15.37:53684)
2024-04-24T09:03:21.608 INFO:teuthology.orchestra.run.smithi037.stdout:/usr/bin/ceph: stderr
2024-04-24T09:03:20.735+0000 7f3c6ea00700 1 -- 172.21.15.37:0/76227084 learned_addr learned my addr 172.21.15.37:0/76227084 (peer_addr_for_me v2:172.21.15.37:0/0)
2024-04-24T09:03:21.608 INFO:teuthology.orchestra.run.smithi037.stdout:/usr/bin/ceph: stderr
2024-04-24T09:03:20.735+0000 7f3c6ea00700 1 -- 172.21.15.37:0/76227084 --> [v2:172.21.15.37:3300/0,v1:172.21.15.37:6789/0] -- mon_subscribe({config=0+,monmap=0+}) v3 -- 0x7f3c60009550 con 0x7f3c7010d130
2024-04-24T09:03:21.608 INFO:teuthology.orchestra.run.smithi037.stdout:/usr/bin/ceph: stderr
2024-04-24T09:03:20.736+0000 7f3c6ea00700 1 --2- 172.21.15.37:0/76227084 >> [v2:172.21.15.37:3300/0,v1:172.21.15.37:6789/0] conn(0x7f3c7010d130 0x7f3c701a0910 secure :-1 s=READY pgs=89 cs=0 l=1 rev1=1 crypto rx=0x7f3c60009fb0 tx=0x7f3c60011890 comp rx=0 tx=0).ready entity=mon.0 client_cookie=0 server_cookie=0 in_seq=0 out_seq=0
2024-04-24T09:03:21.609 INFO:teuthology.orchestra.run.smithi037.stdout:/usr/bin/ceph: stderr
2024-04-24T09:03:20.736+0000 7f3c67400700 1 -- 172.21.15.37:0/76227084 <== mon.0 v2:172.21.15.37:3300/0 1 ==== mon_map magic: 0 v1 ==== 229+0+0 (secure 0 0 0) 0x7f3c600038b0 con 0x7f3c7010d130
2024-04-24T09:03:21.609 INFO:teuthology.orchestra.run.smithi037.stdout:/usr/bin/ceph: stderr
2024-04-24T09:03:20.736+0000 7f3c67400700 1 -- 172.21.15.37:0/76227084 <== mon.0 v2:172.21.15.37:3300/0 2 ==== config(27 keys) v1 ==== 1109+0+0 (secure 0 0 0) 0x7f3c60003a10 con 0x7f3c7010d130
2024-04-24T09:03:21.609 INFO:teuthology.orchestra.run.smithi037.stdout:/usr/bin/ceph: stderr
2024-04-24T09:03:20.736+0000 7f3c67400700 1 -- 172.21.15.37:0/76227084 <== mon.0 v2:172.21.15.37:3300/0 3 ==== mon_map magic: 0 v1 ==== 229+0+0 (secure 0 0 0) 0x7f3c60019770 con 0x7f3c7010d130
2024-04-24T09:03:21.609 INFO:teuthology.orchestra.run.smithi037.stdout:/usr/bin/ceph: stderr
2024-04-24T09:03:20.736+0000 7f3c75600700 1 -- 172.21.15.37:0/76227084 --> [v2:172.21.15.37:3300/0,v1:172.21.15.37:6789/0] -- mon_subscribe({mgrmap=0+}) v3 -- 0x7f3c701a1050 con 0x7f3c7010d130
2024-04-24T09:03:21.609 INFO:teuthology.orchestra.run.smithi037.stdout:/usr/bin/ceph: stderr
2024-04-24T09:03:20.736+0000 7f3c75600700 1 -- 172.21.15.37:0/76227084 --> [v2:172.21.15.37:3300/0,v1:172.21.15.37:6789/0] -- mon_subscribe({osdmap=0}) v3 -- 0x7f3c701a14f0 con 0x7f3c7010d130
2024-04-24T09:03:21.609 INFO:teuthology.orchestra.run.smithi037.stdout:/usr/bin/ceph: stderr
2024-04-24T09:03:20.737+0000 7f3c75600700 1 -- 172.21.15.37:0/76227084 --> [v2:172.21.15.37:3300/0,v1:172.21.15.37:6789/0] -- mon_command({"prefix": "get_command_descriptions"} v 0) v1 -- 0x7f3c70110fd0 con 0x7f3c7010d130
2024-04-24T09:03:21.609 INFO:teuthology.orchestra.run.smithi037.stdout:/usr/bin/ceph: stderr
2024-04-24T09:03:20.737+0000 7f3c67400700 1 -- 172.21.15.37:0/76227084 <== mon.0 v2:172.21.15.37:3300/0 4 ==== mgrmap(e 13) v1 ==== 45612+0+0 (secure 0 0 0) 0x7f3c6001ac10 con 0x7f3c7010d130
2024-04-24T09:03:21.609 INFO:teuthology.orchestra.run.smithi037.stdout:/usr/bin/ceph: stderr
2024-04-24T09:03:20.738+0000 7f3c67400700 1 --2- 172.21.15.37:0/76227084 >> [v2:172.21.15.37:6800/2274216927,v1:172.21.15.37:6801/2274216927] conn(0x7f3c54038870 0x7f3c5403ad30 unknown :-1 s=NONE pgs=0 cs=0 l=1 rev1=0 crypto rx=0 tx=0 comp rx=0 tx=0).connect
2024-04-24T09:03:21.609 INFO:teuthology.orchestra.run.smithi037.stdout:/usr/bin/ceph: stderr
2024-04-24T09:03:20.738+0000 7f3c67400700 1 -- 172.21.15.37:0/76227084 <== mon.0 v2:172.21.15.37:3300/0 5 ==== osd_map(3..3 src has 1..3) v4 ==== 1155+0+0 (secure 0 0 0) 0x7f3c6004ca50 con 0x7f3c7010d130
2024-04-24T09:03:21.609 INFO:teuthology.orchestra.run.smithi037.stdout:/usr/bin/ceph: stderr
2024-04-24T09:03:20.738+0000 7f3c6e000700 1 --2- 172.21.15.37:0/76227084 >> [v2:172.21.15.37:6800/2274216927,v1:172.21.15.37:6801/2274216927] conn(0x7f3c54038870 0x7f3c5403ad30 unknown :-1 s=BANNER_CONNECTING pgs=0 cs=0 l=1 rev1=0 crypto rx=0 tx=0 comp rx=0 tx=0)._handle_peer_banner_payload supported=3 required=0
2024-04-24T09:03:21.609 INFO:teuthology.orchestra.run.smithi037.stdout:/usr/bin/ceph: stderr
2024-04-24T09:03:20.739+0000 7f3c6e000700 1 --2- 172.21.15.37:0/76227084 >> [v2:172.21.15.37:6800/2274216927,v1:172.21.15.37:6801/2274216927] conn(0x7f3c54038870 0x7f3c5403ad30 secure :-1 s=READY pgs=10 cs=0 l=1 rev1=1 crypto rx=0x7f3c5c006fd0 tx=0x7f3c5c006e40 comp rx=0 tx=0).ready entity=mgr.14164 client_cookie=0 server_cookie=0 in_seq=0 out_seq=0
2024-04-24T09:03:21.609 INFO:teuthology.orchestra.run.smithi037.stdout:/usr/bin/ceph: stderr
2024-04-24T09:03:20.743+0000 7f3c67400700 1 -- 172.21.15.37:0/76227084 <== mon.0 v2:172.21.15.37:3300/0 6 ==== mon_command_ack([{"prefix": "get_command_descriptions"}]=0 v0) v1 ==== 72+0+183351 (secure 0 0 0) 0x7f3c600198d0 con 0x7f3c7010d130
2024-04-24T09:03:21.609 INFO:teuthology.orchestra.run.smithi037.stdout:/usr/bin/ceph: stderr
2024-04-24T09:03:20.967+0000 7f3c75600700 1 -- 172.21.15.37:0/76227084 --> [v2:172.21.15.37:3300/0,v1:172.21.15.37:6789/0] -- mon_command([{prefix=config set, name=osd_memory_target_autotune}] v 0) v1 -- 0x7f3c701a3de0 con 0x7f3c7010d130
2024-04-24T09:03:21.609 INFO:teuthology.orchestra.run.smithi037.stdout:/usr/bin/ceph: stderr
2024-04-24T09:03:20.968+0000 7f3c67400700 1 -- 172.21.15.37:0/76227084 <== mon.0 v2:172.21.15.37:3300/0 7 ==== mon_command_ack([{prefix=config set, name=osd_memory_target_autotune}]=0 v8)=0 v8) v1 ==== 127+0+0 (secure 0 0 0) 0x7f3c60018350 con 0x7f3c7010d130
2024-04-24T09:03:21.610 INFO:teuthology.orchestra.run.smithi037.stdout:/usr/bin/ceph: stderr
2024-04-24T09:03:20.971+0000 7f3c75600700 1 -- 172.21.15.37:0/76227084 >> [v2:172.21.15.37:6800/2274216927,v1:172.21.15.37:6801/2274216927] conn(0x7f3c54038870 msgr2=0x7f3c5403ad30 secure :-1 s=STATE_CONNECTION_ESTABLISHED l=1).mark_down
2024-04-24T09:03:21.610 INFO:teuthology.orchestra.run.smithi037.stdout:/usr/bin/ceph: stderr
2024-04-24T09:03:20.971+0000 7f3c75600700 1 --2- 172.21.15.37:0/76227084 >> [v2:172.21.15.37:6800/2274216927,v1:172.21.15.37:6801/2274216927] conn(0x7f3c54038870 0x7f3c5403ad30 secure :-1 s=READY pgs=10 cs=0 l=1 rev1=1 crypto rx=0x7f3c5c006fd0 tx=0x7f3c5c006e40 comp rx=0 tx=0).stop
2024-04-24T09:03:21.610 INFO:teuthology.orchestra.run.smithi037.stdout:/usr/bin/ceph: stderr
2024-04-24T09:03:20.972+0000 7f3c75600700 1 -- 172.21.15.37:0/76227084 >> [v2:172.21.15.37:3300/0,v1:172.21.15.37:6789/0] conn(0x7f3c7010d130 msgr2=0x7f3c701a0910 secure :-1 s=STATE_CONNECTION_ESTABLISHED l=1).mark_down
2024-04-24T09:03:21.610 INFO:teuthology.orchestra.run.smithi037.stdout:/usr/bin/ceph: stderr
2024-04-24T09:03:20.972+0000 7f3c75600700 1 --2- 172.21.15.37:0/76227084 >> [v2:172.21.15.37:3300/0,v1:172.21.15.37:6789/0] conn(0x7f3c7010d130 0x7f3c701a0910 secure :-1 s=READY pgs=89 cs=0 l=1 rev1=1 crypto rx=0x7f3c60009fb0 tx=0x7f3c60011890 comp rx=0 tx=0).stop
2024-04-24T09:03:21.610 INFO:teuthology.orchestra.run.smithi037.stdout:/usr/bin/ceph: stderr
2024-04-24T09:03:20.972+0000 7f3c75600700 1 -- 172.21.15.37:0/76227084 shutdown_connections
2024-04-24T09:03:21.610 INFO:teuthology.orchestra.run.smithi037.stdout:/usr/bin/ceph: stderr
2024-04-24T09:03:20.972+0000 7f3c75600700 1 --2- 172.21.15.37:0/76227084 >> [v2:172.21.15.37:6800/2274216927,v1:172.21.15.37:6801/2274216927] conn(0x7f3c54038870 0x7f3c5403ad30 unknown :-1 s=CLOSED pgs=10 cs=0 l=1 rev1=1 crypto rx=0 tx=0 comp rx=0 tx=0).stop
2024-04-24T09:03:21.610 INFO:teuthology.orchestra.run.smithi037.stdout:/usr/bin/ceph: stderr
2024-04-24T09:03:20.972+0000 7f3c75600700 1 --2- 172.21.15.37:0/76227084 >> [v2:172.21.15.37:3300/0,v1:172.21.15.37:6789/0] conn(0x7f3c7010d130 0x7f3c701a0910 unknown :-1 s=CLOSED pgs=89 cs=0 l=1 rev1=1 crypto rx=0 tx=0 comp rx=0 tx=0).stop
2024-04-24T09:03:21.610 INFO:teuthology.orchestra.run.smithi037.stdout:/usr/bin/ceph: stderr
2024-04-24T09:03:20.972+0000 7f3c75600700 1 -- 172.21.15.37:0/76227084 >> 172.21.15.37:0/76227084 conn(0x7f3c7007bbf0 msgr2=0x7f3c7007c740 unknown :-1 s=STATE_NONE l=0).mark_down
2024-04-24T09:03:21.610 INFO:teuthology.orchestra.run.smithi037.stdout:/usr/bin/ceph: stderr
2024-04-24T09:03:20.972+0000 7f3c75600700 1 -- 172.21.15.37:0/76227084 shutdown_connections
2024-04-24T09:03:21.610 INFO:teuthology.orchestra.run.smithi037.stdout:/usr/bin/ceph: stderr
2024-04-24T09:03:20.972+0000 7f3c75600700 1 -- 172.21.15.37:0/76227084 wait complete.
2024-04-24T09:03:23.296 INFO:teuthology.orchestra.run.smithi037.stdout:/usr/bin/ceph: stderr
2024-04-24T09:03:22.211+0000 7f8ebdc00700 1 Processor -- start
2024-04-24T09:03:23.296 INFO:teuthology.orchestra.run.smithi037.stdout:/usr/bin/ceph: stderr
2024-04-24T09:03:22.211+0000 7f8ebdc00700 1 -- start start
2024-04-24T09:03:23.296 INFO:teuthology.orchestra.run.smithi037.stdout:/usr/bin/ceph: stderr
2024-04-24T09:03:22.211+0000 7f8ebdc00700 1 --2- >> [v2:172.21.15.37:3300/0,v1:172.21.15.37:6789/0] conn(0x7f8eb8108790 0x7f8eb8108bb0 unknown :-1 s=NONE pgs=0 cs=0 l=0 rev1=0 crypto rx=0 tx=0 comp rx=0 tx=0).connect
2024-04-24T09:03:23.296 INFO:teuthology.orchestra.run.smithi037.stdout:/usr/bin/ceph: stderr
2024-04-24T09:03:22.211+0000 7f8ebdc00700 1 -- --> [v2:172.21.15.37:3300/0,v1:172.21.15.37:6789/0] -- mon_getmap magic: 0 v1 -- 0x7f8eb8109180 con 0x7f8eb8108790
2024-04-24T09:03:23.296 INFO:teuthology.orchestra.run.smithi037.stdout:/usr/bin/ceph: stderr
2024-04-24T09:03:22.212+0000 7f8eb6a00700 1 --2- >> [v2:172.21.15.37:3300/0,v1:172.21.15.37:6789/0] conn(0x7f8eb8108790 0x7f8eb8108bb0 unknown :-1 s=BANNER_CONNECTING pgs=0 cs=0 l=0 rev1=0 crypto rx=0 tx=0 comp rx=0 tx=0)._handle_peer_banner_payload supported=3 required=0
2024-04-24T09:03:23.296 INFO:teuthology.orchestra.run.smithi037.stdout:/usr/bin/ceph: stderr
2024-04-24T09:03:22.212+0000 7f8eb6a00700 1 --2- >> [v2:172.21.15.37:3300/0,v1:172.21.15.37:6789/0] conn(0x7f8eb8108790 0x7f8eb8108bb0 unknown :-1 s=HELLO_CONNECTING pgs=0 cs=0 l=0 rev1=1 crypto rx=0 tx=0 comp rx=0 tx=0).handle_hello peer v2:172.21.15.37:3300/0 says I am v2:172.21.15.37:53690/0 (socket says 172.21.15.37:53690)
2024-04-24T09:03:23.296 INFO:teuthology.orchestra.run.smithi037.stdout:/usr/bin/ceph: stderr
2024-04-24T09:03:22.212+0000 7f8eb6a00700 1 -- 172.21.15.37:0/3221237391 learned_addr learned my addr 172.21.15.37:0/3221237391 (peer_addr_for_me v2:172.21.15.37:0/0)
2024-04-24T09:03:23.296 INFO:teuthology.orchestra.run.smithi037.stdout:/usr/bin/ceph: stderr
2024-04-24T09:03:22.212+0000 7f8eb6a00700 1 -- 172.21.15.37:0/3221237391 --> [v2:172.21.15.37:3300/0,v1:172.21.15.37:6789/0] -- mon_subscribe({config=0+,monmap=0+}) v3 -- 0x7f8eb8109990 con 0x7f8eb8108790
2024-04-24T09:03:23.296 INFO:teuthology.orchestra.run.smithi037.stdout:/usr/bin/ceph: stderr
2024-04-24T09:03:22.213+0000 7f8eb6a00700 1 --2- 172.21.15.37:0/3221237391 >> [v2:172.21.15.37:3300/0,v1:172.21.15.37:6789/0] conn(0x7f8eb8108790 0x7f8eb8108bb0 secure :-1 s=READY pgs=90 cs=0 l=1 rev1=1 crypto rx=0x7f8ea80098a0 tx=0x7f8ea8009bb0 comp rx=0 tx=0).ready entity=mon.0 client_cookie=9682f177036c1754 server_cookie=0 in_seq=0 out_seq=0
2024-04-24T09:03:23.296 INFO:teuthology.orchestra.run.smithi037.stdout:/usr/bin/ceph: stderr
2024-04-24T09:03:22.213+0000 7f8eb5600700 1 -- 172.21.15.37:0/3221237391 <== mon.0 v2:172.21.15.37:3300/0 1 ==== mon_map magic: 0 v1 ==== 229+0+0 (secure 0 0 0) 0x7f8ea8004180 con 0x7f8eb8108790
2024-04-24T09:03:23.297 INFO:teuthology.orchestra.run.smithi037.stdout:/usr/bin/ceph: stderr
2024-04-24T09:03:22.213+0000 7f8eb5600700 1 -- 172.21.15.37:0/3221237391 <== mon.0 v2:172.21.15.37:3300/0 2 ==== config(27 keys) v1 ==== 1109+0+0 (secure 0 0 0) 0x7f8ea80042e0 con 0x7f8eb8108790
2024-04-24T09:03:23.297 INFO:teuthology.orchestra.run.smithi037.stdout:/usr/bin/ceph: stderr
2024-04-24T09:03:22.213+0000 7f8eb5600700 1 -- 172.21.15.37:0/3221237391 <== mon.0 v2:172.21.15.37:3300/0 3 ==== mon_map magic: 0 v1 ==== 229+0+0 (secure 0 0 0) 0x7f8ea8011b10 con 0x7f8eb8108790
2024-04-24T09:03:23.297 INFO:teuthology.orchestra.run.smithi037.stdout:/usr/bin/ceph: stderr
2024-04-24T09:03:22.214+0000 7f8ebdc00700 1 -- 172.21.15.37:0/3221237391 >> [v2:172.21.15.37:3300/0,v1:172.21.15.37:6789/0] conn(0x7f8eb8108790 msgr2=0x7f8eb8108bb0 secure :-1 s=STATE_CONNECTION_ESTABLISHED l=1).mark_down
2024-04-24T09:03:23.297 INFO:teuthology.orchestra.run.smithi037.stdout:/usr/bin/ceph: stderr
2024-04-24T09:03:22.214+0000 7f8ebdc00700 1 --2- 172.21.15.37:0/3221237391 >> [v2:172.21.15.37:3300/0,v1:172.21.15.37:6789/0] conn(0x7f8eb8108790 0x7f8eb8108bb0 secure :-1 s=READY pgs=90 cs=0 l=1 rev1=1 crypto rx=0x7f8ea80098a0 tx=0x7f8ea8009bb0 comp rx=0 tx=0).stop
2024-04-24T09:03:23.297 INFO:teuthology.orchestra.run.smithi037.stdout:/usr/bin/ceph: stderr
2024-04-24T09:03:22.214+0000 7f8ebdc00700 1 -- 172.21.15.37:0/3221237391 shutdown_connections
2024-04-24T09:03:23.297 INFO:teuthology.orchestra.run.smithi037.stdout:/usr/bin/ceph: stderr
2024-04-24T09:03:22.214+0000 7f8ebdc00700 1 --2- 172.21.15.37:0/3221237391 >> [v2:172.21.15.37:3300/0,v1:172.21.15.37:6789/0] conn(0x7f8eb8108790 0x7f8eb8108bb0 unknown :-1 s=CLOSED pgs=90 cs=0 l=1 rev1=1 crypto rx=0 tx=0 comp rx=0 tx=0).stop
2024-04-24T09:03:23.297 INFO:teuthology.orchestra.run.smithi037.stdout:/usr/bin/ceph: stderr
2024-04-24T09:03:22.214+0000 7f8ebdc00700 1 -- 172.21.15.37:0/3221237391 >> 172.21.15.37:0/3221237391 conn(0x7f8eb807bbf0 msgr2=0x7f8eb81064f0 unknown :-1 s=STATE_NONE l=0).mark_down
2024-04-24T09:03:23.297 INFO:teuthology.orchestra.run.smithi037.stdout:/usr/bin/ceph: stderr
2024-04-24T09:03:22.214+0000 7f8ebdc00700 1 -- 172.21.15.37:0/3221237391 shutdown_connections
2024-04-24T09:03:23.297 INFO:teuthology.orchestra.run.smithi037.stdout:/usr/bin/ceph: stderr
2024-04-24T09:03:22.214+0000 7f8ebdc00700 1 -- 172.21.15.37:0/3221237391 wait complete.
2024-04-24T09:03:23.297 INFO:teuthology.orchestra.run.smithi037.stdout:/usr/bin/ceph: stderr
2024-04-24T09:03:22.215+0000 7f8ebdc00700 1 Processor -- start
2024-04-24T09:03:23.297 INFO:teuthology.orchestra.run.smithi037.stdout:/usr/bin/ceph: stderr
2024-04-24T09:03:22.215+0000 7f8ebdc00700 1 -- start start
2024-04-24T09:03:23.301 INFO:teuthology.orchestra.run.smithi037.stdout:/usr/bin/ceph: stderr
2024-04-24T09:03:22.216+0000 7f8ebdc00700 1 --2- >> [v2:172.21.15.37:3300/0,v1:172.21.15.37:6789/0] conn(0x7f8eb8108790 0x7f8eb819c500 unknown :-1 s=NONE pgs=0 cs=0 l=1 rev1=0 crypto rx=0 tx=0 comp rx=0 tx=0).connect
2024-04-24T09:03:23.301 INFO:teuthology.orchestra.run.smithi037.stdout:/usr/bin/ceph: stderr
2024-04-24T09:03:22.216+0000 7f8ebdc00700 1 -- --> [v2:172.21.15.37:3300/0,v1:172.21.15.37:6789/0] -- mon_getmap magic: 0 v1 -- 0x7f8eb819ca40 con 0x7f8eb8108790
2024-04-24T09:03:23.301 INFO:teuthology.orchestra.run.smithi037.stdout:/usr/bin/ceph: stderr
2024-04-24T09:03:22.216+0000 7f8eb6a00700 1 --2- >> [v2:172.21.15.37:3300/0,v1:172.21.15.37:6789/0] conn(0x7f8eb8108790 0x7f8eb819c500 unknown :-1 s=BANNER_CONNECTING pgs=0 cs=0 l=1 rev1=0 crypto rx=0 tx=0 comp rx=0 tx=0)._handle_peer_banner_payload supported=3 required=0
2024-04-24T09:03:23.301 INFO:teuthology.orchestra.run.smithi037.stdout:/usr/bin/ceph: stderr
2024-04-24T09:03:22.216+0000 7f8eb6a00700 1 --2- >> [v2:172.21.15.37:3300/0,v1:172.21.15.37:6789/0] conn(0x7f8eb8108790 0x7f8eb819c500 unknown :-1 s=HELLO_CONNECTING pgs=0 cs=0 l=1 rev1=1 crypto rx=0 tx=0 comp rx=0 tx=0).handle_hello peer v2:172.21.15.37:3300/0 says I am v2:172.21.15.37:53706/0 (socket says 172.21.15.37:53706)
2024-04-24T09:03:23.301 INFO:teuthology.orchestra.run.smithi037.stdout:/usr/bin/ceph: stderr
2024-04-24T09:03:22.216+0000 7f8eb6a00700 1 -- 172.21.15.37:0/246463941 learned_addr learned my addr 172.21.15.37:0/246463941 (peer_addr_for_me v2:172.21.15.37:0/0)
2024-04-24T09:03:23.302 INFO:teuthology.orchestra.run.smithi037.stdout:/usr/bin/ceph: stderr
2024-04-24T09:03:22.216+0000 7f8eb6a00700 1 -- 172.21.15.37:0/246463941 --> [v2:172.21.15.37:3300/0,v1:172.21.15.37:6789/0] -- mon_subscribe({config=0+,monmap=0+}) v3 -- 0x7f8ea8009550 con 0x7f8eb8108790
2024-04-24T09:03:23.302 INFO:teuthology.orchestra.run.smithi037.stdout:/usr/bin/ceph: stderr
2024-04-24T09:03:22.217+0000 7f8eb6a00700 1 --2- 172.21.15.37:0/246463941 >> [v2:172.21.15.37:3300/0,v1:172.21.15.37:6789/0] conn(0x7f8eb8108790 0x7f8eb819c500 secure :-1 s=READY pgs=91 cs=0 l=1 rev1=1 crypto rx=0x7f8ea8009fb0 tx=0x7f8ea8011890 comp rx=0 tx=0).ready entity=mon.0 client_cookie=0 server_cookie=0 in_seq=0 out_seq=0
2024-04-24T09:03:23.302 INFO:teuthology.orchestra.run.smithi037.stdout:/usr/bin/ceph: stderr
2024-04-24T09:03:22.217+0000 7f8eaf400700 1 -- 172.21.15.37:0/246463941 <== mon.0 v2:172.21.15.37:3300/0 1 ==== mon_map magic: 0 v1 ==== 229+0+0 (secure 0 0 0) 0x7f8ea80038b0 con 0x7f8eb8108790
2024-04-24T09:03:23.302 INFO:teuthology.orchestra.run.smithi037.stdout:/usr/bin/ceph: stderr
2024-04-24T09:03:22.217+0000 7f8eaf400700 1 -- 172.21.15.37:0/246463941 <== mon.0 v2:172.21.15.37:3300/0 2 ==== config(27 keys) v1 ==== 1109+0+0 (secure 0 0 0) 0x7f8ea8003a10 con 0x7f8eb8108790
2024-04-24T09:03:23.302 INFO:teuthology.orchestra.run.smithi037.stdout:/usr/bin/ceph: stderr
2024-04-24T09:03:22.217+0000 7f8eaf400700 1 -- 172.21.15.37:0/246463941 <== mon.0 v2:172.21.15.37:3300/0 3 ==== mon_map magic: 0 v1 ==== 229+0+0 (secure 0 0 0) 0x7f8ea8019770 con 0x7f8eb8108790
2024-04-24T09:03:23.302 INFO:teuthology.orchestra.run.smithi037.stdout:/usr/bin/ceph: stderr
2024-04-24T09:03:22.217+0000 7f8ebdc00700 1 -- 172.21.15.37:0/246463941 --> [v2:172.21.15.37:3300/0,v1:172.21.15.37:6789/0] -- mon_subscribe({mgrmap=0+}) v3 -- 0x7f8eb819cc40 con 0x7f8eb8108790
2024-04-24T09:03:23.302 INFO:teuthology.orchestra.run.smithi037.stdout:/usr/bin/ceph: stderr
2024-04-24T09:03:22.217+0000 7f8ebdc00700 1 -- 172.21.15.37:0/246463941 --> [v2:172.21.15.37:3300/0,v1:172.21.15.37:6789/0] -- mon_subscribe({osdmap=0}) v3 -- 0x7f8eb819d0e0 con 0x7f8eb8108790
2024-04-24T09:03:23.302 INFO:teuthology.orchestra.run.smithi037.stdout:/usr/bin/ceph: stderr
2024-04-24T09:03:22.218+0000 7f8ebdc00700 1 -- 172.21.15.37:0/246463941 --> [v2:172.21.15.37:3300/0,v1:172.21.15.37:6789/0] -- mon_command({"prefix": "get_command_descriptions"} v 0) v1 -- 0x7f8eb810cbc0 con 0x7f8eb8108790
2024-04-24T09:03:23.302 INFO:teuthology.orchestra.run.smithi037.stdout:/usr/bin/ceph: stderr
2024-04-24T09:03:22.219+0000 7f8eaf400700 1 -- 172.21.15.37:0/246463941 <== mon.0 v2:172.21.15.37:3300/0 4 ==== mgrmap(e 13) v1 ==== 45612+0+0 (secure 0 0 0) 0x7f8ea801ac10 con 0x7f8eb8108790
2024-04-24T09:03:23.302 INFO:teuthology.orchestra.run.smithi037.stdout:/usr/bin/ceph: stderr
2024-04-24T09:03:22.219+0000 7f8eaf400700 1 --2- 172.21.15.37:0/246463941 >> [v2:172.21.15.37:6800/2274216927,v1:172.21.15.37:6801/2274216927] conn(0x7f8e9c038820 0x7f8e9c03ace0 unknown :-1 s=NONE pgs=0 cs=0 l=1 rev1=0 crypto rx=0 tx=0 comp rx=0 tx=0).connect
2024-04-24T09:03:23.303 INFO:teuthology.orchestra.run.smithi037.stdout:/usr/bin/ceph: stderr
2024-04-24T09:03:22.219+0000 7f8eaf400700 1 -- 172.21.15.37:0/246463941 <== mon.0 v2:172.21.15.37:3300/0 5 ==== osd_map(3..3 src has 1..3) v4 ==== 1155+0+0 (secure 0 0 0) 0x7f8ea804ca50 con 0x7f8eb8108790
2024-04-24T09:03:23.303 INFO:teuthology.orchestra.run.smithi037.stdout:/usr/bin/ceph: stderr
2024-04-24T09:03:22.219+0000 7f8eb6000700 1 --2- 172.21.15.37:0/246463941 >> [v2:172.21.15.37:6800/2274216927,v1:172.21.15.37:6801/2274216927] conn(0x7f8e9c038820 0x7f8e9c03ace0 unknown :-1 s=BANNER_CONNECTING pgs=0 cs=0 l=1 rev1=0 crypto rx=0 tx=0 comp rx=0 tx=0)._handle_peer_banner_payload supported=3 required=0
2024-04-24T09:03:23.303 INFO:teuthology.orchestra.run.smithi037.stdout:/usr/bin/ceph: stderr
2024-04-24T09:03:22.220+0000 7f8eb6000700 1 --2- 172.21.15.37:0/246463941 >> [v2:172.21.15.37:6800/2274216927,v1:172.21.15.37:6801/2274216927] conn(0x7f8e9c038820 0x7f8e9c03ace0 secure :-1 s=READY pgs=11 cs=0 l=1 rev1=1 crypto rx=0x7f8ea4006fd0 tx=0x7f8ea4006e40 comp rx=0 tx=0).ready entity=mgr.14164 client_cookie=0 server_cookie=0 in_seq=0 out_seq=0
2024-04-24T09:03:23.303 INFO:teuthology.orchestra.run.smithi037.stdout:/usr/bin/ceph: stderr
2024-04-24T09:03:22.225+0000 7f8eaf400700 1 -- 172.21.15.37:0/246463941 <== mon.0 v2:172.21.15.37:3300/0 6 ==== mon_command_ack([{"prefix": "get_command_descriptions"}]=0 v0) v1 ==== 72+0+183351 (secure 0 0 0) 0x7f8ea80198d0 con 0x7f8eb8108790
2024-04-24T09:03:23.303 INFO:teuthology.orchestra.run.smithi037.stdout:/usr/bin/ceph: stderr
2024-04-24T09:03:22.569+0000 7f8ebdc00700 1 -- 172.21.15.37:0/246463941 --> [v2:172.21.15.37:3300/0,v1:172.21.15.37:6789/0] -- mon_command([{prefix=config-key set, key=mgr/dashboard/cluster/status}] v 0) v1 -- 0x7f8eb819f970 con 0x7f8eb8108790
2024-04-24T09:03:23.303 INFO:teuthology.orchestra.run.smithi037.stdout:/usr/bin/ceph: stderr
