2024-04-26T19:50:13.006+0000 7f77edd9b700 1 --2- 172.21.15.38:0/2862039270 >> [v2:172.21.15.38:6800/422298604,v1:172.21.15.38:6801/422298604] conn(0x7f77d803cfe0 0x7f77d803f3d0 unknown :-1 s=BANNER_CONNECTING pgs=0 cs=0 l=1 rev1=0 crypto rx=0 tx=0 comp rx=0 tx=0)._handle_peer_banner_payload supported=3 required=0
2024-04-26T19:50:14.052 INFO:teuthology.orchestra.run.smithi038.stdout:/usr/bin/ceph: stderr
2024-04-26T19:50:13.007+0000 7f77edd9b700 1 --2- 172.21.15.38:0/2862039270 >> [v2:172.21.15.38:6800/422298604,v1:172.21.15.38:6801/422298604] conn(0x7f77d803cfe0 0x7f77d803f3d0 secure :-1 s=READY pgs=1 cs=0 l=1 rev1=1 crypto rx=0x7f77e0003a10 tx=0x7f77e00092b0 comp rx=0 tx=0).ready entity=mgr.14150 client_cookie=0 server_cookie=0 in_seq=0 out_seq=0
2024-04-26T19:50:14.052 INFO:teuthology.orchestra.run.smithi038.stdout:/usr/bin/ceph: stderr
2024-04-26T19:50:13.007+0000 7f77df7fe700 1 -- 172.21.15.38:0/2862039270 <== mgr.14150 v2:172.21.15.38:6800/422298604 1 ==== command_reply(tid 0: 0 ) ==== 8+0+9564 (secure 0 0 0) 0x7f77e400af30 con 0x7f77d803cfe0
2024-04-26T19:50:14.052 INFO:teuthology.orchestra.run.smithi038.stdout:/usr/bin/ceph: stderr
2024-04-26T19:50:13.024+0000 7f77f4ac0700 1 -- 172.21.15.38:0/2862039270 --> [v2:172.21.15.38:6800/422298604,v1:172.21.15.38:6801/422298604] -- command(tid 1: {"prefix": "mgr_status"}) -- 0x7f77f0064a80 con 0x7f77d803cfe0
2024-04-26T19:50:14.052 INFO:teuthology.orchestra.run.smithi038.stdout:/usr/bin/ceph: stderr
2024-04-26T19:50:13.024+0000 7f77df7fe700 1 -- 172.21.15.38:0/2862039270 <== mgr.14150 v2:172.21.15.38:6800/422298604 2 ==== command_reply(tid 1: 0 ) ==== 8+0+52 (secure 0 0 0) 0x7f77f0064a80 con 0x7f77d803cfe0
2024-04-26T19:50:14.052 INFO:teuthology.orchestra.run.smithi038.stdout:/usr/bin/ceph: stderr
2024-04-26T19:50:13.024+0000 7f77f4ac0700 1 -- 172.21.15.38:0/2862039270 >> [v2:172.21.15.38:6800/422298604,v1:172.21.15.38:6801/422298604] conn(0x7f77d803cfe0 msgr2=0x7f77d803f3d0 secure :-1 s=STATE_CONNECTION_ESTABLISHED l=1).mark_down
2024-04-26T19:50:14.052 INFO:teuthology.orchestra.run.smithi038.stdout:/usr/bin/ceph: stderr
2024-04-26T19:50:13.024+0000 7f77f4ac0700 1 --2- 172.21.15.38:0/2862039270 >> [v2:172.21.15.38:6800/422298604,v1:172.21.15.38:6801/422298604] conn(0x7f77d803cfe0 0x7f77d803f3d0 secure :-1 s=READY pgs=1 cs=0 l=1 rev1=1 crypto rx=0x7f77e0003a10 tx=0x7f77e00092b0 comp rx=0 tx=0).stop
2024-04-26T19:50:14.052 INFO:teuthology.orchestra.run.smithi038.stdout:/usr/bin/ceph: stderr
2024-04-26T19:50:13.025+0000 7f77f4ac0700 1 -- 172.21.15.38:0/2862039270 >> [v2:172.21.15.38:3300/0,v1:172.21.15.38:6789/0] conn(0x7f77f01098a0 msgr2=0x7f77f019cd40 secure :-1 s=STATE_CONNECTION_ESTABLISHED l=1).mark_down
2024-04-26T19:50:14.052 INFO:teuthology.orchestra.run.smithi038.stdout:/usr/bin/ceph: stderr
2024-04-26T19:50:13.025+0000 7f77f4ac0700 1 --2- 172.21.15.38:0/2862039270 >> [v2:172.21.15.38:3300/0,v1:172.21.15.38:6789/0] conn(0x7f77f01098a0 0x7f77f019cd40 secure :-1 s=READY pgs=60 cs=0 l=1 rev1=1 crypto rx=0x7f77e40116e0 tx=0x7f77e4011aa0 comp rx=0 tx=0).stop
2024-04-26T19:50:14.052 INFO:teuthology.orchestra.run.smithi038.stdout:/usr/bin/ceph: stderr
2024-04-26T19:50:13.025+0000 7f77f4ac0700 1 -- 172.21.15.38:0/2862039270 shutdown_connections
2024-04-26T19:50:14.052 INFO:teuthology.orchestra.run.smithi038.stdout:/usr/bin/ceph: stderr
2024-04-26T19:50:13.025+0000 7f77f4ac0700 1 --2- 172.21.15.38:0/2862039270 >> [v2:172.21.15.38:6800/422298604,v1:172.21.15.38:6801/422298604] conn(0x7f77d803cfe0 0x7f77d803f3d0 unknown :-1 s=CLOSED pgs=1 cs=0 l=1 rev1=1 crypto rx=0 tx=0 comp rx=0 tx=0).stop
2024-04-26T19:50:14.052 INFO:teuthology.orchestra.run.smithi038.stdout:/usr/bin/ceph: stderr
2024-04-26T19:50:13.025+0000 7f77f4ac0700 1 --2- 172.21.15.38:0/2862039270 >> [v2:172.21.15.38:3300/0,v1:172.21.15.38:6789/0] conn(0x7f77f01098a0 0x7f77f019cd40 unknown :-1 s=CLOSED pgs=60 cs=0 l=1 rev1=1 crypto rx=0 tx=0 comp rx=0 tx=0).stop
2024-04-26T19:50:14.053 INFO:teuthology.orchestra.run.smithi038.stdout:/usr/bin/ceph: stderr
2024-04-26T19:50:13.025+0000 7f77f4ac0700 1 --2- 172.21.15.38:0/2862039270 >> [v2:172.21.15.38:6800/2614641703,v1:172.21.15.38:6801/2614641703] conn(0x7f77d80395b0 0x7f77d803ba70 unknown :-1 s=CLOSED pgs=0 cs=0 l=1 rev1=0 crypto rx=0 tx=0 comp rx=0 tx=0).stop
2024-04-26T19:50:14.053 INFO:teuthology.orchestra.run.smithi038.stdout:/usr/bin/ceph: stderr
2024-04-26T19:50:13.025+0000 7f77f4ac0700 1 -- 172.21.15.38:0/2862039270 >> 172.21.15.38:0/2862039270 conn(0x7f77f0103290 msgr2=0x7f77f0103d90 unknown :-1 s=STATE_NONE l=0).mark_down
2024-04-26T19:50:14.053 INFO:teuthology.orchestra.run.smithi038.stdout:/usr/bin/ceph: stderr
2024-04-26T19:50:13.025+0000 7f77f4ac0700 1 -- 172.21.15.38:0/2862039270 shutdown_connections
2024-04-26T19:50:14.053 INFO:teuthology.orchestra.run.smithi038.stdout:/usr/bin/ceph: stderr
2024-04-26T19:50:13.025+0000 7f77f4ac0700 1 -- 172.21.15.38:0/2862039270 wait complete.
2024-04-26T19:50:14.053 INFO:teuthology.orchestra.run.smithi038.stdout:mgr epoch 9 is available
2024-04-26T19:50:14.053 INFO:teuthology.orchestra.run.smithi038.stdout:Generating a dashboard self-signed certificate...
2024-04-26T19:50:15.053 INFO:journalctl@ceph.mon.a.smithi038.stdout:Apr 26 19:50:14 smithi038 ceph-mon[29151]: from='client.14154 -' entity='client.admin' cmd=[{"prefix": "get_command_descriptions"}]: dispatch
2024-04-26T19:50:15.053 INFO:journalctl@ceph.mon.a.smithi038.stdout:Apr 26 19:50:14 smithi038 ceph-mon[29151]: from='client.14154 -' entity='client.admin' cmd=[{"prefix": "mgr_status"}]: dispatch
2024-04-26T19:50:15.053 INFO:journalctl@ceph.mon.a.smithi038.stdout:Apr 26 19:50:14 smithi038 ceph-mon[29151]: from='mgr.14150 172.21.15.38:0/2776119037' entity='mgr.x'
2024-04-26T19:50:15.484 INFO:teuthology.orchestra.run.smithi038.stdout:/usr/bin/ceph: stdout Self-signed certificate created
2024-04-26T19:50:15.484 INFO:teuthology.orchestra.run.smithi038.stdout:/usr/bin/ceph: stderr
2024-04-26T19:50:14.453+0000 7f5167c19700 1 Processor -- start
2024-04-26T19:50:15.484 INFO:teuthology.orchestra.run.smithi038.stdout:/usr/bin/ceph: stderr
2024-04-26T19:50:14.453+0000 7f5167c19700 1 -- start start
2024-04-26T19:50:15.484 INFO:teuthology.orchestra.run.smithi038.stdout:/usr/bin/ceph: stderr
2024-04-26T19:50:14.454+0000 7f5167c19700 1 --2- >> [v2:172.21.15.38:3300/0,v1:172.21.15.38:6789/0] conn(0x7f5160109340 0x7f5160109760 unknown :-1 s=NONE pgs=0 cs=0 l=0 rev1=0 crypto rx=0 tx=0 comp rx=0 tx=0).connect
2024-04-26T19:50:15.484 INFO:teuthology.orchestra.run.smithi038.stdout:/usr/bin/ceph: stderr
2024-04-26T19:50:14.454+0000 7f5167c19700 1 -- --> [v2:172.21.15.38:3300/0,v1:172.21.15.38:6789/0] -- mon_getmap magic: 0 -- 0x7f5160109d30 con 0x7f5160109340
2024-04-26T19:50:15.484 INFO:teuthology.orchestra.run.smithi038.stdout:/usr/bin/ceph: stderr
2024-04-26T19:50:14.454+0000 7f51659b5700 1 --2- >> [v2:172.21.15.38:3300/0,v1:172.21.15.38:6789/0] conn(0x7f5160109340 0x7f5160109760 unknown :-1 s=BANNER_CONNECTING pgs=0 cs=0 l=0 rev1=0 crypto rx=0 tx=0 comp rx=0 tx=0)._handle_peer_banner_payload supported=3 required=0
2024-04-26T19:50:15.485 INFO:teuthology.orchestra.run.smithi038.stdout:/usr/bin/ceph: stderr
2024-04-26T19:50:14.454+0000 7f51659b5700 1 --2- >> [v2:172.21.15.38:3300/0,v1:172.21.15.38:6789/0] conn(0x7f5160109340 0x7f5160109760 unknown :-1 s=HELLO_CONNECTING pgs=0 cs=0 l=0 rev1=1 crypto rx=0 tx=0 comp rx=0 tx=0).handle_hello peer v2:172.21.15.38:3300/0 says I am v2:172.21.15.38:50536/0 (socket says 172.21.15.38:50536)
2024-04-26T19:50:15.485 INFO:teuthology.orchestra.run.smithi038.stdout:/usr/bin/ceph: stderr
2024-04-26T19:50:14.454+0000 7f51659b5700 1 -- 172.21.15.38:0/3297421469 learned_addr learned my addr 172.21.15.38:0/3297421469 (peer_addr_for_me v2:172.21.15.38:0/0)
2024-04-26T19:50:15.485 INFO:teuthology.orchestra.run.smithi038.stdout:/usr/bin/ceph: stderr
2024-04-26T19:50:14.454+0000 7f51659b5700 1 -- 172.21.15.38:0/3297421469 --> [v2:172.21.15.38:3300/0,v1:172.21.15.38:6789/0] -- mon_subscribe({config=0+,monmap=0+}) -- 0x7f5160109eb0 con 0x7f5160109340
2024-04-26T19:50:15.485 INFO:teuthology.orchestra.run.smithi038.stdout:/usr/bin/ceph: stderr
2024-04-26T19:50:14.454+0000 7f51659b5700 1 --2- 172.21.15.38:0/3297421469 >> [v2:172.21.15.38:3300/0,v1:172.21.15.38:6789/0] conn(0x7f5160109340 0x7f5160109760 secure :-1 s=READY pgs=68 cs=0 l=1 rev1=1 crypto rx=0x7f5150009e80 tx=0x7f515000b330 comp rx=0 tx=0).ready entity=mon.0 client_cookie=c1a16e7314321d59 server_cookie=0 in_seq=0 out_seq=0
2024-04-26T19:50:15.485 INFO:teuthology.orchestra.run.smithi038.stdout:/usr/bin/ceph: stderr
2024-04-26T19:50:14.454+0000 7f51649b3700 1 -- 172.21.15.38:0/3297421469 <== mon.0 v2:172.21.15.38:3300/0 1 ==== mon_map magic: 0 ==== 205+0+0 (secure 0 0 0) 0x7f5150017070 con 0x7f5160109340
2024-04-26T19:50:15.485 INFO:teuthology.orchestra.run.smithi038.stdout:/usr/bin/ceph: stderr
2024-04-26T19:50:14.454+0000 7f51649b3700 1 -- 172.21.15.38:0/3297421469 <== mon.0 v2:172.21.15.38:3300/0 2 ==== config(26 keys) ==== 1101+0+0 (secure 0 0 0) 0x7f515000b8c0 con 0x7f5160109340
2024-04-26T19:50:15.485 INFO:teuthology.orchestra.run.smithi038.stdout:/usr/bin/ceph: stderr
2024-04-26T19:50:14.454+0000 7f51649b3700 1 -- 172.21.15.38:0/3297421469 <== mon.0 v2:172.21.15.38:3300/0 3 ==== mon_map magic: 0 ==== 205+0+0 (secure 0 0 0) 0x7f5150004490 con 0x7f5160109340
2024-04-26T19:50:15.485 INFO:teuthology.orchestra.run.smithi038.stdout:/usr/bin/ceph: stderr
2024-04-26T19:50:14.455+0000 7f5167c19700 1 -- 172.21.15.38:0/3297421469 >> [v2:172.21.15.38:3300/0,v1:172.21.15.38:6789/0] conn(0x7f5160109340 msgr2=0x7f5160109760 secure :-1 s=STATE_CONNECTION_ESTABLISHED l=1).mark_down
2024-04-26T19:50:15.485 INFO:teuthology.orchestra.run.smithi038.stdout:/usr/bin/ceph: stderr
2024-04-26T19:50:14.455+0000 7f5167c19700 1 --2- 172.21.15.38:0/3297421469 >> [v2:172.21.15.38:3300/0,v1:172.21.15.38:6789/0] conn(0x7f5160109340 0x7f5160109760 secure :-1 s=READY pgs=68 cs=0 l=1 rev1=1 crypto rx=0x7f5150009e80 tx=0x7f515000b330 comp rx=0 tx=0).stop
2024-04-26T19:50:15.485 INFO:teuthology.orchestra.run.smithi038.stdout:/usr/bin/ceph: stderr
2024-04-26T19:50:14.455+0000 7f5167c19700 1 -- 172.21.15.38:0/3297421469 shutdown_connections
2024-04-26T19:50:15.485 INFO:teuthology.orchestra.run.smithi038.stdout:/usr/bin/ceph: stderr
2024-04-26T19:50:14.455+0000 7f5167c19700 1 --2- 172.21.15.38:0/3297421469 >> [v2:172.21.15.38:3300/0,v1:172.21.15.38:6789/0] conn(0x7f5160109340 0x7f5160109760 unknown :-1 s=CLOSED pgs=68 cs=0 l=1 rev1=1 crypto rx=0 tx=0 comp rx=0 tx=0).stop
2024-04-26T19:50:15.485 INFO:teuthology.orchestra.run.smithi038.stdout:/usr/bin/ceph: stderr
2024-04-26T19:50:14.455+0000 7f5167c19700 1 -- 172.21.15.38:0/3297421469 >> 172.21.15.38:0/3297421469 conn(0x7f5160102a10 msgr2=0x7f5160104e90 unknown :-1 s=STATE_NONE l=0).mark_down
2024-04-26T19:50:15.485 INFO:teuthology.orchestra.run.smithi038.stdout:/usr/bin/ceph: stderr
2024-04-26T19:50:14.455+0000 7f5167c19700 1 -- 172.21.15.38:0/3297421469 shutdown_connections
2024-04-26T19:50:15.486 INFO:teuthology.orchestra.run.smithi038.stdout:/usr/bin/ceph: stderr
2024-04-26T19:50:14.455+0000 7f5167c19700 1 -- 172.21.15.38:0/3297421469 wait complete.
2024-04-26T19:50:15.486 INFO:teuthology.orchestra.run.smithi038.stdout:/usr/bin/ceph: stderr
2024-04-26T19:50:14.456+0000 7f5167c19700 1 Processor -- start
2024-04-26T19:50:15.486 INFO:teuthology.orchestra.run.smithi038.stdout:/usr/bin/ceph: stderr
2024-04-26T19:50:14.456+0000 7f5167c19700 1 -- start start
2024-04-26T19:50:15.486 INFO:teuthology.orchestra.run.smithi038.stdout:/usr/bin/ceph: stderr
2024-04-26T19:50:14.456+0000 7f5167c19700 1 --2- >> [v2:172.21.15.38:3300/0,v1:172.21.15.38:6789/0] conn(0x7f5160109340 0x7f516019ef30 unknown :-1 s=NONE pgs=0 cs=0 l=1 rev1=0 crypto rx=0 tx=0 comp rx=0 tx=0).connect
2024-04-26T19:50:15.486 INFO:teuthology.orchestra.run.smithi038.stdout:/usr/bin/ceph: stderr
2024-04-26T19:50:14.456+0000 7f5167c19700 1 -- --> [v2:172.21.15.38:3300/0,v1:172.21.15.38:6789/0] -- mon_getmap magic: 0 -- 0x7f5160107d00 con 0x7f5160109340
2024-04-26T19:50:15.486 INFO:teuthology.orchestra.run.smithi038.stdout:/usr/bin/ceph: stderr
2024-04-26T19:50:14.456+0000 7f51659b5700 1 --2- >> [v2:172.21.15.38:3300/0,v1:172.21.15.38:6789/0] conn(0x7f5160109340 0x7f516019ef30 unknown :-1 s=BANNER_CONNECTING pgs=0 cs=0 l=1 rev1=0 crypto rx=0 tx=0 comp rx=0 tx=0)._handle_peer_banner_payload supported=3 required=0
2024-04-26T19:50:15.486 INFO:teuthology.orchestra.run.smithi038.stdout:/usr/bin/ceph: stderr
2024-04-26T19:50:14.456+0000 7f51659b5700 1 --2- >> [v2:172.21.15.38:3300/0,v1:172.21.15.38:6789/0] conn(0x7f5160109340 0x7f516019ef30 unknown :-1 s=HELLO_CONNECTING pgs=0 cs=0 l=1 rev1=1 crypto rx=0 tx=0 comp rx=0 tx=0).handle_hello peer v2:172.21.15.38:3300/0 says I am v2:172.21.15.38:50542/0 (socket says 172.21.15.38:50542)
2024-04-26T19:50:15.486 INFO:teuthology.orchestra.run.smithi038.stdout:/usr/bin/ceph: stderr
2024-04-26T19:50:14.456+0000 7f51659b5700 1 -- 172.21.15.38:0/493381801 learned_addr learned my addr 172.21.15.38:0/493381801 (peer_addr_for_me v2:172.21.15.38:0/0)
2024-04-26T19:50:15.486 INFO:teuthology.orchestra.run.smithi038.stdout:/usr/bin/ceph: stderr
2024-04-26T19:50:14.457+0000 7f51659b5700 1 -- 172.21.15.38:0/493381801 --> [v2:172.21.15.38:3300/0,v1:172.21.15.38:6789/0] -- mon_subscribe({config=0+,monmap=0+}) -- 0x7f516019f470 con 0x7f5160109340
2024-04-26T19:50:15.486 INFO:teuthology.orchestra.run.smithi038.stdout:/usr/bin/ceph: stderr
2024-04-26T19:50:14.457+0000 7f51659b5700 1 --2- 172.21.15.38:0/493381801 >> [v2:172.21.15.38:3300/0,v1:172.21.15.38:6789/0] conn(0x7f5160109340 0x7f516019ef30 secure :-1 s=READY pgs=69 cs=0 l=1 rev1=1 crypto rx=0x7f515000b7b0 tx=0x7f515000bd50 comp rx=0 tx=0).ready entity=mon.0 client_cookie=0 server_cookie=0 in_seq=0 out_seq=0
2024-04-26T19:50:15.486 INFO:teuthology.orchestra.run.smithi038.stdout:/usr/bin/ceph: stderr
2024-04-26T19:50:14.457+0000 7f515effd700 1 -- 172.21.15.38:0/493381801 <== mon.0 v2:172.21.15.38:3300/0 1 ==== mon_map magic: 0 ==== 205+0+0 (secure 0 0 0) 0x7f5150020020 con 0x7f5160109340
2024-04-26T19:50:15.486 INFO:teuthology.orchestra.run.smithi038.stdout:/usr/bin/ceph: stderr
2024-04-26T19:50:14.457+0000 7f515effd700 1 -- 172.21.15.38:0/493381801 <== mon.0 v2:172.21.15.38:3300/0 2 ==== config(26 keys) ==== 1101+0+0 (secure 0 0 0) 0x7f5150003c60 con 0x7f5160109340
2024-04-26T19:50:15.486 INFO:teuthology.orchestra.run.smithi038.stdout:/usr/bin/ceph: stderr
2024-04-26T19:50:14.457+0000 7f515effd700 1 -- 172.21.15.38:0/493381801 <== mon.0 v2:172.21.15.38:3300/0 3 ==== mon_map magic: 0 ==== 205+0+0 (secure 0 0 0) 0x7f5150017040 con 0x7f5160109340
2024-04-26T19:50:15.487 INFO:teuthology.orchestra.run.smithi038.stdout:/usr/bin/ceph: stderr
2024-04-26T19:50:14.457+0000 7f5167c19700 1 -- 172.21.15.38:0/493381801 --> [v2:172.21.15.38:3300/0,v1:172.21.15.38:6789/0] -- mon_subscribe({mgrmap=0+}) -- 0x7f516019f760 con 0x7f5160109340
2024-04-26T19:50:15.487 INFO:teuthology.orchestra.run.smithi038.stdout:/usr/bin/ceph: stderr
2024-04-26T19:50:14.457+0000 7f5167c19700 1 -- 172.21.15.38:0/493381801 --> [v2:172.21.15.38:3300/0,v1:172.21.15.38:6789/0] -- mon_subscribe({osdmap=0}) -- 0x7f51601a23f0 con 0x7f5160109340
2024-04-26T19:50:15.487 INFO:teuthology.orchestra.run.smithi038.stdout:/usr/bin/ceph: stderr
2024-04-26T19:50:14.458+0000 7f5167c19700 1 -- 172.21.15.38:0/493381801 --> [v2:172.21.15.38:3300/0,v1:172.21.15.38:6789/0] -- mon_command({"prefix": "get_command_descriptions"} v 0) -- 0x7f5160064a80 con 0x7f5160109340
2024-04-26T19:50:15.487 INFO:teuthology.orchestra.run.smithi038.stdout:/usr/bin/ceph: stderr
2024-04-26T19:50:14.458+0000 7f515effd700 1 -- 172.21.15.38:0/493381801 <== mon.0 v2:172.21.15.38:3300/0 4 ==== mgrmap(e 11) ==== 46465+0+0 (secure 0 0 0) 0x7f5150023020 con 0x7f5160109340
2024-04-26T19:50:15.487 INFO:teuthology.orchestra.run.smithi038.stdout:/usr/bin/ceph: stderr
2024-04-26T19:50:14.458+0000 7f515effd700 1 --2- 172.21.15.38:0/493381801 >> [v2:172.21.15.38:6800/422298604,v1:172.21.15.38:6801/422298604] conn(0x7f5148039550 0x7f514803ba10 unknown :-1 s=NONE pgs=0 cs=0 l=1 rev1=0 crypto rx=0 tx=0 comp rx=0 tx=0).connect
2024-04-26T19:50:15.487 INFO:teuthology.orchestra.run.smithi038.stdout:/usr/bin/ceph: stderr
2024-04-26T19:50:14.458+0000 7f515effd700 1 -- 172.21.15.38:0/493381801 <== mon.0 v2:172.21.15.38:3300/0 5 ==== osd_map(3..3 src has 1..3) ==== 1155+0+0 (secure 0 0 0) 0x7f515000f050 con 0x7f5160109340
2024-04-26T19:50:15.487 INFO:teuthology.orchestra.run.smithi038.stdout:/usr/bin/ceph: stderr
2024-04-26T19:50:14.459+0000 7f51651b4700 1 --2- 172.21.15.38:0/493381801 >> [v2:172.21.15.38:6800/422298604,v1:172.21.15.38:6801/422298604] conn(0x7f5148039550 0x7f514803ba10 unknown :-1 s=BANNER_CONNECTING pgs=0 cs=0 l=1 rev1=0 crypto rx=0 tx=0 comp rx=0 tx=0)._handle_peer_banner_payload supported=3 required=0
2024-04-26T19:50:15.487 INFO:teuthology.orchestra.run.smithi038.stdout:/usr/bin/ceph: stderr
2024-04-26T19:50:14.459+0000 7f51651b4700 1 --2- 172.21.15.38:0/493381801 >> [v2:172.21.15.38:6800/422298604,v1:172.21.15.38:6801/422298604] conn(0x7f5148039550 0x7f514803ba10 secure :-1 s=READY pgs=7 cs=0 l=1 rev1=1 crypto rx=0x7f5154006fd0 tx=0x7f5154006e40 comp rx=0 tx=0).ready entity=mgr.14150 client_cookie=0 server_cookie=0 in_seq=0 out_seq=0
2024-04-26T19:50:15.487 INFO:teuthology.orchestra.run.smithi038.stdout:/usr/bin/ceph: stderr
2024-04-26T19:50:14.464+0000 7f515effd700 1 -- 172.21.15.38:0/493381801 <== mon.0 v2:172.21.15.38:3300/0 6 ==== mon_command_ack([{"prefix": "get_command_descriptions"}]=0 v0) ==== 72+0+188494 (secure 0 0 0) 0x7f515002a020 con 0x7f5160109340
2024-04-26T19:50:15.487 INFO:teuthology.orchestra.run.smithi038.stdout:/usr/bin/ceph: stderr
2024-04-26T19:50:14.680+0000 7f5167c19700 1 -- 172.21.15.38:0/493381801 --> [v2:172.21.15.38:6800/422298604,v1:172.21.15.38:6801/422298604] -- mgr_command(tid 0: {"prefix": "dashboard create-self-signed-cert", "target": ["mon-mgr", ""]}) -- 0x7f516002e800 con 0x7f5148039550
2024-04-26T19:50:15.487 INFO:teuthology.orchestra.run.smithi038.stdout:/usr/bin/ceph: stderr
2024-04-26T19:50:14.770+0000 7f515effd700 1 -- 172.21.15.38:0/493381801 <== mon.0 v2:172.21.15.38:3300/0 7 ==== mgrmap(e 12) ==== 46571+0+0 (secure 0 0 0) 0x7f515002bcd0 con 0x7f5160109340
2024-04-26T19:50:15.487 INFO:teuthology.orchestra.run.smithi038.stdout:/usr/bin/ceph: stderr
2024-04-26T19:50:14.887+0000 7f515effd700 1 -- 172.21.15.38:0/493381801 <== mgr.14150 v2:172.21.15.38:6800/422298604 1 ==== mgr_command_reply(tid 0: 0 ) ==== 8+0+32 (secure 0 0 0) 0x7f516002e800 con 0x7f5148039550
2024-04-26T19:50:15.487 INFO:teuthology.orchestra.run.smithi038.stdout:/usr/bin/ceph: stderr
2024-04-26T19:50:14.889+0000 7f5167c19700 1 -- 172.21.15.38:0/493381801 >> [v2:172.21.15.38:6800/422298604,v1:172.21.15.38:6801/422298604] conn(0x7f5148039550 msgr2=0x7f514803ba10 secure :-1 s=STATE_CONNECTION_ESTABLISHED l=1).mark_down
2024-04-26T19:50:15.487 INFO:teuthology.orchestra.run.smithi038.stdout:/usr/bin/ceph: stderr
2024-04-26T19:50:14.889+0000 7f5167c19700 1 --2- 172.21.15.38:0/493381801 >> [v2:172.21.15.38:6800/422298604,v1:172.21.15.38:6801/422298604] conn(0x7f5148039550 0x7f514803ba10 secure :-1 s=READY pgs=7 cs=0 l=1 rev1=1 crypto rx=0x7f5154006fd0 tx=0x7f5154006e40 comp rx=0 tx=0).stop
2024-04-26T19:50:15.488 INFO:teuthology.orchestra.run.smithi038.stdout:/usr/bin/ceph: stderr
2024-04-26T19:50:14.889+0000 7f5167c19700 1 -- 172.21.15.38:0/493381801 >> [v2:172.21.15.38:3300/0,v1:172.21.15.38:6789/0] conn(0x7f5160109340 msgr2=0x7f516019ef30 secure :-1 s=STATE_CONNECTION_ESTABLISHED l=1).mark_down
2024-04-26T19:50:15.488 INFO:teuthology.orchestra.run.smithi038.stdout:/usr/bin/ceph: stderr
2024-04-26T19:50:14.889+0000 7f5167c19700 1 --2- 172.21.15.38:0/493381801 >> [v2:172.21.15.38:3300/0,v1:172.21.15.38:6789/0] conn(0x7f5160109340 0x7f516019ef30 secure :-1 s=READY pgs=69 cs=0 l=1 rev1=1 crypto rx=0x7f515000b7b0 tx=0x7f515000bd50 comp rx=0 tx=0).stop
2024-04-26T19:50:15.488 INFO:teuthology.orchestra.run.smithi038.stdout:/usr/bin/ceph: stderr
2024-04-26T19:50:14.889+0000 7f5167c19700 1 -- 172.21.15.38:0/493381801 shutdown_connections
2024-04-26T19:50:15.488 INFO:teuthology.orchestra.run.smithi038.stdout:/usr/bin/ceph: stderr
2024-04-26T19:50:14.889+0000 7f5167c19700 1 --2- 172.21.15.38:0/493381801 >> [v2:172.21.15.38:6800/422298604,v1:172.21.15.38:6801/422298604] conn(0x7f5148039550 0x7f514803ba10 unknown :-1 s=CLOSED pgs=7 cs=0 l=1 rev1=1 crypto rx=0 tx=0 comp rx=0 tx=0).stop
2024-04-26T19:50:15.488 INFO:teuthology.orchestra.run.smithi038.stdout:/usr/bin/ceph: stderr
2024-04-26T19:50:14.889+0000 7f5167c19700 1 --2- 172.21.15.38:0/493381801 >> [v2:172.21.15.38:3300/0,v1:172.21.15.38:6789/0] conn(0x7f5160109340 0x7f516019ef30 unknown :-1 s=CLOSED pgs=69 cs=0 l=1 rev1=1 crypto rx=0 tx=0 comp rx=0 tx=0).stop
2024-04-26T19:50:15.488 INFO:teuthology.orchestra.run.smithi038.stdout:/usr/bin/ceph: stderr
2024-04-26T19:50:14.889+0000 7f5167c19700 1 -- 172.21.15.38:0/493381801 >> 172.21.15.38:0/493381801 conn(0x7f5160102a10 msgr2=0x7f5160195b70 unknown :-1 s=STATE_NONE l=0).mark_down
2024-04-26T19:50:15.488 INFO:teuthology.orchestra.run.smithi038.stdout:/usr/bin/ceph: stderr
2024-04-26T19:50:14.889+0000 7f5167c19700 1 -- 172.21.15.38:0/493381801 shutdown_connections
2024-04-26T19:50:15.488 INFO:teuthology.orchestra.run.smithi038.stdout:/usr/bin/ceph: stderr
2024-04-26T19:50:14.889+0000 7f5167c19700 1 -- 172.21.15.38:0/493381801 wait complete.
2024-04-26T19:50:15.488 INFO:teuthology.orchestra.run.smithi038.stdout:Creating initial admin user...
2024-04-26T19:50:16.053 INFO:journalctl@ceph.mon.a.smithi038.stdout:Apr 26 19:50:15 smithi038 ceph-mon[29151]: from='client.14162 -' entity='client.admin' cmd=[{"prefix": "dashboard create-self-signed-cert", "target": ["mon-mgr", ""]}]: dispatch
2024-04-26T19:50:16.054 INFO:journalctl@ceph.mon.a.smithi038.stdout:Apr 26 19:50:15 smithi038 ceph-mon[29151]: mgrmap e12: x(active, since 2s)
2024-04-26T19:50:16.054 INFO:journalctl@ceph.mon.a.smithi038.stdout:Apr 26 19:50:15 smithi038 ceph-mon[29151]: from='mgr.14150 172.21.15.38:0/2776119037' entity='mgr.x'
2024-04-26T19:50:16.054 INFO:journalctl@ceph.mon.a.smithi038.stdout:Apr 26 19:50:15 smithi038 ceph-mon[29151]: from='mgr.14150 172.21.15.38:0/2776119037' entity='mgr.x'
2024-04-26T19:50:16.054 INFO:journalctl@ceph.mon.a.smithi038.stdout:Apr 26 19:50:15 smithi038 ceph-mon[29151]: from='mgr.14150 172.21.15.38:0/2776119037' entity='mgr.x'
2024-04-26T19:50:17.185 INFO:teuthology.orchestra.run.smithi038.stdout:/usr/bin/ceph: stdout {"username": "admin", "password": "$2b$12$NRsnjRtOOiXCkbgbciNoPuLMtk.68m6a7btA1vnR96KaRA3/52Lu6", "roles": ["administrator"], "name": null, "email": null, "lastUpdate": 1714161016, "enabled": true, "pwdExpirationDate": null, "pwdUpdateRequired": true}
2024-04-26T19:50:17.185 INFO:teuthology.orchestra.run.smithi038.stdout:/usr/bin/ceph: stderr
2024-04-26T19:50:15.851+0000 7f0d880e7700 1 Processor -- start
2024-04-26T19:50:17.186 INFO:teuthology.orchestra.run.smithi038.stdout:/usr/bin/ceph: stderr
2024-04-26T19:50:15.851+0000 7f0d880e7700 1 -- start start
2024-04-26T19:50:17.186 INFO:teuthology.orchestra.run.smithi038.stdout:/usr/bin/ceph: stderr
2024-04-26T19:50:15.851+0000 7f0d880e7700 1 --2- >> [v2:172.21.15.38:3300/0,v1:172.21.15.38:6789/0] conn(0x7f0d801098a0 0x7f0d8010bc90 unknown :-1 s=NONE pgs=0 cs=0 l=0 rev1=0 crypto rx=0 tx=0 comp rx=0 tx=0).connect
2024-04-26T19:50:17.186 INFO:teuthology.orchestra.run.smithi038.stdout:/usr/bin/ceph: stderr
2024-04-26T19:50:15.851+0000 7f0d880e7700 1 -- --> [v2:172.21.15.38:3300/0,v1:172.21.15.38:6789/0] -- mon_getmap magic: 0 -- 0x7f0d8007d6a0 con 0x7f0d801098a0
2024-04-26T19:50:17.186 INFO:teuthology.orchestra.run.smithi038.stdout:/usr/bin/ceph: stderr
2024-04-26T19:50:15.852+0000 7f0d85e83700 1 --2- >> [v2:172.21.15.38:3300/0,v1:172.21.15.38:6789/0] conn(0x7f0d801098a0 0x7f0d8010bc90 unknown :-1 s=BANNER_CONNECTING pgs=0 cs=0 l=0 rev1=0 crypto rx=0 tx=0 comp rx=0 tx=0)._handle_peer_banner_payload supported=3 required=0
2024-04-26T19:50:17.186 INFO:teuthology.orchestra.run.smithi038.stdout:/usr/bin/ceph: stderr
2024-04-26T19:50:15.852+0000 7f0d85e83700 1 --2- >> [v2:172.21.15.38:3300/0,v1:172.21.15.38:6789/0] conn(0x7f0d801098a0 0x7f0d8010bc90 unknown :-1 s=HELLO_CONNECTING pgs=0 cs=0 l=0 rev1=1 crypto rx=0 tx=0 comp rx=0 tx=0).handle_hello peer v2:172.21.15.38:3300/0 says I am v2:172.21.15.38:50548/0 (socket says 172.21.15.38:50548)
2024-04-26T19:50:17.186 INFO:teuthology.orchestra.run.smithi038.stdout:/usr/bin/ceph: stderr
2024-04-26T19:50:15.852+0000 7f0d85e83700 1 -- 172.21.15.38:0/906668280 learned_addr learned my addr 172.21.15.38:0/906668280 (peer_addr_for_me v2:172.21.15.38:0/0)
2024-04-26T19:50:17.186 INFO:teuthology.orchestra.run.smithi038.stdout:/usr/bin/ceph: stderr
2024-04-26T19:50:15.852+0000 7f0d85e83700 1 -- 172.21.15.38:0/906668280 --> [v2:172.21.15.38:3300/0,v1:172.21.15.38:6789/0] -- mon_subscribe({config=0+,monmap=0+}) -- 0x7f0d8010c1d0 con 0x7f0d801098a0
2024-04-26T19:50:17.186 INFO:teuthology.orchestra.run.smithi038.stdout:/usr/bin/ceph: stderr
2024-04-26T19:50:15.852+0000 7f0d85e83700 1 --2- 172.21.15.38:0/906668280 >> [v2:172.21.15.38:3300/0,v1:172.21.15.38:6789/0] conn(0x7f0d801098a0 0x7f0d8010bc90 secure :-1 s=READY pgs=70 cs=0 l=1 rev1=1 crypto rx=0x7f0d78009e80 tx=0x7f0d7800b330 comp rx=0 tx=0).ready entity=mon.0 client_cookie=8c764a3f22320ed5 server_cookie=0 in_seq=0 out_seq=0
2024-04-26T19:50:17.186 INFO:teuthology.orchestra.run.smithi038.stdout:/usr/bin/ceph: stderr
2024-04-26T19:50:15.852+0000 7f0d84e81700 1 -- 172.21.15.38:0/906668280 <== mon.0 v2:172.21.15.38:3300/0 1 ==== mon_map magic: 0 ==== 205+0+0 (secure 0 0 0) 0x7f0d78017070 con 0x7f0d801098a0
2024-04-26T19:50:17.186 INFO:teuthology.orchestra.run.smithi038.stdout:/usr/bin/ceph: stderr
2024-04-26T19:50:15.852+0000 7f0d84e81700 1 -- 172.21.15.38:0/906668280 <== mon.0 v2:172.21.15.38:3300/0 2 ==== config(26 keys) ==== 1101+0+0 (secure 0 0 0) 0x7f0d7800b8c0 con 0x7f0d801098a0
2024-04-26T19:50:17.186 INFO:teuthology.orchestra.run.smithi038.stdout:/usr/bin/ceph: stderr
2024-04-26T19:50:15.852+0000 7f0d84e81700 1 -- 172.21.15.38:0/906668280 <== mon.0 v2:172.21.15.38:3300/0 3 ==== mon_map magic: 0 ==== 205+0+0 (secure 0 0 0) 0x7f0d78004490 con 0x7f0d801098a0
2024-04-26T19:50:17.186 INFO:teuthology.orchestra.run.smithi038.stdout:/usr/bin/ceph: stderr
2024-04-26T19:50:15.853+0000 7f0d880e7700 1 -- 172.21.15.38:0/906668280 >> [v2:172.21.15.38:3300/0,v1:172.21.15.38:6789/0] conn(0x7f0d801098a0 msgr2=0x7f0d8010bc90 secure :-1 s=STATE_CONNECTION_ESTABLISHED l=1).mark_down
2024-04-26T19:50:17.186 INFO:teuthology.orchestra.run.smithi038.stdout:/usr/bin/ceph: stderr
2024-04-26T19:50:15.853+0000 7f0d880e7700 1 --2- 172.21.15.38:0/906668280 >> [v2:172.21.15.38:3300/0,v1:172.21.15.38:6789/0] conn(0x7f0d801098a0 0x7f0d8010bc90 secure :-1 s=READY pgs=70 cs=0 l=1 rev1=1 crypto rx=0x7f0d78009e80 tx=0x7f0d7800b330 comp rx=0 tx=0).stop
2024-04-26T19:50:17.187 INFO:teuthology.orchestra.run.smithi038.stdout:/usr/bin/ceph: stderr
2024-04-26T19:50:15.853+0000 7f0d880e7700 1 -- 172.21.15.38:0/906668280 shutdown_connections
2024-04-26T19:50:17.187 INFO:teuthology.orchestra.run.smithi038.stdout:/usr/bin/ceph: stderr
2024-04-26T19:50:15.853+0000 7f0d880e7700 1 --2- 172.21.15.38:0/906668280 >> [v2:172.21.15.38:3300/0,v1:172.21.15.38:6789/0] conn(0x7f0d801098a0 0x7f0d8010bc90 unknown :-1 s=CLOSED pgs=70 cs=0 l=1 rev1=1 crypto rx=0 tx=0 comp rx=0 tx=0).stop
2024-04-26T19:50:17.187 INFO:teuthology.orchestra.run.smithi038.stdout:/usr/bin/ceph: stderr
2024-04-26T19:50:15.853+0000 7f0d880e7700 1 -- 172.21.15.38:0/906668280 >> 172.21.15.38:0/906668280 conn(0x7f0d80103230 msgr2=0x7f0d801056b0 unknown :-1 s=STATE_NONE l=0).mark_down
2024-04-26T19:50:17.187 INFO:teuthology.orchestra.run.smithi038.stdout:/usr/bin/ceph: stderr
2024-04-26T19:50:15.853+0000 7f0d880e7700 1 -- 172.21.15.38:0/906668280 shutdown_connections
2024-04-26T19:50:17.187 INFO:teuthology.orchestra.run.smithi038.stdout:/usr/bin/ceph: stderr
2024-04-26T19:50:15.853+0000 7f0d880e7700 1 -- 172.21.15.38:0/906668280 wait complete.
2024-04-26T19:50:17.187 INFO:teuthology.orchestra.run.smithi038.stdout:/usr/bin/ceph: stderr
2024-04-26T19:50:15.854+0000 7f0d880e7700 1 Processor -- start
2024-04-26T19:50:17.188 INFO:teuthology.orchestra.run.smithi038.stdout:/usr/bin/ceph: stderr
2024-04-26T19:50:15.854+0000 7f0d880e7700 1 -- start start
2024-04-26T19:50:17.188 INFO:teuthology.orchestra.run.smithi038.stdout:/usr/bin/ceph: stderr
2024-04-26T19:50:15.854+0000 7f0d880e7700 1 --2- >> [v2:172.21.15.38:3300/0,v1:172.21.15.38:6789/0] conn(0x7f0d801098a0 0x7f0d8019cca0 unknown :-1 s=NONE pgs=0 cs=0 l=1 rev1=0 crypto rx=0 tx=0 comp rx=0 tx=0).connect
2024-04-26T19:50:17.188 INFO:teuthology.orchestra.run.smithi038.stdout:/usr/bin/ceph: stderr
2024-04-26T19:50:15.854+0000 7f0d880e7700 1 -- --> [v2:172.21.15.38:3300/0,v1:172.21.15.38:6789/0] -- mon_getmap magic: 0 -- 0x7f0d8010d180 con 0x7f0d801098a0
2024-04-26T19:50:17.188 INFO:teuthology.orchestra.run.smithi038.stdout:/usr/bin/ceph: stderr
2024-04-26T19:50:15.854+0000 7f0d85e83700 1 --2- >> [v2:172.21.15.38:3300/0,v1:172.21.15.38:6789/0] conn(0x7f0d801098a0 0x7f0d8019cca0 unknown :-1 s=BANNER_CONNECTING pgs=0 cs=0 l=1 rev1=0 crypto rx=0 tx=0 comp rx=0 tx=0)._handle_peer_banner_payload supported=3 required=0
2024-04-26T19:50:17.188 INFO:teuthology.orchestra.run.smithi038.stdout:/usr/bin/ceph: stderr
2024-04-26T19:50:15.854+0000 7f0d85e83700 1 --2- >> [v2:172.21.15.38:3300/0,v1:172.21.15.38:6789/0] conn(0x7f0d801098a0 0x7f0d8019cca0 unknown :-1 s=HELLO_CONNECTING pgs=0 cs=0 l=1 rev1=1 crypto rx=0 tx=0 comp rx=0 tx=0).handle_hello peer v2:172.21.15.38:3300/0 says I am v2:172.21.15.38:50554/0 (socket says 172.21.15.38:50554)
2024-04-26T19:50:17.188 INFO:teuthology.orchestra.run.smithi038.stdout:/usr/bin/ceph: stderr
2024-04-26T19:50:15.854+0000 7f0d85e83700 1 -- 172.21.15.38:0/2791266321 learned_addr learned my addr 172.21.15.38:0/2791266321 (peer_addr_for_me v2:172.21.15.38:0/0)
2024-04-26T19:50:17.188 INFO:teuthology.orchestra.run.smithi038.stdout:/usr/bin/ceph: stderr
2024-04-26T19:50:15.854+0000 7f0d85e83700 1 -- 172.21.15.38:0/2791266321 --> [v2:172.21.15.38:3300/0,v1:172.21.15.38:6789/0] -- mon_subscribe({config=0+,monmap=0+}) -- 0x7f0d8019d1e0 con 0x7f0d801098a0
2024-04-26T19:50:17.188 INFO:teuthology.orchestra.run.smithi038.stdout:/usr/bin/ceph: stderr
2024-04-26T19:50:15.855+0000 7f0d85e83700 1 --2- 172.21.15.38:0/2791266321 >> [v2:172.21.15.38:3300/0,v1:172.21.15.38:6789/0] conn(0x7f0d801098a0 0x7f0d8019cca0 secure :-1 s=READY pgs=71 cs=0 l=1 rev1=1 crypto rx=0x7f0d78004220 tx=0x7f0d7800bd30 comp rx=0 tx=0).ready entity=mon.0 client_cookie=0 server_cookie=0 in_seq=0 out_seq=0
2024-04-26T19:50:17.188 INFO:teuthology.orchestra.run.smithi038.stdout:/usr/bin/ceph: stderr
2024-04-26T19:50:15.855+0000 7f0d7effd700 1 -- 172.21.15.38:0/2791266321 <== mon.0 v2:172.21.15.38:3300/0 1 ==== mon_map magic: 0 ==== 205+0+0 (secure 0 0 0) 0x7f0d78020020 con 0x7f0d801098a0
2024-04-26T19:50:17.188 INFO:teuthology.orchestra.run.smithi038.stdout:/usr/bin/ceph: stderr
2024-04-26T19:50:15.855+0000 7f0d7effd700 1 -- 172.21.15.38:0/2791266321 <== mon.0 v2:172.21.15.38:3300/0 2 ==== config(26 keys) ==== 1101+0+0 (secure 0 0 0) 0x7f0d78003b50 con 0x7f0d801098a0
2024-04-26T19:50:17.188 INFO:teuthology.orchestra.run.smithi038.stdout:/usr/bin/ceph: stderr
2024-04-26T19:50:15.855+0000 7f0d880e7700 1 -- 172.21.15.38:0/2791266321 --> [v2:172.21.15.38:3300/0,v1:172.21.15.38:6789/0] -- mon_subscribe({mgrmap=0+}) -- 0x7f0d8019d470 con 0x7f0d801098a0
2024-04-26T19:50:17.188 INFO:teuthology.orchestra.run.smithi038.stdout:/usr/bin/ceph: stderr
2024-04-26T19:50:15.855+0000 7f0d7effd700 1 -- 172.21.15.38:0/2791266321 <== mon.0 v2:172.21.15.38:3300/0 3 ==== mon_map magic: 0 ==== 205+0+0 (secure 0 0 0) 0x7f0d78017040 con 0x7f0d801098a0
2024-04-26T19:50:17.188 INFO:teuthology.orchestra.run.smithi038.stdout:/usr/bin/ceph: stderr
2024-04-26T19:50:15.855+0000 7f0d880e7700 1 -- 172.21.15.38:0/2791266321 --> [v2:172.21.15.38:3300/0,v1:172.21.15.38:6789/0] -- mon_subscribe({osdmap=0}) -- 0x7f0d801a0160 con 0x7f0d801098a0
2024-04-26T19:50:17.189 INFO:teuthology.orchestra.run.smithi038.stdout:/usr/bin/ceph: stderr
2024-04-26T19:50:15.856+0000 7f0d7effd700 1 -- 172.21.15.38:0/2791266321 <== mon.0 v2:172.21.15.38:3300/0 4 ==== mgrmap(e 12) ==== 46571+0+0 (secure 0 0 0) 0x7f0d78023020 con 0x7f0d801098a0
2024-04-26T19:50:17.189 INFO:teuthology.orchestra.run.smithi038.stdout:/usr/bin/ceph: stderr
2024-04-26T19:50:15.856+0000 7f0d880e7700 1 -- 172.21.15.38:0/2791266321 --> [v2:172.21.15.38:3300/0,v1:172.21.15.38:6789/0] -- mon_command({"prefix": "get_command_descriptions"} v 0) -- 0x7f0d80064a80 con 0x7f0d801098a0
2024-04-26T19:50:17.189 INFO:teuthology.orchestra.run.smithi038.stdout:/usr/bin/ceph: stderr
2024-04-26T19:50:15.856+0000 7f0d7effd700 1 --2- 172.21.15.38:0/2791266321 >> [v2:172.21.15.38:6800/422298604,v1:172.21.15.38:6801/422298604] conn(0x7f0d68039610 0x7f0d6803bad0 unknown :-1 s=NONE pgs=0 cs=0 l=1 rev1=0 crypto rx=0 tx=0 comp rx=0 tx=0).connect
2024-04-26T19:50:17.189 INFO:teuthology.orchestra.run.smithi038.stdout:/usr/bin/ceph: stderr
2024-04-26T19:50:15.856+0000 7f0d7effd700 1 -- 172.21.15.38:0/2791266321 <== mon.0 v2:172.21.15.38:3300/0 5 ==== osd_map(3..3 src has 1..3) ==== 1155+0+0 (secure 0 0 0) 0x7f0d7800f050 con 0x7f0d801098a0
2024-04-26T19:50:17.190 INFO:teuthology.orchestra.run.smithi038.stdout:/usr/bin/ceph: stderr
2024-04-26T19:50:15.856+0000 7f0d85682700 1 --2- 172.21.15.38:0/2791266321 >> [v2:172.21.15.38:6800/422298604,v1:172.21.15.38:6801/422298604] conn(0x7f0d68039610 0x7f0d6803bad0 unknown :-1 s=BANNER_CONNECTING pgs=0 cs=0 l=1 rev1=0 crypto rx=0 tx=0 comp rx=0 tx=0)._handle_peer_banner_payload supported=3 required=0
2024-04-26T19:50:17.190 INFO:teuthology.orchestra.run.smithi038.stdout:/usr/bin/ceph: stderr
2024-04-26T19:50:15.856+0000 7f0d85682700 1 --2- 172.21.15.38:0/2791266321 >> [v2:172.21.15.38:6800/422298604,v1:172.21.15.38:6801/422298604] conn(0x7f0d68039610 0x7f0d6803bad0 secure :-1 s=READY pgs=8 cs=0 l=1 rev1=1 crypto rx=0x7f0d74006fd0 tx=0x7f0d74006e40 comp rx=0 tx=0).ready entity=mgr.14150 client_cookie=0 server_cookie=0 in_seq=0 out_seq=0
2024-04-26T19:50:17.190 INFO:teuthology.orchestra.run.smithi038.stdout:/usr/bin/ceph: stderr
2024-04-26T19:50:15.861+0000 7f0d7effd700 1 -- 172.21.15.38:0/2791266321 <== mon.0 v2:172.21.15.38:3300/0 6 ==== mon_command_ack([{"prefix": "get_command_descriptions"}]=0 v0) ==== 72+0+188494 (secure 0 0 0) 0x7f0d7802a020 con 0x7f0d801098a0
2024-04-26T19:50:17.190 INFO:teuthology.orchestra.run.smithi038.stdout:/usr/bin/ceph: stderr
2024-04-26T19:50:16.101+0000 7f0d880e7700 1 -- 172.21.15.38:0/2791266321 --> [v2:172.21.15.38:6800/422298604,v1:172.21.15.38:6801/422298604] -- mgr_command(tid 0: {"prefix": "dashboard ac-user-create", "username": "admin", "rolename": "administrator", "force_password": true, "pwd_update_required": true, "target": ["mon-mgr", ""]}) -- 0x7f0d80104420 con 0x7f0d68039610
2024-04-26T19:50:17.190 INFO:teuthology.orchestra.run.smithi038.stdout:/usr/bin/ceph: stderr
2024-04-26T19:50:16.347+0000 7f0d7effd700 1 -- 172.21.15.38:0/2791266321 <== mgr.14150 v2:172.21.15.38:6800/422298604 1 ==== mgr_command_reply(tid 0: 0 ) ==== 8+0+252 (secure 0 0 0) 0x7f0d80104420 con 0x7f0d68039610
2024-04-26T19:50:17.190 INFO:teuthology.orchestra.run.smithi038.stdout:/usr/bin/ceph: stderr
2024-04-26T19:50:16.350+0000 7f0d880e7700 1 -- 172.21.15.38:0/2791266321 >> [v2:172.21.15.38:6800/422298604,v1:172.21.15.38:6801/422298604] conn(0x7f0d68039610 msgr2=0x7f0d6803bad0 secure :-1 s=STATE_CONNECTION_ESTABLISHED l=1).mark_down
2024-04-26T19:50:17.190 INFO:teuthology.orchestra.run.smithi038.stdout:/usr/bin/ceph: stderr
2024-04-26T19:50:16.350+0000 7f0d880e7700 1 --2- 172.21.15.38:0/2791266321 >> [v2:172.21.15.38:6800/422298604,v1:172.21.15.38:6801/422298604] conn(0x7f0d68039610 0x7f0d6803bad0 secure :-1 s=READY pgs=8 cs=0 l=1 rev1=1 crypto rx=0x7f0d74006fd0 tx=0x7f0d74006e40 comp rx=0 tx=0).stop
2024-04-26T19:50:17.190 INFO:teuthology.orchestra.run.smithi038.stdout:/usr/bin/ceph: stderr
2024-04-26T19:50:16.350+0000 7f0d880e7700 1 -- 172.21.15.38:0/2791266321 >> [v2:172.21.15.38:3300/0,v1:172.21.15.38:6789/0] conn(0x7f0d801098a0 msgr2=0x7f0d8019cca0 secure :-1 s=STATE_CONNECTION_ESTABLISHED l=1).mark_down
2024-04-26T19:50:17.191 INFO:teuthology.orchestra.run.smithi038.stdout:/usr/bin/ceph: stderr
2024-04-26T19:50:16.350+0000 7f0d880e7700 1 --2- 172.21.15.38:0/2791266321 >> [v2:172.21.15.38:3300/0,v1:172.21.15.38:6789/0] conn(0x7f0d801098a0 0x7f0d8019cca0 secure :-1 s=READY pgs=71 cs=0 l=1 rev1=1 crypto rx=0x7f0d78004220 tx=0x7f0d7800bd30 comp rx=0 tx=0).stop
2024-04-26T19:50:17.191 INFO:teuthology.orchestra.run.smithi038.stdout:/usr/bin/ceph: stderr
2024-04-26T19:50:16.350+0000 7f0d880e7700 1 -- 172.21.15.38:0/2791266321 shutdown_connections
2024-04-26T19:50:17.191 INFO:teuthology.orchestra.run.smithi038.stdout:/usr/bin/ceph: stderr
2024-04-26T19:50:16.350+0000 7f0d880e7700 1 --2- 172.21.15.38:0/2791266321 >> [v2:172.21.15.38:6800/422298604,v1:172.21.15.38:6801/422298604] conn(0x7f0d68039610 0x7f0d6803bad0 unknown :-1 s=CLOSED pgs=8 cs=0 l=1 rev1=1 crypto rx=0 tx=0 comp rx=0 tx=0).stop
2024-04-26T19:50:17.191 INFO:teuthology.orchestra.run.smithi038.stdout:/usr/bin/ceph: stderr
2024-04-26T19:50:16.350+0000 7f0d880e7700 1 --2- 172.21.15.38:0/2791266321 >> [v2:172.21.15.38:3300/0,v1:172.21.15.38:6789/0] conn(0x7f0d801098a0 0x7f0d8019cca0 unknown :-1 s=CLOSED pgs=71 cs=0 l=1 rev1=1 crypto rx=0 tx=0 comp rx=0 tx=0).stop
2024-04-26T19:50:17.192 INFO:teuthology.orchestra.run.smithi038.stdout:/usr/bin/ceph: stderr
2024-04-26T19:50:16.350+0000 7f0d880e7700 1 -- 172.21.15.38:0/2791266321 >> 172.21.15.38:0/2791266321 conn(0x7f0d80103230 msgr2=0x7f0d80103d10 unknown :-1 s=STATE_NONE l=0).mark_down
2024-04-26T19:50:17.192 INFO:teuthology.orchestra.run.smithi038.stdout:/usr/bin/ceph: stderr
2024-04-26T19:50:16.350+0000 7f0d880e7700 1 -- 172.21.15.38:0/2791266321 shutdown_connections
2024-04-26T19:50:17.192 INFO:teuthology.orchestra.run.smithi038.stdout:/usr/bin/ceph: stderr
2024-04-26T19:50:16.350+0000 7f0d880e7700 1 -- 172.21.15.38:0/2791266321 wait complete.
2024-04-26T19:50:17.192 INFO:teuthology.orchestra.run.smithi038.stdout:Fetching dashboard port number...
2024-04-26T19:50:17.442 INFO:journalctl@ceph.mon.a.smithi038.stdout:Apr 26 19:50:17 smithi038 ceph-mon[29151]: from='client.14164 -' entity='client.admin' cmd=[{"prefix": "dashboard ac-user-create", "username": "admin", "rolename": "administrator", "force_password": true, "pwd_update_required": true, "target": ["mon-mgr", ""]}]: dispatch
2024-04-26T19:50:17.442 INFO:journalctl@ceph.mon.a.smithi038.stdout:Apr 26 19:50:17 smithi038 ceph-mon[29151]: from='mgr.14150 172.21.15.38:0/2776119037' entity='mgr.x'
2024-04-26T19:50:18.622 INFO:journalctl@ceph.mon.a.smithi038.stdout:Apr 26 19:50:18 smithi038 ceph-mon[29151]: from='client.? 172.21.15.38:0/3970102954' entity='client.admin' cmd=[{"prefix": "config get", "who": "mgr", "key": "mgr/dashboard/ssl_server_port"}]: dispatch
2024-04-26T19:50:18.890 INFO:teuthology.orchestra.run.smithi038.stdout:/usr/bin/ceph: stdout 8443
2024-04-26T19:50:18.890 INFO:teuthology.orchestra.run.smithi038.stdout:/usr/bin/ceph: stderr
2024-04-26T19:50:18.077+0000 7fc49ad92700 1 Processor -- start
2024-04-26T19:50:18.890 INFO:teuthology.orchestra.run.smithi038.stdout:/usr/bin/ceph: stderr
2024-04-26T19:50:18.077+0000 7fc49ad92700 1 -- start start
2024-04-26T19:50:18.890 INFO:teuthology.orchestra.run.smithi038.stdout:/usr/bin/ceph: stderr
2024-04-26T19:50:18.077+0000 7fc49ad92700 1 --2- >> [v2:172.21.15.38:3300/0,v1:172.21.15.38:6789/0] conn(0x7fc494108e20 0x7fc494109240 unknown :-1 s=NONE pgs=0 cs=0 l=0 rev1=0 crypto rx=0 tx=0 comp rx=0 tx=0).connect
2024-04-26T19:50:18.890 INFO:teuthology.orchestra.run.smithi038.stdout:/usr/bin/ceph: stderr
2024-04-26T19:50:18.077+0000 7fc49ad92700 1 -- --> [v2:172.21.15.38:3300/0,v1:172.21.15.38:6789/0] -- mon_getmap magic: 0 -- 0x7fc494109780 con 0x7fc494108e20
2024-04-26T19:50:18.891 INFO:teuthology.orchestra.run.smithi038.stdout:/usr/bin/ceph: stderr
2024-04-26T19:50:18.077+0000 7fc498b2e700 1 --2- >> [v2:172.21.15.38:3300/0,v1:172.21.15.38:6789/0] conn(0x7fc494108e20 0x7fc494109240 unknown :-1 s=BANNER_CONNECTING pgs=0 cs=0 l=0 rev1=0 crypto rx=0 tx=0 comp rx=0 tx=0)._handle_peer_banner_payload supported=3 required=0
2024-04-26T19:50:18.891 INFO:teuthology.orchestra.run.smithi038.stdout:/usr/bin/ceph: stderr
2024-04-26T19:50:18.077+0000 7fc498b2e700 1 --2- >> [v2:172.21.15.38:3300/0,v1:172.21.15.38:6789/0] conn(0x7fc494108e20 0x7fc494109240 unknown :-1 s=HELLO_CONNECTING pgs=0 cs=0 l=0 rev1=1 crypto rx=0 tx=0 comp rx=0 tx=0).handle_hello peer v2:172.21.15.38:3300/0 says I am v2:172.21.15.38:58274/0 (socket says 172.21.15.38:58274)
2024-04-26T19:50:18.891 INFO:teuthology.orchestra.run.smithi038.stdout:/usr/bin/ceph: stderr
2024-04-26T19:50:18.077+0000 7fc498b2e700 1 -- 172.21.15.38:0/3521364817 learned_addr learned my addr 172.21.15.38:0/3521364817 (peer_addr_for_me v2:172.21.15.38:0/0)
2024-04-26T19:50:18.891 INFO:teuthology.orchestra.run.smithi038.stdout:/usr/bin/ceph: stderr
2024-04-26T19:50:18.078+0000 7fc498b2e700 1 -- 172.21.15.38:0/3521364817 --> [v2:172.21.15.38:3300/0,v1:172.21.15.38:6789/0] -- mon_subscribe({config=0+,monmap=0+}) -- 0x7fc494109f80 con 0x7fc494108e20
2024-04-26T19:50:18.891 INFO:teuthology.orchestra.run.smithi038.stdout:/usr/bin/ceph: stderr
2024-04-26T19:50:18.078+0000 7fc498b2e700 1 --2- 172.21.15.38:0/3521364817 >> [v2:172.21.15.38:3300/0,v1:172.21.15.38:6789/0] conn(0x7fc494108e20 0x7fc494109240 secure :-1 s=READY pgs=72 cs=0 l=1 rev1=1 crypto rx=0x7fc4880098a0 tx=0x7fc488009bb0 comp rx=0 tx=0).ready entity=mon.0 client_cookie=acfd54eda3b2d3c9 server_cookie=0 in_seq=0 out_seq=0
2024-04-26T19:50:18.891 INFO:teuthology.orchestra.run.smithi038.stdout:/usr/bin/ceph: stderr
2024-04-26T19:50:18.078+0000 7fc4937fe700 1 -- 172.21.15.38:0/3521364817 <== mon.0 v2:172.21.15.38:3300/0 1 ==== mon_map magic: 0 ==== 205+0+0 (secure 0 0 0) 0x7fc488004160 con 0x7fc494108e20
2024-04-26T19:50:18.891 INFO:teuthology.orchestra.run.smithi038.stdout:/usr/bin/ceph: stderr
2024-04-26T19:50:18.078+0000 7fc4937fe700 1 -- 172.21.15.38:0/3521364817 <== mon.0 v2:172.21.15.38:3300/0 2 ==== config(26 keys) ==== 1101+0+0 (secure 0 0 0) 0x7fc488004300 con 0x7fc494108e20
2024-04-26T19:50:18.891 INFO:teuthology.orchestra.run.smithi038.stdout:/usr/bin/ceph: stderr
2024-04-26T19:50:18.078+0000 7fc4937fe700 1 -- 172.21.15.38:0/3521364817 <== mon.0 v2:172.21.15.38:3300/0 3 ==== mon_map magic: 0 ==== 205+0+0 (secure 0 0 0) 0x7fc488011a20 con 0x7fc494108e20
2024-04-26T19:50:18.892 INFO:teuthology.orchestra.run.smithi038.stdout:/usr/bin/ceph: stderr
2024-04-26T19:50:18.079+0000 7fc49ad92700 1 -- 172.21.15.38:0/3521364817 >> [v2:172.21.15.38:3300/0,v1:172.21.15.38:6789/0] conn(0x7fc494108e20 msgr2=0x7fc494109240 secure :-1 s=STATE_CONNECTION_ESTABLISHED l=1).mark_down
2024-04-26T19:50:18.892 INFO:teuthology.orchestra.run.smithi038.stdout:/usr/bin/ceph: stderr
2024-04-26T19:50:18.079+0000 7fc49ad92700 1 --2- 172.21.15.38:0/3521364817 >> [v2:172.21.15.38:3300/0,v1:172.21.15.38:6789/0] conn(0x7fc494108e20 0x7fc494109240 secure :-1 s=READY pgs=72 cs=0 l=1 rev1=1 crypto rx=0x7fc4880098a0 tx=0x7fc488009bb0 comp rx=0 tx=0).stop
2024-04-26T19:50:18.892 INFO:teuthology.orchestra.run.smithi038.stdout:/usr/bin/ceph: stderr
2024-04-26T19:50:18.079+0000 7fc49ad92700 1 -- 172.21.15.38:0/3521364817 shutdown_connections
2024-04-26T19:50:18.892 INFO:teuthology.orchestra.run.smithi038.stdout:/usr/bin/ceph: stderr
2024-04-26T19:50:18.079+0000 7fc49ad92700 1 --2- 172.21.15.38:0/3521364817 >> [v2:172.21.15.38:3300/0,v1:172.21.15.38:6789/0] conn(0x7fc494108e20 0x7fc494109240 unknown :-1 s=CLOSED pgs=72 cs=0 l=1 rev1=1 crypto rx=0 tx=0 comp rx=0 tx=0).stop
2024-04-26T19:50:18.892 INFO:teuthology.orchestra.run.smithi038.stdout:/usr/bin/ceph: stderr
2024-04-26T19:50:18.079+0000 7fc49ad92700 1 -- 172.21.15.38:0/3521364817 >> 172.21.15.38:0/3521364817 conn(0x7fc4941043c0 msgr2=0x7fc494106800 unknown :-1 s=STATE_NONE l=0).mark_down
2024-04-26T19:50:18.892 INFO:teuthology.orchestra.run.smithi038.stdout:/usr/bin/ceph: stderr
2024-04-26T19:50:18.079+0000 7fc49ad92700 1 -- 172.21.15.38:0/3521364817 shutdown_connections
2024-04-26T19:50:18.892 INFO:teuthology.orchestra.run.smithi038.stdout:/usr/bin/ceph: stderr
2024-04-26T19:50:18.079+0000 7fc49ad92700 1 -- 172.21.15.38:0/3521364817 wait complete.
2024-04-26T19:50:18.892 INFO:teuthology.orchestra.run.smithi038.stdout:/usr/bin/ceph: stderr
2024-04-26T19:50:18.079+0000 7fc49ad92700 1 Processor -- start
2024-04-26T19:50:18.892 INFO:teuthology.orchestra.run.smithi038.stdout:/usr/bin/ceph: stderr
2024-04-26T19:50:18.080+0000 7fc49ad92700 1 -- start start
2024-04-26T19:50:18.892 INFO:teuthology.orchestra.run.smithi038.stdout:/usr/bin/ceph: stderr
2024-04-26T19:50:18.080+0000 7fc49ad92700 1 --2- >> [v2:172.21.15.38:3300/0,v1:172.21.15.38:6789/0] conn(0x7fc494108e20 0x7fc49419ccd0 unknown :-1 s=NONE pgs=0 cs=0 l=1 rev1=0 crypto rx=0 tx=0 comp rx=0 tx=0).connect
2024-04-26T19:50:18.892 INFO:teuthology.orchestra.run.smithi038.stdout:/usr/bin/ceph: stderr
2024-04-26T19:50:18.080+0000 7fc49ad92700 1 -- --> [v2:172.21.15.38:3300/0,v1:172.21.15.38:6789/0] -- mon_getmap magic: 0 -- 0x7fc49410d3c0 con 0x7fc494108e20
2024-04-26T19:50:18.892 INFO:teuthology.orchestra.run.smithi038.stdout:/usr/bin/ceph: stderr
2024-04-26T19:50:18.080+0000 7fc498b2e700 1 --2- >> [v2:172.21.15.38:3300/0,v1:172.21.15.38:6789/0] conn(0x7fc494108e20 0x7fc49419ccd0 unknown :-1 s=BANNER_CONNECTING pgs=0 cs=0 l=1 rev1=0 crypto rx=0 tx=0 comp rx=0 tx=0)._handle_peer_banner_payload supported=3 required=0
2024-04-26T19:50:18.893 INFO:teuthology.orchestra.run.smithi038.stdout:/usr/bin/ceph: stderr
2024-04-26T19:50:18.080+0000 7fc498b2e700 1 --2- >> [v2:172.21.15.38:3300/0,v1:172.21.15.38:6789/0] conn(0x7fc494108e20 0x7fc49419ccd0 unknown :-1 s=HELLO_CONNECTING pgs=0 cs=0 l=1 rev1=1 crypto rx=0 tx=0 comp rx=0 tx=0).handle_hello peer v2:172.21.15.38:3300/0 says I am v2:172.21.15.38:58282/0 (socket says 172.21.15.38:58282)
2024-04-26T19:50:18.893 INFO:teuthology.orchestra.run.smithi038.stdout:/usr/bin/ceph: stderr
2024-04-26T19:50:18.080+0000 7fc498b2e700 1 -- 172.21.15.38:0/3970102954 learned_addr learned my addr 172.21.15.38:0/3970102954 (peer_addr_for_me v2:172.21.15.38:0/0)
2024-04-26T19:50:18.893 INFO:teuthology.orchestra.run.smithi038.stdout:/usr/bin/ceph: stderr
2024-04-26T19:50:18.080+0000 7fc498b2e700 1 -- 172.21.15.38:0/3970102954 --> [v2:172.21.15.38:3300/0,v1:172.21.15.38:6789/0] -- mon_subscribe({config=0+,monmap=0+}) -- 0x7fc49419d210 con 0x7fc494108e20
2024-04-26T19:50:18.893 INFO:teuthology.orchestra.run.smithi038.stdout:/usr/bin/ceph: stderr
2024-04-26T19:50:18.080+0000 7fc498b2e700 1 --2- 172.21.15.38:0/3970102954 >> [v2:172.21.15.38:3300/0,v1:172.21.15.38:6789/0] conn(0x7fc494108e20 0x7fc49419ccd0 secure :-1 s=READY pgs=73 cs=0 l=1 rev1=1 crypto rx=0x7fc4880116e0 tx=0x7fc488011aa0 comp rx=0 tx=0).ready entity=mon.0 client_cookie=0 server_cookie=0 in_seq=0 out_seq=0
2024-04-26T19:50:18.893 INFO:teuthology.orchestra.run.smithi038.stdout:/usr/bin/ceph: stderr
2024-04-26T19:50:18.080+0000 7fc491ffb700 1 -- 172.21.15.38:0/3970102954 <== mon.0 v2:172.21.15.38:3300/0 1 ==== mon_map magic: 0 ==== 205+0+0 (secure 0 0 0) 0x7fc488003b20 con 0x7fc494108e20
2024-04-26T19:50:18.893 INFO:teuthology.orchestra.run.smithi038.stdout:/usr/bin/ceph: stderr
2024-04-26T19:50:18.080+0000 7fc491ffb700 1 -- 172.21.15.38:0/3970102954 <== mon.0 v2:172.21.15.38:3300/0 2 ==== config(26 keys) ==== 1101+0+0 (secure 0 0 0) 0x7fc48801b8f0 con 0x7fc494108e20
2024-04-26T19:50:18.893 INFO:teuthology.orchestra.run.smithi038.stdout:/usr/bin/ceph: stderr
2024-04-26T19:50:18.080+0000 7fc491ffb700 1 -- 172.21.15.38:0/3970102954 <== mon.0 v2:172.21.15.38:3300/0 3 ==== mon_map magic: 0 ==== 205+0+0 (secure 0 0 0) 0x7fc4880238c0 con 0x7fc494108e20
2024-04-26T19:50:18.893 INFO:teuthology.orchestra.run.smithi038.stdout:/usr/bin/ceph: stderr
2024-04-26T19:50:18.081+0000 7fc49ad92700 1 -- 172.21.15.38:0/3970102954 --> [v2:172.21.15.38:3300/0,v1:172.21.15.38:6789/0] -- mon_subscribe({mgrmap=0+}) -- 0x7fc49419d4a0 con 0x7fc494108e20
2024-04-26T19:50:18.893 INFO:teuthology.orchestra.run.smithi038.stdout:/usr/bin/ceph: stderr
2024-04-26T19:50:18.081+0000 7fc49ad92700 1 -- 172.21.15.38:0/3970102954 --> [v2:172.21.15.38:3300/0,v1:172.21.15.38:6789/0] -- mon_subscribe({osdmap=0}) -- 0x7fc4941a0180 con 0x7fc494108e20
2024-04-26T19:50:18.893 INFO:teuthology.orchestra.run.smithi038.stdout:/usr/bin/ceph: stderr
2024-04-26T19:50:18.082+0000 7fc491ffb700 1 -- 172.21.15.38:0/3970102954 <== mon.0 v2:172.21.15.38:3300/0 4 ==== mgrmap(e 12) ==== 46571+0+0 (secure 0 0 0) 0x7fc48801baa0 con 0x7fc494108e20
2024-04-26T19:50:18.894 INFO:teuthology.orchestra.run.smithi038.stdout:/usr/bin/ceph: stderr
2024-04-26T19:50:18.082+0000 7fc49ad92700 1 -- 172.21.15.38:0/3970102954 --> [v2:172.21.15.38:3300/0,v1:172.21.15.38:6789/0] -- mon_command({"prefix": "get_command_descriptions"} v 0) -- 0x7fc49410d540 con 0x7fc494108e20
2024-04-26T19:50:18.894 INFO:teuthology.orchestra.run.smithi038.stdout:/usr/bin/ceph: stderr
2024-04-26T19:50:18.082+0000 7fc491ffb700 1 --2- 172.21.15.38:0/3970102954 >> [v2:172.21.15.38:6800/422298604,v1:172.21.15.38:6801/422298604] conn(0x7fc484039610 0x7fc48403bad0 unknown :-1 s=NONE pgs=0 cs=0 l=1 rev1=0 crypto rx=0 tx=0 comp rx=0 tx=0).connect
2024-04-26T19:50:18.894 INFO:teuthology.orchestra.run.smithi038.stdout:/usr/bin/ceph: stderr
