2024-04-26T19:49:29.484+0000 7fa472ffd700 1 --2- 172.21.15.38:0/3653126575 >> [v2:172.21.15.38:6800/2260342375,v1:172.21.15.38:6801/2260342375] conn(0x7fa468039510 0x7fa46803b9d0 unknown :-1 s=NONE pgs=0 cs=0 l=1 rev1=0 crypto rx=0 tx=0 comp rx=0 tx=0).connect
2024-04-26T19:49:35.862 INFO:teuthology.orchestra.run.smithi038.stdout:/usr/bin/ceph: stderr
2024-04-26T19:49:29.484+0000 7fa472ffd700 1 -- 172.21.15.38:0/3653126575 <== mon.0 v2:172.21.15.38:3300/0 5 ==== osd_map(1..1 src has 1..1) ==== 725+0+0 (secure 0 0 0) 0x7fa47804d8b0 con 0x7fa47c108e20
2024-04-26T19:49:35.862 INFO:teuthology.orchestra.run.smithi038.stdout:/usr/bin/ceph: stderr
2024-04-26T19:49:29.484+0000 7fa48151b700 1 --2- 172.21.15.38:0/3653126575 >> [v2:172.21.15.38:6800/2260342375,v1:172.21.15.38:6801/2260342375] conn(0x7fa468039510 0x7fa46803b9d0 unknown :-1 s=BANNER_CONNECTING pgs=0 cs=0 l=1 rev1=0 crypto rx=0 tx=0 comp rx=0 tx=0)._handle_peer_banner_payload supported=3 required=0
2024-04-26T19:49:35.862 INFO:teuthology.orchestra.run.smithi038.stdout:/usr/bin/ceph: stderr
2024-04-26T19:49:29.484+0000 7fa48151b700 1 --2- 172.21.15.38:0/3653126575 >> [v2:172.21.15.38:6800/2260342375,v1:172.21.15.38:6801/2260342375] conn(0x7fa468039510 0x7fa46803b9d0 secure :-1 s=READY pgs=6 cs=0 l=1 rev1=1 crypto rx=0x7fa46c006fd0 tx=0x7fa46c006e40 comp rx=0 tx=0).ready entity=mgr.14100 client_cookie=0 server_cookie=0 in_seq=0 out_seq=0
2024-04-26T19:49:35.862 INFO:teuthology.orchestra.run.smithi038.stdout:/usr/bin/ceph: stderr
2024-04-26T19:49:29.489+0000 7fa472ffd700 1 -- 172.21.15.38:0/3653126575 <== mon.0 v2:172.21.15.38:3300/0 6 ==== mon_command_ack([{"prefix": "get_command_descriptions"}]=0 v0) ==== 72+0+188494 (secure 0 0 0) 0x7fa47800b3e0 con 0x7fa47c108e20
2024-04-26T19:49:35.862 INFO:teuthology.orchestra.run.smithi038.stdout:/usr/bin/ceph: stderr
2024-04-26T19:49:29.779+0000 7fa483f80700 1 -- 172.21.15.38:0/3653126575 --> [v2:172.21.15.38:3300/0,v1:172.21.15.38:6789/0] -- mon_command({"prefix": "status", "format": "json-pretty"} v 0) -- 0x7fa47c07e2b0 con 0x7fa47c108e20
2024-04-26T19:49:35.862 INFO:teuthology.orchestra.run.smithi038.stdout:/usr/bin/ceph: stderr
2024-04-26T19:49:29.780+0000 7fa472ffd700 1 -- 172.21.15.38:0/3653126575 <== mon.0 v2:172.21.15.38:3300/0 7 ==== mon_command_ack([{"prefix": "status", "format": "json-pretty"}]=0 v0) ==== 79+0+1239 (secure 0 0 0) 0x7fa47801a690 con 0x7fa47c108e20
2024-04-26T19:49:35.862 INFO:teuthology.orchestra.run.smithi038.stdout:/usr/bin/ceph: stderr
2024-04-26T19:49:29.782+0000 7fa483f80700 1 -- 172.21.15.38:0/3653126575 >> [v2:172.21.15.38:6800/2260342375,v1:172.21.15.38:6801/2260342375] conn(0x7fa468039510 msgr2=0x7fa46803b9d0 secure :-1 s=STATE_CONNECTION_ESTABLISHED l=1).mark_down
2024-04-26T19:49:35.862 INFO:teuthology.orchestra.run.smithi038.stdout:/usr/bin/ceph: stderr
2024-04-26T19:49:29.782+0000 7fa483f80700 1 --2- 172.21.15.38:0/3653126575 >> [v2:172.21.15.38:6800/2260342375,v1:172.21.15.38:6801/2260342375] conn(0x7fa468039510 0x7fa46803b9d0 secure :-1 s=READY pgs=6 cs=0 l=1 rev1=1 crypto rx=0x7fa46c006fd0 tx=0x7fa46c006e40 comp rx=0 tx=0).stop
2024-04-26T19:49:35.862 INFO:teuthology.orchestra.run.smithi038.stdout:/usr/bin/ceph: stderr
2024-04-26T19:49:29.782+0000 7fa483f80700 1 -- 172.21.15.38:0/3653126575 >> [v2:172.21.15.38:3300/0,v1:172.21.15.38:6789/0] conn(0x7fa47c108e20 msgr2=0x7fa47c07f3c0 secure :-1 s=STATE_CONNECTION_ESTABLISHED l=1).mark_down
2024-04-26T19:49:35.862 INFO:teuthology.orchestra.run.smithi038.stdout:/usr/bin/ceph: stderr
2024-04-26T19:49:29.782+0000 7fa483f80700 1 --2- 172.21.15.38:0/3653126575 >> [v2:172.21.15.38:3300/0,v1:172.21.15.38:6789/0] conn(0x7fa47c108e20 0x7fa47c07f3c0 secure :-1 s=READY pgs=17 cs=0 l=1 rev1=1 crypto rx=0x7fa478009fb0 tx=0x7fa478011940 comp rx=0 tx=0).stop
2024-04-26T19:49:35.862 INFO:teuthology.orchestra.run.smithi038.stdout:/usr/bin/ceph: stderr
2024-04-26T19:49:29.782+0000 7fa483f80700 1 -- 172.21.15.38:0/3653126575 shutdown_connections
2024-04-26T19:49:35.862 INFO:teuthology.orchestra.run.smithi038.stdout:/usr/bin/ceph: stderr
2024-04-26T19:49:29.782+0000 7fa483f80700 1 --2- 172.21.15.38:0/3653126575 >> [v2:172.21.15.38:6800/2260342375,v1:172.21.15.38:6801/2260342375] conn(0x7fa468039510 0x7fa46803b9d0 unknown :-1 s=CLOSED pgs=6 cs=0 l=1 rev1=1 crypto rx=0 tx=0 comp rx=0 tx=0).stop
2024-04-26T19:49:35.862 INFO:teuthology.orchestra.run.smithi038.stdout:/usr/bin/ceph: stderr
2024-04-26T19:49:29.782+0000 7fa483f80700 1 --2- 172.21.15.38:0/3653126575 >> [v2:172.21.15.38:3300/0,v1:172.21.15.38:6789/0] conn(0x7fa47c108e20 0x7fa47c07f3c0 unknown :-1 s=CLOSED pgs=17 cs=0 l=1 rev1=1 crypto rx=0 tx=0 comp rx=0 tx=0).stop
2024-04-26T19:49:35.863 INFO:teuthology.orchestra.run.smithi038.stdout:/usr/bin/ceph: stderr
2024-04-26T19:49:29.782+0000 7fa483f80700 1 -- 172.21.15.38:0/3653126575 >> 172.21.15.38:0/3653126575 conn(0x7fa47c1043c0 msgr2=0x7fa47c104e80 unknown :-1 s=STATE_NONE l=0).mark_down
2024-04-26T19:49:35.863 INFO:teuthology.orchestra.run.smithi038.stdout:/usr/bin/ceph: stderr
2024-04-26T19:49:29.782+0000 7fa483f80700 1 -- 172.21.15.38:0/3653126575 shutdown_connections
2024-04-26T19:49:35.863 INFO:teuthology.orchestra.run.smithi038.stdout:/usr/bin/ceph: stderr
2024-04-26T19:49:29.782+0000 7fa483f80700 1 -- 172.21.15.38:0/3653126575 wait complete.
2024-04-26T19:49:35.863 INFO:teuthology.orchestra.run.smithi038.stdout:mgr is available
2024-04-26T19:49:37.954 INFO:journalctl@ceph.mon.a.smithi038.stdout:Apr 26 19:49:37 smithi038 ceph-mon[29151]: from='client.? 172.21.15.38:0/4112357488' entity='client.admin' cmd=[{"prefix": "config assimilate-conf"}]: dispatch
2024-04-26T19:49:38.175 INFO:teuthology.orchestra.run.smithi038.stdout:/usr/bin/ceph: stdout
2024-04-26T19:49:38.175 INFO:teuthology.orchestra.run.smithi038.stdout:/usr/bin/ceph: stdout [global]
2024-04-26T19:49:38.175 INFO:teuthology.orchestra.run.smithi038.stdout:/usr/bin/ceph: stdout fsid = f1b46c7a-0405-11ef-bc93-c7b262605968
2024-04-26T19:49:38.175 INFO:teuthology.orchestra.run.smithi038.stdout:/usr/bin/ceph: stdout mon_cluster_log_file_level = debug
2024-04-26T19:49:38.175 INFO:teuthology.orchestra.run.smithi038.stdout:/usr/bin/ceph: stdout mon_osd_allow_pg_remap = true
2024-04-26T19:49:38.175 INFO:teuthology.orchestra.run.smithi038.stdout:/usr/bin/ceph: stdout mon_osd_allow_primary_affinity = true
2024-04-26T19:49:38.175 INFO:teuthology.orchestra.run.smithi038.stdout:/usr/bin/ceph: stdout mon_warn_on_no_sortbitwise = false
2024-04-26T19:49:38.175 INFO:teuthology.orchestra.run.smithi038.stdout:/usr/bin/ceph: stdout osd_crush_chooseleaf_type = 0
2024-04-26T19:49:38.176 INFO:teuthology.orchestra.run.smithi038.stdout:/usr/bin/ceph: stdout
2024-04-26T19:49:38.176 INFO:teuthology.orchestra.run.smithi038.stdout:/usr/bin/ceph: stdout [mgr]
2024-04-26T19:49:38.176 INFO:teuthology.orchestra.run.smithi038.stdout:/usr/bin/ceph: stdout mgr/telemetry/nag = false
2024-04-26T19:49:38.176 INFO:teuthology.orchestra.run.smithi038.stdout:/usr/bin/ceph: stdout
2024-04-26T19:49:38.176 INFO:teuthology.orchestra.run.smithi038.stdout:/usr/bin/ceph: stdout [osd]
2024-04-26T19:49:38.176 INFO:teuthology.orchestra.run.smithi038.stdout:/usr/bin/ceph: stdout mon_osd_backfillfull_ratio = 0.85
2024-04-26T19:49:38.176 INFO:teuthology.orchestra.run.smithi038.stdout:/usr/bin/ceph: stdout mon_osd_full_ratio = 0.9
2024-04-26T19:49:38.176 INFO:teuthology.orchestra.run.smithi038.stdout:/usr/bin/ceph: stdout mon_osd_nearfull_ratio = 0.8
2024-04-26T19:49:38.176 INFO:teuthology.orchestra.run.smithi038.stdout:/usr/bin/ceph: stdout osd_map_max_advance = 10
2024-04-26T19:49:38.176 INFO:teuthology.orchestra.run.smithi038.stdout:/usr/bin/ceph: stdout osd_sloppy_crc = true
2024-04-26T19:49:38.176 INFO:teuthology.orchestra.run.smithi038.stdout:/usr/bin/ceph: stderr
2024-04-26T19:49:37.395+0000 7fbffef06700 1 Processor -- start
2024-04-26T19:49:38.176 INFO:teuthology.orchestra.run.smithi038.stdout:/usr/bin/ceph: stderr
2024-04-26T19:49:37.395+0000 7fbffef06700 1 -- start start
2024-04-26T19:49:38.176 INFO:teuthology.orchestra.run.smithi038.stdout:/usr/bin/ceph: stderr
2024-04-26T19:49:37.395+0000 7fbffef06700 1 --2- >> [v2:172.21.15.38:3300/0,v1:172.21.15.38:6789/0] conn(0x7fbff807f710 0x7fbff807db70 unknown :-1 s=NONE pgs=0 cs=0 l=0 rev1=0 crypto rx=0 tx=0 comp rx=0 tx=0).connect
2024-04-26T19:49:38.176 INFO:teuthology.orchestra.run.smithi038.stdout:/usr/bin/ceph: stderr
2024-04-26T19:49:37.395+0000 7fbffef06700 1 -- --> [v2:172.21.15.38:3300/0,v1:172.21.15.38:6789/0] -- mon_getmap magic: 0 -- 0x7fbff807e140 con 0x7fbff807f710
2024-04-26T19:49:38.177 INFO:teuthology.orchestra.run.smithi038.stdout:/usr/bin/ceph: stderr
2024-04-26T19:49:37.395+0000 7fbffcca2700 1 --2- >> [v2:172.21.15.38:3300/0,v1:172.21.15.38:6789/0] conn(0x7fbff807f710 0x7fbff807db70 unknown :-1 s=BANNER_CONNECTING pgs=0 cs=0 l=0 rev1=0 crypto rx=0 tx=0 comp rx=0 tx=0)._handle_peer_banner_payload supported=3 required=0
2024-04-26T19:49:38.177 INFO:teuthology.orchestra.run.smithi038.stdout:/usr/bin/ceph: stderr
2024-04-26T19:49:37.395+0000 7fbffcca2700 1 --2- >> [v2:172.21.15.38:3300/0,v1:172.21.15.38:6789/0] conn(0x7fbff807f710 0x7fbff807db70 unknown :-1 s=HELLO_CONNECTING pgs=0 cs=0 l=0 rev1=1 crypto rx=0 tx=0 comp rx=0 tx=0).handle_hello peer v2:172.21.15.38:3300/0 says I am v2:172.21.15.38:57608/0 (socket says 172.21.15.38:57608)
2024-04-26T19:49:38.177 INFO:teuthology.orchestra.run.smithi038.stdout:/usr/bin/ceph: stderr
2024-04-26T19:49:37.395+0000 7fbffcca2700 1 -- 172.21.15.38:0/2878099003 learned_addr learned my addr 172.21.15.38:0/2878099003 (peer_addr_for_me v2:172.21.15.38:0/0)
2024-04-26T19:49:38.177 INFO:teuthology.orchestra.run.smithi038.stdout:/usr/bin/ceph: stderr
2024-04-26T19:49:37.396+0000 7fbffcca2700 1 -- 172.21.15.38:0/2878099003 --> [v2:172.21.15.38:3300/0,v1:172.21.15.38:6789/0] -- mon_subscribe({config=0+,monmap=0+}) -- 0x7fbff807e2c0 con 0x7fbff807f710
2024-04-26T19:49:38.177 INFO:teuthology.orchestra.run.smithi038.stdout:/usr/bin/ceph: stderr
2024-04-26T19:49:37.396+0000 7fbffcca2700 1 --2- 172.21.15.38:0/2878099003 >> [v2:172.21.15.38:3300/0,v1:172.21.15.38:6789/0] conn(0x7fbff807f710 0x7fbff807db70 secure :-1 s=READY pgs=18 cs=0 l=1 rev1=1 crypto rx=0x7fbfec0098a0 tx=0x7fbfec009bb0 comp rx=0 tx=0).ready entity=mon.0 client_cookie=af26e5e388e4e0d server_cookie=0 in_seq=0 out_seq=0
2024-04-26T19:49:38.177 INFO:teuthology.orchestra.run.smithi038.stdout:/usr/bin/ceph: stderr
2024-04-26T19:49:37.396+0000 7fbff77fe700 1 -- 172.21.15.38:0/2878099003 <== mon.0 v2:172.21.15.38:3300/0 1 ==== mon_map magic: 0 ==== 205+0+0 (secure 0 0 0) 0x7fbfec004160 con 0x7fbff807f710
2024-04-26T19:49:38.177 INFO:teuthology.orchestra.run.smithi038.stdout:/usr/bin/ceph: stderr
2024-04-26T19:49:37.396+0000 7fbff77fe700 1 -- 172.21.15.38:0/2878099003 <== mon.0 v2:172.21.15.38:3300/0 2 ==== config(26 keys) ==== 1070+0+0 (secure 0 0 0) 0x7fbfec004300 con 0x7fbff807f710
2024-04-26T19:49:38.177 INFO:teuthology.orchestra.run.smithi038.stdout:/usr/bin/ceph: stderr
2024-04-26T19:49:37.396+0000 7fbff77fe700 1 -- 172.21.15.38:0/2878099003 <== mon.0 v2:172.21.15.38:3300/0 3 ==== mon_map magic: 0 ==== 205+0+0 (secure 0 0 0) 0x7fbfec011af0 con 0x7fbff807f710
2024-04-26T19:49:38.178 INFO:teuthology.orchestra.run.smithi038.stdout:/usr/bin/ceph: stderr
2024-04-26T19:49:37.397+0000 7fbffef06700 1 -- 172.21.15.38:0/2878099003 >> [v2:172.21.15.38:3300/0,v1:172.21.15.38:6789/0] conn(0x7fbff807f710 msgr2=0x7fbff807db70 secure :-1 s=STATE_CONNECTION_ESTABLISHED l=1).mark_down
2024-04-26T19:49:38.178 INFO:teuthology.orchestra.run.smithi038.stdout:/usr/bin/ceph: stderr
2024-04-26T19:49:37.397+0000 7fbffef06700 1 --2- 172.21.15.38:0/2878099003 >> [v2:172.21.15.38:3300/0,v1:172.21.15.38:6789/0] conn(0x7fbff807f710 0x7fbff807db70 secure :-1 s=READY pgs=18 cs=0 l=1 rev1=1 crypto rx=0x7fbfec0098a0 tx=0x7fbfec009bb0 comp rx=0 tx=0).stop
2024-04-26T19:49:38.178 INFO:teuthology.orchestra.run.smithi038.stdout:/usr/bin/ceph: stderr
2024-04-26T19:49:37.397+0000 7fbffef06700 1 -- 172.21.15.38:0/2878099003 shutdown_connections
2024-04-26T19:49:38.178 INFO:teuthology.orchestra.run.smithi038.stdout:/usr/bin/ceph: stderr
2024-04-26T19:49:37.397+0000 7fbffef06700 1 --2- 172.21.15.38:0/2878099003 >> [v2:172.21.15.38:3300/0,v1:172.21.15.38:6789/0] conn(0x7fbff807f710 0x7fbff807db70 unknown :-1 s=CLOSED pgs=18 cs=0 l=1 rev1=1 crypto rx=0 tx=0 comp rx=0 tx=0).stop
2024-04-26T19:49:38.178 INFO:teuthology.orchestra.run.smithi038.stdout:/usr/bin/ceph: stderr
2024-04-26T19:49:37.397+0000 7fbffef06700 1 -- 172.21.15.38:0/2878099003 >> 172.21.15.38:0/2878099003 conn(0x7fbff8104380 msgr2=0x7fbff81067a0 unknown :-1 s=STATE_NONE l=0).mark_down
2024-04-26T19:49:38.178 INFO:teuthology.orchestra.run.smithi038.stdout:/usr/bin/ceph: stderr
2024-04-26T19:49:37.397+0000 7fbffef06700 1 -- 172.21.15.38:0/2878099003 shutdown_connections
2024-04-26T19:49:38.178 INFO:teuthology.orchestra.run.smithi038.stdout:/usr/bin/ceph: stderr
2024-04-26T19:49:37.397+0000 7fbffef06700 1 -- 172.21.15.38:0/2878099003 wait complete.
2024-04-26T19:49:38.178 INFO:teuthology.orchestra.run.smithi038.stdout:/usr/bin/ceph: stderr
2024-04-26T19:49:37.397+0000 7fbffef06700 1 Processor -- start
2024-04-26T19:49:38.178 INFO:teuthology.orchestra.run.smithi038.stdout:/usr/bin/ceph: stderr
2024-04-26T19:49:37.397+0000 7fbffef06700 1 -- start start
2024-04-26T19:49:38.178 INFO:teuthology.orchestra.run.smithi038.stdout:/usr/bin/ceph: stderr
2024-04-26T19:49:37.398+0000 7fbffef06700 1 --2- >> [v2:172.21.15.38:3300/0,v1:172.21.15.38:6789/0] conn(0x7fbff807f710 0x7fbff819ef10 unknown :-1 s=NONE pgs=0 cs=0 l=1 rev1=0 crypto rx=0 tx=0 comp rx=0 tx=0).connect
2024-04-26T19:49:38.178 INFO:teuthology.orchestra.run.smithi038.stdout:/usr/bin/ceph: stderr
2024-04-26T19:49:37.398+0000 7fbffef06700 1 -- --> [v2:172.21.15.38:3300/0,v1:172.21.15.38:6789/0] -- mon_getmap magic: 0 -- 0x7fbff810f350 con 0x7fbff807f710
2024-04-26T19:49:38.178 INFO:teuthology.orchestra.run.smithi038.stdout:/usr/bin/ceph: stderr
2024-04-26T19:49:37.398+0000 7fbffcca2700 1 --2- >> [v2:172.21.15.38:3300/0,v1:172.21.15.38:6789/0] conn(0x7fbff807f710 0x7fbff819ef10 unknown :-1 s=BANNER_CONNECTING pgs=0 cs=0 l=1 rev1=0 crypto rx=0 tx=0 comp rx=0 tx=0)._handle_peer_banner_payload supported=3 required=0
2024-04-26T19:49:38.178 INFO:teuthology.orchestra.run.smithi038.stdout:/usr/bin/ceph: stderr
2024-04-26T19:49:37.398+0000 7fbffcca2700 1 --2- >> [v2:172.21.15.38:3300/0,v1:172.21.15.38:6789/0] conn(0x7fbff807f710 0x7fbff819ef10 unknown :-1 s=HELLO_CONNECTING pgs=0 cs=0 l=1 rev1=1 crypto rx=0 tx=0 comp rx=0 tx=0).handle_hello peer v2:172.21.15.38:3300/0 says I am v2:172.21.15.38:57612/0 (socket says 172.21.15.38:57612)
2024-04-26T19:49:38.179 INFO:teuthology.orchestra.run.smithi038.stdout:/usr/bin/ceph: stderr
2024-04-26T19:49:37.398+0000 7fbffcca2700 1 -- 172.21.15.38:0/4112357488 learned_addr learned my addr 172.21.15.38:0/4112357488 (peer_addr_for_me v2:172.21.15.38:0/0)
2024-04-26T19:49:38.179 INFO:teuthology.orchestra.run.smithi038.stdout:/usr/bin/ceph: stderr
2024-04-26T19:49:37.398+0000 7fbffcca2700 1 -- 172.21.15.38:0/4112357488 --> [v2:172.21.15.38:3300/0,v1:172.21.15.38:6789/0] -- mon_subscribe({config=0+,monmap=0+}) -- 0x7fbff819f450 con 0x7fbff807f710
2024-04-26T19:49:38.179 INFO:teuthology.orchestra.run.smithi038.stdout:/usr/bin/ceph: stderr
2024-04-26T19:49:37.398+0000 7fbffcca2700 1 --2- 172.21.15.38:0/4112357488 >> [v2:172.21.15.38:3300/0,v1:172.21.15.38:6789/0] conn(0x7fbff807f710 0x7fbff819ef10 secure :-1 s=READY pgs=19 cs=0 l=1 rev1=1 crypto rx=0x7fbfec000c00 tx=0x7fbfec011b70 comp rx=0 tx=0).ready entity=mon.0 client_cookie=0 server_cookie=0 in_seq=0 out_seq=0
2024-04-26T19:49:38.179 INFO:teuthology.orchestra.run.smithi038.stdout:/usr/bin/ceph: stderr
2024-04-26T19:49:37.398+0000 7fbff5ffb700 1 -- 172.21.15.38:0/4112357488 <== mon.0 v2:172.21.15.38:3300/0 1 ==== mon_map magic: 0 ==== 205+0+0 (secure 0 0 0) 0x7fbfec003b20 con 0x7fbff807f710
2024-04-26T19:49:38.179 INFO:teuthology.orchestra.run.smithi038.stdout:/usr/bin/ceph: stderr
2024-04-26T19:49:37.398+0000 7fbffef06700 1 -- 172.21.15.38:0/4112357488 --> [v2:172.21.15.38:3300/0,v1:172.21.15.38:6789/0] -- mon_subscribe({mgrmap=0+}) -- 0x7fbff819f6e0 con 0x7fbff807f710
2024-04-26T19:49:38.179 INFO:teuthology.orchestra.run.smithi038.stdout:/usr/bin/ceph: stderr
2024-04-26T19:49:37.398+0000 7fbff5ffb700 1 -- 172.21.15.38:0/4112357488 <== mon.0 v2:172.21.15.38:3300/0 2 ==== config(26 keys) ==== 1070+0+0 (secure 0 0 0) 0x7fbfec01a8c0 con 0x7fbff807f710
2024-04-26T19:49:38.179 INFO:teuthology.orchestra.run.smithi038.stdout:/usr/bin/ceph: stderr
2024-04-26T19:49:37.398+0000 7fbff5ffb700 1 -- 172.21.15.38:0/4112357488 <== mon.0 v2:172.21.15.38:3300/0 3 ==== mon_map magic: 0 ==== 205+0+0 (secure 0 0 0) 0x7fbfec024940 con 0x7fbff807f710
2024-04-26T19:49:38.179 INFO:teuthology.orchestra.run.smithi038.stdout:/usr/bin/ceph: stderr
2024-04-26T19:49:37.399+0000 7fbffef06700 1 -- 172.21.15.38:0/4112357488 --> [v2:172.21.15.38:3300/0,v1:172.21.15.38:6789/0] -- mon_subscribe({osdmap=0}) -- 0x7fbff81a23d0 con 0x7fbff807f710
2024-04-26T19:49:38.179 INFO:teuthology.orchestra.run.smithi038.stdout:/usr/bin/ceph: stderr
2024-04-26T19:49:37.399+0000 7fbff5ffb700 1 -- 172.21.15.38:0/4112357488 <== mon.0 v2:172.21.15.38:3300/0 4 ==== mgrmap(e 4) ==== 46547+0+0 (secure 0 0 0) 0x7fbfec022020 con 0x7fbff807f710
2024-04-26T19:49:38.179 INFO:teuthology.orchestra.run.smithi038.stdout:/usr/bin/ceph: stderr
2024-04-26T19:49:37.400+0000 7fbff5ffb700 1 --2- 172.21.15.38:0/4112357488 >> [v2:172.21.15.38:6800/2260342375,v1:172.21.15.38:6801/2260342375] conn(0x7fbfe80395b0 0x7fbfe803ba70 unknown :-1 s=NONE pgs=0 cs=0 l=1 rev1=0 crypto rx=0 tx=0 comp rx=0 tx=0).connect
2024-04-26T19:49:38.179 INFO:teuthology.orchestra.run.smithi038.stdout:/usr/bin/ceph: stderr
2024-04-26T19:49:37.400+0000 7fbff5ffb700 1 -- 172.21.15.38:0/4112357488 <== mon.0 v2:172.21.15.38:3300/0 5 ==== osd_map(1..1 src has 1..1) ==== 725+0+0 (secure 0 0 0) 0x7fbfec04d3f0 con 0x7fbff807f710
2024-04-26T19:49:38.179 INFO:teuthology.orchestra.run.smithi038.stdout:/usr/bin/ceph: stderr
2024-04-26T19:49:37.400+0000 7fbffef06700 1 -- 172.21.15.38:0/4112357488 --> [v2:172.21.15.38:3300/0,v1:172.21.15.38:6789/0] -- mon_command({"prefix": "get_command_descriptions"} v 0) -- 0x7fbff8064a80 con 0x7fbff807f710
2024-04-26T19:49:38.179 INFO:teuthology.orchestra.run.smithi038.stdout:/usr/bin/ceph: stderr
2024-04-26T19:49:37.400+0000 7fbff7fff700 1 --2- 172.21.15.38:0/4112357488 >> [v2:172.21.15.38:6800/2260342375,v1:172.21.15.38:6801/2260342375] conn(0x7fbfe80395b0 0x7fbfe803ba70 unknown :-1 s=BANNER_CONNECTING pgs=0 cs=0 l=1 rev1=0 crypto rx=0 tx=0 comp rx=0 tx=0)._handle_peer_banner_payload supported=3 required=0
2024-04-26T19:49:38.179 INFO:teuthology.orchestra.run.smithi038.stdout:/usr/bin/ceph: stderr
2024-04-26T19:49:37.400+0000 7fbff7fff700 1 --2- 172.21.15.38:0/4112357488 >> [v2:172.21.15.38:6800/2260342375,v1:172.21.15.38:6801/2260342375] conn(0x7fbfe80395b0 0x7fbfe803ba70 secure :-1 s=READY pgs=7 cs=0 l=1 rev1=1 crypto rx=0x7fbfe4006fd0 tx=0x7fbfe4006e40 comp rx=0 tx=0).ready entity=mgr.14100 client_cookie=0 server_cookie=0 in_seq=0 out_seq=0
2024-04-26T19:49:38.180 INFO:teuthology.orchestra.run.smithi038.stdout:/usr/bin/ceph: stderr
2024-04-26T19:49:37.405+0000 7fbff5ffb700 1 -- 172.21.15.38:0/4112357488 <== mon.0 v2:172.21.15.38:3300/0 6 ==== mon_command_ack([{"prefix": "get_command_descriptions"}]=0 v0) ==== 72+0+188494 (secure 0 0 0) 0x7fbfec00b3e0 con 0x7fbff807f710
2024-04-26T19:49:38.180 INFO:teuthology.orchestra.run.smithi038.stdout:/usr/bin/ceph: stderr
2024-04-26T19:49:37.615+0000 7fbffef06700 1 -- 172.21.15.38:0/4112357488 --> [v2:172.21.15.38:3300/0,v1:172.21.15.38:6789/0] -- mon_command({"prefix": "config assimilate-conf"} v 0) -- 0x7fbff81a3b40 con 0x7fbff807f710
2024-04-26T19:49:38.180 INFO:teuthology.orchestra.run.smithi038.stdout:/usr/bin/ceph: stderr
2024-04-26T19:49:37.616+0000 7fbff5ffb700 1 -- 172.21.15.38:0/4112357488 <== mon.0 v2:172.21.15.38:3300/0 7 ==== mon_command_ack([{"prefix": "config assimilate-conf"}]=0 v3) ==== 70+0+409 (secure 0 0 0) 0x7fbfec04d190 con 0x7fbff807f710
2024-04-26T19:49:38.180 INFO:teuthology.orchestra.run.smithi038.stdout:/usr/bin/ceph: stderr
2024-04-26T19:49:37.618+0000 7fbffef06700 1 -- 172.21.15.38:0/4112357488 >> [v2:172.21.15.38:6800/2260342375,v1:172.21.15.38:6801/2260342375] conn(0x7fbfe80395b0 msgr2=0x7fbfe803ba70 secure :-1 s=STATE_CONNECTION_ESTABLISHED l=1).mark_down
2024-04-26T19:49:38.180 INFO:teuthology.orchestra.run.smithi038.stdout:/usr/bin/ceph: stderr
2024-04-26T19:49:37.618+0000 7fbffef06700 1 --2- 172.21.15.38:0/4112357488 >> [v2:172.21.15.38:6800/2260342375,v1:172.21.15.38:6801/2260342375] conn(0x7fbfe80395b0 0x7fbfe803ba70 secure :-1 s=READY pgs=7 cs=0 l=1 rev1=1 crypto rx=0x7fbfe4006fd0 tx=0x7fbfe4006e40 comp rx=0 tx=0).stop
2024-04-26T19:49:38.180 INFO:teuthology.orchestra.run.smithi038.stdout:/usr/bin/ceph: stderr
2024-04-26T19:49:37.618+0000 7fbffef06700 1 -- 172.21.15.38:0/4112357488 >> [v2:172.21.15.38:3300/0,v1:172.21.15.38:6789/0] conn(0x7fbff807f710 msgr2=0x7fbff819ef10 secure :-1 s=STATE_CONNECTION_ESTABLISHED l=1).mark_down
2024-04-26T19:49:38.180 INFO:teuthology.orchestra.run.smithi038.stdout:/usr/bin/ceph: stderr
2024-04-26T19:49:37.618+0000 7fbffef06700 1 --2- 172.21.15.38:0/4112357488 >> [v2:172.21.15.38:3300/0,v1:172.21.15.38:6789/0] conn(0x7fbff807f710 0x7fbff819ef10 secure :-1 s=READY pgs=19 cs=0 l=1 rev1=1 crypto rx=0x7fbfec000c00 tx=0x7fbfec011b70 comp rx=0 tx=0).stop
2024-04-26T19:49:38.180 INFO:teuthology.orchestra.run.smithi038.stdout:/usr/bin/ceph: stderr
2024-04-26T19:49:37.618+0000 7fbffef06700 1 -- 172.21.15.38:0/4112357488 shutdown_connections
2024-04-26T19:49:38.180 INFO:teuthology.orchestra.run.smithi038.stdout:/usr/bin/ceph: stderr
2024-04-26T19:49:37.618+0000 7fbffef06700 1 --2- 172.21.15.38:0/4112357488 >> [v2:172.21.15.38:6800/2260342375,v1:172.21.15.38:6801/2260342375] conn(0x7fbfe80395b0 0x7fbfe803ba70 unknown :-1 s=CLOSED pgs=7 cs=0 l=1 rev1=1 crypto rx=0 tx=0 comp rx=0 tx=0).stop
2024-04-26T19:49:38.180 INFO:teuthology.orchestra.run.smithi038.stdout:/usr/bin/ceph: stderr
2024-04-26T19:49:37.618+0000 7fbffef06700 1 --2- 172.21.15.38:0/4112357488 >> [v2:172.21.15.38:3300/0,v1:172.21.15.38:6789/0] conn(0x7fbff807f710 0x7fbff819ef10 unknown :-1 s=CLOSED pgs=19 cs=0 l=1 rev1=1 crypto rx=0 tx=0 comp rx=0 tx=0).stop
2024-04-26T19:49:38.180 INFO:teuthology.orchestra.run.smithi038.stdout:/usr/bin/ceph: stderr
2024-04-26T19:49:37.618+0000 7fbffef06700 1 -- 172.21.15.38:0/4112357488 >> 172.21.15.38:0/4112357488 conn(0x7fbff8104380 msgr2=0x7fbff8104ef0 unknown :-1 s=STATE_NONE l=0).mark_down
2024-04-26T19:49:38.180 INFO:teuthology.orchestra.run.smithi038.stdout:/usr/bin/ceph: stderr
2024-04-26T19:49:37.618+0000 7fbffef06700 1 -- 172.21.15.38:0/4112357488 shutdown_connections
2024-04-26T19:49:38.180 INFO:teuthology.orchestra.run.smithi038.stdout:/usr/bin/ceph: stderr
2024-04-26T19:49:37.618+0000 7fbffef06700 1 -- 172.21.15.38:0/4112357488 wait complete.
2024-04-26T19:49:38.180 INFO:teuthology.orchestra.run.smithi038.stdout:Enabling cephadm module...
2024-04-26T19:49:39.230 INFO:journalctl@ceph.mon.a.smithi038.stdout:Apr 26 19:49:38 smithi038 ceph-mon[29151]: from='client.? 172.21.15.38:0/2794637074' entity='client.admin' cmd=[{"prefix": "mgr module enable", "module": "cephadm"}]: dispatch
2024-04-26T19:49:39.230 INFO:journalctl@ceph.mgr.x.smithi038.stdout:Apr 26 19:49:38 smithi038 ceph-f1b46c7a-0405-11ef-bc93-c7b262605968-mgr-x[29382]: ignoring --setuser ceph since I am not root
2024-04-26T19:49:39.230 INFO:journalctl@ceph.mgr.x.smithi038.stdout:Apr 26 19:49:38 smithi038 ceph-f1b46c7a-0405-11ef-bc93-c7b262605968-mgr-x[29382]: ignoring --setgroup ceph since I am not root
2024-04-26T19:49:39.230 INFO:journalctl@ceph.mgr.x.smithi038.stdout:Apr 26 19:49:39 smithi038 ceph-f1b46c7a-0405-11ef-bc93-c7b262605968-mgr-x[29382]:
2024-04-26T19:49:39.111+0000 7f26bb2a1200 -1 mgr[py] Module balancer has missing NOTIFY_TYPES member
2024-04-26T19:49:39.463 INFO:teuthology.orchestra.run.smithi038.stdout:/usr/bin/ceph: stderr
2024-04-26T19:49:38.607+0000 7fa6c3526700 1 Processor -- start
2024-04-26T19:49:39.464 INFO:teuthology.orchestra.run.smithi038.stdout:/usr/bin/ceph: stderr
2024-04-26T19:49:38.607+0000 7fa6c3526700 1 -- start start
2024-04-26T19:49:39.464 INFO:teuthology.orchestra.run.smithi038.stdout:/usr/bin/ceph: stderr
2024-04-26T19:49:38.607+0000 7fa6c3526700 1 --2- >> [v2:172.21.15.38:3300/0,v1:172.21.15.38:6789/0] conn(0x7fa6bc1074b0 0x7fa6bc1078d0 unknown :-1 s=NONE pgs=0 cs=0 l=0 rev1=0 crypto rx=0 tx=0 comp rx=0 tx=0).connect
2024-04-26T19:49:39.464 INFO:teuthology.orchestra.run.smithi038.stdout:/usr/bin/ceph: stderr
2024-04-26T19:49:38.607+0000 7fa6c3526700 1 -- --> [v2:172.21.15.38:3300/0,v1:172.21.15.38:6789/0] -- mon_getmap magic: 0 -- 0x7fa6bc107ea0 con 0x7fa6bc1074b0
2024-04-26T19:49:39.464 INFO:teuthology.orchestra.run.smithi038.stdout:/usr/bin/ceph: stderr
2024-04-26T19:49:38.608+0000 7fa6c12c2700 1 --2- >> [v2:172.21.15.38:3300/0,v1:172.21.15.38:6789/0] conn(0x7fa6bc1074b0 0x7fa6bc1078d0 unknown :-1 s=BANNER_CONNECTING pgs=0 cs=0 l=0 rev1=0 crypto rx=0 tx=0 comp rx=0 tx=0)._handle_peer_banner_payload supported=3 required=0
2024-04-26T19:49:39.464 INFO:teuthology.orchestra.run.smithi038.stdout:/usr/bin/ceph: stderr
2024-04-26T19:49:38.608+0000 7fa6c12c2700 1 --2- >> [v2:172.21.15.38:3300/0,v1:172.21.15.38:6789/0] conn(0x7fa6bc1074b0 0x7fa6bc1078d0 unknown :-1 s=HELLO_CONNECTING pgs=0 cs=0 l=0 rev1=1 crypto rx=0 tx=0 comp rx=0 tx=0).handle_hello peer v2:172.21.15.38:3300/0 says I am v2:172.21.15.38:56002/0 (socket says 172.21.15.38:56002)
2024-04-26T19:49:39.464 INFO:teuthology.orchestra.run.smithi038.stdout:/usr/bin/ceph: stderr
2024-04-26T19:49:38.608+0000 7fa6c12c2700 1 -- 172.21.15.38:0/1732014478 learned_addr learned my addr 172.21.15.38:0/1732014478 (peer_addr_for_me v2:172.21.15.38:0/0)
2024-04-26T19:49:39.464 INFO:teuthology.orchestra.run.smithi038.stdout:/usr/bin/ceph: stderr
2024-04-26T19:49:38.608+0000 7fa6c12c2700 1 -- 172.21.15.38:0/1732014478 --> [v2:172.21.15.38:3300/0,v1:172.21.15.38:6789/0] -- mon_subscribe({config=0+,monmap=0+}) -- 0x7fa6bc1086b0 con 0x7fa6bc1074b0
2024-04-26T19:49:39.464 INFO:teuthology.orchestra.run.smithi038.stdout:/usr/bin/ceph: stderr
2024-04-26T19:49:38.608+0000 7fa6c12c2700 1 --2- 172.21.15.38:0/1732014478 >> [v2:172.21.15.38:3300/0,v1:172.21.15.38:6789/0] conn(0x7fa6bc1074b0 0x7fa6bc1078d0 secure :-1 s=READY pgs=20 cs=0 l=1 rev1=1 crypto rx=0x7fa6b400af90 tx=0x7fa6b400c330 comp rx=0 tx=0).ready entity=mon.0 client_cookie=c39366abf6290ad2 server_cookie=0 in_seq=0 out_seq=0
2024-04-26T19:49:39.464 INFO:teuthology.orchestra.run.smithi038.stdout:/usr/bin/ceph: stderr
2024-04-26T19:49:38.608+0000 7fa6bbfff700 1 -- 172.21.15.38:0/1732014478 <== mon.0 v2:172.21.15.38:3300/0 1 ==== mon_map magic: 0 ==== 205+0+0 (secure 0 0 0) 0x7fa6b4018070 con 0x7fa6bc1074b0
2024-04-26T19:49:39.464 INFO:teuthology.orchestra.run.smithi038.stdout:/usr/bin/ceph: stderr
2024-04-26T19:49:38.608+0000 7fa6bbfff700 1 -- 172.21.15.38:0/1732014478 <== mon.0 v2:172.21.15.38:3300/0 2 ==== config(26 keys) ==== 1070+0+0 (secure 0 0 0) 0x7fa6b400c9a0 con 0x7fa6bc1074b0
2024-04-26T19:49:39.464 INFO:teuthology.orchestra.run.smithi038.stdout:/usr/bin/ceph: stderr
2024-04-26T19:49:38.608+0000 7fa6bbfff700 1 -- 172.21.15.38:0/1732014478 <== mon.0 v2:172.21.15.38:3300/0 3 ==== mon_map magic: 0 ==== 205+0+0 (secure 0 0 0) 0x7fa6b4004550 con 0x7fa6bc1074b0
2024-04-26T19:49:39.465 INFO:teuthology.orchestra.run.smithi038.stdout:/usr/bin/ceph: stderr
2024-04-26T19:49:38.609+0000 7fa6c3526700 1 -- 172.21.15.38:0/1732014478 >> [v2:172.21.15.38:3300/0,v1:172.21.15.38:6789/0] conn(0x7fa6bc1074b0 msgr2=0x7fa6bc1078d0 secure :-1 s=STATE_CONNECTION_ESTABLISHED l=1).mark_down
2024-04-26T19:49:39.465 INFO:teuthology.orchestra.run.smithi038.stdout:/usr/bin/ceph: stderr
2024-04-26T19:49:38.609+0000 7fa6c3526700 1 --2- 172.21.15.38:0/1732014478 >> [v2:172.21.15.38:3300/0,v1:172.21.15.38:6789/0] conn(0x7fa6bc1074b0 0x7fa6bc1078d0 secure :-1 s=READY pgs=20 cs=0 l=1 rev1=1 crypto rx=0x7fa6b400af90 tx=0x7fa6b400c330 comp rx=0 tx=0).stop
2024-04-26T19:49:39.465 INFO:teuthology.orchestra.run.smithi038.stdout:/usr/bin/ceph: stderr
2024-04-26T19:49:38.609+0000 7fa6c3526700 1 -- 172.21.15.38:0/1732014478 shutdown_connections
2024-04-26T19:49:39.465 INFO:teuthology.orchestra.run.smithi038.stdout:/usr/bin/ceph: stderr
2024-04-26T19:49:38.609+0000 7fa6c3526700 1 --2- 172.21.15.38:0/1732014478 >> [v2:172.21.15.38:3300/0,v1:172.21.15.38:6789/0] conn(0x7fa6bc1074b0 0x7fa6bc1078d0 unknown :-1 s=CLOSED pgs=20 cs=0 l=1 rev1=1 crypto rx=0 tx=0 comp rx=0 tx=0).stop
2024-04-26T19:49:39.465 INFO:teuthology.orchestra.run.smithi038.stdout:/usr/bin/ceph: stderr
2024-04-26T19:49:38.609+0000 7fa6c3526700 1 -- 172.21.15.38:0/1732014478 >> 172.21.15.38:0/1732014478 conn(0x7fa6bc102a10 msgr2=0x7fa6bc104e90 unknown :-1 s=STATE_NONE l=0).mark_down
2024-04-26T19:49:39.465 INFO:teuthology.orchestra.run.smithi038.stdout:/usr/bin/ceph: stderr
2024-04-26T19:49:38.609+0000 7fa6c3526700 1 -- 172.21.15.38:0/1732014478 shutdown_connections
2024-04-26T19:49:39.465 INFO:teuthology.orchestra.run.smithi038.stdout:/usr/bin/ceph: stderr
2024-04-26T19:49:38.609+0000 7fa6c3526700 1 -- 172.21.15.38:0/1732014478 wait complete.
2024-04-26T19:49:39.465 INFO:teuthology.orchestra.run.smithi038.stdout:/usr/bin/ceph: stderr
2024-04-26T19:49:38.610+0000 7fa6c3526700 1 Processor -- start
2024-04-26T19:49:39.465 INFO:teuthology.orchestra.run.smithi038.stdout:/usr/bin/ceph: stderr
2024-04-26T19:49:38.610+0000 7fa6c3526700 1 -- start start
2024-04-26T19:49:39.465 INFO:teuthology.orchestra.run.smithi038.stdout:/usr/bin/ceph: stderr
2024-04-26T19:49:38.610+0000 7fa6c3526700 1 --2- >> [v2:172.21.15.38:3300/0,v1:172.21.15.38:6789/0] conn(0x7fa6bc1074b0 0x7fa6bc190070 unknown :-1 s=NONE pgs=0 cs=0 l=1 rev1=0 crypto rx=0 tx=0 comp rx=0 tx=0).connect
2024-04-26T19:49:39.465 INFO:teuthology.orchestra.run.smithi038.stdout:/usr/bin/ceph: stderr
2024-04-26T19:49:38.610+0000 7fa6c3526700 1 -- --> [v2:172.21.15.38:3300/0,v1:172.21.15.38:6789/0] -- mon_getmap magic: 0 -- 0x7fa6bc108dd0 con 0x7fa6bc1074b0
2024-04-26T19:49:39.465 INFO:teuthology.orchestra.run.smithi038.stdout:/usr/bin/ceph: stderr
2024-04-26T19:49:38.610+0000 7fa6c12c2700 1 --2- >> [v2:172.21.15.38:3300/0,v1:172.21.15.38:6789/0] conn(0x7fa6bc1074b0 0x7fa6bc190070 unknown :-1 s=BANNER_CONNECTING pgs=0 cs=0 l=1 rev1=0 crypto rx=0 tx=0 comp rx=0 tx=0)._handle_peer_banner_payload supported=3 required=0
2024-04-26T19:49:39.465 INFO:teuthology.orchestra.run.smithi038.stdout:/usr/bin/ceph: stderr
2024-04-26T19:49:38.610+0000 7fa6c12c2700 1 --2- >> [v2:172.21.15.38:3300/0,v1:172.21.15.38:6789/0] conn(0x7fa6bc1074b0 0x7fa6bc190070 unknown :-1 s=HELLO_CONNECTING pgs=0 cs=0 l=1 rev1=1 crypto rx=0 tx=0 comp rx=0 tx=0).handle_hello peer v2:172.21.15.38:3300/0 says I am v2:172.21.15.38:56018/0 (socket says 172.21.15.38:56018)
2024-04-26T19:49:39.466 INFO:teuthology.orchestra.run.smithi038.stdout:/usr/bin/ceph: stderr
2024-04-26T19:49:38.610+0000 7fa6c12c2700 1 -- 172.21.15.38:0/2794637074 learned_addr learned my addr 172.21.15.38:0/2794637074 (peer_addr_for_me v2:172.21.15.38:0/0)
2024-04-26T19:49:39.466 INFO:teuthology.orchestra.run.smithi038.stdout:/usr/bin/ceph: stderr
2024-04-26T19:49:38.610+0000 7fa6c12c2700 1 -- 172.21.15.38:0/2794637074 --> [v2:172.21.15.38:3300/0,v1:172.21.15.38:6789/0] -- mon_subscribe({config=0+,monmap=0+}) -- 0x7fa6bc1905b0 con 0x7fa6bc1074b0
2024-04-26T19:49:39.466 INFO:teuthology.orchestra.run.smithi038.stdout:/usr/bin/ceph: stderr
2024-04-26T19:49:38.610+0000 7fa6c12c2700 1 --2- 172.21.15.38:0/2794637074 >> [v2:172.21.15.38:3300/0,v1:172.21.15.38:6789/0] conn(0x7fa6bc1074b0 0x7fa6bc190070 secure :-1 s=READY pgs=21 cs=0 l=1 rev1=1 crypto rx=0x7fa6b400af60 tx=0x7fa6b400de40 comp rx=0 tx=0).ready entity=mon.0 client_cookie=0 server_cookie=0 in_seq=0 out_seq=0
2024-04-26T19:49:39.466 INFO:teuthology.orchestra.run.smithi038.stdout:/usr/bin/ceph: stderr
2024-04-26T19:49:38.610+0000 7fa6ba7fc700 1 -- 172.21.15.38:0/2794637074 <== mon.0 v2:172.21.15.38:3300/0 1 ==== mon_map magic: 0 ==== 205+0+0 (secure 0 0 0) 0x7fa6b4021020 con 0x7fa6bc1074b0
2024-04-26T19:49:39.466 INFO:teuthology.orchestra.run.smithi038.stdout:/usr/bin/ceph: stderr
2024-04-26T19:49:38.610+0000 7fa6ba7fc700 1 -- 172.21.15.38:0/2794637074 <== mon.0 v2:172.21.15.38:3300/0 2 ==== config(26 keys) ==== 1070+0+0 (secure 0 0 0) 0x7fa6b4019040 con 0x7fa6bc1074b0
2024-04-26T19:49:39.466 INFO:teuthology.orchestra.run.smithi038.stdout:/usr/bin/ceph: stderr
2024-04-26T19:49:38.610+0000 7fa6ba7fc700 1 -- 172.21.15.38:0/2794637074 <== mon.0 v2:172.21.15.38:3300/0 3 ==== mon_map magic: 0 ==== 205+0+0 (secure 0 0 0) 0x7fa6b4018070 con 0x7fa6bc1074b0
2024-04-26T19:49:39.466 INFO:teuthology.orchestra.run.smithi038.stdout:/usr/bin/ceph: stderr
2024-04-26T19:49:38.611+0000 7fa6c3526700 1 -- 172.21.15.38:0/2794637074 --> [v2:172.21.15.38:3300/0,v1:172.21.15.38:6789/0] -- mon_subscribe({mgrmap=0+}) -- 0x7fa6bc18e7a0 con 0x7fa6bc1074b0
2024-04-26T19:49:39.466 INFO:teuthology.orchestra.run.smithi038.stdout:/usr/bin/ceph: stderr
2024-04-26T19:49:38.611+0000 7fa6c3526700 1 -- 172.21.15.38:0/2794637074 --> [v2:172.21.15.38:3300/0,v1:172.21.15.38:6789/0] -- mon_subscribe({osdmap=0}) -- 0x7fa6bc18ece0 con 0x7fa6bc1074b0
2024-04-26T19:49:39.466 INFO:teuthology.orchestra.run.smithi038.stdout:/usr/bin/ceph: stderr
2024-04-26T19:49:38.611+0000 7fa6ba7fc700 1 -- 172.21.15.38:0/2794637074 <== mon.0 v2:172.21.15.38:3300/0 4 ==== mgrmap(e 4) ==== 46547+0+0 (secure 0 0 0) 0x7fa6b4024020 con 0x7fa6bc1074b0
2024-04-26T19:49:39.466 INFO:teuthology.orchestra.run.smithi038.stdout:/usr/bin/ceph: stderr
2024-04-26T19:49:38.612+0000 7fa6ba7fc700 1 --2- 172.21.15.38:0/2794637074 >> [v2:172.21.15.38:6800/2260342375,v1:172.21.15.38:6801/2260342375] conn(0x7fa6a4039560 0x7fa6a403ba20 unknown :-1 s=NONE pgs=0 cs=0 l=1 rev1=0 crypto rx=0 tx=0 comp rx=0 tx=0).connect
2024-04-26T19:49:39.466 INFO:teuthology.orchestra.run.smithi038.stdout:/usr/bin/ceph: stderr
2024-04-26T19:49:38.612+0000 7fa6ba7fc700 1 -- 172.21.15.38:0/2794637074 <== mon.0 v2:172.21.15.38:3300/0 5 ==== osd_map(1..1 src has 1..1) ==== 725+0+0 (secure 0 0 0) 0x7fa6b4010050 con 0x7fa6bc1074b0
2024-04-26T19:49:39.466 INFO:teuthology.orchestra.run.smithi038.stdout:/usr/bin/ceph: stderr
2024-04-26T19:49:38.612+0000 7fa6c3526700 1 -- 172.21.15.38:0/2794637074 --> [v2:172.21.15.38:3300/0,v1:172.21.15.38:6789/0] -- mon_command({"prefix": "get_command_descriptions"} v 0) -- 0x7fa6bc064a80 con 0x7fa6bc1074b0
2024-04-26T19:49:39.466 INFO:teuthology.orchestra.run.smithi038.stdout:/usr/bin/ceph: stderr
2024-04-26T19:49:38.612+0000 7fa6c0ac1700 1 --2- 172.21.15.38:0/2794637074 >> [v2:172.21.15.38:6800/2260342375,v1:172.21.15.38:6801/2260342375] conn(0x7fa6a4039560 0x7fa6a403ba20 unknown :-1 s=BANNER_CONNECTING pgs=0 cs=0 l=1 rev1=0 crypto rx=0 tx=0 comp rx=0 tx=0)._handle_peer_banner_payload supported=3 required=0
2024-04-26T19:49:39.466 INFO:teuthology.orchestra.run.smithi038.stdout:/usr/bin/ceph: stderr
2024-04-26T19:49:38.612+0000 7fa6c0ac1700 1 --2- 172.21.15.38:0/2794637074 >> [v2:172.21.15.38:6800/2260342375,v1:172.21.15.38:6801/2260342375] conn(0x7fa6a4039560 0x7fa6a403ba20 secure :-1 s=READY pgs=8 cs=0 l=1 rev1=1 crypto rx=0x7fa6b0006fd0 tx=0x7fa6b0006e40 comp rx=0 tx=0).ready entity=mgr.14100 client_cookie=0 server_cookie=0 in_seq=0 out_seq=0
2024-04-26T19:49:39.467 INFO:teuthology.orchestra.run.smithi038.stdout:/usr/bin/ceph: stderr
2024-04-26T19:49:38.617+0000 7fa6ba7fc700 1 -- 172.21.15.38:0/2794637074 <== mon.0 v2:172.21.15.38:3300/0 6 ==== mon_command_ack([{"prefix": "get_command_descriptions"}]=0 v0) ==== 72+0+188494 (secure 0 0 0) 0x7fa6b402b020 con 0x7fa6bc1074b0
2024-04-26T19:49:39.467 INFO:teuthology.orchestra.run.smithi038.stdout:/usr/bin/ceph: stderr
2024-04-26T19:49:38.885+0000 7fa6c3526700 1 -- 172.21.15.38:0/2794637074 --> [v2:172.21.15.38:3300/0,v1:172.21.15.38:6789/0] -- mon_command({"prefix": "mgr module enable", "module": "cephadm"} v 0) -- 0x7fa6bc0008d0 con 0x7fa6bc1074b0
2024-04-26T19:49:39.467 INFO:teuthology.orchestra.run.smithi038.stdout:/usr/bin/ceph: stderr
2024-04-26T19:49:38.937+0000 7fa6ba7fc700 1 -- 172.21.15.38:0/2794637074 <== mon.0 v2:172.21.15.38:3300/0 7 ==== mon_command_ack([{"prefix": "mgr module enable", "module": "cephadm"}]=0 v5) ==== 86+0+0 (secure 0 0 0) 0x7fa6b4024310 con 0x7fa6bc1074b0
2024-04-26T19:49:39.467 INFO:teuthology.orchestra.run.smithi038.stdout:/usr/bin/ceph: stderr
2024-04-26T19:49:38.938+0000 7fa6ba7fc700 1 -- 172.21.15.38:0/2794637074 <== mon.0 v2:172.21.15.38:3300/0 8 ==== mgrmap(e 5) ==== 46558+0+0 (secure 0 0 0) 0x7fa6b4026400 con 0x7fa6bc1074b0
2024-04-26T19:49:39.467 INFO:teuthology.orchestra.run.smithi038.stdout:/usr/bin/ceph: stderr
2024-04-26T19:49:38.940+0000 7fa6c3526700 1 -- 172.21.15.38:0/2794637074 >> [v2:172.21.15.38:6800/2260342375,v1:172.21.15.38:6801/2260342375] conn(0x7fa6a4039560 msgr2=0x7fa6a403ba20 secure :-1 s=STATE_CONNECTION_ESTABLISHED l=1).mark_down
2024-04-26T19:49:39.467 INFO:teuthology.orchestra.run.smithi038.stdout:/usr/bin/ceph: stderr
2024-04-26T19:49:38.940+0000 7fa6c3526700 1 --2- 172.21.15.38:0/2794637074 >> [v2:172.21.15.38:6800/2260342375,v1:172.21.15.38:6801/2260342375] conn(0x7fa6a4039560 0x7fa6a403ba20 secure :-1 s=READY pgs=8 cs=0 l=1 rev1=1 crypto rx=0x7fa6b0006fd0 tx=0x7fa6b0006e40 comp rx=0 tx=0).stop
2024-04-26T19:49:39.467 INFO:teuthology.orchestra.run.smithi038.stdout:/usr/bin/ceph: stderr
2024-04-26T19:49:38.940+0000 7fa6c3526700 1 -- 172.21.15.38:0/2794637074 >> [v2:172.21.15.38:3300/0,v1:172.21.15.38:6789/0] conn(0x7fa6bc1074b0 msgr2=0x7fa6bc190070 secure :-1 s=STATE_CONNECTION_ESTABLISHED l=1).mark_down
2024-04-26T19:49:39.467 INFO:teuthology.orchestra.run.smithi038.stdout:/usr/bin/ceph: stderr
2024-04-26T19:49:38.940+0000 7fa6c3526700 1 --2- 172.21.15.38:0/2794637074 >> [v2:172.21.15.38:3300/0,v1:172.21.15.38:6789/0] conn(0x7fa6bc1074b0 0x7fa6bc190070 secure :-1 s=READY pgs=21 cs=0 l=1 rev1=1 crypto rx=0x7fa6b400af60 tx=0x7fa6b400de40 comp rx=0 tx=0).stop
2024-04-26T19:49:39.467 INFO:teuthology.orchestra.run.smithi038.stdout:/usr/bin/ceph: stderr
2024-04-26T19:49:38.940+0000 7fa6c3526700 1 -- 172.21.15.38:0/2794637074 shutdown_connections
2024-04-26T19:49:39.468 INFO:teuthology.orchestra.run.smithi038.stdout:/usr/bin/ceph: stderr
2024-04-26T19:49:38.940+0000 7fa6c3526700 1 --2- 172.21.15.38:0/2794637074 >> [v2:172.21.15.38:6800/2260342375,v1:172.21.15.38:6801/2260342375] conn(0x7fa6a4039560 0x7fa6a403ba20 unknown :-1 s=CLOSED pgs=8 cs=0 l=1 rev1=1 crypto rx=0 tx=0 comp rx=0 tx=0).stop
2024-04-26T19:49:39.468 INFO:teuthology.orchestra.run.smithi038.stdout:/usr/bin/ceph: stderr
2024-04-26T19:49:38.940+0000 7fa6c3526700 1 --2- 172.21.15.38:0/2794637074 >> [v2:172.21.15.38:3300/0,v1:172.21.15.38:6789/0] conn(0x7fa6bc1074b0 0x7fa6bc190070 unknown :-1 s=CLOSED pgs=21 cs=0 l=1 rev1=1 crypto rx=0 tx=0 comp rx=0 tx=0).stop
2024-04-26T19:49:39.468 INFO:teuthology.orchestra.run.smithi038.stdout:/usr/bin/ceph: stderr
2024-04-26T19:49:38.940+0000 7fa6c3526700 1 -- 172.21.15.38:0/2794637074 >> 172.21.15.38:0/2794637074 conn(0x7fa6bc102a10 msgr2=0x7fa6bc193980 unknown :-1 s=STATE_NONE l=0).mark_down
2024-04-26T19:49:39.468 INFO:teuthology.orchestra.run.smithi038.stdout:/usr/bin/ceph: stderr
2024-04-26T19:49:38.940+0000 7fa6c3526700 1 -- 172.21.15.38:0/2794637074 shutdown_connections
2024-04-26T19:49:39.468 INFO:teuthology.orchestra.run.smithi038.stdout:/usr/bin/ceph: stderr
2024-04-26T19:49:38.940+0000 7fa6c3526700 1 -- 172.21.15.38:0/2794637074 wait complete.
2024-04-26T19:49:39.553 INFO:journalctl@ceph.mgr.x.smithi038.stdout:Apr 26 19:49:39 smithi038 ceph-f1b46c7a-0405-11ef-bc93-c7b262605968-mgr-x[29382]:
2024-04-26T19:49:39.308+0000 7f26bb2a1200 -1 mgr[py] Module orchestrator has missing NOTIFY_TYPES member
2024-04-26T19:49:39.553 INFO:journalctl@ceph.mgr.x.smithi038.stdout:Apr 26 19:49:39 smithi038 ceph-f1b46c7a-0405-11ef-bc93-c7b262605968-mgr-x[29382]:
2024-04-26T19:49:39.416+0000 7f26bb2a1200 -1 mgr[py] Module snap_schedule has missing NOTIFY_TYPES member
2024-04-26T19:49:39.838 INFO:journalctl@ceph.mgr.x.smithi038.stdout:Apr 26 19:49:39 smithi038 ceph-f1b46c7a-0405-11ef-bc93-c7b262605968-mgr-x[29382]:
2024-04-26T19:49:39.749+0000 7f26bb2a1200 -1 mgr[py] Module progress has missing NOTIFY_TYPES member
2024-04-26T19:49:39.839 INFO:journalctl@ceph.mgr.x.smithi038.stdout:Apr 26 19:49:39 smithi038 ceph-f1b46c7a-0405-11ef-bc93-c7b262605968-mgr-x[29382]:
2024-04-26T19:49:39.838+0000 7f26bb2a1200 -1 mgr[py] Module influx has missing NOTIFY_TYPES member
2024-04-26T19:49:40.199 INFO:journalctl@ceph.mon.a.smithi038.stdout:Apr 26 19:49:39 smithi038 ceph-mon[29151]: from='client.? 172.21.15.38:0/2794637074' entity='client.admin' cmd='[{"prefix": "mgr module enable", "module": "cephadm"}]': finished
2024-04-26T19:49:40.199 INFO:journalctl@ceph.mon.a.smithi038.stdout:Apr 26 19:49:39 smithi038 ceph-mon[29151]: mgrmap e5: x(active, since 12s)
2024-04-26T19:49:41.146 INFO:teuthology.orchestra.run.smithi038.stdout:/usr/bin/ceph: stdout {
2024-04-26T19:49:41.147 INFO:teuthology.orchestra.run.smithi038.stdout:/usr/bin/ceph: stdout "epoch": 5,
2024-04-26T19:49:41.147 INFO:teuthology.orchestra.run.smithi038.stdout:/usr/bin/ceph: stdout "available": true,
2024-04-26T19:49:41.147 INFO:teuthology.orchestra.run.smithi038.stdout:/usr/bin/ceph: stdout "active_name": "x",
2024-04-26T19:49:41.147 INFO:teuthology.orchestra.run.smithi038.stdout:/usr/bin/ceph: stdout "num_standby": 0
2024-04-26T19:49:41.147 INFO:teuthology.orchestra.run.smithi038.stdout:/usr/bin/ceph: stdout }
2024-04-26T19:49:41.147 INFO:teuthology.orchestra.run.smithi038.stdout:/usr/bin/ceph: stderr
2024-04-26T19:49:39.992+0000 7f22918c5700 1 Processor -- start
2024-04-26T19:49:41.147 INFO:teuthology.orchestra.run.smithi038.stdout:/usr/bin/ceph: stderr
2024-04-26T19:49:39.992+0000 7f22918c5700 1 -- start start
2024-04-26T19:49:41.147 INFO:teuthology.orchestra.run.smithi038.stdout:/usr/bin/ceph: stderr
2024-04-26T19:49:39.993+0000 7f22918c5700 1 --2- >> [v2:172.21.15.38:3300/0,v1:172.21.15.38:6789/0] conn(0x7f228c108dc0 0x7f228c1091e0 unknown :-1 s=NONE pgs=0 cs=0 l=0 rev1=0 crypto rx=0 tx=0 comp rx=0 tx=0).connect
2024-04-26T19:49:41.147 INFO:teuthology.orchestra.run.smithi038.stdout:/usr/bin/ceph: stderr
2024-04-26T19:49:39.993+0000 7f22918c5700 1 -- --> [v2:172.21.15.38:3300/0,v1:172.21.15.38:6789/0] -- mon_getmap magic: 0 -- 0x7f228c1097b0 con 0x7f228c108dc0
2024-04-26T19:49:41.147 INFO:teuthology.orchestra.run.smithi038.stdout:/usr/bin/ceph: stderr
2024-04-26T19:49:39.993+0000 7f228affd700 1 --2- >> [v2:172.21.15.38:3300/0,v1:172.21.15.38:6789/0] conn(0x7f228c108dc0 0x7f228c1091e0 unknown :-1 s=BANNER_CONNECTING pgs=0 cs=0 l=0 rev1=0 crypto rx=0 tx=0 comp rx=0 tx=0)._handle_peer_banner_payload supported=3 required=0
2024-04-26T19:49:41.147 INFO:teuthology.orchestra.run.smithi038.stdout:/usr/bin/ceph: stderr
2024-04-26T19:49:39.993+0000 7f228affd700 1 --2- >> [v2:172.21.15.38:3300/0,v1:172.21.15.38:6789/0] conn(0x7f228c108dc0 0x7f228c1091e0 unknown :-1 s=HELLO_CONNECTING pgs=0 cs=0 l=0 rev1=1 crypto rx=0 tx=0 comp rx=0 tx=0).handle_hello peer v2:172.21.15.38:3300/0 says I am v2:172.21.15.38:56040/0 (socket says 172.21.15.38:56040)
2024-04-26T19:49:41.147 INFO:teuthology.orchestra.run.smithi038.stdout:/usr/bin/ceph: stderr
2024-04-26T19:49:39.993+0000 7f228affd700 1 -- 172.21.15.38:0/2913889806 learned_addr learned my addr 172.21.15.38:0/2913889806 (peer_addr_for_me v2:172.21.15.38:0/0)
2024-04-26T19:49:41.148 INFO:teuthology.orchestra.run.smithi038.stdout:/usr/bin/ceph: stderr
2024-04-26T19:49:39.993+0000 7f228affd700 1 -- 172.21.15.38:0/2913889806 --> [v2:172.21.15.38:3300/0,v1:172.21.15.38:6789/0] -- mon_subscribe({config=0+,monmap=0+}) -- 0x7f228c109fc0 con 0x7f228c108dc0
2024-04-26T19:49:41.148 INFO:teuthology.orchestra.run.smithi038.stdout:/usr/bin/ceph: stderr
2024-04-26T19:49:39.993+0000 7f228affd700 1 --2- 172.21.15.38:0/2913889806 >> [v2:172.21.15.38:3300/0,v1:172.21.15.38:6789/0] conn(0x7f228c108dc0 0x7f228c1091e0 secure :-1 s=READY pgs=24 cs=0 l=1 rev1=1 crypto rx=0x7f227c0098a0 tx=0x7f227c009bb0 comp rx=0 tx=0).ready entity=mon.0 client_cookie=1d76e6285c25a115 server_cookie=0 in_seq=0 out_seq=0
2024-04-26T19:49:41.148 INFO:teuthology.orchestra.run.smithi038.stdout:/usr/bin/ceph: stderr
2024-04-26T19:49:39.993+0000 7f2289ffb700 1 -- 172.21.15.38:0/2913889806 <== mon.0 v2:172.21.15.38:3300/0 1 ==== mon_map magic: 0 ==== 205+0+0 (secure 0 0 0) 0x7f227c004160 con 0x7f228c108dc0
2024-04-26T19:49:41.148 INFO:teuthology.orchestra.run.smithi038.stdout:/usr/bin/ceph: stderr
2024-04-26T19:49:39.993+0000 7f2289ffb700 1 -- 172.21.15.38:0/2913889806 <== mon.0 v2:172.21.15.38:3300/0 2 ==== config(26 keys) ==== 1070+0+0 (secure 0 0 0) 0x7f227c004300 con 0x7f228c108dc0
2024-04-26T19:49:41.148 INFO:teuthology.orchestra.run.smithi038.stdout:/usr/bin/ceph: stderr
2024-04-26T19:49:39.993+0000 7f2289ffb700 1 -- 172.21.15.38:0/2913889806 <== mon.0 v2:172.21.15.38:3300/0 3 ==== mon_map magic: 0 ==== 205+0+0 (secure 0 0 0) 0x7f227c011af0 con 0x7f228c108dc0
2024-04-26T19:49:41.148 INFO:teuthology.orchestra.run.smithi038.stdout:/usr/bin/ceph: stderr
2024-04-26T19:49:39.994+0000 7f22918c5700 1 -- 172.21.15.38:0/2913889806 >> [v2:172.21.15.38:3300/0,v1:172.21.15.38:6789/0] conn(0x7f228c108dc0 msgr2=0x7f228c1091e0 secure :-1 s=STATE_CONNECTION_ESTABLISHED l=1).mark_down
2024-04-26T19:49:41.148 INFO:teuthology.orchestra.run.smithi038.stdout:/usr/bin/ceph: stderr
2024-04-26T19:49:39.994+0000 7f22918c5700 1 --2- 172.21.15.38:0/2913889806 >> [v2:172.21.15.38:3300/0,v1:172.21.15.38:6789/0] conn(0x7f228c108dc0 0x7f228c1091e0 secure :-1 s=READY pgs=24 cs=0 l=1 rev1=1 crypto rx=0x7f227c0098a0 tx=0x7f227c009bb0 comp rx=0 tx=0).stop
2024-04-26T19:49:41.148 INFO:teuthology.orchestra.run.smithi038.stdout:/usr/bin/ceph: stderr
2024-04-26T19:49:39.994+0000 7f22918c5700 1 -- 172.21.15.38:0/2913889806 shutdown_connections
2024-04-26T19:49:41.148 INFO:teuthology.orchestra.run.smithi038.stdout:/usr/bin/ceph: stderr
2024-04-26T19:49:39.994+0000 7f22918c5700 1 --2- 172.21.15.38:0/2913889806 >> [v2:172.21.15.38:3300/0,v1:172.21.15.38:6789/0] conn(0x7f228c108dc0 0x7f228c1091e0 unknown :-1 s=CLOSED pgs=24 cs=0 l=1 rev1=1 crypto rx=0 tx=0 comp rx=0 tx=0).stop
2024-04-26T19:49:41.148 INFO:teuthology.orchestra.run.smithi038.stdout:/usr/bin/ceph: stderr
2024-04-26T19:49:39.994+0000 7f22918c5700 1 -- 172.21.15.38:0/2913889806 >> 172.21.15.38:0/2913889806 conn(0x7f228c104380 msgr2=0x7f228c1067a0 unknown :-1 s=STATE_NONE l=0).mark_down
2024-04-26T19:49:41.148 INFO:teuthology.orchestra.run.smithi038.stdout:/usr/bin/ceph: stderr
2024-04-26T19:49:39.994+0000 7f22918c5700 1 -- 172.21.15.38:0/2913889806 shutdown_connections
2024-04-26T19:49:41.148 INFO:teuthology.orchestra.run.smithi038.stdout:/usr/bin/ceph: stderr
2024-04-26T19:49:39.994+0000 7f22918c5700 1 -- 172.21.15.38:0/2913889806 wait complete.
2024-04-26T19:49:41.148 INFO:teuthology.orchestra.run.smithi038.stdout:/usr/bin/ceph: stderr
2024-04-26T19:49:39.995+0000 7f22918c5700 1 Processor -- start
2024-04-26T19:49:41.149 INFO:teuthology.orchestra.run.smithi038.stdout:/usr/bin/ceph: stderr
2024-04-26T19:49:39.995+0000 7f22918c5700 1 -- start start
2024-04-26T19:49:41.149 INFO:teuthology.orchestra.run.smithi038.stdout:/usr/bin/ceph: stderr
2024-04-26T19:49:39.995+0000 7f22918c5700 1 --2- >> [v2:172.21.15.38:3300/0,v1:172.21.15.38:6789/0] conn(0x7f228c108dc0 0x7f228c19cd90 unknown :-1 s=NONE pgs=0 cs=0 l=1 rev1=0 crypto rx=0 tx=0 comp rx=0 tx=0).connect
2024-04-26T19:49:41.149 INFO:teuthology.orchestra.run.smithi038.stdout:/usr/bin/ceph: stderr
2024-04-26T19:49:39.996+0000 7f22918c5700 1 -- --> [v2:172.21.15.38:3300/0,v1:172.21.15.38:6789/0] -- mon_getmap magic: 0 -- 0x7f228c10d370 con 0x7f228c108dc0
2024-04-26T19:49:41.149 INFO:teuthology.orchestra.run.smithi038.stdout:/usr/bin/ceph: stderr
2024-04-26T19:49:39.996+0000 7f228affd700 1 --2- >> [v2:172.21.15.38:3300/0,v1:172.21.15.38:6789/0] conn(0x7f228c108dc0 0x7f228c19cd90 unknown :-1 s=BANNER_CONNECTING pgs=0 cs=0 l=1 rev1=0 crypto rx=0 tx=0 comp rx=0 tx=0)._handle_peer_banner_payload supported=3 required=0
2024-04-26T19:49:41.149 INFO:teuthology.orchestra.run.smithi038.stdout:/usr/bin/ceph: stderr
2024-04-26T19:49:39.996+0000 7f228affd700 1 --2- >> [v2:172.21.15.38:3300/0,v1:172.21.15.38:6789/0] conn(0x7f228c108dc0 0x7f228c19cd90 unknown :-1 s=HELLO_CONNECTING pgs=0 cs=0 l=1 rev1=1 crypto rx=0 tx=0 comp rx=0 tx=0).handle_hello peer v2:172.21.15.38:3300/0 says I am v2:172.21.15.38:56046/0 (socket says 172.21.15.38:56046)
2024-04-26T19:49:41.149 INFO:teuthology.orchestra.run.smithi038.stdout:/usr/bin/ceph: stderr
2024-04-26T19:49:39.996+0000 7f228affd700 1 -- 172.21.15.38:0/364687674 learned_addr learned my addr 172.21.15.38:0/364687674 (peer_addr_for_me v2:172.21.15.38:0/0)
2024-04-26T19:49:41.149 INFO:teuthology.orchestra.run.smithi038.stdout:/usr/bin/ceph: stderr
2024-04-26T19:49:39.996+0000 7f228affd700 1 -- 172.21.15.38:0/364687674 --> [v2:172.21.15.38:3300/0,v1:172.21.15.38:6789/0] -- mon_subscribe({config=0+,monmap=0+}) -- 0x7f228c19d2d0 con 0x7f228c108dc0
2024-04-26T19:49:41.149 INFO:teuthology.orchestra.run.smithi038.stdout:/usr/bin/ceph: stderr
2024-04-26T19:49:39.996+0000 7f228affd700 1 --2- 172.21.15.38:0/364687674 >> [v2:172.21.15.38:3300/0,v1:172.21.15.38:6789/0] conn(0x7f228c108dc0 0x7f228c19cd90 secure :-1 s=READY pgs=25 cs=0 l=1 rev1=1 crypto rx=0x7f227c000c00 tx=0x7f227c011b70 comp rx=0 tx=0).ready entity=mon.0 client_cookie=0 server_cookie=0 in_seq=0 out_seq=0
2024-04-26T19:49:41.149 INFO:teuthology.orchestra.run.smithi038.stdout:/usr/bin/ceph: stderr
