2024-04-26T19:59:01.979 INFO:teuthology.orchestra.run.smithi138.stdout:/usr/bin/ceph: stderr
2024-04-26T19:59:01.243+0000 7f1516000700 1 --2- 172.21.15.138:0/2083077920 >> [v2:172.21.15.138:3300/0,v1:172.21.15.138:6789/0] conn(0x7f151007ad70 0x7f15100791d0 unknown :-1 s=CLOSED pgs=9 cs=0 l=1 rev1=1 crypto rx=0 tx=0 comp rx=0 tx=0).stop
2024-04-26T19:59:01.979 INFO:teuthology.orchestra.run.smithi138.stdout:/usr/bin/ceph: stderr
2024-04-26T19:59:01.243+0000 7f1516000700 1 -- 172.21.15.138:0/2083077920 >> 172.21.15.138:0/2083077920 conn(0x7f1510101a30 msgr2=0x7f1510103e50 unknown :-1 s=STATE_NONE l=0).mark_down
2024-04-26T19:59:01.979 INFO:teuthology.orchestra.run.smithi138.stdout:/usr/bin/ceph: stderr
2024-04-26T19:59:01.244+0000 7f1516000700 1 -- 172.21.15.138:0/2083077920 shutdown_connections
2024-04-26T19:59:01.980 INFO:teuthology.orchestra.run.smithi138.stdout:/usr/bin/ceph: stderr
2024-04-26T19:59:01.244+0000 7f1516000700 1 -- 172.21.15.138:0/2083077920 wait complete.
2024-04-26T19:59:01.980 INFO:teuthology.orchestra.run.smithi138.stdout:/usr/bin/ceph: stderr
2024-04-26T19:59:01.244+0000 7f1516000700 1 Processor -- start
2024-04-26T19:59:01.980 INFO:teuthology.orchestra.run.smithi138.stdout:/usr/bin/ceph: stderr
2024-04-26T19:59:01.245+0000 7f1516000700 1 -- start start
2024-04-26T19:59:01.980 INFO:teuthology.orchestra.run.smithi138.stdout:/usr/bin/ceph: stderr
2024-04-26T19:59:01.245+0000 7f1516000700 1 --2- >> [v2:172.21.15.138:3300/0,v1:172.21.15.138:6789/0] conn(0x7f151007ad70 0x7f151019c2e0 unknown :-1 s=NONE pgs=0 cs=0 l=1 rev1=0 crypto rx=0 tx=0 comp rx=0 tx=0).connect
2024-04-26T19:59:01.980 INFO:teuthology.orchestra.run.smithi138.stdout:/usr/bin/ceph: stderr
2024-04-26T19:59:01.245+0000 7f1516000700 1 -- --> [v2:172.21.15.138:3300/0,v1:172.21.15.138:6789/0] -- mon_getmap magic: 0 v1 -- 0x7f151019c820 con 0x7f151007ad70
2024-04-26T19:59:01.980 INFO:teuthology.orchestra.run.smithi138.stdout:/usr/bin/ceph: stderr
2024-04-26T19:59:01.245+0000 7f1514c00700 1 --2- >> [v2:172.21.15.138:3300/0,v1:172.21.15.138:6789/0] conn(0x7f151007ad70 0x7f151019c2e0 unknown :-1 s=BANNER_CONNECTING pgs=0 cs=0 l=1 rev1=0 crypto rx=0 tx=0 comp rx=0 tx=0)._handle_peer_banner_payload supported=3 required=0
2024-04-26T19:59:01.980 INFO:teuthology.orchestra.run.smithi138.stdout:/usr/bin/ceph: stderr
2024-04-26T19:59:01.245+0000 7f1514c00700 1 --2- >> [v2:172.21.15.138:3300/0,v1:172.21.15.138:6789/0] conn(0x7f151007ad70 0x7f151019c2e0 unknown :-1 s=HELLO_CONNECTING pgs=0 cs=0 l=1 rev1=1 crypto rx=0 tx=0 comp rx=0 tx=0).handle_hello peer v2:172.21.15.138:3300/0 says I am v2:172.21.15.138:39040/0 (socket says 172.21.15.138:39040)
2024-04-26T19:59:01.980 INFO:teuthology.orchestra.run.smithi138.stdout:/usr/bin/ceph: stderr
2024-04-26T19:59:01.245+0000 7f1514c00700 1 -- 172.21.15.138:0/3408703178 learned_addr learned my addr 172.21.15.138:0/3408703178 (peer_addr_for_me v2:172.21.15.138:0/0)
2024-04-26T19:59:01.980 INFO:teuthology.orchestra.run.smithi138.stdout:/usr/bin/ceph: stderr
2024-04-26T19:59:01.246+0000 7f1514c00700 1 -- 172.21.15.138:0/3408703178 --> [v2:172.21.15.138:3300/0,v1:172.21.15.138:6789/0] -- mon_subscribe({config=0+,monmap=0+}) v3 -- 0x7f1504009550 con 0x7f151007ad70
2024-04-26T19:59:01.980 INFO:teuthology.orchestra.run.smithi138.stdout:/usr/bin/ceph: stderr
2024-04-26T19:59:01.246+0000 7f1514c00700 1 --2- 172.21.15.138:0/3408703178 >> [v2:172.21.15.138:3300/0,v1:172.21.15.138:6789/0] conn(0x7f151007ad70 0x7f151019c2e0 secure :-1 s=READY pgs=10 cs=0 l=1 rev1=1 crypto rx=0x7f1504011710 tx=0x7f15040047c0 comp rx=0 tx=0).ready entity=mon.0 client_cookie=0 server_cookie=0 in_seq=0 out_seq=0
2024-04-26T19:59:01.980 INFO:teuthology.orchestra.run.smithi138.stdout:/usr/bin/ceph: stderr
2024-04-26T19:59:01.246+0000 7f150d600700 1 -- 172.21.15.138:0/3408703178 <== mon.0 v2:172.21.15.138:3300/0 1 ==== mon_map magic: 0 v1 ==== 229+0+0 (secure 0 0 0) 0x7f1504003b10 con 0x7f151007ad70
2024-04-26T19:59:01.980 INFO:teuthology.orchestra.run.smithi138.stdout:/usr/bin/ceph: stderr
2024-04-26T19:59:01.246+0000 7f150d600700 1 -- 172.21.15.138:0/3408703178 <== mon.0 v2:172.21.15.138:3300/0 2 ==== config(27 keys) v1 ==== 1042+0+0 (secure 0 0 0) 0x7f150401b8c0 con 0x7f151007ad70
2024-04-26T19:59:01.980 INFO:teuthology.orchestra.run.smithi138.stdout:/usr/bin/ceph: stderr
2024-04-26T19:59:01.246+0000 7f150d600700 1 -- 172.21.15.138:0/3408703178 <== mon.0 v2:172.21.15.138:3300/0 3 ==== mon_map magic: 0 v1 ==== 229+0+0 (secure 0 0 0) 0x7f15040197e0 con 0x7f151007ad70
2024-04-26T19:59:01.980 INFO:teuthology.orchestra.run.smithi138.stdout:/usr/bin/ceph: stderr
2024-04-26T19:59:01.246+0000 7f1516000700 1 -- 172.21.15.138:0/3408703178 --> [v2:172.21.15.138:3300/0,v1:172.21.15.138:6789/0] -- mon_subscribe({mgrmap=0+}) v3 -- 0x7f151019ca20 con 0x7f151007ad70
2024-04-26T19:59:01.980 INFO:teuthology.orchestra.run.smithi138.stdout:/usr/bin/ceph: stderr
2024-04-26T19:59:01.246+0000 7f1516000700 1 -- 172.21.15.138:0/3408703178 --> [v2:172.21.15.138:3300/0,v1:172.21.15.138:6789/0] -- mon_subscribe({osdmap=0}) v3 -- 0x7f151019cec0 con 0x7f151007ad70
2024-04-26T19:59:01.981 INFO:teuthology.orchestra.run.smithi138.stdout:/usr/bin/ceph: stderr
2024-04-26T19:59:01.247+0000 7f150d600700 1 -- 172.21.15.138:0/3408703178 <== mon.0 v2:172.21.15.138:3300/0 4 ==== mgrmap(e 1) v1 ==== 668+0+0 (secure 0 0 0) 0x7f1504019c40 con 0x7f151007ad70
2024-04-26T19:59:01.981 INFO:teuthology.orchestra.run.smithi138.stdout:/usr/bin/ceph: stderr
2024-04-26T19:59:01.247+0000 7f150d600700 1 -- 172.21.15.138:0/3408703178 <== mon.0 v2:172.21.15.138:3300/0 5 ==== osd_map(1..1 src has 1..1) v4 ==== 725+0+0 (secure 0 0 0) 0x7f150401a3d0 con 0x7f151007ad70
2024-04-26T19:59:01.981 INFO:teuthology.orchestra.run.smithi138.stdout:/usr/bin/ceph: stderr
2024-04-26T19:59:01.247+0000 7f1516000700 1 -- 172.21.15.138:0/3408703178 --> [v2:172.21.15.138:3300/0,v1:172.21.15.138:6789/0] -- mon_command({"prefix": "get_command_descriptions"} v 0) v1 -- 0x7f151010c750 con 0x7f151007ad70
2024-04-26T19:59:01.981 INFO:teuthology.orchestra.run.smithi138.stdout:/usr/bin/ceph: stderr
2024-04-26T19:59:01.250+0000 7f150d600700 1 -- 172.21.15.138:0/3408703178 <== mon.0 v2:172.21.15.138:3300/0 6 ==== mon_command_ack([{"prefix": "get_command_descriptions"}]=0 v0) v1 ==== 72+0+73121 (secure 0 0 0) 0x7f1504029060 con 0x7f151007ad70
2024-04-26T19:59:01.981 INFO:teuthology.orchestra.run.smithi138.stdout:/usr/bin/ceph: stderr
2024-04-26T19:59:01.328+0000 7f1516000700 1 -- 172.21.15.138:0/3408703178 --> [v2:172.21.15.138:3300/0,v1:172.21.15.138:6789/0] -- mon_command({"prefix": "status", "format": "json-pretty"} v 0) v1 -- 0x7f151019f990 con 0x7f151007ad70
2024-04-26T19:59:01.981 INFO:teuthology.orchestra.run.smithi138.stdout:/usr/bin/ceph: stderr
2024-04-26T19:59:01.329+0000 7f150d600700 1 -- 172.21.15.138:0/3408703178 <== mon.0 v2:172.21.15.138:3300/0 7 ==== mon_command_ack([{"prefix": "status", "format": "json-pretty"}]=0 v0) v1 ==== 79+0+1247 (secure 0 0 0) 0x7f150401f070 con 0x7f151007ad70
2024-04-26T19:59:01.981 INFO:teuthology.orchestra.run.smithi138.stdout:/usr/bin/ceph: stderr
2024-04-26T19:59:01.331+0000 7f1516000700 1 -- 172.21.15.138:0/3408703178 >> [v2:172.21.15.138:3300/0,v1:172.21.15.138:6789/0] conn(0x7f151007ad70 msgr2=0x7f151019c2e0 secure :-1 s=STATE_CONNECTION_ESTABLISHED l=1).mark_down
2024-04-26T19:59:01.981 INFO:teuthology.orchestra.run.smithi138.stdout:/usr/bin/ceph: stderr
2024-04-26T19:59:01.331+0000 7f1516000700 1 --2- 172.21.15.138:0/3408703178 >> [v2:172.21.15.138:3300/0,v1:172.21.15.138:6789/0] conn(0x7f151007ad70 0x7f151019c2e0 secure :-1 s=READY pgs=10 cs=0 l=1 rev1=1 crypto rx=0x7f1504011710 tx=0x7f15040047c0 comp rx=0 tx=0).stop
2024-04-26T19:59:01.981 INFO:teuthology.orchestra.run.smithi138.stdout:/usr/bin/ceph: stderr
2024-04-26T19:59:01.331+0000 7f1516000700 1 -- 172.21.15.138:0/3408703178 shutdown_connections
2024-04-26T19:59:01.981 INFO:teuthology.orchestra.run.smithi138.stdout:/usr/bin/ceph: stderr
2024-04-26T19:59:01.331+0000 7f1516000700 1 --2- 172.21.15.138:0/3408703178 >> [v2:172.21.15.138:3300/0,v1:172.21.15.138:6789/0] conn(0x7f151007ad70 0x7f151019c2e0 unknown :-1 s=CLOSED pgs=10 cs=0 l=1 rev1=1 crypto rx=0 tx=0 comp rx=0 tx=0).stop
2024-04-26T19:59:01.981 INFO:teuthology.orchestra.run.smithi138.stdout:/usr/bin/ceph: stderr
2024-04-26T19:59:01.331+0000 7f1516000700 1 -- 172.21.15.138:0/3408703178 >> 172.21.15.138:0/3408703178 conn(0x7f1510101a30 msgr2=0x7f1510102500 unknown :-1 s=STATE_NONE l=0).mark_down
2024-04-26T19:59:01.982 INFO:teuthology.orchestra.run.smithi138.stdout:/usr/bin/ceph: stderr
2024-04-26T19:59:01.331+0000 7f1516000700 1 -- 172.21.15.138:0/3408703178 shutdown_connections
2024-04-26T19:59:01.982 INFO:teuthology.orchestra.run.smithi138.stdout:/usr/bin/ceph: stderr
2024-04-26T19:59:01.331+0000 7f1516000700 1 -- 172.21.15.138:0/3408703178 wait complete.
2024-04-26T19:59:01.982 INFO:teuthology.orchestra.run.smithi138.stdout:mgr not available, waiting (3/15)...
2024-04-26T19:59:02.711 INFO:journalctl@ceph.mon.smithi138.smithi138.stdout:Apr 26 19:59:02 smithi138 ceph-mon[25027]: Activating manager daemon smithi138.karhib
2024-04-26T19:59:02.711 INFO:journalctl@ceph.mon.smithi138.smithi138.stdout:Apr 26 19:59:02 smithi138 ceph-mon[25027]: mgrmap e2: smithi138.karhib(active, starting, since 0.00948154s)
2024-04-26T19:59:02.711 INFO:journalctl@ceph.mon.smithi138.smithi138.stdout:Apr 26 19:59:02 smithi138 ceph-mon[25027]: from='mgr.14100 172.21.15.138:0/2295966113' entity='mgr.smithi138.karhib' cmd=[{"prefix": "mds metadata"}]: dispatch
2024-04-26T19:59:02.712 INFO:journalctl@ceph.mon.smithi138.smithi138.stdout:Apr 26 19:59:02 smithi138 ceph-mon[25027]: from='mgr.14100 172.21.15.138:0/2295966113' entity='mgr.smithi138.karhib' cmd=[{"prefix": "osd metadata"}]: dispatch
2024-04-26T19:59:02.712 INFO:journalctl@ceph.mon.smithi138.smithi138.stdout:Apr 26 19:59:02 smithi138 ceph-mon[25027]: from='mgr.14100 172.21.15.138:0/2295966113' entity='mgr.smithi138.karhib' cmd=[{"prefix": "mon metadata"}]: dispatch
2024-04-26T19:59:02.712 INFO:journalctl@ceph.mon.smithi138.smithi138.stdout:Apr 26 19:59:02 smithi138 ceph-mon[25027]: from='mgr.14100 172.21.15.138:0/2295966113' entity='mgr.smithi138.karhib' cmd=[{"prefix": "mds metadata"}]: dispatch
2024-04-26T19:59:02.712 INFO:journalctl@ceph.mon.smithi138.smithi138.stdout:Apr 26 19:59:02 smithi138 ceph-mon[25027]: from='mgr.14100 172.21.15.138:0/2295966113' entity='mgr.smithi138.karhib' cmd=[{"prefix": "osd metadata"}]: dispatch
2024-04-26T19:59:02.712 INFO:journalctl@ceph.mon.smithi138.smithi138.stdout:Apr 26 19:59:02 smithi138 ceph-mon[25027]: from='mgr.14100 172.21.15.138:0/2295966113' entity='mgr.smithi138.karhib' cmd=[{"prefix": "mon metadata"}]: dispatch
2024-04-26T19:59:02.712 INFO:journalctl@ceph.mon.smithi138.smithi138.stdout:Apr 26 19:59:02 smithi138 ceph-mon[25027]: from='mgr.14100 172.21.15.138:0/2295966113' entity='mgr.smithi138.karhib' cmd=[{"prefix": "mon metadata", "id": "smithi138"}]: dispatch
2024-04-26T19:59:02.712 INFO:journalctl@ceph.mon.smithi138.smithi138.stdout:Apr 26 19:59:02 smithi138 ceph-mon[25027]: from='mgr.14100 172.21.15.138:0/2295966113' entity='mgr.smithi138.karhib' cmd=[{"prefix": "mgr metadata", "who": "smithi138.karhib", "id": "smithi138.karhib"}]: dispatch
2024-04-26T19:59:02.712 INFO:journalctl@ceph.mon.smithi138.smithi138.stdout:Apr 26 19:59:02 smithi138 ceph-mon[25027]: Manager daemon smithi138.karhib is now available
2024-04-26T19:59:02.712 INFO:journalctl@ceph.mon.smithi138.smithi138.stdout:Apr 26 19:59:02 smithi138 ceph-mon[25027]: from='mgr.14100 172.21.15.138:0/2295966113' entity='mgr.smithi138.karhib' cmd=[{"prefix":"config rm","who":"mgr","name":"mgr/rbd_support/smithi138.karhib/mirror_snapshot_schedule"}]: dispatch
2024-04-26T19:59:02.712 INFO:journalctl@ceph.mon.smithi138.smithi138.stdout:Apr 26 19:59:02 smithi138 ceph-mon[25027]: from='mgr.14100 172.21.15.138:0/2295966113' entity='mgr.smithi138.karhib' cmd=[{"prefix":"config rm","who":"mgr","name":"mgr/rbd_support/smithi138.karhib/trash_purge_schedule"}]: dispatch
2024-04-26T19:59:02.712 INFO:journalctl@ceph.mon.smithi138.smithi138.stdout:Apr 26 19:59:02 smithi138 ceph-mon[25027]: from='mgr.14100 172.21.15.138:0/2295966113' entity='mgr.smithi138.karhib'
2024-04-26T19:59:02.712 INFO:journalctl@ceph.mon.smithi138.smithi138.stdout:Apr 26 19:59:02 smithi138 ceph-mon[25027]: from='mgr.14100 172.21.15.138:0/2295966113' entity='mgr.smithi138.karhib'
2024-04-26T19:59:02.712 INFO:journalctl@ceph.mon.smithi138.smithi138.stdout:Apr 26 19:59:02 smithi138 ceph-mon[25027]: from='mgr.14100 172.21.15.138:0/2295966113' entity='mgr.smithi138.karhib'
2024-04-26T19:59:04.406 INFO:journalctl@ceph.mon.smithi138.smithi138.stdout:Apr 26 19:59:04 smithi138 ceph-mon[25027]: mgrmap e3: smithi138.karhib(active, since 1.01926s)
2024-04-26T19:59:05.460 INFO:journalctl@ceph.mon.smithi138.smithi138.stdout:Apr 26 19:59:05 smithi138 ceph-mon[25027]: mgrmap e4: smithi138.karhib(active, since 2s)
2024-04-26T19:59:05.460 INFO:journalctl@ceph.mon.smithi138.smithi138.stdout:Apr 26 19:59:05 smithi138 ceph-mon[25027]: from='client.? 172.21.15.138:0/2747980564' entity='client.admin' cmd=[{"prefix": "status", "format": "json-pretty"}]: dispatch
2024-04-26T19:59:05.603 INFO:teuthology.orchestra.run.smithi138.stdout:/usr/bin/ceph: stdout
2024-04-26T19:59:05.603 INFO:teuthology.orchestra.run.smithi138.stdout:/usr/bin/ceph: stdout {
2024-04-26T19:59:05.603 INFO:teuthology.orchestra.run.smithi138.stdout:/usr/bin/ceph: stdout "fsid": "33a6166e-0407-11ef-bc93-c7b262605968",
2024-04-26T19:59:05.603 INFO:teuthology.orchestra.run.smithi138.stdout:/usr/bin/ceph: stdout "health": {
2024-04-26T19:59:05.603 INFO:teuthology.orchestra.run.smithi138.stdout:/usr/bin/ceph: stdout "status": "HEALTH_OK",
2024-04-26T19:59:05.603 INFO:teuthology.orchestra.run.smithi138.stdout:/usr/bin/ceph: stdout "checks": {},
2024-04-26T19:59:05.603 INFO:teuthology.orchestra.run.smithi138.stdout:/usr/bin/ceph: stdout "mutes": []
2024-04-26T19:59:05.604 INFO:teuthology.orchestra.run.smithi138.stdout:/usr/bin/ceph: stdout },
2024-04-26T19:59:05.604 INFO:teuthology.orchestra.run.smithi138.stdout:/usr/bin/ceph: stdout "election_epoch": 5,
2024-04-26T19:59:05.604 INFO:teuthology.orchestra.run.smithi138.stdout:/usr/bin/ceph: stdout "quorum": [
2024-04-26T19:59:05.604 INFO:teuthology.orchestra.run.smithi138.stdout:/usr/bin/ceph: stdout 0
2024-04-26T19:59:05.604 INFO:teuthology.orchestra.run.smithi138.stdout:/usr/bin/ceph: stdout ],
2024-04-26T19:59:05.604 INFO:teuthology.orchestra.run.smithi138.stdout:/usr/bin/ceph: stdout "quorum_names": [
2024-04-26T19:59:05.604 INFO:teuthology.orchestra.run.smithi138.stdout:/usr/bin/ceph: stdout "smithi138"
2024-04-26T19:59:05.604 INFO:teuthology.orchestra.run.smithi138.stdout:/usr/bin/ceph: stdout ],
2024-04-26T19:59:05.605 INFO:teuthology.orchestra.run.smithi138.stdout:/usr/bin/ceph: stdout "quorum_age": 14,
2024-04-26T19:59:05.605 INFO:teuthology.orchestra.run.smithi138.stdout:/usr/bin/ceph: stdout "monmap": {
2024-04-26T19:59:05.605 INFO:teuthology.orchestra.run.smithi138.stdout:/usr/bin/ceph: stdout "epoch": 1,
2024-04-26T19:59:05.605 INFO:teuthology.orchestra.run.smithi138.stdout:/usr/bin/ceph: stdout "min_mon_release_name": "reef",
2024-04-26T19:59:05.605 INFO:teuthology.orchestra.run.smithi138.stdout:/usr/bin/ceph: stdout "num_mons": 1
2024-04-26T19:59:05.606 INFO:teuthology.orchestra.run.smithi138.stdout:/usr/bin/ceph: stdout },
2024-04-26T19:59:05.606 INFO:teuthology.orchestra.run.smithi138.stdout:/usr/bin/ceph: stdout "osdmap": {
2024-04-26T19:59:05.606 INFO:teuthology.orchestra.run.smithi138.stdout:/usr/bin/ceph: stdout "epoch": 1,
2024-04-26T19:59:05.606 INFO:teuthology.orchestra.run.smithi138.stdout:/usr/bin/ceph: stdout "num_osds": 0,
2024-04-26T19:59:05.606 INFO:teuthology.orchestra.run.smithi138.stdout:/usr/bin/ceph: stdout "num_up_osds": 0,
2024-04-26T19:59:05.615 INFO:teuthology.orchestra.run.smithi138.stdout:/usr/bin/ceph: stdout "osd_up_since": 0,
2024-04-26T19:59:05.615 INFO:teuthology.orchestra.run.smithi138.stdout:/usr/bin/ceph: stdout "num_in_osds": 0,
2024-04-26T19:59:05.615 INFO:teuthology.orchestra.run.smithi138.stdout:/usr/bin/ceph: stdout "osd_in_since": 0,
2024-04-26T19:59:05.615 INFO:teuthology.orchestra.run.smithi138.stdout:/usr/bin/ceph: stdout "num_remapped_pgs": 0
2024-04-26T19:59:05.615 INFO:teuthology.orchestra.run.smithi138.stdout:/usr/bin/ceph: stdout },
2024-04-26T19:59:05.615 INFO:teuthology.orchestra.run.smithi138.stdout:/usr/bin/ceph: stdout "pgmap": {
2024-04-26T19:59:05.615 INFO:teuthology.orchestra.run.smithi138.stdout:/usr/bin/ceph: stdout "pgs_by_state": [],
2024-04-26T19:59:05.615 INFO:teuthology.orchestra.run.smithi138.stdout:/usr/bin/ceph: stdout "num_pgs": 0,
2024-04-26T19:59:05.615 INFO:teuthology.orchestra.run.smithi138.stdout:/usr/bin/ceph: stdout "num_pools": 0,
2024-04-26T19:59:05.616 INFO:teuthology.orchestra.run.smithi138.stdout:/usr/bin/ceph: stdout "num_objects": 0,
2024-04-26T19:59:05.616 INFO:teuthology.orchestra.run.smithi138.stdout:/usr/bin/ceph: stdout "data_bytes": 0,
2024-04-26T19:59:05.616 INFO:teuthology.orchestra.run.smithi138.stdout:/usr/bin/ceph: stdout "bytes_used": 0,
2024-04-26T19:59:05.616 INFO:teuthology.orchestra.run.smithi138.stdout:/usr/bin/ceph: stdout "bytes_avail": 0,
2024-04-26T19:59:05.616 INFO:teuthology.orchestra.run.smithi138.stdout:/usr/bin/ceph: stdout "bytes_total": 0
2024-04-26T19:59:05.616 INFO:teuthology.orchestra.run.smithi138.stdout:/usr/bin/ceph: stdout },
2024-04-26T19:59:05.616 INFO:teuthology.orchestra.run.smithi138.stdout:/usr/bin/ceph: stdout "fsmap": {
2024-04-26T19:59:05.616 INFO:teuthology.orchestra.run.smithi138.stdout:/usr/bin/ceph: stdout "epoch": 1,
2024-04-26T19:59:05.616 INFO:teuthology.orchestra.run.smithi138.stdout:/usr/bin/ceph: stdout "by_rank": [],
2024-04-26T19:59:05.616 INFO:teuthology.orchestra.run.smithi138.stdout:/usr/bin/ceph: stdout "up:standby": 0
2024-04-26T19:59:05.616 INFO:teuthology.orchestra.run.smithi138.stdout:/usr/bin/ceph: stdout },
2024-04-26T19:59:05.616 INFO:teuthology.orchestra.run.smithi138.stdout:/usr/bin/ceph: stdout "mgrmap": {
2024-04-26T19:59:05.616 INFO:teuthology.orchestra.run.smithi138.stdout:/usr/bin/ceph: stdout "available": true,
2024-04-26T19:59:05.616 INFO:teuthology.orchestra.run.smithi138.stdout:/usr/bin/ceph: stdout "num_standbys": 0,
2024-04-26T19:59:05.616 INFO:teuthology.orchestra.run.smithi138.stdout:/usr/bin/ceph: stdout "modules": [
2024-04-26T19:59:05.617 INFO:teuthology.orchestra.run.smithi138.stdout:/usr/bin/ceph: stdout "iostat",
2024-04-26T19:59:05.617 INFO:teuthology.orchestra.run.smithi138.stdout:/usr/bin/ceph: stdout "nfs",
2024-04-26T19:59:05.617 INFO:teuthology.orchestra.run.smithi138.stdout:/usr/bin/ceph: stdout "restful"
2024-04-26T19:59:05.617 INFO:teuthology.orchestra.run.smithi138.stdout:/usr/bin/ceph: stdout ],
2024-04-26T19:59:05.617 INFO:teuthology.orchestra.run.smithi138.stdout:/usr/bin/ceph: stdout "services": {}
2024-04-26T19:59:05.617 INFO:teuthology.orchestra.run.smithi138.stdout:/usr/bin/ceph: stdout },
2024-04-26T19:59:05.617 INFO:teuthology.orchestra.run.smithi138.stdout:/usr/bin/ceph: stdout "servicemap": {
2024-04-26T19:59:05.617 INFO:teuthology.orchestra.run.smithi138.stdout:/usr/bin/ceph: stdout "epoch": 1,
2024-04-26T19:59:05.617 INFO:teuthology.orchestra.run.smithi138.stdout:/usr/bin/ceph: stdout "modified": "2024-04-26T19:58:35.280672+0000",
2024-04-26T19:59:05.617 INFO:teuthology.orchestra.run.smithi138.stdout:/usr/bin/ceph: stdout "services": {}
2024-04-26T19:59:05.617 INFO:teuthology.orchestra.run.smithi138.stdout:/usr/bin/ceph: stdout },
2024-04-26T19:59:05.617 INFO:teuthology.orchestra.run.smithi138.stdout:/usr/bin/ceph: stdout "progress_events": {}
2024-04-26T19:59:05.617 INFO:teuthology.orchestra.run.smithi138.stdout:/usr/bin/ceph: stdout }
2024-04-26T19:59:05.617 INFO:teuthology.orchestra.run.smithi138.stdout:/usr/bin/ceph: stderr
2024-04-26T19:59:04.563+0000 7f1fbde00700 1 Processor -- start
2024-04-26T19:59:05.617 INFO:teuthology.orchestra.run.smithi138.stdout:/usr/bin/ceph: stderr
2024-04-26T19:59:04.563+0000 7f1fbde00700 1 -- start start
2024-04-26T19:59:05.617 INFO:teuthology.orchestra.run.smithi138.stdout:/usr/bin/ceph: stderr
2024-04-26T19:59:04.564+0000 7f1fbde00700 1 --2- >> [v2:172.21.15.138:3300/0,v1:172.21.15.138:6789/0] conn(0x7f1fb81085d0 0x7f1fb81089f0 unknown :-1 s=NONE pgs=0 cs=0 l=0 rev1=0 crypto rx=0 tx=0 comp rx=0 tx=0).connect
2024-04-26T19:59:05.618 INFO:teuthology.orchestra.run.smithi138.stdout:/usr/bin/ceph: stderr
2024-04-26T19:59:04.564+0000 7f1fbde00700 1 -- --> [v2:172.21.15.138:3300/0,v1:172.21.15.138:6789/0] -- mon_getmap magic: 0 v1 -- 0x7f1fb8108fc0 con 0x7f1fb81085d0
2024-04-26T19:59:05.618 INFO:teuthology.orchestra.run.smithi138.stdout:/usr/bin/ceph: stderr
2024-04-26T19:59:04.564+0000 7f1fbca00700 1 --2- >> [v2:172.21.15.138:3300/0,v1:172.21.15.138:6789/0] conn(0x7f1fb81085d0 0x7f1fb81089f0 unknown :-1 s=BANNER_CONNECTING pgs=0 cs=0 l=0 rev1=0 crypto rx=0 tx=0 comp rx=0 tx=0)._handle_peer_banner_payload supported=3 required=0
2024-04-26T19:59:05.618 INFO:teuthology.orchestra.run.smithi138.stdout:/usr/bin/ceph: stderr
2024-04-26T19:59:04.564+0000 7f1fbca00700 1 --2- >> [v2:172.21.15.138:3300/0,v1:172.21.15.138:6789/0] conn(0x7f1fb81085d0 0x7f1fb81089f0 unknown :-1 s=HELLO_CONNECTING pgs=0 cs=0 l=0 rev1=1 crypto rx=0 tx=0 comp rx=0 tx=0).handle_hello peer v2:172.21.15.138:3300/0 says I am v2:172.21.15.138:39096/0 (socket says 172.21.15.138:39096)
2024-04-26T19:59:05.618 INFO:teuthology.orchestra.run.smithi138.stdout:/usr/bin/ceph: stderr
2024-04-26T19:59:04.564+0000 7f1fbca00700 1 -- 172.21.15.138:0/2811951008 learned_addr learned my addr 172.21.15.138:0/2811951008 (peer_addr_for_me v2:172.21.15.138:0/0)
2024-04-26T19:59:05.618 INFO:teuthology.orchestra.run.smithi138.stdout:/usr/bin/ceph: stderr
2024-04-26T19:59:04.565+0000 7f1fbca00700 1 -- 172.21.15.138:0/2811951008 --> [v2:172.21.15.138:3300/0,v1:172.21.15.138:6789/0] -- mon_subscribe({config=0+,monmap=0+}) v3 -- 0x7f1fb81097d0 con 0x7f1fb81085d0
2024-04-26T19:59:05.618 INFO:teuthology.orchestra.run.smithi138.stdout:/usr/bin/ceph: stderr
2024-04-26T19:59:04.565+0000 7f1fbca00700 1 --2- 172.21.15.138:0/2811951008 >> [v2:172.21.15.138:3300/0,v1:172.21.15.138:6789/0] conn(0x7f1fb81085d0 0x7f1fb81089f0 secure :-1 s=READY pgs=18 cs=0 l=1 rev1=1 crypto rx=0x7f1fac0098a0 tx=0x7f1fac009bb0 comp rx=0 tx=0).ready entity=mon.0 client_cookie=286b5f3aa0c5232b server_cookie=0 in_seq=0 out_seq=0
2024-04-26T19:59:05.618 INFO:teuthology.orchestra.run.smithi138.stdout:/usr/bin/ceph: stderr
2024-04-26T19:59:04.565+0000 7f1fb7400700 1 -- 172.21.15.138:0/2811951008 <== mon.0 v2:172.21.15.138:3300/0 1 ==== mon_map magic: 0 v1 ==== 229+0+0 (secure 0 0 0) 0x7f1fac004180 con 0x7f1fb81085d0
2024-04-26T19:59:05.618 INFO:teuthology.orchestra.run.smithi138.stdout:/usr/bin/ceph: stderr
2024-04-26T19:59:04.565+0000 7f1fb7400700 1 -- 172.21.15.138:0/2811951008 <== mon.0 v2:172.21.15.138:3300/0 2 ==== config(27 keys) v1 ==== 1042+0+0 (secure 0 0 0) 0x7f1fac0042e0 con 0x7f1fb81085d0
2024-04-26T19:59:05.618 INFO:teuthology.orchestra.run.smithi138.stdout:/usr/bin/ceph: stderr
2024-04-26T19:59:04.565+0000 7f1fb7400700 1 -- 172.21.15.138:0/2811951008 <== mon.0 v2:172.21.15.138:3300/0 3 ==== mon_map magic: 0 v1 ==== 229+0+0 (secure 0 0 0) 0x7f1fac011a70 con 0x7f1fb81085d0
2024-04-26T19:59:05.618 INFO:teuthology.orchestra.run.smithi138.stdout:/usr/bin/ceph: stderr
2024-04-26T19:59:04.566+0000 7f1fbde00700 1 -- 172.21.15.138:0/2811951008 >> [v2:172.21.15.138:3300/0,v1:172.21.15.138:6789/0] conn(0x7f1fb81085d0 msgr2=0x7f1fb81089f0 secure :-1 s=STATE_CONNECTION_ESTABLISHED l=1).mark_down
2024-04-26T19:59:05.618 INFO:teuthology.orchestra.run.smithi138.stdout:/usr/bin/ceph: stderr
2024-04-26T19:59:04.566+0000 7f1fbde00700 1 --2- 172.21.15.138:0/2811951008 >> [v2:172.21.15.138:3300/0,v1:172.21.15.138:6789/0] conn(0x7f1fb81085d0 0x7f1fb81089f0 secure :-1 s=READY pgs=18 cs=0 l=1 rev1=1 crypto rx=0x7f1fac0098a0 tx=0x7f1fac009bb0 comp rx=0 tx=0).stop
2024-04-26T19:59:05.618 INFO:teuthology.orchestra.run.smithi138.stdout:/usr/bin/ceph: stderr
2024-04-26T19:59:04.566+0000 7f1fbde00700 1 -- 172.21.15.138:0/2811951008 shutdown_connections
2024-04-26T19:59:05.618 INFO:teuthology.orchestra.run.smithi138.stdout:/usr/bin/ceph: stderr
2024-04-26T19:59:04.566+0000 7f1fbde00700 1 --2- 172.21.15.138:0/2811951008 >> [v2:172.21.15.138:3300/0,v1:172.21.15.138:6789/0] conn(0x7f1fb81085d0 0x7f1fb81089f0 unknown :-1 s=CLOSED pgs=18 cs=0 l=1 rev1=1 crypto rx=0 tx=0 comp rx=0 tx=0).stop
2024-04-26T19:59:05.618 INFO:teuthology.orchestra.run.smithi138.stdout:/usr/bin/ceph: stderr
2024-04-26T19:59:04.566+0000 7f1fbde00700 1 -- 172.21.15.138:0/2811951008 >> 172.21.15.138:0/2811951008 conn(0x7f1fb807b9f0 msgr2=0x7f1fb81064f0 unknown :-1 s=STATE_NONE l=0).mark_down
2024-04-26T19:59:05.619 INFO:teuthology.orchestra.run.smithi138.stdout:/usr/bin/ceph: stderr
2024-04-26T19:59:04.566+0000 7f1fbde00700 1 -- 172.21.15.138:0/2811951008 shutdown_connections
2024-04-26T19:59:05.619 INFO:teuthology.orchestra.run.smithi138.stdout:/usr/bin/ceph: stderr
2024-04-26T19:59:04.566+0000 7f1fbde00700 1 -- 172.21.15.138:0/2811951008 wait complete.
2024-04-26T19:59:05.619 INFO:teuthology.orchestra.run.smithi138.stdout:/usr/bin/ceph: stderr
2024-04-26T19:59:04.567+0000 7f1fbde00700 1 Processor -- start
2024-04-26T19:59:05.619 INFO:teuthology.orchestra.run.smithi138.stdout:/usr/bin/ceph: stderr
2024-04-26T19:59:04.567+0000 7f1fbde00700 1 -- start start
2024-04-26T19:59:05.619 INFO:teuthology.orchestra.run.smithi138.stdout:/usr/bin/ceph: stderr
2024-04-26T19:59:04.568+0000 7f1fbde00700 1 --2- >> [v2:172.21.15.138:3300/0,v1:172.21.15.138:6789/0] conn(0x7f1fb81085d0 0x7f1fb819c240 unknown :-1 s=NONE pgs=0 cs=0 l=1 rev1=0 crypto rx=0 tx=0 comp rx=0 tx=0).connect
2024-04-26T19:59:05.619 INFO:teuthology.orchestra.run.smithi138.stdout:/usr/bin/ceph: stderr
2024-04-26T19:59:04.568+0000 7f1fbde00700 1 -- --> [v2:172.21.15.138:3300/0,v1:172.21.15.138:6789/0] -- mon_getmap magic: 0 v1 -- 0x7f1fb819c780 con 0x7f1fb81085d0
2024-04-26T19:59:05.619 INFO:teuthology.orchestra.run.smithi138.stdout:/usr/bin/ceph: stderr
2024-04-26T19:59:04.568+0000 7f1fbca00700 1 --2- >> [v2:172.21.15.138:3300/0,v1:172.21.15.138:6789/0] conn(0x7f1fb81085d0 0x7f1fb819c240 unknown :-1 s=BANNER_CONNECTING pgs=0 cs=0 l=1 rev1=0 crypto rx=0 tx=0 comp rx=0 tx=0)._handle_peer_banner_payload supported=3 required=0
2024-04-26T19:59:05.619 INFO:teuthology.orchestra.run.smithi138.stdout:/usr/bin/ceph: stderr
2024-04-26T19:59:04.568+0000 7f1fbca00700 1 --2- >> [v2:172.21.15.138:3300/0,v1:172.21.15.138:6789/0] conn(0x7f1fb81085d0 0x7f1fb819c240 unknown :-1 s=HELLO_CONNECTING pgs=0 cs=0 l=1 rev1=1 crypto rx=0 tx=0 comp rx=0 tx=0).handle_hello peer v2:172.21.15.138:3300/0 says I am v2:172.21.15.138:39102/0 (socket says 172.21.15.138:39102)
2024-04-26T19:59:05.619 INFO:teuthology.orchestra.run.smithi138.stdout:/usr/bin/ceph: stderr
2024-04-26T19:59:04.568+0000 7f1fbca00700 1 -- 172.21.15.138:0/2747980564 learned_addr learned my addr 172.21.15.138:0/2747980564 (peer_addr_for_me v2:172.21.15.138:0/0)
2024-04-26T19:59:05.619 INFO:teuthology.orchestra.run.smithi138.stdout:/usr/bin/ceph: stderr
2024-04-26T19:59:04.568+0000 7f1fbca00700 1 -- 172.21.15.138:0/2747980564 --> [v2:172.21.15.138:3300/0,v1:172.21.15.138:6789/0] -- mon_subscribe({config=0+,monmap=0+}) v3 -- 0x7f1fac009550 con 0x7f1fb81085d0
2024-04-26T19:59:05.619 INFO:teuthology.orchestra.run.smithi138.stdout:/usr/bin/ceph: stderr
2024-04-26T19:59:04.569+0000 7f1fbca00700 1 --2- 172.21.15.138:0/2747980564 >> [v2:172.21.15.138:3300/0,v1:172.21.15.138:6789/0] conn(0x7f1fb81085d0 0x7f1fb819c240 secure :-1 s=READY pgs=19 cs=0 l=1 rev1=1 crypto rx=0x7f1fac011710 tx=0x7f1fac0047c0 comp rx=0 tx=0).ready entity=mon.0 client_cookie=0 server_cookie=0 in_seq=0 out_seq=0
2024-04-26T19:59:05.619 INFO:teuthology.orchestra.run.smithi138.stdout:/usr/bin/ceph: stderr
2024-04-26T19:59:04.569+0000 7f1fb5600700 1 -- 172.21.15.138:0/2747980564 <== mon.0 v2:172.21.15.138:3300/0 1 ==== mon_map magic: 0 v1 ==== 229+0+0 (secure 0 0 0) 0x7f1fac003b10 con 0x7f1fb81085d0
2024-04-26T19:59:05.619 INFO:teuthology.orchestra.run.smithi138.stdout:/usr/bin/ceph: stderr
2024-04-26T19:59:04.569+0000 7f1fb5600700 1 -- 172.21.15.138:0/2747980564 <== mon.0 v2:172.21.15.138:3300/0 2 ==== config(27 keys) v1 ==== 1042+0+0 (secure 0 0 0) 0x7f1fac01b8c0 con 0x7f1fb81085d0
2024-04-26T19:59:05.619 INFO:teuthology.orchestra.run.smithi138.stdout:/usr/bin/ceph: stderr
2024-04-26T19:59:04.569+0000 7f1fbde00700 1 -- 172.21.15.138:0/2747980564 --> [v2:172.21.15.138:3300/0,v1:172.21.15.138:6789/0] -- mon_subscribe({mgrmap=0+}) v3 -- 0x7f1fb819c980 con 0x7f1fb81085d0
2024-04-26T19:59:05.620 INFO:teuthology.orchestra.run.smithi138.stdout:/usr/bin/ceph: stderr
2024-04-26T19:59:04.569+0000 7f1fb5600700 1 -- 172.21.15.138:0/2747980564 <== mon.0 v2:172.21.15.138:3300/0 3 ==== mon_map magic: 0 v1 ==== 229+0+0 (secure 0 0 0) 0x7f1fac019770 con 0x7f1fb81085d0
2024-04-26T19:59:05.620 INFO:teuthology.orchestra.run.smithi138.stdout:/usr/bin/ceph: stderr
2024-04-26T19:59:04.569+0000 7f1fbde00700 1 -- 172.21.15.138:0/2747980564 --> [v2:172.21.15.138:3300/0,v1:172.21.15.138:6789/0] -- mon_subscribe({osdmap=0}) v3 -- 0x7f1fb819ce20 con 0x7f1fb81085d0
2024-04-26T19:59:05.620 INFO:teuthology.orchestra.run.smithi138.stdout:/usr/bin/ceph: stderr
2024-04-26T19:59:04.570+0000 7f1fb5600700 1 -- 172.21.15.138:0/2747980564 <== mon.0 v2:172.21.15.138:3300/0 4 ==== mgrmap(e 4) v1 ==== 45545+0+0 (secure 0 0 0) 0x7f1fac01ba30 con 0x7f1fb81085d0
2024-04-26T19:59:05.620 INFO:teuthology.orchestra.run.smithi138.stdout:/usr/bin/ceph: stderr
2024-04-26T19:59:04.570+0000 7f1fbde00700 1 -- 172.21.15.138:0/2747980564 --> [v2:172.21.15.138:3300/0,v1:172.21.15.138:6789/0] -- mon_command({"prefix": "get_command_descriptions"} v 0) v1 -- 0x7f1fb810ca00 con 0x7f1fb81085d0
2024-04-26T19:59:05.620 INFO:teuthology.orchestra.run.smithi138.stdout:/usr/bin/ceph: stderr
2024-04-26T19:59:04.570+0000 7f1fb5600700 1 --2- 172.21.15.138:0/2747980564 >> [v2:172.21.15.138:6800/2456925676,v1:172.21.15.138:6801/2456925676] conn(0x7f1fa00387e0 0x7f1fa003aca0 unknown :-1 s=NONE pgs=0 cs=0 l=1 rev1=0 crypto rx=0 tx=0 comp rx=0 tx=0).connect
2024-04-26T19:59:05.620 INFO:teuthology.orchestra.run.smithi138.stdout:/usr/bin/ceph: stderr
2024-04-26T19:59:04.571+0000 7f1fb5600700 1 -- 172.21.15.138:0/2747980564 <== mon.0 v2:172.21.15.138:3300/0 5 ==== osd_map(1..1 src has 1..1) v4 ==== 725+0+0 (secure 0 0 0) 0x7f1fac04c870 con 0x7f1fb81085d0
2024-04-26T19:59:05.620 INFO:teuthology.orchestra.run.smithi138.stdout:/usr/bin/ceph: stderr
2024-04-26T19:59:04.571+0000 7f1fb7e00700 1 --2- 172.21.15.138:0/2747980564 >> [v2:172.21.15.138:6800/2456925676,v1:172.21.15.138:6801/2456925676] conn(0x7f1fa00387e0 0x7f1fa003aca0 unknown :-1 s=BANNER_CONNECTING pgs=0 cs=0 l=1 rev1=0 crypto rx=0 tx=0 comp rx=0 tx=0)._handle_peer_banner_payload supported=3 required=0
2024-04-26T19:59:05.620 INFO:teuthology.orchestra.run.smithi138.stdout:/usr/bin/ceph: stderr
2024-04-26T19:59:04.572+0000 7f1fb7e00700 1 --2- 172.21.15.138:0/2747980564 >> [v2:172.21.15.138:6800/2456925676,v1:172.21.15.138:6801/2456925676] conn(0x7f1fa00387e0 0x7f1fa003aca0 secure :-1 s=READY pgs=6 cs=0 l=1 rev1=1 crypto rx=0x7f1fa8006fd0 tx=0x7f1fa8006e40 comp rx=0 tx=0).ready entity=mgr.14100 client_cookie=0 server_cookie=0 in_seq=0 out_seq=0
2024-04-26T19:59:05.620 INFO:teuthology.orchestra.run.smithi138.stdout:/usr/bin/ceph: stderr
2024-04-26T19:59:04.577+0000 7f1fb5600700 1 -- 172.21.15.138:0/2747980564 <== mon.0 v2:172.21.15.138:3300/0 6 ==== mon_command_ack([{"prefix": "get_command_descriptions"}]=0 v0) v1 ==== 72+0+183351 (secure 0 0 0) 0x7f1fac02cce0 con 0x7f1fb81085d0
2024-04-26T19:59:05.620 INFO:teuthology.orchestra.run.smithi138.stdout:/usr/bin/ceph: stderr
2024-04-26T19:59:04.881+0000 7f1fbde00700 1 -- 172.21.15.138:0/2747980564 --> [v2:172.21.15.138:3300/0,v1:172.21.15.138:6789/0] -- mon_command({"prefix": "status", "format": "json-pretty"} v 0) v1 -- 0x7f1fb819f6b0 con 0x7f1fb81085d0
2024-04-26T19:59:05.620 INFO:teuthology.orchestra.run.smithi138.stdout:/usr/bin/ceph: stderr
2024-04-26T19:59:04.882+0000 7f1fb5600700 1 -- 172.21.15.138:0/2747980564 <== mon.0 v2:172.21.15.138:3300/0 7 ==== mon_command_ack([{"prefix": "status", "format": "json-pretty"}]=0 v0) v1 ==== 79+0+1246 (secure 0 0 0) 0x7f1fac01f070 con 0x7f1fb81085d0
2024-04-26T19:59:05.620 INFO:teuthology.orchestra.run.smithi138.stdout:/usr/bin/ceph: stderr
2024-04-26T19:59:04.886+0000 7f1fbde00700 1 -- 172.21.15.138:0/2747980564 >> [v2:172.21.15.138:6800/2456925676,v1:172.21.15.138:6801/2456925676] conn(0x7f1fa00387e0 msgr2=0x7f1fa003aca0 secure :-1 s=STATE_CONNECTION_ESTABLISHED l=1).mark_down
2024-04-26T19:59:05.620 INFO:teuthology.orchestra.run.smithi138.stdout:/usr/bin/ceph: stderr
2024-04-26T19:59:04.886+0000 7f1fbde00700 1 --2- 172.21.15.138:0/2747980564 >> [v2:172.21.15.138:6800/2456925676,v1:172.21.15.138:6801/2456925676] conn(0x7f1fa00387e0 0x7f1fa003aca0 secure :-1 s=READY pgs=6 cs=0 l=1 rev1=1 crypto rx=0x7f1fa8006fd0 tx=0x7f1fa8006e40 comp rx=0 tx=0).stop
2024-04-26T19:59:05.620 INFO:teuthology.orchestra.run.smithi138.stdout:/usr/bin/ceph: stderr
2024-04-26T19:59:04.886+0000 7f1fbde00700 1 -- 172.21.15.138:0/2747980564 >> [v2:172.21.15.138:3300/0,v1:172.21.15.138:6789/0] conn(0x7f1fb81085d0 msgr2=0x7f1fb819c240 secure :-1 s=STATE_CONNECTION_ESTABLISHED l=1).mark_down
2024-04-26T19:59:05.620 INFO:teuthology.orchestra.run.smithi138.stdout:/usr/bin/ceph: stderr
2024-04-26T19:59:04.886+0000 7f1fbde00700 1 --2- 172.21.15.138:0/2747980564 >> [v2:172.21.15.138:3300/0,v1:172.21.15.138:6789/0] conn(0x7f1fb81085d0 0x7f1fb819c240 secure :-1 s=READY pgs=19 cs=0 l=1 rev1=1 crypto rx=0x7f1fac011710 tx=0x7f1fac0047c0 comp rx=0 tx=0).stop
2024-04-26T19:59:05.620 INFO:teuthology.orchestra.run.smithi138.stdout:/usr/bin/ceph: stderr
2024-04-26T19:59:04.886+0000 7f1fbde00700 1 -- 172.21.15.138:0/2747980564 shutdown_connections
2024-04-26T19:59:05.621 INFO:teuthology.orchestra.run.smithi138.stdout:/usr/bin/ceph: stderr
2024-04-26T19:59:04.886+0000 7f1fbde00700 1 --2- 172.21.15.138:0/2747980564 >> [v2:172.21.15.138:6800/2456925676,v1:172.21.15.138:6801/2456925676] conn(0x7f1fa00387e0 0x7f1fa003aca0 unknown :-1 s=CLOSED pgs=6 cs=0 l=1 rev1=1 crypto rx=0 tx=0 comp rx=0 tx=0).stop
2024-04-26T19:59:05.621 INFO:teuthology.orchestra.run.smithi138.stdout:/usr/bin/ceph: stderr
2024-04-26T19:59:04.886+0000 7f1fbde00700 1 --2- 172.21.15.138:0/2747980564 >> [v2:172.21.15.138:3300/0,v1:172.21.15.138:6789/0] conn(0x7f1fb81085d0 0x7f1fb819c240 unknown :-1 s=CLOSED pgs=19 cs=0 l=1 rev1=1 crypto rx=0 tx=0 comp rx=0 tx=0).stop
2024-04-26T19:59:05.621 INFO:teuthology.orchestra.run.smithi138.stdout:/usr/bin/ceph: stderr
2024-04-26T19:59:04.886+0000 7f1fbde00700 1 -- 172.21.15.138:0/2747980564 >> 172.21.15.138:0/2747980564 conn(0x7f1fb807b9f0 msgr2=0x7f1fb8105b80 unknown :-1 s=STATE_NONE l=0).mark_down
2024-04-26T19:59:05.621 INFO:teuthology.orchestra.run.smithi138.stdout:/usr/bin/ceph: stderr
2024-04-26T19:59:04.886+0000 7f1fbde00700 1 -- 172.21.15.138:0/2747980564 shutdown_connections
2024-04-26T19:59:05.621 INFO:teuthology.orchestra.run.smithi138.stdout:/usr/bin/ceph: stderr
2024-04-26T19:59:04.887+0000 7f1fbde00700 1 -- 172.21.15.138:0/2747980564 wait complete.
2024-04-26T19:59:05.621 INFO:teuthology.orchestra.run.smithi138.stdout:mgr is available
2024-04-26T19:59:06.710 INFO:journalctl@ceph.mon.smithi138.smithi138.stdout:Apr 26 19:59:06 smithi138 ceph-mon[25027]: from='client.? 172.21.15.138:0/1115470207' entity='client.admin' cmd=[{"prefix": "config assimilate-conf"}]: dispatch
2024-04-26T19:59:07.076 INFO:teuthology.orchestra.run.smithi138.stdout:/usr/bin/ceph: stdout
2024-04-26T19:59:07.076 INFO:teuthology.orchestra.run.smithi138.stdout:/usr/bin/ceph: stdout [global]
2024-04-26T19:59:07.076 INFO:teuthology.orchestra.run.smithi138.stdout:/usr/bin/ceph: stdout fsid = 33a6166e-0407-11ef-bc93-c7b262605968
2024-04-26T19:59:07.076 INFO:teuthology.orchestra.run.smithi138.stdout:/usr/bin/ceph: stdout mon_osd_allow_pg_remap = true
2024-04-26T19:59:07.078 INFO:teuthology.orchestra.run.smithi138.stdout:/usr/bin/ceph: stdout mon_osd_allow_primary_affinity = true
2024-04-26T19:59:07.078 INFO:teuthology.orchestra.run.smithi138.stdout:/usr/bin/ceph: stdout mon_warn_on_no_sortbitwise = false
2024-04-26T19:59:07.082 INFO:teuthology.orchestra.run.smithi138.stdout:/usr/bin/ceph: stdout osd_crush_chooseleaf_type = 0
2024-04-26T19:59:07.082 INFO:teuthology.orchestra.run.smithi138.stdout:/usr/bin/ceph: stdout
2024-04-26T19:59:07.082 INFO:teuthology.orchestra.run.smithi138.stdout:/usr/bin/ceph: stdout [mgr]
2024-04-26T19:59:07.082 INFO:teuthology.orchestra.run.smithi138.stdout:/usr/bin/ceph: stdout mgr/telemetry/nag = false
2024-04-26T19:59:07.082 INFO:teuthology.orchestra.run.smithi138.stdout:/usr/bin/ceph: stdout
2024-04-26T19:59:07.082 INFO:teuthology.orchestra.run.smithi138.stdout:/usr/bin/ceph: stdout [osd]
2024-04-26T19:59:07.082 INFO:teuthology.orchestra.run.smithi138.stdout:/usr/bin/ceph: stdout mon_osd_backfillfull_ratio = 0.85
2024-04-26T19:59:07.082 INFO:teuthology.orchestra.run.smithi138.stdout:/usr/bin/ceph: stdout mon_osd_full_ratio = 0.9
2024-04-26T19:59:07.083 INFO:teuthology.orchestra.run.smithi138.stdout:/usr/bin/ceph: stdout mon_osd_nearfull_ratio = 0.8
2024-04-26T19:59:07.083 INFO:teuthology.orchestra.run.smithi138.stdout:/usr/bin/ceph: stdout osd_map_max_advance = 10
2024-04-26T19:59:07.083 INFO:teuthology.orchestra.run.smithi138.stdout:/usr/bin/ceph: stdout osd_sloppy_crc = true
2024-04-26T19:59:07.083 INFO:teuthology.orchestra.run.smithi138.stdout:/usr/bin/ceph: stderr
2024-04-26T19:59:06.190+0000 7f8dbaa00700 1 Processor -- start
2024-04-26T19:59:07.083 INFO:teuthology.orchestra.run.smithi138.stdout:/usr/bin/ceph: stderr
2024-04-26T19:59:06.190+0000 7f8dbaa00700 1 -- start start
2024-04-26T19:59:07.083 INFO:teuthology.orchestra.run.smithi138.stdout:/usr/bin/ceph: stderr
2024-04-26T19:59:06.190+0000 7f8dbaa00700 1 --2- >> [v2:172.21.15.138:3300/0,v1:172.21.15.138:6789/0] conn(0x7f8db41065e0 0x7f8db4106a00 unknown :-1 s=NONE pgs=0 cs=0 l=0 rev1=0 crypto rx=0 tx=0 comp rx=0 tx=0).connect
2024-04-26T19:59:07.083 INFO:teuthology.orchestra.run.smithi138.stdout:/usr/bin/ceph: stderr
2024-04-26T19:59:06.190+0000 7f8dbaa00700 1 -- --> [v2:172.21.15.138:3300/0,v1:172.21.15.138:6789/0] -- mon_getmap magic: 0 v1 -- 0x7f8db4106fd0 con 0x7f8db41065e0
2024-04-26T19:59:07.083 INFO:teuthology.orchestra.run.smithi138.stdout:/usr/bin/ceph: stderr
2024-04-26T19:59:06.191+0000 7f8db3e00700 1 --2- >> [v2:172.21.15.138:3300/0,v1:172.21.15.138:6789/0] conn(0x7f8db41065e0 0x7f8db4106a00 unknown :-1 s=BANNER_CONNECTING pgs=0 cs=0 l=0 rev1=0 crypto rx=0 tx=0 comp rx=0 tx=0)._handle_peer_banner_payload supported=3 required=0
2024-04-26T19:59:07.088 INFO:teuthology.orchestra.run.smithi138.stdout:/usr/bin/ceph: stderr
2024-04-26T19:59:06.191+0000 7f8db3e00700 1 --2- >> [v2:172.21.15.138:3300/0,v1:172.21.15.138:6789/0] conn(0x7f8db41065e0 0x7f8db4106a00 unknown :-1 s=HELLO_CONNECTING pgs=0 cs=0 l=0 rev1=1 crypto rx=0 tx=0 comp rx=0 tx=0).handle_hello peer v2:172.21.15.138:3300/0 says I am v2:172.21.15.138:39104/0 (socket says 172.21.15.138:39104)
2024-04-26T19:59:07.088 INFO:teuthology.orchestra.run.smithi138.stdout:/usr/bin/ceph: stderr
2024-04-26T19:59:06.191+0000 7f8db3e00700 1 -- 172.21.15.138:0/1374066113 learned_addr learned my addr 172.21.15.138:0/1374066113 (peer_addr_for_me v2:172.21.15.138:0/0)
2024-04-26T19:59:07.088 INFO:teuthology.orchestra.run.smithi138.stdout:/usr/bin/ceph: stderr
2024-04-26T19:59:06.191+0000 7f8db3e00700 1 -- 172.21.15.138:0/1374066113 --> [v2:172.21.15.138:3300/0,v1:172.21.15.138:6789/0] -- mon_subscribe({config=0+,monmap=0+}) v3 -- 0x7f8db41077e0 con 0x7f8db41065e0
2024-04-26T19:59:07.088 INFO:teuthology.orchestra.run.smithi138.stdout:/usr/bin/ceph: stderr
2024-04-26T19:59:06.192+0000 7f8db3e00700 1 --2- 172.21.15.138:0/1374066113 >> [v2:172.21.15.138:3300/0,v1:172.21.15.138:6789/0] conn(0x7f8db41065e0 0x7f8db4106a00 secure :-1 s=READY pgs=20 cs=0 l=1 rev1=1 crypto rx=0x7f8da40098a0 tx=0x7f8da4009bb0 comp rx=0 tx=0).ready entity=mon.0 client_cookie=4b527c817b8f95cb server_cookie=0 in_seq=0 out_seq=0
2024-04-26T19:59:07.088 INFO:teuthology.orchestra.run.smithi138.stdout:/usr/bin/ceph: stderr
2024-04-26T19:59:06.192+0000 7f8db2a00700 1 -- 172.21.15.138:0/1374066113 <== mon.0 v2:172.21.15.138:3300/0 1 ==== mon_map magic: 0 v1 ==== 229+0+0 (secure 0 0 0) 0x7f8da4004180 con 0x7f8db41065e0
2024-04-26T19:59:07.089 INFO:teuthology.orchestra.run.smithi138.stdout:/usr/bin/ceph: stderr
2024-04-26T19:59:06.192+0000 7f8db2a00700 1 -- 172.21.15.138:0/1374066113 <== mon.0 v2:172.21.15.138:3300/0 2 ==== config(27 keys) v1 ==== 1042+0+0 (secure 0 0 0) 0x7f8da40042e0 con 0x7f8db41065e0
2024-04-26T19:59:07.089 INFO:teuthology.orchestra.run.smithi138.stdout:/usr/bin/ceph: stderr
2024-04-26T19:59:06.192+0000 7f8db2a00700 1 -- 172.21.15.138:0/1374066113 <== mon.0 v2:172.21.15.138:3300/0 3 ==== mon_map magic: 0 v1 ==== 229+0+0 (secure 0 0 0) 0x7f8da4011a70 con 0x7f8db41065e0
2024-04-26T19:59:07.089 INFO:teuthology.orchestra.run.smithi138.stdout:/usr/bin/ceph: stderr
2024-04-26T19:59:06.193+0000 7f8dbaa00700 1 -- 172.21.15.138:0/1374066113 >> [v2:172.21.15.138:3300/0,v1:172.21.15.138:6789/0] conn(0x7f8db41065e0 msgr2=0x7f8db4106a00 secure :-1 s=STATE_CONNECTION_ESTABLISHED l=1).mark_down
2024-04-26T19:59:07.089 INFO:teuthology.orchestra.run.smithi138.stdout:/usr/bin/ceph: stderr
2024-04-26T19:59:06.193+0000 7f8dbaa00700 1 --2- 172.21.15.138:0/1374066113 >> [v2:172.21.15.138:3300/0,v1:172.21.15.138:6789/0] conn(0x7f8db41065e0 0x7f8db4106a00 secure :-1 s=READY pgs=20 cs=0 l=1 rev1=1 crypto rx=0x7f8da40098a0 tx=0x7f8da4009bb0 comp rx=0 tx=0).stop
2024-04-26T19:59:07.089 INFO:teuthology.orchestra.run.smithi138.stdout:/usr/bin/ceph: stderr
2024-04-26T19:59:06.193+0000 7f8dbaa00700 1 -- 172.21.15.138:0/1374066113 shutdown_connections
2024-04-26T19:59:07.089 INFO:teuthology.orchestra.run.smithi138.stdout:/usr/bin/ceph: stderr
2024-04-26T19:59:06.193+0000 7f8dbaa00700 1 --2- 172.21.15.138:0/1374066113 >> [v2:172.21.15.138:3300/0,v1:172.21.15.138:6789/0] conn(0x7f8db41065e0 0x7f8db4106a00 unknown :-1 s=CLOSED pgs=20 cs=0 l=1 rev1=1 crypto rx=0 tx=0 comp rx=0 tx=0).stop
2024-04-26T19:59:07.089 INFO:teuthology.orchestra.run.smithi138.stdout:/usr/bin/ceph: stderr
2024-04-26T19:59:06.193+0000 7f8dbaa00700 1 -- 172.21.15.138:0/1374066113 >> 172.21.15.138:0/1374066113 conn(0x7f8db4101c00 msgr2=0x7f8db4104020 unknown :-1 s=STATE_NONE l=0).mark_down
2024-04-26T19:59:07.089 INFO:teuthology.orchestra.run.smithi138.stdout:/usr/bin/ceph: stderr
2024-04-26T19:59:06.193+0000 7f8dbaa00700 1 -- 172.21.15.138:0/1374066113 shutdown_connections
2024-04-26T19:59:07.089 INFO:teuthology.orchestra.run.smithi138.stdout:/usr/bin/ceph: stderr
2024-04-26T19:59:06.193+0000 7f8dbaa00700 1 -- 172.21.15.138:0/1374066113 wait complete.
2024-04-26T19:59:07.089 INFO:teuthology.orchestra.run.smithi138.stdout:/usr/bin/ceph: stderr
2024-04-26T19:59:06.194+0000 7f8dbaa00700 1 Processor -- start
2024-04-26T19:59:07.089 INFO:teuthology.orchestra.run.smithi138.stdout:/usr/bin/ceph: stderr
2024-04-26T19:59:06.194+0000 7f8dbaa00700 1 -- start start
2024-04-26T19:59:07.089 INFO:teuthology.orchestra.run.smithi138.stdout:/usr/bin/ceph: stderr
2024-04-26T19:59:06.194+0000 7f8dbaa00700 1 --2- >> [v2:172.21.15.138:3300/0,v1:172.21.15.138:6789/0] conn(0x7f8db41065e0 0x7f8db419a300 unknown :-1 s=NONE pgs=0 cs=0 l=1 rev1=0 crypto rx=0 tx=0 comp rx=0 tx=0).connect
2024-04-26T19:59:07.089 INFO:teuthology.orchestra.run.smithi138.stdout:/usr/bin/ceph: stderr
2024-04-26T19:59:06.194+0000 7f8dbaa00700 1 -- --> [v2:172.21.15.138:3300/0,v1:172.21.15.138:6789/0] -- mon_getmap magic: 0 v1 -- 0x7f8db419a840 con 0x7f8db41065e0
2024-04-26T19:59:07.089 INFO:teuthology.orchestra.run.smithi138.stdout:/usr/bin/ceph: stderr
2024-04-26T19:59:06.195+0000 7f8db3e00700 1 --2- >> [v2:172.21.15.138:3300/0,v1:172.21.15.138:6789/0] conn(0x7f8db41065e0 0x7f8db419a300 unknown :-1 s=BANNER_CONNECTING pgs=0 cs=0 l=1 rev1=0 crypto rx=0 tx=0 comp rx=0 tx=0)._handle_peer_banner_payload supported=3 required=0
2024-04-26T19:59:07.089 INFO:teuthology.orchestra.run.smithi138.stdout:/usr/bin/ceph: stderr
2024-04-26T19:59:06.195+0000 7f8db3e00700 1 --2- >> [v2:172.21.15.138:3300/0,v1:172.21.15.138:6789/0] conn(0x7f8db41065e0 0x7f8db419a300 unknown :-1 s=HELLO_CONNECTING pgs=0 cs=0 l=1 rev1=1 crypto rx=0 tx=0 comp rx=0 tx=0).handle_hello peer v2:172.21.15.138:3300/0 says I am v2:172.21.15.138:39106/0 (socket says 172.21.15.138:39106)
2024-04-26T19:59:07.090 INFO:teuthology.orchestra.run.smithi138.stdout:/usr/bin/ceph: stderr
2024-04-26T19:59:06.195+0000 7f8db3e00700 1 -- 172.21.15.138:0/1115470207 learned_addr learned my addr 172.21.15.138:0/1115470207 (peer_addr_for_me v2:172.21.15.138:0/0)
2024-04-26T19:59:07.090 INFO:teuthology.orchestra.run.smithi138.stdout:/usr/bin/ceph: stderr
2024-04-26T19:59:06.195+0000 7f8db3e00700 1 -- 172.21.15.138:0/1115470207 --> [v2:172.21.15.138:3300/0,v1:172.21.15.138:6789/0] -- mon_subscribe({config=0+,monmap=0+}) v3 -- 0x7f8da4009550 con 0x7f8db41065e0
2024-04-26T19:59:07.090 INFO:teuthology.orchestra.run.smithi138.stdout:/usr/bin/ceph: stderr
2024-04-26T19:59:06.195+0000 7f8db3e00700 1 --2- 172.21.15.138:0/1115470207 >> [v2:172.21.15.138:3300/0,v1:172.21.15.138:6789/0] conn(0x7f8db41065e0 0x7f8db419a300 secure :-1 s=READY pgs=21 cs=0 l=1 rev1=1 crypto rx=0x7f8da4011710 tx=0x7f8da40047c0 comp rx=0 tx=0).ready entity=mon.0 client_cookie=0 server_cookie=0 in_seq=0 out_seq=0
2024-04-26T19:59:07.090 INFO:teuthology.orchestra.run.smithi138.stdout:/usr/bin/ceph: stderr
2024-04-26T19:59:06.196+0000 7f8db0c00700 1 -- 172.21.15.138:0/1115470207 <== mon.0 v2:172.21.15.138:3300/0 1 ==== mon_map magic: 0 v1 ==== 229+0+0 (secure 0 0 0) 0x7f8da4003b10 con 0x7f8db41065e0
2024-04-26T19:59:07.090 INFO:teuthology.orchestra.run.smithi138.stdout:/usr/bin/ceph: stderr
2024-04-26T19:59:06.196+0000 7f8db0c00700 1 -- 172.21.15.138:0/1115470207 <== mon.0 v2:172.21.15.138:3300/0 2 ==== config(27 keys) v1 ==== 1042+0+0 (secure 0 0 0) 0x7f8da401b8c0 con 0x7f8db41065e0
2024-04-26T19:59:07.090 INFO:teuthology.orchestra.run.smithi138.stdout:/usr/bin/ceph: stderr
2024-04-26T19:59:06.196+0000 7f8dbaa00700 1 -- 172.21.15.138:0/1115470207 --> [v2:172.21.15.138:3300/0,v1:172.21.15.138:6789/0] -- mon_subscribe({mgrmap=0+}) v3 -- 0x7f8db419aa40 con 0x7f8db41065e0
2024-04-26T19:59:07.090 INFO:teuthology.orchestra.run.smithi138.stdout:/usr/bin/ceph: stderr
2024-04-26T19:59:06.196+0000 7f8db0c00700 1 -- 172.21.15.138:0/1115470207 <== mon.0 v2:172.21.15.138:3300/0 3 ==== mon_map magic: 0 v1 ==== 229+0+0 (secure 0 0 0) 0x7f8da4019770 con 0x7f8db41065e0
2024-04-26T19:59:07.090 INFO:teuthology.orchestra.run.smithi138.stdout:/usr/bin/ceph: stderr
2024-04-26T19:59:06.196+0000 7f8dbaa00700 1 -- 172.21.15.138:0/1115470207 --> [v2:172.21.15.138:3300/0,v1:172.21.15.138:6789/0] -- mon_subscribe({osdmap=0}) v3 -- 0x7f8db419aee0 con 0x7f8db41065e0
2024-04-26T19:59:07.090 INFO:teuthology.orchestra.run.smithi138.stdout:/usr/bin/ceph: stderr
2024-04-26T19:59:06.197+0000 7f8db0c00700 1 -- 172.21.15.138:0/1115470207 <== mon.0 v2:172.21.15.138:3300/0 4 ==== mgrmap(e 4) v1 ==== 45545+0+0 (secure 0 0 0) 0x7f8da401ba30 con 0x7f8db41065e0
2024-04-26T19:59:07.090 INFO:teuthology.orchestra.run.smithi138.stdout:/usr/bin/ceph: stderr
2024-04-26T19:59:06.197+0000 7f8dbaa00700 1 -- 172.21.15.138:0/1115470207 --> [v2:172.21.15.138:3300/0,v1:172.21.15.138:6789/0] -- mon_command({"prefix": "get_command_descriptions"} v 0) v1 -- 0x7f8db410aa10 con 0x7f8db41065e0
2024-04-26T19:59:07.090 INFO:teuthology.orchestra.run.smithi138.stdout:/usr/bin/ceph: stderr
2024-04-26T19:59:06.197+0000 7f8db0c00700 1 --2- 172.21.15.138:0/1115470207 >> [v2:172.21.15.138:6800/2456925676,v1:172.21.15.138:6801/2456925676] conn(0x7f8d980386d0 0x7f8d9803ab90 unknown :-1 s=NONE pgs=0 cs=0 l=1 rev1=0 crypto rx=0 tx=0 comp rx=0 tx=0).connect
2024-04-26T19:59:07.090 INFO:teuthology.orchestra.run.smithi138.stdout:/usr/bin/ceph: stderr
2024-04-26T19:59:06.198+0000 7f8db0c00700 1 -- 172.21.15.138:0/1115470207 <== mon.0 v2:172.21.15.138:3300/0 5 ==== osd_map(1..1 src has 1..1) v4 ==== 725+0+0 (secure 0 0 0) 0x7f8da404c870 con 0x7f8db41065e0
2024-04-26T19:59:07.090 INFO:teuthology.orchestra.run.smithi138.stdout:/usr/bin/ceph: stderr
2024-04-26T19:59:06.198+0000 7f8db3400700 1 --2- 172.21.15.138:0/1115470207 >> [v2:172.21.15.138:6800/2456925676,v1:172.21.15.138:6801/2456925676] conn(0x7f8d980386d0 0x7f8d9803ab90 unknown :-1 s=BANNER_CONNECTING pgs=0 cs=0 l=1 rev1=0 crypto rx=0 tx=0 comp rx=0 tx=0)._handle_peer_banner_payload supported=3 required=0
2024-04-26T19:59:07.090 INFO:teuthology.orchestra.run.smithi138.stdout:/usr/bin/ceph: stderr
2024-04-26T19:59:06.198+0000 7f8db3400700 1 --2- 172.21.15.138:0/1115470207 >> [v2:172.21.15.138:6800/2456925676,v1:172.21.15.138:6801/2456925676] conn(0x7f8d980386d0 0x7f8d9803ab90 secure :-1 s=READY pgs=7 cs=0 l=1 rev1=1 crypto rx=0x7f8da0006fd0 tx=0x7f8da0006e40 comp rx=0 tx=0).ready entity=mgr.14100 client_cookie=0 server_cookie=0 in_seq=0 out_seq=0
2024-04-26T19:59:07.090 INFO:teuthology.orchestra.run.smithi138.stdout:/usr/bin/ceph: stderr
2024-04-26T19:59:06.203+0000 7f8db0c00700 1 -- 172.21.15.138:0/1115470207 <== mon.0 v2:172.21.15.138:3300/0 6 ==== mon_command_ack([{"prefix": "get_command_descriptions"}]=0 v0) v1 ==== 72+0+183351 (secure 0 0 0) 0x7f8da402cce0 con 0x7f8db41065e0
2024-04-26T19:59:07.091 INFO:teuthology.orchestra.run.smithi138.stdout:/usr/bin/ceph: stderr
