2024-04-26T19:58:47.899+0000 7f4859e00700 1 --2- >> [v2:172.21.15.45:3300/0,v1:172.21.15.45:6789/0] conn(0x7f485c1081d0 0x7f485c1085f0 unknown :-1 s=HELLO_CONNECTING pgs=0 cs=0 l=0 rev1=1 crypto rx=0 tx=0 comp rx=0 tx=0).handle_hello peer v2:172.21.15.45:3300/0 says I am v2:172.21.15.45:58974/0 (socket says 172.21.15.45:58974)
2024-04-26T19:58:53.611 INFO:teuthology.orchestra.run.smithi045.stdout:/usr/bin/ceph: stderr
2024-04-26T19:58:47.899+0000 7f4859e00700 1 -- 172.21.15.45:0/3807264391 learned_addr learned my addr 172.21.15.45:0/3807264391 (peer_addr_for_me v2:172.21.15.45:0/0)
2024-04-26T19:58:53.611 INFO:teuthology.orchestra.run.smithi045.stdout:/usr/bin/ceph: stderr
2024-04-26T19:58:47.899+0000 7f4859e00700 1 -- 172.21.15.45:0/3807264391 --> [v2:172.21.15.45:3300/0,v1:172.21.15.45:6789/0] -- mon_subscribe({config=0+,monmap=0+}) -- 0x7f485c109380 con 0x7f485c1081d0
2024-04-26T19:58:53.611 INFO:teuthology.orchestra.run.smithi045.stdout:/usr/bin/ceph: stderr
2024-04-26T19:58:47.899+0000 7f4859e00700 1 --2- 172.21.15.45:0/3807264391 >> [v2:172.21.15.45:3300/0,v1:172.21.15.45:6789/0] conn(0x7f485c1081d0 0x7f485c1085f0 secure :-1 s=READY pgs=45 cs=0 l=1 rev1=1 crypto rx=0x7f484c0098a0 tx=0x7f484c009bb0 comp rx=0 tx=0).ready entity=mon.0 client_cookie=fa205f99de4b4338 server_cookie=0 in_seq=0 out_seq=0
2024-04-26T19:58:53.611 INFO:teuthology.orchestra.run.smithi045.stdout:/usr/bin/ceph: stderr
2024-04-26T19:58:47.903+0000 7f4858a00700 1 -- 172.21.15.45:0/3807264391 <== mon.0 v2:172.21.15.45:3300/0 1 ==== mon_map magic: 0 ==== 205+0+0 (secure 0 0 0) 0x7f484c004160 con 0x7f485c1081d0
2024-04-26T19:58:53.611 INFO:teuthology.orchestra.run.smithi045.stdout:/usr/bin/ceph: stderr
2024-04-26T19:58:47.903+0000 7f4858a00700 1 -- 172.21.15.45:0/3807264391 <== mon.0 v2:172.21.15.45:3300/0 2 ==== config(25 keys) ==== 1032+0+0 (secure 0 0 0) 0x7f484c004300 con 0x7f485c1081d0
2024-04-26T19:58:53.611 INFO:teuthology.orchestra.run.smithi045.stdout:/usr/bin/ceph: stderr
2024-04-26T19:58:47.903+0000 7f4858a00700 1 -- 172.21.15.45:0/3807264391 <== mon.0 v2:172.21.15.45:3300/0 3 ==== mon_map magic: 0 ==== 205+0+0 (secure 0 0 0) 0x7f484c0119e0 con 0x7f485c1081d0
2024-04-26T19:58:53.611 INFO:teuthology.orchestra.run.smithi045.stdout:/usr/bin/ceph: stderr
2024-04-26T19:58:47.903+0000 7f485b200700 1 -- 172.21.15.45:0/3807264391 >> [v2:172.21.15.45:3300/0,v1:172.21.15.45:6789/0] conn(0x7f485c1081d0 msgr2=0x7f485c1085f0 secure :-1 s=STATE_CONNECTION_ESTABLISHED l=1).mark_down
2024-04-26T19:58:53.611 INFO:teuthology.orchestra.run.smithi045.stdout:/usr/bin/ceph: stderr
2024-04-26T19:58:47.903+0000 7f485b200700 1 --2- 172.21.15.45:0/3807264391 >> [v2:172.21.15.45:3300/0,v1:172.21.15.45:6789/0] conn(0x7f485c1081d0 0x7f485c1085f0 secure :-1 s=READY pgs=45 cs=0 l=1 rev1=1 crypto rx=0x7f484c0098a0 tx=0x7f484c009bb0 comp rx=0 tx=0).stop
2024-04-26T19:58:53.611 INFO:teuthology.orchestra.run.smithi045.stdout:/usr/bin/ceph: stderr
2024-04-26T19:58:47.903+0000 7f485b200700 1 -- 172.21.15.45:0/3807264391 shutdown_connections
2024-04-26T19:58:53.612 INFO:teuthology.orchestra.run.smithi045.stdout:/usr/bin/ceph: stderr
2024-04-26T19:58:47.903+0000 7f485b200700 1 --2- 172.21.15.45:0/3807264391 >> [v2:172.21.15.45:3300/0,v1:172.21.15.45:6789/0] conn(0x7f485c1081d0 0x7f485c1085f0 unknown :-1 s=CLOSED pgs=45 cs=0 l=1 rev1=1 crypto rx=0 tx=0 comp rx=0 tx=0).stop
2024-04-26T19:58:53.612 INFO:teuthology.orchestra.run.smithi045.stdout:/usr/bin/ceph: stderr
2024-04-26T19:58:47.903+0000 7f485b200700 1 -- 172.21.15.45:0/3807264391 >> 172.21.15.45:0/3807264391 conn(0x7f485c1037b0 msgr2=0x7f485c105bd0 unknown :-1 s=STATE_NONE l=0).mark_down
2024-04-26T19:58:53.612 INFO:teuthology.orchestra.run.smithi045.stdout:/usr/bin/ceph: stderr
2024-04-26T19:58:47.903+0000 7f485b200700 1 -- 172.21.15.45:0/3807264391 shutdown_connections
2024-04-26T19:58:53.612 INFO:teuthology.orchestra.run.smithi045.stdout:/usr/bin/ceph: stderr
2024-04-26T19:58:47.903+0000 7f485b200700 1 -- 172.21.15.45:0/3807264391 wait complete.
2024-04-26T19:58:53.612 INFO:teuthology.orchestra.run.smithi045.stdout:/usr/bin/ceph: stderr
2024-04-26T19:58:47.903+0000 7f485b200700 1 Processor -- start
2024-04-26T19:58:53.612 INFO:teuthology.orchestra.run.smithi045.stdout:/usr/bin/ceph: stderr
2024-04-26T19:58:47.903+0000 7f485b200700 1 -- start start
2024-04-26T19:58:53.612 INFO:teuthology.orchestra.run.smithi045.stdout:/usr/bin/ceph: stderr
2024-04-26T19:58:47.903+0000 7f485b200700 1 --2- >> [v2:172.21.15.45:3300/0,v1:172.21.15.45:6789/0] conn(0x7f485c1081d0 0x7f485c19e290 unknown :-1 s=NONE pgs=0 cs=0 l=1 rev1=0 crypto rx=0 tx=0 comp rx=0 tx=0).connect
2024-04-26T19:58:53.612 INFO:teuthology.orchestra.run.smithi045.stdout:/usr/bin/ceph: stderr
2024-04-26T19:58:47.903+0000 7f485b200700 1 -- --> [v2:172.21.15.45:3300/0,v1:172.21.15.45:6789/0] -- mon_getmap magic: 0 -- 0x7f485c10c5b0 con 0x7f485c1081d0
2024-04-26T19:58:53.612 INFO:teuthology.orchestra.run.smithi045.stdout:/usr/bin/ceph: stderr
2024-04-26T19:58:47.903+0000 7f4859e00700 1 --2- >> [v2:172.21.15.45:3300/0,v1:172.21.15.45:6789/0] conn(0x7f485c1081d0 0x7f485c19e290 unknown :-1 s=BANNER_CONNECTING pgs=0 cs=0 l=1 rev1=0 crypto rx=0 tx=0 comp rx=0 tx=0)._handle_peer_banner_payload supported=3 required=0
2024-04-26T19:58:53.612 INFO:teuthology.orchestra.run.smithi045.stdout:/usr/bin/ceph: stderr
2024-04-26T19:58:47.903+0000 7f4859e00700 1 --2- >> [v2:172.21.15.45:3300/0,v1:172.21.15.45:6789/0] conn(0x7f485c1081d0 0x7f485c19e290 unknown :-1 s=HELLO_CONNECTING pgs=0 cs=0 l=1 rev1=1 crypto rx=0 tx=0 comp rx=0 tx=0).handle_hello peer v2:172.21.15.45:3300/0 says I am v2:172.21.15.45:58986/0 (socket says 172.21.15.45:58986)
2024-04-26T19:58:53.612 INFO:teuthology.orchestra.run.smithi045.stdout:/usr/bin/ceph: stderr
2024-04-26T19:58:47.903+0000 7f4859e00700 1 -- 172.21.15.45:0/948429402 learned_addr learned my addr 172.21.15.45:0/948429402 (peer_addr_for_me v2:172.21.15.45:0/0)
2024-04-26T19:58:53.612 INFO:teuthology.orchestra.run.smithi045.stdout:/usr/bin/ceph: stderr
2024-04-26T19:58:47.903+0000 7f4859e00700 1 -- 172.21.15.45:0/948429402 --> [v2:172.21.15.45:3300/0,v1:172.21.15.45:6789/0] -- mon_subscribe({config=0+,monmap=0+}) -- 0x7f485c19e7d0 con 0x7f485c1081d0
2024-04-26T19:58:53.612 INFO:teuthology.orchestra.run.smithi045.stdout:/usr/bin/ceph: stderr
2024-04-26T19:58:47.903+0000 7f4859e00700 1 --2- 172.21.15.45:0/948429402 >> [v2:172.21.15.45:3300/0,v1:172.21.15.45:6789/0] conn(0x7f485c1081d0 0x7f485c19e290 secure :-1 s=READY pgs=46 cs=0 l=1 rev1=1 crypto rx=0x7f484c0119b0 tx=0x7f484c011a90 comp rx=0 tx=0).ready entity=mon.0 client_cookie=0 server_cookie=0 in_seq=0 out_seq=0
2024-04-26T19:58:53.613 INFO:teuthology.orchestra.run.smithi045.stdout:/usr/bin/ceph: stderr
2024-04-26T19:58:47.903+0000 7f4852a00700 1 -- 172.21.15.45:0/948429402 <== mon.0 v2:172.21.15.45:3300/0 1 ==== mon_map magic: 0 ==== 205+0+0 (secure 0 0 0) 0x7f484c003b70 con 0x7f485c1081d0
2024-04-26T19:58:53.613 INFO:teuthology.orchestra.run.smithi045.stdout:/usr/bin/ceph: stderr
2024-04-26T19:58:47.903+0000 7f4852a00700 1 -- 172.21.15.45:0/948429402 <== mon.0 v2:172.21.15.45:3300/0 2 ==== config(25 keys) ==== 1032+0+0 (secure 0 0 0) 0x7f484c01a8a0 con 0x7f485c1081d0
2024-04-26T19:58:53.613 INFO:teuthology.orchestra.run.smithi045.stdout:/usr/bin/ceph: stderr
2024-04-26T19:58:47.903+0000 7f4852a00700 1 -- 172.21.15.45:0/948429402 <== mon.0 v2:172.21.15.45:3300/0 3 ==== mon_map magic: 0 ==== 205+0+0 (secure 0 0 0) 0x7f484c024830 con 0x7f485c1081d0
2024-04-26T19:58:53.613 INFO:teuthology.orchestra.run.smithi045.stdout:/usr/bin/ceph: stderr
2024-04-26T19:58:47.903+0000 7f485b200700 1 -- 172.21.15.45:0/948429402 --> [v2:172.21.15.45:3300/0,v1:172.21.15.45:6789/0] -- mon_subscribe({mgrmap=0+}) -- 0x7f485c19ea60 con 0x7f485c1081d0
2024-04-26T19:58:53.613 INFO:teuthology.orchestra.run.smithi045.stdout:/usr/bin/ceph: stderr
2024-04-26T19:58:47.903+0000 7f485b200700 1 -- 172.21.15.45:0/948429402 --> [v2:172.21.15.45:3300/0,v1:172.21.15.45:6789/0] -- mon_subscribe({osdmap=0}) -- 0x7f485c1a1750 con 0x7f485c1081d0
2024-04-26T19:58:53.613 INFO:teuthology.orchestra.run.smithi045.stdout:/usr/bin/ceph: stderr
2024-04-26T19:58:47.907+0000 7f485b200700 1 -- 172.21.15.45:0/948429402 --> [v2:172.21.15.45:3300/0,v1:172.21.15.45:6789/0] -- mon_command({"prefix": "get_command_descriptions"} v 0) -- 0x7f485c064a80 con 0x7f485c1081d0
2024-04-26T19:58:53.613 INFO:teuthology.orchestra.run.smithi045.stdout:/usr/bin/ceph: stderr
2024-04-26T19:58:47.907+0000 7f4852a00700 1 -- 172.21.15.45:0/948429402 <== mon.0 v2:172.21.15.45:3300/0 4 ==== mgrmap(e 8) ==== 46558+0+0 (secure 0 0 0) 0x7f484c022020 con 0x7f485c1081d0
2024-04-26T19:58:53.613 INFO:teuthology.orchestra.run.smithi045.stdout:/usr/bin/ceph: stderr
2024-04-26T19:58:47.907+0000 7f4852a00700 1 --2- 172.21.15.45:0/948429402 >> [v2:172.21.15.45:6800/3941906557,v1:172.21.15.45:6801/3941906557] conn(0x7f4840039560 0x7f484003ba20 unknown :-1 s=NONE pgs=0 cs=0 l=1 rev1=0 crypto rx=0 tx=0 comp rx=0 tx=0).connect
2024-04-26T19:58:53.613 INFO:teuthology.orchestra.run.smithi045.stdout:/usr/bin/ceph: stderr
2024-04-26T19:58:47.907+0000 7f4852a00700 1 -- 172.21.15.45:0/948429402 <== mon.0 v2:172.21.15.45:3300/0 5 ==== osd_map(2..2 src has 1..2) ==== 940+0+0 (secure 0 0 0) 0x7f484c04dbf0 con 0x7f485c1081d0
2024-04-26T19:58:53.613 INFO:teuthology.orchestra.run.smithi045.stdout:/usr/bin/ceph: stderr
2024-04-26T19:58:47.907+0000 7f4859400700 1 --2- 172.21.15.45:0/948429402 >> [v2:172.21.15.45:6800/3941906557,v1:172.21.15.45:6801/3941906557] conn(0x7f4840039560 0x7f484003ba20 unknown :-1 s=BANNER_CONNECTING pgs=0 cs=0 l=1 rev1=0 crypto rx=0 tx=0 comp rx=0 tx=0)._handle_peer_banner_payload supported=3 required=0
2024-04-26T19:58:53.613 INFO:teuthology.orchestra.run.smithi045.stdout:/usr/bin/ceph: stderr
2024-04-26T19:58:47.907+0000 7f4859400700 1 --2- 172.21.15.45:0/948429402 >> [v2:172.21.15.45:6800/3941906557,v1:172.21.15.45:6801/3941906557] conn(0x7f4840039560 0x7f484003ba20 secure :-1 s=READY pgs=11 cs=0 l=1 rev1=1 crypto rx=0x7f4848006fd0 tx=0x7f4848006e40 comp rx=0 tx=0).ready entity=mgr.14120 client_cookie=0 server_cookie=0 in_seq=0 out_seq=0
2024-04-26T19:58:53.613 INFO:teuthology.orchestra.run.smithi045.stdout:/usr/bin/ceph: stderr
2024-04-26T19:58:47.911+0000 7f4852a00700 1 -- 172.21.15.45:0/948429402 <== mon.0 v2:172.21.15.45:3300/0 6 ==== mon_command_ack([{"prefix": "get_command_descriptions"}]=0 v0) ==== 72+0+188494 (secure 0 0 0) 0x7f484c02c3a0 con 0x7f485c1081d0
2024-04-26T19:58:53.613 INFO:teuthology.orchestra.run.smithi045.stdout:/usr/bin/ceph: stderr
2024-04-26T19:58:48.139+0000 7f485b200700 1 -- 172.21.15.45:0/948429402 --> [v2:172.21.15.45:6800/3941906557,v1:172.21.15.45:6801/3941906557] -- mgr_command(tid 0: {"prefix": "orch host add", "hostname": "smithi045", "addr": "172.21.15.45", "target": ["mon-mgr", ""]}) -- 0x7f485c1049a0 con 0x7f4840039560
2024-04-26T19:58:53.613 INFO:teuthology.orchestra.run.smithi045.stdout:/usr/bin/ceph: stderr
2024-04-26T19:58:52.967+0000 7f4852a00700 1 -- 172.21.15.45:0/948429402 <== mgr.14120 v2:172.21.15.45:6800/3941906557 1 ==== mgr_command_reply(tid 0: 0 ) ==== 8+0+48 (secure 0 0 0) 0x7f485c1049a0 con 0x7f4840039560
2024-04-26T19:58:53.613 INFO:teuthology.orchestra.run.smithi045.stdout:/usr/bin/ceph: stderr
2024-04-26T19:58:52.971+0000 7f485b200700 1 -- 172.21.15.45:0/948429402 >> [v2:172.21.15.45:6800/3941906557,v1:172.21.15.45:6801/3941906557] conn(0x7f4840039560 msgr2=0x7f484003ba20 secure :-1 s=STATE_CONNECTION_ESTABLISHED l=1).mark_down
2024-04-26T19:58:53.614 INFO:teuthology.orchestra.run.smithi045.stdout:/usr/bin/ceph: stderr
2024-04-26T19:58:52.971+0000 7f485b200700 1 --2- 172.21.15.45:0/948429402 >> [v2:172.21.15.45:6800/3941906557,v1:172.21.15.45:6801/3941906557] conn(0x7f4840039560 0x7f484003ba20 secure :-1 s=READY pgs=11 cs=0 l=1 rev1=1 crypto rx=0x7f4848006fd0 tx=0x7f4848006e40 comp rx=0 tx=0).stop
2024-04-26T19:58:53.614 INFO:teuthology.orchestra.run.smithi045.stdout:/usr/bin/ceph: stderr
2024-04-26T19:58:52.971+0000 7f485b200700 1 -- 172.21.15.45:0/948429402 >> [v2:172.21.15.45:3300/0,v1:172.21.15.45:6789/0] conn(0x7f485c1081d0 msgr2=0x7f485c19e290 secure :-1 s=STATE_CONNECTION_ESTABLISHED l=1).mark_down
2024-04-26T19:58:53.614 INFO:teuthology.orchestra.run.smithi045.stdout:/usr/bin/ceph: stderr
2024-04-26T19:58:52.971+0000 7f485b200700 1 --2- 172.21.15.45:0/948429402 >> [v2:172.21.15.45:3300/0,v1:172.21.15.45:6789/0] conn(0x7f485c1081d0 0x7f485c19e290 secure :-1 s=READY pgs=46 cs=0 l=1 rev1=1 crypto rx=0x7f484c0119b0 tx=0x7f484c011a90 comp rx=0 tx=0).stop
2024-04-26T19:58:53.614 INFO:teuthology.orchestra.run.smithi045.stdout:/usr/bin/ceph: stderr
2024-04-26T19:58:52.971+0000 7f485b200700 1 -- 172.21.15.45:0/948429402 shutdown_connections
2024-04-26T19:58:53.614 INFO:teuthology.orchestra.run.smithi045.stdout:/usr/bin/ceph: stderr
2024-04-26T19:58:52.971+0000 7f485b200700 1 --2- 172.21.15.45:0/948429402 >> [v2:172.21.15.45:6800/3941906557,v1:172.21.15.45:6801/3941906557] conn(0x7f4840039560 0x7f484003ba20 unknown :-1 s=CLOSED pgs=11 cs=0 l=1 rev1=1 crypto rx=0 tx=0 comp rx=0 tx=0).stop
2024-04-26T19:58:53.614 INFO:teuthology.orchestra.run.smithi045.stdout:/usr/bin/ceph: stderr
2024-04-26T19:58:52.971+0000 7f485b200700 1 --2- 172.21.15.45:0/948429402 >> [v2:172.21.15.45:3300/0,v1:172.21.15.45:6789/0] conn(0x7f485c1081d0 0x7f485c19e290 unknown :-1 s=CLOSED pgs=46 cs=0 l=1 rev1=1 crypto rx=0 tx=0 comp rx=0 tx=0).stop
2024-04-26T19:58:53.614 INFO:teuthology.orchestra.run.smithi045.stdout:/usr/bin/ceph: stderr
2024-04-26T19:58:52.971+0000 7f485b200700 1 -- 172.21.15.45:0/948429402 >> 172.21.15.45:0/948429402 conn(0x7f485c1037b0 msgr2=0x7f485c104290 unknown :-1 s=STATE_NONE l=0).mark_down
2024-04-26T19:58:53.614 INFO:teuthology.orchestra.run.smithi045.stdout:/usr/bin/ceph: stderr
2024-04-26T19:58:52.971+0000 7f485b200700 1 -- 172.21.15.45:0/948429402 shutdown_connections
2024-04-26T19:58:53.614 INFO:teuthology.orchestra.run.smithi045.stdout:/usr/bin/ceph: stderr
2024-04-26T19:58:52.971+0000 7f485b200700 1 -- 172.21.15.45:0/948429402 wait complete.
2024-04-26T19:58:53.614 INFO:teuthology.orchestra.run.smithi045.stdout:Deploying unmanaged mon service...
2024-04-26T19:58:54.246 INFO:journalctl@ceph.mon.a.smithi045.stdout:Apr 26 19:58:53 smithi045 bash[21414]: audit
2024-04-26T19:58:52.971876+0000 mon.a (mon.0) 62 : audit [INF] from='mgr.14120 172.21.15.45:0/2095348964' entity='mgr.x'
2024-04-26T19:58:54.246 INFO:journalctl@ceph.mon.a.smithi045.stdout:Apr 26 19:58:53 smithi045 bash[21414]: audit
2024-04-26T19:58:52.971876+0000 mon.a (mon.0) 62 : audit [INF] from='mgr.14120 172.21.15.45:0/2095348964' entity='mgr.x'
2024-04-26T19:58:54.246 INFO:journalctl@ceph.mon.a.smithi045.stdout:Apr 26 19:58:53 smithi045 bash[21414]: cephadm
2024-04-26T19:58:52.972306+0000 mgr.x (mgr.14120) 15 : cephadm [INF] Added host smithi045
2024-04-26T19:58:54.246 INFO:journalctl@ceph.mon.a.smithi045.stdout:Apr 26 19:58:53 smithi045 bash[21414]: cephadm
2024-04-26T19:58:52.972306+0000 mgr.x (mgr.14120) 15 : cephadm [INF] Added host smithi045
2024-04-26T19:58:54.246 INFO:journalctl@ceph.mon.a.smithi045.stdout:Apr 26 19:58:53 smithi045 bash[21414]: audit
2024-04-26T19:58:53.019676+0000 mon.a (mon.0) 63 : audit [DBG] from='mgr.14120 172.21.15.45:0/2095348964' entity='mgr.x' cmd=[{"prefix": "config dump", "format": "json"}]: dispatch
2024-04-26T19:58:54.246 INFO:journalctl@ceph.mon.a.smithi045.stdout:Apr 26 19:58:53 smithi045 bash[21414]: audit
2024-04-26T19:58:53.019676+0000 mon.a (mon.0) 63 : audit [DBG] from='mgr.14120 172.21.15.45:0/2095348964' entity='mgr.x' cmd=[{"prefix": "config dump", "format": "json"}]: dispatch
2024-04-26T19:58:56.208 INFO:teuthology.orchestra.run.smithi045.stdout:/usr/bin/ceph: stdout Scheduled mon update...
2024-04-26T19:58:56.209 INFO:teuthology.orchestra.run.smithi045.stdout:/usr/bin/ceph: stderr
2024-04-26T19:58:55.147+0000 7f2a8dc00700 1 Processor -- start
2024-04-26T19:58:56.209 INFO:teuthology.orchestra.run.smithi045.stdout:/usr/bin/ceph: stderr
2024-04-26T19:58:55.147+0000 7f2a8dc00700 1 -- start start
2024-04-26T19:58:56.209 INFO:teuthology.orchestra.run.smithi045.stdout:/usr/bin/ceph: stderr
2024-04-26T19:58:55.147+0000 7f2a8dc00700 1 --2- >> [v2:172.21.15.45:3300/0,v1:172.21.15.45:6789/0] conn(0x7f2a881083a0 0x7f2a881087c0 unknown :-1 s=NONE pgs=0 cs=0 l=0 rev1=0 crypto rx=0 tx=0 comp rx=0 tx=0).connect
2024-04-26T19:58:56.209 INFO:teuthology.orchestra.run.smithi045.stdout:/usr/bin/ceph: stderr
2024-04-26T19:58:55.147+0000 7f2a8dc00700 1 -- --> [v2:172.21.15.45:3300/0,v1:172.21.15.45:6789/0] -- mon_getmap magic: 0 -- 0x7f2a88108d90 con 0x7f2a881083a0
2024-04-26T19:58:56.209 INFO:teuthology.orchestra.run.smithi045.stdout:/usr/bin/ceph: stderr
2024-04-26T19:58:55.147+0000 7f2a86a00700 1 --2- >> [v2:172.21.15.45:3300/0,v1:172.21.15.45:6789/0] conn(0x7f2a881083a0 0x7f2a881087c0 unknown :-1 s=BANNER_CONNECTING pgs=0 cs=0 l=0 rev1=0 crypto rx=0 tx=0 comp rx=0 tx=0)._handle_peer_banner_payload supported=3 required=0
2024-04-26T19:58:56.209 INFO:teuthology.orchestra.run.smithi045.stdout:/usr/bin/ceph: stderr
2024-04-26T19:58:55.147+0000 7f2a86a00700 1 --2- >> [v2:172.21.15.45:3300/0,v1:172.21.15.45:6789/0] conn(0x7f2a881083a0 0x7f2a881087c0 unknown :-1 s=HELLO_CONNECTING pgs=0 cs=0 l=0 rev1=1 crypto rx=0 tx=0 comp rx=0 tx=0).handle_hello peer v2:172.21.15.45:3300/0 says I am v2:172.21.15.45:52684/0 (socket says 172.21.15.45:52684)
2024-04-26T19:58:56.209 INFO:teuthology.orchestra.run.smithi045.stdout:/usr/bin/ceph: stderr
2024-04-26T19:58:55.147+0000 7f2a86a00700 1 -- 172.21.15.45:0/1887247256 learned_addr learned my addr 172.21.15.45:0/1887247256 (peer_addr_for_me v2:172.21.15.45:0/0)
2024-04-26T19:58:56.209 INFO:teuthology.orchestra.run.smithi045.stdout:/usr/bin/ceph: stderr
2024-04-26T19:58:55.147+0000 7f2a86a00700 1 -- 172.21.15.45:0/1887247256 --> [v2:172.21.15.45:3300/0,v1:172.21.15.45:6789/0] -- mon_subscribe({config=0+,monmap=0+}) -- 0x7f2a88109550 con 0x7f2a881083a0
2024-04-26T19:58:56.209 INFO:teuthology.orchestra.run.smithi045.stdout:/usr/bin/ceph: stderr
2024-04-26T19:58:55.147+0000 7f2a86a00700 1 --2- 172.21.15.45:0/1887247256 >> [v2:172.21.15.45:3300/0,v1:172.21.15.45:6789/0] conn(0x7f2a881083a0 0x7f2a881087c0 secure :-1 s=READY pgs=47 cs=0 l=1 rev1=1 crypto rx=0x7f2a780098a0 tx=0x7f2a78009bb0 comp rx=0 tx=0).ready entity=mon.0 client_cookie=ca3998026d729825 server_cookie=0 in_seq=0 out_seq=0
2024-04-26T19:58:56.209 INFO:teuthology.orchestra.run.smithi045.stdout:/usr/bin/ceph: stderr
2024-04-26T19:58:55.147+0000 7f2a85600700 1 -- 172.21.15.45:0/1887247256 <== mon.0 v2:172.21.15.45:3300/0 1 ==== mon_map magic: 0 ==== 205+0+0 (secure 0 0 0) 0x7f2a78004160 con 0x7f2a881083a0
2024-04-26T19:58:56.209 INFO:teuthology.orchestra.run.smithi045.stdout:/usr/bin/ceph: stderr
2024-04-26T19:58:55.147+0000 7f2a85600700 1 -- 172.21.15.45:0/1887247256 <== mon.0 v2:172.21.15.45:3300/0 2 ==== config(25 keys) ==== 1032+0+0 (secure 0 0 0) 0x7f2a78004300 con 0x7f2a881083a0
2024-04-26T19:58:56.210 INFO:teuthology.orchestra.run.smithi045.stdout:/usr/bin/ceph: stderr
2024-04-26T19:58:55.147+0000 7f2a85600700 1 -- 172.21.15.45:0/1887247256 <== mon.0 v2:172.21.15.45:3300/0 3 ==== mon_map magic: 0 ==== 205+0+0 (secure 0 0 0) 0x7f2a780119e0 con 0x7f2a881083a0
2024-04-26T19:58:56.210 INFO:teuthology.orchestra.run.smithi045.stdout:/usr/bin/ceph: stderr
2024-04-26T19:58:55.147+0000 7f2a8dc00700 1 -- 172.21.15.45:0/1887247256 >> [v2:172.21.15.45:3300/0,v1:172.21.15.45:6789/0] conn(0x7f2a881083a0 msgr2=0x7f2a881087c0 secure :-1 s=STATE_CONNECTION_ESTABLISHED l=1).mark_down
2024-04-26T19:58:56.210 INFO:teuthology.orchestra.run.smithi045.stdout:/usr/bin/ceph: stderr
2024-04-26T19:58:55.147+0000 7f2a8dc00700 1 --2- 172.21.15.45:0/1887247256 >> [v2:172.21.15.45:3300/0,v1:172.21.15.45:6789/0] conn(0x7f2a881083a0 0x7f2a881087c0 secure :-1 s=READY pgs=47 cs=0 l=1 rev1=1 crypto rx=0x7f2a780098a0 tx=0x7f2a78009bb0 comp rx=0 tx=0).stop
2024-04-26T19:58:56.210 INFO:teuthology.orchestra.run.smithi045.stdout:/usr/bin/ceph: stderr
2024-04-26T19:58:55.147+0000 7f2a8dc00700 1 -- 172.21.15.45:0/1887247256 shutdown_connections
2024-04-26T19:58:56.210 INFO:teuthology.orchestra.run.smithi045.stdout:/usr/bin/ceph: stderr
2024-04-26T19:58:55.147+0000 7f2a8dc00700 1 --2- 172.21.15.45:0/1887247256 >> [v2:172.21.15.45:3300/0,v1:172.21.15.45:6789/0] conn(0x7f2a881083a0 0x7f2a881087c0 unknown :-1 s=CLOSED pgs=47 cs=0 l=1 rev1=1 crypto rx=0 tx=0 comp rx=0 tx=0).stop
2024-04-26T19:58:56.210 INFO:teuthology.orchestra.run.smithi045.stdout:/usr/bin/ceph: stderr
2024-04-26T19:58:55.147+0000 7f2a8dc00700 1 -- 172.21.15.45:0/1887247256 >> 172.21.15.45:0/1887247256 conn(0x7f2a88103960 msgr2=0x7f2a88105d80 unknown :-1 s=STATE_NONE l=0).mark_down
2024-04-26T19:58:56.210 INFO:teuthology.orchestra.run.smithi045.stdout:/usr/bin/ceph: stderr
2024-04-26T19:58:55.147+0000 7f2a8dc00700 1 -- 172.21.15.45:0/1887247256 shutdown_connections
2024-04-26T19:58:56.210 INFO:teuthology.orchestra.run.smithi045.stdout:/usr/bin/ceph: stderr
2024-04-26T19:58:55.147+0000 7f2a8dc00700 1 -- 172.21.15.45:0/1887247256 wait complete.
2024-04-26T19:58:56.210 INFO:teuthology.orchestra.run.smithi045.stdout:/usr/bin/ceph: stderr
2024-04-26T19:58:55.151+0000 7f2a8dc00700 1 Processor -- start
2024-04-26T19:58:56.210 INFO:teuthology.orchestra.run.smithi045.stdout:/usr/bin/ceph: stderr
2024-04-26T19:58:55.151+0000 7f2a8dc00700 1 -- start start
2024-04-26T19:58:56.210 INFO:teuthology.orchestra.run.smithi045.stdout:/usr/bin/ceph: stderr
2024-04-26T19:58:55.151+0000 7f2a8dc00700 1 --2- >> [v2:172.21.15.45:3300/0,v1:172.21.15.45:6789/0] conn(0x7f2a881083a0 0x7f2a8819c200 unknown :-1 s=NONE pgs=0 cs=0 l=1 rev1=0 crypto rx=0 tx=0 comp rx=0 tx=0).connect
2024-04-26T19:58:56.210 INFO:teuthology.orchestra.run.smithi045.stdout:/usr/bin/ceph: stderr
2024-04-26T19:58:55.151+0000 7f2a8dc00700 1 -- --> [v2:172.21.15.45:3300/0,v1:172.21.15.45:6789/0] -- mon_getmap magic: 0 -- 0x7f2a8810c780 con 0x7f2a881083a0
2024-04-26T19:58:56.210 INFO:teuthology.orchestra.run.smithi045.stdout:/usr/bin/ceph: stderr
2024-04-26T19:58:55.151+0000 7f2a86a00700 1 --2- >> [v2:172.21.15.45:3300/0,v1:172.21.15.45:6789/0] conn(0x7f2a881083a0 0x7f2a8819c200 unknown :-1 s=BANNER_CONNECTING pgs=0 cs=0 l=1 rev1=0 crypto rx=0 tx=0 comp rx=0 tx=0)._handle_peer_banner_payload supported=3 required=0
2024-04-26T19:58:56.211 INFO:teuthology.orchestra.run.smithi045.stdout:/usr/bin/ceph: stderr
2024-04-26T19:58:55.151+0000 7f2a86a00700 1 --2- >> [v2:172.21.15.45:3300/0,v1:172.21.15.45:6789/0] conn(0x7f2a881083a0 0x7f2a8819c200 unknown :-1 s=HELLO_CONNECTING pgs=0 cs=0 l=1 rev1=1 crypto rx=0 tx=0 comp rx=0 tx=0).handle_hello peer v2:172.21.15.45:3300/0 says I am v2:172.21.15.45:52700/0 (socket says 172.21.15.45:52700)
2024-04-26T19:58:56.211 INFO:teuthology.orchestra.run.smithi045.stdout:/usr/bin/ceph: stderr
2024-04-26T19:58:55.151+0000 7f2a86a00700 1 -- 172.21.15.45:0/3575037124 learned_addr learned my addr 172.21.15.45:0/3575037124 (peer_addr_for_me v2:172.21.15.45:0/0)
2024-04-26T19:58:56.211 INFO:teuthology.orchestra.run.smithi045.stdout:/usr/bin/ceph: stderr
2024-04-26T19:58:55.151+0000 7f2a86a00700 1 -- 172.21.15.45:0/3575037124 --> [v2:172.21.15.45:3300/0,v1:172.21.15.45:6789/0] -- mon_subscribe({config=0+,monmap=0+}) -- 0x7f2a8819c740 con 0x7f2a881083a0
2024-04-26T19:58:56.211 INFO:teuthology.orchestra.run.smithi045.stdout:/usr/bin/ceph: stderr
2024-04-26T19:58:55.151+0000 7f2a86a00700 1 --2- 172.21.15.45:0/3575037124 >> [v2:172.21.15.45:3300/0,v1:172.21.15.45:6789/0] conn(0x7f2a881083a0 0x7f2a8819c200 secure :-1 s=READY pgs=48 cs=0 l=1 rev1=1 crypto rx=0x7f2a78006b20 tx=0x7f2a78011a60 comp rx=0 tx=0).ready entity=mon.0 client_cookie=0 server_cookie=0 in_seq=0 out_seq=0
2024-04-26T19:58:56.211 INFO:teuthology.orchestra.run.smithi045.stdout:/usr/bin/ceph: stderr
2024-04-26T19:58:55.151+0000 7f2a7f400700 1 -- 172.21.15.45:0/3575037124 <== mon.0 v2:172.21.15.45:3300/0 1 ==== mon_map magic: 0 ==== 205+0+0 (secure 0 0 0) 0x7f2a78003a60 con 0x7f2a881083a0
2024-04-26T19:58:56.211 INFO:teuthology.orchestra.run.smithi045.stdout:/usr/bin/ceph: stderr
2024-04-26T19:58:55.151+0000 7f2a7f400700 1 -- 172.21.15.45:0/3575037124 <== mon.0 v2:172.21.15.45:3300/0 2 ==== config(25 keys) ==== 1032+0+0 (secure 0 0 0) 0x7f2a78003c00 con 0x7f2a881083a0
2024-04-26T19:58:56.211 INFO:teuthology.orchestra.run.smithi045.stdout:/usr/bin/ceph: stderr
2024-04-26T19:58:55.151+0000 7f2a7f400700 1 -- 172.21.15.45:0/3575037124 <== mon.0 v2:172.21.15.45:3300/0 3 ==== mon_map magic: 0 ==== 205+0+0 (secure 0 0 0) 0x7f2a78024780 con 0x7f2a881083a0
2024-04-26T19:58:56.211 INFO:teuthology.orchestra.run.smithi045.stdout:/usr/bin/ceph: stderr
2024-04-26T19:58:55.151+0000 7f2a8dc00700 1 -- 172.21.15.45:0/3575037124 --> [v2:172.21.15.45:3300/0,v1:172.21.15.45:6789/0] -- mon_subscribe({mgrmap=0+}) -- 0x7f2a8819c9d0 con 0x7f2a881083a0
2024-04-26T19:58:56.211 INFO:teuthology.orchestra.run.smithi045.stdout:/usr/bin/ceph: stderr
2024-04-26T19:58:55.151+0000 7f2a8dc00700 1 -- 172.21.15.45:0/3575037124 --> [v2:172.21.15.45:3300/0,v1:172.21.15.45:6789/0] -- mon_subscribe({osdmap=0}) -- 0x7f2a8819f6c0 con 0x7f2a881083a0
2024-04-26T19:58:56.211 INFO:teuthology.orchestra.run.smithi045.stdout:/usr/bin/ceph: stderr
2024-04-26T19:58:55.151+0000 7f2a7f400700 1 -- 172.21.15.45:0/3575037124 <== mon.0 v2:172.21.15.45:3300/0 4 ==== mgrmap(e 8) ==== 46558+0+0 (secure 0 0 0) 0x7f2a78022020 con 0x7f2a881083a0
2024-04-26T19:58:56.211 INFO:teuthology.orchestra.run.smithi045.stdout:/usr/bin/ceph: stderr
2024-04-26T19:58:55.151+0000 7f2a8dc00700 1 -- 172.21.15.45:0/3575037124 --> [v2:172.21.15.45:3300/0,v1:172.21.15.45:6789/0] -- mon_command({"prefix": "get_command_descriptions"} v 0) -- 0x7f2a88064a80 con 0x7f2a881083a0
2024-04-26T19:58:56.211 INFO:teuthology.orchestra.run.smithi045.stdout:/usr/bin/ceph: stderr
2024-04-26T19:58:55.151+0000 7f2a7f400700 1 --2- 172.21.15.45:0/3575037124 >> [v2:172.21.15.45:6800/3941906557,v1:172.21.15.45:6801/3941906557] conn(0x7f2a6c039600 0x7f2a6c03bac0 unknown :-1 s=NONE pgs=0 cs=0 l=1 rev1=0 crypto rx=0 tx=0 comp rx=0 tx=0).connect
2024-04-26T19:58:56.211 INFO:teuthology.orchestra.run.smithi045.stdout:/usr/bin/ceph: stderr
2024-04-26T19:58:55.155+0000 7f2a7f400700 1 -- 172.21.15.45:0/3575037124 <== mon.0 v2:172.21.15.45:3300/0 5 ==== osd_map(2..2 src has 1..2) ==== 940+0+0 (secure 0 0 0) 0x7f2a7804dab0 con 0x7f2a881083a0
2024-04-26T19:58:56.211 INFO:teuthology.orchestra.run.smithi045.stdout:/usr/bin/ceph: stderr
2024-04-26T19:58:55.155+0000 7f2a86000700 1 --2- 172.21.15.45:0/3575037124 >> [v2:172.21.15.45:6800/3941906557,v1:172.21.15.45:6801/3941906557] conn(0x7f2a6c039600 0x7f2a6c03bac0 unknown :-1 s=BANNER_CONNECTING pgs=0 cs=0 l=1 rev1=0 crypto rx=0 tx=0 comp rx=0 tx=0)._handle_peer_banner_payload supported=3 required=0
2024-04-26T19:58:56.212 INFO:teuthology.orchestra.run.smithi045.stdout:/usr/bin/ceph: stderr
2024-04-26T19:58:55.155+0000 7f2a86000700 1 --2- 172.21.15.45:0/3575037124 >> [v2:172.21.15.45:6800/3941906557,v1:172.21.15.45:6801/3941906557] conn(0x7f2a6c039600 0x7f2a6c03bac0 secure :-1 s=READY pgs=12 cs=0 l=1 rev1=1 crypto rx=0x7f2a74006fd0 tx=0x7f2a74006e40 comp rx=0 tx=0).ready entity=mgr.14120 client_cookie=0 server_cookie=0 in_seq=0 out_seq=0
2024-04-26T19:58:56.212 INFO:teuthology.orchestra.run.smithi045.stdout:/usr/bin/ceph: stderr
2024-04-26T19:58:55.159+0000 7f2a7f400700 1 -- 172.21.15.45:0/3575037124 <== mon.0 v2:172.21.15.45:3300/0 6 ==== mon_command_ack([{"prefix": "get_command_descriptions"}]=0 v0) ==== 72+0+188494 (secure 0 0 0) 0x7f2a7800f2e0 con 0x7f2a881083a0
2024-04-26T19:58:56.212 INFO:teuthology.orchestra.run.smithi045.stdout:/usr/bin/ceph: stderr
2024-04-26T19:58:55.395+0000 7f2a8dc00700 1 -- 172.21.15.45:0/3575037124 --> [v2:172.21.15.45:6800/3941906557,v1:172.21.15.45:6801/3941906557] -- mgr_command(tid 0: {"prefix": "orch apply", "service_type": "mon", "unmanaged": true, "target": ["mon-mgr", ""]}) -- 0x7f2a88104b40 con 0x7f2a6c039600
2024-04-26T19:58:56.212 INFO:teuthology.orchestra.run.smithi045.stdout:/usr/bin/ceph: stderr
2024-04-26T19:58:55.403+0000 7f2a7f400700 1 -- 172.21.15.45:0/3575037124 <== mgr.14120 v2:172.21.15.45:6800/3941906557 1 ==== mgr_command_reply(tid 0: 0 ) ==== 8+0+24 (secure 0 0 0) 0x7f2a88104b40 con 0x7f2a6c039600
2024-04-26T19:58:56.212 INFO:teuthology.orchestra.run.smithi045.stdout:/usr/bin/ceph: stderr
2024-04-26T19:58:55.403+0000 7f2a8dc00700 1 -- 172.21.15.45:0/3575037124 >> [v2:172.21.15.45:6800/3941906557,v1:172.21.15.45:6801/3941906557] conn(0x7f2a6c039600 msgr2=0x7f2a6c03bac0 secure :-1 s=STATE_CONNECTION_ESTABLISHED l=1).mark_down
2024-04-26T19:58:56.212 INFO:teuthology.orchestra.run.smithi045.stdout:/usr/bin/ceph: stderr
2024-04-26T19:58:55.403+0000 7f2a8dc00700 1 --2- 172.21.15.45:0/3575037124 >> [v2:172.21.15.45:6800/3941906557,v1:172.21.15.45:6801/3941906557] conn(0x7f2a6c039600 0x7f2a6c03bac0 secure :-1 s=READY pgs=12 cs=0 l=1 rev1=1 crypto rx=0x7f2a74006fd0 tx=0x7f2a74006e40 comp rx=0 tx=0).stop
2024-04-26T19:58:56.212 INFO:teuthology.orchestra.run.smithi045.stdout:/usr/bin/ceph: stderr
2024-04-26T19:58:55.403+0000 7f2a8dc00700 1 -- 172.21.15.45:0/3575037124 >> [v2:172.21.15.45:3300/0,v1:172.21.15.45:6789/0] conn(0x7f2a881083a0 msgr2=0x7f2a8819c200 secure :-1 s=STATE_CONNECTION_ESTABLISHED l=1).mark_down
2024-04-26T19:58:56.212 INFO:teuthology.orchestra.run.smithi045.stdout:/usr/bin/ceph: stderr
2024-04-26T19:58:55.403+0000 7f2a8dc00700 1 --2- 172.21.15.45:0/3575037124 >> [v2:172.21.15.45:3300/0,v1:172.21.15.45:6789/0] conn(0x7f2a881083a0 0x7f2a8819c200 secure :-1 s=READY pgs=48 cs=0 l=1 rev1=1 crypto rx=0x7f2a78006b20 tx=0x7f2a78011a60 comp rx=0 tx=0).stop
2024-04-26T19:58:56.212 INFO:teuthology.orchestra.run.smithi045.stdout:/usr/bin/ceph: stderr
2024-04-26T19:58:55.403+0000 7f2a8dc00700 1 -- 172.21.15.45:0/3575037124 shutdown_connections
2024-04-26T19:58:56.212 INFO:teuthology.orchestra.run.smithi045.stdout:/usr/bin/ceph: stderr
2024-04-26T19:58:55.403+0000 7f2a8dc00700 1 --2- 172.21.15.45:0/3575037124 >> [v2:172.21.15.45:6800/3941906557,v1:172.21.15.45:6801/3941906557] conn(0x7f2a6c039600 0x7f2a6c03bac0 unknown :-1 s=CLOSED pgs=12 cs=0 l=1 rev1=1 crypto rx=0 tx=0 comp rx=0 tx=0).stop
2024-04-26T19:58:56.212 INFO:teuthology.orchestra.run.smithi045.stdout:/usr/bin/ceph: stderr
2024-04-26T19:58:55.403+0000 7f2a8dc00700 1 --2- 172.21.15.45:0/3575037124 >> [v2:172.21.15.45:3300/0,v1:172.21.15.45:6789/0] conn(0x7f2a881083a0 0x7f2a8819c200 unknown :-1 s=CLOSED pgs=48 cs=0 l=1 rev1=1 crypto rx=0 tx=0 comp rx=0 tx=0).stop
2024-04-26T19:58:56.212 INFO:teuthology.orchestra.run.smithi045.stdout:/usr/bin/ceph: stderr
2024-04-26T19:58:55.403+0000 7f2a8dc00700 1 -- 172.21.15.45:0/3575037124 >> 172.21.15.45:0/3575037124 conn(0x7f2a88103960 msgr2=0x7f2a88104430 unknown :-1 s=STATE_NONE l=0).mark_down
2024-04-26T19:58:56.212 INFO:teuthology.orchestra.run.smithi045.stdout:/usr/bin/ceph: stderr
2024-04-26T19:58:55.403+0000 7f2a8dc00700 1 -- 172.21.15.45:0/3575037124 shutdown_connections
2024-04-26T19:58:56.212 INFO:teuthology.orchestra.run.smithi045.stdout:/usr/bin/ceph: stderr
2024-04-26T19:58:55.403+0000 7f2a8dc00700 1 -- 172.21.15.45:0/3575037124 wait complete.
2024-04-26T19:58:56.213 INFO:teuthology.orchestra.run.smithi045.stdout:Deploying unmanaged mgr service...
2024-04-26T19:58:56.548 INFO:journalctl@ceph.mon.a.smithi045.stdout:Apr 26 19:58:56 smithi045 bash[21414]: audit
2024-04-26T19:58:55.400595+0000 mgr.x (mgr.14120) 16 : audit [DBG] from='client.14142 -' entity='client.admin' cmd=[{"prefix": "orch apply", "service_type": "mon", "unmanaged": true, "target": ["mon-mgr", ""]}]: dispatch
2024-04-26T19:58:56.548 INFO:journalctl@ceph.mon.a.smithi045.stdout:Apr 26 19:58:56 smithi045 bash[21414]: audit
2024-04-26T19:58:55.400595+0000 mgr.x (mgr.14120) 16 : audit [DBG] from='client.14142 -' entity='client.admin' cmd=[{"prefix": "orch apply", "service_type": "mon", "unmanaged": true, "target": ["mon-mgr", ""]}]: dispatch
2024-04-26T19:58:56.548 INFO:journalctl@ceph.mon.a.smithi045.stdout:Apr 26 19:58:56 smithi045 bash[21414]: cephadm
2024-04-26T19:58:55.402080+0000 mgr.x (mgr.14120) 17 : cephadm [INF] Saving service mon spec with placement count:5
2024-04-26T19:58:56.548 INFO:journalctl@ceph.mon.a.smithi045.stdout:Apr 26 19:58:56 smithi045 bash[21414]: cephadm
2024-04-26T19:58:55.402080+0000 mgr.x (mgr.14120) 17 : cephadm [INF] Saving service mon spec with placement count:5
2024-04-26T19:58:56.548 INFO:journalctl@ceph.mon.a.smithi045.stdout:Apr 26 19:58:56 smithi045 bash[21414]: audit
2024-04-26T19:58:55.405522+0000 mon.a (mon.0) 64 : audit [INF] from='mgr.14120 172.21.15.45:0/2095348964' entity='mgr.x'
2024-04-26T19:58:56.548 INFO:journalctl@ceph.mon.a.smithi045.stdout:Apr 26 19:58:56 smithi045 bash[21414]: audit
2024-04-26T19:58:55.405522+0000 mon.a (mon.0) 64 : audit [INF] from='mgr.14120 172.21.15.45:0/2095348964' entity='mgr.x'
2024-04-26T19:58:56.548 INFO:journalctl@ceph.mon.a.smithi045.stdout:Apr 26 19:58:56 smithi045 bash[21414]: audit
2024-04-26T19:58:56.294775+0000 mon.a (mon.0) 65 : audit [INF] from='mgr.14120 172.21.15.45:0/2095348964' entity='mgr.x'
2024-04-26T19:58:56.548 INFO:journalctl@ceph.mon.a.smithi045.stdout:Apr 26 19:58:56 smithi045 bash[21414]: audit
2024-04-26T19:58:56.294775+0000 mon.a (mon.0) 65 : audit [INF] from='mgr.14120 172.21.15.45:0/2095348964' entity='mgr.x'
2024-04-26T19:58:57.971 INFO:teuthology.orchestra.run.smithi045.stdout:/usr/bin/ceph: stdout Scheduled mgr update...
2024-04-26T19:58:57.972 INFO:teuthology.orchestra.run.smithi045.stdout:/usr/bin/ceph: stderr
2024-04-26T19:58:57.135+0000 7f3bb6200700 1 Processor -- start
2024-04-26T19:58:57.972 INFO:teuthology.orchestra.run.smithi045.stdout:/usr/bin/ceph: stderr
2024-04-26T19:58:57.135+0000 7f3bb6200700 1 -- start start
2024-04-26T19:58:57.972 INFO:teuthology.orchestra.run.smithi045.stdout:/usr/bin/ceph: stderr
2024-04-26T19:58:57.135+0000 7f3bb6200700 1 --2- >> [v2:172.21.15.45:3300/0,v1:172.21.15.45:6789/0] conn(0x7f3bb0106c10 0x7f3bb0107030 unknown :-1 s=NONE pgs=0 cs=0 l=0 rev1=0 crypto rx=0 tx=0 comp rx=0 tx=0).connect
2024-04-26T19:58:57.972 INFO:teuthology.orchestra.run.smithi045.stdout:/usr/bin/ceph: stderr
2024-04-26T19:58:57.135+0000 7f3bb6200700 1 -- --> [v2:172.21.15.45:3300/0,v1:172.21.15.45:6789/0] -- mon_getmap magic: 0 -- 0x7f3bb007b6b0 con 0x7f3bb0106c10
2024-04-26T19:58:57.972 INFO:teuthology.orchestra.run.smithi045.stdout:/usr/bin/ceph: stderr
2024-04-26T19:58:57.135+0000 7f3baf400700 1 --2- >> [v2:172.21.15.45:3300/0,v1:172.21.15.45:6789/0] conn(0x7f3bb0106c10 0x7f3bb0107030 unknown :-1 s=BANNER_CONNECTING pgs=0 cs=0 l=0 rev1=0 crypto rx=0 tx=0 comp rx=0 tx=0)._handle_peer_banner_payload supported=3 required=0
2024-04-26T19:58:57.972 INFO:teuthology.orchestra.run.smithi045.stdout:/usr/bin/ceph: stderr
2024-04-26T19:58:57.135+0000 7f3baf400700 1 --2- >> [v2:172.21.15.45:3300/0,v1:172.21.15.45:6789/0] conn(0x7f3bb0106c10 0x7f3bb0107030 unknown :-1 s=HELLO_CONNECTING pgs=0 cs=0 l=0 rev1=1 crypto rx=0 tx=0 comp rx=0 tx=0).handle_hello peer v2:172.21.15.45:3300/0 says I am v2:172.21.15.45:52716/0 (socket says 172.21.15.45:52716)
2024-04-26T19:58:57.972 INFO:teuthology.orchestra.run.smithi045.stdout:/usr/bin/ceph: stderr
2024-04-26T19:58:57.135+0000 7f3baf400700 1 -- 172.21.15.45:0/4087092227 learned_addr learned my addr 172.21.15.45:0/4087092227 (peer_addr_for_me v2:172.21.15.45:0/0)
2024-04-26T19:58:57.972 INFO:teuthology.orchestra.run.smithi045.stdout:/usr/bin/ceph: stderr
2024-04-26T19:58:57.135+0000 7f3baf400700 1 -- 172.21.15.45:0/4087092227 --> [v2:172.21.15.45:3300/0,v1:172.21.15.45:6789/0] -- mon_subscribe({config=0+,monmap=0+}) -- 0x7f3bb0107570 con 0x7f3bb0106c10
2024-04-26T19:58:57.972 INFO:teuthology.orchestra.run.smithi045.stdout:/usr/bin/ceph: stderr
2024-04-26T19:58:57.135+0000 7f3baf400700 1 --2- 172.21.15.45:0/4087092227 >> [v2:172.21.15.45:3300/0,v1:172.21.15.45:6789/0] conn(0x7f3bb0106c10 0x7f3bb0107030 secure :-1 s=READY pgs=49 cs=0 l=1 rev1=1 crypto rx=0x7f3ba00098a0 tx=0x7f3ba0009bb0 comp rx=0 tx=0).ready entity=mon.0 client_cookie=4a6dee93c4ddc414 server_cookie=0 in_seq=0 out_seq=0
2024-04-26T19:58:57.972 INFO:teuthology.orchestra.run.smithi045.stdout:/usr/bin/ceph: stderr
2024-04-26T19:58:57.139+0000 7f3bae000700 1 -- 172.21.15.45:0/4087092227 <== mon.0 v2:172.21.15.45:3300/0 1 ==== mon_map magic: 0 ==== 205+0+0 (secure 0 0 0) 0x7f3ba0004160 con 0x7f3bb0106c10
2024-04-26T19:58:57.972 INFO:teuthology.orchestra.run.smithi045.stdout:/usr/bin/ceph: stderr
2024-04-26T19:58:57.139+0000 7f3bae000700 1 -- 172.21.15.45:0/4087092227 <== mon.0 v2:172.21.15.45:3300/0 2 ==== config(25 keys) ==== 1063+0+0 (secure 0 0 0) 0x7f3ba0004300 con 0x7f3bb0106c10
2024-04-26T19:58:57.972 INFO:teuthology.orchestra.run.smithi045.stdout:/usr/bin/ceph: stderr
2024-04-26T19:58:57.139+0000 7f3bae000700 1 -- 172.21.15.45:0/4087092227 <== mon.0 v2:172.21.15.45:3300/0 3 ==== mon_map magic: 0 ==== 205+0+0 (secure 0 0 0) 0x7f3ba0011960 con 0x7f3bb0106c10
2024-04-26T19:58:57.973 INFO:teuthology.orchestra.run.smithi045.stdout:/usr/bin/ceph: stderr
2024-04-26T19:58:57.139+0000 7f3bb6200700 1 -- 172.21.15.45:0/4087092227 >> [v2:172.21.15.45:3300/0,v1:172.21.15.45:6789/0] conn(0x7f3bb0106c10 msgr2=0x7f3bb0107030 secure :-1 s=STATE_CONNECTION_ESTABLISHED l=1).mark_down
2024-04-26T19:58:57.973 INFO:teuthology.orchestra.run.smithi045.stdout:/usr/bin/ceph: stderr
2024-04-26T19:58:57.139+0000 7f3bb6200700 1 --2- 172.21.15.45:0/4087092227 >> [v2:172.21.15.45:3300/0,v1:172.21.15.45:6789/0] conn(0x7f3bb0106c10 0x7f3bb0107030 secure :-1 s=READY pgs=49 cs=0 l=1 rev1=1 crypto rx=0x7f3ba00098a0 tx=0x7f3ba0009bb0 comp rx=0 tx=0).stop
2024-04-26T19:58:57.973 INFO:teuthology.orchestra.run.smithi045.stdout:/usr/bin/ceph: stderr
2024-04-26T19:58:57.139+0000 7f3bb6200700 1 -- 172.21.15.45:0/4087092227 shutdown_connections
2024-04-26T19:58:57.973 INFO:teuthology.orchestra.run.smithi045.stdout:/usr/bin/ceph: stderr
2024-04-26T19:58:57.139+0000 7f3bb6200700 1 --2- 172.21.15.45:0/4087092227 >> [v2:172.21.15.45:3300/0,v1:172.21.15.45:6789/0] conn(0x7f3bb0106c10 0x7f3bb0107030 unknown :-1 s=CLOSED pgs=49 cs=0 l=1 rev1=1 crypto rx=0 tx=0 comp rx=0 tx=0).stop
2024-04-26T19:58:57.973 INFO:teuthology.orchestra.run.smithi045.stdout:/usr/bin/ceph: stderr
2024-04-26T19:58:57.139+0000 7f3bb6200700 1 -- 172.21.15.45:0/4087092227 >> 172.21.15.45:0/4087092227 conn(0x7f3bb0102810 msgr2=0x7f3bb0104c30 unknown :-1 s=STATE_NONE l=0).mark_down
2024-04-26T19:58:57.973 INFO:teuthology.orchestra.run.smithi045.stdout:/usr/bin/ceph: stderr
2024-04-26T19:58:57.139+0000 7f3bb6200700 1 -- 172.21.15.45:0/4087092227 shutdown_connections
2024-04-26T19:58:57.973 INFO:teuthology.orchestra.run.smithi045.stdout:/usr/bin/ceph: stderr
2024-04-26T19:58:57.139+0000 7f3bb6200700 1 -- 172.21.15.45:0/4087092227 wait complete.
2024-04-26T19:58:57.973 INFO:teuthology.orchestra.run.smithi045.stdout:/usr/bin/ceph: stderr
2024-04-26T19:58:57.139+0000 7f3bb6200700 1 Processor -- start
2024-04-26T19:58:57.973 INFO:teuthology.orchestra.run.smithi045.stdout:/usr/bin/ceph: stderr
2024-04-26T19:58:57.139+0000 7f3bb6200700 1 -- start start
2024-04-26T19:58:57.973 INFO:teuthology.orchestra.run.smithi045.stdout:/usr/bin/ceph: stderr
2024-04-26T19:58:57.139+0000 7f3bb6200700 1 --2- >> [v2:172.21.15.45:3300/0,v1:172.21.15.45:6789/0] conn(0x7f3bb0106c10 0x7f3bb019e3a0 unknown :-1 s=NONE pgs=0 cs=0 l=1 rev1=0 crypto rx=0 tx=0 comp rx=0 tx=0).connect
2024-04-26T19:58:57.973 INFO:teuthology.orchestra.run.smithi045.stdout:/usr/bin/ceph: stderr
2024-04-26T19:58:57.139+0000 7f3bb6200700 1 -- --> [v2:172.21.15.45:3300/0,v1:172.21.15.45:6789/0] -- mon_getmap magic: 0 -- 0x7f3bb0108580 con 0x7f3bb0106c10
2024-04-26T19:58:57.973 INFO:teuthology.orchestra.run.smithi045.stdout:/usr/bin/ceph: stderr
2024-04-26T19:58:57.139+0000 7f3baf400700 1 --2- >> [v2:172.21.15.45:3300/0,v1:172.21.15.45:6789/0] conn(0x7f3bb0106c10 0x7f3bb019e3a0 unknown :-1 s=BANNER_CONNECTING pgs=0 cs=0 l=1 rev1=0 crypto rx=0 tx=0 comp rx=0 tx=0)._handle_peer_banner_payload supported=3 required=0
2024-04-26T19:58:57.973 INFO:teuthology.orchestra.run.smithi045.stdout:/usr/bin/ceph: stderr
2024-04-26T19:58:57.139+0000 7f3baf400700 1 --2- >> [v2:172.21.15.45:3300/0,v1:172.21.15.45:6789/0] conn(0x7f3bb0106c10 0x7f3bb019e3a0 unknown :-1 s=HELLO_CONNECTING pgs=0 cs=0 l=1 rev1=1 crypto rx=0 tx=0 comp rx=0 tx=0).handle_hello peer v2:172.21.15.45:3300/0 says I am v2:172.21.15.45:52732/0 (socket says 172.21.15.45:52732)
2024-04-26T19:58:57.973 INFO:teuthology.orchestra.run.smithi045.stdout:/usr/bin/ceph: stderr
2024-04-26T19:58:57.139+0000 7f3baf400700 1 -- 172.21.15.45:0/2358301596 learned_addr learned my addr 172.21.15.45:0/2358301596 (peer_addr_for_me v2:172.21.15.45:0/0)
2024-04-26T19:58:57.973 INFO:teuthology.orchestra.run.smithi045.stdout:/usr/bin/ceph: stderr
2024-04-26T19:58:57.139+0000 7f3baf400700 1 -- 172.21.15.45:0/2358301596 --> [v2:172.21.15.45:3300/0,v1:172.21.15.45:6789/0] -- mon_subscribe({config=0+,monmap=0+}) -- 0x7f3bb019e8e0 con 0x7f3bb0106c10
2024-04-26T19:58:57.974 INFO:teuthology.orchestra.run.smithi045.stdout:/usr/bin/ceph: stderr
2024-04-26T19:58:57.139+0000 7f3baf400700 1 --2- 172.21.15.45:0/2358301596 >> [v2:172.21.15.45:3300/0,v1:172.21.15.45:6789/0] conn(0x7f3bb0106c10 0x7f3bb019e3a0 secure :-1 s=READY pgs=50 cs=0 l=1 rev1=1 crypto rx=0x7f3ba0011670 tx=0x7f3ba0011a30 comp rx=0 tx=0).ready entity=mon.0 client_cookie=0 server_cookie=0 in_seq=0 out_seq=0
2024-04-26T19:58:57.974 INFO:teuthology.orchestra.run.smithi045.stdout:/usr/bin/ceph: stderr
2024-04-26T19:58:57.139+0000 7f3ba7e00700 1 -- 172.21.15.45:0/2358301596 <== mon.0 v2:172.21.15.45:3300/0 1 ==== mon_map magic: 0 ==== 205+0+0 (secure 0 0 0) 0x7f3ba0003a60 con 0x7f3bb0106c10
2024-04-26T19:58:57.974 INFO:teuthology.orchestra.run.smithi045.stdout:/usr/bin/ceph: stderr
2024-04-26T19:58:57.143+0000 7f3ba7e00700 1 -- 172.21.15.45:0/2358301596 <== mon.0 v2:172.21.15.45:3300/0 2 ==== config(25 keys) ==== 1063+0+0 (secure 0 0 0) 0x7f3ba001b8d0 con 0x7f3bb0106c10
2024-04-26T19:58:57.974 INFO:teuthology.orchestra.run.smithi045.stdout:/usr/bin/ceph: stderr
2024-04-26T19:58:57.143+0000 7f3bb6200700 1 -- 172.21.15.45:0/2358301596 --> [v2:172.21.15.45:3300/0,v1:172.21.15.45:6789/0] -- mon_subscribe({mgrmap=0+}) -- 0x7f3bb019eb70 con 0x7f3bb0106c10
2024-04-26T19:58:57.974 INFO:teuthology.orchestra.run.smithi045.stdout:/usr/bin/ceph: stderr
2024-04-26T19:58:57.143+0000 7f3ba7e00700 1 -- 172.21.15.45:0/2358301596 <== mon.0 v2:172.21.15.45:3300/0 3 ==== mon_map magic: 0 ==== 205+0+0 (secure 0 0 0) 0x7f3ba0023790 con 0x7f3bb0106c10
2024-04-26T19:58:57.974 INFO:teuthology.orchestra.run.smithi045.stdout:/usr/bin/ceph: stderr
2024-04-26T19:58:57.143+0000 7f3bb6200700 1 -- 172.21.15.45:0/2358301596 --> [v2:172.21.15.45:3300/0,v1:172.21.15.45:6789/0] -- mon_subscribe({osdmap=0}) -- 0x7f3bb01a1860 con 0x7f3bb0106c10
2024-04-26T19:58:57.974 INFO:teuthology.orchestra.run.smithi045.stdout:/usr/bin/ceph: stderr
2024-04-26T19:58:57.143+0000 7f3ba7e00700 1 -- 172.21.15.45:0/2358301596 <== mon.0 v2:172.21.15.45:3300/0 4 ==== mgrmap(e 8) ==== 46558+0+0 (secure 0 0 0) 0x7f3ba001b440 con 0x7f3bb0106c10
2024-04-26T19:58:57.974 INFO:teuthology.orchestra.run.smithi045.stdout:/usr/bin/ceph: stderr
2024-04-26T19:58:57.143+0000 7f3bb6200700 1 -- 172.21.15.45:0/2358301596 --> [v2:172.21.15.45:3300/0,v1:172.21.15.45:6789/0] -- mon_command({"prefix": "get_command_descriptions"} v 0) -- 0x7f3bb0064a80 con 0x7f3bb0106c10
2024-04-26T19:58:57.974 INFO:teuthology.orchestra.run.smithi045.stdout:/usr/bin/ceph: stderr
2024-04-26T19:58:57.143+0000 7f3ba7e00700 1 --2- 172.21.15.45:0/2358301596 >> [v2:172.21.15.45:6800/3941906557,v1:172.21.15.45:6801/3941906557] conn(0x7f3b94039600 0x7f3b9403bac0 unknown :-1 s=NONE pgs=0 cs=0 l=1 rev1=0 crypto rx=0 tx=0 comp rx=0 tx=0).connect
2024-04-26T19:58:57.974 INFO:teuthology.orchestra.run.smithi045.stdout:/usr/bin/ceph: stderr
2024-04-26T19:58:57.143+0000 7f3ba7e00700 1 -- 172.21.15.45:0/2358301596 <== mon.0 v2:172.21.15.45:3300/0 5 ==== osd_map(2..2 src has 1..2) ==== 940+0+0 (secure 0 0 0) 0x7f3ba004e020 con 0x7f3bb0106c10
2024-04-26T19:58:57.974 INFO:teuthology.orchestra.run.smithi045.stdout:/usr/bin/ceph: stderr
2024-04-26T19:58:57.143+0000 7f3baea00700 1 --2- 172.21.15.45:0/2358301596 >> [v2:172.21.15.45:6800/3941906557,v1:172.21.15.45:6801/3941906557] conn(0x7f3b94039600 0x7f3b9403bac0 unknown :-1 s=BANNER_CONNECTING pgs=0 cs=0 l=1 rev1=0 crypto rx=0 tx=0 comp rx=0 tx=0)._handle_peer_banner_payload supported=3 required=0
2024-04-26T19:58:57.974 INFO:teuthology.orchestra.run.smithi045.stdout:/usr/bin/ceph: stderr
2024-04-26T19:58:57.143+0000 7f3baea00700 1 --2- 172.21.15.45:0/2358301596 >> [v2:172.21.15.45:6800/3941906557,v1:172.21.15.45:6801/3941906557] conn(0x7f3b94039600 0x7f3b9403bac0 secure :-1 s=READY pgs=13 cs=0 l=1 rev1=1 crypto rx=0x7f3b9c006fd0 tx=0x7f3b9c006e40 comp rx=0 tx=0).ready entity=mgr.14120 client_cookie=0 server_cookie=0 in_seq=0 out_seq=0
2024-04-26T19:58:57.974 INFO:teuthology.orchestra.run.smithi045.stdout:/usr/bin/ceph: stderr
2024-04-26T19:58:57.147+0000 7f3ba7e00700 1 -- 172.21.15.45:0/2358301596 <== mon.0 v2:172.21.15.45:3300/0 6 ==== mon_command_ack([{"prefix": "get_command_descriptions"}]=0 v0) ==== 72+0+188494 (secure 0 0 0) 0x7f3ba001f030 con 0x7f3bb0106c10
2024-04-26T19:58:57.974 INFO:teuthology.orchestra.run.smithi045.stdout:/usr/bin/ceph: stderr
2024-04-26T19:58:57.383+0000 7f3bb6200700 1 -- 172.21.15.45:0/2358301596 --> [v2:172.21.15.45:6800/3941906557,v1:172.21.15.45:6801/3941906557] -- mgr_command(tid 0: {"prefix": "orch apply", "service_type": "mgr", "unmanaged": true, "target": ["mon-mgr", ""]}) -- 0x7f3bb002e600 con 0x7f3b94039600
2024-04-26T19:58:57.975 INFO:teuthology.orchestra.run.smithi045.stdout:/usr/bin/ceph: stderr
2024-04-26T19:58:57.387+0000 7f3ba7e00700 1 -- 172.21.15.45:0/2358301596 <== mgr.14120 v2:172.21.15.45:6800/3941906557 1 ==== mgr_command_reply(tid 0: 0 ) ==== 8+0+24 (secure 0 0 0) 0x7f3bb002e600 con 0x7f3b94039600
2024-04-26T19:58:57.975 INFO:teuthology.orchestra.run.smithi045.stdout:/usr/bin/ceph: stderr
2024-04-26T19:58:57.391+0000 7f3bb6200700 1 -- 172.21.15.45:0/2358301596 >> [v2:172.21.15.45:6800/3941906557,v1:172.21.15.45:6801/3941906557] conn(0x7f3b94039600 msgr2=0x7f3b9403bac0 secure :-1 s=STATE_CONNECTION_ESTABLISHED l=1).mark_down
2024-04-26T19:58:57.975 INFO:teuthology.orchestra.run.smithi045.stdout:/usr/bin/ceph: stderr
2024-04-26T19:58:57.391+0000 7f3bb6200700 1 --2- 172.21.15.45:0/2358301596 >> [v2:172.21.15.45:6800/3941906557,v1:172.21.15.45:6801/3941906557] conn(0x7f3b94039600 0x7f3b9403bac0 secure :-1 s=READY pgs=13 cs=0 l=1 rev1=1 crypto rx=0x7f3b9c006fd0 tx=0x7f3b9c006e40 comp rx=0 tx=0).stop
2024-04-26T19:58:57.975 INFO:teuthology.orchestra.run.smithi045.stdout:/usr/bin/ceph: stderr
2024-04-26T19:58:57.391+0000 7f3bb6200700 1 -- 172.21.15.45:0/2358301596 >> [v2:172.21.15.45:3300/0,v1:172.21.15.45:6789/0] conn(0x7f3bb0106c10 msgr2=0x7f3bb019e3a0 secure :-1 s=STATE_CONNECTION_ESTABLISHED l=1).mark_down
2024-04-26T19:58:57.975 INFO:teuthology.orchestra.run.smithi045.stdout:/usr/bin/ceph: stderr
2024-04-26T19:58:57.391+0000 7f3bb6200700 1 --2- 172.21.15.45:0/2358301596 >> [v2:172.21.15.45:3300/0,v1:172.21.15.45:6789/0] conn(0x7f3bb0106c10 0x7f3bb019e3a0 secure :-1 s=READY pgs=50 cs=0 l=1 rev1=1 crypto rx=0x7f3ba0011670 tx=0x7f3ba0011a30 comp rx=0 tx=0).stop
2024-04-26T19:58:57.975 INFO:teuthology.orchestra.run.smithi045.stdout:/usr/bin/ceph: stderr
2024-04-26T19:58:57.391+0000 7f3bb6200700 1 -- 172.21.15.45:0/2358301596 shutdown_connections
2024-04-26T19:58:57.975 INFO:teuthology.orchestra.run.smithi045.stdout:/usr/bin/ceph: stderr
2024-04-26T19:58:57.391+0000 7f3bb6200700 1 --2- 172.21.15.45:0/2358301596 >> [v2:172.21.15.45:6800/3941906557,v1:172.21.15.45:6801/3941906557] conn(0x7f3b94039600 0x7f3b9403bac0 unknown :-1 s=CLOSED pgs=13 cs=0 l=1 rev1=1 crypto rx=0 tx=0 comp rx=0 tx=0).stop
2024-04-26T19:58:57.975 INFO:teuthology.orchestra.run.smithi045.stdout:/usr/bin/ceph: stderr
2024-04-26T19:58:57.391+0000 7f3bb6200700 1 --2- 172.21.15.45:0/2358301596 >> [v2:172.21.15.45:3300/0,v1:172.21.15.45:6789/0] conn(0x7f3bb0106c10 0x7f3bb019e3a0 unknown :-1 s=CLOSED pgs=50 cs=0 l=1 rev1=1 crypto rx=0 tx=0 comp rx=0 tx=0).stop
2024-04-26T19:58:57.975 INFO:teuthology.orchestra.run.smithi045.stdout:/usr/bin/ceph: stderr
2024-04-26T19:58:57.391+0000 7f3bb6200700 1 -- 172.21.15.45:0/2358301596 >> 172.21.15.45:0/2358301596 conn(0x7f3bb0102810 msgr2=0x7f3bb0194fc0 unknown :-1 s=STATE_NONE l=0).mark_down
2024-04-26T19:58:57.975 INFO:teuthology.orchestra.run.smithi045.stdout:/usr/bin/ceph: stderr
2024-04-26T19:58:57.391+0000 7f3bb6200700 1 -- 172.21.15.45:0/2358301596 shutdown_connections
2024-04-26T19:58:57.975 INFO:teuthology.orchestra.run.smithi045.stdout:/usr/bin/ceph: stderr
2024-04-26T19:58:57.391+0000 7f3bb6200700 1 -- 172.21.15.45:0/2358301596 wait complete.
2024-04-26T19:58:58.123 INFO:journalctl@ceph.mon.a.smithi045.stdout:Apr 26 19:58:57 smithi045 bash[21414]: audit
2024-04-26T19:58:56.818435+0000 mon.a (mon.0) 66 : audit [INF] from='mgr.14120 172.21.15.45:0/2095348964' entity='mgr.x'
2024-04-26T19:58:58.123 INFO:journalctl@ceph.mon.a.smithi045.stdout:Apr 26 19:58:57 smithi045 bash[21414]: audit
2024-04-26T19:58:56.818435+0000 mon.a (mon.0) 66 : audit [INF] from='mgr.14120 172.21.15.45:0/2095348964' entity='mgr.x'
2024-04-26T19:58:58.123 INFO:journalctl@ceph.mon.a.smithi045.stdout:Apr 26 19:58:57 smithi045 bash[21414]: audit
2024-04-26T19:58:57.389412+0000 mgr.x (mgr.14120) 18 : audit [DBG] from='client.14144 -' entity='client.admin' cmd=[{"prefix": "orch apply", "service_type": "mgr", "unmanaged": true, "target": ["mon-mgr", ""]}]: dispatch
2024-04-26T19:58:58.123 INFO:journalctl@ceph.mon.a.smithi045.stdout:Apr 26 19:58:57 smithi045 bash[21414]: audit
