2024-04-26T19:58:57.389412+0000 mgr.x (mgr.14120) 18 : audit [DBG] from='client.14144 -' entity='client.admin' cmd=[{"prefix": "orch apply", "service_type": "mgr", "unmanaged": true, "target": ["mon-mgr", ""]}]: dispatch
2024-04-26T19:58:58.123 INFO:journalctl@ceph.mon.a.smithi045.stdout:Apr 26 19:58:57 smithi045 bash[21414]: cephadm
2024-04-26T19:58:57.390404+0000 mgr.x (mgr.14120) 19 : cephadm [INF] Saving service mgr spec with placement count:2
2024-04-26T19:58:58.123 INFO:journalctl@ceph.mon.a.smithi045.stdout:Apr 26 19:58:57 smithi045 bash[21414]: cephadm
2024-04-26T19:58:57.390404+0000 mgr.x (mgr.14120) 19 : cephadm [INF] Saving service mgr spec with placement count:2
2024-04-26T19:58:58.123 INFO:journalctl@ceph.mon.a.smithi045.stdout:Apr 26 19:58:57 smithi045 bash[21414]: audit
2024-04-26T19:58:57.392766+0000 mon.a (mon.0) 67 : audit [INF] from='mgr.14120 172.21.15.45:0/2095348964' entity='mgr.x'
2024-04-26T19:58:58.123 INFO:journalctl@ceph.mon.a.smithi045.stdout:Apr 26 19:58:57 smithi045 bash[21414]: audit
2024-04-26T19:58:57.392766+0000 mon.a (mon.0) 67 : audit [INF] from='mgr.14120 172.21.15.45:0/2095348964' entity='mgr.x'
2024-04-26T19:58:59.538 INFO:journalctl@ceph.mon.a.smithi045.stdout:Apr 26 19:58:59 smithi045 bash[21414]: cluster
2024-04-26T19:58:58.305885+0000 mgr.x (mgr.14120) 20 : cluster [DBG] pgmap v3: 0 pgs: ; 0 B data, 0 B used, 0 B / 0 B avail
2024-04-26T19:58:59.538 INFO:journalctl@ceph.mon.a.smithi045.stdout:Apr 26 19:58:59 smithi045 bash[21414]: cluster
2024-04-26T19:58:58.305885+0000 mgr.x (mgr.14120) 20 : cluster [DBG] pgmap v3: 0 pgs: ; 0 B data, 0 B used, 0 B / 0 B avail
2024-04-26T19:58:59.538 INFO:journalctl@ceph.mon.a.smithi045.stdout:Apr 26 19:58:59 smithi045 bash[21414]: audit
2024-04-26T19:58:59.138629+0000 mon.a (mon.0) 68 : audit [INF] from='client.? 172.21.15.45:0/1518579729' entity='client.admin'
2024-04-26T19:58:59.538 INFO:journalctl@ceph.mon.a.smithi045.stdout:Apr 26 19:58:59 smithi045 bash[21414]: audit
2024-04-26T19:58:59.138629+0000 mon.a (mon.0) 68 : audit [INF] from='client.? 172.21.15.45:0/1518579729' entity='client.admin'
2024-04-26T19:58:59.703 INFO:teuthology.orchestra.run.smithi045.stdout:/usr/bin/ceph: stderr
2024-04-26T19:58:58.903+0000 7f45e3200700 1 Processor -- start
2024-04-26T19:58:59.703 INFO:teuthology.orchestra.run.smithi045.stdout:/usr/bin/ceph: stderr
2024-04-26T19:58:58.903+0000 7f45e3200700 1 -- start start
2024-04-26T19:58:59.703 INFO:teuthology.orchestra.run.smithi045.stdout:/usr/bin/ceph: stderr
2024-04-26T19:58:58.903+0000 7f45e3200700 1 --2- >> [v2:172.21.15.45:3300/0,v1:172.21.15.45:6789/0] conn(0x7f45e407d6f0 0x7f45e407bba0 unknown :-1 s=NONE pgs=0 cs=0 l=0 rev1=0 crypto rx=0 tx=0 comp rx=0 tx=0).connect
2024-04-26T19:58:59.703 INFO:teuthology.orchestra.run.smithi045.stdout:/usr/bin/ceph: stderr
2024-04-26T19:58:58.903+0000 7f45e3200700 1 -- --> [v2:172.21.15.45:3300/0,v1:172.21.15.45:6789/0] -- mon_getmap magic: 0 -- 0x7f45e407c170 con 0x7f45e407d6f0
2024-04-26T19:58:59.703 INFO:teuthology.orchestra.run.smithi045.stdout:/usr/bin/ceph: stderr
2024-04-26T19:58:58.903+0000 7f45e1e00700 1 --2- >> [v2:172.21.15.45:3300/0,v1:172.21.15.45:6789/0] conn(0x7f45e407d6f0 0x7f45e407bba0 unknown :-1 s=BANNER_CONNECTING pgs=0 cs=0 l=0 rev1=0 crypto rx=0 tx=0 comp rx=0 tx=0)._handle_peer_banner_payload supported=3 required=0
2024-04-26T19:58:59.704 INFO:teuthology.orchestra.run.smithi045.stdout:/usr/bin/ceph: stderr
2024-04-26T19:58:58.903+0000 7f45e1e00700 1 --2- >> [v2:172.21.15.45:3300/0,v1:172.21.15.45:6789/0] conn(0x7f45e407d6f0 0x7f45e407bba0 unknown :-1 s=HELLO_CONNECTING pgs=0 cs=0 l=0 rev1=1 crypto rx=0 tx=0 comp rx=0 tx=0).handle_hello peer v2:172.21.15.45:3300/0 says I am v2:172.21.15.45:52746/0 (socket says 172.21.15.45:52746)
2024-04-26T19:58:59.704 INFO:teuthology.orchestra.run.smithi045.stdout:/usr/bin/ceph: stderr
2024-04-26T19:58:58.903+0000 7f45e1e00700 1 -- 172.21.15.45:0/3932190961 learned_addr learned my addr 172.21.15.45:0/3932190961 (peer_addr_for_me v2:172.21.15.45:0/0)
2024-04-26T19:58:59.704 INFO:teuthology.orchestra.run.smithi045.stdout:/usr/bin/ceph: stderr
2024-04-26T19:58:58.903+0000 7f45e1e00700 1 -- 172.21.15.45:0/3932190961 --> [v2:172.21.15.45:3300/0,v1:172.21.15.45:6789/0] -- mon_subscribe({config=0+,monmap=0+}) -- 0x7f45e407c2f0 con 0x7f45e407d6f0
2024-04-26T19:58:59.704 INFO:teuthology.orchestra.run.smithi045.stdout:/usr/bin/ceph: stderr
2024-04-26T19:58:58.903+0000 7f45e1e00700 1 --2- 172.21.15.45:0/3932190961 >> [v2:172.21.15.45:3300/0,v1:172.21.15.45:6789/0] conn(0x7f45e407d6f0 0x7f45e407bba0 secure :-1 s=READY pgs=51 cs=0 l=1 rev1=1 crypto rx=0x7f45d40098a0 tx=0x7f45d4009bb0 comp rx=0 tx=0).ready entity=mon.0 client_cookie=3880620f874b043c server_cookie=0 in_seq=0 out_seq=0
2024-04-26T19:58:59.704 INFO:teuthology.orchestra.run.smithi045.stdout:/usr/bin/ceph: stderr
2024-04-26T19:58:58.903+0000 7f45e0a00700 1 -- 172.21.15.45:0/3932190961 <== mon.0 v2:172.21.15.45:3300/0 1 ==== mon_map magic: 0 ==== 205+0+0 (secure 0 0 0) 0x7f45d4004160 con 0x7f45e407d6f0
2024-04-26T19:58:59.704 INFO:teuthology.orchestra.run.smithi045.stdout:/usr/bin/ceph: stderr
2024-04-26T19:58:58.903+0000 7f45e0a00700 1 -- 172.21.15.45:0/3932190961 <== mon.0 v2:172.21.15.45:3300/0 2 ==== config(25 keys) ==== 1063+0+0 (secure 0 0 0) 0x7f45d4004300 con 0x7f45e407d6f0
2024-04-26T19:58:59.704 INFO:teuthology.orchestra.run.smithi045.stdout:/usr/bin/ceph: stderr
2024-04-26T19:58:58.903+0000 7f45e0a00700 1 -- 172.21.15.45:0/3932190961 <== mon.0 v2:172.21.15.45:3300/0 3 ==== mon_map magic: 0 ==== 205+0+0 (secure 0 0 0) 0x7f45d4011960 con 0x7f45e407d6f0
2024-04-26T19:58:59.704 INFO:teuthology.orchestra.run.smithi045.stdout:/usr/bin/ceph: stderr
2024-04-26T19:58:58.903+0000 7f45e3200700 1 -- 172.21.15.45:0/3932190961 >> [v2:172.21.15.45:3300/0,v1:172.21.15.45:6789/0] conn(0x7f45e407d6f0 msgr2=0x7f45e407bba0 secure :-1 s=STATE_CONNECTION_ESTABLISHED l=1).mark_down
2024-04-26T19:58:59.704 INFO:teuthology.orchestra.run.smithi045.stdout:/usr/bin/ceph: stderr
2024-04-26T19:58:58.903+0000 7f45e3200700 1 --2- 172.21.15.45:0/3932190961 >> [v2:172.21.15.45:3300/0,v1:172.21.15.45:6789/0] conn(0x7f45e407d6f0 0x7f45e407bba0 secure :-1 s=READY pgs=51 cs=0 l=1 rev1=1 crypto rx=0x7f45d40098a0 tx=0x7f45d4009bb0 comp rx=0 tx=0).stop
2024-04-26T19:58:59.704 INFO:teuthology.orchestra.run.smithi045.stdout:/usr/bin/ceph: stderr
2024-04-26T19:58:58.903+0000 7f45e3200700 1 -- 172.21.15.45:0/3932190961 shutdown_connections
2024-04-26T19:58:59.704 INFO:teuthology.orchestra.run.smithi045.stdout:/usr/bin/ceph: stderr
2024-04-26T19:58:58.903+0000 7f45e3200700 1 --2- 172.21.15.45:0/3932190961 >> [v2:172.21.15.45:3300/0,v1:172.21.15.45:6789/0] conn(0x7f45e407d6f0 0x7f45e407bba0 unknown :-1 s=CLOSED pgs=51 cs=0 l=1 rev1=1 crypto rx=0 tx=0 comp rx=0 tx=0).stop
2024-04-26T19:58:59.704 INFO:teuthology.orchestra.run.smithi045.stdout:/usr/bin/ceph: stderr
2024-04-26T19:58:58.903+0000 7f45e3200700 1 -- 172.21.15.45:0/3932190961 >> 172.21.15.45:0/3932190961 conn(0x7f45e4103740 msgr2=0x7f45e4105b60 unknown :-1 s=STATE_NONE l=0).mark_down
2024-04-26T19:58:59.704 INFO:teuthology.orchestra.run.smithi045.stdout:/usr/bin/ceph: stderr
2024-04-26T19:58:58.903+0000 7f45e3200700 1 -- 172.21.15.45:0/3932190961 shutdown_connections
2024-04-26T19:58:59.704 INFO:teuthology.orchestra.run.smithi045.stdout:/usr/bin/ceph: stderr
2024-04-26T19:58:58.903+0000 7f45e3200700 1 -- 172.21.15.45:0/3932190961 wait complete.
2024-04-26T19:58:59.705 INFO:teuthology.orchestra.run.smithi045.stdout:/usr/bin/ceph: stderr
2024-04-26T19:58:58.907+0000 7f45e3200700 1 Processor -- start
2024-04-26T19:58:59.705 INFO:teuthology.orchestra.run.smithi045.stdout:/usr/bin/ceph: stderr
2024-04-26T19:58:58.907+0000 7f45e3200700 1 -- start start
2024-04-26T19:58:59.705 INFO:teuthology.orchestra.run.smithi045.stdout:/usr/bin/ceph: stderr
2024-04-26T19:58:58.907+0000 7f45e3200700 1 --2- >> [v2:172.21.15.45:3300/0,v1:172.21.15.45:6789/0] conn(0x7f45e407d6f0 0x7f45e419e250 unknown :-1 s=NONE pgs=0 cs=0 l=1 rev1=0 crypto rx=0 tx=0 comp rx=0 tx=0).connect
2024-04-26T19:58:59.705 INFO:teuthology.orchestra.run.smithi045.stdout:/usr/bin/ceph: stderr
2024-04-26T19:58:58.907+0000 7f45e3200700 1 -- --> [v2:172.21.15.45:3300/0,v1:172.21.15.45:6789/0] -- mon_getmap magic: 0 -- 0x7f45e410e6a0 con 0x7f45e407d6f0
2024-04-26T19:58:59.705 INFO:teuthology.orchestra.run.smithi045.stdout:/usr/bin/ceph: stderr
2024-04-26T19:58:58.907+0000 7f45e1e00700 1 --2- >> [v2:172.21.15.45:3300/0,v1:172.21.15.45:6789/0] conn(0x7f45e407d6f0 0x7f45e419e250 unknown :-1 s=BANNER_CONNECTING pgs=0 cs=0 l=1 rev1=0 crypto rx=0 tx=0 comp rx=0 tx=0)._handle_peer_banner_payload supported=3 required=0
2024-04-26T19:58:59.705 INFO:teuthology.orchestra.run.smithi045.stdout:/usr/bin/ceph: stderr
2024-04-26T19:58:58.907+0000 7f45e1e00700 1 --2- >> [v2:172.21.15.45:3300/0,v1:172.21.15.45:6789/0] conn(0x7f45e407d6f0 0x7f45e419e250 unknown :-1 s=HELLO_CONNECTING pgs=0 cs=0 l=1 rev1=1 crypto rx=0 tx=0 comp rx=0 tx=0).handle_hello peer v2:172.21.15.45:3300/0 says I am v2:172.21.15.45:52760/0 (socket says 172.21.15.45:52760)
2024-04-26T19:58:59.705 INFO:teuthology.orchestra.run.smithi045.stdout:/usr/bin/ceph: stderr
2024-04-26T19:58:58.907+0000 7f45e1e00700 1 -- 172.21.15.45:0/1518579729 learned_addr learned my addr 172.21.15.45:0/1518579729 (peer_addr_for_me v2:172.21.15.45:0/0)
2024-04-26T19:58:59.705 INFO:teuthology.orchestra.run.smithi045.stdout:/usr/bin/ceph: stderr
2024-04-26T19:58:58.907+0000 7f45e1e00700 1 -- 172.21.15.45:0/1518579729 --> [v2:172.21.15.45:3300/0,v1:172.21.15.45:6789/0] -- mon_subscribe({config=0+,monmap=0+}) -- 0x7f45e419e790 con 0x7f45e407d6f0
2024-04-26T19:58:59.705 INFO:teuthology.orchestra.run.smithi045.stdout:/usr/bin/ceph: stderr
2024-04-26T19:58:58.907+0000 7f45e1e00700 1 --2- 172.21.15.45:0/1518579729 >> [v2:172.21.15.45:3300/0,v1:172.21.15.45:6789/0] conn(0x7f45e407d6f0 0x7f45e419e250 secure :-1 s=READY pgs=52 cs=0 l=1 rev1=1 crypto rx=0x7f45d4011670 tx=0x7f45d4011a30 comp rx=0 tx=0).ready entity=mon.0 client_cookie=0 server_cookie=0 in_seq=0 out_seq=0
2024-04-26T19:58:59.705 INFO:teuthology.orchestra.run.smithi045.stdout:/usr/bin/ceph: stderr
2024-04-26T19:58:58.907+0000 7f45daa00700 1 -- 172.21.15.45:0/1518579729 <== mon.0 v2:172.21.15.45:3300/0 1 ==== mon_map magic: 0 ==== 205+0+0 (secure 0 0 0) 0x7f45d401f070 con 0x7f45e407d6f0
2024-04-26T19:58:59.705 INFO:teuthology.orchestra.run.smithi045.stdout:/usr/bin/ceph: stderr
2024-04-26T19:58:58.907+0000 7f45daa00700 1 -- 172.21.15.45:0/1518579729 <== mon.0 v2:172.21.15.45:3300/0 2 ==== config(25 keys) ==== 1063+0+0 (secure 0 0 0) 0x7f45d4003b20 con 0x7f45e407d6f0
2024-04-26T19:58:59.705 INFO:teuthology.orchestra.run.smithi045.stdout:/usr/bin/ceph: stderr
2024-04-26T19:58:58.907+0000 7f45daa00700 1 -- 172.21.15.45:0/1518579729 <== mon.0 v2:172.21.15.45:3300/0 3 ==== mon_map magic: 0 ==== 205+0+0 (secure 0 0 0) 0x7f45d40195f0 con 0x7f45e407d6f0
2024-04-26T19:58:59.705 INFO:teuthology.orchestra.run.smithi045.stdout:/usr/bin/ceph: stderr
2024-04-26T19:58:58.907+0000 7f45e3200700 1 -- 172.21.15.45:0/1518579729 --> [v2:172.21.15.45:3300/0,v1:172.21.15.45:6789/0] -- mon_subscribe({mgrmap=0+}) -- 0x7f45e419ea20 con 0x7f45e407d6f0
2024-04-26T19:58:59.705 INFO:teuthology.orchestra.run.smithi045.stdout:/usr/bin/ceph: stderr
2024-04-26T19:58:58.907+0000 7f45e3200700 1 -- 172.21.15.45:0/1518579729 --> [v2:172.21.15.45:3300/0,v1:172.21.15.45:6789/0] -- mon_subscribe({osdmap=0}) -- 0x7f45e41a1710 con 0x7f45e407d6f0
2024-04-26T19:58:59.705 INFO:teuthology.orchestra.run.smithi045.stdout:/usr/bin/ceph: stderr
2024-04-26T19:58:58.907+0000 7f45daa00700 1 -- 172.21.15.45:0/1518579729 <== mon.0 v2:172.21.15.45:3300/0 4 ==== mgrmap(e 8) ==== 46558+0+0 (secure 0 0 0) 0x7f45d4022070 con 0x7f45e407d6f0
2024-04-26T19:58:59.705 INFO:teuthology.orchestra.run.smithi045.stdout:/usr/bin/ceph: stderr
2024-04-26T19:58:58.907+0000 7f45e3200700 1 -- 172.21.15.45:0/1518579729 --> [v2:172.21.15.45:3300/0,v1:172.21.15.45:6789/0] -- mon_command({"prefix": "get_command_descriptions"} v 0) -- 0x7f45e4064a80 con 0x7f45e407d6f0
2024-04-26T19:58:59.706 INFO:teuthology.orchestra.run.smithi045.stdout:/usr/bin/ceph: stderr
2024-04-26T19:58:58.907+0000 7f45daa00700 1 --2- 172.21.15.45:0/1518579729 >> [v2:172.21.15.45:6800/3941906557,v1:172.21.15.45:6801/3941906557] conn(0x7f45c8039600 0x7f45c803bac0 unknown :-1 s=NONE pgs=0 cs=0 l=1 rev1=0 crypto rx=0 tx=0 comp rx=0 tx=0).connect
2024-04-26T19:58:59.706 INFO:teuthology.orchestra.run.smithi045.stdout:/usr/bin/ceph: stderr
2024-04-26T19:58:58.907+0000 7f45daa00700 1 -- 172.21.15.45:0/1518579729 <== mon.0 v2:172.21.15.45:3300/0 5 ==== osd_map(2..2 src has 1..2) ==== 940+0+0 (secure 0 0 0) 0x7f45d404da50 con 0x7f45e407d6f0
2024-04-26T19:58:59.706 INFO:teuthology.orchestra.run.smithi045.stdout:/usr/bin/ceph: stderr
2024-04-26T19:58:58.907+0000 7f45e1400700 1 --2- 172.21.15.45:0/1518579729 >> [v2:172.21.15.45:6800/3941906557,v1:172.21.15.45:6801/3941906557] conn(0x7f45c8039600 0x7f45c803bac0 unknown :-1 s=BANNER_CONNECTING pgs=0 cs=0 l=1 rev1=0 crypto rx=0 tx=0 comp rx=0 tx=0)._handle_peer_banner_payload supported=3 required=0
2024-04-26T19:58:59.706 INFO:teuthology.orchestra.run.smithi045.stdout:/usr/bin/ceph: stderr
2024-04-26T19:58:58.911+0000 7f45e1400700 1 --2- 172.21.15.45:0/1518579729 >> [v2:172.21.15.45:6800/3941906557,v1:172.21.15.45:6801/3941906557] conn(0x7f45c8039600 0x7f45c803bac0 secure :-1 s=READY pgs=14 cs=0 l=1 rev1=1 crypto rx=0x7f45d0006fd0 tx=0x7f45d0006e40 comp rx=0 tx=0).ready entity=mgr.14120 client_cookie=0 server_cookie=0 in_seq=0 out_seq=0
2024-04-26T19:58:59.706 INFO:teuthology.orchestra.run.smithi045.stdout:/usr/bin/ceph: stderr
2024-04-26T19:58:58.915+0000 7f45daa00700 1 -- 172.21.15.45:0/1518579729 <== mon.0 v2:172.21.15.45:3300/0 6 ==== mon_command_ack([{"prefix": "get_command_descriptions"}]=0 v0) ==== 72+0+188494 (secure 0 0 0) 0x7f45d401baf0 con 0x7f45e407d6f0
2024-04-26T19:58:59.706 INFO:teuthology.orchestra.run.smithi045.stdout:/usr/bin/ceph: stderr
2024-04-26T19:58:59.131+0000 7f45e3200700 1 -- 172.21.15.45:0/1518579729 --> [v2:172.21.15.45:3300/0,v1:172.21.15.45:6789/0] -- mon_command([{prefix=config set, name=mgr/cephadm/container_init}] v 0) -- 0x7f45e41a1b50 con 0x7f45e407d6f0
2024-04-26T19:58:59.706 INFO:teuthology.orchestra.run.smithi045.stdout:/usr/bin/ceph: stderr
2024-04-26T19:58:59.135+0000 7f45daa00700 1 -- 172.21.15.45:0/1518579729 <== mon.0 v2:172.21.15.45:3300/0 7 ==== mon_command_ack([{prefix=config set, name=mgr/cephadm/container_init}]=0 v7)=0 v7) ==== 142+0+0 (secure 0 0 0) 0x7f45d400e260 con 0x7f45e407d6f0
2024-04-26T19:58:59.706 INFO:teuthology.orchestra.run.smithi045.stdout:/usr/bin/ceph: stderr
2024-04-26T19:58:59.135+0000 7f45e3200700 1 -- 172.21.15.45:0/1518579729 >> [v2:172.21.15.45:6800/3941906557,v1:172.21.15.45:6801/3941906557] conn(0x7f45c8039600 msgr2=0x7f45c803bac0 secure :-1 s=STATE_CONNECTION_ESTABLISHED l=1).mark_down
2024-04-26T19:58:59.706 INFO:teuthology.orchestra.run.smithi045.stdout:/usr/bin/ceph: stderr
2024-04-26T19:58:59.135+0000 7f45e3200700 1 --2- 172.21.15.45:0/1518579729 >> [v2:172.21.15.45:6800/3941906557,v1:172.21.15.45:6801/3941906557] conn(0x7f45c8039600 0x7f45c803bac0 secure :-1 s=READY pgs=14 cs=0 l=1 rev1=1 crypto rx=0x7f45d0006fd0 tx=0x7f45d0006e40 comp rx=0 tx=0).stop
2024-04-26T19:58:59.706 INFO:teuthology.orchestra.run.smithi045.stdout:/usr/bin/ceph: stderr
2024-04-26T19:58:59.135+0000 7f45e3200700 1 -- 172.21.15.45:0/1518579729 >> [v2:172.21.15.45:3300/0,v1:172.21.15.45:6789/0] conn(0x7f45e407d6f0 msgr2=0x7f45e419e250 secure :-1 s=STATE_CONNECTION_ESTABLISHED l=1).mark_down
2024-04-26T19:58:59.706 INFO:teuthology.orchestra.run.smithi045.stdout:/usr/bin/ceph: stderr
2024-04-26T19:58:59.135+0000 7f45e3200700 1 --2- 172.21.15.45:0/1518579729 >> [v2:172.21.15.45:3300/0,v1:172.21.15.45:6789/0] conn(0x7f45e407d6f0 0x7f45e419e250 secure :-1 s=READY pgs=52 cs=0 l=1 rev1=1 crypto rx=0x7f45d4011670 tx=0x7f45d4011a30 comp rx=0 tx=0).stop
2024-04-26T19:58:59.706 INFO:teuthology.orchestra.run.smithi045.stdout:/usr/bin/ceph: stderr
2024-04-26T19:58:59.139+0000 7f45e3200700 1 -- 172.21.15.45:0/1518579729 shutdown_connections
2024-04-26T19:58:59.706 INFO:teuthology.orchestra.run.smithi045.stdout:/usr/bin/ceph: stderr
2024-04-26T19:58:59.139+0000 7f45e3200700 1 --2- 172.21.15.45:0/1518579729 >> [v2:172.21.15.45:6800/3941906557,v1:172.21.15.45:6801/3941906557] conn(0x7f45c8039600 0x7f45c803bac0 unknown :-1 s=CLOSED pgs=14 cs=0 l=1 rev1=1 crypto rx=0 tx=0 comp rx=0 tx=0).stop
2024-04-26T19:58:59.707 INFO:teuthology.orchestra.run.smithi045.stdout:/usr/bin/ceph: stderr
2024-04-26T19:58:59.139+0000 7f45e3200700 1 --2- 172.21.15.45:0/1518579729 >> [v2:172.21.15.45:3300/0,v1:172.21.15.45:6789/0] conn(0x7f45e407d6f0 0x7f45e419e250 unknown :-1 s=CLOSED pgs=52 cs=0 l=1 rev1=1 crypto rx=0 tx=0 comp rx=0 tx=0).stop
2024-04-26T19:58:59.707 INFO:teuthology.orchestra.run.smithi045.stdout:/usr/bin/ceph: stderr
2024-04-26T19:58:59.139+0000 7f45e3200700 1 -- 172.21.15.45:0/1518579729 >> 172.21.15.45:0/1518579729 conn(0x7f45e4103740 msgr2=0x7f45e4104270 unknown :-1 s=STATE_NONE l=0).mark_down
2024-04-26T19:58:59.707 INFO:teuthology.orchestra.run.smithi045.stdout:/usr/bin/ceph: stderr
2024-04-26T19:58:59.139+0000 7f45e3200700 1 -- 172.21.15.45:0/1518579729 shutdown_connections
2024-04-26T19:58:59.707 INFO:teuthology.orchestra.run.smithi045.stdout:/usr/bin/ceph: stderr
2024-04-26T19:58:59.139+0000 7f45e3200700 1 -- 172.21.15.45:0/1518579729 wait complete.
2024-04-26T19:59:01.459 INFO:teuthology.orchestra.run.smithi045.stdout:/usr/bin/ceph: stderr
2024-04-26T19:59:00.659+0000 7f37f5c00700 1 Processor -- start
2024-04-26T19:59:01.459 INFO:teuthology.orchestra.run.smithi045.stdout:/usr/bin/ceph: stderr
2024-04-26T19:59:00.659+0000 7f37f5c00700 1 -- start start
2024-04-26T19:59:01.459 INFO:teuthology.orchestra.run.smithi045.stdout:/usr/bin/ceph: stderr
2024-04-26T19:59:00.659+0000 7f37f5c00700 1 --2- >> [v2:172.21.15.45:3300/0,v1:172.21.15.45:6789/0] conn(0x7f37f007df60 0x7f37f007c410 unknown :-1 s=NONE pgs=0 cs=0 l=0 rev1=0 crypto rx=0 tx=0 comp rx=0 tx=0).connect
2024-04-26T19:59:01.459 INFO:teuthology.orchestra.run.smithi045.stdout:/usr/bin/ceph: stderr
2024-04-26T19:59:00.659+0000 7f37f5c00700 1 -- --> [v2:172.21.15.45:3300/0,v1:172.21.15.45:6789/0] -- mon_getmap magic: 0 -- 0x7f37f007c9e0 con 0x7f37f007df60
2024-04-26T19:59:01.460 INFO:teuthology.orchestra.run.smithi045.stdout:/usr/bin/ceph: stderr
2024-04-26T19:59:00.659+0000 7f37efe00700 1 --2- >> [v2:172.21.15.45:3300/0,v1:172.21.15.45:6789/0] conn(0x7f37f007df60 0x7f37f007c410 unknown :-1 s=BANNER_CONNECTING pgs=0 cs=0 l=0 rev1=0 crypto rx=0 tx=0 comp rx=0 tx=0)._handle_peer_banner_payload supported=3 required=0
2024-04-26T19:59:01.460 INFO:teuthology.orchestra.run.smithi045.stdout:/usr/bin/ceph: stderr
2024-04-26T19:59:00.659+0000 7f37efe00700 1 --2- >> [v2:172.21.15.45:3300/0,v1:172.21.15.45:6789/0] conn(0x7f37f007df60 0x7f37f007c410 unknown :-1 s=HELLO_CONNECTING pgs=0 cs=0 l=0 rev1=1 crypto rx=0 tx=0 comp rx=0 tx=0).handle_hello peer v2:172.21.15.45:3300/0 says I am v2:172.21.15.45:52766/0 (socket says 172.21.15.45:52766)
2024-04-26T19:59:01.460 INFO:teuthology.orchestra.run.smithi045.stdout:/usr/bin/ceph: stderr
2024-04-26T19:59:00.659+0000 7f37efe00700 1 -- 172.21.15.45:0/453428147 learned_addr learned my addr 172.21.15.45:0/453428147 (peer_addr_for_me v2:172.21.15.45:0/0)
2024-04-26T19:59:01.460 INFO:teuthology.orchestra.run.smithi045.stdout:/usr/bin/ceph: stderr
2024-04-26T19:59:00.659+0000 7f37efe00700 1 -- 172.21.15.45:0/453428147 --> [v2:172.21.15.45:3300/0,v1:172.21.15.45:6789/0] -- mon_subscribe({config=0+,monmap=0+}) -- 0x7f37f007cb60 con 0x7f37f007df60
2024-04-26T19:59:01.460 INFO:teuthology.orchestra.run.smithi045.stdout:/usr/bin/ceph: stderr
2024-04-26T19:59:00.659+0000 7f37efe00700 1 --2- 172.21.15.45:0/453428147 >> [v2:172.21.15.45:3300/0,v1:172.21.15.45:6789/0] conn(0x7f37f007df60 0x7f37f007c410 secure :-1 s=READY pgs=53 cs=0 l=1 rev1=1 crypto rx=0x7f37e00098a0 tx=0x7f37e0009bb0 comp rx=0 tx=0).ready entity=mon.0 client_cookie=bf9ba00f85e7465c server_cookie=0 in_seq=0 out_seq=0
2024-04-26T19:59:01.460 INFO:teuthology.orchestra.run.smithi045.stdout:/usr/bin/ceph: stderr
2024-04-26T19:59:00.659+0000 7f37eea00700 1 -- 172.21.15.45:0/453428147 <== mon.0 v2:172.21.15.45:3300/0 1 ==== mon_map magic: 0 ==== 205+0+0 (secure 0 0 0) 0x7f37e0004160 con 0x7f37f007df60
2024-04-26T19:59:01.460 INFO:teuthology.orchestra.run.smithi045.stdout:/usr/bin/ceph: stderr
2024-04-26T19:59:00.659+0000 7f37eea00700 1 -- 172.21.15.45:0/453428147 <== mon.0 v2:172.21.15.45:3300/0 2 ==== config(25 keys) ==== 1063+0+0 (secure 0 0 0) 0x7f37e0004300 con 0x7f37f007df60
2024-04-26T19:59:01.460 INFO:teuthology.orchestra.run.smithi045.stdout:/usr/bin/ceph: stderr
2024-04-26T19:59:00.659+0000 7f37eea00700 1 -- 172.21.15.45:0/453428147 <== mon.0 v2:172.21.15.45:3300/0 3 ==== mon_map magic: 0 ==== 205+0+0 (secure 0 0 0) 0x7f37e0011960 con 0x7f37f007df60
2024-04-26T19:59:01.460 INFO:teuthology.orchestra.run.smithi045.stdout:/usr/bin/ceph: stderr
2024-04-26T19:59:00.663+0000 7f37f5c00700 1 -- 172.21.15.45:0/453428147 >> [v2:172.21.15.45:3300/0,v1:172.21.15.45:6789/0] conn(0x7f37f007df60 msgr2=0x7f37f007c410 secure :-1 s=STATE_CONNECTION_ESTABLISHED l=1).mark_down
2024-04-26T19:59:01.460 INFO:teuthology.orchestra.run.smithi045.stdout:/usr/bin/ceph: stderr
2024-04-26T19:59:00.663+0000 7f37f5c00700 1 --2- 172.21.15.45:0/453428147 >> [v2:172.21.15.45:3300/0,v1:172.21.15.45:6789/0] conn(0x7f37f007df60 0x7f37f007c410 secure :-1 s=READY pgs=53 cs=0 l=1 rev1=1 crypto rx=0x7f37e00098a0 tx=0x7f37e0009bb0 comp rx=0 tx=0).stop
2024-04-26T19:59:01.460 INFO:teuthology.orchestra.run.smithi045.stdout:/usr/bin/ceph: stderr
2024-04-26T19:59:00.663+0000 7f37f5c00700 1 -- 172.21.15.45:0/453428147 shutdown_connections
2024-04-26T19:59:01.460 INFO:teuthology.orchestra.run.smithi045.stdout:/usr/bin/ceph: stderr
2024-04-26T19:59:00.663+0000 7f37f5c00700 1 --2- 172.21.15.45:0/453428147 >> [v2:172.21.15.45:3300/0,v1:172.21.15.45:6789/0] conn(0x7f37f007df60 0x7f37f007c410 unknown :-1 s=CLOSED pgs=53 cs=0 l=1 rev1=1 crypto rx=0 tx=0 comp rx=0 tx=0).stop
2024-04-26T19:59:01.460 INFO:teuthology.orchestra.run.smithi045.stdout:/usr/bin/ceph: stderr
2024-04-26T19:59:00.663+0000 7f37f5c00700 1 -- 172.21.15.45:0/453428147 >> 172.21.15.45:0/453428147 conn(0x7f37f01037b0 msgr2=0x7f37f0105bd0 unknown :-1 s=STATE_NONE l=0).mark_down
2024-04-26T19:59:01.460 INFO:teuthology.orchestra.run.smithi045.stdout:/usr/bin/ceph: stderr
2024-04-26T19:59:00.663+0000 7f37f5c00700 1 -- 172.21.15.45:0/453428147 shutdown_connections
2024-04-26T19:59:01.460 INFO:teuthology.orchestra.run.smithi045.stdout:/usr/bin/ceph: stderr
2024-04-26T19:59:00.663+0000 7f37f5c00700 1 -- 172.21.15.45:0/453428147 wait complete.
2024-04-26T19:59:01.461 INFO:teuthology.orchestra.run.smithi045.stdout:/usr/bin/ceph: stderr
2024-04-26T19:59:00.663+0000 7f37f5c00700 1 Processor -- start
2024-04-26T19:59:01.461 INFO:teuthology.orchestra.run.smithi045.stdout:/usr/bin/ceph: stderr
2024-04-26T19:59:00.663+0000 7f37f5c00700 1 -- start start
2024-04-26T19:59:01.461 INFO:teuthology.orchestra.run.smithi045.stdout:/usr/bin/ceph: stderr
2024-04-26T19:59:00.663+0000 7f37f5c00700 1 --2- >> [v2:172.21.15.45:3300/0,v1:172.21.15.45:6789/0] conn(0x7f37f007df60 0x7f37f019e280 unknown :-1 s=NONE pgs=0 cs=0 l=1 rev1=0 crypto rx=0 tx=0 comp rx=0 tx=0).connect
2024-04-26T19:59:01.461 INFO:teuthology.orchestra.run.smithi045.stdout:/usr/bin/ceph: stderr
2024-04-26T19:59:00.663+0000 7f37f5c00700 1 -- --> [v2:172.21.15.45:3300/0,v1:172.21.15.45:6789/0] -- mon_getmap magic: 0 -- 0x7f37f010e710 con 0x7f37f007df60
2024-04-26T19:59:01.461 INFO:teuthology.orchestra.run.smithi045.stdout:/usr/bin/ceph: stderr
2024-04-26T19:59:00.663+0000 7f37efe00700 1 --2- >> [v2:172.21.15.45:3300/0,v1:172.21.15.45:6789/0] conn(0x7f37f007df60 0x7f37f019e280 unknown :-1 s=BANNER_CONNECTING pgs=0 cs=0 l=1 rev1=0 crypto rx=0 tx=0 comp rx=0 tx=0)._handle_peer_banner_payload supported=3 required=0
2024-04-26T19:59:01.461 INFO:teuthology.orchestra.run.smithi045.stdout:/usr/bin/ceph: stderr
2024-04-26T19:59:00.663+0000 7f37efe00700 1 --2- >> [v2:172.21.15.45:3300/0,v1:172.21.15.45:6789/0] conn(0x7f37f007df60 0x7f37f019e280 unknown :-1 s=HELLO_CONNECTING pgs=0 cs=0 l=1 rev1=1 crypto rx=0 tx=0 comp rx=0 tx=0).handle_hello peer v2:172.21.15.45:3300/0 says I am v2:172.21.15.45:52772/0 (socket says 172.21.15.45:52772)
2024-04-26T19:59:01.461 INFO:teuthology.orchestra.run.smithi045.stdout:/usr/bin/ceph: stderr
2024-04-26T19:59:00.663+0000 7f37efe00700 1 -- 172.21.15.45:0/3280834000 learned_addr learned my addr 172.21.15.45:0/3280834000 (peer_addr_for_me v2:172.21.15.45:0/0)
2024-04-26T19:59:01.461 INFO:teuthology.orchestra.run.smithi045.stdout:/usr/bin/ceph: stderr
2024-04-26T19:59:00.663+0000 7f37efe00700 1 -- 172.21.15.45:0/3280834000 --> [v2:172.21.15.45:3300/0,v1:172.21.15.45:6789/0] -- mon_subscribe({config=0+,monmap=0+}) -- 0x7f37f019e7c0 con 0x7f37f007df60
2024-04-26T19:59:01.461 INFO:teuthology.orchestra.run.smithi045.stdout:/usr/bin/ceph: stderr
2024-04-26T19:59:00.663+0000 7f37efe00700 1 --2- 172.21.15.45:0/3280834000 >> [v2:172.21.15.45:3300/0,v1:172.21.15.45:6789/0] conn(0x7f37f007df60 0x7f37f019e280 secure :-1 s=READY pgs=54 cs=0 l=1 rev1=1 crypto rx=0x7f37e0011670 tx=0x7f37e0011a30 comp rx=0 tx=0).ready entity=mon.0 client_cookie=0 server_cookie=0 in_seq=0 out_seq=0
2024-04-26T19:59:01.461 INFO:teuthology.orchestra.run.smithi045.stdout:/usr/bin/ceph: stderr
2024-04-26T19:59:00.663+0000 7f37ecc00700 1 -- 172.21.15.45:0/3280834000 <== mon.0 v2:172.21.15.45:3300/0 1 ==== mon_map magic: 0 ==== 205+0+0 (secure 0 0 0) 0x7f37e001f070 con 0x7f37f007df60
2024-04-26T19:59:01.461 INFO:teuthology.orchestra.run.smithi045.stdout:/usr/bin/ceph: stderr
2024-04-26T19:59:00.663+0000 7f37ecc00700 1 -- 172.21.15.45:0/3280834000 <== mon.0 v2:172.21.15.45:3300/0 2 ==== config(25 keys) ==== 1063+0+0 (secure 0 0 0) 0x7f37e0003b20 con 0x7f37f007df60
2024-04-26T19:59:01.461 INFO:teuthology.orchestra.run.smithi045.stdout:/usr/bin/ceph: stderr
2024-04-26T19:59:00.663+0000 7f37ecc00700 1 -- 172.21.15.45:0/3280834000 <== mon.0 v2:172.21.15.45:3300/0 3 ==== mon_map magic: 0 ==== 205+0+0 (secure 0 0 0) 0x7f37e00195f0 con 0x7f37f007df60
2024-04-26T19:59:01.461 INFO:teuthology.orchestra.run.smithi045.stdout:/usr/bin/ceph: stderr
2024-04-26T19:59:00.663+0000 7f37f5c00700 1 -- 172.21.15.45:0/3280834000 --> [v2:172.21.15.45:3300/0,v1:172.21.15.45:6789/0] -- mon_subscribe({mgrmap=0+}) -- 0x7f37f019ea50 con 0x7f37f007df60
2024-04-26T19:59:01.461 INFO:teuthology.orchestra.run.smithi045.stdout:/usr/bin/ceph: stderr
2024-04-26T19:59:00.663+0000 7f37f5c00700 1 -- 172.21.15.45:0/3280834000 --> [v2:172.21.15.45:3300/0,v1:172.21.15.45:6789/0] -- mon_subscribe({osdmap=0}) -- 0x7f37f01a1740 con 0x7f37f007df60
2024-04-26T19:59:01.461 INFO:teuthology.orchestra.run.smithi045.stdout:/usr/bin/ceph: stderr
2024-04-26T19:59:00.667+0000 7f37f5c00700 1 -- 172.21.15.45:0/3280834000 --> [v2:172.21.15.45:3300/0,v1:172.21.15.45:6789/0] -- mon_command({"prefix": "get_command_descriptions"} v 0) -- 0x7f37f0064a80 con 0x7f37f007df60
2024-04-26T19:59:01.462 INFO:teuthology.orchestra.run.smithi045.stdout:/usr/bin/ceph: stderr
2024-04-26T19:59:00.667+0000 7f37ecc00700 1 -- 172.21.15.45:0/3280834000 <== mon.0 v2:172.21.15.45:3300/0 4 ==== mgrmap(e 8) ==== 46558+0+0 (secure 0 0 0) 0x7f37e0022070 con 0x7f37f007df60
2024-04-26T19:59:01.462 INFO:teuthology.orchestra.run.smithi045.stdout:/usr/bin/ceph: stderr
2024-04-26T19:59:00.667+0000 7f37ecc00700 1 --2- 172.21.15.45:0/3280834000 >> [v2:172.21.15.45:6800/3941906557,v1:172.21.15.45:6801/3941906557] conn(0x7f37d40395b0 0x7f37d403ba70 unknown :-1 s=NONE pgs=0 cs=0 l=1 rev1=0 crypto rx=0 tx=0 comp rx=0 tx=0).connect
2024-04-26T19:59:01.462 INFO:teuthology.orchestra.run.smithi045.stdout:/usr/bin/ceph: stderr
2024-04-26T19:59:00.667+0000 7f37ecc00700 1 -- 172.21.15.45:0/3280834000 <== mon.0 v2:172.21.15.45:3300/0 5 ==== osd_map(2..2 src has 1..2) ==== 940+0+0 (secure 0 0 0) 0x7f37e004db70 con 0x7f37f007df60
2024-04-26T19:59:01.462 INFO:teuthology.orchestra.run.smithi045.stdout:/usr/bin/ceph: stderr
2024-04-26T19:59:00.667+0000 7f37ef400700 1 --2- 172.21.15.45:0/3280834000 >> [v2:172.21.15.45:6800/3941906557,v1:172.21.15.45:6801/3941906557] conn(0x7f37d40395b0 0x7f37d403ba70 unknown :-1 s=BANNER_CONNECTING pgs=0 cs=0 l=1 rev1=0 crypto rx=0 tx=0 comp rx=0 tx=0)._handle_peer_banner_payload supported=3 required=0
2024-04-26T19:59:01.462 INFO:teuthology.orchestra.run.smithi045.stdout:/usr/bin/ceph: stderr
2024-04-26T19:59:00.667+0000 7f37ef400700 1 --2- 172.21.15.45:0/3280834000 >> [v2:172.21.15.45:6800/3941906557,v1:172.21.15.45:6801/3941906557] conn(0x7f37d40395b0 0x7f37d403ba70 secure :-1 s=READY pgs=15 cs=0 l=1 rev1=1 crypto rx=0x7f37dc006fd0 tx=0x7f37dc006e40 comp rx=0 tx=0).ready entity=mgr.14120 client_cookie=0 server_cookie=0 in_seq=0 out_seq=0
2024-04-26T19:59:01.462 INFO:teuthology.orchestra.run.smithi045.stdout:/usr/bin/ceph: stderr
2024-04-26T19:59:00.671+0000 7f37ecc00700 1 -- 172.21.15.45:0/3280834000 <== mon.0 v2:172.21.15.45:3300/0 6 ==== mon_command_ack([{"prefix": "get_command_descriptions"}]=0 v0) ==== 72+0+188494 (secure 0 0 0) 0x7f37e004d4c0 con 0x7f37f007df60
2024-04-26T19:59:01.462 INFO:teuthology.orchestra.run.smithi045.stdout:/usr/bin/ceph: stderr
2024-04-26T19:59:00.887+0000 7f37f5c00700 1 -- 172.21.15.45:0/3280834000 --> [v2:172.21.15.45:3300/0,v1:172.21.15.45:6789/0] -- mon_command([{prefix=config set, name=mgr/dashboard/ssl_server_port}] v 0) -- 0x7f37f01a1c30 con 0x7f37f007df60
2024-04-26T19:59:01.462 INFO:teuthology.orchestra.run.smithi045.stdout:/usr/bin/ceph: stderr
2024-04-26T19:59:00.891+0000 7f37ecc00700 1 -- 172.21.15.45:0/3280834000 <== mon.0 v2:172.21.15.45:3300/0 7 ==== mon_command_ack([{prefix=config set, name=mgr/dashboard/ssl_server_port}]=0 v8)=0 v8) ==== 130+0+0 (secure 0 0 0) 0x7f37e001baf0 con 0x7f37f007df60
2024-04-26T19:59:01.462 INFO:teuthology.orchestra.run.smithi045.stdout:/usr/bin/ceph: stderr
2024-04-26T19:59:00.895+0000 7f37f5c00700 1 -- 172.21.15.45:0/3280834000 >> [v2:172.21.15.45:6800/3941906557,v1:172.21.15.45:6801/3941906557] conn(0x7f37d40395b0 msgr2=0x7f37d403ba70 secure :-1 s=STATE_CONNECTION_ESTABLISHED l=1).mark_down
2024-04-26T19:59:01.463 INFO:teuthology.orchestra.run.smithi045.stdout:/usr/bin/ceph: stderr
2024-04-26T19:59:00.895+0000 7f37f5c00700 1 --2- 172.21.15.45:0/3280834000 >> [v2:172.21.15.45:6800/3941906557,v1:172.21.15.45:6801/3941906557] conn(0x7f37d40395b0 0x7f37d403ba70 secure :-1 s=READY pgs=15 cs=0 l=1 rev1=1 crypto rx=0x7f37dc006fd0 tx=0x7f37dc006e40 comp rx=0 tx=0).stop
2024-04-26T19:59:01.463 INFO:teuthology.orchestra.run.smithi045.stdout:/usr/bin/ceph: stderr
2024-04-26T19:59:00.895+0000 7f37f5c00700 1 -- 172.21.15.45:0/3280834000 >> [v2:172.21.15.45:3300/0,v1:172.21.15.45:6789/0] conn(0x7f37f007df60 msgr2=0x7f37f019e280 secure :-1 s=STATE_CONNECTION_ESTABLISHED l=1).mark_down
2024-04-26T19:59:01.463 INFO:teuthology.orchestra.run.smithi045.stdout:/usr/bin/ceph: stderr
2024-04-26T19:59:00.895+0000 7f37f5c00700 1 --2- 172.21.15.45:0/3280834000 >> [v2:172.21.15.45:3300/0,v1:172.21.15.45:6789/0] conn(0x7f37f007df60 0x7f37f019e280 secure :-1 s=READY pgs=54 cs=0 l=1 rev1=1 crypto rx=0x7f37e0011670 tx=0x7f37e0011a30 comp rx=0 tx=0).stop
2024-04-26T19:59:01.463 INFO:teuthology.orchestra.run.smithi045.stdout:/usr/bin/ceph: stderr
2024-04-26T19:59:00.895+0000 7f37f5c00700 1 -- 172.21.15.45:0/3280834000 shutdown_connections
2024-04-26T19:59:01.463 INFO:teuthology.orchestra.run.smithi045.stdout:/usr/bin/ceph: stderr
2024-04-26T19:59:00.895+0000 7f37f5c00700 1 --2- 172.21.15.45:0/3280834000 >> [v2:172.21.15.45:6800/3941906557,v1:172.21.15.45:6801/3941906557] conn(0x7f37d40395b0 0x7f37d403ba70 unknown :-1 s=CLOSED pgs=15 cs=0 l=1 rev1=1 crypto rx=0 tx=0 comp rx=0 tx=0).stop
2024-04-26T19:59:01.463 INFO:teuthology.orchestra.run.smithi045.stdout:/usr/bin/ceph: stderr
2024-04-26T19:59:00.895+0000 7f37f5c00700 1 --2- 172.21.15.45:0/3280834000 >> [v2:172.21.15.45:3300/0,v1:172.21.15.45:6789/0] conn(0x7f37f007df60 0x7f37f019e280 unknown :-1 s=CLOSED pgs=54 cs=0 l=1 rev1=1 crypto rx=0 tx=0 comp rx=0 tx=0).stop
2024-04-26T19:59:01.463 INFO:teuthology.orchestra.run.smithi045.stdout:/usr/bin/ceph: stderr
2024-04-26T19:59:00.895+0000 7f37f5c00700 1 -- 172.21.15.45:0/3280834000 >> 172.21.15.45:0/3280834000 conn(0x7f37f01037b0 msgr2=0x7f37f0104300 unknown :-1 s=STATE_NONE l=0).mark_down
2024-04-26T19:59:01.463 INFO:teuthology.orchestra.run.smithi045.stdout:/usr/bin/ceph: stderr
2024-04-26T19:59:00.895+0000 7f37f5c00700 1 -- 172.21.15.45:0/3280834000 shutdown_connections
2024-04-26T19:59:01.463 INFO:teuthology.orchestra.run.smithi045.stdout:/usr/bin/ceph: stderr
2024-04-26T19:59:00.895+0000 7f37f5c00700 1 -- 172.21.15.45:0/3280834000 wait complete.
2024-04-26T19:59:01.463 INFO:teuthology.orchestra.run.smithi045.stdout:Enabling the dashboard module...
2024-04-26T19:59:01.646 INFO:journalctl@ceph.mon.a.smithi045.stdout:Apr 26 19:59:01 smithi045 bash[21414]: cluster
2024-04-26T19:59:00.306146+0000 mgr.x (mgr.14120) 21 : cluster [DBG] pgmap v4: 0 pgs: ; 0 B data, 0 B used, 0 B / 0 B avail
2024-04-26T19:59:01.646 INFO:journalctl@ceph.mon.a.smithi045.stdout:Apr 26 19:59:01 smithi045 bash[21414]: cluster
2024-04-26T19:59:00.306146+0000 mgr.x (mgr.14120) 21 : cluster [DBG] pgmap v4: 0 pgs: ; 0 B data, 0 B used, 0 B / 0 B avail
2024-04-26T19:59:01.646 INFO:journalctl@ceph.mon.a.smithi045.stdout:Apr 26 19:59:01 smithi045 bash[21414]: audit
2024-04-26T19:59:00.895339+0000 mon.a (mon.0) 69 : audit [INF] from='client.? 172.21.15.45:0/3280834000' entity='client.admin'
2024-04-26T19:59:01.646 INFO:journalctl@ceph.mon.a.smithi045.stdout:Apr 26 19:59:01 smithi045 bash[21414]: audit
2024-04-26T19:59:00.895339+0000 mon.a (mon.0) 69 : audit [INF] from='client.? 172.21.15.45:0/3280834000' entity='client.admin'
2024-04-26T19:59:03.835 INFO:journalctl@ceph.mgr.x.smithi045.stdout:Apr 26 19:59:03 smithi045 bash[21667]: ignoring --setuser ceph since I am not root
2024-04-26T19:59:03.836 INFO:journalctl@ceph.mgr.x.smithi045.stdout:Apr 26 19:59:03 smithi045 bash[21667]: ignoring --setgroup ceph since I am not root
2024-04-26T19:59:03.836 INFO:journalctl@ceph.mon.a.smithi045.stdout:Apr 26 19:59:03 smithi045 bash[21414]: cluster
2024-04-26T19:59:02.306394+0000 mgr.x (mgr.14120) 22 : cluster [DBG] pgmap v5: 0 pgs: ; 0 B data, 0 B used, 0 B / 0 B avail
2024-04-26T19:59:03.836 INFO:journalctl@ceph.mon.a.smithi045.stdout:Apr 26 19:59:03 smithi045 bash[21414]: cluster
2024-04-26T19:59:02.306394+0000 mgr.x (mgr.14120) 22 : cluster [DBG] pgmap v5: 0 pgs: ; 0 B data, 0 B used, 0 B / 0 B avail
2024-04-26T19:59:03.836 INFO:journalctl@ceph.mon.a.smithi045.stdout:Apr 26 19:59:03 smithi045 bash[21414]: audit
2024-04-26T19:59:02.547383+0000 mon.a (mon.0) 70 : audit [INF] from='mgr.14120 172.21.15.45:0/2095348964' entity='mgr.x'
2024-04-26T19:59:03.836 INFO:journalctl@ceph.mon.a.smithi045.stdout:Apr 26 19:59:03 smithi045 bash[21414]: audit
2024-04-26T19:59:02.547383+0000 mon.a (mon.0) 70 : audit [INF] from='mgr.14120 172.21.15.45:0/2095348964' entity='mgr.x'
2024-04-26T19:59:03.836 INFO:journalctl@ceph.mon.a.smithi045.stdout:Apr 26 19:59:03 smithi045 bash[21414]: audit
2024-04-26T19:59:02.776845+0000 mon.a (mon.0) 71 : audit [INF] from='client.? 172.21.15.45:0/92184593' entity='client.admin' cmd=[{"prefix": "mgr module enable", "module": "dashboard"}]: dispatch
2024-04-26T19:59:03.836 INFO:journalctl@ceph.mon.a.smithi045.stdout:Apr 26 19:59:03 smithi045 bash[21414]: audit
2024-04-26T19:59:02.776845+0000 mon.a (mon.0) 71 : audit [INF] from='client.? 172.21.15.45:0/92184593' entity='client.admin' cmd=[{"prefix": "mgr module enable", "module": "dashboard"}]: dispatch
2024-04-26T19:59:04.207 INFO:teuthology.orchestra.run.smithi045.stdout:/usr/bin/ceph: stderr
2024-04-26T19:59:02.475+0000 7f4bbd000700 1 Processor -- start
2024-04-26T19:59:04.207 INFO:teuthology.orchestra.run.smithi045.stdout:/usr/bin/ceph: stderr
2024-04-26T19:59:02.475+0000 7f4bbd000700 1 -- start start
2024-04-26T19:59:04.207 INFO:teuthology.orchestra.run.smithi045.stdout:/usr/bin/ceph: stderr
2024-04-26T19:59:02.475+0000 7f4bbd000700 1 --2- >> [v2:172.21.15.45:3300/0,v1:172.21.15.45:6789/0] conn(0x7f4bb8107230 0x7f4bb8107650 unknown :-1 s=NONE pgs=0 cs=0 l=0 rev1=0 crypto rx=0 tx=0 comp rx=0 tx=0).connect
2024-04-26T19:59:04.207 INFO:teuthology.orchestra.run.smithi045.stdout:/usr/bin/ceph: stderr
2024-04-26T19:59:02.475+0000 7f4bbd000700 1 -- --> [v2:172.21.15.45:3300/0,v1:172.21.15.45:6789/0] -- mon_getmap magic: 0 -- 0x7f4bb8107c20 con 0x7f4bb8107230
2024-04-26T19:59:04.207 INFO:teuthology.orchestra.run.smithi045.stdout:/usr/bin/ceph: stderr
2024-04-26T19:59:02.475+0000 7f4bb5e00700 1 --2- >> [v2:172.21.15.45:3300/0,v1:172.21.15.45:6789/0] conn(0x7f4bb8107230 0x7f4bb8107650 unknown :-1 s=BANNER_CONNECTING pgs=0 cs=0 l=0 rev1=0 crypto rx=0 tx=0 comp rx=0 tx=0)._handle_peer_banner_payload supported=3 required=0
2024-04-26T19:59:04.207 INFO:teuthology.orchestra.run.smithi045.stdout:/usr/bin/ceph: stderr
2024-04-26T19:59:02.475+0000 7f4bb5e00700 1 --2- >> [v2:172.21.15.45:3300/0,v1:172.21.15.45:6789/0] conn(0x7f4bb8107230 0x7f4bb8107650 unknown :-1 s=HELLO_CONNECTING pgs=0 cs=0 l=0 rev1=1 crypto rx=0 tx=0 comp rx=0 tx=0).handle_hello peer v2:172.21.15.45:3300/0 says I am v2:172.21.15.45:52778/0 (socket says 172.21.15.45:52778)
2024-04-26T19:59:04.207 INFO:teuthology.orchestra.run.smithi045.stdout:/usr/bin/ceph: stderr
2024-04-26T19:59:02.475+0000 7f4bb5e00700 1 -- 172.21.15.45:0/2513053370 learned_addr learned my addr 172.21.15.45:0/2513053370 (peer_addr_for_me v2:172.21.15.45:0/0)
2024-04-26T19:59:04.207 INFO:teuthology.orchestra.run.smithi045.stdout:/usr/bin/ceph: stderr
2024-04-26T19:59:02.475+0000 7f4bb5e00700 1 -- 172.21.15.45:0/2513053370 --> [v2:172.21.15.45:3300/0,v1:172.21.15.45:6789/0] -- mon_subscribe({config=0+,monmap=0+}) -- 0x7f4bb8108430 con 0x7f4bb8107230
2024-04-26T19:59:04.207 INFO:teuthology.orchestra.run.smithi045.stdout:/usr/bin/ceph: stderr
2024-04-26T19:59:02.475+0000 7f4bb5e00700 1 --2- 172.21.15.45:0/2513053370 >> [v2:172.21.15.45:3300/0,v1:172.21.15.45:6789/0] conn(0x7f4bb8107230 0x7f4bb8107650 secure :-1 s=READY pgs=55 cs=0 l=1 rev1=1 crypto rx=0x7f4ba80098a0 tx=0x7f4ba8009bb0 comp rx=0 tx=0).ready entity=mon.0 client_cookie=70bfc2c238194df9 server_cookie=0 in_seq=0 out_seq=0
2024-04-26T19:59:04.207 INFO:teuthology.orchestra.run.smithi045.stdout:/usr/bin/ceph: stderr
2024-04-26T19:59:02.475+0000 7f4bb4a00700 1 -- 172.21.15.45:0/2513053370 <== mon.0 v2:172.21.15.45:3300/0 1 ==== mon_map magic: 0 ==== 205+0+0 (secure 0 0 0) 0x7f4ba8004160 con 0x7f4bb8107230
2024-04-26T19:59:04.207 INFO:teuthology.orchestra.run.smithi045.stdout:/usr/bin/ceph: stderr
2024-04-26T19:59:02.475+0000 7f4bb4a00700 1 -- 172.21.15.45:0/2513053370 <== mon.0 v2:172.21.15.45:3300/0 2 ==== config(25 keys) ==== 1063+0+0 (secure 0 0 0) 0x7f4ba8004300 con 0x7f4bb8107230
2024-04-26T19:59:04.208 INFO:teuthology.orchestra.run.smithi045.stdout:/usr/bin/ceph: stderr
2024-04-26T19:59:02.475+0000 7f4bb4a00700 1 -- 172.21.15.45:0/2513053370 <== mon.0 v2:172.21.15.45:3300/0 3 ==== mon_map magic: 0 ==== 205+0+0 (secure 0 0 0) 0x7f4ba8011960 con 0x7f4bb8107230
2024-04-26T19:59:04.208 INFO:teuthology.orchestra.run.smithi045.stdout:/usr/bin/ceph: stderr
2024-04-26T19:59:02.475+0000 7f4bbd000700 1 -- 172.21.15.45:0/2513053370 >> [v2:172.21.15.45:3300/0,v1:172.21.15.45:6789/0] conn(0x7f4bb8107230 msgr2=0x7f4bb8107650 secure :-1 s=STATE_CONNECTION_ESTABLISHED l=1).mark_down
2024-04-26T19:59:04.208 INFO:teuthology.orchestra.run.smithi045.stdout:/usr/bin/ceph: stderr
2024-04-26T19:59:02.475+0000 7f4bbd000700 1 --2- 172.21.15.45:0/2513053370 >> [v2:172.21.15.45:3300/0,v1:172.21.15.45:6789/0] conn(0x7f4bb8107230 0x7f4bb8107650 secure :-1 s=READY pgs=55 cs=0 l=1 rev1=1 crypto rx=0x7f4ba80098a0 tx=0x7f4ba8009bb0 comp rx=0 tx=0).stop
2024-04-26T19:59:04.208 INFO:teuthology.orchestra.run.smithi045.stdout:/usr/bin/ceph: stderr
2024-04-26T19:59:02.475+0000 7f4bbd000700 1 -- 172.21.15.45:0/2513053370 shutdown_connections
2024-04-26T19:59:04.208 INFO:teuthology.orchestra.run.smithi045.stdout:/usr/bin/ceph: stderr
2024-04-26T19:59:02.475+0000 7f4bbd000700 1 --2- 172.21.15.45:0/2513053370 >> [v2:172.21.15.45:3300/0,v1:172.21.15.45:6789/0] conn(0x7f4bb8107230 0x7f4bb8107650 unknown :-1 s=CLOSED pgs=55 cs=0 l=1 rev1=1 crypto rx=0 tx=0 comp rx=0 tx=0).stop
2024-04-26T19:59:04.208 INFO:teuthology.orchestra.run.smithi045.stdout:/usr/bin/ceph: stderr
2024-04-26T19:59:02.475+0000 7f4bbd000700 1 -- 172.21.15.45:0/2513053370 >> 172.21.15.45:0/2513053370 conn(0x7f4bb8102810 msgr2=0x7f4bb8104c30 unknown :-1 s=STATE_NONE l=0).mark_down
2024-04-26T19:59:04.208 INFO:teuthology.orchestra.run.smithi045.stdout:/usr/bin/ceph: stderr
2024-04-26T19:59:02.475+0000 7f4bbd000700 1 -- 172.21.15.45:0/2513053370 shutdown_connections
2024-04-26T19:59:04.208 INFO:teuthology.orchestra.run.smithi045.stdout:/usr/bin/ceph: stderr
2024-04-26T19:59:02.475+0000 7f4bbd000700 1 -- 172.21.15.45:0/2513053370 wait complete.
2024-04-26T19:59:04.208 INFO:teuthology.orchestra.run.smithi045.stdout:/usr/bin/ceph: stderr
2024-04-26T19:59:02.479+0000 7f4bbd000700 1 Processor -- start
2024-04-26T19:59:04.208 INFO:teuthology.orchestra.run.smithi045.stdout:/usr/bin/ceph: stderr
2024-04-26T19:59:02.479+0000 7f4bbd000700 1 -- start start
2024-04-26T19:59:04.208 INFO:teuthology.orchestra.run.smithi045.stdout:/usr/bin/ceph: stderr
2024-04-26T19:59:02.479+0000 7f4bbd000700 1 --2- >> [v2:172.21.15.45:3300/0,v1:172.21.15.45:6789/0] conn(0x7f4bb8107230 0x7f4bb819e440 unknown :-1 s=NONE pgs=0 cs=0 l=1 rev1=0 crypto rx=0 tx=0 comp rx=0 tx=0).connect
2024-04-26T19:59:04.208 INFO:teuthology.orchestra.run.smithi045.stdout:/usr/bin/ceph: stderr
2024-04-26T19:59:02.479+0000 7f4bbd000700 1 -- --> [v2:172.21.15.45:3300/0,v1:172.21.15.45:6789/0] -- mon_getmap magic: 0 -- 0x7f4bb810b660 con 0x7f4bb8107230
2024-04-26T19:59:04.208 INFO:teuthology.orchestra.run.smithi045.stdout:/usr/bin/ceph: stderr
2024-04-26T19:59:02.479+0000 7f4bb5e00700 1 --2- >> [v2:172.21.15.45:3300/0,v1:172.21.15.45:6789/0] conn(0x7f4bb8107230 0x7f4bb819e440 unknown :-1 s=BANNER_CONNECTING pgs=0 cs=0 l=1 rev1=0 crypto rx=0 tx=0 comp rx=0 tx=0)._handle_peer_banner_payload supported=3 required=0
2024-04-26T19:59:04.208 INFO:teuthology.orchestra.run.smithi045.stdout:/usr/bin/ceph: stderr
2024-04-26T19:59:02.479+0000 7f4bb5e00700 1 --2- >> [v2:172.21.15.45:3300/0,v1:172.21.15.45:6789/0] conn(0x7f4bb8107230 0x7f4bb819e440 unknown :-1 s=HELLO_CONNECTING pgs=0 cs=0 l=1 rev1=1 crypto rx=0 tx=0 comp rx=0 tx=0).handle_hello peer v2:172.21.15.45:3300/0 says I am v2:172.21.15.45:52780/0 (socket says 172.21.15.45:52780)
2024-04-26T19:59:04.208 INFO:teuthology.orchestra.run.smithi045.stdout:/usr/bin/ceph: stderr
2024-04-26T19:59:02.479+0000 7f4bb5e00700 1 -- 172.21.15.45:0/92184593 learned_addr learned my addr 172.21.15.45:0/92184593 (peer_addr_for_me v2:172.21.15.45:0/0)
2024-04-26T19:59:04.209 INFO:teuthology.orchestra.run.smithi045.stdout:/usr/bin/ceph: stderr
2024-04-26T19:59:02.479+0000 7f4bb5e00700 1 -- 172.21.15.45:0/92184593 --> [v2:172.21.15.45:3300/0,v1:172.21.15.45:6789/0] -- mon_subscribe({config=0+,monmap=0+}) -- 0x7f4bb819e980 con 0x7f4bb8107230
2024-04-26T19:59:04.209 INFO:teuthology.orchestra.run.smithi045.stdout:/usr/bin/ceph: stderr
2024-04-26T19:59:02.479+0000 7f4bb5e00700 1 --2- 172.21.15.45:0/92184593 >> [v2:172.21.15.45:3300/0,v1:172.21.15.45:6789/0] conn(0x7f4bb8107230 0x7f4bb819e440 secure :-1 s=READY pgs=56 cs=0 l=1 rev1=1 crypto rx=0x7f4ba8011670 tx=0x7f4ba8011a30 comp rx=0 tx=0).ready entity=mon.0 client_cookie=0 server_cookie=0 in_seq=0 out_seq=0
2024-04-26T19:59:04.209 INFO:teuthology.orchestra.run.smithi045.stdout:/usr/bin/ceph: stderr
2024-04-26T19:59:02.479+0000 7f4baea00700 1 -- 172.21.15.45:0/92184593 <== mon.0 v2:172.21.15.45:3300/0 1 ==== mon_map magic: 0 ==== 205+0+0 (secure 0 0 0) 0x7f4ba8003a60 con 0x7f4bb8107230
2024-04-26T19:59:04.209 INFO:teuthology.orchestra.run.smithi045.stdout:/usr/bin/ceph: stderr
2024-04-26T19:59:02.479+0000 7f4baea00700 1 -- 172.21.15.45:0/92184593 <== mon.0 v2:172.21.15.45:3300/0 2 ==== config(25 keys) ==== 1063+0+0 (secure 0 0 0) 0x7f4ba801b8d0 con 0x7f4bb8107230
2024-04-26T19:59:04.209 INFO:teuthology.orchestra.run.smithi045.stdout:/usr/bin/ceph: stderr
2024-04-26T19:59:02.479+0000 7f4bbd000700 1 -- 172.21.15.45:0/92184593 --> [v2:172.21.15.45:3300/0,v1:172.21.15.45:6789/0] -- mon_subscribe({mgrmap=0+}) -- 0x7f4bb819ec10 con 0x7f4bb8107230
2024-04-26T19:59:04.209 INFO:teuthology.orchestra.run.smithi045.stdout:/usr/bin/ceph: stderr
2024-04-26T19:59:02.479+0000 7f4baea00700 1 -- 172.21.15.45:0/92184593 <== mon.0 v2:172.21.15.45:3300/0 3 ==== mon_map magic: 0 ==== 205+0+0 (secure 0 0 0) 0x7f4ba8023790 con 0x7f4bb8107230
2024-04-26T19:59:04.209 INFO:teuthology.orchestra.run.smithi045.stdout:/usr/bin/ceph: stderr
2024-04-26T19:59:02.479+0000 7f4bbd000700 1 -- 172.21.15.45:0/92184593 --> [v2:172.21.15.45:3300/0,v1:172.21.15.45:6789/0] -- mon_subscribe({osdmap=0}) -- 0x7f4bb81a1900 con 0x7f4bb8107230
2024-04-26T19:59:04.209 INFO:teuthology.orchestra.run.smithi045.stdout:/usr/bin/ceph: stderr
2024-04-26T19:59:02.479+0000 7f4bbd000700 1 -- 172.21.15.45:0/92184593 --> [v2:172.21.15.45:3300/0,v1:172.21.15.45:6789/0] -- mon_command({"prefix": "get_command_descriptions"} v 0) -- 0x7f4bb810b7e0 con 0x7f4bb8107230
2024-04-26T19:59:04.209 INFO:teuthology.orchestra.run.smithi045.stdout:/usr/bin/ceph: stderr
2024-04-26T19:59:02.479+0000 7f4baea00700 1 -- 172.21.15.45:0/92184593 <== mon.0 v2:172.21.15.45:3300/0 4 ==== mgrmap(e 8) ==== 46558+0+0 (secure 0 0 0) 0x7f4ba8023a40 con 0x7f4bb8107230
2024-04-26T19:59:04.209 INFO:teuthology.orchestra.run.smithi045.stdout:/usr/bin/ceph: stderr
2024-04-26T19:59:02.483+0000 7f4baea00700 1 --2- 172.21.15.45:0/92184593 >> [v2:172.21.15.45:6800/3941906557,v1:172.21.15.45:6801/3941906557] conn(0x7f4b9c039600 0x7f4b9c03bac0 unknown :-1 s=NONE pgs=0 cs=0 l=1 rev1=0 crypto rx=0 tx=0 comp rx=0 tx=0).connect
2024-04-26T19:59:04.209 INFO:teuthology.orchestra.run.smithi045.stdout:/usr/bin/ceph: stderr
2024-04-26T19:59:02.483+0000 7f4baea00700 1 -- 172.21.15.45:0/92184593 <== mon.0 v2:172.21.15.45:3300/0 5 ==== osd_map(2..2 src has 1..2) ==== 940+0+0 (secure 0 0 0) 0x7f4ba804dff0 con 0x7f4bb8107230
2024-04-26T19:59:04.209 INFO:teuthology.orchestra.run.smithi045.stdout:/usr/bin/ceph: stderr
2024-04-26T19:59:02.483+0000 7f4bb5400700 1 --2- 172.21.15.45:0/92184593 >> [v2:172.21.15.45:6800/3941906557,v1:172.21.15.45:6801/3941906557] conn(0x7f4b9c039600 0x7f4b9c03bac0 unknown :-1 s=BANNER_CONNECTING pgs=0 cs=0 l=1 rev1=0 crypto rx=0 tx=0 comp rx=0 tx=0)._handle_peer_banner_payload supported=3 required=0
2024-04-26T19:59:04.209 INFO:teuthology.orchestra.run.smithi045.stdout:/usr/bin/ceph: stderr
2024-04-26T19:59:02.483+0000 7f4bb5400700 1 --2- 172.21.15.45:0/92184593 >> [v2:172.21.15.45:6800/3941906557,v1:172.21.15.45:6801/3941906557] conn(0x7f4b9c039600 0x7f4b9c03bac0 secure :-1 s=READY pgs=16 cs=0 l=1 rev1=1 crypto rx=0x7f4ba4006fd0 tx=0x7f4ba4006e40 comp rx=0 tx=0).ready entity=mgr.14120 client_cookie=0 server_cookie=0 in_seq=0 out_seq=0
2024-04-26T19:59:04.209 INFO:teuthology.orchestra.run.smithi045.stdout:/usr/bin/ceph: stderr
2024-04-26T19:59:02.491+0000 7f4baea00700 1 -- 172.21.15.45:0/92184593 <== mon.0 v2:172.21.15.45:3300/0 6 ==== mon_command_ack([{"prefix": "get_command_descriptions"}]=0 v0) ==== 72+0+188494 (secure 0 0 0) 0x7f4ba801f030 con 0x7f4bb8107230
2024-04-26T19:59:04.209 INFO:teuthology.orchestra.run.smithi045.stdout:/usr/bin/ceph: stderr
2024-04-26T19:59:02.771+0000 7f4bbd000700 1 -- 172.21.15.45:0/92184593 --> [v2:172.21.15.45:3300/0,v1:172.21.15.45:6789/0] -- mon_command({"prefix": "mgr module enable", "module": "dashboard"} v 0) -- 0x7f4bb802e560 con 0x7f4bb8107230
2024-04-26T19:59:04.210 INFO:teuthology.orchestra.run.smithi045.stdout:/usr/bin/ceph: stderr
2024-04-26T19:59:03.543+0000 7f4baea00700 1 -- 172.21.15.45:0/92184593 <== mon.0 v2:172.21.15.45:3300/0 7 ==== mon_command_ack([{"prefix": "mgr module enable", "module": "dashboard"}]=0 v9) ==== 88+0+0 (secure 0 0 0) 0x7f4ba8016260 con 0x7f4bb8107230
2024-04-26T19:59:04.210 INFO:teuthology.orchestra.run.smithi045.stdout:/usr/bin/ceph: stderr
2024-04-26T19:59:03.543+0000 7f4baea00700 1 -- 172.21.15.45:0/92184593 <== mon.0 v2:172.21.15.45:3300/0 8 ==== mgrmap(e 9) ==== 46571+0+0 (secure 0 0 0) 0x7f4ba802c910 con 0x7f4bb8107230
2024-04-26T19:59:04.210 INFO:teuthology.orchestra.run.smithi045.stdout:/usr/bin/ceph: stderr
2024-04-26T19:59:03.547+0000 7f4bbd000700 1 -- 172.21.15.45:0/92184593 >> [v2:172.21.15.45:6800/3941906557,v1:172.21.15.45:6801/3941906557] conn(0x7f4b9c039600 msgr2=0x7f4b9c03bac0 secure :-1 s=STATE_CONNECTION_ESTABLISHED l=1).mark_down
2024-04-26T19:59:04.210 INFO:teuthology.orchestra.run.smithi045.stdout:/usr/bin/ceph: stderr
2024-04-26T19:59:03.547+0000 7f4bbd000700 1 --2- 172.21.15.45:0/92184593 >> [v2:172.21.15.45:6800/3941906557,v1:172.21.15.45:6801/3941906557] conn(0x7f4b9c039600 0x7f4b9c03bac0 secure :-1 s=READY pgs=16 cs=0 l=1 rev1=1 crypto rx=0x7f4ba4006fd0 tx=0x7f4ba4006e40 comp rx=0 tx=0).stop
2024-04-26T19:59:04.210 INFO:teuthology.orchestra.run.smithi045.stdout:/usr/bin/ceph: stderr
2024-04-26T19:59:03.547+0000 7f4bbd000700 1 -- 172.21.15.45:0/92184593 >> [v2:172.21.15.45:3300/0,v1:172.21.15.45:6789/0] conn(0x7f4bb8107230 msgr2=0x7f4bb819e440 secure :-1 s=STATE_CONNECTION_ESTABLISHED l=1).mark_down
2024-04-26T19:59:04.210 INFO:teuthology.orchestra.run.smithi045.stdout:/usr/bin/ceph: stderr
