2024-04-26T19:58:28.189 INFO:teuthology.orchestra.run.smithi045.stdout:/usr/bin/ceph: stderr
2024-04-26T19:58:27.671+0000 7fc069400700 1 -- 172.21.15.45:0/3213202943 shutdown_connections
2024-04-26T19:58:28.189 INFO:teuthology.orchestra.run.smithi045.stdout:/usr/bin/ceph: stderr
2024-04-26T19:58:27.671+0000 7fc069400700 1 -- 172.21.15.45:0/3213202943 wait complete.
2024-04-26T19:58:28.189 INFO:teuthology.orchestra.run.smithi045.stdout:Enabling cephadm module...
2024-04-26T19:58:29.690 INFO:journalctl@ceph.mon.a.smithi045.stdout:Apr 26 19:58:29 smithi045 bash[21414]: audit
2024-04-26T19:58:29.380190+0000 mon.a (mon.0) 33 : audit [INF] from='client.? 172.21.15.45:0/2408859935' entity='client.admin' cmd=[{"prefix": "mgr module enable", "module": "cephadm"}]: dispatch
2024-04-26T19:58:29.690 INFO:journalctl@ceph.mon.a.smithi045.stdout:Apr 26 19:58:29 smithi045 bash[21414]: audit
2024-04-26T19:58:29.380190+0000 mon.a (mon.0) 33 : audit [INF] from='client.? 172.21.15.45:0/2408859935' entity='client.admin' cmd=[{"prefix": "mgr module enable", "module": "cephadm"}]: dispatch
2024-04-26T19:58:29.690 INFO:journalctl@ceph.mgr.x.smithi045.stdout:Apr 26 19:58:29 smithi045 bash[21667]: ignoring --setuser ceph since I am not root
2024-04-26T19:58:29.690 INFO:journalctl@ceph.mgr.x.smithi045.stdout:Apr 26 19:58:29 smithi045 bash[21667]: ignoring --setgroup ceph since I am not root
2024-04-26T19:58:29.963 INFO:teuthology.orchestra.run.smithi045.stdout:/usr/bin/ceph: stderr
2024-04-26T19:58:29.087+0000 7fe3bf200700 1 Processor -- start
2024-04-26T19:58:29.963 INFO:teuthology.orchestra.run.smithi045.stdout:/usr/bin/ceph: stderr
2024-04-26T19:58:29.091+0000 7fe3bf200700 1 -- start start
2024-04-26T19:58:29.963 INFO:teuthology.orchestra.run.smithi045.stdout:/usr/bin/ceph: stderr
2024-04-26T19:58:29.091+0000 7fe3bf200700 1 --2- >> [v2:172.21.15.45:3300/0,v1:172.21.15.45:6789/0] conn(0x7fe3c007df40 0x7fe3c007c3f0 unknown :-1 s=NONE pgs=0 cs=0 l=0 rev1=0 crypto rx=0 tx=0 comp rx=0 tx=0).connect
2024-04-26T19:58:29.963 INFO:teuthology.orchestra.run.smithi045.stdout:/usr/bin/ceph: stderr
2024-04-26T19:58:29.091+0000 7fe3bf200700 1 -- --> [v2:172.21.15.45:3300/0,v1:172.21.15.45:6789/0] -- mon_getmap magic: 0 -- 0x7fe3c007c930 con 0x7fe3c007df40
2024-04-26T19:58:29.963 INFO:teuthology.orchestra.run.smithi045.stdout:/usr/bin/ceph: stderr
2024-04-26T19:58:29.091+0000 7fe3bde00700 1 --2- >> [v2:172.21.15.45:3300/0,v1:172.21.15.45:6789/0] conn(0x7fe3c007df40 0x7fe3c007c3f0 unknown :-1 s=BANNER_CONNECTING pgs=0 cs=0 l=0 rev1=0 crypto rx=0 tx=0 comp rx=0 tx=0)._handle_peer_banner_payload supported=3 required=0
2024-04-26T19:58:29.963 INFO:teuthology.orchestra.run.smithi045.stdout:/usr/bin/ceph: stderr
2024-04-26T19:58:29.091+0000 7fe3bde00700 1 --2- >> [v2:172.21.15.45:3300/0,v1:172.21.15.45:6789/0] conn(0x7fe3c007df40 0x7fe3c007c3f0 unknown :-1 s=HELLO_CONNECTING pgs=0 cs=0 l=0 rev1=1 crypto rx=0 tx=0 comp rx=0 tx=0).handle_hello peer v2:172.21.15.45:3300/0 says I am v2:172.21.15.45:50768/0 (socket says 172.21.15.45:50768)
2024-04-26T19:58:29.963 INFO:teuthology.orchestra.run.smithi045.stdout:/usr/bin/ceph: stderr
2024-04-26T19:58:29.091+0000 7fe3bde00700 1 -- 172.21.15.45:0/4173972591 learned_addr learned my addr 172.21.15.45:0/4173972591 (peer_addr_for_me v2:172.21.15.45:0/0)
2024-04-26T19:58:29.963 INFO:teuthology.orchestra.run.smithi045.stdout:/usr/bin/ceph: stderr
2024-04-26T19:58:29.091+0000 7fe3bde00700 1 -- 172.21.15.45:0/4173972591 --> [v2:172.21.15.45:3300/0,v1:172.21.15.45:6789/0] -- mon_subscribe({config=0+,monmap=0+}) -- 0x7fe3c007cab0 con 0x7fe3c007df40
2024-04-26T19:58:29.964 INFO:teuthology.orchestra.run.smithi045.stdout:/usr/bin/ceph: stderr
2024-04-26T19:58:29.091+0000 7fe3bde00700 1 --2- 172.21.15.45:0/4173972591 >> [v2:172.21.15.45:3300/0,v1:172.21.15.45:6789/0] conn(0x7fe3c007df40 0x7fe3c007c3f0 secure :-1 s=READY pgs=22 cs=0 l=1 rev1=1 crypto rx=0x7fe3b00098a0 tx=0x7fe3b0009bb0 comp rx=0 tx=0).ready entity=mon.0 client_cookie=52a2f59ac6caab2b server_cookie=0 in_seq=0 out_seq=0
2024-04-26T19:58:29.964 INFO:teuthology.orchestra.run.smithi045.stdout:/usr/bin/ceph: stderr
2024-04-26T19:58:29.091+0000 7fe3bca00700 1 -- 172.21.15.45:0/4173972591 <== mon.0 v2:172.21.15.45:3300/0 1 ==== mon_map magic: 0 ==== 205+0+0 (secure 0 0 0) 0x7fe3b0004160 con 0x7fe3c007df40
2024-04-26T19:58:29.964 INFO:teuthology.orchestra.run.smithi045.stdout:/usr/bin/ceph: stderr
2024-04-26T19:58:29.091+0000 7fe3bca00700 1 -- 172.21.15.45:0/4173972591 <== mon.0 v2:172.21.15.45:3300/0 2 ==== config(25 keys) ==== 1032+0+0 (secure 0 0 0) 0x7fe3b0004300 con 0x7fe3c007df40
2024-04-26T19:58:29.964 INFO:teuthology.orchestra.run.smithi045.stdout:/usr/bin/ceph: stderr
2024-04-26T19:58:29.091+0000 7fe3bca00700 1 -- 172.21.15.45:0/4173972591 <== mon.0 v2:172.21.15.45:3300/0 3 ==== mon_map magic: 0 ==== 205+0+0 (secure 0 0 0) 0x7fe3b00119e0 con 0x7fe3c007df40
2024-04-26T19:58:29.964 INFO:teuthology.orchestra.run.smithi045.stdout:/usr/bin/ceph: stderr
2024-04-26T19:58:29.091+0000 7fe3bf200700 1 -- 172.21.15.45:0/4173972591 >> [v2:172.21.15.45:3300/0,v1:172.21.15.45:6789/0] conn(0x7fe3c007df40 msgr2=0x7fe3c007c3f0 secure :-1 s=STATE_CONNECTION_ESTABLISHED l=1).mark_down
2024-04-26T19:58:29.964 INFO:teuthology.orchestra.run.smithi045.stdout:/usr/bin/ceph: stderr
2024-04-26T19:58:29.091+0000 7fe3bf200700 1 --2- 172.21.15.45:0/4173972591 >> [v2:172.21.15.45:3300/0,v1:172.21.15.45:6789/0] conn(0x7fe3c007df40 0x7fe3c007c3f0 secure :-1 s=READY pgs=22 cs=0 l=1 rev1=1 crypto rx=0x7fe3b00098a0 tx=0x7fe3b0009bb0 comp rx=0 tx=0).stop
2024-04-26T19:58:29.964 INFO:teuthology.orchestra.run.smithi045.stdout:/usr/bin/ceph: stderr
2024-04-26T19:58:29.091+0000 7fe3bf200700 1 -- 172.21.15.45:0/4173972591 shutdown_connections
2024-04-26T19:58:29.964 INFO:teuthology.orchestra.run.smithi045.stdout:/usr/bin/ceph: stderr
2024-04-26T19:58:29.091+0000 7fe3bf200700 1 --2- 172.21.15.45:0/4173972591 >> [v2:172.21.15.45:3300/0,v1:172.21.15.45:6789/0] conn(0x7fe3c007df40 0x7fe3c007c3f0 unknown :-1 s=CLOSED pgs=22 cs=0 l=1 rev1=1 crypto rx=0 tx=0 comp rx=0 tx=0).stop
2024-04-26T19:58:29.964 INFO:teuthology.orchestra.run.smithi045.stdout:/usr/bin/ceph: stderr
2024-04-26T19:58:29.091+0000 7fe3bf200700 1 -- 172.21.15.45:0/4173972591 >> 172.21.15.45:0/4173972591 conn(0x7fe3c01037b0 msgr2=0x7fe3c0105bd0 unknown :-1 s=STATE_NONE l=0).mark_down
2024-04-26T19:58:29.964 INFO:teuthology.orchestra.run.smithi045.stdout:/usr/bin/ceph: stderr
2024-04-26T19:58:29.091+0000 7fe3bf200700 1 -- 172.21.15.45:0/4173972591 shutdown_connections
2024-04-26T19:58:29.964 INFO:teuthology.orchestra.run.smithi045.stdout:/usr/bin/ceph: stderr
2024-04-26T19:58:29.091+0000 7fe3bf200700 1 -- 172.21.15.45:0/4173972591 wait complete.
2024-04-26T19:58:29.964 INFO:teuthology.orchestra.run.smithi045.stdout:/usr/bin/ceph: stderr
2024-04-26T19:58:29.091+0000 7fe3bf200700 1 Processor -- start
2024-04-26T19:58:29.964 INFO:teuthology.orchestra.run.smithi045.stdout:/usr/bin/ceph: stderr
2024-04-26T19:58:29.091+0000 7fe3bf200700 1 -- start start
2024-04-26T19:58:29.964 INFO:teuthology.orchestra.run.smithi045.stdout:/usr/bin/ceph: stderr
2024-04-26T19:58:29.091+0000 7fe3bf200700 1 --2- >> [v2:172.21.15.45:3300/0,v1:172.21.15.45:6789/0] conn(0x7fe3c007df40 0x7fe3c019e210 unknown :-1 s=NONE pgs=0 cs=0 l=1 rev1=0 crypto rx=0 tx=0 comp rx=0 tx=0).connect
2024-04-26T19:58:29.964 INFO:teuthology.orchestra.run.smithi045.stdout:/usr/bin/ceph: stderr
2024-04-26T19:58:29.091+0000 7fe3bf200700 1 -- --> [v2:172.21.15.45:3300/0,v1:172.21.15.45:6789/0] -- mon_getmap magic: 0 -- 0x7fe3c010e6e0 con 0x7fe3c007df40
2024-04-26T19:58:29.965 INFO:teuthology.orchestra.run.smithi045.stdout:/usr/bin/ceph: stderr
2024-04-26T19:58:29.095+0000 7fe3bde00700 1 --2- >> [v2:172.21.15.45:3300/0,v1:172.21.15.45:6789/0] conn(0x7fe3c007df40 0x7fe3c019e210 unknown :-1 s=BANNER_CONNECTING pgs=0 cs=0 l=1 rev1=0 crypto rx=0 tx=0 comp rx=0 tx=0)._handle_peer_banner_payload supported=3 required=0
2024-04-26T19:58:29.965 INFO:teuthology.orchestra.run.smithi045.stdout:/usr/bin/ceph: stderr
2024-04-26T19:58:29.095+0000 7fe3bde00700 1 --2- >> [v2:172.21.15.45:3300/0,v1:172.21.15.45:6789/0] conn(0x7fe3c007df40 0x7fe3c019e210 unknown :-1 s=HELLO_CONNECTING pgs=0 cs=0 l=1 rev1=1 crypto rx=0 tx=0 comp rx=0 tx=0).handle_hello peer v2:172.21.15.45:3300/0 says I am v2:172.21.15.45:50784/0 (socket says 172.21.15.45:50784)
2024-04-26T19:58:29.965 INFO:teuthology.orchestra.run.smithi045.stdout:/usr/bin/ceph: stderr
2024-04-26T19:58:29.095+0000 7fe3bde00700 1 -- 172.21.15.45:0/2408859935 learned_addr learned my addr 172.21.15.45:0/2408859935 (peer_addr_for_me v2:172.21.15.45:0/0)
2024-04-26T19:58:29.965 INFO:teuthology.orchestra.run.smithi045.stdout:/usr/bin/ceph: stderr
2024-04-26T19:58:29.095+0000 7fe3bde00700 1 -- 172.21.15.45:0/2408859935 --> [v2:172.21.15.45:3300/0,v1:172.21.15.45:6789/0] -- mon_subscribe({config=0+,monmap=0+}) -- 0x7fe3c019e750 con 0x7fe3c007df40
2024-04-26T19:58:29.965 INFO:teuthology.orchestra.run.smithi045.stdout:/usr/bin/ceph: stderr
2024-04-26T19:58:29.095+0000 7fe3bde00700 1 --2- 172.21.15.45:0/2408859935 >> [v2:172.21.15.45:3300/0,v1:172.21.15.45:6789/0] conn(0x7fe3c007df40 0x7fe3c019e210 secure :-1 s=READY pgs=23 cs=0 l=1 rev1=1 crypto rx=0x7fe3b00116a0 tx=0x7fe3b00046a0 comp rx=0 tx=0).ready entity=mon.0 client_cookie=0 server_cookie=0 in_seq=0 out_seq=0
2024-04-26T19:58:29.965 INFO:teuthology.orchestra.run.smithi045.stdout:/usr/bin/ceph: stderr
2024-04-26T19:58:29.095+0000 7fe3b6a00700 1 -- 172.21.15.45:0/2408859935 <== mon.0 v2:172.21.15.45:3300/0 1 ==== mon_map magic: 0 ==== 205+0+0 (secure 0 0 0) 0x7fe3b0003b70 con 0x7fe3c007df40
2024-04-26T19:58:29.965 INFO:teuthology.orchestra.run.smithi045.stdout:/usr/bin/ceph: stderr
2024-04-26T19:58:29.095+0000 7fe3b6a00700 1 -- 172.21.15.45:0/2408859935 <== mon.0 v2:172.21.15.45:3300/0 2 ==== config(25 keys) ==== 1032+0+0 (secure 0 0 0) 0x7fe3b001a8a0 con 0x7fe3c007df40
2024-04-26T19:58:29.965 INFO:teuthology.orchestra.run.smithi045.stdout:/usr/bin/ceph: stderr
2024-04-26T19:58:29.095+0000 7fe3bf200700 1 -- 172.21.15.45:0/2408859935 --> [v2:172.21.15.45:3300/0,v1:172.21.15.45:6789/0] -- mon_subscribe({mgrmap=0+}) -- 0x7fe3c019e9e0 con 0x7fe3c007df40
2024-04-26T19:58:29.965 INFO:teuthology.orchestra.run.smithi045.stdout:/usr/bin/ceph: stderr
2024-04-26T19:58:29.095+0000 7fe3b6a00700 1 -- 172.21.15.45:0/2408859935 <== mon.0 v2:172.21.15.45:3300/0 3 ==== mon_map magic: 0 ==== 205+0+0 (secure 0 0 0) 0x7fe3b0024890 con 0x7fe3c007df40
2024-04-26T19:58:29.965 INFO:teuthology.orchestra.run.smithi045.stdout:/usr/bin/ceph: stderr
2024-04-26T19:58:29.095+0000 7fe3bf200700 1 -- 172.21.15.45:0/2408859935 --> [v2:172.21.15.45:3300/0,v1:172.21.15.45:6789/0] -- mon_subscribe({osdmap=0}) -- 0x7fe3c01a16d0 con 0x7fe3c007df40
2024-04-26T19:58:29.965 INFO:teuthology.orchestra.run.smithi045.stdout:/usr/bin/ceph: stderr
2024-04-26T19:58:29.095+0000 7fe3b6a00700 1 -- 172.21.15.45:0/2408859935 <== mon.0 v2:172.21.15.45:3300/0 4 ==== mgrmap(e 4) ==== 46547+0+0 (secure 0 0 0) 0x7fe3b0022020 con 0x7fe3c007df40
2024-04-26T19:58:29.965 INFO:teuthology.orchestra.run.smithi045.stdout:/usr/bin/ceph: stderr
2024-04-26T19:58:29.095+0000 7fe3bf200700 1 -- 172.21.15.45:0/2408859935 --> [v2:172.21.15.45:3300/0,v1:172.21.15.45:6789/0] -- mon_command({"prefix": "get_command_descriptions"} v 0) -- 0x7fe3c0064a80 con 0x7fe3c007df40
2024-04-26T19:58:29.965 INFO:teuthology.orchestra.run.smithi045.stdout:/usr/bin/ceph: stderr
2024-04-26T19:58:29.095+0000 7fe3b6a00700 1 --2- 172.21.15.45:0/2408859935 >> [v2:172.21.15.45:6800/509907618,v1:172.21.15.45:6801/509907618] conn(0x7fe3a40395b0 0x7fe3a403ba70 unknown :-1 s=NONE pgs=0 cs=0 l=1 rev1=0 crypto rx=0 tx=0 comp rx=0 tx=0).connect
2024-04-26T19:58:29.965 INFO:teuthology.orchestra.run.smithi045.stdout:/usr/bin/ceph: stderr
2024-04-26T19:58:29.095+0000 7fe3b6a00700 1 -- 172.21.15.45:0/2408859935 <== mon.0 v2:172.21.15.45:3300/0 5 ==== osd_map(1..1 src has 1..1) ==== 725+0+0 (secure 0 0 0) 0x7fe3b004d920 con 0x7fe3c007df40
2024-04-26T19:58:29.965 INFO:teuthology.orchestra.run.smithi045.stdout:/usr/bin/ceph: stderr
2024-04-26T19:58:29.095+0000 7fe3bd400700 1 --2- 172.21.15.45:0/2408859935 >> [v2:172.21.15.45:6800/509907618,v1:172.21.15.45:6801/509907618] conn(0x7fe3a40395b0 0x7fe3a403ba70 unknown :-1 s=BANNER_CONNECTING pgs=0 cs=0 l=1 rev1=0 crypto rx=0 tx=0 comp rx=0 tx=0)._handle_peer_banner_payload supported=3 required=0
2024-04-26T19:58:29.966 INFO:teuthology.orchestra.run.smithi045.stdout:/usr/bin/ceph: stderr
2024-04-26T19:58:29.095+0000 7fe3bd400700 1 --2- 172.21.15.45:0/2408859935 >> [v2:172.21.15.45:6800/509907618,v1:172.21.15.45:6801/509907618] conn(0x7fe3a40395b0 0x7fe3a403ba70 secure :-1 s=READY pgs=8 cs=0 l=1 rev1=1 crypto rx=0x7fe3ac006fd0 tx=0x7fe3ac006e40 comp rx=0 tx=0).ready entity=mgr.14100 client_cookie=0 server_cookie=0 in_seq=0 out_seq=0
2024-04-26T19:58:29.966 INFO:teuthology.orchestra.run.smithi045.stdout:/usr/bin/ceph: stderr
2024-04-26T19:58:29.099+0000 7fe3b6a00700 1 -- 172.21.15.45:0/2408859935 <== mon.0 v2:172.21.15.45:3300/0 6 ==== mon_command_ack([{"prefix": "get_command_descriptions"}]=0 v0) ==== 72+0+188494 (secure 0 0 0) 0x7fe3b0019c70 con 0x7fe3c007df40
2024-04-26T19:58:29.966 INFO:teuthology.orchestra.run.smithi045.stdout:/usr/bin/ceph: stderr
2024-04-26T19:58:29.375+0000 7fe3bf200700 1 -- 172.21.15.45:0/2408859935 --> [v2:172.21.15.45:3300/0,v1:172.21.15.45:6789/0] -- mon_command({"prefix": "mgr module enable", "module": "cephadm"} v 0) -- 0x7fe3c01a1bd0 con 0x7fe3c007df40
2024-04-26T19:58:29.966 INFO:teuthology.orchestra.run.smithi045.stdout:/usr/bin/ceph: stderr
2024-04-26T19:58:29.427+0000 7fe3b6a00700 1 -- 172.21.15.45:0/2408859935 <== mon.0 v2:172.21.15.45:3300/0 7 ==== mon_command_ack([{"prefix": "mgr module enable", "module": "cephadm"}]=0 v5) ==== 86+0+0 (secure 0 0 0) 0x7fe3b002ca70 con 0x7fe3c007df40
2024-04-26T19:58:29.966 INFO:teuthology.orchestra.run.smithi045.stdout:/usr/bin/ceph: stderr
2024-04-26T19:58:29.427+0000 7fe3b6a00700 1 -- 172.21.15.45:0/2408859935 <== mon.0 v2:172.21.15.45:3300/0 8 ==== mgrmap(e 5) ==== 46558+0+0 (secure 0 0 0) 0x7fe3b002d960 con 0x7fe3c007df40
2024-04-26T19:58:29.966 INFO:teuthology.orchestra.run.smithi045.stdout:/usr/bin/ceph: stderr
2024-04-26T19:58:29.431+0000 7fe3bf200700 1 -- 172.21.15.45:0/2408859935 >> [v2:172.21.15.45:6800/509907618,v1:172.21.15.45:6801/509907618] conn(0x7fe3a40395b0 msgr2=0x7fe3a403ba70 secure :-1 s=STATE_CONNECTION_ESTABLISHED l=1).mark_down
2024-04-26T19:58:29.966 INFO:teuthology.orchestra.run.smithi045.stdout:/usr/bin/ceph: stderr
2024-04-26T19:58:29.431+0000 7fe3bf200700 1 --2- 172.21.15.45:0/2408859935 >> [v2:172.21.15.45:6800/509907618,v1:172.21.15.45:6801/509907618] conn(0x7fe3a40395b0 0x7fe3a403ba70 secure :-1 s=READY pgs=8 cs=0 l=1 rev1=1 crypto rx=0x7fe3ac006fd0 tx=0x7fe3ac006e40 comp rx=0 tx=0).stop
2024-04-26T19:58:29.966 INFO:teuthology.orchestra.run.smithi045.stdout:/usr/bin/ceph: stderr
2024-04-26T19:58:29.431+0000 7fe3bf200700 1 -- 172.21.15.45:0/2408859935 >> [v2:172.21.15.45:3300/0,v1:172.21.15.45:6789/0] conn(0x7fe3c007df40 msgr2=0x7fe3c019e210 secure :-1 s=STATE_CONNECTION_ESTABLISHED l=1).mark_down
2024-04-26T19:58:29.966 INFO:teuthology.orchestra.run.smithi045.stdout:/usr/bin/ceph: stderr
2024-04-26T19:58:29.431+0000 7fe3bf200700 1 --2- 172.21.15.45:0/2408859935 >> [v2:172.21.15.45:3300/0,v1:172.21.15.45:6789/0] conn(0x7fe3c007df40 0x7fe3c019e210 secure :-1 s=READY pgs=23 cs=0 l=1 rev1=1 crypto rx=0x7fe3b00116a0 tx=0x7fe3b00046a0 comp rx=0 tx=0).stop
2024-04-26T19:58:29.966 INFO:teuthology.orchestra.run.smithi045.stdout:/usr/bin/ceph: stderr
2024-04-26T19:58:29.431+0000 7fe3bf200700 1 -- 172.21.15.45:0/2408859935 shutdown_connections
2024-04-26T19:58:29.966 INFO:teuthology.orchestra.run.smithi045.stdout:/usr/bin/ceph: stderr
2024-04-26T19:58:29.431+0000 7fe3bf200700 1 --2- 172.21.15.45:0/2408859935 >> [v2:172.21.15.45:6800/509907618,v1:172.21.15.45:6801/509907618] conn(0x7fe3a40395b0 0x7fe3a403ba70 unknown :-1 s=CLOSED pgs=8 cs=0 l=1 rev1=1 crypto rx=0 tx=0 comp rx=0 tx=0).stop
2024-04-26T19:58:29.966 INFO:teuthology.orchestra.run.smithi045.stdout:/usr/bin/ceph: stderr
2024-04-26T19:58:29.431+0000 7fe3bf200700 1 --2- 172.21.15.45:0/2408859935 >> [v2:172.21.15.45:3300/0,v1:172.21.15.45:6789/0] conn(0x7fe3c007df40 0x7fe3c019e210 unknown :-1 s=CLOSED pgs=23 cs=0 l=1 rev1=1 crypto rx=0 tx=0 comp rx=0 tx=0).stop
2024-04-26T19:58:29.966 INFO:teuthology.orchestra.run.smithi045.stdout:/usr/bin/ceph: stderr
2024-04-26T19:58:29.431+0000 7fe3bf200700 1 -- 172.21.15.45:0/2408859935 >> 172.21.15.45:0/2408859935 conn(0x7fe3c01037b0 msgr2=0x7fe3c01042b0 unknown :-1 s=STATE_NONE l=0).mark_down
2024-04-26T19:58:29.966 INFO:teuthology.orchestra.run.smithi045.stdout:/usr/bin/ceph: stderr
2024-04-26T19:58:29.431+0000 7fe3bf200700 1 -- 172.21.15.45:0/2408859935 shutdown_connections
2024-04-26T19:58:29.967 INFO:teuthology.orchestra.run.smithi045.stdout:/usr/bin/ceph: stderr
2024-04-26T19:58:29.431+0000 7fe3bf200700 1 -- 172.21.15.45:0/2408859935 wait complete.
2024-04-26T19:58:29.988 INFO:journalctl@ceph.mgr.x.smithi045.stdout:Apr 26 19:58:29 smithi045 bash[21667]: debug
2024-04-26T19:58:29.687+0000 7f31c242d200 -1 mgr[py] Module devicehealth has missing NOTIFY_TYPES member
2024-04-26T19:58:30.675 INFO:journalctl@ceph.mon.a.smithi045.stdout:Apr 26 19:58:30 smithi045 bash[21414]: audit
2024-04-26T19:58:29.431640+0000 mon.a (mon.0) 34 : audit [INF] from='client.? 172.21.15.45:0/2408859935' entity='client.admin' cmd='[{"prefix": "mgr module enable", "module": "cephadm"}]': finished
2024-04-26T19:58:30.676 INFO:journalctl@ceph.mon.a.smithi045.stdout:Apr 26 19:58:30 smithi045 bash[21414]: audit
2024-04-26T19:58:29.431640+0000 mon.a (mon.0) 34 : audit [INF] from='client.? 172.21.15.45:0/2408859935' entity='client.admin' cmd='[{"prefix": "mgr module enable", "module": "cephadm"}]': finished
2024-04-26T19:58:30.676 INFO:journalctl@ceph.mon.a.smithi045.stdout:Apr 26 19:58:30 smithi045 bash[21414]: cluster
2024-04-26T19:58:29.434814+0000 mon.a (mon.0) 35 : cluster [DBG] mgrmap e5: x(active, since 5s)
2024-04-26T19:58:30.676 INFO:journalctl@ceph.mon.a.smithi045.stdout:Apr 26 19:58:30 smithi045 bash[21414]: cluster
2024-04-26T19:58:29.434814+0000 mon.a (mon.0) 35 : cluster [DBG] mgrmap e5: x(active, since 5s)
2024-04-26T19:58:31.494 INFO:journalctl@ceph.mon.a.smithi045.stdout:Apr 26 19:58:31 smithi045 bash[21414]: audit
2024-04-26T19:58:31.181777+0000 mon.a (mon.0) 36 : audit [DBG] from='client.? 172.21.15.45:0/3189330309' entity='client.admin' cmd=[{"prefix": "mgr stat"}]: dispatch
2024-04-26T19:58:31.494 INFO:journalctl@ceph.mon.a.smithi045.stdout:Apr 26 19:58:31 smithi045 bash[21414]: audit
2024-04-26T19:58:31.181777+0000 mon.a (mon.0) 36 : audit [DBG] from='client.? 172.21.15.45:0/3189330309' entity='client.admin' cmd=[{"prefix": "mgr stat"}]: dispatch
2024-04-26T19:58:31.671 INFO:teuthology.orchestra.run.smithi045.stdout:/usr/bin/ceph: stdout {
2024-04-26T19:58:31.671 INFO:teuthology.orchestra.run.smithi045.stdout:/usr/bin/ceph: stdout "epoch": 5,
2024-04-26T19:58:31.672 INFO:teuthology.orchestra.run.smithi045.stdout:/usr/bin/ceph: stdout "available": true,
2024-04-26T19:58:31.672 INFO:teuthology.orchestra.run.smithi045.stdout:/usr/bin/ceph: stdout "active_name": "x",
2024-04-26T19:58:31.672 INFO:teuthology.orchestra.run.smithi045.stdout:/usr/bin/ceph: stdout "num_standby": 0
2024-04-26T19:58:31.672 INFO:teuthology.orchestra.run.smithi045.stdout:/usr/bin/ceph: stdout }
2024-04-26T19:58:31.672 INFO:teuthology.orchestra.run.smithi045.stdout:/usr/bin/ceph: stderr
2024-04-26T19:58:30.887+0000 7f45dae00700 1 Processor -- start
2024-04-26T19:58:31.672 INFO:teuthology.orchestra.run.smithi045.stdout:/usr/bin/ceph: stderr
2024-04-26T19:58:30.887+0000 7f45dae00700 1 -- start start
2024-04-26T19:58:31.672 INFO:teuthology.orchestra.run.smithi045.stdout:/usr/bin/ceph: stderr
2024-04-26T19:58:30.887+0000 7f45dae00700 1 --2- >> [v2:172.21.15.45:3300/0,v1:172.21.15.45:6789/0] conn(0x7f45d41083e0 0x7f45d4108800 unknown :-1 s=NONE pgs=0 cs=0 l=0 rev1=0 crypto rx=0 tx=0 comp rx=0 tx=0).connect
2024-04-26T19:58:31.672 INFO:teuthology.orchestra.run.smithi045.stdout:/usr/bin/ceph: stderr
2024-04-26T19:58:30.887+0000 7f45dae00700 1 -- --> [v2:172.21.15.45:3300/0,v1:172.21.15.45:6789/0] -- mon_getmap magic: 0 -- 0x7f45d4108dd0 con 0x7f45d41083e0
2024-04-26T19:58:31.672 INFO:teuthology.orchestra.run.smithi045.stdout:/usr/bin/ceph: stderr
2024-04-26T19:58:30.891+0000 7f45d3e00700 1 --2- >> [v2:172.21.15.45:3300/0,v1:172.21.15.45:6789/0] conn(0x7f45d41083e0 0x7f45d4108800 unknown :-1 s=BANNER_CONNECTING pgs=0 cs=0 l=0 rev1=0 crypto rx=0 tx=0 comp rx=0 tx=0)._handle_peer_banner_payload supported=3 required=0
2024-04-26T19:58:31.672 INFO:teuthology.orchestra.run.smithi045.stdout:/usr/bin/ceph: stderr
2024-04-26T19:58:30.891+0000 7f45d3e00700 1 --2- >> [v2:172.21.15.45:3300/0,v1:172.21.15.45:6789/0] conn(0x7f45d41083e0 0x7f45d4108800 unknown :-1 s=HELLO_CONNECTING pgs=0 cs=0 l=0 rev1=1 crypto rx=0 tx=0 comp rx=0 tx=0).handle_hello peer v2:172.21.15.45:3300/0 says I am v2:172.21.15.45:50822/0 (socket says 172.21.15.45:50822)
2024-04-26T19:58:31.672 INFO:teuthology.orchestra.run.smithi045.stdout:/usr/bin/ceph: stderr
2024-04-26T19:58:30.891+0000 7f45d3e00700 1 -- 172.21.15.45:0/4289287826 learned_addr learned my addr 172.21.15.45:0/4289287826 (peer_addr_for_me v2:172.21.15.45:0/0)
2024-04-26T19:58:31.672 INFO:teuthology.orchestra.run.smithi045.stdout:/usr/bin/ceph: stderr
2024-04-26T19:58:30.891+0000 7f45d3e00700 1 -- 172.21.15.45:0/4289287826 --> [v2:172.21.15.45:3300/0,v1:172.21.15.45:6789/0] -- mon_subscribe({config=0+,monmap=0+}) -- 0x7f45d4109540 con 0x7f45d41083e0
2024-04-26T19:58:31.672 INFO:teuthology.orchestra.run.smithi045.stdout:/usr/bin/ceph: stderr
2024-04-26T19:58:30.891+0000 7f45d3e00700 1 --2- 172.21.15.45:0/4289287826 >> [v2:172.21.15.45:3300/0,v1:172.21.15.45:6789/0] conn(0x7f45d41083e0 0x7f45d4108800 secure :-1 s=READY pgs=26 cs=0 l=1 rev1=1 crypto rx=0x7f45c40098a0 tx=0x7f45c4009bb0 comp rx=0 tx=0).ready entity=mon.0 client_cookie=17dbc2775a09b72b server_cookie=0 in_seq=0 out_seq=0
2024-04-26T19:58:31.672 INFO:teuthology.orchestra.run.smithi045.stdout:/usr/bin/ceph: stderr
2024-04-26T19:58:30.891+0000 7f45d2a00700 1 -- 172.21.15.45:0/4289287826 <== mon.0 v2:172.21.15.45:3300/0 1 ==== mon_map magic: 0 ==== 205+0+0 (secure 0 0 0) 0x7f45c4004160 con 0x7f45d41083e0
2024-04-26T19:58:31.672 INFO:teuthology.orchestra.run.smithi045.stdout:/usr/bin/ceph: stderr
2024-04-26T19:58:30.891+0000 7f45d2a00700 1 -- 172.21.15.45:0/4289287826 <== mon.0 v2:172.21.15.45:3300/0 2 ==== config(25 keys) ==== 1032+0+0 (secure 0 0 0) 0x7f45c4004300 con 0x7f45d41083e0
2024-04-26T19:58:31.673 INFO:teuthology.orchestra.run.smithi045.stdout:/usr/bin/ceph: stderr
2024-04-26T19:58:30.891+0000 7f45d2a00700 1 -- 172.21.15.45:0/4289287826 <== mon.0 v2:172.21.15.45:3300/0 3 ==== mon_map magic: 0 ==== 205+0+0 (secure 0 0 0) 0x7f45c40119e0 con 0x7f45d41083e0
2024-04-26T19:58:31.673 INFO:teuthology.orchestra.run.smithi045.stdout:/usr/bin/ceph: stderr
2024-04-26T19:58:30.891+0000 7f45dae00700 1 -- 172.21.15.45:0/4289287826 >> [v2:172.21.15.45:3300/0,v1:172.21.15.45:6789/0] conn(0x7f45d41083e0 msgr2=0x7f45d4108800 secure :-1 s=STATE_CONNECTION_ESTABLISHED l=1).mark_down
2024-04-26T19:58:31.673 INFO:teuthology.orchestra.run.smithi045.stdout:/usr/bin/ceph: stderr
2024-04-26T19:58:30.891+0000 7f45dae00700 1 --2- 172.21.15.45:0/4289287826 >> [v2:172.21.15.45:3300/0,v1:172.21.15.45:6789/0] conn(0x7f45d41083e0 0x7f45d4108800 secure :-1 s=READY pgs=26 cs=0 l=1 rev1=1 crypto rx=0x7f45c40098a0 tx=0x7f45c4009bb0 comp rx=0 tx=0).stop
2024-04-26T19:58:31.673 INFO:teuthology.orchestra.run.smithi045.stdout:/usr/bin/ceph: stderr
2024-04-26T19:58:30.891+0000 7f45dae00700 1 -- 172.21.15.45:0/4289287826 shutdown_connections
2024-04-26T19:58:31.673 INFO:teuthology.orchestra.run.smithi045.stdout:/usr/bin/ceph: stderr
2024-04-26T19:58:30.891+0000 7f45dae00700 1 --2- 172.21.15.45:0/4289287826 >> [v2:172.21.15.45:3300/0,v1:172.21.15.45:6789/0] conn(0x7f45d41083e0 0x7f45d4108800 unknown :-1 s=CLOSED pgs=26 cs=0 l=1 rev1=1 crypto rx=0 tx=0 comp rx=0 tx=0).stop
2024-04-26T19:58:31.673 INFO:teuthology.orchestra.run.smithi045.stdout:/usr/bin/ceph: stderr
2024-04-26T19:58:30.891+0000 7f45dae00700 1 -- 172.21.15.45:0/4289287826 >> 172.21.15.45:0/4289287826 conn(0x7f45d4103980 msgr2=0x7f45d4105dc0 unknown :-1 s=STATE_NONE l=0).mark_down
2024-04-26T19:58:31.673 INFO:teuthology.orchestra.run.smithi045.stdout:/usr/bin/ceph: stderr
2024-04-26T19:58:30.891+0000 7f45dae00700 1 -- 172.21.15.45:0/4289287826 shutdown_connections
2024-04-26T19:58:31.673 INFO:teuthology.orchestra.run.smithi045.stdout:/usr/bin/ceph: stderr
2024-04-26T19:58:30.891+0000 7f45dae00700 1 -- 172.21.15.45:0/4289287826 wait complete.
2024-04-26T19:58:31.673 INFO:teuthology.orchestra.run.smithi045.stdout:/usr/bin/ceph: stderr
2024-04-26T19:58:30.891+0000 7f45dae00700 1 Processor -- start
2024-04-26T19:58:31.673 INFO:teuthology.orchestra.run.smithi045.stdout:/usr/bin/ceph: stderr
2024-04-26T19:58:30.891+0000 7f45dae00700 1 -- start start
2024-04-26T19:58:31.673 INFO:teuthology.orchestra.run.smithi045.stdout:/usr/bin/ceph: stderr
2024-04-26T19:58:30.891+0000 7f45dae00700 1 --2- >> [v2:172.21.15.45:3300/0,v1:172.21.15.45:6789/0] conn(0x7f45d41083e0 0x7f45d419e430 unknown :-1 s=NONE pgs=0 cs=0 l=1 rev1=0 crypto rx=0 tx=0 comp rx=0 tx=0).connect
2024-04-26T19:58:31.673 INFO:teuthology.orchestra.run.smithi045.stdout:/usr/bin/ceph: stderr
2024-04-26T19:58:30.891+0000 7f45dae00700 1 -- --> [v2:172.21.15.45:3300/0,v1:172.21.15.45:6789/0] -- mon_getmap magic: 0 -- 0x7f45d410c770 con 0x7f45d41083e0
2024-04-26T19:58:31.673 INFO:teuthology.orchestra.run.smithi045.stdout:/usr/bin/ceph: stderr
2024-04-26T19:58:30.891+0000 7f45d3e00700 1 --2- >> [v2:172.21.15.45:3300/0,v1:172.21.15.45:6789/0] conn(0x7f45d41083e0 0x7f45d419e430 unknown :-1 s=BANNER_CONNECTING pgs=0 cs=0 l=1 rev1=0 crypto rx=0 tx=0 comp rx=0 tx=0)._handle_peer_banner_payload supported=3 required=0
2024-04-26T19:58:31.673 INFO:teuthology.orchestra.run.smithi045.stdout:/usr/bin/ceph: stderr
2024-04-26T19:58:30.891+0000 7f45d3e00700 1 --2- >> [v2:172.21.15.45:3300/0,v1:172.21.15.45:6789/0] conn(0x7f45d41083e0 0x7f45d419e430 unknown :-1 s=HELLO_CONNECTING pgs=0 cs=0 l=1 rev1=1 crypto rx=0 tx=0 comp rx=0 tx=0).handle_hello peer v2:172.21.15.45:3300/0 says I am v2:172.21.15.45:50834/0 (socket says 172.21.15.45:50834)
2024-04-26T19:58:31.673 INFO:teuthology.orchestra.run.smithi045.stdout:/usr/bin/ceph: stderr
2024-04-26T19:58:30.891+0000 7f45d3e00700 1 -- 172.21.15.45:0/3189330309 learned_addr learned my addr 172.21.15.45:0/3189330309 (peer_addr_for_me v2:172.21.15.45:0/0)
2024-04-26T19:58:31.673 INFO:teuthology.orchestra.run.smithi045.stdout:/usr/bin/ceph: stderr
2024-04-26T19:58:30.895+0000 7f45d3e00700 1 -- 172.21.15.45:0/3189330309 --> [v2:172.21.15.45:3300/0,v1:172.21.15.45:6789/0] -- mon_subscribe({config=0+,monmap=0+}) -- 0x7f45d419e970 con 0x7f45d41083e0
2024-04-26T19:58:31.673 INFO:teuthology.orchestra.run.smithi045.stdout:/usr/bin/ceph: stderr
2024-04-26T19:58:30.895+0000 7f45d3e00700 1 --2- 172.21.15.45:0/3189330309 >> [v2:172.21.15.45:3300/0,v1:172.21.15.45:6789/0] conn(0x7f45d41083e0 0x7f45d419e430 secure :-1 s=READY pgs=27 cs=0 l=1 rev1=1 crypto rx=0x7f45c40119b0 tx=0x7f45c4011a90 comp rx=0 tx=0).ready entity=mon.0 client_cookie=0 server_cookie=0 in_seq=0 out_seq=0
2024-04-26T19:58:31.674 INFO:teuthology.orchestra.run.smithi045.stdout:/usr/bin/ceph: stderr
2024-04-26T19:58:30.895+0000 7f45d0c00700 1 -- 172.21.15.45:0/3189330309 <== mon.0 v2:172.21.15.45:3300/0 1 ==== mon_map magic: 0 ==== 205+0+0 (secure 0 0 0) 0x7f45c4003b70 con 0x7f45d41083e0
2024-04-26T19:58:31.674 INFO:teuthology.orchestra.run.smithi045.stdout:/usr/bin/ceph: stderr
2024-04-26T19:58:30.895+0000 7f45d0c00700 1 -- 172.21.15.45:0/3189330309 <== mon.0 v2:172.21.15.45:3300/0 2 ==== config(25 keys) ==== 1032+0+0 (secure 0 0 0) 0x7f45c401a8a0 con 0x7f45d41083e0
2024-04-26T19:58:31.674 INFO:teuthology.orchestra.run.smithi045.stdout:/usr/bin/ceph: stderr
2024-04-26T19:58:30.895+0000 7f45dae00700 1 -- 172.21.15.45:0/3189330309 --> [v2:172.21.15.45:3300/0,v1:172.21.15.45:6789/0] -- mon_subscribe({mgrmap=0+}) -- 0x7f45d419ec00 con 0x7f45d41083e0
2024-04-26T19:58:31.674 INFO:teuthology.orchestra.run.smithi045.stdout:/usr/bin/ceph: stderr
2024-04-26T19:58:30.895+0000 7f45d0c00700 1 -- 172.21.15.45:0/3189330309 <== mon.0 v2:172.21.15.45:3300/0 3 ==== mon_map magic: 0 ==== 205+0+0 (secure 0 0 0) 0x7f45c4024830 con 0x7f45d41083e0
2024-04-26T19:58:31.674 INFO:teuthology.orchestra.run.smithi045.stdout:/usr/bin/ceph: stderr
2024-04-26T19:58:30.895+0000 7f45dae00700 1 -- 172.21.15.45:0/3189330309 --> [v2:172.21.15.45:3300/0,v1:172.21.15.45:6789/0] -- mon_subscribe({osdmap=0}) -- 0x7f45d41a18f0 con 0x7f45d41083e0
2024-04-26T19:58:31.674 INFO:teuthology.orchestra.run.smithi045.stdout:/usr/bin/ceph: stderr
2024-04-26T19:58:30.895+0000 7f45dae00700 1 -- 172.21.15.45:0/3189330309 --> [v2:172.21.15.45:3300/0,v1:172.21.15.45:6789/0] -- mon_command({"prefix": "get_command_descriptions"} v 0) -- 0x7f45d4064a80 con 0x7f45d41083e0
2024-04-26T19:58:31.674 INFO:teuthology.orchestra.run.smithi045.stdout:/usr/bin/ceph: stderr
2024-04-26T19:58:30.895+0000 7f45d0c00700 1 -- 172.21.15.45:0/3189330309 <== mon.0 v2:172.21.15.45:3300/0 4 ==== mgrmap(e 5) ==== 46558+0+0 (secure 0 0 0) 0x7f45c4022020 con 0x7f45d41083e0
2024-04-26T19:58:31.674 INFO:teuthology.orchestra.run.smithi045.stdout:/usr/bin/ceph: stderr
2024-04-26T19:58:30.895+0000 7f45d0c00700 1 --2- 172.21.15.45:0/3189330309 >> [v2:172.21.15.45:6800/509907618,v1:172.21.15.45:6801/509907618] conn(0x7f45b80395b0 0x7f45b803ba70 unknown :-1 s=NONE pgs=0 cs=0 l=1 rev1=0 crypto rx=0 tx=0 comp rx=0 tx=0).connect
2024-04-26T19:58:31.674 INFO:teuthology.orchestra.run.smithi045.stdout:/usr/bin/ceph: stderr
2024-04-26T19:58:30.895+0000 7f45d0c00700 1 -- 172.21.15.45:0/3189330309 <== mon.0 v2:172.21.15.45:3300/0 5 ==== osd_map(1..1 src has 1..1) ==== 725+0+0 (secure 0 0 0) 0x7f45c404d6e0 con 0x7f45d41083e0
2024-04-26T19:58:31.674 INFO:teuthology.orchestra.run.smithi045.stdout:/usr/bin/ceph: stderr
2024-04-26T19:58:30.895+0000 7f45d3400700 1 -- 172.21.15.45:0/3189330309 >> [v2:172.21.15.45:6800/509907618,v1:172.21.15.45:6801/509907618] conn(0x7f45b80395b0 msgr2=0x7f45b803ba70 unknown :-1 s=STATE_CONNECTING_RE l=1).process reconnect failed to v2:172.21.15.45:6800/509907618
2024-04-26T19:58:31.674 INFO:teuthology.orchestra.run.smithi045.stdout:/usr/bin/ceph: stderr
2024-04-26T19:58:30.895+0000 7f45d3400700 1 --2- 172.21.15.45:0/3189330309 >> [v2:172.21.15.45:6800/509907618,v1:172.21.15.45:6801/509907618] conn(0x7f45b80395b0 0x7f45b803ba70 unknown :-1 s=START_CONNECT pgs=0 cs=0 l=1 rev1=0 crypto rx=0 tx=0 comp rx=0 tx=0)._fault waiting 0.200000
2024-04-26T19:58:31.674 INFO:teuthology.orchestra.run.smithi045.stdout:/usr/bin/ceph: stderr
2024-04-26T19:58:30.903+0000 7f45d0c00700 1 -- 172.21.15.45:0/3189330309 <== mon.0 v2:172.21.15.45:3300/0 6 ==== mon_command_ack([{"prefix": "get_command_descriptions"}]=0 v0) ==== 72+0+188494 (secure 0 0 0) 0x7f45c400be50 con 0x7f45d41083e0
2024-04-26T19:58:31.674 INFO:teuthology.orchestra.run.smithi045.stdout:/usr/bin/ceph: stderr
2024-04-26T19:58:31.099+0000 7f45d3400700 1 -- 172.21.15.45:0/3189330309 >> [v2:172.21.15.45:6800/509907618,v1:172.21.15.45:6801/509907618] conn(0x7f45b80395b0 msgr2=0x7f45b803ba70 unknown :-1 s=STATE_CONNECTING_RE l=1).process reconnect failed to v2:172.21.15.45:6800/509907618
2024-04-26T19:58:31.674 INFO:teuthology.orchestra.run.smithi045.stdout:/usr/bin/ceph: stderr
2024-04-26T19:58:31.099+0000 7f45d3400700 1 --2- 172.21.15.45:0/3189330309 >> [v2:172.21.15.45:6800/509907618,v1:172.21.15.45:6801/509907618] conn(0x7f45b80395b0 0x7f45b803ba70 unknown :-1 s=START_CONNECT pgs=0 cs=0 l=1 rev1=0 crypto rx=0 tx=0 comp rx=0 tx=0)._fault waiting 0.400000
2024-04-26T19:58:31.674 INFO:teuthology.orchestra.run.smithi045.stdout:/usr/bin/ceph: stderr
2024-04-26T19:58:31.175+0000 7f45dae00700 1 -- 172.21.15.45:0/3189330309 --> [v2:172.21.15.45:3300/0,v1:172.21.15.45:6789/0] -- mon_command({"prefix": "mgr stat"} v 0) -- 0x7f45d41a1ac0 con 0x7f45d41083e0
2024-04-26T19:58:31.675 INFO:teuthology.orchestra.run.smithi045.stdout:/usr/bin/ceph: stderr
2024-04-26T19:58:31.179+0000 7f45d0c00700 1 -- 172.21.15.45:0/3189330309 <== mon.0 v2:172.21.15.45:3300/0 7 ==== mon_command_ack([{"prefix": "mgr stat"}]=0 v5) ==== 56+0+88 (secure 0 0 0) 0x7f45c404d440 con 0x7f45d41083e0
2024-04-26T19:58:31.675 INFO:teuthology.orchestra.run.smithi045.stdout:/usr/bin/ceph: stderr
2024-04-26T19:58:31.179+0000 7f45dae00700 1 -- 172.21.15.45:0/3189330309 >> [v2:172.21.15.45:6800/509907618,v1:172.21.15.45:6801/509907618] conn(0x7f45b80395b0 msgr2=0x7f45b803ba70 unknown :-1 s=STATE_CONNECTING l=1).mark_down
2024-04-26T19:58:31.675 INFO:teuthology.orchestra.run.smithi045.stdout:/usr/bin/ceph: stderr
2024-04-26T19:58:31.179+0000 7f45dae00700 1 --2- 172.21.15.45:0/3189330309 >> [v2:172.21.15.45:6800/509907618,v1:172.21.15.45:6801/509907618] conn(0x7f45b80395b0 0x7f45b803ba70 unknown :-1 s=START_CONNECT pgs=0 cs=0 l=1 rev1=0 crypto rx=0 tx=0 comp rx=0 tx=0).stop
2024-04-26T19:58:31.675 INFO:teuthology.orchestra.run.smithi045.stdout:/usr/bin/ceph: stderr
2024-04-26T19:58:31.179+0000 7f45dae00700 1 -- 172.21.15.45:0/3189330309 >> [v2:172.21.15.45:3300/0,v1:172.21.15.45:6789/0] conn(0x7f45d41083e0 msgr2=0x7f45d419e430 secure :-1 s=STATE_CONNECTION_ESTABLISHED l=1).mark_down
2024-04-26T19:58:31.675 INFO:teuthology.orchestra.run.smithi045.stdout:/usr/bin/ceph: stderr
2024-04-26T19:58:31.179+0000 7f45dae00700 1 --2- 172.21.15.45:0/3189330309 >> [v2:172.21.15.45:3300/0,v1:172.21.15.45:6789/0] conn(0x7f45d41083e0 0x7f45d419e430 secure :-1 s=READY pgs=27 cs=0 l=1 rev1=1 crypto rx=0x7f45c40119b0 tx=0x7f45c4011a90 comp rx=0 tx=0).stop
2024-04-26T19:58:31.675 INFO:teuthology.orchestra.run.smithi045.stdout:/usr/bin/ceph: stderr
2024-04-26T19:58:31.179+0000 7f45dae00700 1 -- 172.21.15.45:0/3189330309 shutdown_connections
2024-04-26T19:58:31.675 INFO:teuthology.orchestra.run.smithi045.stdout:/usr/bin/ceph: stderr
2024-04-26T19:58:31.179+0000 7f45dae00700 1 --2- 172.21.15.45:0/3189330309 >> [v2:172.21.15.45:6800/509907618,v1:172.21.15.45:6801/509907618] conn(0x7f45b80395b0 0x7f45b803ba70 unknown :-1 s=CLOSED pgs=0 cs=0 l=1 rev1=0 crypto rx=0 tx=0 comp rx=0 tx=0).stop
2024-04-26T19:58:31.675 INFO:teuthology.orchestra.run.smithi045.stdout:/usr/bin/ceph: stderr
2024-04-26T19:58:31.179+0000 7f45dae00700 1 --2- 172.21.15.45:0/3189330309 >> [v2:172.21.15.45:3300/0,v1:172.21.15.45:6789/0] conn(0x7f45d41083e0 0x7f45d419e430 unknown :-1 s=CLOSED pgs=27 cs=0 l=1 rev1=1 crypto rx=0 tx=0 comp rx=0 tx=0).stop
2024-04-26T19:58:31.675 INFO:teuthology.orchestra.run.smithi045.stdout:/usr/bin/ceph: stderr
2024-04-26T19:58:31.179+0000 7f45dae00700 1 -- 172.21.15.45:0/3189330309 >> 172.21.15.45:0/3189330309 conn(0x7f45d4103980 msgr2=0x7f45d4104440 unknown :-1 s=STATE_NONE l=0).mark_down
2024-04-26T19:58:31.675 INFO:teuthology.orchestra.run.smithi045.stdout:/usr/bin/ceph: stderr
2024-04-26T19:58:31.179+0000 7f45dae00700 1 -- 172.21.15.45:0/3189330309 shutdown_connections
2024-04-26T19:58:31.675 INFO:teuthology.orchestra.run.smithi045.stdout:/usr/bin/ceph: stderr
2024-04-26T19:58:31.179+0000 7f45dae00700 1 -- 172.21.15.45:0/3189330309 wait complete.
2024-04-26T19:58:31.675 INFO:teuthology.orchestra.run.smithi045.stdout:Waiting for the mgr to restart...
2024-04-26T19:58:31.675 INFO:teuthology.orchestra.run.smithi045.stdout:Waiting for mgr epoch 5...
2024-04-26T19:58:31.798 INFO:journalctl@ceph.mgr.x.smithi045.stdout:Apr 26 19:58:31 smithi045 bash[21667]: debug
2024-04-26T19:58:31.491+0000 7f31c242d200 -1 mgr[py] Module rook has missing NOTIFY_TYPES member
2024-04-26T19:58:31.798 INFO:journalctl@ceph.mgr.x.smithi045.stdout:Apr 26 19:58:31 smithi045 bash[21667]: debug
2024-04-26T19:58:31.595+0000 7f31c242d200 -1 mgr[py] Module iostat has missing NOTIFY_TYPES member
2024-04-26T19:58:32.298 INFO:journalctl@ceph.mgr.x.smithi045.stdout:Apr 26 19:58:31 smithi045 bash[21667]: debug
2024-04-26T19:58:31.879+0000 7f31c242d200 -1 mgr[py] Module telemetry has missing NOTIFY_TYPES member
2024-04-26T19:58:33.048 INFO:journalctl@ceph.mgr.x.smithi045.stdout:Apr 26 19:58:32 smithi045 bash[21667]: debug
2024-04-26T19:58:32.715+0000 7f31c242d200 -1 mgr[py] Module osd_support has missing NOTIFY_TYPES member
2024-04-26T19:58:33.048 INFO:journalctl@ceph.mgr.x.smithi045.stdout:Apr 26 19:58:32 smithi045 bash[21667]: debug
2024-04-26T19:58:32.839+0000 7f31c242d200 -1 mgr[py] Module selftest has missing NOTIFY_TYPES member
2024-04-26T19:58:33.048 INFO:journalctl@ceph.mgr.x.smithi045.stdout:Apr 26 19:58:32 smithi045 bash[21667]: debug
2024-04-26T19:58:32.951+0000 7f31c242d200 -1 mgr[py] Module progress has missing NOTIFY_TYPES member
2024-04-26T19:58:33.798 INFO:journalctl@ceph.mgr.x.smithi045.stdout:Apr 26 19:58:33 smithi045 bash[21667]: debug
2024-04-26T19:58:33.331+0000 7f31c242d200 -1 mgr[py] Module rgw has missing NOTIFY_TYPES member
2024-04-26T19:58:33.798 INFO:journalctl@ceph.mgr.x.smithi045.stdout:Apr 26 19:58:33 smithi045 bash[21667]: debug
2024-04-26T19:58:33.455+0000 7f31c242d200 -1 mgr[py] Module crash has missing NOTIFY_TYPES member
2024-04-26T19:58:33.798 INFO:journalctl@ceph.mgr.x.smithi045.stdout:Apr 26 19:58:33 smithi045 bash[21667]: debug
2024-04-26T19:58:33.571+0000 7f31c242d200 -1 mgr[py] Module telegraf has missing NOTIFY_TYPES member
2024-04-26T19:58:34.233 INFO:journalctl@ceph.mgr.x.smithi045.stdout:Apr 26 19:58:33 smithi045 bash[21667]: debug
2024-04-26T19:58:33.955+0000 7f31c242d200 -1 mgr[py] Module pg_autoscaler has missing NOTIFY_TYPES member
2024-04-26T19:58:34.501 INFO:journalctl@ceph.mgr.x.smithi045.stdout:Apr 26 19:58:34 smithi045 bash[21667]: debug
2024-04-26T19:58:34.227+0000 7f31c242d200 -1 mgr[py] Module zabbix has missing NOTIFY_TYPES member
2024-04-26T19:58:34.798 INFO:journalctl@ceph.mgr.x.smithi045.stdout:Apr 26 19:58:34 smithi045 bash[21667]: debug
2024-04-26T19:58:34.495+0000 7f31c242d200 -1 mgr[py] Module nfs has missing NOTIFY_TYPES member
2024-04-26T19:58:34.798 INFO:journalctl@ceph.mgr.x.smithi045.stdout:Apr 26 19:58:34 smithi045 bash[21667]: debug
2024-04-26T19:58:34.623+0000 7f31c242d200 -1 mgr[py] Module balancer has missing NOTIFY_TYPES member
2024-04-26T19:58:35.298 INFO:journalctl@ceph.mgr.x.smithi045.stdout:Apr 26 19:58:34 smithi045 bash[21667]: debug
2024-04-26T19:58:34.935+0000 7f31c242d200 -1 mgr[py] Module diskprediction_local has missing NOTIFY_TYPES member
2024-04-26T19:58:35.661 INFO:journalctl@ceph.mgr.x.smithi045.stdout:Apr 26 19:58:35 smithi045 bash[21667]: debug
2024-04-26T19:58:35.391+0000 7f31c242d200 -1 mgr[py] Module orchestrator has missing NOTIFY_TYPES member
2024-04-26T19:58:36.048 INFO:journalctl@ceph.mgr.x.smithi045.stdout:Apr 26 19:58:35 smithi045 bash[21667]: debug
2024-04-26T19:58:35.655+0000 7f31c242d200 -1 mgr[py] Module rbd_support has missing NOTIFY_TYPES member
2024-04-26T19:58:36.048 INFO:journalctl@ceph.mgr.x.smithi045.stdout:Apr 26 19:58:35 smithi045 bash[21667]: debug
2024-04-26T19:58:35.787+0000 7f31c242d200 -1 mgr[py] Module alerts has missing NOTIFY_TYPES member
2024-04-26T19:58:36.548 INFO:journalctl@ceph.mgr.x.smithi045.stdout:Apr 26 19:58:36 smithi045 bash[21667]: debug
2024-04-26T19:58:36.043+0000 7f31c242d200 -1 mgr[py] Module test_orchestrator has missing NOTIFY_TYPES member
2024-04-26T19:58:37.548 INFO:journalctl@ceph.mgr.x.smithi045.stdout:Apr 26 19:58:37 smithi045 bash[21667]: debug
2024-04-26T19:58:37.147+0000 7f31c242d200 -1 mgr[py] Module influx has missing NOTIFY_TYPES member
2024-04-26T19:58:37.548 INFO:journalctl@ceph.mgr.x.smithi045.stdout:Apr 26 19:58:37 smithi045 bash[21667]: debug
2024-04-26T19:58:37.271+0000 7f31c242d200 -1 mgr[py] Module status has missing NOTIFY_TYPES member
2024-04-26T19:58:38.048 INFO:journalctl@ceph.mgr.x.smithi045.stdout:Apr 26 19:58:37 smithi045 bash[21667]: debug
2024-04-26T19:58:37.583+0000 7f31c242d200 -1 mgr[py] Module volumes has missing NOTIFY_TYPES member
2024-04-26T19:58:38.048 INFO:journalctl@ceph.mgr.x.smithi045.stdout:Apr 26 19:58:37 smithi045 bash[21667]: debug
2024-04-26T19:58:37.703+0000 7f31c242d200 -1 mgr[py] Module osd_perf_query has missing NOTIFY_TYPES member
2024-04-26T19:58:38.548 INFO:journalctl@ceph.mgr.x.smithi045.stdout:Apr 26 19:58:38 smithi045 bash[21667]: debug
2024-04-26T19:58:38.159+0000 7f31c242d200 -1 mgr[py] Module prometheus has missing NOTIFY_TYPES member
2024-04-26T19:58:38.548 INFO:journalctl@ceph.mgr.x.smithi045.stdout:Apr 26 19:58:38 smithi045 bash[21667]: debug
2024-04-26T19:58:38.291+0000 7f31c242d200 -1 mgr[py] Module snap_schedule has missing NOTIFY_TYPES member
2024-04-26T19:58:38.548 INFO:journalctl@ceph.mon.a.smithi045.stdout:Apr 26 19:58:38 smithi045 bash[21414]: cluster
2024-04-26T19:58:38.296650+0000 mon.a (mon.0) 37 : cluster [INF] Active manager daemon x restarted
2024-04-26T19:58:38.549 INFO:journalctl@ceph.mon.a.smithi045.stdout:Apr 26 19:58:38 smithi045 bash[21414]: cluster
2024-04-26T19:58:38.296650+0000 mon.a (mon.0) 37 : cluster [INF] Active manager daemon x restarted
2024-04-26T19:58:38.549 INFO:journalctl@ceph.mon.a.smithi045.stdout:Apr 26 19:58:38 smithi045 bash[21414]: cluster
2024-04-26T19:58:38.296965+0000 mon.a (mon.0) 38 : cluster [INF] Activating manager daemon x
2024-04-26T19:58:38.549 INFO:journalctl@ceph.mon.a.smithi045.stdout:Apr 26 19:58:38 smithi045 bash[21414]: cluster
2024-04-26T19:58:38.296965+0000 mon.a (mon.0) 38 : cluster [INF] Activating manager daemon x
2024-04-26T19:58:38.549 INFO:journalctl@ceph.mon.a.smithi045.stdout:Apr 26 19:58:38 smithi045 bash[21414]: cluster
2024-04-26T19:58:38.300729+0000 mon.a (mon.0) 39 : cluster [DBG] osdmap e2: 0 total, 0 up, 0 in
2024-04-26T19:58:38.549 INFO:journalctl@ceph.mon.a.smithi045.stdout:Apr 26 19:58:38 smithi045 bash[21414]: cluster
2024-04-26T19:58:38.300729+0000 mon.a (mon.0) 39 : cluster [DBG] osdmap e2: 0 total, 0 up, 0 in
2024-04-26T19:58:38.549 INFO:journalctl@ceph.mon.a.smithi045.stdout:Apr 26 19:58:38 smithi045 bash[21414]: cluster
2024-04-26T19:58:38.300853+0000 mon.a (mon.0) 40 : cluster [DBG] mgrmap e6: x(active, starting, since 0.00399202s)
2024-04-26T19:58:38.549 INFO:journalctl@ceph.mon.a.smithi045.stdout:Apr 26 19:58:38 smithi045 bash[21414]: cluster
2024-04-26T19:58:38.300853+0000 mon.a (mon.0) 40 : cluster [DBG] mgrmap e6: x(active, starting, since 0.00399202s)
2024-04-26T19:58:38.549 INFO:journalctl@ceph.mon.a.smithi045.stdout:Apr 26 19:58:38 smithi045 bash[21414]: audit
2024-04-26T19:58:38.302397+0000 mon.a (mon.0) 41 : audit [DBG] from='mgr.14120 172.21.15.45:0/2095348964' entity='mgr.x' cmd=[{"prefix": "mon metadata", "id": "a"}]: dispatch
2024-04-26T19:58:38.549 INFO:journalctl@ceph.mon.a.smithi045.stdout:Apr 26 19:58:38 smithi045 bash[21414]: audit
2024-04-26T19:58:38.302397+0000 mon.a (mon.0) 41 : audit [DBG] from='mgr.14120 172.21.15.45:0/2095348964' entity='mgr.x' cmd=[{"prefix": "mon metadata", "id": "a"}]: dispatch
2024-04-26T19:58:38.549 INFO:journalctl@ceph.mon.a.smithi045.stdout:Apr 26 19:58:38 smithi045 bash[21414]: audit
2024-04-26T19:58:38.303452+0000 mon.a (mon.0) 42 : audit [DBG] from='mgr.14120 172.21.15.45:0/2095348964' entity='mgr.x' cmd=[{"prefix": "mgr metadata", "who": "x", "id": "x"}]: dispatch
2024-04-26T19:58:38.549 INFO:journalctl@ceph.mon.a.smithi045.stdout:Apr 26 19:58:38 smithi045 bash[21414]: audit
2024-04-26T19:58:38.303452+0000 mon.a (mon.0) 42 : audit [DBG] from='mgr.14120 172.21.15.45:0/2095348964' entity='mgr.x' cmd=[{"prefix": "mgr metadata", "who": "x", "id": "x"}]: dispatch
2024-04-26T19:58:38.549 INFO:journalctl@ceph.mon.a.smithi045.stdout:Apr 26 19:58:38 smithi045 bash[21414]: audit
2024-04-26T19:58:38.304541+0000 mon.a (mon.0) 43 : audit [DBG] from='mgr.14120 172.21.15.45:0/2095348964' entity='mgr.x' cmd=[{"prefix": "mds metadata"}]: dispatch
2024-04-26T19:58:38.549 INFO:journalctl@ceph.mon.a.smithi045.stdout:Apr 26 19:58:38 smithi045 bash[21414]: audit
2024-04-26T19:58:38.304541+0000 mon.a (mon.0) 43 : audit [DBG] from='mgr.14120 172.21.15.45:0/2095348964' entity='mgr.x' cmd=[{"prefix": "mds metadata"}]: dispatch
2024-04-26T19:58:38.549 INFO:journalctl@ceph.mon.a.smithi045.stdout:Apr 26 19:58:38 smithi045 bash[21414]: audit
2024-04-26T19:58:38.304667+0000 mon.a (mon.0) 44 : audit [DBG] from='mgr.14120 172.21.15.45:0/2095348964' entity='mgr.x' cmd=[{"prefix": "osd metadata"}]: dispatch
2024-04-26T19:58:38.550 INFO:journalctl@ceph.mon.a.smithi045.stdout:Apr 26 19:58:38 smithi045 bash[21414]: audit
2024-04-26T19:58:38.304667+0000 mon.a (mon.0) 44 : audit [DBG] from='mgr.14120 172.21.15.45:0/2095348964' entity='mgr.x' cmd=[{"prefix": "osd metadata"}]: dispatch
2024-04-26T19:58:38.550 INFO:journalctl@ceph.mon.a.smithi045.stdout:Apr 26 19:58:38 smithi045 bash[21414]: audit
2024-04-26T19:58:38.304844+0000 mon.a (mon.0) 45 : audit [DBG] from='mgr.14120 172.21.15.45:0/2095348964' entity='mgr.x' cmd=[{"prefix": "mon metadata"}]: dispatch
2024-04-26T19:58:38.550 INFO:journalctl@ceph.mon.a.smithi045.stdout:Apr 26 19:58:38 smithi045 bash[21414]: audit
2024-04-26T19:58:38.304844+0000 mon.a (mon.0) 45 : audit [DBG] from='mgr.14120 172.21.15.45:0/2095348964' entity='mgr.x' cmd=[{"prefix": "mon metadata"}]: dispatch
2024-04-26T19:58:38.550 INFO:journalctl@ceph.mon.a.smithi045.stdout:Apr 26 19:58:38 smithi045 bash[21414]: cluster
2024-04-26T19:58:38.313203+0000 mon.a (mon.0) 46 : cluster [INF] Manager daemon x is now available
2024-04-26T19:58:38.550 INFO:journalctl@ceph.mon.a.smithi045.stdout:Apr 26 19:58:38 smithi045 bash[21414]: cluster
2024-04-26T19:58:38.313203+0000 mon.a (mon.0) 46 : cluster [INF] Manager daemon x is now available
2024-04-26T19:58:38.550 INFO:journalctl@ceph.mon.a.smithi045.stdout:Apr 26 19:58:38 smithi045 bash[21414]: audit
2024-04-26T19:58:38.336579+0000 mon.a (mon.0) 47 : audit [INF] from='mgr.14120 172.21.15.45:0/2095348964' entity='mgr.x'
2024-04-26T19:58:38.550 INFO:journalctl@ceph.mon.a.smithi045.stdout:Apr 26 19:58:38 smithi045 bash[21414]: audit
2024-04-26T19:58:38.336579+0000 mon.a (mon.0) 47 : audit [INF] from='mgr.14120 172.21.15.45:0/2095348964' entity='mgr.x'
2024-04-26T19:58:38.550 INFO:journalctl@ceph.mon.a.smithi045.stdout:Apr 26 19:58:38 smithi045 bash[21414]: audit
2024-04-26T19:58:38.340330+0000 mon.a (mon.0) 48 : audit [INF] from='mgr.14120 172.21.15.45:0/2095348964' entity='mgr.x'
2024-04-26T19:58:38.550 INFO:journalctl@ceph.mon.a.smithi045.stdout:Apr 26 19:58:38 smithi045 bash[21414]: audit
2024-04-26T19:58:38.340330+0000 mon.a (mon.0) 48 : audit [INF] from='mgr.14120 172.21.15.45:0/2095348964' entity='mgr.x'
2024-04-26T19:58:38.550 INFO:journalctl@ceph.mon.a.smithi045.stdout:Apr 26 19:58:38 smithi045 bash[21414]: audit
2024-04-26T19:58:38.345605+0000 mon.a (mon.0) 49 : audit [DBG] from='mgr.14120 172.21.15.45:0/2095348964' entity='mgr.x' cmd=[{"prefix": "config dump", "format": "json"}]: dispatch
2024-04-26T19:58:38.550 INFO:journalctl@ceph.mon.a.smithi045.stdout:Apr 26 19:58:38 smithi045 bash[21414]: audit
2024-04-26T19:58:38.345605+0000 mon.a (mon.0) 49 : audit [DBG] from='mgr.14120 172.21.15.45:0/2095348964' entity='mgr.x' cmd=[{"prefix": "config dump", "format": "json"}]: dispatch
2024-04-26T19:58:39.710 INFO:journalctl@ceph.mon.a.smithi045.stdout:Apr 26 19:58:39 smithi045 bash[21414]: cephadm
2024-04-26T19:58:38.334044+0000 mgr.x (mgr.14120) 1 : cephadm [INF] Found migration_current of "None". Setting to last migration.
2024-04-26T19:58:39.710 INFO:journalctl@ceph.mon.a.smithi045.stdout:Apr 26 19:58:39 smithi045 bash[21414]: cephadm
2024-04-26T19:58:38.334044+0000 mgr.x (mgr.14120) 1 : cephadm [INF] Found migration_current of "None". Setting to last migration.
2024-04-26T19:58:39.710 INFO:journalctl@ceph.mon.a.smithi045.stdout:Apr 26 19:58:39 smithi045 bash[21414]: audit
2024-04-26T19:58:38.353200+0000 mon.a (mon.0) 50 : audit [DBG] from='mgr.14120 172.21.15.45:0/2095348964' entity='mgr.x' cmd=[{"prefix": "config dump", "format": "json"}]: dispatch
2024-04-26T19:58:39.710 INFO:journalctl@ceph.mon.a.smithi045.stdout:Apr 26 19:58:39 smithi045 bash[21414]: audit
2024-04-26T19:58:38.353200+0000 mon.a (mon.0) 50 : audit [DBG] from='mgr.14120 172.21.15.45:0/2095348964' entity='mgr.x' cmd=[{"prefix": "config dump", "format": "json"}]: dispatch
2024-04-26T19:58:39.710 INFO:journalctl@ceph.mon.a.smithi045.stdout:Apr 26 19:58:39 smithi045 bash[21414]: audit
2024-04-26T19:58:38.366582+0000 mon.a (mon.0) 51 : audit [INF] from='mgr.14120 172.21.15.45:0/2095348964' entity='mgr.x' cmd=[{"prefix":"config rm","who":"mgr","name":"mgr/rbd_support/x/mirror_snapshot_schedule"}]: dispatch
2024-04-26T19:58:39.711 INFO:journalctl@ceph.mon.a.smithi045.stdout:Apr 26 19:58:39 smithi045 bash[21414]: audit
2024-04-26T19:58:38.366582+0000 mon.a (mon.0) 51 : audit [INF] from='mgr.14120 172.21.15.45:0/2095348964' entity='mgr.x' cmd=[{"prefix":"config rm","who":"mgr","name":"mgr/rbd_support/x/mirror_snapshot_schedule"}]: dispatch
2024-04-26T19:58:39.711 INFO:journalctl@ceph.mon.a.smithi045.stdout:Apr 26 19:58:39 smithi045 bash[21414]: audit
2024-04-26T19:58:38.371994+0000 mon.a (mon.0) 52 : audit [INF] from='mgr.14120 172.21.15.45:0/2095348964' entity='mgr.x' cmd=[{"prefix":"config rm","who":"mgr","name":"mgr/rbd_support/x/trash_purge_schedule"}]: dispatch
2024-04-26T19:58:39.711 INFO:journalctl@ceph.mon.a.smithi045.stdout:Apr 26 19:58:39 smithi045 bash[21414]: audit
2024-04-26T19:58:38.371994+0000 mon.a (mon.0) 52 : audit [INF] from='mgr.14120 172.21.15.45:0/2095348964' entity='mgr.x' cmd=[{"prefix":"config rm","who":"mgr","name":"mgr/rbd_support/x/trash_purge_schedule"}]: dispatch
2024-04-26T19:58:39.711 INFO:journalctl@ceph.mon.a.smithi045.stdout:Apr 26 19:58:39 smithi045 bash[21414]: cluster
