2024-04-26T19:58:41.311+0000 7f79f9a00700 1 -- 172.21.15.131:0/1498792784 >> [v2:172.21.15.131:3300/0,v1:172.21.15.131:6789/0] conn(0x7f79f407eea0 msgr2=0x7f79f407d300 secure :-1 s=STATE_CONNECTION_ESTABLISHED l=1).mark_down
2024-04-26T19:58:42.266 INFO:teuthology.orchestra.run.smithi131.stdout:/usr/bin/ceph: stderr
2024-04-26T19:58:41.311+0000 7f79f9a00700 1 --2- 172.21.15.131:0/1498792784 >> [v2:172.21.15.131:3300/0,v1:172.21.15.131:6789/0] conn(0x7f79f407eea0 0x7f79f407d300 secure :-1 s=READY pgs=37 cs=0 l=1 rev1=1 crypto rx=0x7f79e40098a0 tx=0x7f79e4009bb0 comp rx=0 tx=0).stop
2024-04-26T19:58:42.266 INFO:teuthology.orchestra.run.smithi131.stdout:/usr/bin/ceph: stderr
2024-04-26T19:58:41.311+0000 7f79f9a00700 1 -- 172.21.15.131:0/1498792784 shutdown_connections
2024-04-26T19:58:42.266 INFO:teuthology.orchestra.run.smithi131.stdout:/usr/bin/ceph: stderr
2024-04-26T19:58:41.311+0000 7f79f9a00700 1 --2- 172.21.15.131:0/1498792784 >> [v2:172.21.15.131:3300/0,v1:172.21.15.131:6789/0] conn(0x7f79f407eea0 0x7f79f407d300 unknown :-1 s=CLOSED pgs=37 cs=0 l=1 rev1=1 crypto rx=0 tx=0 comp rx=0 tx=0).stop
2024-04-26T19:58:42.266 INFO:teuthology.orchestra.run.smithi131.stdout:/usr/bin/ceph: stderr
2024-04-26T19:58:41.311+0000 7f79f9a00700 1 -- 172.21.15.131:0/1498792784 >> 172.21.15.131:0/1498792784 conn(0x7f79f4103fc0 msgr2=0x7f79f4106420 unknown :-1 s=STATE_NONE l=0).mark_down
2024-04-26T19:58:42.266 INFO:teuthology.orchestra.run.smithi131.stdout:/usr/bin/ceph: stderr
2024-04-26T19:58:41.311+0000 7f79f9a00700 1 -- 172.21.15.131:0/1498792784 shutdown_connections
2024-04-26T19:58:42.266 INFO:teuthology.orchestra.run.smithi131.stdout:/usr/bin/ceph: stderr
2024-04-26T19:58:41.311+0000 7f79f9a00700 1 -- 172.21.15.131:0/1498792784 wait complete.
2024-04-26T19:58:42.266 INFO:teuthology.orchestra.run.smithi131.stdout:/usr/bin/ceph: stderr
2024-04-26T19:58:41.312+0000 7f79f9a00700 1 Processor -- start
2024-04-26T19:58:42.266 INFO:teuthology.orchestra.run.smithi131.stdout:/usr/bin/ceph: stderr
2024-04-26T19:58:41.312+0000 7f79f9a00700 1 -- start start
2024-04-26T19:58:42.266 INFO:teuthology.orchestra.run.smithi131.stdout:/usr/bin/ceph: stderr
2024-04-26T19:58:41.312+0000 7f79f9a00700 1 --2- >> [v2:172.21.15.131:3300/0,v1:172.21.15.131:6789/0] conn(0x7f79f407eea0 0x7f79f419ee80 unknown :-1 s=NONE pgs=0 cs=0 l=1 rev1=0 crypto rx=0 tx=0 comp rx=0 tx=0).connect
2024-04-26T19:58:42.270 INFO:teuthology.orchestra.run.smithi131.stdout:/usr/bin/ceph: stderr
2024-04-26T19:58:41.312+0000 7f79f9a00700 1 -- --> [v2:172.21.15.131:3300/0,v1:172.21.15.131:6789/0] -- mon_getmap magic: 0 -- 0x7f79f410f010 con 0x7f79f407eea0
2024-04-26T19:58:42.270 INFO:teuthology.orchestra.run.smithi131.stdout:/usr/bin/ceph: stderr
2024-04-26T19:58:41.313+0000 7f79f3e00700 1 --2- >> [v2:172.21.15.131:3300/0,v1:172.21.15.131:6789/0] conn(0x7f79f407eea0 0x7f79f419ee80 unknown :-1 s=BANNER_CONNECTING pgs=0 cs=0 l=1 rev1=0 crypto rx=0 tx=0 comp rx=0 tx=0)._handle_peer_banner_payload supported=3 required=0
2024-04-26T19:58:42.270 INFO:teuthology.orchestra.run.smithi131.stdout:/usr/bin/ceph: stderr
2024-04-26T19:58:41.313+0000 7f79f3e00700 1 --2- >> [v2:172.21.15.131:3300/0,v1:172.21.15.131:6789/0] conn(0x7f79f407eea0 0x7f79f419ee80 unknown :-1 s=HELLO_CONNECTING pgs=0 cs=0 l=1 rev1=1 crypto rx=0 tx=0 comp rx=0 tx=0).handle_hello peer v2:172.21.15.131:3300/0 says I am v2:172.21.15.131:52372/0 (socket says 172.21.15.131:52372)
2024-04-26T19:58:42.270 INFO:teuthology.orchestra.run.smithi131.stdout:/usr/bin/ceph: stderr
2024-04-26T19:58:41.313+0000 7f79f3e00700 1 -- 172.21.15.131:0/2557856781 learned_addr learned my addr 172.21.15.131:0/2557856781 (peer_addr_for_me v2:172.21.15.131:0/0)
2024-04-26T19:58:42.270 INFO:teuthology.orchestra.run.smithi131.stdout:/usr/bin/ceph: stderr
2024-04-26T19:58:41.313+0000 7f79f3e00700 1 -- 172.21.15.131:0/2557856781 --> [v2:172.21.15.131:3300/0,v1:172.21.15.131:6789/0] -- mon_subscribe({config=0+,monmap=0+}) -- 0x7f79f419f3c0 con 0x7f79f407eea0
2024-04-26T19:58:42.270 INFO:teuthology.orchestra.run.smithi131.stdout:/usr/bin/ceph: stderr
2024-04-26T19:58:41.313+0000 7f79f3e00700 1 --2- 172.21.15.131:0/2557856781 >> [v2:172.21.15.131:3300/0,v1:172.21.15.131:6789/0] conn(0x7f79f407eea0 0x7f79f419ee80 secure :-1 s=READY pgs=38 cs=0 l=1 rev1=1 crypto rx=0x7f79e4011ac0 tx=0x7f79e4011ba0 comp rx=0 tx=0).ready entity=mon.0 client_cookie=0 server_cookie=0 in_seq=0 out_seq=0
2024-04-26T19:58:42.270 INFO:teuthology.orchestra.run.smithi131.stdout:/usr/bin/ceph: stderr
2024-04-26T19:58:41.313+0000 7f79f0c00700 1 -- 172.21.15.131:0/2557856781 <== mon.0 v2:172.21.15.131:3300/0 1 ==== mon_map magic: 0 ==== 205+0+0 (secure 0 0 0) 0x7f79e4003b20 con 0x7f79f407eea0
2024-04-26T19:58:42.270 INFO:teuthology.orchestra.run.smithi131.stdout:/usr/bin/ceph: stderr
2024-04-26T19:58:41.313+0000 7f79f0c00700 1 -- 172.21.15.131:0/2557856781 <== mon.0 v2:172.21.15.131:3300/0 2 ==== config(26 keys) ==== 1070+0+0 (secure 0 0 0) 0x7f79e401a8c0 con 0x7f79f407eea0
2024-04-26T19:58:42.271 INFO:teuthology.orchestra.run.smithi131.stdout:/usr/bin/ceph: stderr
2024-04-26T19:58:41.313+0000 7f79f9a00700 1 -- 172.21.15.131:0/2557856781 --> [v2:172.21.15.131:3300/0,v1:172.21.15.131:6789/0] -- mon_subscribe({mgrmap=0+}) -- 0x7f79f419f650 con 0x7f79f407eea0
2024-04-26T19:58:42.271 INFO:teuthology.orchestra.run.smithi131.stdout:/usr/bin/ceph: stderr
2024-04-26T19:58:41.313+0000 7f79f0c00700 1 -- 172.21.15.131:0/2557856781 <== mon.0 v2:172.21.15.131:3300/0 3 ==== mon_map magic: 0 ==== 205+0+0 (secure 0 0 0) 0x7f79e40248d0 con 0x7f79f407eea0
2024-04-26T19:58:42.271 INFO:teuthology.orchestra.run.smithi131.stdout:/usr/bin/ceph: stderr
2024-04-26T19:58:41.314+0000 7f79f9a00700 1 -- 172.21.15.131:0/2557856781 --> [v2:172.21.15.131:3300/0,v1:172.21.15.131:6789/0] -- mon_subscribe({osdmap=0}) -- 0x7f79f41a22f0 con 0x7f79f407eea0
2024-04-26T19:58:42.271 INFO:teuthology.orchestra.run.smithi131.stdout:/usr/bin/ceph: stderr
2024-04-26T19:58:41.315+0000 7f79f0c00700 1 -- 172.21.15.131:0/2557856781 <== mon.0 v2:172.21.15.131:3300/0 4 ==== mgrmap(e 8) ==== 46558+0+0 (secure 0 0 0) 0x7f79e4022020 con 0x7f79f407eea0
2024-04-26T19:58:42.271 INFO:teuthology.orchestra.run.smithi131.stdout:/usr/bin/ceph: stderr
2024-04-26T19:58:41.315+0000 7f79f9a00700 1 -- 172.21.15.131:0/2557856781 --> [v2:172.21.15.131:3300/0,v1:172.21.15.131:6789/0] -- mon_command({"prefix": "get_command_descriptions"} v 0) -- 0x7f79f4064a80 con 0x7f79f407eea0
2024-04-26T19:58:42.271 INFO:teuthology.orchestra.run.smithi131.stdout:/usr/bin/ceph: stderr
2024-04-26T19:58:41.315+0000 7f79f0c00700 1 --2- 172.21.15.131:0/2557856781 >> [v2:172.21.15.131:6800/3789992830,v1:172.21.15.131:6801/3789992830] conn(0x7f79d8039600 0x7f79d803bac0 unknown :-1 s=NONE pgs=0 cs=0 l=1 rev1=0 crypto rx=0 tx=0 comp rx=0 tx=0).connect
2024-04-26T19:58:42.271 INFO:teuthology.orchestra.run.smithi131.stdout:/usr/bin/ceph: stderr
2024-04-26T19:58:41.315+0000 7f79f0c00700 1 -- 172.21.15.131:0/2557856781 <== mon.0 v2:172.21.15.131:3300/0 5 ==== osd_map(2..2 src has 1..2) ==== 940+0+0 (secure 0 0 0) 0x7f79e404d900 con 0x7f79f407eea0
2024-04-26T19:58:42.271 INFO:teuthology.orchestra.run.smithi131.stdout:/usr/bin/ceph: stderr
2024-04-26T19:58:41.315+0000 7f79f3400700 1 --2- 172.21.15.131:0/2557856781 >> [v2:172.21.15.131:6800/3789992830,v1:172.21.15.131:6801/3789992830] conn(0x7f79d8039600 0x7f79d803bac0 unknown :-1 s=BANNER_CONNECTING pgs=0 cs=0 l=1 rev1=0 crypto rx=0 tx=0 comp rx=0 tx=0)._handle_peer_banner_payload supported=3 required=0
2024-04-26T19:58:42.271 INFO:teuthology.orchestra.run.smithi131.stdout:/usr/bin/ceph: stderr
2024-04-26T19:58:41.316+0000 7f79f3400700 1 --2- 172.21.15.131:0/2557856781 >> [v2:172.21.15.131:6800/3789992830,v1:172.21.15.131:6801/3789992830] conn(0x7f79d8039600 0x7f79d803bac0 secure :-1 s=READY pgs=7 cs=0 l=1 rev1=1 crypto rx=0x7f79e0006fd0 tx=0x7f79e0006e40 comp rx=0 tx=0).ready entity=mgr.14120 client_cookie=0 server_cookie=0 in_seq=0 out_seq=0
2024-04-26T19:58:42.271 INFO:teuthology.orchestra.run.smithi131.stdout:/usr/bin/ceph: stderr
2024-04-26T19:58:41.321+0000 7f79f0c00700 1 -- 172.21.15.131:0/2557856781 <== mon.0 v2:172.21.15.131:3300/0 6 ==== mon_command_ack([{"prefix": "get_command_descriptions"}]=0 v0) ==== 72+0+188494 (secure 0 0 0) 0x7f79e400f2e0 con 0x7f79f407eea0
2024-04-26T19:58:42.271 INFO:teuthology.orchestra.run.smithi131.stdout:/usr/bin/ceph: stderr
2024-04-26T19:58:41.564+0000 7f79f9a00700 1 -- 172.21.15.131:0/2557856781 --> [v2:172.21.15.131:6800/3789992830,v1:172.21.15.131:6801/3789992830] -- mgr_command(tid 0: {"prefix": "orch set backend", "module_name": "cephadm", "target": ["mon-mgr", ""]}) -- 0x7f79f402e500 con 0x7f79d8039600
2024-04-26T19:58:42.271 INFO:teuthology.orchestra.run.smithi131.stdout:/usr/bin/ceph: stderr
2024-04-26T19:58:41.574+0000 7f79f0c00700 1 -- 172.21.15.131:0/2557856781 <== mgr.14120 v2:172.21.15.131:6800/3789992830 1 ==== mgr_command_reply(tid 0: 0 ) ==== 8+0+0 (secure 0 0 0) 0x7f79f402e500 con 0x7f79d8039600
2024-04-26T19:58:42.271 INFO:teuthology.orchestra.run.smithi131.stdout:/usr/bin/ceph: stderr
2024-04-26T19:58:41.577+0000 7f79f9a00700 1 -- 172.21.15.131:0/2557856781 >> [v2:172.21.15.131:6800/3789992830,v1:172.21.15.131:6801/3789992830] conn(0x7f79d8039600 msgr2=0x7f79d803bac0 secure :-1 s=STATE_CONNECTION_ESTABLISHED l=1).mark_down
2024-04-26T19:58:42.271 INFO:teuthology.orchestra.run.smithi131.stdout:/usr/bin/ceph: stderr
2024-04-26T19:58:41.577+0000 7f79f9a00700 1 --2- 172.21.15.131:0/2557856781 >> [v2:172.21.15.131:6800/3789992830,v1:172.21.15.131:6801/3789992830] conn(0x7f79d8039600 0x7f79d803bac0 secure :-1 s=READY pgs=7 cs=0 l=1 rev1=1 crypto rx=0x7f79e0006fd0 tx=0x7f79e0006e40 comp rx=0 tx=0).stop
2024-04-26T19:58:42.272 INFO:teuthology.orchestra.run.smithi131.stdout:/usr/bin/ceph: stderr
2024-04-26T19:58:41.577+0000 7f79f9a00700 1 -- 172.21.15.131:0/2557856781 >> [v2:172.21.15.131:3300/0,v1:172.21.15.131:6789/0] conn(0x7f79f407eea0 msgr2=0x7f79f419ee80 secure :-1 s=STATE_CONNECTION_ESTABLISHED l=1).mark_down
2024-04-26T19:58:42.272 INFO:teuthology.orchestra.run.smithi131.stdout:/usr/bin/ceph: stderr
2024-04-26T19:58:41.577+0000 7f79f9a00700 1 --2- 172.21.15.131:0/2557856781 >> [v2:172.21.15.131:3300/0,v1:172.21.15.131:6789/0] conn(0x7f79f407eea0 0x7f79f419ee80 secure :-1 s=READY pgs=38 cs=0 l=1 rev1=1 crypto rx=0x7f79e4011ac0 tx=0x7f79e4011ba0 comp rx=0 tx=0).stop
2024-04-26T19:58:42.272 INFO:teuthology.orchestra.run.smithi131.stdout:/usr/bin/ceph: stderr
2024-04-26T19:58:41.577+0000 7f79f9a00700 1 -- 172.21.15.131:0/2557856781 shutdown_connections
2024-04-26T19:58:42.272 INFO:teuthology.orchestra.run.smithi131.stdout:/usr/bin/ceph: stderr
2024-04-26T19:58:41.577+0000 7f79f9a00700 1 --2- 172.21.15.131:0/2557856781 >> [v2:172.21.15.131:6800/3789992830,v1:172.21.15.131:6801/3789992830] conn(0x7f79d8039600 0x7f79d803bac0 unknown :-1 s=CLOSED pgs=7 cs=0 l=1 rev1=1 crypto rx=0 tx=0 comp rx=0 tx=0).stop
2024-04-26T19:58:42.272 INFO:teuthology.orchestra.run.smithi131.stdout:/usr/bin/ceph: stderr
2024-04-26T19:58:41.577+0000 7f79f9a00700 1 --2- 172.21.15.131:0/2557856781 >> [v2:172.21.15.131:3300/0,v1:172.21.15.131:6789/0] conn(0x7f79f407eea0 0x7f79f419ee80 unknown :-1 s=CLOSED pgs=38 cs=0 l=1 rev1=1 crypto rx=0 tx=0 comp rx=0 tx=0).stop
2024-04-26T19:58:42.272 INFO:teuthology.orchestra.run.smithi131.stdout:/usr/bin/ceph: stderr
2024-04-26T19:58:41.577+0000 7f79f9a00700 1 -- 172.21.15.131:0/2557856781 >> 172.21.15.131:0/2557856781 conn(0x7f79f4103fc0 msgr2=0x7f79f4104d10 unknown :-1 s=STATE_NONE l=0).mark_down
2024-04-26T19:58:42.272 INFO:teuthology.orchestra.run.smithi131.stdout:/usr/bin/ceph: stderr
2024-04-26T19:58:41.577+0000 7f79f9a00700 1 -- 172.21.15.131:0/2557856781 shutdown_connections
2024-04-26T19:58:42.272 INFO:teuthology.orchestra.run.smithi131.stdout:/usr/bin/ceph: stderr
2024-04-26T19:58:41.577+0000 7f79f9a00700 1 -- 172.21.15.131:0/2557856781 wait complete.
2024-04-26T19:58:43.155 INFO:journalctl@ceph.mon.a.smithi131.stdout:Apr 26 19:58:43 smithi131 ceph-mon[27919]: from='client.14132 -' entity='client.admin' cmd=[{"prefix": "orch set backend", "module_name": "cephadm", "target": ["mon-mgr", ""]}]: dispatch
2024-04-26T19:58:43.768 INFO:teuthology.orchestra.run.smithi131.stdout:/usr/bin/ceph: stdout value unchanged
2024-04-26T19:58:43.768 INFO:teuthology.orchestra.run.smithi131.stdout:/usr/bin/ceph: stderr
2024-04-26T19:58:42.889+0000 7f9527200700 1 Processor -- start
2024-04-26T19:58:43.768 INFO:teuthology.orchestra.run.smithi131.stdout:/usr/bin/ceph: stderr
2024-04-26T19:58:42.889+0000 7f9527200700 1 -- start start
2024-04-26T19:58:43.768 INFO:teuthology.orchestra.run.smithi131.stdout:/usr/bin/ceph: stderr
2024-04-26T19:58:42.889+0000 7f9527200700 1 --2- >> [v2:172.21.15.131:3300/0,v1:172.21.15.131:6789/0] conn(0x7f952010fcf0 0x7f95201120e0 unknown :-1 s=NONE pgs=0 cs=0 l=0 rev1=0 crypto rx=0 tx=0 comp rx=0 tx=0).connect
2024-04-26T19:58:43.768 INFO:teuthology.orchestra.run.smithi131.stdout:/usr/bin/ceph: stderr
2024-04-26T19:58:42.889+0000 7f9527200700 1 -- --> [v2:172.21.15.131:3300/0,v1:172.21.15.131:6789/0] -- mon_getmap magic: 0 -- 0x7f95200834b0 con 0x7f952010fcf0
2024-04-26T19:58:43.768 INFO:teuthology.orchestra.run.smithi131.stdout:/usr/bin/ceph: stderr
2024-04-26T19:58:42.890+0000 7f951fe00700 1 --2- >> [v2:172.21.15.131:3300/0,v1:172.21.15.131:6789/0] conn(0x7f952010fcf0 0x7f95201120e0 unknown :-1 s=BANNER_CONNECTING pgs=0 cs=0 l=0 rev1=0 crypto rx=0 tx=0 comp rx=0 tx=0)._handle_peer_banner_payload supported=3 required=0
2024-04-26T19:58:43.768 INFO:teuthology.orchestra.run.smithi131.stdout:/usr/bin/ceph: stderr
2024-04-26T19:58:42.890+0000 7f951fe00700 1 --2- >> [v2:172.21.15.131:3300/0,v1:172.21.15.131:6789/0] conn(0x7f952010fcf0 0x7f95201120e0 unknown :-1 s=HELLO_CONNECTING pgs=0 cs=0 l=0 rev1=1 crypto rx=0 tx=0 comp rx=0 tx=0).handle_hello peer v2:172.21.15.131:3300/0 says I am v2:172.21.15.131:52384/0 (socket says 172.21.15.131:52384)
2024-04-26T19:58:43.768 INFO:teuthology.orchestra.run.smithi131.stdout:/usr/bin/ceph: stderr
2024-04-26T19:58:42.890+0000 7f951fe00700 1 -- 172.21.15.131:0/1843069566 learned_addr learned my addr 172.21.15.131:0/1843069566 (peer_addr_for_me v2:172.21.15.131:0/0)
2024-04-26T19:58:43.768 INFO:teuthology.orchestra.run.smithi131.stdout:/usr/bin/ceph: stderr
2024-04-26T19:58:42.890+0000 7f951fe00700 1 -- 172.21.15.131:0/1843069566 --> [v2:172.21.15.131:3300/0,v1:172.21.15.131:6789/0] -- mon_subscribe({config=0+,monmap=0+}) -- 0x7f9520112620 con 0x7f952010fcf0
2024-04-26T19:58:43.768 INFO:teuthology.orchestra.run.smithi131.stdout:/usr/bin/ceph: stderr
2024-04-26T19:58:42.891+0000 7f951fe00700 1 --2- 172.21.15.131:0/1843069566 >> [v2:172.21.15.131:3300/0,v1:172.21.15.131:6789/0] conn(0x7f952010fcf0 0x7f95201120e0 secure :-1 s=READY pgs=39 cs=0 l=1 rev1=1 crypto rx=0x7f95100098a0 tx=0x7f9510009bb0 comp rx=0 tx=0).ready entity=mon.0 client_cookie=5dfc9391ea87c535 server_cookie=0 in_seq=0 out_seq=0
2024-04-26T19:58:43.768 INFO:teuthology.orchestra.run.smithi131.stdout:/usr/bin/ceph: stderr
2024-04-26T19:58:42.891+0000 7f951ea00700 1 -- 172.21.15.131:0/1843069566 <== mon.0 v2:172.21.15.131:3300/0 1 ==== mon_map magic: 0 ==== 205+0+0 (secure 0 0 0) 0x7f9510004160 con 0x7f952010fcf0
2024-04-26T19:58:43.769 INFO:teuthology.orchestra.run.smithi131.stdout:/usr/bin/ceph: stderr
2024-04-26T19:58:42.891+0000 7f951ea00700 1 -- 172.21.15.131:0/1843069566 <== mon.0 v2:172.21.15.131:3300/0 2 ==== config(26 keys) ==== 1070+0+0 (secure 0 0 0) 0x7f9510004300 con 0x7f952010fcf0
2024-04-26T19:58:43.769 INFO:teuthology.orchestra.run.smithi131.stdout:/usr/bin/ceph: stderr
2024-04-26T19:58:42.891+0000 7f951ea00700 1 -- 172.21.15.131:0/1843069566 <== mon.0 v2:172.21.15.131:3300/0 3 ==== mon_map magic: 0 ==== 205+0+0 (secure 0 0 0) 0x7f9510011af0 con 0x7f952010fcf0
2024-04-26T19:58:43.769 INFO:teuthology.orchestra.run.smithi131.stdout:/usr/bin/ceph: stderr
2024-04-26T19:58:42.892+0000 7f9527200700 1 -- 172.21.15.131:0/1843069566 >> [v2:172.21.15.131:3300/0,v1:172.21.15.131:6789/0] conn(0x7f952010fcf0 msgr2=0x7f95201120e0 secure :-1 s=STATE_CONNECTION_ESTABLISHED l=1).mark_down
2024-04-26T19:58:43.769 INFO:teuthology.orchestra.run.smithi131.stdout:/usr/bin/ceph: stderr
2024-04-26T19:58:42.892+0000 7f9527200700 1 --2- 172.21.15.131:0/1843069566 >> [v2:172.21.15.131:3300/0,v1:172.21.15.131:6789/0] conn(0x7f952010fcf0 0x7f95201120e0 secure :-1 s=READY pgs=39 cs=0 l=1 rev1=1 crypto rx=0x7f95100098a0 tx=0x7f9510009bb0 comp rx=0 tx=0).stop
2024-04-26T19:58:43.769 INFO:teuthology.orchestra.run.smithi131.stdout:/usr/bin/ceph: stderr
2024-04-26T19:58:42.892+0000 7f9527200700 1 -- 172.21.15.131:0/1843069566 shutdown_connections
2024-04-26T19:58:43.769 INFO:teuthology.orchestra.run.smithi131.stdout:/usr/bin/ceph: stderr
2024-04-26T19:58:42.892+0000 7f9527200700 1 --2- 172.21.15.131:0/1843069566 >> [v2:172.21.15.131:3300/0,v1:172.21.15.131:6789/0] conn(0x7f952010fcf0 0x7f95201120e0 unknown :-1 s=CLOSED pgs=39 cs=0 l=1 rev1=1 crypto rx=0 tx=0 comp rx=0 tx=0).stop
2024-04-26T19:58:43.769 INFO:teuthology.orchestra.run.smithi131.stdout:/usr/bin/ceph: stderr
2024-04-26T19:58:42.892+0000 7f9527200700 1 -- 172.21.15.131:0/1843069566 >> 172.21.15.131:0/1843069566 conn(0x7f952007e210 msgr2=0x7f9520080650 unknown :-1 s=STATE_NONE l=0).mark_down
2024-04-26T19:58:43.769 INFO:teuthology.orchestra.run.smithi131.stdout:/usr/bin/ceph: stderr
2024-04-26T19:58:42.892+0000 7f9527200700 1 -- 172.21.15.131:0/1843069566 shutdown_connections
2024-04-26T19:58:43.769 INFO:teuthology.orchestra.run.smithi131.stdout:/usr/bin/ceph: stderr
2024-04-26T19:58:42.892+0000 7f9527200700 1 -- 172.21.15.131:0/1843069566 wait complete.
2024-04-26T19:58:43.769 INFO:teuthology.orchestra.run.smithi131.stdout:/usr/bin/ceph: stderr
2024-04-26T19:58:42.893+0000 7f9527200700 1 Processor -- start
2024-04-26T19:58:43.769 INFO:teuthology.orchestra.run.smithi131.stdout:/usr/bin/ceph: stderr
2024-04-26T19:58:42.893+0000 7f9527200700 1 -- start start
2024-04-26T19:58:43.769 INFO:teuthology.orchestra.run.smithi131.stdout:/usr/bin/ceph: stderr
2024-04-26T19:58:42.894+0000 7f9527200700 1 --2- >> [v2:172.21.15.131:3300/0,v1:172.21.15.131:6789/0] conn(0x7f952010fcf0 0x7f95201a34a0 unknown :-1 s=NONE pgs=0 cs=0 l=1 rev1=0 crypto rx=0 tx=0 comp rx=0 tx=0).connect
2024-04-26T19:58:43.770 INFO:teuthology.orchestra.run.smithi131.stdout:/usr/bin/ceph: stderr
2024-04-26T19:58:42.894+0000 7f9527200700 1 -- --> [v2:172.21.15.131:3300/0,v1:172.21.15.131:6789/0] -- mon_getmap magic: 0 -- 0x7f95201135e0 con 0x7f952010fcf0
2024-04-26T19:58:43.770 INFO:teuthology.orchestra.run.smithi131.stdout:/usr/bin/ceph: stderr
2024-04-26T19:58:42.894+0000 7f951fe00700 1 --2- >> [v2:172.21.15.131:3300/0,v1:172.21.15.131:6789/0] conn(0x7f952010fcf0 0x7f95201a34a0 unknown :-1 s=BANNER_CONNECTING pgs=0 cs=0 l=1 rev1=0 crypto rx=0 tx=0 comp rx=0 tx=0)._handle_peer_banner_payload supported=3 required=0
2024-04-26T19:58:43.770 INFO:teuthology.orchestra.run.smithi131.stdout:/usr/bin/ceph: stderr
2024-04-26T19:58:42.894+0000 7f951fe00700 1 --2- >> [v2:172.21.15.131:3300/0,v1:172.21.15.131:6789/0] conn(0x7f952010fcf0 0x7f95201a34a0 unknown :-1 s=HELLO_CONNECTING pgs=0 cs=0 l=1 rev1=1 crypto rx=0 tx=0 comp rx=0 tx=0).handle_hello peer v2:172.21.15.131:3300/0 says I am v2:172.21.15.131:52396/0 (socket says 172.21.15.131:52396)
2024-04-26T19:58:43.770 INFO:teuthology.orchestra.run.smithi131.stdout:/usr/bin/ceph: stderr
2024-04-26T19:58:42.894+0000 7f951fe00700 1 -- 172.21.15.131:0/1480124834 learned_addr learned my addr 172.21.15.131:0/1480124834 (peer_addr_for_me v2:172.21.15.131:0/0)
2024-04-26T19:58:43.770 INFO:teuthology.orchestra.run.smithi131.stdout:/usr/bin/ceph: stderr
2024-04-26T19:58:42.894+0000 7f951fe00700 1 -- 172.21.15.131:0/1480124834 --> [v2:172.21.15.131:3300/0,v1:172.21.15.131:6789/0] -- mon_subscribe({config=0+,monmap=0+}) -- 0x7f95201a39e0 con 0x7f952010fcf0
2024-04-26T19:58:43.770 INFO:teuthology.orchestra.run.smithi131.stdout:/usr/bin/ceph: stderr
2024-04-26T19:58:42.894+0000 7f951fe00700 1 --2- 172.21.15.131:0/1480124834 >> [v2:172.21.15.131:3300/0,v1:172.21.15.131:6789/0] conn(0x7f952010fcf0 0x7f95201a34a0 secure :-1 s=READY pgs=40 cs=0 l=1 rev1=1 crypto rx=0x7f9510011ac0 tx=0x7f9510011ba0 comp rx=0 tx=0).ready entity=mon.0 client_cookie=0 server_cookie=0 in_seq=0 out_seq=0
2024-04-26T19:58:43.770 INFO:teuthology.orchestra.run.smithi131.stdout:/usr/bin/ceph: stderr
2024-04-26T19:58:42.895+0000 7f951cc00700 1 -- 172.21.15.131:0/1480124834 <== mon.0 v2:172.21.15.131:3300/0 1 ==== mon_map magic: 0 ==== 205+0+0 (secure 0 0 0) 0x7f9510003970 con 0x7f952010fcf0
2024-04-26T19:58:43.770 INFO:teuthology.orchestra.run.smithi131.stdout:/usr/bin/ceph: stderr
2024-04-26T19:58:42.895+0000 7f951cc00700 1 -- 172.21.15.131:0/1480124834 <== mon.0 v2:172.21.15.131:3300/0 2 ==== config(26 keys) ==== 1070+0+0 (secure 0 0 0) 0x7f9510003b10 con 0x7f952010fcf0
2024-04-26T19:58:43.770 INFO:teuthology.orchestra.run.smithi131.stdout:/usr/bin/ceph: stderr
2024-04-26T19:58:42.895+0000 7f951cc00700 1 -- 172.21.15.131:0/1480124834 <== mon.0 v2:172.21.15.131:3300/0 3 ==== mon_map magic: 0 ==== 205+0+0 (secure 0 0 0) 0x7f9510024610 con 0x7f952010fcf0
2024-04-26T19:58:43.770 INFO:teuthology.orchestra.run.smithi131.stdout:/usr/bin/ceph: stderr
2024-04-26T19:58:42.895+0000 7f9527200700 1 -- 172.21.15.131:0/1480124834 --> [v2:172.21.15.131:3300/0,v1:172.21.15.131:6789/0] -- mon_subscribe({mgrmap=0+}) -- 0x7f95201a3c70 con 0x7f952010fcf0
2024-04-26T19:58:43.770 INFO:teuthology.orchestra.run.smithi131.stdout:/usr/bin/ceph: stderr
2024-04-26T19:58:42.895+0000 7f9527200700 1 -- 172.21.15.131:0/1480124834 --> [v2:172.21.15.131:3300/0,v1:172.21.15.131:6789/0] -- mon_subscribe({osdmap=0}) -- 0x7f95201a6960 con 0x7f952010fcf0
2024-04-26T19:58:43.770 INFO:teuthology.orchestra.run.smithi131.stdout:/usr/bin/ceph: stderr
2024-04-26T19:58:42.896+0000 7f951cc00700 1 -- 172.21.15.131:0/1480124834 <== mon.0 v2:172.21.15.131:3300/0 4 ==== mgrmap(e 8) ==== 46558+0+0 (secure 0 0 0) 0x7f951001a430 con 0x7f952010fcf0
2024-04-26T19:58:43.770 INFO:teuthology.orchestra.run.smithi131.stdout:/usr/bin/ceph: stderr
2024-04-26T19:58:42.896+0000 7f9527200700 1 -- 172.21.15.131:0/1480124834 --> [v2:172.21.15.131:3300/0,v1:172.21.15.131:6789/0] -- mon_command({"prefix": "get_command_descriptions"} v 0) -- 0x7f9520064a80 con 0x7f952010fcf0
2024-04-26T19:58:43.770 INFO:teuthology.orchestra.run.smithi131.stdout:/usr/bin/ceph: stderr
2024-04-26T19:58:42.896+0000 7f951cc00700 1 --2- 172.21.15.131:0/1480124834 >> [v2:172.21.15.131:6800/3789992830,v1:172.21.15.131:6801/3789992830] conn(0x7f9504039600 0x7f950403bac0 unknown :-1 s=NONE pgs=0 cs=0 l=1 rev1=0 crypto rx=0 tx=0 comp rx=0 tx=0).connect
2024-04-26T19:58:43.771 INFO:teuthology.orchestra.run.smithi131.stdout:/usr/bin/ceph: stderr
2024-04-26T19:58:42.897+0000 7f951cc00700 1 -- 172.21.15.131:0/1480124834 <== mon.0 v2:172.21.15.131:3300/0 5 ==== osd_map(2..2 src has 1..2) ==== 940+0+0 (secure 0 0 0) 0x7f951004d9a0 con 0x7f952010fcf0
2024-04-26T19:58:43.771 INFO:teuthology.orchestra.run.smithi131.stdout:/usr/bin/ceph: stderr
2024-04-26T19:58:42.897+0000 7f951f400700 1 --2- 172.21.15.131:0/1480124834 >> [v2:172.21.15.131:6800/3789992830,v1:172.21.15.131:6801/3789992830] conn(0x7f9504039600 0x7f950403bac0 unknown :-1 s=BANNER_CONNECTING pgs=0 cs=0 l=1 rev1=0 crypto rx=0 tx=0 comp rx=0 tx=0)._handle_peer_banner_payload supported=3 required=0
2024-04-26T19:58:43.771 INFO:teuthology.orchestra.run.smithi131.stdout:/usr/bin/ceph: stderr
2024-04-26T19:58:42.897+0000 7f951f400700 1 --2- 172.21.15.131:0/1480124834 >> [v2:172.21.15.131:6800/3789992830,v1:172.21.15.131:6801/3789992830] conn(0x7f9504039600 0x7f950403bac0 secure :-1 s=READY pgs=8 cs=0 l=1 rev1=1 crypto rx=0x7f950c006fd0 tx=0x7f950c006e40 comp rx=0 tx=0).ready entity=mgr.14120 client_cookie=0 server_cookie=0 in_seq=0 out_seq=0
2024-04-26T19:58:43.771 INFO:teuthology.orchestra.run.smithi131.stdout:/usr/bin/ceph: stderr
2024-04-26T19:58:42.902+0000 7f951cc00700 1 -- 172.21.15.131:0/1480124834 <== mon.0 v2:172.21.15.131:3300/0 6 ==== mon_command_ack([{"prefix": "get_command_descriptions"}]=0 v0) ==== 72+0+188494 (secure 0 0 0) 0x7f9510016260 con 0x7f952010fcf0
2024-04-26T19:58:43.771 INFO:teuthology.orchestra.run.smithi131.stdout:/usr/bin/ceph: stderr
2024-04-26T19:58:43.132+0000 7f9527200700 1 -- 172.21.15.131:0/1480124834 --> [v2:172.21.15.131:6800/3789992830,v1:172.21.15.131:6801/3789992830] -- mgr_command(tid 0: {"prefix": "cephadm set-user", "user": "root", "target": ["mon-mgr", ""]}) -- 0x7f952002e500 con 0x7f9504039600
2024-04-26T19:58:43.771 INFO:teuthology.orchestra.run.smithi131.stdout:/usr/bin/ceph: stderr
2024-04-26T19:58:43.134+0000 7f951cc00700 1 -- 172.21.15.131:0/1480124834 <== mgr.14120 v2:172.21.15.131:6800/3789992830 1 ==== mgr_command_reply(tid 0: 0 ) ==== 8+0+16 (secure 0 0 0) 0x7f952002e500 con 0x7f9504039600
2024-04-26T19:58:43.771 INFO:teuthology.orchestra.run.smithi131.stdout:/usr/bin/ceph: stderr
2024-04-26T19:58:43.136+0000 7f9527200700 1 -- 172.21.15.131:0/1480124834 >> [v2:172.21.15.131:6800/3789992830,v1:172.21.15.131:6801/3789992830] conn(0x7f9504039600 msgr2=0x7f950403bac0 secure :-1 s=STATE_CONNECTION_ESTABLISHED l=1).mark_down
2024-04-26T19:58:43.771 INFO:teuthology.orchestra.run.smithi131.stdout:/usr/bin/ceph: stderr
2024-04-26T19:58:43.136+0000 7f9527200700 1 --2- 172.21.15.131:0/1480124834 >> [v2:172.21.15.131:6800/3789992830,v1:172.21.15.131:6801/3789992830] conn(0x7f9504039600 0x7f950403bac0 secure :-1 s=READY pgs=8 cs=0 l=1 rev1=1 crypto rx=0x7f950c006fd0 tx=0x7f950c006e40 comp rx=0 tx=0).stop
2024-04-26T19:58:43.771 INFO:teuthology.orchestra.run.smithi131.stdout:/usr/bin/ceph: stderr
2024-04-26T19:58:43.136+0000 7f9527200700 1 -- 172.21.15.131:0/1480124834 >> [v2:172.21.15.131:3300/0,v1:172.21.15.131:6789/0] conn(0x7f952010fcf0 msgr2=0x7f95201a34a0 secure :-1 s=STATE_CONNECTION_ESTABLISHED l=1).mark_down
2024-04-26T19:58:43.771 INFO:teuthology.orchestra.run.smithi131.stdout:/usr/bin/ceph: stderr
2024-04-26T19:58:43.136+0000 7f9527200700 1 --2- 172.21.15.131:0/1480124834 >> [v2:172.21.15.131:3300/0,v1:172.21.15.131:6789/0] conn(0x7f952010fcf0 0x7f95201a34a0 secure :-1 s=READY pgs=40 cs=0 l=1 rev1=1 crypto rx=0x7f9510011ac0 tx=0x7f9510011ba0 comp rx=0 tx=0).stop
2024-04-26T19:58:43.771 INFO:teuthology.orchestra.run.smithi131.stdout:/usr/bin/ceph: stderr
2024-04-26T19:58:43.137+0000 7f9527200700 1 -- 172.21.15.131:0/1480124834 shutdown_connections
2024-04-26T19:58:43.771 INFO:teuthology.orchestra.run.smithi131.stdout:/usr/bin/ceph: stderr
2024-04-26T19:58:43.137+0000 7f9527200700 1 --2- 172.21.15.131:0/1480124834 >> [v2:172.21.15.131:6800/3789992830,v1:172.21.15.131:6801/3789992830] conn(0x7f9504039600 0x7f950403bac0 unknown :-1 s=CLOSED pgs=8 cs=0 l=1 rev1=1 crypto rx=0 tx=0 comp rx=0 tx=0).stop
2024-04-26T19:58:43.771 INFO:teuthology.orchestra.run.smithi131.stdout:/usr/bin/ceph: stderr
2024-04-26T19:58:43.137+0000 7f9527200700 1 --2- 172.21.15.131:0/1480124834 >> [v2:172.21.15.131:3300/0,v1:172.21.15.131:6789/0] conn(0x7f952010fcf0 0x7f95201a34a0 unknown :-1 s=CLOSED pgs=40 cs=0 l=1 rev1=1 crypto rx=0 tx=0 comp rx=0 tx=0).stop
2024-04-26T19:58:43.771 INFO:teuthology.orchestra.run.smithi131.stdout:/usr/bin/ceph: stderr
2024-04-26T19:58:43.137+0000 7f9527200700 1 -- 172.21.15.131:0/1480124834 >> 172.21.15.131:0/1480124834 conn(0x7f952007e210 msgr2=0x7f952007ef00 unknown :-1 s=STATE_NONE l=0).mark_down
2024-04-26T19:58:43.772 INFO:teuthology.orchestra.run.smithi131.stdout:/usr/bin/ceph: stderr
2024-04-26T19:58:43.137+0000 7f9527200700 1 -- 172.21.15.131:0/1480124834 shutdown_connections
2024-04-26T19:58:43.772 INFO:teuthology.orchestra.run.smithi131.stdout:/usr/bin/ceph: stderr
2024-04-26T19:58:43.137+0000 7f9527200700 1 -- 172.21.15.131:0/1480124834 wait complete.
2024-04-26T19:58:43.772 INFO:teuthology.orchestra.run.smithi131.stdout:Generating ssh key...
2024-04-26T19:58:44.370 INFO:journalctl@ceph.mon.a.smithi131.stdout:Apr 26 19:58:44 smithi131 ceph-mon[27919]: from='client.14134 -' entity='client.admin' cmd=[{"prefix": "cephadm set-user", "user": "root", "target": ["mon-mgr", ""]}]: dispatch
2024-04-26T19:58:45.257 INFO:journalctl@ceph.mgr.x.smithi131.stdout:Apr 26 19:58:44 smithi131 ceph-2027e7ca-0407-11ef-bc93-c7b262605968-mgr-x[28147]: Generating public/private rsa key pair.
2024-04-26T19:58:45.257 INFO:journalctl@ceph.mgr.x.smithi131.stdout:Apr 26 19:58:44 smithi131 ceph-2027e7ca-0407-11ef-bc93-c7b262605968-mgr-x[28147]: Your identification has been saved in /tmp/tmp0lo4f57u/key.
2024-04-26T19:58:45.257 INFO:journalctl@ceph.mgr.x.smithi131.stdout:Apr 26 19:58:44 smithi131 ceph-2027e7ca-0407-11ef-bc93-c7b262605968-mgr-x[28147]: Your public key has been saved in /tmp/tmp0lo4f57u/key.pub.
2024-04-26T19:58:45.257 INFO:journalctl@ceph.mgr.x.smithi131.stdout:Apr 26 19:58:44 smithi131 ceph-2027e7ca-0407-11ef-bc93-c7b262605968-mgr-x[28147]: The key fingerprint is:
2024-04-26T19:58:45.258 INFO:journalctl@ceph.mgr.x.smithi131.stdout:Apr 26 19:58:44 smithi131 ceph-2027e7ca-0407-11ef-bc93-c7b262605968-mgr-x[28147]: SHA256:tMBibIZIGQgx2FAzPvDMdKMBtJVsIKcqSJu6Y6JNeCk ceph-2027e7ca-0407-11ef-bc93-c7b262605968
2024-04-26T19:58:45.258 INFO:journalctl@ceph.mgr.x.smithi131.stdout:Apr 26 19:58:44 smithi131 ceph-2027e7ca-0407-11ef-bc93-c7b262605968-mgr-x[28147]: The key's randomart image is:
2024-04-26T19:58:45.258 INFO:journalctl@ceph.mgr.x.smithi131.stdout:Apr 26 19:58:44 smithi131 ceph-2027e7ca-0407-11ef-bc93-c7b262605968-mgr-x[28147]: +---[RSA 3072]----+
2024-04-26T19:58:45.258 INFO:journalctl@ceph.mgr.x.smithi131.stdout:Apr 26 19:58:44 smithi131 ceph-2027e7ca-0407-11ef-bc93-c7b262605968-mgr-x[28147]: |&@%.+ |
2024-04-26T19:58:45.258 INFO:journalctl@ceph.mgr.x.smithi131.stdout:Apr 26 19:58:44 smithi131 ceph-2027e7ca-0407-11ef-bc93-c7b262605968-mgr-x[28147]: |=&+% o |
2024-04-26T19:58:45.258 INFO:journalctl@ceph.mgr.x.smithi131.stdout:Apr 26 19:58:44 smithi131 ceph-2027e7ca-0407-11ef-bc93-c7b262605968-mgr-x[28147]: |ooX * o . |
2024-04-26T19:58:45.258 INFO:journalctl@ceph.mgr.x.smithi131.stdout:Apr 26 19:58:44 smithi131 ceph-2027e7ca-0407-11ef-bc93-c7b262605968-mgr-x[28147]: |+ o= . o . |
2024-04-26T19:58:45.258 INFO:journalctl@ceph.mgr.x.smithi131.stdout:Apr 26 19:58:44 smithi131 ceph-2027e7ca-0407-11ef-bc93-c7b262605968-mgr-x[28147]: |+o S |
2024-04-26T19:58:45.258 INFO:journalctl@ceph.mgr.x.smithi131.stdout:Apr 26 19:58:44 smithi131 ceph-2027e7ca-0407-11ef-bc93-c7b262605968-mgr-x[28147]: |o. . |
2024-04-26T19:58:45.258 INFO:journalctl@ceph.mgr.x.smithi131.stdout:Apr 26 19:58:44 smithi131 ceph-2027e7ca-0407-11ef-bc93-c7b262605968-mgr-x[28147]: |E + |
2024-04-26T19:58:45.258 INFO:journalctl@ceph.mgr.x.smithi131.stdout:Apr 26 19:58:44 smithi131 ceph-2027e7ca-0407-11ef-bc93-c7b262605968-mgr-x[28147]: |oB |
2024-04-26T19:58:45.258 INFO:journalctl@ceph.mgr.x.smithi131.stdout:Apr 26 19:58:44 smithi131 ceph-2027e7ca-0407-11ef-bc93-c7b262605968-mgr-x[28147]: |*.. |
2024-04-26T19:58:45.259 INFO:journalctl@ceph.mgr.x.smithi131.stdout:Apr 26 19:58:44 smithi131 ceph-2027e7ca-0407-11ef-bc93-c7b262605968-mgr-x[28147]: +----[SHA256]-----+
2024-04-26T19:58:45.553 INFO:teuthology.orchestra.run.smithi131.stdout:/usr/bin/ceph: stderr
2024-04-26T19:58:44.368+0000 7f7af2600700 1 Processor -- start
2024-04-26T19:58:45.553 INFO:teuthology.orchestra.run.smithi131.stdout:/usr/bin/ceph: stderr
2024-04-26T19:58:44.368+0000 7f7af2600700 1 -- start start
2024-04-26T19:58:45.553 INFO:teuthology.orchestra.run.smithi131.stdout:/usr/bin/ceph: stderr
2024-04-26T19:58:44.369+0000 7f7af2600700 1 --2- >> [v2:172.21.15.131:3300/0,v1:172.21.15.131:6789/0] conn(0x7f7aec07eea0 0x7f7aec07d300 unknown :-1 s=NONE pgs=0 cs=0 l=0 rev1=0 crypto rx=0 tx=0 comp rx=0 tx=0).connect
2024-04-26T19:58:45.553 INFO:teuthology.orchestra.run.smithi131.stdout:/usr/bin/ceph: stderr
2024-04-26T19:58:44.369+0000 7f7af2600700 1 -- --> [v2:172.21.15.131:3300/0,v1:172.21.15.131:6789/0] -- mon_getmap magic: 0 -- 0x7f7aec07d8d0 con 0x7f7aec07eea0
2024-04-26T19:58:45.553 INFO:teuthology.orchestra.run.smithi131.stdout:/usr/bin/ceph: stderr
2024-04-26T19:58:44.369+0000 7f7aeb400700 1 --2- >> [v2:172.21.15.131:3300/0,v1:172.21.15.131:6789/0] conn(0x7f7aec07eea0 0x7f7aec07d300 unknown :-1 s=BANNER_CONNECTING pgs=0 cs=0 l=0 rev1=0 crypto rx=0 tx=0 comp rx=0 tx=0)._handle_peer_banner_payload supported=3 required=0
2024-04-26T19:58:45.553 INFO:teuthology.orchestra.run.smithi131.stdout:/usr/bin/ceph: stderr
2024-04-26T19:58:44.369+0000 7f7aeb400700 1 --2- >> [v2:172.21.15.131:3300/0,v1:172.21.15.131:6789/0] conn(0x7f7aec07eea0 0x7f7aec07d300 unknown :-1 s=HELLO_CONNECTING pgs=0 cs=0 l=0 rev1=1 crypto rx=0 tx=0 comp rx=0 tx=0).handle_hello peer v2:172.21.15.131:3300/0 says I am v2:172.21.15.131:45622/0 (socket says 172.21.15.131:45622)
2024-04-26T19:58:45.553 INFO:teuthology.orchestra.run.smithi131.stdout:/usr/bin/ceph: stderr
2024-04-26T19:58:44.369+0000 7f7aeb400700 1 -- 172.21.15.131:0/2727848506 learned_addr learned my addr 172.21.15.131:0/2727848506 (peer_addr_for_me v2:172.21.15.131:0/0)
2024-04-26T19:58:45.553 INFO:teuthology.orchestra.run.smithi131.stdout:/usr/bin/ceph: stderr
2024-04-26T19:58:44.369+0000 7f7aeb400700 1 -- 172.21.15.131:0/2727848506 --> [v2:172.21.15.131:3300/0,v1:172.21.15.131:6789/0] -- mon_subscribe({config=0+,monmap=0+}) -- 0x7f7aec07da50 con 0x7f7aec07eea0
2024-04-26T19:58:45.553 INFO:teuthology.orchestra.run.smithi131.stdout:/usr/bin/ceph: stderr
2024-04-26T19:58:44.370+0000 7f7aeb400700 1 --2- 172.21.15.131:0/2727848506 >> [v2:172.21.15.131:3300/0,v1:172.21.15.131:6789/0] conn(0x7f7aec07eea0 0x7f7aec07d300 secure :-1 s=READY pgs=41 cs=0 l=1 rev1=1 crypto rx=0x7f7adc0098a0 tx=0x7f7adc009bb0 comp rx=0 tx=0).ready entity=mon.0 client_cookie=dfe47d08a40b35c0 server_cookie=0 in_seq=0 out_seq=0
2024-04-26T19:58:45.553 INFO:teuthology.orchestra.run.smithi131.stdout:/usr/bin/ceph: stderr
2024-04-26T19:58:44.370+0000 7f7aea000700 1 -- 172.21.15.131:0/2727848506 <== mon.0 v2:172.21.15.131:3300/0 1 ==== mon_map magic: 0 ==== 205+0+0 (secure 0 0 0) 0x7f7adc004160 con 0x7f7aec07eea0
2024-04-26T19:58:45.553 INFO:teuthology.orchestra.run.smithi131.stdout:/usr/bin/ceph: stderr
2024-04-26T19:58:44.370+0000 7f7aea000700 1 -- 172.21.15.131:0/2727848506 <== mon.0 v2:172.21.15.131:3300/0 2 ==== config(26 keys) ==== 1070+0+0 (secure 0 0 0) 0x7f7adc004300 con 0x7f7aec07eea0
2024-04-26T19:58:45.553 INFO:teuthology.orchestra.run.smithi131.stdout:/usr/bin/ceph: stderr
2024-04-26T19:58:44.370+0000 7f7aea000700 1 -- 172.21.15.131:0/2727848506 <== mon.0 v2:172.21.15.131:3300/0 3 ==== mon_map magic: 0 ==== 205+0+0 (secure 0 0 0) 0x7f7adc011af0 con 0x7f7aec07eea0
2024-04-26T19:58:45.554 INFO:teuthology.orchestra.run.smithi131.stdout:/usr/bin/ceph: stderr
2024-04-26T19:58:44.371+0000 7f7af2600700 1 -- 172.21.15.131:0/2727848506 >> [v2:172.21.15.131:3300/0,v1:172.21.15.131:6789/0] conn(0x7f7aec07eea0 msgr2=0x7f7aec07d300 secure :-1 s=STATE_CONNECTION_ESTABLISHED l=1).mark_down
2024-04-26T19:58:45.554 INFO:teuthology.orchestra.run.smithi131.stdout:/usr/bin/ceph: stderr
2024-04-26T19:58:44.371+0000 7f7af2600700 1 --2- 172.21.15.131:0/2727848506 >> [v2:172.21.15.131:3300/0,v1:172.21.15.131:6789/0] conn(0x7f7aec07eea0 0x7f7aec07d300 secure :-1 s=READY pgs=41 cs=0 l=1 rev1=1 crypto rx=0x7f7adc0098a0 tx=0x7f7adc009bb0 comp rx=0 tx=0).stop
2024-04-26T19:58:45.554 INFO:teuthology.orchestra.run.smithi131.stdout:/usr/bin/ceph: stderr
2024-04-26T19:58:44.371+0000 7f7af2600700 1 -- 172.21.15.131:0/2727848506 shutdown_connections
2024-04-26T19:58:45.554 INFO:teuthology.orchestra.run.smithi131.stdout:/usr/bin/ceph: stderr
2024-04-26T19:58:44.371+0000 7f7af2600700 1 --2- 172.21.15.131:0/2727848506 >> [v2:172.21.15.131:3300/0,v1:172.21.15.131:6789/0] conn(0x7f7aec07eea0 0x7f7aec07d300 unknown :-1 s=CLOSED pgs=41 cs=0 l=1 rev1=1 crypto rx=0 tx=0 comp rx=0 tx=0).stop
2024-04-26T19:58:45.554 INFO:teuthology.orchestra.run.smithi131.stdout:/usr/bin/ceph: stderr
2024-04-26T19:58:44.371+0000 7f7af2600700 1 -- 172.21.15.131:0/2727848506 >> 172.21.15.131:0/2727848506 conn(0x7f7aec1041b0 msgr2=0x7f7aec106610 unknown :-1 s=STATE_NONE l=0).mark_down
2024-04-26T19:58:45.554 INFO:teuthology.orchestra.run.smithi131.stdout:/usr/bin/ceph: stderr
2024-04-26T19:58:44.371+0000 7f7af2600700 1 -- 172.21.15.131:0/2727848506 shutdown_connections
2024-04-26T19:58:45.554 INFO:teuthology.orchestra.run.smithi131.stdout:/usr/bin/ceph: stderr
2024-04-26T19:58:44.371+0000 7f7af2600700 1 -- 172.21.15.131:0/2727848506 wait complete.
2024-04-26T19:58:45.554 INFO:teuthology.orchestra.run.smithi131.stdout:/usr/bin/ceph: stderr
2024-04-26T19:58:44.372+0000 7f7af2600700 1 Processor -- start
2024-04-26T19:58:45.554 INFO:teuthology.orchestra.run.smithi131.stdout:/usr/bin/ceph: stderr
2024-04-26T19:58:44.372+0000 7f7af2600700 1 -- start start
2024-04-26T19:58:45.554 INFO:teuthology.orchestra.run.smithi131.stdout:/usr/bin/ceph: stderr
2024-04-26T19:58:44.373+0000 7f7af2600700 1 --2- >> [v2:172.21.15.131:3300/0,v1:172.21.15.131:6789/0] conn(0x7f7aec07eea0 0x7f7aec19f040 unknown :-1 s=NONE pgs=0 cs=0 l=1 rev1=0 crypto rx=0 tx=0 comp rx=0 tx=0).connect
2024-04-26T19:58:45.554 INFO:teuthology.orchestra.run.smithi131.stdout:/usr/bin/ceph: stderr
2024-04-26T19:58:44.373+0000 7f7af2600700 1 -- --> [v2:172.21.15.131:3300/0,v1:172.21.15.131:6789/0] -- mon_getmap magic: 0 -- 0x7f7aec10f200 con 0x7f7aec07eea0
2024-04-26T19:58:45.554 INFO:teuthology.orchestra.run.smithi131.stdout:/usr/bin/ceph: stderr
2024-04-26T19:58:44.373+0000 7f7aeb400700 1 --2- >> [v2:172.21.15.131:3300/0,v1:172.21.15.131:6789/0] conn(0x7f7aec07eea0 0x7f7aec19f040 unknown :-1 s=BANNER_CONNECTING pgs=0 cs=0 l=1 rev1=0 crypto rx=0 tx=0 comp rx=0 tx=0)._handle_peer_banner_payload supported=3 required=0
2024-04-26T19:58:45.554 INFO:teuthology.orchestra.run.smithi131.stdout:/usr/bin/ceph: stderr
2024-04-26T19:58:44.373+0000 7f7aeb400700 1 --2- >> [v2:172.21.15.131:3300/0,v1:172.21.15.131:6789/0] conn(0x7f7aec07eea0 0x7f7aec19f040 unknown :-1 s=HELLO_CONNECTING pgs=0 cs=0 l=1 rev1=1 crypto rx=0 tx=0 comp rx=0 tx=0).handle_hello peer v2:172.21.15.131:3300/0 says I am v2:172.21.15.131:45638/0 (socket says 172.21.15.131:45638)
2024-04-26T19:58:45.554 INFO:teuthology.orchestra.run.smithi131.stdout:/usr/bin/ceph: stderr
2024-04-26T19:58:44.373+0000 7f7aeb400700 1 -- 172.21.15.131:0/4168888959 learned_addr learned my addr 172.21.15.131:0/4168888959 (peer_addr_for_me v2:172.21.15.131:0/0)
2024-04-26T19:58:45.555 INFO:teuthology.orchestra.run.smithi131.stdout:/usr/bin/ceph: stderr
2024-04-26T19:58:44.373+0000 7f7aeb400700 1 -- 172.21.15.131:0/4168888959 --> [v2:172.21.15.131:3300/0,v1:172.21.15.131:6789/0] -- mon_subscribe({config=0+,monmap=0+}) -- 0x7f7aec19f580 con 0x7f7aec07eea0
2024-04-26T19:58:45.555 INFO:teuthology.orchestra.run.smithi131.stdout:/usr/bin/ceph: stderr
2024-04-26T19:58:44.374+0000 7f7aeb400700 1 --2- 172.21.15.131:0/4168888959 >> [v2:172.21.15.131:3300/0,v1:172.21.15.131:6789/0] conn(0x7f7aec07eea0 0x7f7aec19f040 secure :-1 s=READY pgs=42 cs=0 l=1 rev1=1 crypto rx=0x7f7adc011ac0 tx=0x7f7adc011ba0 comp rx=0 tx=0).ready entity=mon.0 client_cookie=0 server_cookie=0 in_seq=0 out_seq=0
2024-04-26T19:58:45.555 INFO:teuthology.orchestra.run.smithi131.stdout:/usr/bin/ceph: stderr
2024-04-26T19:58:44.374+0000 7f7ae3e00700 1 -- 172.21.15.131:0/4168888959 <== mon.0 v2:172.21.15.131:3300/0 1 ==== mon_map magic: 0 ==== 205+0+0 (secure 0 0 0) 0x7f7adc003b20 con 0x7f7aec07eea0
2024-04-26T19:58:45.555 INFO:teuthology.orchestra.run.smithi131.stdout:/usr/bin/ceph: stderr
2024-04-26T19:58:44.374+0000 7f7ae3e00700 1 -- 172.21.15.131:0/4168888959 <== mon.0 v2:172.21.15.131:3300/0 2 ==== config(26 keys) ==== 1070+0+0 (secure 0 0 0) 0x7f7adc01a8c0 con 0x7f7aec07eea0
2024-04-26T19:58:45.555 INFO:teuthology.orchestra.run.smithi131.stdout:/usr/bin/ceph: stderr
2024-04-26T19:58:44.374+0000 7f7ae3e00700 1 -- 172.21.15.131:0/4168888959 <== mon.0 v2:172.21.15.131:3300/0 3 ==== mon_map magic: 0 ==== 205+0+0 (secure 0 0 0) 0x7f7adc0248d0 con 0x7f7aec07eea0
2024-04-26T19:58:45.555 INFO:teuthology.orchestra.run.smithi131.stdout:/usr/bin/ceph: stderr
2024-04-26T19:58:44.374+0000 7f7af2600700 1 -- 172.21.15.131:0/4168888959 --> [v2:172.21.15.131:3300/0,v1:172.21.15.131:6789/0] -- mon_subscribe({mgrmap=0+}) -- 0x7f7aec19f810 con 0x7f7aec07eea0
2024-04-26T19:58:45.555 INFO:teuthology.orchestra.run.smithi131.stdout:/usr/bin/ceph: stderr
2024-04-26T19:58:44.374+0000 7f7af2600700 1 -- 172.21.15.131:0/4168888959 --> [v2:172.21.15.131:3300/0,v1:172.21.15.131:6789/0] -- mon_subscribe({osdmap=0}) -- 0x7f7aec1a24b0 con 0x7f7aec07eea0
2024-04-26T19:58:45.555 INFO:teuthology.orchestra.run.smithi131.stdout:/usr/bin/ceph: stderr
2024-04-26T19:58:44.375+0000 7f7ae3e00700 1 -- 172.21.15.131:0/4168888959 <== mon.0 v2:172.21.15.131:3300/0 4 ==== mgrmap(e 8) ==== 46558+0+0 (secure 0 0 0) 0x7f7adc022020 con 0x7f7aec07eea0
2024-04-26T19:58:45.555 INFO:teuthology.orchestra.run.smithi131.stdout:/usr/bin/ceph: stderr
2024-04-26T19:58:44.375+0000 7f7af2600700 1 -- 172.21.15.131:0/4168888959 --> [v2:172.21.15.131:3300/0,v1:172.21.15.131:6789/0] -- mon_command({"prefix": "get_command_descriptions"} v 0) -- 0x7f7aec064a80 con 0x7f7aec07eea0
2024-04-26T19:58:45.555 INFO:teuthology.orchestra.run.smithi131.stdout:/usr/bin/ceph: stderr
2024-04-26T19:58:44.376+0000 7f7ae3e00700 1 --2- 172.21.15.131:0/4168888959 >> [v2:172.21.15.131:6800/3789992830,v1:172.21.15.131:6801/3789992830] conn(0x7f7ad0039600 0x7f7ad003bac0 unknown :-1 s=NONE pgs=0 cs=0 l=1 rev1=0 crypto rx=0 tx=0 comp rx=0 tx=0).connect
2024-04-26T19:58:45.555 INFO:teuthology.orchestra.run.smithi131.stdout:/usr/bin/ceph: stderr
2024-04-26T19:58:44.376+0000 7f7ae3e00700 1 -- 172.21.15.131:0/4168888959 <== mon.0 v2:172.21.15.131:3300/0 5 ==== osd_map(2..2 src has 1..2) ==== 940+0+0 (secure 0 0 0) 0x7f7adc04d880 con 0x7f7aec07eea0
2024-04-26T19:58:45.555 INFO:teuthology.orchestra.run.smithi131.stdout:/usr/bin/ceph: stderr
2024-04-26T19:58:44.376+0000 7f7aeaa00700 1 --2- 172.21.15.131:0/4168888959 >> [v2:172.21.15.131:6800/3789992830,v1:172.21.15.131:6801/3789992830] conn(0x7f7ad0039600 0x7f7ad003bac0 unknown :-1 s=BANNER_CONNECTING pgs=0 cs=0 l=1 rev1=0 crypto rx=0 tx=0 comp rx=0 tx=0)._handle_peer_banner_payload supported=3 required=0
2024-04-26T19:58:45.555 INFO:teuthology.orchestra.run.smithi131.stdout:/usr/bin/ceph: stderr
2024-04-26T19:58:44.377+0000 7f7aeaa00700 1 --2- 172.21.15.131:0/4168888959 >> [v2:172.21.15.131:6800/3789992830,v1:172.21.15.131:6801/3789992830] conn(0x7f7ad0039600 0x7f7ad003bac0 secure :-1 s=READY pgs=9 cs=0 l=1 rev1=1 crypto rx=0x7f7ad8006fd0 tx=0x7f7ad8006e40 comp rx=0 tx=0).ready entity=mgr.14120 client_cookie=0 server_cookie=0 in_seq=0 out_seq=0
2024-04-26T19:58:45.556 INFO:teuthology.orchestra.run.smithi131.stdout:/usr/bin/ceph: stderr
2024-04-26T19:58:44.381+0000 7f7ae3e00700 1 -- 172.21.15.131:0/4168888959 <== mon.0 v2:172.21.15.131:3300/0 6 ==== mon_command_ack([{"prefix": "get_command_descriptions"}]=0 v0) ==== 72+0+188494 (secure 0 0 0) 0x7f7adc00f2e0 con 0x7f7aec07eea0
2024-04-26T19:58:45.556 INFO:teuthology.orchestra.run.smithi131.stdout:/usr/bin/ceph: stderr
2024-04-26T19:58:44.607+0000 7f7af2600700 1 -- 172.21.15.131:0/4168888959 --> [v2:172.21.15.131:6800/3789992830,v1:172.21.15.131:6801/3789992830] -- mgr_command(tid 0: {"prefix": "cephadm generate-key", "target": ["mon-mgr", ""]}) -- 0x7f7aec02e500 con 0x7f7ad0039600
2024-04-26T19:58:45.556 INFO:teuthology.orchestra.run.smithi131.stdout:/usr/bin/ceph: stderr
2024-04-26T19:58:44.863+0000 7f7ae3e00700 1 -- 172.21.15.131:0/4168888959 <== mgr.14120 v2:172.21.15.131:6800/3789992830 1 ==== mgr_command_reply(tid 0: 0 ) ==== 8+0+0 (secure 0 0 0) 0x7f7aec02e500 con 0x7f7ad0039600
2024-04-26T19:58:45.556 INFO:teuthology.orchestra.run.smithi131.stdout:/usr/bin/ceph: stderr
2024-04-26T19:58:44.866+0000 7f7af2600700 1 -- 172.21.15.131:0/4168888959 >> [v2:172.21.15.131:6800/3789992830,v1:172.21.15.131:6801/3789992830] conn(0x7f7ad0039600 msgr2=0x7f7ad003bac0 secure :-1 s=STATE_CONNECTION_ESTABLISHED l=1).mark_down
2024-04-26T19:58:45.556 INFO:teuthology.orchestra.run.smithi131.stdout:/usr/bin/ceph: stderr
2024-04-26T19:58:44.866+0000 7f7af2600700 1 --2- 172.21.15.131:0/4168888959 >> [v2:172.21.15.131:6800/3789992830,v1:172.21.15.131:6801/3789992830] conn(0x7f7ad0039600 0x7f7ad003bac0 secure :-1 s=READY pgs=9 cs=0 l=1 rev1=1 crypto rx=0x7f7ad8006fd0 tx=0x7f7ad8006e40 comp rx=0 tx=0).stop
2024-04-26T19:58:45.556 INFO:teuthology.orchestra.run.smithi131.stdout:/usr/bin/ceph: stderr
2024-04-26T19:58:44.866+0000 7f7af2600700 1 -- 172.21.15.131:0/4168888959 >> [v2:172.21.15.131:3300/0,v1:172.21.15.131:6789/0] conn(0x7f7aec07eea0 msgr2=0x7f7aec19f040 secure :-1 s=STATE_CONNECTION_ESTABLISHED l=1).mark_down
2024-04-26T19:58:45.556 INFO:teuthology.orchestra.run.smithi131.stdout:/usr/bin/ceph: stderr
2024-04-26T19:58:44.866+0000 7f7af2600700 1 --2- 172.21.15.131:0/4168888959 >> [v2:172.21.15.131:3300/0,v1:172.21.15.131:6789/0] conn(0x7f7aec07eea0 0x7f7aec19f040 secure :-1 s=READY pgs=42 cs=0 l=1 rev1=1 crypto rx=0x7f7adc011ac0 tx=0x7f7adc011ba0 comp rx=0 tx=0).stop
2024-04-26T19:58:45.556 INFO:teuthology.orchestra.run.smithi131.stdout:/usr/bin/ceph: stderr
2024-04-26T19:58:44.866+0000 7f7af2600700 1 -- 172.21.15.131:0/4168888959 shutdown_connections
2024-04-26T19:58:45.556 INFO:teuthology.orchestra.run.smithi131.stdout:/usr/bin/ceph: stderr
2024-04-26T19:58:44.866+0000 7f7af2600700 1 --2- 172.21.15.131:0/4168888959 >> [v2:172.21.15.131:6800/3789992830,v1:172.21.15.131:6801/3789992830] conn(0x7f7ad0039600 0x7f7ad003bac0 unknown :-1 s=CLOSED pgs=9 cs=0 l=1 rev1=1 crypto rx=0 tx=0 comp rx=0 tx=0).stop
2024-04-26T19:58:45.556 INFO:teuthology.orchestra.run.smithi131.stdout:/usr/bin/ceph: stderr
2024-04-26T19:58:44.866+0000 7f7af2600700 1 --2- 172.21.15.131:0/4168888959 >> [v2:172.21.15.131:3300/0,v1:172.21.15.131:6789/0] conn(0x7f7aec07eea0 0x7f7aec19f040 unknown :-1 s=CLOSED pgs=42 cs=0 l=1 rev1=1 crypto rx=0 tx=0 comp rx=0 tx=0).stop
2024-04-26T19:58:45.556 INFO:teuthology.orchestra.run.smithi131.stdout:/usr/bin/ceph: stderr
2024-04-26T19:58:44.866+0000 7f7af2600700 1 -- 172.21.15.131:0/4168888959 >> 172.21.15.131:0/4168888959 conn(0x7f7aec1041b0 msgr2=0x7f7aec104e60 unknown :-1 s=STATE_NONE l=0).mark_down
2024-04-26T19:58:45.556 INFO:teuthology.orchestra.run.smithi131.stdout:/usr/bin/ceph: stderr
2024-04-26T19:58:44.866+0000 7f7af2600700 1 -- 172.21.15.131:0/4168888959 shutdown_connections
2024-04-26T19:58:45.556 INFO:teuthology.orchestra.run.smithi131.stdout:/usr/bin/ceph: stderr
2024-04-26T19:58:44.867+0000 7f7af2600700 1 -- 172.21.15.131:0/4168888959 wait complete.
2024-04-26T19:58:46.122 INFO:journalctl@ceph.mon.a.smithi131.stdout:Apr 26 19:58:45 smithi131 ceph-mon[27919]: from='client.14136 -' entity='client.admin' cmd=[{"prefix": "cephadm generate-key", "target": ["mon-mgr", ""]}]: dispatch
2024-04-26T19:58:46.122 INFO:journalctl@ceph.mon.a.smithi131.stdout:Apr 26 19:58:45 smithi131 ceph-mon[27919]: Generating ssh key...
2024-04-26T19:58:46.122 INFO:journalctl@ceph.mon.a.smithi131.stdout:Apr 26 19:58:45 smithi131 ceph-mon[27919]: from='mgr.14120 172.21.15.131:0/578704296' entity='mgr.x'
2024-04-26T19:58:46.122 INFO:journalctl@ceph.mon.a.smithi131.stdout:Apr 26 19:58:45 smithi131 ceph-mon[27919]: from='mgr.14120 172.21.15.131:0/578704296' entity='mgr.x'
2024-04-26T19:58:47.056 INFO:teuthology.orchestra.run.smithi131.stdout:/usr/bin/ceph: stdout ssh-rsa AAAAB3NzaC1yc2EAAAADAQABAAABgQCq4IlVHkzONz4kZkrM5HLt/kLV3jQa+K/vUs40z+Q6VVntMQzS0rLv8pNscyoUVyaQMY/VW8rx31kA+r9k6vmmPhx4+qx4FNQG7MSH8qFde6NYPXhyzofsuz7IQhRhTI9PiOnsNqlkxzc7VDtgve7caP7I51+3bD+xZ6EUBQPf+Aa3ynanBv0zut3hM68I9/v7wXCAB2h4SyVBHrJKV+fIObGbWY/rPs20FTz3jiLr7Zo5sFDTMx639gY4IUSCqXPHHiyF/5ng287jTXJoVTVzuuy+utz1VG0Z7cJizGYoyzGl5OIQWxUwUvwdXrJy5SU/1rYybcRNxeemejoQ/52eaXwL+dor0BKJ1h3mPoSecihvQMnsytYRDFYuHtedlYY9RRzBbo9HFmFU8+kOWYCBzfHAmcEnJi/b1rkT01w09rQi6ZEI1F6qRlennuuxqRM+UfhW5iJQYOQD4bFx3N42KC+FI1czeWh4+bcnAdaVDvlYWk6/Mcnk5fs8T3fjMd0= ceph-2027e7ca-0407-11ef-bc93-c7b262605968
2024-04-26T19:58:47.056 INFO:teuthology.orchestra.run.smithi131.stdout:/usr/bin/ceph: stderr
2024-04-26T19:58:46.157+0000 7fdbfe800700 1 Processor -- start
2024-04-26T19:58:47.056 INFO:teuthology.orchestra.run.smithi131.stdout:/usr/bin/ceph: stderr
2024-04-26T19:58:46.158+0000 7fdbfe800700 1 -- start start
2024-04-26T19:58:47.056 INFO:teuthology.orchestra.run.smithi131.stdout:/usr/bin/ceph: stderr
2024-04-26T19:58:46.158+0000 7fdbfe800700 1 --2- >> [v2:172.21.15.131:3300/0,v1:172.21.15.131:6789/0] conn(0x7fdbf81096d0 0x7fdbf810bac0 unknown :-1 s=NONE pgs=0 cs=0 l=0 rev1=0 crypto rx=0 tx=0 comp rx=0 tx=0).connect
2024-04-26T19:58:47.056 INFO:teuthology.orchestra.run.smithi131.stdout:/usr/bin/ceph: stderr
2024-04-26T19:58:46.158+0000 7fdbfe800700 1 -- --> [v2:172.21.15.131:3300/0,v1:172.21.15.131:6789/0] -- mon_getmap magic: 0 -- 0x7fdbf807ced0 con 0x7fdbf81096d0
2024-04-26T19:58:47.056 INFO:teuthology.orchestra.run.smithi131.stdout:/usr/bin/ceph: stderr
2024-04-26T19:58:46.159+0000 7fdbf7400700 1 --2- >> [v2:172.21.15.131:3300/0,v1:172.21.15.131:6789/0] conn(0x7fdbf81096d0 0x7fdbf810bac0 unknown :-1 s=BANNER_CONNECTING pgs=0 cs=0 l=0 rev1=0 crypto rx=0 tx=0 comp rx=0 tx=0)._handle_peer_banner_payload supported=3 required=0
2024-04-26T19:58:47.056 INFO:teuthology.orchestra.run.smithi131.stdout:/usr/bin/ceph: stderr
2024-04-26T19:58:46.159+0000 7fdbf7400700 1 --2- >> [v2:172.21.15.131:3300/0,v1:172.21.15.131:6789/0] conn(0x7fdbf81096d0 0x7fdbf810bac0 unknown :-1 s=HELLO_CONNECTING pgs=0 cs=0 l=0 rev1=1 crypto rx=0 tx=0 comp rx=0 tx=0).handle_hello peer v2:172.21.15.131:3300/0 says I am v2:172.21.15.131:45640/0 (socket says 172.21.15.131:45640)
2024-04-26T19:58:47.057 INFO:teuthology.orchestra.run.smithi131.stdout:/usr/bin/ceph: stderr
