2024-04-26T20:11:31.849 INFO:teuthology.orchestra.run.smithi082.stdout:/usr/bin/ceph: stderr
2024-04-26T20:11:30.850+0000 7ff8ed800700 1 -- start start
2024-04-26T20:11:31.849 INFO:teuthology.orchestra.run.smithi082.stdout:/usr/bin/ceph: stderr
2024-04-26T20:11:30.851+0000 7ff8ed800700 1 --2- >> [v2:172.21.15.82:3300/0,v1:172.21.15.82:6789/0] conn(0x7ff8e807eea0 0x7ff8e807d300 unknown :-1 s=NONE pgs=0 cs=0 l=0 rev1=0 crypto rx=0 tx=0 comp rx=0 tx=0).connect
2024-04-26T20:11:31.849 INFO:teuthology.orchestra.run.smithi082.stdout:/usr/bin/ceph: stderr
2024-04-26T20:11:30.851+0000 7ff8ed800700 1 -- --> [v2:172.21.15.82:3300/0,v1:172.21.15.82:6789/0] -- mon_getmap magic: 0 -- 0x7ff8e807d8d0 con 0x7ff8e807eea0
2024-04-26T20:11:31.849 INFO:teuthology.orchestra.run.smithi082.stdout:/usr/bin/ceph: stderr
2024-04-26T20:11:30.852+0000 7ff8e6a00700 1 --2- >> [v2:172.21.15.82:3300/0,v1:172.21.15.82:6789/0] conn(0x7ff8e807eea0 0x7ff8e807d300 unknown :-1 s=BANNER_CONNECTING pgs=0 cs=0 l=0 rev1=0 crypto rx=0 tx=0 comp rx=0 tx=0)._handle_peer_banner_payload supported=3 required=0
2024-04-26T20:11:31.849 INFO:teuthology.orchestra.run.smithi082.stdout:/usr/bin/ceph: stderr
2024-04-26T20:11:30.852+0000 7ff8e6a00700 1 --2- >> [v2:172.21.15.82:3300/0,v1:172.21.15.82:6789/0] conn(0x7ff8e807eea0 0x7ff8e807d300 unknown :-1 s=HELLO_CONNECTING pgs=0 cs=0 l=0 rev1=1 crypto rx=0 tx=0 comp rx=0 tx=0).handle_hello peer v2:172.21.15.82:3300/0 says I am v2:172.21.15.82:58616/0 (socket says 172.21.15.82:58616)
2024-04-26T20:11:31.849 INFO:teuthology.orchestra.run.smithi082.stdout:/usr/bin/ceph: stderr
2024-04-26T20:11:30.852+0000 7ff8e6a00700 1 -- 172.21.15.82:0/1739232229 learned_addr learned my addr 172.21.15.82:0/1739232229 (peer_addr_for_me v2:172.21.15.82:0/0)
2024-04-26T20:11:31.849 INFO:teuthology.orchestra.run.smithi082.stdout:/usr/bin/ceph: stderr
2024-04-26T20:11:30.852+0000 7ff8e6a00700 1 -- 172.21.15.82:0/1739232229 --> [v2:172.21.15.82:3300/0,v1:172.21.15.82:6789/0] -- mon_subscribe({config=0+,monmap=0+}) -- 0x7ff8e807da50 con 0x7ff8e807eea0
2024-04-26T20:11:31.849 INFO:teuthology.orchestra.run.smithi082.stdout:/usr/bin/ceph: stderr
2024-04-26T20:11:30.852+0000 7ff8e6a00700 1 --2- 172.21.15.82:0/1739232229 >> [v2:172.21.15.82:3300/0,v1:172.21.15.82:6789/0] conn(0x7ff8e807eea0 0x7ff8e807d300 secure :-1 s=READY pgs=49 cs=0 l=1 rev1=1 crypto rx=0x7ff8d80098a0 tx=0x7ff8d8009bb0 comp rx=0 tx=0).ready entity=mon.0 client_cookie=d8404435e57ec7eb server_cookie=0 in_seq=0 out_seq=0
2024-04-26T20:11:31.849 INFO:teuthology.orchestra.run.smithi082.stdout:/usr/bin/ceph: stderr
2024-04-26T20:11:30.853+0000 7ff8e5600700 1 -- 172.21.15.82:0/1739232229 <== mon.0 v2:172.21.15.82:3300/0 1 ==== mon_map magic: 0 ==== 205+0+0 (secure 0 0 0) 0x7ff8d8004160 con 0x7ff8e807eea0
2024-04-26T20:11:31.850 INFO:teuthology.orchestra.run.smithi082.stdout:/usr/bin/ceph: stderr
2024-04-26T20:11:30.853+0000 7ff8e5600700 1 -- 172.21.15.82:0/1739232229 <== mon.0 v2:172.21.15.82:3300/0 2 ==== config(26 keys) ==== 1101+0+0 (secure 0 0 0) 0x7ff8d8004300 con 0x7ff8e807eea0
2024-04-26T20:11:31.850 INFO:teuthology.orchestra.run.smithi082.stdout:/usr/bin/ceph: stderr
2024-04-26T20:11:30.853+0000 7ff8e5600700 1 -- 172.21.15.82:0/1739232229 <== mon.0 v2:172.21.15.82:3300/0 3 ==== mon_map magic: 0 ==== 205+0+0 (secure 0 0 0) 0x7ff8d8011a20 con 0x7ff8e807eea0
2024-04-26T20:11:31.850 INFO:teuthology.orchestra.run.smithi082.stdout:/usr/bin/ceph: stderr
2024-04-26T20:11:30.853+0000 7ff8ed800700 1 -- 172.21.15.82:0/1739232229 >> [v2:172.21.15.82:3300/0,v1:172.21.15.82:6789/0] conn(0x7ff8e807eea0 msgr2=0x7ff8e807d300 secure :-1 s=STATE_CONNECTION_ESTABLISHED l=1).mark_down
2024-04-26T20:11:31.850 INFO:teuthology.orchestra.run.smithi082.stdout:/usr/bin/ceph: stderr
2024-04-26T20:11:30.853+0000 7ff8ed800700 1 --2- 172.21.15.82:0/1739232229 >> [v2:172.21.15.82:3300/0,v1:172.21.15.82:6789/0] conn(0x7ff8e807eea0 0x7ff8e807d300 secure :-1 s=READY pgs=49 cs=0 l=1 rev1=1 crypto rx=0x7ff8d80098a0 tx=0x7ff8d8009bb0 comp rx=0 tx=0).stop
2024-04-26T20:11:31.850 INFO:teuthology.orchestra.run.smithi082.stdout:/usr/bin/ceph: stderr
2024-04-26T20:11:30.854+0000 7ff8ed800700 1 -- 172.21.15.82:0/1739232229 shutdown_connections
2024-04-26T20:11:31.850 INFO:teuthology.orchestra.run.smithi082.stdout:/usr/bin/ceph: stderr
2024-04-26T20:11:30.854+0000 7ff8ed800700 1 --2- 172.21.15.82:0/1739232229 >> [v2:172.21.15.82:3300/0,v1:172.21.15.82:6789/0] conn(0x7ff8e807eea0 0x7ff8e807d300 unknown :-1 s=CLOSED pgs=49 cs=0 l=1 rev1=1 crypto rx=0 tx=0 comp rx=0 tx=0).stop
2024-04-26T20:11:31.850 INFO:teuthology.orchestra.run.smithi082.stdout:/usr/bin/ceph: stderr
2024-04-26T20:11:30.854+0000 7ff8ed800700 1 -- 172.21.15.82:0/1739232229 >> 172.21.15.82:0/1739232229 conn(0x7ff8e81042a0 msgr2=0x7ff8e81066c0 unknown :-1 s=STATE_NONE l=0).mark_down
2024-04-26T20:11:31.850 INFO:teuthology.orchestra.run.smithi082.stdout:/usr/bin/ceph: stderr
2024-04-26T20:11:30.854+0000 7ff8ed800700 1 -- 172.21.15.82:0/1739232229 shutdown_connections
2024-04-26T20:11:31.850 INFO:teuthology.orchestra.run.smithi082.stdout:/usr/bin/ceph: stderr
2024-04-26T20:11:30.854+0000 7ff8ed800700 1 -- 172.21.15.82:0/1739232229 wait complete.
2024-04-26T20:11:31.850 INFO:teuthology.orchestra.run.smithi082.stdout:/usr/bin/ceph: stderr
2024-04-26T20:11:30.855+0000 7ff8ed800700 1 Processor -- start
2024-04-26T20:11:31.850 INFO:teuthology.orchestra.run.smithi082.stdout:/usr/bin/ceph: stderr
2024-04-26T20:11:30.855+0000 7ff8ed800700 1 -- start start
2024-04-26T20:11:31.850 INFO:teuthology.orchestra.run.smithi082.stdout:/usr/bin/ceph: stderr
2024-04-26T20:11:30.855+0000 7ff8ed800700 1 --2- >> [v2:172.21.15.82:3300/0,v1:172.21.15.82:6789/0] conn(0x7ff8e807eea0 0x7ff8e819ed40 unknown :-1 s=NONE pgs=0 cs=0 l=1 rev1=0 crypto rx=0 tx=0 comp rx=0 tx=0).connect
2024-04-26T20:11:31.850 INFO:teuthology.orchestra.run.smithi082.stdout:/usr/bin/ceph: stderr
2024-04-26T20:11:30.855+0000 7ff8ed800700 1 -- --> [v2:172.21.15.82:3300/0,v1:172.21.15.82:6789/0] -- mon_getmap magic: 0 -- 0x7ff8e810f300 con 0x7ff8e807eea0
2024-04-26T20:11:31.851 INFO:teuthology.orchestra.run.smithi082.stdout:/usr/bin/ceph: stderr
2024-04-26T20:11:30.855+0000 7ff8e6a00700 1 --2- >> [v2:172.21.15.82:3300/0,v1:172.21.15.82:6789/0] conn(0x7ff8e807eea0 0x7ff8e819ed40 unknown :-1 s=BANNER_CONNECTING pgs=0 cs=0 l=1 rev1=0 crypto rx=0 tx=0 comp rx=0 tx=0)._handle_peer_banner_payload supported=3 required=0
2024-04-26T20:11:31.851 INFO:teuthology.orchestra.run.smithi082.stdout:/usr/bin/ceph: stderr
2024-04-26T20:11:30.855+0000 7ff8e6a00700 1 --2- >> [v2:172.21.15.82:3300/0,v1:172.21.15.82:6789/0] conn(0x7ff8e807eea0 0x7ff8e819ed40 unknown :-1 s=HELLO_CONNECTING pgs=0 cs=0 l=1 rev1=1 crypto rx=0 tx=0 comp rx=0 tx=0).handle_hello peer v2:172.21.15.82:3300/0 says I am v2:172.21.15.82:58618/0 (socket says 172.21.15.82:58618)
2024-04-26T20:11:31.851 INFO:teuthology.orchestra.run.smithi082.stdout:/usr/bin/ceph: stderr
2024-04-26T20:11:30.855+0000 7ff8e6a00700 1 -- 172.21.15.82:0/2549184002 learned_addr learned my addr 172.21.15.82:0/2549184002 (peer_addr_for_me v2:172.21.15.82:0/0)
2024-04-26T20:11:31.851 INFO:teuthology.orchestra.run.smithi082.stdout:/usr/bin/ceph: stderr
2024-04-26T20:11:30.856+0000 7ff8e6a00700 1 -- 172.21.15.82:0/2549184002 --> [v2:172.21.15.82:3300/0,v1:172.21.15.82:6789/0] -- mon_subscribe({config=0+,monmap=0+}) -- 0x7ff8e819f280 con 0x7ff8e807eea0
2024-04-26T20:11:31.851 INFO:teuthology.orchestra.run.smithi082.stdout:/usr/bin/ceph: stderr
2024-04-26T20:11:30.856+0000 7ff8e6a00700 1 --2- 172.21.15.82:0/2549184002 >> [v2:172.21.15.82:3300/0,v1:172.21.15.82:6789/0] conn(0x7ff8e807eea0 0x7ff8e819ed40 secure :-1 s=READY pgs=50 cs=0 l=1 rev1=1 crypto rx=0x7ff8d8000c00 tx=0x7ff8d8011aa0 comp rx=0 tx=0).ready entity=mon.0 client_cookie=0 server_cookie=0 in_seq=0 out_seq=0
2024-04-26T20:11:31.851 INFO:teuthology.orchestra.run.smithi082.stdout:/usr/bin/ceph: stderr
2024-04-26T20:11:30.856+0000 7ff8df400700 1 -- 172.21.15.82:0/2549184002 <== mon.0 v2:172.21.15.82:3300/0 1 ==== mon_map magic: 0 ==== 205+0+0 (secure 0 0 0) 0x7ff8d8003aa0 con 0x7ff8e807eea0
2024-04-26T20:11:31.851 INFO:teuthology.orchestra.run.smithi082.stdout:/usr/bin/ceph: stderr
2024-04-26T20:11:30.856+0000 7ff8df400700 1 -- 172.21.15.82:0/2549184002 <== mon.0 v2:172.21.15.82:3300/0 2 ==== config(26 keys) ==== 1101+0+0 (secure 0 0 0) 0x7ff8d801b8f0 con 0x7ff8e807eea0
2024-04-26T20:11:31.851 INFO:teuthology.orchestra.run.smithi082.stdout:/usr/bin/ceph: stderr
2024-04-26T20:11:30.856+0000 7ff8ed800700 1 -- 172.21.15.82:0/2549184002 --> [v2:172.21.15.82:3300/0,v1:172.21.15.82:6789/0] -- mon_subscribe({mgrmap=0+}) -- 0x7ff8e819f510 con 0x7ff8e807eea0
2024-04-26T20:11:31.851 INFO:teuthology.orchestra.run.smithi082.stdout:/usr/bin/ceph: stderr
2024-04-26T20:11:30.856+0000 7ff8df400700 1 -- 172.21.15.82:0/2549184002 <== mon.0 v2:172.21.15.82:3300/0 3 ==== mon_map magic: 0 ==== 205+0+0 (secure 0 0 0) 0x7ff8d8023870 con 0x7ff8e807eea0
2024-04-26T20:11:31.851 INFO:teuthology.orchestra.run.smithi082.stdout:/usr/bin/ceph: stderr
2024-04-26T20:11:30.856+0000 7ff8ed800700 1 -- 172.21.15.82:0/2549184002 --> [v2:172.21.15.82:3300/0,v1:172.21.15.82:6789/0] -- mon_subscribe({osdmap=0}) -- 0x7ff8e81a2200 con 0x7ff8e807eea0
2024-04-26T20:11:31.851 INFO:teuthology.orchestra.run.smithi082.stdout:/usr/bin/ceph: stderr
2024-04-26T20:11:30.858+0000 7ff8ed800700 1 -- 172.21.15.82:0/2549184002 --> [v2:172.21.15.82:3300/0,v1:172.21.15.82:6789/0] -- mon_command({"prefix": "get_command_descriptions"} v 0) -- 0x7ff8e8064a80 con 0x7ff8e807eea0
2024-04-26T20:11:31.851 INFO:teuthology.orchestra.run.smithi082.stdout:/usr/bin/ceph: stderr
2024-04-26T20:11:30.858+0000 7ff8df400700 1 -- 172.21.15.82:0/2549184002 <== mon.0 v2:172.21.15.82:3300/0 4 ==== mgrmap(e 8) ==== 46558+0+0 (secure 0 0 0) 0x7ff8d8023b70 con 0x7ff8e807eea0
2024-04-26T20:11:31.851 INFO:teuthology.orchestra.run.smithi082.stdout:/usr/bin/ceph: stderr
2024-04-26T20:11:30.859+0000 7ff8df400700 1 --2- 172.21.15.82:0/2549184002 >> [v2:172.21.15.82:6800/3159671154,v1:172.21.15.82:6801/3159671154] conn(0x7ff8cc0395b0 0x7ff8cc03ba70 unknown :-1 s=NONE pgs=0 cs=0 l=1 rev1=0 crypto rx=0 tx=0 comp rx=0 tx=0).connect
2024-04-26T20:11:31.851 INFO:teuthology.orchestra.run.smithi082.stdout:/usr/bin/ceph: stderr
2024-04-26T20:11:30.859+0000 7ff8df400700 1 -- 172.21.15.82:0/2549184002 <== mon.0 v2:172.21.15.82:3300/0 5 ==== osd_map(2..2 src has 1..2) ==== 940+0+0 (secure 0 0 0) 0x7ff8d804df20 con 0x7ff8e807eea0
2024-04-26T20:11:31.853 INFO:teuthology.orchestra.run.smithi082.stdout:/usr/bin/ceph: stderr
2024-04-26T20:11:30.859+0000 7ff8e6000700 1 --2- 172.21.15.82:0/2549184002 >> [v2:172.21.15.82:6800/3159671154,v1:172.21.15.82:6801/3159671154] conn(0x7ff8cc0395b0 0x7ff8cc03ba70 unknown :-1 s=BANNER_CONNECTING pgs=0 cs=0 l=1 rev1=0 crypto rx=0 tx=0 comp rx=0 tx=0)._handle_peer_banner_payload supported=3 required=0
2024-04-26T20:11:31.853 INFO:teuthology.orchestra.run.smithi082.stdout:/usr/bin/ceph: stderr
2024-04-26T20:11:30.860+0000 7ff8e6000700 1 --2- 172.21.15.82:0/2549184002 >> [v2:172.21.15.82:6800/3159671154,v1:172.21.15.82:6801/3159671154] conn(0x7ff8cc0395b0 0x7ff8cc03ba70 secure :-1 s=READY pgs=13 cs=0 l=1 rev1=1 crypto rx=0x7ff8d4006fd0 tx=0x7ff8d4006e40 comp rx=0 tx=0).ready entity=mgr.14120 client_cookie=0 server_cookie=0 in_seq=0 out_seq=0
2024-04-26T20:11:31.853 INFO:teuthology.orchestra.run.smithi082.stdout:/usr/bin/ceph: stderr
2024-04-26T20:11:30.864+0000 7ff8df400700 1 -- 172.21.15.82:0/2549184002 <== mon.0 v2:172.21.15.82:3300/0 6 ==== mon_command_ack([{"prefix": "get_command_descriptions"}]=0 v0) ==== 72+0+188494 (secure 0 0 0) 0x7ff8d801f030 con 0x7ff8e807eea0
2024-04-26T20:11:31.853 INFO:teuthology.orchestra.run.smithi082.stdout:/usr/bin/ceph: stderr
2024-04-26T20:11:31.108+0000 7ff8ed800700 1 -- 172.21.15.82:0/2549184002 --> [v2:172.21.15.82:6800/3159671154,v1:172.21.15.82:6801/3159671154] -- mgr_command(tid 0: {"prefix": "orch apply", "service_type": "mgr", "unmanaged": true, "target": ["mon-mgr", ""]}) -- 0x7ff8e81053d0 con 0x7ff8cc0395b0
2024-04-26T20:11:31.853 INFO:teuthology.orchestra.run.smithi082.stdout:/usr/bin/ceph: stderr
2024-04-26T20:11:31.119+0000 7ff8df400700 1 -- 172.21.15.82:0/2549184002 <== mgr.14120 v2:172.21.15.82:6800/3159671154 1 ==== mgr_command_reply(tid 0: 0 ) ==== 8+0+24 (secure 0 0 0) 0x7ff8e81053d0 con 0x7ff8cc0395b0
2024-04-26T20:11:31.853 INFO:teuthology.orchestra.run.smithi082.stdout:/usr/bin/ceph: stderr
2024-04-26T20:11:31.121+0000 7ff8ed800700 1 -- 172.21.15.82:0/2549184002 >> [v2:172.21.15.82:6800/3159671154,v1:172.21.15.82:6801/3159671154] conn(0x7ff8cc0395b0 msgr2=0x7ff8cc03ba70 secure :-1 s=STATE_CONNECTION_ESTABLISHED l=1).mark_down
2024-04-26T20:11:31.853 INFO:teuthology.orchestra.run.smithi082.stdout:/usr/bin/ceph: stderr
2024-04-26T20:11:31.121+0000 7ff8ed800700 1 --2- 172.21.15.82:0/2549184002 >> [v2:172.21.15.82:6800/3159671154,v1:172.21.15.82:6801/3159671154] conn(0x7ff8cc0395b0 0x7ff8cc03ba70 secure :-1 s=READY pgs=13 cs=0 l=1 rev1=1 crypto rx=0x7ff8d4006fd0 tx=0x7ff8d4006e40 comp rx=0 tx=0).stop
2024-04-26T20:11:31.853 INFO:teuthology.orchestra.run.smithi082.stdout:/usr/bin/ceph: stderr
2024-04-26T20:11:31.121+0000 7ff8ed800700 1 -- 172.21.15.82:0/2549184002 >> [v2:172.21.15.82:3300/0,v1:172.21.15.82:6789/0] conn(0x7ff8e807eea0 msgr2=0x7ff8e819ed40 secure :-1 s=STATE_CONNECTION_ESTABLISHED l=1).mark_down
2024-04-26T20:11:31.853 INFO:teuthology.orchestra.run.smithi082.stdout:/usr/bin/ceph: stderr
2024-04-26T20:11:31.121+0000 7ff8ed800700 1 --2- 172.21.15.82:0/2549184002 >> [v2:172.21.15.82:3300/0,v1:172.21.15.82:6789/0] conn(0x7ff8e807eea0 0x7ff8e819ed40 secure :-1 s=READY pgs=50 cs=0 l=1 rev1=1 crypto rx=0x7ff8d8000c00 tx=0x7ff8d8011aa0 comp rx=0 tx=0).stop
2024-04-26T20:11:31.853 INFO:teuthology.orchestra.run.smithi082.stdout:/usr/bin/ceph: stderr
2024-04-26T20:11:31.122+0000 7ff8ed800700 1 -- 172.21.15.82:0/2549184002 shutdown_connections
2024-04-26T20:11:31.853 INFO:teuthology.orchestra.run.smithi082.stdout:/usr/bin/ceph: stderr
2024-04-26T20:11:31.122+0000 7ff8ed800700 1 --2- 172.21.15.82:0/2549184002 >> [v2:172.21.15.82:6800/3159671154,v1:172.21.15.82:6801/3159671154] conn(0x7ff8cc0395b0 0x7ff8cc03ba70 unknown :-1 s=CLOSED pgs=13 cs=0 l=1 rev1=1 crypto rx=0 tx=0 comp rx=0 tx=0).stop
2024-04-26T20:11:31.854 INFO:teuthology.orchestra.run.smithi082.stdout:/usr/bin/ceph: stderr
2024-04-26T20:11:31.122+0000 7ff8ed800700 1 --2- 172.21.15.82:0/2549184002 >> [v2:172.21.15.82:3300/0,v1:172.21.15.82:6789/0] conn(0x7ff8e807eea0 0x7ff8e819ed40 unknown :-1 s=CLOSED pgs=50 cs=0 l=1 rev1=1 crypto rx=0 tx=0 comp rx=0 tx=0).stop
2024-04-26T20:11:31.854 INFO:teuthology.orchestra.run.smithi082.stdout:/usr/bin/ceph: stderr
2024-04-26T20:11:31.122+0000 7ff8ed800700 1 -- 172.21.15.82:0/2549184002 >> 172.21.15.82:0/2549184002 conn(0x7ff8e81042a0 msgr2=0x7ff8e8104cc0 unknown :-1 s=STATE_NONE l=0).mark_down
2024-04-26T20:11:31.854 INFO:teuthology.orchestra.run.smithi082.stdout:/usr/bin/ceph: stderr
2024-04-26T20:11:31.122+0000 7ff8ed800700 1 -- 172.21.15.82:0/2549184002 shutdown_connections
2024-04-26T20:11:31.854 INFO:teuthology.orchestra.run.smithi082.stdout:/usr/bin/ceph: stderr
2024-04-26T20:11:31.122+0000 7ff8ed800700 1 -- 172.21.15.82:0/2549184002 wait complete.
2024-04-26T20:11:33.553 INFO:teuthology.orchestra.run.smithi082.stdout:/usr/bin/ceph: stderr
2024-04-26T20:11:32.465+0000 7fe4a3800700 1 Processor -- start
2024-04-26T20:11:33.553 INFO:teuthology.orchestra.run.smithi082.stdout:/usr/bin/ceph: stderr
2024-04-26T20:11:32.465+0000 7fe4a3800700 1 -- start start
2024-04-26T20:11:33.553 INFO:teuthology.orchestra.run.smithi082.stdout:/usr/bin/ceph: stderr
2024-04-26T20:11:32.465+0000 7fe4a3800700 1 --2- >> [v2:172.21.15.82:3300/0,v1:172.21.15.82:6789/0] conn(0x7fe49c07ef00 0x7fe49c07d360 unknown :-1 s=NONE pgs=0 cs=0 l=0 rev1=0 crypto rx=0 tx=0 comp rx=0 tx=0).connect
2024-04-26T20:11:33.553 INFO:teuthology.orchestra.run.smithi082.stdout:/usr/bin/ceph: stderr
2024-04-26T20:11:32.465+0000 7fe4a3800700 1 -- --> [v2:172.21.15.82:3300/0,v1:172.21.15.82:6789/0] -- mon_getmap magic: 0 -- 0x7fe49c07d930 con 0x7fe49c07ef00
2024-04-26T20:11:33.553 INFO:teuthology.orchestra.run.smithi082.stdout:/usr/bin/ceph: stderr
2024-04-26T20:11:32.466+0000 7fe4a0e00700 1 --2- >> [v2:172.21.15.82:3300/0,v1:172.21.15.82:6789/0] conn(0x7fe49c07ef00 0x7fe49c07d360 unknown :-1 s=BANNER_CONNECTING pgs=0 cs=0 l=0 rev1=0 crypto rx=0 tx=0 comp rx=0 tx=0)._handle_peer_banner_payload supported=3 required=0
2024-04-26T20:11:33.553 INFO:teuthology.orchestra.run.smithi082.stdout:/usr/bin/ceph: stderr
2024-04-26T20:11:32.466+0000 7fe4a0e00700 1 --2- >> [v2:172.21.15.82:3300/0,v1:172.21.15.82:6789/0] conn(0x7fe49c07ef00 0x7fe49c07d360 unknown :-1 s=HELLO_CONNECTING pgs=0 cs=0 l=0 rev1=1 crypto rx=0 tx=0 comp rx=0 tx=0).handle_hello peer v2:172.21.15.82:3300/0 says I am v2:172.21.15.82:58634/0 (socket says 172.21.15.82:58634)
2024-04-26T20:11:33.553 INFO:teuthology.orchestra.run.smithi082.stdout:/usr/bin/ceph: stderr
2024-04-26T20:11:32.466+0000 7fe4a0e00700 1 -- 172.21.15.82:0/1736424725 learned_addr learned my addr 172.21.15.82:0/1736424725 (peer_addr_for_me v2:172.21.15.82:0/0)
2024-04-26T20:11:33.553 INFO:teuthology.orchestra.run.smithi082.stdout:/usr/bin/ceph: stderr
2024-04-26T20:11:32.466+0000 7fe4a0e00700 1 -- 172.21.15.82:0/1736424725 --> [v2:172.21.15.82:3300/0,v1:172.21.15.82:6789/0] -- mon_subscribe({config=0+,monmap=0+}) -- 0x7fe49c07dab0 con 0x7fe49c07ef00
2024-04-26T20:11:33.553 INFO:teuthology.orchestra.run.smithi082.stdout:/usr/bin/ceph: stderr
2024-04-26T20:11:32.467+0000 7fe4a0e00700 1 --2- 172.21.15.82:0/1736424725 >> [v2:172.21.15.82:3300/0,v1:172.21.15.82:6789/0] conn(0x7fe49c07ef00 0x7fe49c07d360 secure :-1 s=READY pgs=51 cs=0 l=1 rev1=1 crypto rx=0x7fe4900098a0 tx=0x7fe490009bb0 comp rx=0 tx=0).ready entity=mon.0 client_cookie=a6b6d033bd654195 server_cookie=0 in_seq=0 out_seq=0
2024-04-26T20:11:33.553 INFO:teuthology.orchestra.run.smithi082.stdout:/usr/bin/ceph: stderr
2024-04-26T20:11:32.467+0000 7fe49b400700 1 -- 172.21.15.82:0/1736424725 <== mon.0 v2:172.21.15.82:3300/0 1 ==== mon_map magic: 0 ==== 205+0+0 (secure 0 0 0) 0x7fe490004160 con 0x7fe49c07ef00
2024-04-26T20:11:33.553 INFO:teuthology.orchestra.run.smithi082.stdout:/usr/bin/ceph: stderr
2024-04-26T20:11:32.467+0000 7fe49b400700 1 -- 172.21.15.82:0/1736424725 <== mon.0 v2:172.21.15.82:3300/0 2 ==== config(26 keys) ==== 1101+0+0 (secure 0 0 0) 0x7fe490004300 con 0x7fe49c07ef00
2024-04-26T20:11:33.553 INFO:teuthology.orchestra.run.smithi082.stdout:/usr/bin/ceph: stderr
2024-04-26T20:11:32.467+0000 7fe49b400700 1 -- 172.21.15.82:0/1736424725 <== mon.0 v2:172.21.15.82:3300/0 3 ==== mon_map magic: 0 ==== 205+0+0 (secure 0 0 0) 0x7fe490011a20 con 0x7fe49c07ef00
2024-04-26T20:11:33.554 INFO:teuthology.orchestra.run.smithi082.stdout:/usr/bin/ceph: stderr
2024-04-26T20:11:32.468+0000 7fe4a3800700 1 -- 172.21.15.82:0/1736424725 >> [v2:172.21.15.82:3300/0,v1:172.21.15.82:6789/0] conn(0x7fe49c07ef00 msgr2=0x7fe49c07d360 secure :-1 s=STATE_CONNECTION_ESTABLISHED l=1).mark_down
2024-04-26T20:11:33.554 INFO:teuthology.orchestra.run.smithi082.stdout:/usr/bin/ceph: stderr
2024-04-26T20:11:32.468+0000 7fe4a3800700 1 --2- 172.21.15.82:0/1736424725 >> [v2:172.21.15.82:3300/0,v1:172.21.15.82:6789/0] conn(0x7fe49c07ef00 0x7fe49c07d360 secure :-1 s=READY pgs=51 cs=0 l=1 rev1=1 crypto rx=0x7fe4900098a0 tx=0x7fe490009bb0 comp rx=0 tx=0).stop
2024-04-26T20:11:33.554 INFO:teuthology.orchestra.run.smithi082.stdout:/usr/bin/ceph: stderr
2024-04-26T20:11:32.468+0000 7fe4a3800700 1 -- 172.21.15.82:0/1736424725 shutdown_connections
2024-04-26T20:11:33.554 INFO:teuthology.orchestra.run.smithi082.stdout:/usr/bin/ceph: stderr
2024-04-26T20:11:32.468+0000 7fe4a3800700 1 --2- 172.21.15.82:0/1736424725 >> [v2:172.21.15.82:3300/0,v1:172.21.15.82:6789/0] conn(0x7fe49c07ef00 0x7fe49c07d360 unknown :-1 s=CLOSED pgs=51 cs=0 l=1 rev1=1 crypto rx=0 tx=0 comp rx=0 tx=0).stop
2024-04-26T20:11:33.554 INFO:teuthology.orchestra.run.smithi082.stdout:/usr/bin/ceph: stderr
2024-04-26T20:11:32.468+0000 7fe4a3800700 1 -- 172.21.15.82:0/1736424725 >> 172.21.15.82:0/1736424725 conn(0x7fe49c1042a0 msgr2=0x7fe49c1066c0 unknown :-1 s=STATE_NONE l=0).mark_down
2024-04-26T20:11:33.554 INFO:teuthology.orchestra.run.smithi082.stdout:/usr/bin/ceph: stderr
2024-04-26T20:11:32.468+0000 7fe4a3800700 1 -- 172.21.15.82:0/1736424725 shutdown_connections
2024-04-26T20:11:33.554 INFO:teuthology.orchestra.run.smithi082.stdout:/usr/bin/ceph: stderr
2024-04-26T20:11:32.468+0000 7fe4a3800700 1 -- 172.21.15.82:0/1736424725 wait complete.
2024-04-26T20:11:33.554 INFO:teuthology.orchestra.run.smithi082.stdout:/usr/bin/ceph: stderr
2024-04-26T20:11:32.469+0000 7fe4a3800700 1 Processor -- start
2024-04-26T20:11:33.554 INFO:teuthology.orchestra.run.smithi082.stdout:/usr/bin/ceph: stderr
2024-04-26T20:11:32.469+0000 7fe4a3800700 1 -- start start
2024-04-26T20:11:33.554 INFO:teuthology.orchestra.run.smithi082.stdout:/usr/bin/ceph: stderr
2024-04-26T20:11:32.469+0000 7fe4a3800700 1 --2- >> [v2:172.21.15.82:3300/0,v1:172.21.15.82:6789/0] conn(0x7fe49c07ef00 0x7fe49c1a31b0 unknown :-1 s=NONE pgs=0 cs=0 l=1 rev1=0 crypto rx=0 tx=0 comp rx=0 tx=0).connect
2024-04-26T20:11:33.554 INFO:teuthology.orchestra.run.smithi082.stdout:/usr/bin/ceph: stderr
2024-04-26T20:11:32.469+0000 7fe4a3800700 1 -- --> [v2:172.21.15.82:3300/0,v1:172.21.15.82:6789/0] -- mon_getmap magic: 0 -- 0x7fe49c10aee0 con 0x7fe49c07ef00
2024-04-26T20:11:33.554 INFO:teuthology.orchestra.run.smithi082.stdout:/usr/bin/ceph: stderr
2024-04-26T20:11:32.470+0000 7fe4a0e00700 1 --2- >> [v2:172.21.15.82:3300/0,v1:172.21.15.82:6789/0] conn(0x7fe49c07ef00 0x7fe49c1a31b0 unknown :-1 s=BANNER_CONNECTING pgs=0 cs=0 l=1 rev1=0 crypto rx=0 tx=0 comp rx=0 tx=0)._handle_peer_banner_payload supported=3 required=0
2024-04-26T20:11:33.554 INFO:teuthology.orchestra.run.smithi082.stdout:/usr/bin/ceph: stderr
2024-04-26T20:11:32.470+0000 7fe4a0e00700 1 --2- >> [v2:172.21.15.82:3300/0,v1:172.21.15.82:6789/0] conn(0x7fe49c07ef00 0x7fe49c1a31b0 unknown :-1 s=HELLO_CONNECTING pgs=0 cs=0 l=1 rev1=1 crypto rx=0 tx=0 comp rx=0 tx=0).handle_hello peer v2:172.21.15.82:3300/0 says I am v2:172.21.15.82:58646/0 (socket says 172.21.15.82:58646)
2024-04-26T20:11:33.555 INFO:teuthology.orchestra.run.smithi082.stdout:/usr/bin/ceph: stderr
2024-04-26T20:11:32.470+0000 7fe4a0e00700 1 -- 172.21.15.82:0/622418774 learned_addr learned my addr 172.21.15.82:0/622418774 (peer_addr_for_me v2:172.21.15.82:0/0)
2024-04-26T20:11:33.555 INFO:teuthology.orchestra.run.smithi082.stdout:/usr/bin/ceph: stderr
2024-04-26T20:11:32.470+0000 7fe4a0e00700 1 -- 172.21.15.82:0/622418774 --> [v2:172.21.15.82:3300/0,v1:172.21.15.82:6789/0] -- mon_subscribe({config=0+,monmap=0+}) -- 0x7fe49c1a36f0 con 0x7fe49c07ef00
2024-04-26T20:11:33.555 INFO:teuthology.orchestra.run.smithi082.stdout:/usr/bin/ceph: stderr
2024-04-26T20:11:32.470+0000 7fe4a0e00700 1 --2- 172.21.15.82:0/622418774 >> [v2:172.21.15.82:3300/0,v1:172.21.15.82:6789/0] conn(0x7fe49c07ef00 0x7fe49c1a31b0 secure :-1 s=READY pgs=52 cs=0 l=1 rev1=1 crypto rx=0x7fe490009520 tx=0x7fe490011aa0 comp rx=0 tx=0).ready entity=mon.0 client_cookie=0 server_cookie=0 in_seq=0 out_seq=0
2024-04-26T20:11:33.555 INFO:teuthology.orchestra.run.smithi082.stdout:/usr/bin/ceph: stderr
2024-04-26T20:11:32.471+0000 7fe499600700 1 -- 172.21.15.82:0/622418774 <== mon.0 v2:172.21.15.82:3300/0 1 ==== mon_map magic: 0 ==== 205+0+0 (secure 0 0 0) 0x7fe490003af0 con 0x7fe49c07ef00
2024-04-26T20:11:33.555 INFO:teuthology.orchestra.run.smithi082.stdout:/usr/bin/ceph: stderr
2024-04-26T20:11:32.471+0000 7fe499600700 1 -- 172.21.15.82:0/622418774 <== mon.0 v2:172.21.15.82:3300/0 2 ==== config(26 keys) ==== 1101+0+0 (secure 0 0 0) 0x7fe49001a8e0 con 0x7fe49c07ef00
2024-04-26T20:11:33.555 INFO:teuthology.orchestra.run.smithi082.stdout:/usr/bin/ceph: stderr
2024-04-26T20:11:32.471+0000 7fe499600700 1 -- 172.21.15.82:0/622418774 <== mon.0 v2:172.21.15.82:3300/0 3 ==== mon_map magic: 0 ==== 205+0+0 (secure 0 0 0) 0x7fe4900247a0 con 0x7fe49c07ef00
2024-04-26T20:11:33.555 INFO:teuthology.orchestra.run.smithi082.stdout:/usr/bin/ceph: stderr
2024-04-26T20:11:32.471+0000 7fe4a3800700 1 -- 172.21.15.82:0/622418774 --> [v2:172.21.15.82:3300/0,v1:172.21.15.82:6789/0] -- mon_subscribe({mgrmap=0+}) -- 0x7fe49c1a3980 con 0x7fe49c07ef00
2024-04-26T20:11:33.555 INFO:teuthology.orchestra.run.smithi082.stdout:/usr/bin/ceph: stderr
2024-04-26T20:11:32.471+0000 7fe4a3800700 1 -- 172.21.15.82:0/622418774 --> [v2:172.21.15.82:3300/0,v1:172.21.15.82:6789/0] -- mon_subscribe({osdmap=0}) -- 0x7fe49c1a6670 con 0x7fe49c07ef00
2024-04-26T20:11:33.555 INFO:teuthology.orchestra.run.smithi082.stdout:/usr/bin/ceph: stderr
2024-04-26T20:11:32.472+0000 7fe499600700 1 -- 172.21.15.82:0/622418774 <== mon.0 v2:172.21.15.82:3300/0 4 ==== mgrmap(e 8) ==== 46558+0+0 (secure 0 0 0) 0x7fe490022020 con 0x7fe49c07ef00
2024-04-26T20:11:33.555 INFO:teuthology.orchestra.run.smithi082.stdout:/usr/bin/ceph: stderr
2024-04-26T20:11:32.472+0000 7fe4a3800700 1 -- 172.21.15.82:0/622418774 --> [v2:172.21.15.82:3300/0,v1:172.21.15.82:6789/0] -- mon_command({"prefix": "get_command_descriptions"} v 0) -- 0x7fe49c064a80 con 0x7fe49c07ef00
2024-04-26T20:11:33.555 INFO:teuthology.orchestra.run.smithi082.stdout:/usr/bin/ceph: stderr
2024-04-26T20:11:32.473+0000 7fe499600700 1 --2- 172.21.15.82:0/622418774 >> [v2:172.21.15.82:6800/3159671154,v1:172.21.15.82:6801/3159671154] conn(0x7fe484039600 0x7fe48403bac0 unknown :-1 s=NONE pgs=0 cs=0 l=1 rev1=0 crypto rx=0 tx=0 comp rx=0 tx=0).connect
2024-04-26T20:11:33.555 INFO:teuthology.orchestra.run.smithi082.stdout:/usr/bin/ceph: stderr
2024-04-26T20:11:32.473+0000 7fe499600700 1 -- 172.21.15.82:0/622418774 <== mon.0 v2:172.21.15.82:3300/0 5 ==== osd_map(2..2 src has 1..2) ==== 940+0+0 (secure 0 0 0) 0x7fe49004d970 con 0x7fe49c07ef00
2024-04-26T20:11:33.555 INFO:teuthology.orchestra.run.smithi082.stdout:/usr/bin/ceph: stderr
2024-04-26T20:11:32.473+0000 7fe49be00700 1 --2- 172.21.15.82:0/622418774 >> [v2:172.21.15.82:6800/3159671154,v1:172.21.15.82:6801/3159671154] conn(0x7fe484039600 0x7fe48403bac0 unknown :-1 s=BANNER_CONNECTING pgs=0 cs=0 l=1 rev1=0 crypto rx=0 tx=0 comp rx=0 tx=0)._handle_peer_banner_payload supported=3 required=0
2024-04-26T20:11:33.556 INFO:teuthology.orchestra.run.smithi082.stdout:/usr/bin/ceph: stderr
2024-04-26T20:11:32.474+0000 7fe49be00700 1 --2- 172.21.15.82:0/622418774 >> [v2:172.21.15.82:6800/3159671154,v1:172.21.15.82:6801/3159671154] conn(0x7fe484039600 0x7fe48403bac0 secure :-1 s=READY pgs=14 cs=0 l=1 rev1=1 crypto rx=0x7fe488006fd0 tx=0x7fe488006e40 comp rx=0 tx=0).ready entity=mgr.14120 client_cookie=0 server_cookie=0 in_seq=0 out_seq=0
2024-04-26T20:11:33.556 INFO:teuthology.orchestra.run.smithi082.stdout:/usr/bin/ceph: stderr
2024-04-26T20:11:32.478+0000 7fe499600700 1 -- 172.21.15.82:0/622418774 <== mon.0 v2:172.21.15.82:3300/0 6 ==== mon_command_ack([{"prefix": "get_command_descriptions"}]=0 v0) ==== 72+0+188494 (secure 0 0 0) 0x7fe49002dde0 con 0x7fe49c07ef00
2024-04-26T20:11:33.556 INFO:teuthology.orchestra.run.smithi082.stdout:/usr/bin/ceph: stderr
2024-04-26T20:11:32.731+0000 7fe4a3800700 1 -- 172.21.15.82:0/622418774 --> [v2:172.21.15.82:3300/0,v1:172.21.15.82:6789/0] -- mon_command([{prefix=config set, name=mgr/cephadm/container_init}] v 0) -- 0x7fe49c02e720 con 0x7fe49c07ef00
2024-04-26T20:11:33.556 INFO:teuthology.orchestra.run.smithi082.stdout:/usr/bin/ceph: stderr
2024-04-26T20:11:32.734+0000 7fe499600700 1 -- 172.21.15.82:0/622418774 <== mon.0 v2:172.21.15.82:3300/0 7 ==== mon_command_ack([{prefix=config set, name=mgr/cephadm/container_init}]=0 v7)=0 v7) ==== 142+0+0 (secure 0 0 0) 0x7fe49004d2c0 con 0x7fe49c07ef00
2024-04-26T20:11:33.556 INFO:teuthology.orchestra.run.smithi082.stdout:/usr/bin/ceph: stderr
2024-04-26T20:11:32.738+0000 7fe4a3800700 1 -- 172.21.15.82:0/622418774 >> [v2:172.21.15.82:6800/3159671154,v1:172.21.15.82:6801/3159671154] conn(0x7fe484039600 msgr2=0x7fe48403bac0 secure :-1 s=STATE_CONNECTION_ESTABLISHED l=1).mark_down
2024-04-26T20:11:33.556 INFO:teuthology.orchestra.run.smithi082.stdout:/usr/bin/ceph: stderr
2024-04-26T20:11:32.738+0000 7fe4a3800700 1 --2- 172.21.15.82:0/622418774 >> [v2:172.21.15.82:6800/3159671154,v1:172.21.15.82:6801/3159671154] conn(0x7fe484039600 0x7fe48403bac0 secure :-1 s=READY pgs=14 cs=0 l=1 rev1=1 crypto rx=0x7fe488006fd0 tx=0x7fe488006e40 comp rx=0 tx=0).stop
2024-04-26T20:11:33.556 INFO:teuthology.orchestra.run.smithi082.stdout:/usr/bin/ceph: stderr
2024-04-26T20:11:32.738+0000 7fe4a3800700 1 -- 172.21.15.82:0/622418774 >> [v2:172.21.15.82:3300/0,v1:172.21.15.82:6789/0] conn(0x7fe49c07ef00 msgr2=0x7fe49c1a31b0 secure :-1 s=STATE_CONNECTION_ESTABLISHED l=1).mark_down
2024-04-26T20:11:33.556 INFO:teuthology.orchestra.run.smithi082.stdout:/usr/bin/ceph: stderr
2024-04-26T20:11:32.738+0000 7fe4a3800700 1 --2- 172.21.15.82:0/622418774 >> [v2:172.21.15.82:3300/0,v1:172.21.15.82:6789/0] conn(0x7fe49c07ef00 0x7fe49c1a31b0 secure :-1 s=READY pgs=52 cs=0 l=1 rev1=1 crypto rx=0x7fe490009520 tx=0x7fe490011aa0 comp rx=0 tx=0).stop
2024-04-26T20:11:33.556 INFO:teuthology.orchestra.run.smithi082.stdout:/usr/bin/ceph: stderr
2024-04-26T20:11:32.738+0000 7fe4a3800700 1 -- 172.21.15.82:0/622418774 shutdown_connections
2024-04-26T20:11:33.556 INFO:teuthology.orchestra.run.smithi082.stdout:/usr/bin/ceph: stderr
2024-04-26T20:11:32.738+0000 7fe4a3800700 1 --2- 172.21.15.82:0/622418774 >> [v2:172.21.15.82:6800/3159671154,v1:172.21.15.82:6801/3159671154] conn(0x7fe484039600 0x7fe48403bac0 unknown :-1 s=CLOSED pgs=14 cs=0 l=1 rev1=1 crypto rx=0 tx=0 comp rx=0 tx=0).stop
2024-04-26T20:11:33.556 INFO:teuthology.orchestra.run.smithi082.stdout:/usr/bin/ceph: stderr
2024-04-26T20:11:32.738+0000 7fe4a3800700 1 --2- 172.21.15.82:0/622418774 >> [v2:172.21.15.82:3300/0,v1:172.21.15.82:6789/0] conn(0x7fe49c07ef00 0x7fe49c1a31b0 unknown :-1 s=CLOSED pgs=52 cs=0 l=1 rev1=1 crypto rx=0 tx=0 comp rx=0 tx=0).stop
2024-04-26T20:11:33.556 INFO:teuthology.orchestra.run.smithi082.stdout:/usr/bin/ceph: stderr
2024-04-26T20:11:32.738+0000 7fe4a3800700 1 -- 172.21.15.82:0/622418774 >> 172.21.15.82:0/622418774 conn(0x7fe49c1042a0 msgr2=0x7fe49c106690 unknown :-1 s=STATE_NONE l=0).mark_down
2024-04-26T20:11:33.556 INFO:teuthology.orchestra.run.smithi082.stdout:/usr/bin/ceph: stderr
2024-04-26T20:11:32.738+0000 7fe4a3800700 1 -- 172.21.15.82:0/622418774 shutdown_connections
2024-04-26T20:11:33.556 INFO:teuthology.orchestra.run.smithi082.stdout:/usr/bin/ceph: stderr
2024-04-26T20:11:32.738+0000 7fe4a3800700 1 -- 172.21.15.82:0/622418774 wait complete.
2024-04-26T20:11:33.846 INFO:journalctl@ceph.mon.a.smithi082.stdout:Apr 26 20:11:33 smithi082 ceph-mon[28105]: from='client.? 172.21.15.82:0/622418774' entity='client.admin'
2024-04-26T20:11:33.847 INFO:journalctl@ceph.mon.a.smithi082.stdout:Apr 26 20:11:33 smithi082 ceph-mon[28105]: pgmap v4: 0 pgs: ; 0 B data, 0 B used, 0 B / 0 B avail
2024-04-26T20:11:35.634 INFO:teuthology.orchestra.run.smithi082.stdout:/usr/bin/ceph: stderr
2024-04-26T20:11:34.637+0000 7f15dc600700 1 Processor -- start
2024-04-26T20:11:35.634 INFO:teuthology.orchestra.run.smithi082.stdout:/usr/bin/ceph: stderr
2024-04-26T20:11:34.637+0000 7f15dc600700 1 -- start start
2024-04-26T20:11:35.635 INFO:teuthology.orchestra.run.smithi082.stdout:/usr/bin/ceph: stderr
2024-04-26T20:11:34.637+0000 7f15dc600700 1 --2- >> [v2:172.21.15.82:3300/0,v1:172.21.15.82:6789/0] conn(0x7f15d4108d10 0x7f15d4109130 unknown :-1 s=NONE pgs=0 cs=0 l=0 rev1=0 crypto rx=0 tx=0 comp rx=0 tx=0).connect
2024-04-26T20:11:35.635 INFO:teuthology.orchestra.run.smithi082.stdout:/usr/bin/ceph: stderr
2024-04-26T20:11:34.637+0000 7f15dc600700 1 -- --> [v2:172.21.15.82:3300/0,v1:172.21.15.82:6789/0] -- mon_getmap magic: 0 -- 0x7f15d4109700 con 0x7f15d4108d10
2024-04-26T20:11:35.635 INFO:teuthology.orchestra.run.smithi082.stdout:/usr/bin/ceph: stderr
2024-04-26T20:11:34.638+0000 7f15d9c00700 1 --2- >> [v2:172.21.15.82:3300/0,v1:172.21.15.82:6789/0] conn(0x7f15d4108d10 0x7f15d4109130 unknown :-1 s=BANNER_CONNECTING pgs=0 cs=0 l=0 rev1=0 crypto rx=0 tx=0 comp rx=0 tx=0)._handle_peer_banner_payload supported=3 required=0
2024-04-26T20:11:35.635 INFO:teuthology.orchestra.run.smithi082.stdout:/usr/bin/ceph: stderr
2024-04-26T20:11:34.638+0000 7f15d9c00700 1 --2- >> [v2:172.21.15.82:3300/0,v1:172.21.15.82:6789/0] conn(0x7f15d4108d10 0x7f15d4109130 unknown :-1 s=HELLO_CONNECTING pgs=0 cs=0 l=0 rev1=1 crypto rx=0 tx=0 comp rx=0 tx=0).handle_hello peer v2:172.21.15.82:3300/0 says I am v2:172.21.15.82:58650/0 (socket says 172.21.15.82:58650)
2024-04-26T20:11:35.635 INFO:teuthology.orchestra.run.smithi082.stdout:/usr/bin/ceph: stderr
2024-04-26T20:11:34.638+0000 7f15d9c00700 1 -- 172.21.15.82:0/4174639867 learned_addr learned my addr 172.21.15.82:0/4174639867 (peer_addr_for_me v2:172.21.15.82:0/0)
2024-04-26T20:11:35.635 INFO:teuthology.orchestra.run.smithi082.stdout:/usr/bin/ceph: stderr
2024-04-26T20:11:34.638+0000 7f15d9c00700 1 -- 172.21.15.82:0/4174639867 --> [v2:172.21.15.82:3300/0,v1:172.21.15.82:6789/0] -- mon_subscribe({config=0+,monmap=0+}) -- 0x7f15d4109f10 con 0x7f15d4108d10
2024-04-26T20:11:35.635 INFO:teuthology.orchestra.run.smithi082.stdout:/usr/bin/ceph: stderr
2024-04-26T20:11:34.639+0000 7f15d9c00700 1 --2- 172.21.15.82:0/4174639867 >> [v2:172.21.15.82:3300/0,v1:172.21.15.82:6789/0] conn(0x7f15d4108d10 0x7f15d4109130 secure :-1 s=READY pgs=53 cs=0 l=1 rev1=1 crypto rx=0x7f15c80098a0 tx=0x7f15c8009bb0 comp rx=0 tx=0).ready entity=mon.0 client_cookie=111e2e4de46b9fc2 server_cookie=0 in_seq=0 out_seq=0
2024-04-26T20:11:35.635 INFO:teuthology.orchestra.run.smithi082.stdout:/usr/bin/ceph: stderr
2024-04-26T20:11:34.639+0000 7f15d3e00700 1 -- 172.21.15.82:0/4174639867 <== mon.0 v2:172.21.15.82:3300/0 1 ==== mon_map magic: 0 ==== 205+0+0 (secure 0 0 0) 0x7f15c8004160 con 0x7f15d4108d10
2024-04-26T20:11:35.640 INFO:teuthology.orchestra.run.smithi082.stdout:/usr/bin/ceph: stderr
2024-04-26T20:11:34.639+0000 7f15d3e00700 1 -- 172.21.15.82:0/4174639867 <== mon.0 v2:172.21.15.82:3300/0 2 ==== config(26 keys) ==== 1101+0+0 (secure 0 0 0) 0x7f15c8004300 con 0x7f15d4108d10
2024-04-26T20:11:35.640 INFO:teuthology.orchestra.run.smithi082.stdout:/usr/bin/ceph: stderr
2024-04-26T20:11:34.639+0000 7f15d3e00700 1 -- 172.21.15.82:0/4174639867 <== mon.0 v2:172.21.15.82:3300/0 3 ==== mon_map magic: 0 ==== 205+0+0 (secure 0 0 0) 0x7f15c8011a20 con 0x7f15d4108d10
2024-04-26T20:11:35.640 INFO:teuthology.orchestra.run.smithi082.stdout:/usr/bin/ceph: stderr
2024-04-26T20:11:34.640+0000 7f15dc600700 1 -- 172.21.15.82:0/4174639867 >> [v2:172.21.15.82:3300/0,v1:172.21.15.82:6789/0] conn(0x7f15d4108d10 msgr2=0x7f15d4109130 secure :-1 s=STATE_CONNECTION_ESTABLISHED l=1).mark_down
2024-04-26T20:11:35.640 INFO:teuthology.orchestra.run.smithi082.stdout:/usr/bin/ceph: stderr
2024-04-26T20:11:34.640+0000 7f15dc600700 1 --2- 172.21.15.82:0/4174639867 >> [v2:172.21.15.82:3300/0,v1:172.21.15.82:6789/0] conn(0x7f15d4108d10 0x7f15d4109130 secure :-1 s=READY pgs=53 cs=0 l=1 rev1=1 crypto rx=0x7f15c80098a0 tx=0x7f15c8009bb0 comp rx=0 tx=0).stop
2024-04-26T20:11:35.640 INFO:teuthology.orchestra.run.smithi082.stdout:/usr/bin/ceph: stderr
2024-04-26T20:11:34.640+0000 7f15dc600700 1 -- 172.21.15.82:0/4174639867 shutdown_connections
2024-04-26T20:11:35.640 INFO:teuthology.orchestra.run.smithi082.stdout:/usr/bin/ceph: stderr
2024-04-26T20:11:34.640+0000 7f15dc600700 1 --2- 172.21.15.82:0/4174639867 >> [v2:172.21.15.82:3300/0,v1:172.21.15.82:6789/0] conn(0x7f15d4108d10 0x7f15d4109130 unknown :-1 s=CLOSED pgs=53 cs=0 l=1 rev1=1 crypto rx=0 tx=0 comp rx=0 tx=0).stop
2024-04-26T20:11:35.640 INFO:teuthology.orchestra.run.smithi082.stdout:/usr/bin/ceph: stderr
2024-04-26T20:11:34.640+0000 7f15dc600700 1 -- 172.21.15.82:0/4174639867 >> 172.21.15.82:0/4174639867 conn(0x7f15d41042f0 msgr2=0x7f15d4106710 unknown :-1 s=STATE_NONE l=0).mark_down
2024-04-26T20:11:35.641 INFO:teuthology.orchestra.run.smithi082.stdout:/usr/bin/ceph: stderr
2024-04-26T20:11:34.640+0000 7f15dc600700 1 -- 172.21.15.82:0/4174639867 shutdown_connections
2024-04-26T20:11:35.641 INFO:teuthology.orchestra.run.smithi082.stdout:/usr/bin/ceph: stderr
2024-04-26T20:11:34.640+0000 7f15dc600700 1 -- 172.21.15.82:0/4174639867 wait complete.
2024-04-26T20:11:35.641 INFO:teuthology.orchestra.run.smithi082.stdout:/usr/bin/ceph: stderr
2024-04-26T20:11:34.641+0000 7f15dc600700 1 Processor -- start
2024-04-26T20:11:35.641 INFO:teuthology.orchestra.run.smithi082.stdout:/usr/bin/ceph: stderr
2024-04-26T20:11:34.641+0000 7f15dc600700 1 -- start start
2024-04-26T20:11:35.641 INFO:teuthology.orchestra.run.smithi082.stdout:/usr/bin/ceph: stderr
2024-04-26T20:11:34.642+0000 7f15dc600700 1 --2- >> [v2:172.21.15.82:3300/0,v1:172.21.15.82:6789/0] conn(0x7f15d4108d10 0x7f15d419cca0 unknown :-1 s=NONE pgs=0 cs=0 l=1 rev1=0 crypto rx=0 tx=0 comp rx=0 tx=0).connect
2024-04-26T20:11:35.641 INFO:teuthology.orchestra.run.smithi082.stdout:/usr/bin/ceph: stderr
2024-04-26T20:11:34.642+0000 7f15dc600700 1 -- --> [v2:172.21.15.82:3300/0,v1:172.21.15.82:6789/0] -- mon_getmap magic: 0 -- 0x7f15d410d2c0 con 0x7f15d4108d10
2024-04-26T20:11:35.641 INFO:teuthology.orchestra.run.smithi082.stdout:/usr/bin/ceph: stderr
2024-04-26T20:11:34.642+0000 7f15d9c00700 1 --2- >> [v2:172.21.15.82:3300/0,v1:172.21.15.82:6789/0] conn(0x7f15d4108d10 0x7f15d419cca0 unknown :-1 s=BANNER_CONNECTING pgs=0 cs=0 l=1 rev1=0 crypto rx=0 tx=0 comp rx=0 tx=0)._handle_peer_banner_payload supported=3 required=0
2024-04-26T20:11:35.641 INFO:teuthology.orchestra.run.smithi082.stdout:/usr/bin/ceph: stderr
2024-04-26T20:11:34.642+0000 7f15d9c00700 1 --2- >> [v2:172.21.15.82:3300/0,v1:172.21.15.82:6789/0] conn(0x7f15d4108d10 0x7f15d419cca0 unknown :-1 s=HELLO_CONNECTING pgs=0 cs=0 l=1 rev1=1 crypto rx=0 tx=0 comp rx=0 tx=0).handle_hello peer v2:172.21.15.82:3300/0 says I am v2:172.21.15.82:58662/0 (socket says 172.21.15.82:58662)
2024-04-26T20:11:35.641 INFO:teuthology.orchestra.run.smithi082.stdout:/usr/bin/ceph: stderr
2024-04-26T20:11:34.642+0000 7f15d9c00700 1 -- 172.21.15.82:0/865274590 learned_addr learned my addr 172.21.15.82:0/865274590 (peer_addr_for_me v2:172.21.15.82:0/0)
2024-04-26T20:11:35.641 INFO:teuthology.orchestra.run.smithi082.stdout:/usr/bin/ceph: stderr
2024-04-26T20:11:34.642+0000 7f15d9c00700 1 -- 172.21.15.82:0/865274590 --> [v2:172.21.15.82:3300/0,v1:172.21.15.82:6789/0] -- mon_subscribe({config=0+,monmap=0+}) -- 0x7f15d419d1e0 con 0x7f15d4108d10
2024-04-26T20:11:35.641 INFO:teuthology.orchestra.run.smithi082.stdout:/usr/bin/ceph: stderr
2024-04-26T20:11:34.643+0000 7f15d9c00700 1 --2- 172.21.15.82:0/865274590 >> [v2:172.21.15.82:3300/0,v1:172.21.15.82:6789/0] conn(0x7f15d4108d10 0x7f15d419cca0 secure :-1 s=READY pgs=54 cs=0 l=1 rev1=1 crypto rx=0x7f15c8000c00 tx=0x7f15c8011aa0 comp rx=0 tx=0).ready entity=mon.0 client_cookie=0 server_cookie=0 in_seq=0 out_seq=0
2024-04-26T20:11:35.641 INFO:teuthology.orchestra.run.smithi082.stdout:/usr/bin/ceph: stderr
2024-04-26T20:11:34.643+0000 7f15d2000700 1 -- 172.21.15.82:0/865274590 <== mon.0 v2:172.21.15.82:3300/0 1 ==== mon_map magic: 0 ==== 205+0+0 (secure 0 0 0) 0x7f15c8003aa0 con 0x7f15d4108d10
2024-04-26T20:11:35.642 INFO:teuthology.orchestra.run.smithi082.stdout:/usr/bin/ceph: stderr
2024-04-26T20:11:34.643+0000 7f15d2000700 1 -- 172.21.15.82:0/865274590 <== mon.0 v2:172.21.15.82:3300/0 2 ==== config(26 keys) ==== 1101+0+0 (secure 0 0 0) 0x7f15c801b8f0 con 0x7f15d4108d10
2024-04-26T20:11:35.642 INFO:teuthology.orchestra.run.smithi082.stdout:/usr/bin/ceph: stderr
2024-04-26T20:11:34.643+0000 7f15dc600700 1 -- 172.21.15.82:0/865274590 --> [v2:172.21.15.82:3300/0,v1:172.21.15.82:6789/0] -- mon_subscribe({mgrmap=0+}) -- 0x7f15d419d470 con 0x7f15d4108d10
2024-04-26T20:11:35.642 INFO:teuthology.orchestra.run.smithi082.stdout:/usr/bin/ceph: stderr
2024-04-26T20:11:34.643+0000 7f15d2000700 1 -- 172.21.15.82:0/865274590 <== mon.0 v2:172.21.15.82:3300/0 3 ==== mon_map magic: 0 ==== 205+0+0 (secure 0 0 0) 0x7f15c8023890 con 0x7f15d4108d10
2024-04-26T20:11:35.642 INFO:teuthology.orchestra.run.smithi082.stdout:/usr/bin/ceph: stderr
2024-04-26T20:11:34.643+0000 7f15dc600700 1 -- 172.21.15.82:0/865274590 --> [v2:172.21.15.82:3300/0,v1:172.21.15.82:6789/0] -- mon_subscribe({osdmap=0}) -- 0x7f15d41a0110 con 0x7f15d4108d10
2024-04-26T20:11:35.642 INFO:teuthology.orchestra.run.smithi082.stdout:/usr/bin/ceph: stderr
2024-04-26T20:11:34.644+0000 7f15d2000700 1 -- 172.21.15.82:0/865274590 <== mon.0 v2:172.21.15.82:3300/0 4 ==== mgrmap(e 8) ==== 46558+0+0 (secure 0 0 0) 0x7f15c801b440 con 0x7f15d4108d10
2024-04-26T20:11:35.642 INFO:teuthology.orchestra.run.smithi082.stdout:/usr/bin/ceph: stderr
2024-04-26T20:11:34.645+0000 7f15d2000700 1 --2- 172.21.15.82:0/865274590 >> [v2:172.21.15.82:6800/3159671154,v1:172.21.15.82:6801/3159671154] conn(0x7f15bc039600 0x7f15bc03bac0 unknown :-1 s=NONE pgs=0 cs=0 l=1 rev1=0 crypto rx=0 tx=0 comp rx=0 tx=0).connect
2024-04-26T20:11:35.642 INFO:teuthology.orchestra.run.smithi082.stdout:/usr/bin/ceph: stderr
2024-04-26T20:11:34.645+0000 7f15d2000700 1 -- 172.21.15.82:0/865274590 <== mon.0 v2:172.21.15.82:3300/0 5 ==== osd_map(2..2 src has 1..2) ==== 940+0+0 (secure 0 0 0) 0x7f15c804dec0 con 0x7f15d4108d10
2024-04-26T20:11:35.642 INFO:teuthology.orchestra.run.smithi082.stdout:/usr/bin/ceph: stderr
2024-04-26T20:11:34.645+0000 7f15dc600700 1 -- 172.21.15.82:0/865274590 --> [v2:172.21.15.82:3300/0,v1:172.21.15.82:6789/0] -- mon_command({"prefix": "get_command_descriptions"} v 0) -- 0x7f15d4064a80 con 0x7f15d4108d10
2024-04-26T20:11:35.642 INFO:teuthology.orchestra.run.smithi082.stdout:/usr/bin/ceph: stderr
2024-04-26T20:11:34.645+0000 7f15d9200700 1 --2- 172.21.15.82:0/865274590 >> [v2:172.21.15.82:6800/3159671154,v1:172.21.15.82:6801/3159671154] conn(0x7f15bc039600 0x7f15bc03bac0 unknown :-1 s=BANNER_CONNECTING pgs=0 cs=0 l=1 rev1=0 crypto rx=0 tx=0 comp rx=0 tx=0)._handle_peer_banner_payload supported=3 required=0
2024-04-26T20:11:35.642 INFO:teuthology.orchestra.run.smithi082.stdout:/usr/bin/ceph: stderr
2024-04-26T20:11:34.646+0000 7f15d9200700 1 --2- 172.21.15.82:0/865274590 >> [v2:172.21.15.82:6800/3159671154,v1:172.21.15.82:6801/3159671154] conn(0x7f15bc039600 0x7f15bc03bac0 secure :-1 s=READY pgs=15 cs=0 l=1 rev1=1 crypto rx=0x7f15c0006fd0 tx=0x7f15c0006e40 comp rx=0 tx=0).ready entity=mgr.14120 client_cookie=0 server_cookie=0 in_seq=0 out_seq=0
2024-04-26T20:11:35.642 INFO:teuthology.orchestra.run.smithi082.stdout:/usr/bin/ceph: stderr
2024-04-26T20:11:34.651+0000 7f15d2000700 1 -- 172.21.15.82:0/865274590 <== mon.0 v2:172.21.15.82:3300/0 6 ==== mon_command_ack([{"prefix": "get_command_descriptions"}]=0 v0) ==== 72+0+188494 (secure 0 0 0) 0x7f15c801f030 con 0x7f15d4108d10
2024-04-26T20:11:35.642 INFO:teuthology.orchestra.run.smithi082.stdout:/usr/bin/ceph: stderr
2024-04-26T20:11:34.875+0000 7f15dc600700 1 -- 172.21.15.82:0/865274590 --> [v2:172.21.15.82:3300/0,v1:172.21.15.82:6789/0] -- mon_command([{prefix=config set, name=mgr/dashboard/ssl_server_port}] v 0) -- 0x7f15d41a06d0 con 0x7f15d4108d10
2024-04-26T20:11:35.642 INFO:teuthology.orchestra.run.smithi082.stdout:/usr/bin/ceph: stderr
2024-04-26T20:11:34.883+0000 7f15d2000700 1 -- 172.21.15.82:0/865274590 <== mon.0 v2:172.21.15.82:3300/0 7 ==== mon_command_ack([{prefix=config set, name=mgr/dashboard/ssl_server_port}]=0 v8)=0 v8) ==== 130+0+0 (secure 0 0 0) 0x7f15c80292a0 con 0x7f15d4108d10
2024-04-26T20:11:35.643 INFO:teuthology.orchestra.run.smithi082.stdout:/usr/bin/ceph: stderr
2024-04-26T20:11:34.886+0000 7f15dc600700 1 -- 172.21.15.82:0/865274590 >> [v2:172.21.15.82:6800/3159671154,v1:172.21.15.82:6801/3159671154] conn(0x7f15bc039600 msgr2=0x7f15bc03bac0 secure :-1 s=STATE_CONNECTION_ESTABLISHED l=1).mark_down
2024-04-26T20:11:35.643 INFO:teuthology.orchestra.run.smithi082.stdout:/usr/bin/ceph: stderr
2024-04-26T20:11:34.886+0000 7f15dc600700 1 --2- 172.21.15.82:0/865274590 >> [v2:172.21.15.82:6800/3159671154,v1:172.21.15.82:6801/3159671154] conn(0x7f15bc039600 0x7f15bc03bac0 secure :-1 s=READY pgs=15 cs=0 l=1 rev1=1 crypto rx=0x7f15c0006fd0 tx=0x7f15c0006e40 comp rx=0 tx=0).stop
2024-04-26T20:11:35.643 INFO:teuthology.orchestra.run.smithi082.stdout:/usr/bin/ceph: stderr
2024-04-26T20:11:34.886+0000 7f15dc600700 1 -- 172.21.15.82:0/865274590 >> [v2:172.21.15.82:3300/0,v1:172.21.15.82:6789/0] conn(0x7f15d4108d10 msgr2=0x7f15d419cca0 secure :-1 s=STATE_CONNECTION_ESTABLISHED l=1).mark_down
2024-04-26T20:11:35.643 INFO:teuthology.orchestra.run.smithi082.stdout:/usr/bin/ceph: stderr
2024-04-26T20:11:34.886+0000 7f15dc600700 1 --2- 172.21.15.82:0/865274590 >> [v2:172.21.15.82:3300/0,v1:172.21.15.82:6789/0] conn(0x7f15d4108d10 0x7f15d419cca0 secure :-1 s=READY pgs=54 cs=0 l=1 rev1=1 crypto rx=0x7f15c8000c00 tx=0x7f15c8011aa0 comp rx=0 tx=0).stop
2024-04-26T20:11:35.643 INFO:teuthology.orchestra.run.smithi082.stdout:/usr/bin/ceph: stderr
2024-04-26T20:11:34.886+0000 7f15dc600700 1 -- 172.21.15.82:0/865274590 shutdown_connections
2024-04-26T20:11:35.643 INFO:teuthology.orchestra.run.smithi082.stdout:/usr/bin/ceph: stderr
2024-04-26T20:11:34.886+0000 7f15dc600700 1 --2- 172.21.15.82:0/865274590 >> [v2:172.21.15.82:6800/3159671154,v1:172.21.15.82:6801/3159671154] conn(0x7f15bc039600 0x7f15bc03bac0 unknown :-1 s=CLOSED pgs=15 cs=0 l=1 rev1=1 crypto rx=0 tx=0 comp rx=0 tx=0).stop
2024-04-26T20:11:35.643 INFO:teuthology.orchestra.run.smithi082.stdout:/usr/bin/ceph: stderr
2024-04-26T20:11:34.886+0000 7f15dc600700 1 --2- 172.21.15.82:0/865274590 >> [v2:172.21.15.82:3300/0,v1:172.21.15.82:6789/0] conn(0x7f15d4108d10 0x7f15d419cca0 unknown :-1 s=CLOSED pgs=54 cs=0 l=1 rev1=1 crypto rx=0 tx=0 comp rx=0 tx=0).stop
2024-04-26T20:11:35.643 INFO:teuthology.orchestra.run.smithi082.stdout:/usr/bin/ceph: stderr
2024-04-26T20:11:34.886+0000 7f15dc600700 1 -- 172.21.15.82:0/865274590 >> 172.21.15.82:0/865274590 conn(0x7f15d41042f0 msgr2=0x7f15d4104e20 unknown :-1 s=STATE_NONE l=0).mark_down
2024-04-26T20:11:35.643 INFO:teuthology.orchestra.run.smithi082.stdout:/usr/bin/ceph: stderr
2024-04-26T20:11:34.886+0000 7f15dc600700 1 -- 172.21.15.82:0/865274590 shutdown_connections
2024-04-26T20:11:35.643 INFO:teuthology.orchestra.run.smithi082.stdout:/usr/bin/ceph: stderr
2024-04-26T20:11:34.887+0000 7f15dc600700 1 -- 172.21.15.82:0/865274590 wait complete.
2024-04-26T20:11:35.643 INFO:teuthology.orchestra.run.smithi082.stdout:Enabling the dashboard module...
2024-04-26T20:11:35.687 INFO:journalctl@ceph.mon.a.smithi082.stdout:Apr 26 20:11:35 smithi082 ceph-mon[28105]: from='mgr.14120 172.21.15.82:0/367884400' entity='mgr.x'
2024-04-26T20:11:35.687 INFO:journalctl@ceph.mon.a.smithi082.stdout:Apr 26 20:11:35 smithi082 ceph-mon[28105]: from='client.? 172.21.15.82:0/865274590' entity='client.admin'
2024-04-26T20:11:35.687 INFO:journalctl@ceph.mon.a.smithi082.stdout:Apr 26 20:11:35 smithi082 ceph-mon[28105]: pgmap v5: 0 pgs: ; 0 B data, 0 B used, 0 B / 0 B avail
2024-04-26T20:11:37.576 INFO:journalctl@ceph.mon.a.smithi082.stdout:Apr 26 20:11:37 smithi082 ceph-mon[28105]: from='mgr.14120 172.21.15.82:0/367884400' entity='mgr.x'
2024-04-26T20:11:37.576 INFO:journalctl@ceph.mon.a.smithi082.stdout:Apr 26 20:11:37 smithi082 ceph-mon[28105]: from='client.? 172.21.15.82:0/2240918341' entity='client.admin' cmd=[{"prefix": "mgr module enable", "module": "dashboard"}]: dispatch
2024-04-26T20:11:37.576 INFO:journalctl@ceph.mon.a.smithi082.stdout:Apr 26 20:11:37 smithi082 ceph-mon[28105]: pgmap v6: 0 pgs: ; 0 B data, 0 B used, 0 B / 0 B avail
2024-04-26T20:11:37.877 INFO:journalctl@ceph.mgr.x.smithi082.stdout:Apr 26 20:11:37 smithi082 ceph-da6438ae-0408-11ef-bc93-c7b262605968-mgr-x[28337]: ignoring --setuser ceph since I am not root
2024-04-26T20:11:37.877 INFO:journalctl@ceph.mgr.x.smithi082.stdout:Apr 26 20:11:37 smithi082 ceph-da6438ae-0408-11ef-bc93-c7b262605968-mgr-x[28337]: ignoring --setgroup ceph since I am not root
2024-04-26T20:11:37.878 INFO:journalctl@ceph.mgr.x.smithi082.stdout:Apr 26 20:11:37 smithi082 ceph-da6438ae-0408-11ef-bc93-c7b262605968-mgr-x[28337]:
2024-04-26T20:11:37.764+0000 7f12d36d9200 -1 mgr[py] Module balancer has missing NOTIFY_TYPES member
2024-04-26T20:11:38.132 INFO:journalctl@ceph.mgr.x.smithi082.stdout:Apr 26 20:11:38 smithi082 ceph-da6438ae-0408-11ef-bc93-c7b262605968-mgr-x[28337]:
2024-04-26T20:11:38.001+0000 7f12d36d9200 -1 mgr[py] Module orchestrator has missing NOTIFY_TYPES member
2024-04-26T20:11:38.132 INFO:journalctl@ceph.mgr.x.smithi082.stdout:Apr 26 20:11:38 smithi082 ceph-da6438ae-0408-11ef-bc93-c7b262605968-mgr-x[28337]:
2024-04-26T20:11:38.131+0000 7f12d36d9200 -1 mgr[py] Module snap_schedule has missing NOTIFY_TYPES member
2024-04-26T20:11:38.894 INFO:journalctl@ceph.mon.a.smithi082.stdout:Apr 26 20:11:38 smithi082 ceph-mon[28105]: from='client.? 172.21.15.82:0/2240918341' entity='client.admin' cmd='[{"prefix": "mgr module enable", "module": "dashboard"}]': finished
2024-04-26T20:11:38.895 INFO:journalctl@ceph.mon.a.smithi082.stdout:Apr 26 20:11:38 smithi082 ceph-mon[28105]: mgrmap e9: x(active, since 26s)
2024-04-26T20:11:38.895 INFO:journalctl@ceph.mgr.x.smithi082.stdout:Apr 26 20:11:38 smithi082 ceph-da6438ae-0408-11ef-bc93-c7b262605968-mgr-x[28337]:
2024-04-26T20:11:38.526+0000 7f12d36d9200 -1 mgr[py] Module progress has missing NOTIFY_TYPES member
2024-04-26T20:11:38.895 INFO:journalctl@ceph.mgr.x.smithi082.stdout:Apr 26 20:11:38 smithi082 ceph-da6438ae-0408-11ef-bc93-c7b262605968-mgr-x[28337]:
2024-04-26T20:11:38.638+0000 7f12d36d9200 -1 mgr[py] Module influx has missing NOTIFY_TYPES member
2024-04-26T20:11:39.240 INFO:teuthology.orchestra.run.smithi082.stdout:/usr/bin/ceph: stderr
2024-04-26T20:11:36.242+0000 7ff960400700 1 Processor -- start
2024-04-26T20:11:39.241 INFO:teuthology.orchestra.run.smithi082.stdout:/usr/bin/ceph: stderr
