2024-04-26T20:15:24.807+0000 7fa767800700 1 -- 172.21.15.8:0/367017228 shutdown_connections
2024-04-26T20:15:25.495 INFO:teuthology.orchestra.run.smithi008.stdout:/usr/bin/ceph: stderr
2024-04-26T20:15:24.807+0000 7fa767800700 1 --2- 172.21.15.8:0/367017228 >> [v2:172.21.15.8:6800/1434934844,v1:172.21.15.8:6801/1434934844] conn(0x7fa7480367e0 0x7fa748038c90 unknown :-1 s=CLOSED pgs=9 cs=0 l=1 rev1=1 crypto rx=0 tx=0 comp rx=0 tx=0).stop
2024-04-26T20:15:25.495 INFO:teuthology.orchestra.run.smithi008.stdout:/usr/bin/ceph: stderr
2024-04-26T20:15:24.807+0000 7fa767800700 1 --2- 172.21.15.8:0/367017228 >> [v2:172.21.15.8:3300/0,v1:172.21.15.8:6789/0] conn(0x7fa760101820 0x7fa760113920 unknown :-1 s=CLOSED pgs=42 cs=0 l=1 rev1=1 crypto rx=0 tx=0 comp rx=0 tx=0).stop
2024-04-26T20:15:25.495 INFO:teuthology.orchestra.run.smithi008.stdout:/usr/bin/ceph: stderr
2024-04-26T20:15:24.807+0000 7fa767800700 1 -- 172.21.15.8:0/367017228 >> 172.21.15.8:0/367017228 conn(0x7fa7600fcfc0 msgr2=0x7fa7600fdf60 unknown :-1 s=STATE_NONE l=0).mark_down
2024-04-26T20:15:25.495 INFO:teuthology.orchestra.run.smithi008.stdout:/usr/bin/ceph: stderr
2024-04-26T20:15:24.807+0000 7fa767800700 1 -- 172.21.15.8:0/367017228 shutdown_connections
2024-04-26T20:15:25.495 INFO:teuthology.orchestra.run.smithi008.stdout:/usr/bin/ceph: stderr
2024-04-26T20:15:24.808+0000 7fa767800700 1 -- 172.21.15.8:0/367017228 wait complete.
2024-04-26T20:15:26.097 INFO:journalctl@ceph.mon.smithi008.smithi008.stdout:Apr 26 20:15:25 smithi008 ceph-mon[25481]: from='client.14136 -' entity='client.admin' cmd=[{"prefix": "cephadm generate-key", "target": ["mon-mgr", ""]}]: dispatch
2024-04-26T20:15:26.097 INFO:journalctl@ceph.mon.smithi008.smithi008.stdout:Apr 26 20:15:25 smithi008 ceph-mon[25481]: Generating ssh key...
2024-04-26T20:15:26.097 INFO:journalctl@ceph.mon.smithi008.smithi008.stdout:Apr 26 20:15:25 smithi008 ceph-mon[25481]: from='mgr.14120 172.21.15.8:0/841858813' entity='mgr.smithi008.kdptki'
2024-04-26T20:15:26.097 INFO:journalctl@ceph.mon.smithi008.smithi008.stdout:Apr 26 20:15:25 smithi008 ceph-mon[25481]: from='mgr.14120 172.21.15.8:0/841858813' entity='mgr.smithi008.kdptki'
2024-04-26T20:15:27.014 INFO:teuthology.orchestra.run.smithi008.stdout:/usr/bin/ceph: stdout ssh-rsa AAAAB3NzaC1yc2EAAAADAQABAAABgQD6+7aXt4NCDHzm5ztW7La3f66+cfPf6iyG5HNFE7E64C2v1AUEsWY7cooH4PNC3jLg78ZN5I+bTg7m/ppc6MUbOFqjsSqa73cTKc0KuB3eNCuDhtT44BoCKwXJ22vBz8CsxiQSKSyIArNpHxYQ5OYast67N2uclKQXypPEhFYqyY/GC7mXl8qKblQZDh1lSLoLvmOjL+6SxbnhsgTqbJTF5MU2d//Pm8k5pQjVgyYW3IKMvLgXKTJiSKLMyrjgpRsJyaZs7DlCGnSCQ1H/rvh1auVcjA1p63ufqQjsVRtbdSSbyLBLoWblFeSifOv0qbWm+WtO3410o5lUvXtuG7EYeoEF/VdSm41NqEunn64CPC6PdWQsVGBHOuqpuKwgcmR1eBGcKSHgzsNBSTIt40KMltmoaa9AlMV3lXAKuQ8V9yY1xwwqFvKMlY1ofxZlpbxkcsXlqrR+h58L5DQT66JJMpLbben3Jae4oeJxMLWhbXgExWvU0sAmnrH+3lsohn8= ceph-799bca18-0409-11ef-bc93-c7b262605968
2024-04-26T20:15:27.014 INFO:teuthology.orchestra.run.smithi008.stdout:/usr/bin/ceph: stderr
2024-04-26T20:15:26.094+0000 7f9d04e00700 1 Processor -- start
2024-04-26T20:15:27.014 INFO:teuthology.orchestra.run.smithi008.stdout:/usr/bin/ceph: stderr
2024-04-26T20:15:26.095+0000 7f9d04e00700 1 -- start start
2024-04-26T20:15:27.014 INFO:teuthology.orchestra.run.smithi008.stdout:/usr/bin/ceph: stderr
2024-04-26T20:15:26.095+0000 7f9d04e00700 1 --2- >> [v2:172.21.15.8:3300/0,v1:172.21.15.8:6789/0] conn(0x7f9d00104be0 0x7f9d00104ff0 unknown :-1 s=NONE pgs=0 cs=0 l=0 rev1=0 crypto rx=0 tx=0 comp rx=0 tx=0).connect
2024-04-26T20:15:27.014 INFO:teuthology.orchestra.run.smithi008.stdout:/usr/bin/ceph: stderr
2024-04-26T20:15:26.095+0000 7f9d04e00700 1 -- --> [v2:172.21.15.8:3300/0,v1:172.21.15.8:6789/0] -- mon_getmap magic: 0 v1 -- 0x7f9d001055c0 con 0x7f9d00104be0
2024-04-26T20:15:27.014 INFO:teuthology.orchestra.run.smithi008.stdout:/usr/bin/ceph: stderr
2024-04-26T20:15:26.096+0000 7f9cfde00700 1 --2- >> [v2:172.21.15.8:3300/0,v1:172.21.15.8:6789/0] conn(0x7f9d00104be0 0x7f9d00104ff0 unknown :-1 s=BANNER_CONNECTING pgs=0 cs=0 l=0 rev1=0 crypto rx=0 tx=0 comp rx=0 tx=0)._handle_peer_banner_payload supported=3 required=0
2024-04-26T20:15:27.014 INFO:teuthology.orchestra.run.smithi008.stdout:/usr/bin/ceph: stderr
2024-04-26T20:15:26.096+0000 7f9cfde00700 1 --2- >> [v2:172.21.15.8:3300/0,v1:172.21.15.8:6789/0] conn(0x7f9d00104be0 0x7f9d00104ff0 unknown :-1 s=HELLO_CONNECTING pgs=0 cs=0 l=0 rev1=1 crypto rx=0 tx=0 comp rx=0 tx=0).handle_hello peer v2:172.21.15.8:3300/0 says I am v2:172.21.15.8:50786/0 (socket says 172.21.15.8:50786)
2024-04-26T20:15:27.014 INFO:teuthology.orchestra.run.smithi008.stdout:/usr/bin/ceph: stderr
2024-04-26T20:15:26.096+0000 7f9cfde00700 1 -- 172.21.15.8:0/2022181666 learned_addr learned my addr 172.21.15.8:0/2022181666 (peer_addr_for_me v2:172.21.15.8:0/0)
2024-04-26T20:15:27.014 INFO:teuthology.orchestra.run.smithi008.stdout:/usr/bin/ceph: stderr
2024-04-26T20:15:26.096+0000 7f9cfde00700 1 -- 172.21.15.8:0/2022181666 --> [v2:172.21.15.8:3300/0,v1:172.21.15.8:6789/0] -- mon_subscribe({config=0+,monmap=0+}) v3 -- 0x7f9d00105700 con 0x7f9d00104be0
2024-04-26T20:15:27.014 INFO:teuthology.orchestra.run.smithi008.stdout:/usr/bin/ceph: stderr
2024-04-26T20:15:26.097+0000 7f9cfde00700 1 --2- 172.21.15.8:0/2022181666 >> [v2:172.21.15.8:3300/0,v1:172.21.15.8:6789/0] conn(0x7f9d00104be0 0x7f9d00104ff0 secure :-1 s=READY pgs=43 cs=0 l=1 rev1=1 crypto rx=0x7f9cf00098e0 tx=0x7f9cf0009250 comp rx=0 tx=0).ready entity=mon.0 client_cookie=703dcf1992d9a53f server_cookie=0 in_seq=0 out_seq=0
2024-04-26T20:15:27.014 INFO:teuthology.orchestra.run.smithi008.stdout:/usr/bin/ceph: stderr
2024-04-26T20:15:26.097+0000 7f9cfca00700 1 -- 172.21.15.8:0/2022181666 <== mon.0 v2:172.21.15.8:3300/0 1 ==== mon_map magic: 0 v1 ==== 229+0+0 (secure 0 0 0) 0x7f9cf000b860 con 0x7f9d00104be0
2024-04-26T20:15:27.019 INFO:teuthology.orchestra.run.smithi008.stdout:/usr/bin/ceph: stderr
2024-04-26T20:15:26.097+0000 7f9cfca00700 1 -- 172.21.15.8:0/2022181666 <== mon.0 v2:172.21.15.8:3300/0 2 ==== config(27 keys) v1 ==== 1044+0+0 (secure 0 0 0) 0x7f9cf000be50 con 0x7f9d00104be0
2024-04-26T20:15:27.019 INFO:teuthology.orchestra.run.smithi008.stdout:/usr/bin/ceph: stderr
2024-04-26T20:15:26.097+0000 7f9cfca00700 1 -- 172.21.15.8:0/2022181666 <== mon.0 v2:172.21.15.8:3300/0 3 ==== mon_map magic: 0 v1 ==== 229+0+0 (secure 0 0 0) 0x7f9cf0010380 con 0x7f9d00104be0
2024-04-26T20:15:27.019 INFO:teuthology.orchestra.run.smithi008.stdout:/usr/bin/ceph: stderr
2024-04-26T20:15:26.098+0000 7f9d04e00700 1 -- 172.21.15.8:0/2022181666 >> [v2:172.21.15.8:3300/0,v1:172.21.15.8:6789/0] conn(0x7f9d00104be0 msgr2=0x7f9d00104ff0 secure :-1 s=STATE_CONNECTION_ESTABLISHED l=1).mark_down
2024-04-26T20:15:27.019 INFO:teuthology.orchestra.run.smithi008.stdout:/usr/bin/ceph: stderr
2024-04-26T20:15:26.098+0000 7f9d04e00700 1 --2- 172.21.15.8:0/2022181666 >> [v2:172.21.15.8:3300/0,v1:172.21.15.8:6789/0] conn(0x7f9d00104be0 0x7f9d00104ff0 secure :-1 s=READY pgs=43 cs=0 l=1 rev1=1 crypto rx=0x7f9cf00098e0 tx=0x7f9cf0009250 comp rx=0 tx=0).stop
2024-04-26T20:15:27.019 INFO:teuthology.orchestra.run.smithi008.stdout:/usr/bin/ceph: stderr
2024-04-26T20:15:26.098+0000 7f9d04e00700 1 -- 172.21.15.8:0/2022181666 shutdown_connections
2024-04-26T20:15:27.019 INFO:teuthology.orchestra.run.smithi008.stdout:/usr/bin/ceph: stderr
2024-04-26T20:15:26.098+0000 7f9d04e00700 1 --2- 172.21.15.8:0/2022181666 >> [v2:172.21.15.8:3300/0,v1:172.21.15.8:6789/0] conn(0x7f9d00104be0 0x7f9d00104ff0 unknown :-1 s=CLOSED pgs=43 cs=0 l=1 rev1=1 crypto rx=0 tx=0 comp rx=0 tx=0).stop
2024-04-26T20:15:27.019 INFO:teuthology.orchestra.run.smithi008.stdout:/usr/bin/ceph: stderr
2024-04-26T20:15:26.098+0000 7f9d04e00700 1 -- 172.21.15.8:0/2022181666 >> 172.21.15.8:0/2022181666 conn(0x7f9d00100530 msgr2=0x7f9d00102910 unknown :-1 s=STATE_NONE l=0).mark_down
2024-04-26T20:15:27.019 INFO:teuthology.orchestra.run.smithi008.stdout:/usr/bin/ceph: stderr
2024-04-26T20:15:26.098+0000 7f9d04e00700 1 -- 172.21.15.8:0/2022181666 shutdown_connections
2024-04-26T20:15:27.019 INFO:teuthology.orchestra.run.smithi008.stdout:/usr/bin/ceph: stderr
2024-04-26T20:15:26.098+0000 7f9d04e00700 1 -- 172.21.15.8:0/2022181666 wait complete.
2024-04-26T20:15:27.020 INFO:teuthology.orchestra.run.smithi008.stdout:/usr/bin/ceph: stderr
2024-04-26T20:15:26.099+0000 7f9d04e00700 1 Processor -- start
2024-04-26T20:15:27.020 INFO:teuthology.orchestra.run.smithi008.stdout:/usr/bin/ceph: stderr
2024-04-26T20:15:26.099+0000 7f9d04e00700 1 -- start start
2024-04-26T20:15:27.020 INFO:teuthology.orchestra.run.smithi008.stdout:/usr/bin/ceph: stderr
2024-04-26T20:15:26.099+0000 7f9d04e00700 1 --2- >> [v2:172.21.15.8:3300/0,v1:172.21.15.8:6789/0] conn(0x7f9d00104be0 0x7f9d00113860 unknown :-1 s=NONE pgs=0 cs=0 l=1 rev1=0 crypto rx=0 tx=0 comp rx=0 tx=0).connect
2024-04-26T20:15:27.020 INFO:teuthology.orchestra.run.smithi008.stdout:/usr/bin/ceph: stderr
2024-04-26T20:15:26.099+0000 7f9d04e00700 1 -- --> [v2:172.21.15.8:3300/0,v1:172.21.15.8:6789/0] -- mon_getmap magic: 0 v1 -- 0x7f9d00113da0 con 0x7f9d00104be0
2024-04-26T20:15:27.020 INFO:teuthology.orchestra.run.smithi008.stdout:/usr/bin/ceph: stderr
2024-04-26T20:15:26.100+0000 7f9cfde00700 1 --2- >> [v2:172.21.15.8:3300/0,v1:172.21.15.8:6789/0] conn(0x7f9d00104be0 0x7f9d00113860 unknown :-1 s=BANNER_CONNECTING pgs=0 cs=0 l=1 rev1=0 crypto rx=0 tx=0 comp rx=0 tx=0)._handle_peer_banner_payload supported=3 required=0
2024-04-26T20:15:27.020 INFO:teuthology.orchestra.run.smithi008.stdout:/usr/bin/ceph: stderr
2024-04-26T20:15:26.100+0000 7f9cfde00700 1 --2- >> [v2:172.21.15.8:3300/0,v1:172.21.15.8:6789/0] conn(0x7f9d00104be0 0x7f9d00113860 unknown :-1 s=HELLO_CONNECTING pgs=0 cs=0 l=1 rev1=1 crypto rx=0 tx=0 comp rx=0 tx=0).handle_hello peer v2:172.21.15.8:3300/0 says I am v2:172.21.15.8:50800/0 (socket says 172.21.15.8:50800)
2024-04-26T20:15:27.020 INFO:teuthology.orchestra.run.smithi008.stdout:/usr/bin/ceph: stderr
2024-04-26T20:15:26.100+0000 7f9cfde00700 1 -- 172.21.15.8:0/17186536 learned_addr learned my addr 172.21.15.8:0/17186536 (peer_addr_for_me v2:172.21.15.8:0/0)
2024-04-26T20:15:27.020 INFO:teuthology.orchestra.run.smithi008.stdout:/usr/bin/ceph: stderr
2024-04-26T20:15:26.100+0000 7f9cfde00700 1 -- 172.21.15.8:0/17186536 --> [v2:172.21.15.8:3300/0,v1:172.21.15.8:6789/0] -- mon_subscribe({config=0+,monmap=0+}) v3 -- 0x7f9cf00094f0 con 0x7f9d00104be0
2024-04-26T20:15:27.020 INFO:teuthology.orchestra.run.smithi008.stdout:/usr/bin/ceph: stderr
2024-04-26T20:15:26.100+0000 7f9cfde00700 1 --2- 172.21.15.8:0/17186536 >> [v2:172.21.15.8:3300/0,v1:172.21.15.8:6789/0] conn(0x7f9d00104be0 0x7f9d00113860 secure :-1 s=READY pgs=44 cs=0 l=1 rev1=1 crypto rx=0x7f9cf0000c00 tx=0x7f9cf0009250 comp rx=0 tx=0).ready entity=mon.0 client_cookie=0 server_cookie=0 in_seq=0 out_seq=0
2024-04-26T20:15:27.020 INFO:teuthology.orchestra.run.smithi008.stdout:/usr/bin/ceph: stderr
2024-04-26T20:15:26.101+0000 7f9cf6000700 1 -- 172.21.15.8:0/17186536 <== mon.0 v2:172.21.15.8:3300/0 1 ==== mon_map magic: 0 v1 ==== 229+0+0 (secure 0 0 0) 0x7f9cf0010380 con 0x7f9d00104be0
2024-04-26T20:15:27.020 INFO:teuthology.orchestra.run.smithi008.stdout:/usr/bin/ceph: stderr
2024-04-26T20:15:26.101+0000 7f9cf6000700 1 -- 172.21.15.8:0/17186536 <== mon.0 v2:172.21.15.8:3300/0 2 ==== config(27 keys) v1 ==== 1044+0+0 (secure 0 0 0) 0x7f9cf0010c50 con 0x7f9d00104be0
2024-04-26T20:15:27.020 INFO:teuthology.orchestra.run.smithi008.stdout:/usr/bin/ceph: stderr
2024-04-26T20:15:26.101+0000 7f9cf6000700 1 -- 172.21.15.8:0/17186536 <== mon.0 v2:172.21.15.8:3300/0 3 ==== mon_map magic: 0 v1 ==== 229+0+0 (secure 0 0 0) 0x7f9cf001ac50 con 0x7f9d00104be0
2024-04-26T20:15:27.020 INFO:teuthology.orchestra.run.smithi008.stdout:/usr/bin/ceph: stderr
2024-04-26T20:15:26.101+0000 7f9d04e00700 1 -- 172.21.15.8:0/17186536 --> [v2:172.21.15.8:3300/0,v1:172.21.15.8:6789/0] -- mon_subscribe({mgrmap=0+}) v3 -- 0x7f9d00113fa0 con 0x7f9d00104be0
2024-04-26T20:15:27.020 INFO:teuthology.orchestra.run.smithi008.stdout:/usr/bin/ceph: stderr
2024-04-26T20:15:26.101+0000 7f9d04e00700 1 -- 172.21.15.8:0/17186536 --> [v2:172.21.15.8:3300/0,v1:172.21.15.8:6789/0] -- mon_subscribe({osdmap=0}) v3 -- 0x7f9d00114b10 con 0x7f9d00104be0
2024-04-26T20:15:27.020 INFO:teuthology.orchestra.run.smithi008.stdout:/usr/bin/ceph: stderr
2024-04-26T20:15:26.102+0000 7f9cf6000700 1 -- 172.21.15.8:0/17186536 <== mon.0 v2:172.21.15.8:3300/0 4 ==== mgrmap(e 8) v1 ==== 43376+0+0 (secure 0 0 0) 0x7f9cf00107c0 con 0x7f9d00104be0
2024-04-26T20:15:27.021 INFO:teuthology.orchestra.run.smithi008.stdout:/usr/bin/ceph: stderr
2024-04-26T20:15:26.102+0000 7f9d04e00700 1 -- 172.21.15.8:0/17186536 --> [v2:172.21.15.8:3300/0,v1:172.21.15.8:6789/0] -- mon_command({"prefix": "get_command_descriptions"} v 0) v1 -- 0x7f9d0005f5c0 con 0x7f9d00104be0
2024-04-26T20:15:27.021 INFO:teuthology.orchestra.run.smithi008.stdout:/usr/bin/ceph: stderr
2024-04-26T20:15:26.102+0000 7f9cf6000700 1 --2- 172.21.15.8:0/17186536 >> [v2:172.21.15.8:6800/1434934844,v1:172.21.15.8:6801/1434934844] conn(0x7f9ce40367e0 0x7f9ce4038c90 unknown :-1 s=NONE pgs=0 cs=0 l=1 rev1=0 crypto rx=0 tx=0 comp rx=0 tx=0).connect
2024-04-26T20:15:27.021 INFO:teuthology.orchestra.run.smithi008.stdout:/usr/bin/ceph: stderr
2024-04-26T20:15:26.102+0000 7f9cf6000700 1 -- 172.21.15.8:0/17186536 <== mon.0 v2:172.21.15.8:3300/0 5 ==== osd_map(2..2 src has 1..2) v4 ==== 936+0+0 (secure 0 0 0) 0x7f9cf004a5d0 con 0x7f9d00104be0
2024-04-26T20:15:27.021 INFO:teuthology.orchestra.run.smithi008.stdout:/usr/bin/ceph: stderr
2024-04-26T20:15:26.103+0000 7f9cfd400700 1 --2- 172.21.15.8:0/17186536 >> [v2:172.21.15.8:6800/1434934844,v1:172.21.15.8:6801/1434934844] conn(0x7f9ce40367e0 0x7f9ce4038c90 unknown :-1 s=BANNER_CONNECTING pgs=0 cs=0 l=1 rev1=0 crypto rx=0 tx=0 comp rx=0 tx=0)._handle_peer_banner_payload supported=3 required=0
2024-04-26T20:15:27.021 INFO:teuthology.orchestra.run.smithi008.stdout:/usr/bin/ceph: stderr
2024-04-26T20:15:26.103+0000 7f9cfd400700 1 --2- 172.21.15.8:0/17186536 >> [v2:172.21.15.8:6800/1434934844,v1:172.21.15.8:6801/1434934844] conn(0x7f9ce40367e0 0x7f9ce4038c90 secure :-1 s=READY pgs=10 cs=0 l=1 rev1=1 crypto rx=0x7f9cec009990 tx=0x7f9cec006e40 comp rx=0 tx=0).ready entity=mgr.14120 client_cookie=0 server_cookie=0 in_seq=0 out_seq=0
2024-04-26T20:15:27.021 INFO:teuthology.orchestra.run.smithi008.stdout:/usr/bin/ceph: stderr
2024-04-26T20:15:26.107+0000 7f9cf6000700 1 -- 172.21.15.8:0/17186536 <== mon.0 v2:172.21.15.8:3300/0 6 ==== mon_command_ack([{"prefix": "get_command_descriptions"}]=0 v0) v1 ==== 72+0+176702 (secure 0 0 0) 0x7f9cf001a430 con 0x7f9d00104be0
2024-04-26T20:15:27.021 INFO:teuthology.orchestra.run.smithi008.stdout:/usr/bin/ceph: stderr
2024-04-26T20:15:26.314+0000 7f9d04e00700 1 -- 172.21.15.8:0/17186536 --> [v2:172.21.15.8:6800/1434934844,v1:172.21.15.8:6801/1434934844] -- mgr_command(tid 0: {"prefix": "cephadm get-pub-key", "target": ["mon-mgr", ""]}) v1 -- 0x7f9d00102730 con 0x7f9ce40367e0
2024-04-26T20:15:27.021 INFO:teuthology.orchestra.run.smithi008.stdout:/usr/bin/ceph: stderr
2024-04-26T20:15:26.316+0000 7f9cf6000700 1 -- 172.21.15.8:0/17186536 <== mgr.14120 v2:172.21.15.8:6800/1434934844 1 ==== mgr_command_reply(tid 0: 0 ) v1 ==== 8+0+595 (secure 0 0 0) 0x7f9d00102730 con 0x7f9ce40367e0
2024-04-26T20:15:27.021 INFO:teuthology.orchestra.run.smithi008.stdout:/usr/bin/ceph: stderr
2024-04-26T20:15:26.318+0000 7f9d04e00700 1 -- 172.21.15.8:0/17186536 >> [v2:172.21.15.8:6800/1434934844,v1:172.21.15.8:6801/1434934844] conn(0x7f9ce40367e0 msgr2=0x7f9ce4038c90 secure :-1 s=STATE_CONNECTION_ESTABLISHED l=1).mark_down
2024-04-26T20:15:27.021 INFO:teuthology.orchestra.run.smithi008.stdout:/usr/bin/ceph: stderr
2024-04-26T20:15:26.318+0000 7f9d04e00700 1 --2- 172.21.15.8:0/17186536 >> [v2:172.21.15.8:6800/1434934844,v1:172.21.15.8:6801/1434934844] conn(0x7f9ce40367e0 0x7f9ce4038c90 secure :-1 s=READY pgs=10 cs=0 l=1 rev1=1 crypto rx=0x7f9cec009990 tx=0x7f9cec006e40 comp rx=0 tx=0).stop
2024-04-26T20:15:27.021 INFO:teuthology.orchestra.run.smithi008.stdout:/usr/bin/ceph: stderr
2024-04-26T20:15:26.318+0000 7f9d04e00700 1 -- 172.21.15.8:0/17186536 >> [v2:172.21.15.8:3300/0,v1:172.21.15.8:6789/0] conn(0x7f9d00104be0 msgr2=0x7f9d00113860 secure :-1 s=STATE_CONNECTION_ESTABLISHED l=1).mark_down
2024-04-26T20:15:27.021 INFO:teuthology.orchestra.run.smithi008.stdout:/usr/bin/ceph: stderr
2024-04-26T20:15:26.318+0000 7f9d04e00700 1 --2- 172.21.15.8:0/17186536 >> [v2:172.21.15.8:3300/0,v1:172.21.15.8:6789/0] conn(0x7f9d00104be0 0x7f9d00113860 secure :-1 s=READY pgs=44 cs=0 l=1 rev1=1 crypto rx=0x7f9cf0000c00 tx=0x7f9cf0009250 comp rx=0 tx=0).stop
2024-04-26T20:15:27.021 INFO:teuthology.orchestra.run.smithi008.stdout:/usr/bin/ceph: stderr
2024-04-26T20:15:26.318+0000 7f9d04e00700 1 -- 172.21.15.8:0/17186536 shutdown_connections
2024-04-26T20:15:27.021 INFO:teuthology.orchestra.run.smithi008.stdout:/usr/bin/ceph: stderr
2024-04-26T20:15:26.318+0000 7f9d04e00700 1 --2- 172.21.15.8:0/17186536 >> [v2:172.21.15.8:6800/1434934844,v1:172.21.15.8:6801/1434934844] conn(0x7f9ce40367e0 0x7f9ce4038c90 unknown :-1 s=CLOSED pgs=10 cs=0 l=1 rev1=1 crypto rx=0 tx=0 comp rx=0 tx=0).stop
2024-04-26T20:15:27.022 INFO:teuthology.orchestra.run.smithi008.stdout:/usr/bin/ceph: stderr
2024-04-26T20:15:26.318+0000 7f9d04e00700 1 --2- 172.21.15.8:0/17186536 >> [v2:172.21.15.8:3300/0,v1:172.21.15.8:6789/0] conn(0x7f9d00104be0 0x7f9d00113860 unknown :-1 s=CLOSED pgs=44 cs=0 l=1 rev1=1 crypto rx=0 tx=0 comp rx=0 tx=0).stop
2024-04-26T20:15:27.022 INFO:teuthology.orchestra.run.smithi008.stdout:/usr/bin/ceph: stderr
2024-04-26T20:15:26.318+0000 7f9d04e00700 1 -- 172.21.15.8:0/17186536 >> 172.21.15.8:0/17186536 conn(0x7f9d00100530 msgr2=0x7f9d00102020 unknown :-1 s=STATE_NONE l=0).mark_down
2024-04-26T20:15:27.022 INFO:teuthology.orchestra.run.smithi008.stdout:/usr/bin/ceph: stderr
2024-04-26T20:15:26.318+0000 7f9d04e00700 1 -- 172.21.15.8:0/17186536 shutdown_connections
2024-04-26T20:15:27.022 INFO:teuthology.orchestra.run.smithi008.stdout:/usr/bin/ceph: stderr
2024-04-26T20:15:26.319+0000 7f9d04e00700 1 -- 172.21.15.8:0/17186536 wait complete.
2024-04-26T20:15:27.022 INFO:teuthology.orchestra.run.smithi008.stdout:Wrote public SSH key to /home/ubuntu/cephtest/ceph.pub
2024-04-26T20:15:27.022 INFO:teuthology.orchestra.run.smithi008.stdout:Adding key to root@localhost authorized_keys...
2024-04-26T20:15:27.025 INFO:teuthology.orchestra.run.smithi008.stdout:Adding host smithi008...
2024-04-26T20:15:27.262 INFO:journalctl@ceph.mon.smithi008.smithi008.stdout:Apr 26 20:15:27 smithi008 ceph-mon[25481]: from='client.14138 -' entity='client.admin' cmd=[{"prefix": "cephadm get-pub-key", "target": ["mon-mgr", ""]}]: dispatch
2024-04-26T20:15:28.512 INFO:journalctl@ceph.mon.smithi008.smithi008.stdout:Apr 26 20:15:28 smithi008 ceph-mon[25481]: from='client.14140 -' entity='client.admin' cmd=[{"prefix": "orch host add", "hostname": "smithi008", "addr": "172.21.15.8", "target": ["mon-mgr", ""]}]: dispatch
2024-04-26T20:15:29.495 INFO:journalctl@ceph.mon.smithi008.smithi008.stdout:Apr 26 20:15:29 smithi008 ceph-mon[25481]: Deploying cephadm binary to smithi008
2024-04-26T20:15:32.398 INFO:teuthology.orchestra.run.smithi008.stdout:/usr/bin/ceph: stdout Added host 'smithi008' with addr '172.21.15.8'
2024-04-26T20:15:32.398 INFO:teuthology.orchestra.run.smithi008.stdout:/usr/bin/ceph: stderr
2024-04-26T20:15:27.628+0000 7f3c0b600700 1 Processor -- start
2024-04-26T20:15:32.398 INFO:teuthology.orchestra.run.smithi008.stdout:/usr/bin/ceph: stderr
2024-04-26T20:15:27.628+0000 7f3c0b600700 1 -- start start
2024-04-26T20:15:32.398 INFO:teuthology.orchestra.run.smithi008.stdout:/usr/bin/ceph: stderr
2024-04-26T20:15:27.628+0000 7f3c0b600700 1 --2- >> [v2:172.21.15.8:3300/0,v1:172.21.15.8:6789/0] conn(0x7f3c0407cfb0 0x7f3c0410bca0 unknown :-1 s=NONE pgs=0 cs=0 l=0 rev1=0 crypto rx=0 tx=0 comp rx=0 tx=0).connect
2024-04-26T20:15:32.398 INFO:teuthology.orchestra.run.smithi008.stdout:/usr/bin/ceph: stderr
2024-04-26T20:15:27.628+0000 7f3c0b600700 1 -- --> [v2:172.21.15.8:3300/0,v1:172.21.15.8:6789/0] -- mon_getmap magic: 0 v1 -- 0x7f3c0407d450 con 0x7f3c0407cfb0
2024-04-26T20:15:32.398 INFO:teuthology.orchestra.run.smithi008.stdout:/usr/bin/ceph: stderr
2024-04-26T20:15:27.629+0000 7f3c08c00700 1 --2- >> [v2:172.21.15.8:3300/0,v1:172.21.15.8:6789/0] conn(0x7f3c0407cfb0 0x7f3c0410bca0 unknown :-1 s=BANNER_CONNECTING pgs=0 cs=0 l=0 rev1=0 crypto rx=0 tx=0 comp rx=0 tx=0)._handle_peer_banner_payload supported=3 required=0
2024-04-26T20:15:32.401 INFO:teuthology.orchestra.run.smithi008.stdout:/usr/bin/ceph: stderr
2024-04-26T20:15:27.629+0000 7f3c08c00700 1 --2- >> [v2:172.21.15.8:3300/0,v1:172.21.15.8:6789/0] conn(0x7f3c0407cfb0 0x7f3c0410bca0 unknown :-1 s=HELLO_CONNECTING pgs=0 cs=0 l=0 rev1=1 crypto rx=0 tx=0 comp rx=0 tx=0).handle_hello peer v2:172.21.15.8:3300/0 says I am v2:172.21.15.8:42808/0 (socket says 172.21.15.8:42808)
2024-04-26T20:15:32.402 INFO:teuthology.orchestra.run.smithi008.stdout:/usr/bin/ceph: stderr
2024-04-26T20:15:27.629+0000 7f3c08c00700 1 -- 172.21.15.8:0/2578240278 learned_addr learned my addr 172.21.15.8:0/2578240278 (peer_addr_for_me v2:172.21.15.8:0/0)
2024-04-26T20:15:32.402 INFO:teuthology.orchestra.run.smithi008.stdout:/usr/bin/ceph: stderr
2024-04-26T20:15:27.629+0000 7f3c08c00700 1 -- 172.21.15.8:0/2578240278 --> [v2:172.21.15.8:3300/0,v1:172.21.15.8:6789/0] -- mon_subscribe({config=0+,monmap=0+}) v3 -- 0x7f3c0410c1e0 con 0x7f3c0407cfb0
2024-04-26T20:15:32.402 INFO:teuthology.orchestra.run.smithi008.stdout:/usr/bin/ceph: stderr
2024-04-26T20:15:27.630+0000 7f3c08c00700 1 --2- 172.21.15.8:0/2578240278 >> [v2:172.21.15.8:3300/0,v1:172.21.15.8:6789/0] conn(0x7f3c0407cfb0 0x7f3c0410bca0 secure :-1 s=READY pgs=45 cs=0 l=1 rev1=1 crypto rx=0x7f3bf80098e0 tx=0x7f3bf8009250 comp rx=0 tx=0).ready entity=mon.0 client_cookie=72814eac44a4c110 server_cookie=0 in_seq=0 out_seq=0
2024-04-26T20:15:32.402 INFO:teuthology.orchestra.run.smithi008.stdout:/usr/bin/ceph: stderr
2024-04-26T20:15:27.630+0000 7f3c03400700 1 -- 172.21.15.8:0/2578240278 <== mon.0 v2:172.21.15.8:3300/0 1 ==== mon_map magic: 0 v1 ==== 229+0+0 (secure 0 0 0) 0x7f3bf800b860 con 0x7f3c0407cfb0
2024-04-26T20:15:32.402 INFO:teuthology.orchestra.run.smithi008.stdout:/usr/bin/ceph: stderr
2024-04-26T20:15:27.630+0000 7f3c03400700 1 -- 172.21.15.8:0/2578240278 <== mon.0 v2:172.21.15.8:3300/0 2 ==== config(27 keys) v1 ==== 1044+0+0 (secure 0 0 0) 0x7f3bf800be50 con 0x7f3c0407cfb0
2024-04-26T20:15:32.402 INFO:teuthology.orchestra.run.smithi008.stdout:/usr/bin/ceph: stderr
2024-04-26T20:15:27.630+0000 7f3c03400700 1 -- 172.21.15.8:0/2578240278 <== mon.0 v2:172.21.15.8:3300/0 3 ==== mon_map magic: 0 v1 ==== 229+0+0 (secure 0 0 0) 0x7f3bf8010380 con 0x7f3c0407cfb0
2024-04-26T20:15:32.402 INFO:teuthology.orchestra.run.smithi008.stdout:/usr/bin/ceph: stderr
2024-04-26T20:15:27.631+0000 7f3c0b600700 1 -- 172.21.15.8:0/2578240278 >> [v2:172.21.15.8:3300/0,v1:172.21.15.8:6789/0] conn(0x7f3c0407cfb0 msgr2=0x7f3c0410bca0 secure :-1 s=STATE_CONNECTION_ESTABLISHED l=1).mark_down
2024-04-26T20:15:32.402 INFO:teuthology.orchestra.run.smithi008.stdout:/usr/bin/ceph: stderr
2024-04-26T20:15:27.631+0000 7f3c0b600700 1 --2- 172.21.15.8:0/2578240278 >> [v2:172.21.15.8:3300/0,v1:172.21.15.8:6789/0] conn(0x7f3c0407cfb0 0x7f3c0410bca0 secure :-1 s=READY pgs=45 cs=0 l=1 rev1=1 crypto rx=0x7f3bf80098e0 tx=0x7f3bf8009250 comp rx=0 tx=0).stop
2024-04-26T20:15:32.402 INFO:teuthology.orchestra.run.smithi008.stdout:/usr/bin/ceph: stderr
2024-04-26T20:15:27.631+0000 7f3c0b600700 1 -- 172.21.15.8:0/2578240278 shutdown_connections
2024-04-26T20:15:32.402 INFO:teuthology.orchestra.run.smithi008.stdout:/usr/bin/ceph: stderr
2024-04-26T20:15:27.631+0000 7f3c0b600700 1 --2- 172.21.15.8:0/2578240278 >> [v2:172.21.15.8:3300/0,v1:172.21.15.8:6789/0] conn(0x7f3c0407cfb0 0x7f3c0410bca0 unknown :-1 s=CLOSED pgs=45 cs=0 l=1 rev1=1 crypto rx=0 tx=0 comp rx=0 tx=0).stop
2024-04-26T20:15:32.402 INFO:teuthology.orchestra.run.smithi008.stdout:/usr/bin/ceph: stderr
2024-04-26T20:15:27.631+0000 7f3c0b600700 1 -- 172.21.15.8:0/2578240278 >> 172.21.15.8:0/2578240278 conn(0x7f3c040782f0 msgr2=0x7f3c0407a700 unknown :-1 s=STATE_NONE l=0).mark_down
2024-04-26T20:15:32.402 INFO:teuthology.orchestra.run.smithi008.stdout:/usr/bin/ceph: stderr
2024-04-26T20:15:27.631+0000 7f3c0b600700 1 -- 172.21.15.8:0/2578240278 shutdown_connections
2024-04-26T20:15:32.403 INFO:teuthology.orchestra.run.smithi008.stdout:/usr/bin/ceph: stderr
2024-04-26T20:15:27.631+0000 7f3c0b600700 1 -- 172.21.15.8:0/2578240278 wait complete.
2024-04-26T20:15:32.403 INFO:teuthology.orchestra.run.smithi008.stdout:/usr/bin/ceph: stderr
2024-04-26T20:15:27.632+0000 7f3c0b600700 1 Processor -- start
2024-04-26T20:15:32.403 INFO:teuthology.orchestra.run.smithi008.stdout:/usr/bin/ceph: stderr
2024-04-26T20:15:27.632+0000 7f3c0b600700 1 -- start start
2024-04-26T20:15:32.403 INFO:teuthology.orchestra.run.smithi008.stdout:/usr/bin/ceph: stderr
2024-04-26T20:15:27.632+0000 7f3c0b600700 1 --2- >> [v2:172.21.15.8:3300/0,v1:172.21.15.8:6789/0] conn(0x7f3c0407cfb0 0x7f3c04117ce0 unknown :-1 s=NONE pgs=0 cs=0 l=1 rev1=0 crypto rx=0 tx=0 comp rx=0 tx=0).connect
2024-04-26T20:15:32.403 INFO:teuthology.orchestra.run.smithi008.stdout:/usr/bin/ceph: stderr
2024-04-26T20:15:27.632+0000 7f3c0b600700 1 -- --> [v2:172.21.15.8:3300/0,v1:172.21.15.8:6789/0] -- mon_getmap magic: 0 v1 -- 0x7f3c04118220 con 0x7f3c0407cfb0
2024-04-26T20:15:32.403 INFO:teuthology.orchestra.run.smithi008.stdout:/usr/bin/ceph: stderr
2024-04-26T20:15:27.632+0000 7f3c08c00700 1 --2- >> [v2:172.21.15.8:3300/0,v1:172.21.15.8:6789/0] conn(0x7f3c0407cfb0 0x7f3c04117ce0 unknown :-1 s=BANNER_CONNECTING pgs=0 cs=0 l=1 rev1=0 crypto rx=0 tx=0 comp rx=0 tx=0)._handle_peer_banner_payload supported=3 required=0
2024-04-26T20:15:32.403 INFO:teuthology.orchestra.run.smithi008.stdout:/usr/bin/ceph: stderr
2024-04-26T20:15:27.632+0000 7f3c08c00700 1 --2- >> [v2:172.21.15.8:3300/0,v1:172.21.15.8:6789/0] conn(0x7f3c0407cfb0 0x7f3c04117ce0 unknown :-1 s=HELLO_CONNECTING pgs=0 cs=0 l=1 rev1=1 crypto rx=0 tx=0 comp rx=0 tx=0).handle_hello peer v2:172.21.15.8:3300/0 says I am v2:172.21.15.8:42820/0 (socket says 172.21.15.8:42820)
2024-04-26T20:15:32.403 INFO:teuthology.orchestra.run.smithi008.stdout:/usr/bin/ceph: stderr
2024-04-26T20:15:27.632+0000 7f3c08c00700 1 -- 172.21.15.8:0/2954781870 learned_addr learned my addr 172.21.15.8:0/2954781870 (peer_addr_for_me v2:172.21.15.8:0/0)
2024-04-26T20:15:32.403 INFO:teuthology.orchestra.run.smithi008.stdout:/usr/bin/ceph: stderr
2024-04-26T20:15:27.633+0000 7f3c08c00700 1 -- 172.21.15.8:0/2954781870 --> [v2:172.21.15.8:3300/0,v1:172.21.15.8:6789/0] -- mon_subscribe({config=0+,monmap=0+}) v3 -- 0x7f3bf80094f0 con 0x7f3c0407cfb0
2024-04-26T20:15:32.403 INFO:teuthology.orchestra.run.smithi008.stdout:/usr/bin/ceph: stderr
2024-04-26T20:15:27.633+0000 7f3c08c00700 1 --2- 172.21.15.8:0/2954781870 >> [v2:172.21.15.8:3300/0,v1:172.21.15.8:6789/0] conn(0x7f3c0407cfb0 0x7f3c04117ce0 secure :-1 s=READY pgs=46 cs=0 l=1 rev1=1 crypto rx=0x7f3bf8011bd0 tx=0x7f3bf8009250 comp rx=0 tx=0).ready entity=mon.0 client_cookie=0 server_cookie=0 in_seq=0 out_seq=0
2024-04-26T20:15:32.403 INFO:teuthology.orchestra.run.smithi008.stdout:/usr/bin/ceph: stderr
2024-04-26T20:15:27.633+0000 7f3c00c00700 1 -- 172.21.15.8:0/2954781870 <== mon.0 v2:172.21.15.8:3300/0 1 ==== mon_map magic: 0 v1 ==== 229+0+0 (secure 0 0 0) 0x7f3bf80107c0 con 0x7f3c0407cfb0
2024-04-26T20:15:32.403 INFO:teuthology.orchestra.run.smithi008.stdout:/usr/bin/ceph: stderr
2024-04-26T20:15:27.633+0000 7f3c00c00700 1 -- 172.21.15.8:0/2954781870 <== mon.0 v2:172.21.15.8:3300/0 2 ==== config(27 keys) v1 ==== 1044+0+0 (secure 0 0 0) 0x7f3bf8010db0 con 0x7f3c0407cfb0
2024-04-26T20:15:32.403 INFO:teuthology.orchestra.run.smithi008.stdout:/usr/bin/ceph: stderr
2024-04-26T20:15:27.633+0000 7f3c0b600700 1 -- 172.21.15.8:0/2954781870 --> [v2:172.21.15.8:3300/0,v1:172.21.15.8:6789/0] -- mon_subscribe({mgrmap=0+}) v3 -- 0x7f3c04118420 con 0x7f3c0407cfb0
2024-04-26T20:15:32.403 INFO:teuthology.orchestra.run.smithi008.stdout:/usr/bin/ceph: stderr
2024-04-26T20:15:27.633+0000 7f3c00c00700 1 -- 172.21.15.8:0/2954781870 <== mon.0 v2:172.21.15.8:3300/0 3 ==== mon_map magic: 0 v1 ==== 229+0+0 (secure 0 0 0) 0x7f3bf801ad60 con 0x7f3c0407cfb0
2024-04-26T20:15:32.403 INFO:teuthology.orchestra.run.smithi008.stdout:/usr/bin/ceph: stderr
2024-04-26T20:15:27.634+0000 7f3c0b600700 1 -- 172.21.15.8:0/2954781870 --> [v2:172.21.15.8:3300/0,v1:172.21.15.8:6789/0] -- mon_subscribe({osdmap=0}) v3 -- 0x7f3c04118f90 con 0x7f3c0407cfb0
2024-04-26T20:15:32.404 INFO:teuthology.orchestra.run.smithi008.stdout:/usr/bin/ceph: stderr
2024-04-26T20:15:27.635+0000 7f3c00c00700 1 -- 172.21.15.8:0/2954781870 <== mon.0 v2:172.21.15.8:3300/0 4 ==== mgrmap(e 8) v1 ==== 43376+0+0 (secure 0 0 0) 0x7f3bf801a5c0 con 0x7f3c0407cfb0
2024-04-26T20:15:32.406 INFO:teuthology.orchestra.run.smithi008.stdout:/usr/bin/ceph: stderr
2024-04-26T20:15:27.635+0000 7f3c0b600700 1 -- 172.21.15.8:0/2954781870 --> [v2:172.21.15.8:3300/0,v1:172.21.15.8:6789/0] -- mon_command({"prefix": "get_command_descriptions"} v 0) v1 -- 0x7f3c0405f5c0 con 0x7f3c0407cfb0
2024-04-26T20:15:32.406 INFO:teuthology.orchestra.run.smithi008.stdout:/usr/bin/ceph: stderr
2024-04-26T20:15:27.635+0000 7f3c00c00700 1 --2- 172.21.15.8:0/2954781870 >> [v2:172.21.15.8:6800/1434934844,v1:172.21.15.8:6801/1434934844] conn(0x7f3bec0367e0 0x7f3bec038c90 unknown :-1 s=NONE pgs=0 cs=0 l=1 rev1=0 crypto rx=0 tx=0 comp rx=0 tx=0).connect
2024-04-26T20:15:32.406 INFO:teuthology.orchestra.run.smithi008.stdout:/usr/bin/ceph: stderr
2024-04-26T20:15:27.635+0000 7f3c00c00700 1 -- 172.21.15.8:0/2954781870 <== mon.0 v2:172.21.15.8:3300/0 5 ==== osd_map(2..2 src has 1..2) v4 ==== 936+0+0 (secure 0 0 0) 0x7f3bf804abc0 con 0x7f3c0407cfb0
2024-04-26T20:15:32.406 INFO:teuthology.orchestra.run.smithi008.stdout:/usr/bin/ceph: stderr
2024-04-26T20:15:27.636+0000 7f3c03e00700 1 --2- 172.21.15.8:0/2954781870 >> [v2:172.21.15.8:6800/1434934844,v1:172.21.15.8:6801/1434934844] conn(0x7f3bec0367e0 0x7f3bec038c90 unknown :-1 s=BANNER_CONNECTING pgs=0 cs=0 l=1 rev1=0 crypto rx=0 tx=0 comp rx=0 tx=0)._handle_peer_banner_payload supported=3 required=0
2024-04-26T20:15:32.406 INFO:teuthology.orchestra.run.smithi008.stdout:/usr/bin/ceph: stderr
2024-04-26T20:15:27.636+0000 7f3c03e00700 1 --2- 172.21.15.8:0/2954781870 >> [v2:172.21.15.8:6800/1434934844,v1:172.21.15.8:6801/1434934844] conn(0x7f3bec0367e0 0x7f3bec038c90 secure :-1 s=READY pgs=11 cs=0 l=1 rev1=1 crypto rx=0x7f3bf0009990 tx=0x7f3bf0006e40 comp rx=0 tx=0).ready entity=mgr.14120 client_cookie=0 server_cookie=0 in_seq=0 out_seq=0
2024-04-26T20:15:32.406 INFO:teuthology.orchestra.run.smithi008.stdout:/usr/bin/ceph: stderr
2024-04-26T20:15:27.641+0000 7f3c00c00700 1 -- 172.21.15.8:0/2954781870 <== mon.0 v2:172.21.15.8:3300/0 6 ==== mon_command_ack([{"prefix": "get_command_descriptions"}]=0 v0) v1 ==== 72+0+176702 (secure 0 0 0) 0x7f3bf8023dd0 con 0x7f3c0407cfb0
2024-04-26T20:15:32.406 INFO:teuthology.orchestra.run.smithi008.stdout:/usr/bin/ceph: stderr
2024-04-26T20:15:27.862+0000 7f3c0b600700 1 -- 172.21.15.8:0/2954781870 --> [v2:172.21.15.8:6800/1434934844,v1:172.21.15.8:6801/1434934844] -- mgr_command(tid 0: {"prefix": "orch host add", "hostname": "smithi008", "addr": "172.21.15.8", "target": ["mon-mgr", ""]}) v1 -- 0x7f3c04079700 con 0x7f3bec0367e0
2024-04-26T20:15:32.406 INFO:teuthology.orchestra.run.smithi008.stdout:/usr/bin/ceph: stderr
2024-04-26T20:15:31.676+0000 7f3c00c00700 1 -- 172.21.15.8:0/2954781870 <== mgr.14120 v2:172.21.15.8:6800/1434934844 1 ==== mgr_command_reply(tid 0: 0 ) v1 ==== 8+0+47 (secure 0 0 0) 0x7f3c04079700 con 0x7f3bec0367e0
2024-04-26T20:15:32.406 INFO:teuthology.orchestra.run.smithi008.stdout:/usr/bin/ceph: stderr
2024-04-26T20:15:31.680+0000 7f3c0b600700 1 -- 172.21.15.8:0/2954781870 >> [v2:172.21.15.8:6800/1434934844,v1:172.21.15.8:6801/1434934844] conn(0x7f3bec0367e0 msgr2=0x7f3bec038c90 secure :-1 s=STATE_CONNECTION_ESTABLISHED l=1).mark_down
2024-04-26T20:15:32.406 INFO:teuthology.orchestra.run.smithi008.stdout:/usr/bin/ceph: stderr
2024-04-26T20:15:31.680+0000 7f3c0b600700 1 --2- 172.21.15.8:0/2954781870 >> [v2:172.21.15.8:6800/1434934844,v1:172.21.15.8:6801/1434934844] conn(0x7f3bec0367e0 0x7f3bec038c90 secure :-1 s=READY pgs=11 cs=0 l=1 rev1=1 crypto rx=0x7f3bf0009990 tx=0x7f3bf0006e40 comp rx=0 tx=0).stop
2024-04-26T20:15:32.406 INFO:teuthology.orchestra.run.smithi008.stdout:/usr/bin/ceph: stderr
2024-04-26T20:15:31.680+0000 7f3c0b600700 1 -- 172.21.15.8:0/2954781870 >> [v2:172.21.15.8:3300/0,v1:172.21.15.8:6789/0] conn(0x7f3c0407cfb0 msgr2=0x7f3c04117ce0 secure :-1 s=STATE_CONNECTION_ESTABLISHED l=1).mark_down
2024-04-26T20:15:32.406 INFO:teuthology.orchestra.run.smithi008.stdout:/usr/bin/ceph: stderr
2024-04-26T20:15:31.680+0000 7f3c0b600700 1 --2- 172.21.15.8:0/2954781870 >> [v2:172.21.15.8:3300/0,v1:172.21.15.8:6789/0] conn(0x7f3c0407cfb0 0x7f3c04117ce0 secure :-1 s=READY pgs=46 cs=0 l=1 rev1=1 crypto rx=0x7f3bf8011bd0 tx=0x7f3bf8009250 comp rx=0 tx=0).stop
2024-04-26T20:15:32.407 INFO:teuthology.orchestra.run.smithi008.stdout:/usr/bin/ceph: stderr
2024-04-26T20:15:31.681+0000 7f3c0b600700 1 -- 172.21.15.8:0/2954781870 shutdown_connections
2024-04-26T20:15:32.407 INFO:teuthology.orchestra.run.smithi008.stdout:/usr/bin/ceph: stderr
2024-04-26T20:15:31.681+0000 7f3c0b600700 1 --2- 172.21.15.8:0/2954781870 >> [v2:172.21.15.8:6800/1434934844,v1:172.21.15.8:6801/1434934844] conn(0x7f3bec0367e0 0x7f3bec038c90 unknown :-1 s=CLOSED pgs=11 cs=0 l=1 rev1=1 crypto rx=0 tx=0 comp rx=0 tx=0).stop
2024-04-26T20:15:32.407 INFO:teuthology.orchestra.run.smithi008.stdout:/usr/bin/ceph: stderr
2024-04-26T20:15:31.681+0000 7f3c0b600700 1 --2- 172.21.15.8:0/2954781870 >> [v2:172.21.15.8:3300/0,v1:172.21.15.8:6789/0] conn(0x7f3c0407cfb0 0x7f3c04117ce0 unknown :-1 s=CLOSED pgs=46 cs=0 l=1 rev1=1 crypto rx=0 tx=0 comp rx=0 tx=0).stop
2024-04-26T20:15:32.407 INFO:teuthology.orchestra.run.smithi008.stdout:/usr/bin/ceph: stderr
2024-04-26T20:15:31.681+0000 7f3c0b600700 1 -- 172.21.15.8:0/2954781870 >> 172.21.15.8:0/2954781870 conn(0x7f3c040782f0 msgr2=0x7f3c04078f30 unknown :-1 s=STATE_NONE l=0).mark_down
2024-04-26T20:15:32.407 INFO:teuthology.orchestra.run.smithi008.stdout:/usr/bin/ceph: stderr
2024-04-26T20:15:31.681+0000 7f3c0b600700 1 -- 172.21.15.8:0/2954781870 shutdown_connections
2024-04-26T20:15:32.407 INFO:teuthology.orchestra.run.smithi008.stdout:/usr/bin/ceph: stderr
2024-04-26T20:15:31.681+0000 7f3c0b600700 1 -- 172.21.15.8:0/2954781870 wait complete.
2024-04-26T20:15:32.407 INFO:teuthology.orchestra.run.smithi008.stdout:Deploying mon service with default placement...
2024-04-26T20:15:32.927 INFO:journalctl@ceph.mon.smithi008.smithi008.stdout:Apr 26 20:15:32 smithi008 ceph-mon[25481]: from='mgr.14120 172.21.15.8:0/841858813' entity='mgr.smithi008.kdptki'
2024-04-26T20:15:32.927 INFO:journalctl@ceph.mon.smithi008.smithi008.stdout:Apr 26 20:15:32 smithi008 ceph-mon[25481]: Added host smithi008
2024-04-26T20:15:32.927 INFO:journalctl@ceph.mon.smithi008.smithi008.stdout:Apr 26 20:15:32 smithi008 ceph-mon[25481]: from='mgr.14120 172.21.15.8:0/841858813' entity='mgr.smithi008.kdptki' cmd=[{"prefix": "config dump", "format": "json"}]: dispatch
2024-04-26T20:15:34.030 INFO:teuthology.orchestra.run.smithi008.stdout:/usr/bin/ceph: stdout Scheduled mon update...
2024-04-26T20:15:34.030 INFO:teuthology.orchestra.run.smithi008.stdout:/usr/bin/ceph: stderr
2024-04-26T20:15:33.088+0000 7fead9a00700 1 Processor -- start
2024-04-26T20:15:34.030 INFO:teuthology.orchestra.run.smithi008.stdout:/usr/bin/ceph: stderr
2024-04-26T20:15:33.089+0000 7fead9a00700 1 -- start start
2024-04-26T20:15:34.030 INFO:teuthology.orchestra.run.smithi008.stdout:/usr/bin/ceph: stderr
2024-04-26T20:15:33.089+0000 7fead9a00700 1 --2- >> [v2:172.21.15.8:3300/0,v1:172.21.15.8:6789/0] conn(0x7fead41028d0 0x7fead4102ce0 unknown :-1 s=NONE pgs=0 cs=0 l=0 rev1=0 crypto rx=0 tx=0 comp rx=0 tx=0).connect
2024-04-26T20:15:34.030 INFO:teuthology.orchestra.run.smithi008.stdout:/usr/bin/ceph: stderr
2024-04-26T20:15:33.089+0000 7fead9a00700 1 -- --> [v2:172.21.15.8:3300/0,v1:172.21.15.8:6789/0] -- mon_getmap magic: 0 v1 -- 0x7fead4103220 con 0x7fead41028d0
2024-04-26T20:15:34.030 INFO:teuthology.orchestra.run.smithi008.stdout:/usr/bin/ceph: stderr
2024-04-26T20:15:33.090+0000 7fead2a00700 1 --2- >> [v2:172.21.15.8:3300/0,v1:172.21.15.8:6789/0] conn(0x7fead41028d0 0x7fead4102ce0 unknown :-1 s=BANNER_CONNECTING pgs=0 cs=0 l=0 rev1=0 crypto rx=0 tx=0 comp rx=0 tx=0)._handle_peer_banner_payload supported=3 required=0
2024-04-26T20:15:34.030 INFO:teuthology.orchestra.run.smithi008.stdout:/usr/bin/ceph: stderr
2024-04-26T20:15:33.090+0000 7fead2a00700 1 --2- >> [v2:172.21.15.8:3300/0,v1:172.21.15.8:6789/0] conn(0x7fead41028d0 0x7fead4102ce0 unknown :-1 s=HELLO_CONNECTING pgs=0 cs=0 l=0 rev1=1 crypto rx=0 tx=0 comp rx=0 tx=0).handle_hello peer v2:172.21.15.8:3300/0 says I am v2:172.21.15.8:42830/0 (socket says 172.21.15.8:42830)
2024-04-26T20:15:34.030 INFO:teuthology.orchestra.run.smithi008.stdout:/usr/bin/ceph: stderr
2024-04-26T20:15:33.090+0000 7fead2a00700 1 -- 172.21.15.8:0/3476879952 learned_addr learned my addr 172.21.15.8:0/3476879952 (peer_addr_for_me v2:172.21.15.8:0/0)
2024-04-26T20:15:34.033 INFO:teuthology.orchestra.run.smithi008.stdout:/usr/bin/ceph: stderr
2024-04-26T20:15:33.090+0000 7fead2a00700 1 -- 172.21.15.8:0/3476879952 --> [v2:172.21.15.8:3300/0,v1:172.21.15.8:6789/0] -- mon_subscribe({config=0+,monmap=0+}) v3 -- 0x7fead4103360 con 0x7fead41028d0
2024-04-26T20:15:34.033 INFO:teuthology.orchestra.run.smithi008.stdout:/usr/bin/ceph: stderr
2024-04-26T20:15:33.091+0000 7fead2a00700 1 --2- 172.21.15.8:0/3476879952 >> [v2:172.21.15.8:3300/0,v1:172.21.15.8:6789/0] conn(0x7fead41028d0 0x7fead4102ce0 secure :-1 s=READY pgs=47 cs=0 l=1 rev1=1 crypto rx=0x7feac4009e50 tx=0x7feac4009840 comp rx=0 tx=0).ready entity=mon.0 client_cookie=3f87316b0b5f100a server_cookie=0 in_seq=0 out_seq=0
2024-04-26T20:15:34.033 INFO:teuthology.orchestra.run.smithi008.stdout:/usr/bin/ceph: stderr
2024-04-26T20:15:33.091+0000 7fead2000700 1 -- 172.21.15.8:0/3476879952 <== mon.0 v2:172.21.15.8:3300/0 1 ==== mon_map magic: 0 v1 ==== 229+0+0 (secure 0 0 0) 0x7feac40092e0 con 0x7fead41028d0
2024-04-26T20:15:34.033 INFO:teuthology.orchestra.run.smithi008.stdout:/usr/bin/ceph: stderr
2024-04-26T20:15:33.091+0000 7fead2000700 1 -- 172.21.15.8:0/3476879952 <== mon.0 v2:172.21.15.8:3300/0 2 ==== config(27 keys) v1 ==== 1044+0+0 (secure 0 0 0) 0x7feac4012430 con 0x7fead41028d0
2024-04-26T20:15:34.033 INFO:teuthology.orchestra.run.smithi008.stdout:/usr/bin/ceph: stderr
2024-04-26T20:15:33.091+0000 7fead2000700 1 -- 172.21.15.8:0/3476879952 <== mon.0 v2:172.21.15.8:3300/0 3 ==== mon_map magic: 0 v1 ==== 229+0+0 (secure 0 0 0) 0x7feac40075c0 con 0x7fead41028d0
2024-04-26T20:15:34.033 INFO:teuthology.orchestra.run.smithi008.stdout:/usr/bin/ceph: stderr
2024-04-26T20:15:33.092+0000 7fead9a00700 1 -- 172.21.15.8:0/3476879952 >> [v2:172.21.15.8:3300/0,v1:172.21.15.8:6789/0] conn(0x7fead41028d0 msgr2=0x7fead4102ce0 secure :-1 s=STATE_CONNECTION_ESTABLISHED l=1).mark_down
2024-04-26T20:15:34.033 INFO:teuthology.orchestra.run.smithi008.stdout:/usr/bin/ceph: stderr
2024-04-26T20:15:33.092+0000 7fead9a00700 1 --2- 172.21.15.8:0/3476879952 >> [v2:172.21.15.8:3300/0,v1:172.21.15.8:6789/0] conn(0x7fead41028d0 0x7fead4102ce0 secure :-1 s=READY pgs=47 cs=0 l=1 rev1=1 crypto rx=0x7feac4009e50 tx=0x7feac4009840 comp rx=0 tx=0).stop
2024-04-26T20:15:34.033 INFO:teuthology.orchestra.run.smithi008.stdout:/usr/bin/ceph: stderr
2024-04-26T20:15:33.092+0000 7fead9a00700 1 -- 172.21.15.8:0/3476879952 shutdown_connections
2024-04-26T20:15:34.033 INFO:teuthology.orchestra.run.smithi008.stdout:/usr/bin/ceph: stderr
2024-04-26T20:15:33.092+0000 7fead9a00700 1 --2- 172.21.15.8:0/3476879952 >> [v2:172.21.15.8:3300/0,v1:172.21.15.8:6789/0] conn(0x7fead41028d0 0x7fead4102ce0 unknown :-1 s=CLOSED pgs=47 cs=0 l=1 rev1=1 crypto rx=0 tx=0 comp rx=0 tx=0).stop
2024-04-26T20:15:34.033 INFO:teuthology.orchestra.run.smithi008.stdout:/usr/bin/ceph: stderr
2024-04-26T20:15:33.092+0000 7fead9a00700 1 -- 172.21.15.8:0/3476879952 >> 172.21.15.8:0/3476879952 conn(0x7fead40fdff0 msgr2=0x7fead4100460 unknown :-1 s=STATE_NONE l=0).mark_down
2024-04-26T20:15:34.033 INFO:teuthology.orchestra.run.smithi008.stdout:/usr/bin/ceph: stderr
2024-04-26T20:15:33.092+0000 7fead9a00700 1 -- 172.21.15.8:0/3476879952 shutdown_connections
2024-04-26T20:15:34.033 INFO:teuthology.orchestra.run.smithi008.stdout:/usr/bin/ceph: stderr
2024-04-26T20:15:33.092+0000 7fead9a00700 1 -- 172.21.15.8:0/3476879952 wait complete.
2024-04-26T20:15:34.034 INFO:teuthology.orchestra.run.smithi008.stdout:/usr/bin/ceph: stderr
2024-04-26T20:15:33.093+0000 7fead9a00700 1 Processor -- start
2024-04-26T20:15:34.034 INFO:teuthology.orchestra.run.smithi008.stdout:/usr/bin/ceph: stderr
2024-04-26T20:15:33.093+0000 7fead9a00700 1 -- start start
2024-04-26T20:15:34.034 INFO:teuthology.orchestra.run.smithi008.stdout:/usr/bin/ceph: stderr
2024-04-26T20:15:33.093+0000 7fead9a00700 1 --2- >> [v2:172.21.15.8:3300/0,v1:172.21.15.8:6789/0] conn(0x7fead41028d0 0x7fead4113900 unknown :-1 s=NONE pgs=0 cs=0 l=1 rev1=0 crypto rx=0 tx=0 comp rx=0 tx=0).connect
2024-04-26T20:15:34.034 INFO:teuthology.orchestra.run.smithi008.stdout:/usr/bin/ceph: stderr
2024-04-26T20:15:33.093+0000 7fead9a00700 1 -- --> [v2:172.21.15.8:3300/0,v1:172.21.15.8:6789/0] -- mon_getmap magic: 0 v1 -- 0x7fead4113e40 con 0x7fead41028d0
2024-04-26T20:15:34.034 INFO:teuthology.orchestra.run.smithi008.stdout:/usr/bin/ceph: stderr
2024-04-26T20:15:33.094+0000 7fead2a00700 1 --2- >> [v2:172.21.15.8:3300/0,v1:172.21.15.8:6789/0] conn(0x7fead41028d0 0x7fead4113900 unknown :-1 s=BANNER_CONNECTING pgs=0 cs=0 l=1 rev1=0 crypto rx=0 tx=0 comp rx=0 tx=0)._handle_peer_banner_payload supported=3 required=0
2024-04-26T20:15:34.034 INFO:teuthology.orchestra.run.smithi008.stdout:/usr/bin/ceph: stderr
2024-04-26T20:15:33.094+0000 7fead2a00700 1 --2- >> [v2:172.21.15.8:3300/0,v1:172.21.15.8:6789/0] conn(0x7fead41028d0 0x7fead4113900 unknown :-1 s=HELLO_CONNECTING pgs=0 cs=0 l=1 rev1=1 crypto rx=0 tx=0 comp rx=0 tx=0).handle_hello peer v2:172.21.15.8:3300/0 says I am v2:172.21.15.8:42832/0 (socket says 172.21.15.8:42832)
2024-04-26T20:15:34.034 INFO:teuthology.orchestra.run.smithi008.stdout:/usr/bin/ceph: stderr
2024-04-26T20:15:33.094+0000 7fead2a00700 1 -- 172.21.15.8:0/686269396 learned_addr learned my addr 172.21.15.8:0/686269396 (peer_addr_for_me v2:172.21.15.8:0/0)
2024-04-26T20:15:34.034 INFO:teuthology.orchestra.run.smithi008.stdout:/usr/bin/ceph: stderr
2024-04-26T20:15:33.094+0000 7fead2a00700 1 -- 172.21.15.8:0/686269396 --> [v2:172.21.15.8:3300/0,v1:172.21.15.8:6789/0] -- mon_subscribe({config=0+,monmap=0+}) v3 -- 0x7feac4009ae0 con 0x7fead41028d0
2024-04-26T20:15:34.034 INFO:teuthology.orchestra.run.smithi008.stdout:/usr/bin/ceph: stderr
2024-04-26T20:15:33.094+0000 7fead2a00700 1 --2- 172.21.15.8:0/686269396 >> [v2:172.21.15.8:3300/0,v1:172.21.15.8:6789/0] conn(0x7fead41028d0 0x7fead4113900 secure :-1 s=READY pgs=48 cs=0 l=1 rev1=1 crypto rx=0x7feac4009fd0 tx=0x7feac4009840 comp rx=0 tx=0).ready entity=mon.0 client_cookie=0 server_cookie=0 in_seq=0 out_seq=0
2024-04-26T20:15:34.037 INFO:teuthology.orchestra.run.smithi008.stdout:/usr/bin/ceph: stderr
2024-04-26T20:15:33.095+0000 7feacb400700 1 -- 172.21.15.8:0/686269396 <== mon.0 v2:172.21.15.8:3300/0 1 ==== mon_map magic: 0 v1 ==== 229+0+0 (secure 0 0 0) 0x7feac40092e0 con 0x7fead41028d0
2024-04-26T20:15:34.037 INFO:teuthology.orchestra.run.smithi008.stdout:/usr/bin/ceph: stderr
2024-04-26T20:15:33.095+0000 7feacb400700 1 -- 172.21.15.8:0/686269396 <== mon.0 v2:172.21.15.8:3300/0 2 ==== config(27 keys) v1 ==== 1044+0+0 (secure 0 0 0) 0x7feac4007cc0 con 0x7fead41028d0
2024-04-26T20:15:34.037 INFO:teuthology.orchestra.run.smithi008.stdout:/usr/bin/ceph: stderr
2024-04-26T20:15:33.095+0000 7feacb400700 1 -- 172.21.15.8:0/686269396 <== mon.0 v2:172.21.15.8:3300/0 3 ==== mon_map magic: 0 v1 ==== 229+0+0 (secure 0 0 0) 0x7feac401c9a0 con 0x7fead41028d0
2024-04-26T20:15:34.037 INFO:teuthology.orchestra.run.smithi008.stdout:/usr/bin/ceph: stderr
2024-04-26T20:15:33.095+0000 7fead9a00700 1 -- 172.21.15.8:0/686269396 --> [v2:172.21.15.8:3300/0,v1:172.21.15.8:6789/0] -- mon_subscribe({mgrmap=0+}) v3 -- 0x7fead4114040 con 0x7fead41028d0
2024-04-26T20:15:34.037 INFO:teuthology.orchestra.run.smithi008.stdout:/usr/bin/ceph: stderr
2024-04-26T20:15:33.095+0000 7fead9a00700 1 -- 172.21.15.8:0/686269396 --> [v2:172.21.15.8:3300/0,v1:172.21.15.8:6789/0] -- mon_subscribe({osdmap=0}) v3 -- 0x7fead4114bb0 con 0x7fead41028d0
2024-04-26T20:15:34.037 INFO:teuthology.orchestra.run.smithi008.stdout:/usr/bin/ceph: stderr
2024-04-26T20:15:33.096+0000 7feacb400700 1 -- 172.21.15.8:0/686269396 <== mon.0 v2:172.21.15.8:3300/0 4 ==== mgrmap(e 8) v1 ==== 43376+0+0 (secure 0 0 0) 0x7feac4019070 con 0x7fead41028d0
2024-04-26T20:15:34.037 INFO:teuthology.orchestra.run.smithi008.stdout:/usr/bin/ceph: stderr
2024-04-26T20:15:33.096+0000 7fead9a00700 1 -- 172.21.15.8:0/686269396 --> [v2:172.21.15.8:3300/0,v1:172.21.15.8:6789/0] -- mon_command({"prefix": "get_command_descriptions"} v 0) v1 -- 0x7fead405f5c0 con 0x7fead41028d0
2024-04-26T20:15:34.037 INFO:teuthology.orchestra.run.smithi008.stdout:/usr/bin/ceph: stderr
2024-04-26T20:15:33.096+0000 7feacb400700 1 --2- 172.21.15.8:0/686269396 >> [v2:172.21.15.8:6800/1434934844,v1:172.21.15.8:6801/1434934844] conn(0x7feab80367e0 0x7feab8038c90 unknown :-1 s=NONE pgs=0 cs=0 l=1 rev1=0 crypto rx=0 tx=0 comp rx=0 tx=0).connect
2024-04-26T20:15:34.037 INFO:teuthology.orchestra.run.smithi008.stdout:/usr/bin/ceph: stderr
2024-04-26T20:15:33.096+0000 7feacb400700 1 -- 172.21.15.8:0/686269396 <== mon.0 v2:172.21.15.8:3300/0 5 ==== osd_map(2..2 src has 1..2) v4 ==== 936+0+0 (secure 0 0 0) 0x7feac4049d50 con 0x7fead41028d0
2024-04-26T20:15:34.037 INFO:teuthology.orchestra.run.smithi008.stdout:/usr/bin/ceph: stderr
2024-04-26T20:15:33.097+0000 7feaca000700 1 --2- 172.21.15.8:0/686269396 >> [v2:172.21.15.8:6800/1434934844,v1:172.21.15.8:6801/1434934844] conn(0x7feab80367e0 0x7feab8038c90 unknown :-1 s=BANNER_CONNECTING pgs=0 cs=0 l=1 rev1=0 crypto rx=0 tx=0 comp rx=0 tx=0)._handle_peer_banner_payload supported=3 required=0
2024-04-26T20:15:34.038 INFO:teuthology.orchestra.run.smithi008.stdout:/usr/bin/ceph: stderr
2024-04-26T20:15:33.097+0000 7feaca000700 1 --2- 172.21.15.8:0/686269396 >> [v2:172.21.15.8:6800/1434934844,v1:172.21.15.8:6801/1434934844] conn(0x7feab80367e0 0x7feab8038c90 secure :-1 s=READY pgs=12 cs=0 l=1 rev1=1 crypto rx=0x7feabc009990 tx=0x7feabc006e40 comp rx=0 tx=0).ready entity=mgr.14120 client_cookie=0 server_cookie=0 in_seq=0 out_seq=0
2024-04-26T20:15:34.038 INFO:teuthology.orchestra.run.smithi008.stdout:/usr/bin/ceph: stderr
2024-04-26T20:15:33.102+0000 7feacb400700 1 -- 172.21.15.8:0/686269396 <== mon.0 v2:172.21.15.8:3300/0 6 ==== mon_command_ack([{"prefix": "get_command_descriptions"}]=0 v0) v1 ==== 72+0+176702 (secure 0 0 0) 0x7feac400bc30 con 0x7fead41028d0
2024-04-26T20:15:34.038 INFO:teuthology.orchestra.run.smithi008.stdout:/usr/bin/ceph: stderr
2024-04-26T20:15:33.331+0000 7fead9a00700 1 -- 172.21.15.8:0/686269396 --> [v2:172.21.15.8:6800/1434934844,v1:172.21.15.8:6801/1434934844] -- mgr_command(tid 0: {"prefix": "orch apply", "service_type": "mon", "target": ["mon-mgr", ""]}) v1 -- 0x7fead40ff2f0 con 0x7feab80367e0
2024-04-26T20:15:34.038 INFO:teuthology.orchestra.run.smithi008.stdout:/usr/bin/ceph: stderr
2024-04-26T20:15:33.341+0000 7feacb400700 1 -- 172.21.15.8:0/686269396 <== mgr.14120 v2:172.21.15.8:6800/1434934844 1 ==== mgr_command_reply(tid 0: 0 ) v1 ==== 8+0+24 (secure 0 0 0) 0x7fead40ff2f0 con 0x7feab80367e0
2024-04-26T20:15:34.038 INFO:teuthology.orchestra.run.smithi008.stdout:/usr/bin/ceph: stderr
2024-04-26T20:15:33.344+0000 7fead9a00700 1 -- 172.21.15.8:0/686269396 >> [v2:172.21.15.8:6800/1434934844,v1:172.21.15.8:6801/1434934844] conn(0x7feab80367e0 msgr2=0x7feab8038c90 secure :-1 s=STATE_CONNECTION_ESTABLISHED l=1).mark_down
2024-04-26T20:15:34.038 INFO:teuthology.orchestra.run.smithi008.stdout:/usr/bin/ceph: stderr
2024-04-26T20:15:33.344+0000 7fead9a00700 1 --2- 172.21.15.8:0/686269396 >> [v2:172.21.15.8:6800/1434934844,v1:172.21.15.8:6801/1434934844] conn(0x7feab80367e0 0x7feab8038c90 secure :-1 s=READY pgs=12 cs=0 l=1 rev1=1 crypto rx=0x7feabc009990 tx=0x7feabc006e40 comp rx=0 tx=0).stop
2024-04-26T20:15:34.038 INFO:teuthology.orchestra.run.smithi008.stdout:/usr/bin/ceph: stderr
2024-04-26T20:15:33.344+0000 7fead9a00700 1 -- 172.21.15.8:0/686269396 >> [v2:172.21.15.8:3300/0,v1:172.21.15.8:6789/0] conn(0x7fead41028d0 msgr2=0x7fead4113900 secure :-1 s=STATE_CONNECTION_ESTABLISHED l=1).mark_down
2024-04-26T20:15:34.038 INFO:teuthology.orchestra.run.smithi008.stdout:/usr/bin/ceph: stderr
2024-04-26T20:15:33.344+0000 7fead9a00700 1 --2- 172.21.15.8:0/686269396 >> [v2:172.21.15.8:3300/0,v1:172.21.15.8:6789/0] conn(0x7fead41028d0 0x7fead4113900 secure :-1 s=READY pgs=48 cs=0 l=1 rev1=1 crypto rx=0x7feac4009fd0 tx=0x7feac4009840 comp rx=0 tx=0).stop
2024-04-26T20:15:34.038 INFO:teuthology.orchestra.run.smithi008.stdout:/usr/bin/ceph: stderr
2024-04-26T20:15:33.344+0000 7fead9a00700 1 -- 172.21.15.8:0/686269396 shutdown_connections
2024-04-26T20:15:34.038 INFO:teuthology.orchestra.run.smithi008.stdout:/usr/bin/ceph: stderr
2024-04-26T20:15:33.344+0000 7fead9a00700 1 --2- 172.21.15.8:0/686269396 >> [v2:172.21.15.8:6800/1434934844,v1:172.21.15.8:6801/1434934844] conn(0x7feab80367e0 0x7feab8038c90 unknown :-1 s=CLOSED pgs=12 cs=0 l=1 rev1=1 crypto rx=0 tx=0 comp rx=0 tx=0).stop
