2024-04-26T20:15:38.673+0000 7faed5000700 1 --2- 172.21.15.8:0/3780934952 >> [v2:172.21.15.8:6800/1434934844,v1:172.21.15.8:6801/1434934844] conn(0x7faeb4036790 0x7faeb4038c40 unknown :-1 s=CLOSED pgs=15 cs=0 l=1 rev1=1 crypto rx=0 tx=0 comp rx=0 tx=0).stop
2024-04-26T20:15:39.757 INFO:teuthology.orchestra.run.smithi008.stdout:/usr/bin/ceph: stderr
2024-04-26T20:15:38.673+0000 7faed5000700 1 --2- 172.21.15.8:0/3780934952 >> [v2:172.21.15.8:3300/0,v1:172.21.15.8:6789/0] conn(0x7faed0077ad0 0x7faed0113900 unknown :-1 s=CLOSED pgs=54 cs=0 l=1 rev1=1 crypto rx=0 tx=0 comp rx=0 tx=0).stop
2024-04-26T20:15:39.757 INFO:teuthology.orchestra.run.smithi008.stdout:/usr/bin/ceph: stderr
2024-04-26T20:15:38.673+0000 7faed5000700 1 -- 172.21.15.8:0/3780934952 >> 172.21.15.8:0/3780934952 conn(0x7faed00fdff0 msgr2=0x7faed00fec50 unknown :-1 s=STATE_NONE l=0).mark_down
2024-04-26T20:15:39.757 INFO:teuthology.orchestra.run.smithi008.stdout:/usr/bin/ceph: stderr
2024-04-26T20:15:38.673+0000 7faed5000700 1 -- 172.21.15.8:0/3780934952 shutdown_connections
2024-04-26T20:15:39.757 INFO:teuthology.orchestra.run.smithi008.stdout:/usr/bin/ceph: stderr
2024-04-26T20:15:38.673+0000 7faed5000700 1 -- 172.21.15.8:0/3780934952 wait complete.
2024-04-26T20:15:39.758 INFO:teuthology.orchestra.run.smithi008.stdout:Deploying grafana service with default placement...
2024-04-26T20:15:41.256 INFO:teuthology.orchestra.run.smithi008.stdout:/usr/bin/ceph: stdout Scheduled grafana update...
2024-04-26T20:15:41.256 INFO:teuthology.orchestra.run.smithi008.stdout:/usr/bin/ceph: stderr
2024-04-26T20:15:40.328+0000 7f70f9400700 1 Processor -- start
2024-04-26T20:15:41.257 INFO:teuthology.orchestra.run.smithi008.stdout:/usr/bin/ceph: stderr
2024-04-26T20:15:40.328+0000 7f70f9400700 1 -- start start
2024-04-26T20:15:41.257 INFO:teuthology.orchestra.run.smithi008.stdout:/usr/bin/ceph: stderr
2024-04-26T20:15:40.329+0000 7f70f9400700 1 --2- >> [v2:172.21.15.8:3300/0,v1:172.21.15.8:6789/0] conn(0x7f70f4102720 0x7f70f4102b30 unknown :-1 s=NONE pgs=0 cs=0 l=0 rev1=0 crypto rx=0 tx=0 comp rx=0 tx=0).connect
2024-04-26T20:15:41.257 INFO:teuthology.orchestra.run.smithi008.stdout:/usr/bin/ceph: stderr
2024-04-26T20:15:40.329+0000 7f70f9400700 1 -- --> [v2:172.21.15.8:3300/0,v1:172.21.15.8:6789/0] -- mon_getmap magic: 0 v1 -- 0x7f70f4103070 con 0x7f70f4102720
2024-04-26T20:15:41.257 INFO:teuthology.orchestra.run.smithi008.stdout:/usr/bin/ceph: stderr
2024-04-26T20:15:40.330+0000 7f70f3e00700 1 --2- >> [v2:172.21.15.8:3300/0,v1:172.21.15.8:6789/0] conn(0x7f70f4102720 0x7f70f4102b30 unknown :-1 s=BANNER_CONNECTING pgs=0 cs=0 l=0 rev1=0 crypto rx=0 tx=0 comp rx=0 tx=0)._handle_peer_banner_payload supported=3 required=0
2024-04-26T20:15:41.258 INFO:teuthology.orchestra.run.smithi008.stdout:/usr/bin/ceph: stderr
2024-04-26T20:15:40.330+0000 7f70f3e00700 1 --2- >> [v2:172.21.15.8:3300/0,v1:172.21.15.8:6789/0] conn(0x7f70f4102720 0x7f70f4102b30 unknown :-1 s=HELLO_CONNECTING pgs=0 cs=0 l=0 rev1=1 crypto rx=0 tx=0 comp rx=0 tx=0).handle_hello peer v2:172.21.15.8:3300/0 says I am v2:172.21.15.8:41410/0 (socket says 172.21.15.8:41410)
2024-04-26T20:15:41.258 INFO:teuthology.orchestra.run.smithi008.stdout:/usr/bin/ceph: stderr
2024-04-26T20:15:40.330+0000 7f70f3e00700 1 -- 172.21.15.8:0/2145667698 learned_addr learned my addr 172.21.15.8:0/2145667698 (peer_addr_for_me v2:172.21.15.8:0/0)
2024-04-26T20:15:41.258 INFO:teuthology.orchestra.run.smithi008.stdout:/usr/bin/ceph: stderr
2024-04-26T20:15:40.330+0000 7f70f3e00700 1 -- 172.21.15.8:0/2145667698 --> [v2:172.21.15.8:3300/0,v1:172.21.15.8:6789/0] -- mon_subscribe({config=0+,monmap=0+}) v3 -- 0x7f70f41031b0 con 0x7f70f4102720
2024-04-26T20:15:41.258 INFO:teuthology.orchestra.run.smithi008.stdout:/usr/bin/ceph: stderr
2024-04-26T20:15:40.331+0000 7f70f3e00700 1 --2- 172.21.15.8:0/2145667698 >> [v2:172.21.15.8:3300/0,v1:172.21.15.8:6789/0] conn(0x7f70f4102720 0x7f70f4102b30 secure :-1 s=READY pgs=55 cs=0 l=1 rev1=1 crypto rx=0x7f70e40098e0 tx=0x7f70e4009250 comp rx=0 tx=0).ready entity=mon.0 client_cookie=917ec2346c076176 server_cookie=0 in_seq=0 out_seq=0
2024-04-26T20:15:41.259 INFO:teuthology.orchestra.run.smithi008.stdout:/usr/bin/ceph: stderr
2024-04-26T20:15:40.331+0000 7f70f2a00700 1 -- 172.21.15.8:0/2145667698 <== mon.0 v2:172.21.15.8:3300/0 1 ==== mon_map magic: 0 v1 ==== 229+0+0 (secure 0 0 0) 0x7f70e400b860 con 0x7f70f4102720
2024-04-26T20:15:41.259 INFO:teuthology.orchestra.run.smithi008.stdout:/usr/bin/ceph: stderr
2024-04-26T20:15:40.331+0000 7f70f2a00700 1 -- 172.21.15.8:0/2145667698 <== mon.0 v2:172.21.15.8:3300/0 2 ==== config(27 keys) v1 ==== 1109+0+0 (secure 0 0 0) 0x7f70e400be90 con 0x7f70f4102720
2024-04-26T20:15:41.259 INFO:teuthology.orchestra.run.smithi008.stdout:/usr/bin/ceph: stderr
2024-04-26T20:15:40.331+0000 7f70f2a00700 1 -- 172.21.15.8:0/2145667698 <== mon.0 v2:172.21.15.8:3300/0 3 ==== mon_map magic: 0 v1 ==== 229+0+0 (secure 0 0 0) 0x7f70e40103c0 con 0x7f70f4102720
2024-04-26T20:15:41.259 INFO:teuthology.orchestra.run.smithi008.stdout:/usr/bin/ceph: stderr
2024-04-26T20:15:40.332+0000 7f70f9400700 1 -- 172.21.15.8:0/2145667698 >> [v2:172.21.15.8:3300/0,v1:172.21.15.8:6789/0] conn(0x7f70f4102720 msgr2=0x7f70f4102b30 secure :-1 s=STATE_CONNECTION_ESTABLISHED l=1).mark_down
2024-04-26T20:15:41.259 INFO:teuthology.orchestra.run.smithi008.stdout:/usr/bin/ceph: stderr
2024-04-26T20:15:40.332+0000 7f70f9400700 1 --2- 172.21.15.8:0/2145667698 >> [v2:172.21.15.8:3300/0,v1:172.21.15.8:6789/0] conn(0x7f70f4102720 0x7f70f4102b30 secure :-1 s=READY pgs=55 cs=0 l=1 rev1=1 crypto rx=0x7f70e40098e0 tx=0x7f70e4009250 comp rx=0 tx=0).stop
2024-04-26T20:15:41.263 INFO:teuthology.orchestra.run.smithi008.stdout:/usr/bin/ceph: stderr
2024-04-26T20:15:40.332+0000 7f70f9400700 1 -- 172.21.15.8:0/2145667698 shutdown_connections
2024-04-26T20:15:41.263 INFO:teuthology.orchestra.run.smithi008.stdout:/usr/bin/ceph: stderr
2024-04-26T20:15:40.332+0000 7f70f9400700 1 --2- 172.21.15.8:0/2145667698 >> [v2:172.21.15.8:3300/0,v1:172.21.15.8:6789/0] conn(0x7f70f4102720 0x7f70f4102b30 unknown :-1 s=CLOSED pgs=55 cs=0 l=1 rev1=1 crypto rx=0 tx=0 comp rx=0 tx=0).stop
2024-04-26T20:15:41.263 INFO:teuthology.orchestra.run.smithi008.stdout:/usr/bin/ceph: stderr
2024-04-26T20:15:40.332+0000 7f70f9400700 1 -- 172.21.15.8:0/2145667698 >> 172.21.15.8:0/2145667698 conn(0x7f70f40fdee0 msgr2=0x7f70f41002f0 unknown :-1 s=STATE_NONE l=0).mark_down
2024-04-26T20:15:41.263 INFO:teuthology.orchestra.run.smithi008.stdout:/usr/bin/ceph: stderr
2024-04-26T20:15:40.333+0000 7f70f9400700 1 -- 172.21.15.8:0/2145667698 shutdown_connections
2024-04-26T20:15:41.263 INFO:teuthology.orchestra.run.smithi008.stdout:/usr/bin/ceph: stderr
2024-04-26T20:15:40.333+0000 7f70f9400700 1 -- 172.21.15.8:0/2145667698 wait complete.
2024-04-26T20:15:41.263 INFO:teuthology.orchestra.run.smithi008.stdout:/usr/bin/ceph: stderr
2024-04-26T20:15:40.334+0000 7f70f9400700 1 Processor -- start
2024-04-26T20:15:41.263 INFO:teuthology.orchestra.run.smithi008.stdout:/usr/bin/ceph: stderr
2024-04-26T20:15:40.334+0000 7f70f9400700 1 -- start start
2024-04-26T20:15:41.263 INFO:teuthology.orchestra.run.smithi008.stdout:/usr/bin/ceph: stderr
2024-04-26T20:15:40.334+0000 7f70f9400700 1 --2- >> [v2:172.21.15.8:3300/0,v1:172.21.15.8:6789/0] conn(0x7f70f4102720 0x7f70f4111550 unknown :-1 s=NONE pgs=0 cs=0 l=1 rev1=0 crypto rx=0 tx=0 comp rx=0 tx=0).connect
2024-04-26T20:15:41.263 INFO:teuthology.orchestra.run.smithi008.stdout:/usr/bin/ceph: stderr
2024-04-26T20:15:40.334+0000 7f70f9400700 1 -- --> [v2:172.21.15.8:3300/0,v1:172.21.15.8:6789/0] -- mon_getmap magic: 0 v1 -- 0x7f70f4111a90 con 0x7f70f4102720
2024-04-26T20:15:41.263 INFO:teuthology.orchestra.run.smithi008.stdout:/usr/bin/ceph: stderr
2024-04-26T20:15:40.334+0000 7f70f3e00700 1 --2- >> [v2:172.21.15.8:3300/0,v1:172.21.15.8:6789/0] conn(0x7f70f4102720 0x7f70f4111550 unknown :-1 s=BANNER_CONNECTING pgs=0 cs=0 l=1 rev1=0 crypto rx=0 tx=0 comp rx=0 tx=0)._handle_peer_banner_payload supported=3 required=0
2024-04-26T20:15:41.263 INFO:teuthology.orchestra.run.smithi008.stdout:/usr/bin/ceph: stderr
2024-04-26T20:15:40.335+0000 7f70f3e00700 1 --2- >> [v2:172.21.15.8:3300/0,v1:172.21.15.8:6789/0] conn(0x7f70f4102720 0x7f70f4111550 unknown :-1 s=HELLO_CONNECTING pgs=0 cs=0 l=1 rev1=1 crypto rx=0 tx=0 comp rx=0 tx=0).handle_hello peer v2:172.21.15.8:3300/0 says I am v2:172.21.15.8:41426/0 (socket says 172.21.15.8:41426)
2024-04-26T20:15:41.263 INFO:teuthology.orchestra.run.smithi008.stdout:/usr/bin/ceph: stderr
2024-04-26T20:15:40.335+0000 7f70f3e00700 1 -- 172.21.15.8:0/2011516621 learned_addr learned my addr 172.21.15.8:0/2011516621 (peer_addr_for_me v2:172.21.15.8:0/0)
2024-04-26T20:15:41.263 INFO:teuthology.orchestra.run.smithi008.stdout:/usr/bin/ceph: stderr
2024-04-26T20:15:40.335+0000 7f70f3e00700 1 -- 172.21.15.8:0/2011516621 --> [v2:172.21.15.8:3300/0,v1:172.21.15.8:6789/0] -- mon_subscribe({config=0+,monmap=0+}) v3 -- 0x7f70e40094f0 con 0x7f70f4102720
2024-04-26T20:15:41.264 INFO:teuthology.orchestra.run.smithi008.stdout:/usr/bin/ceph: stderr
2024-04-26T20:15:40.335+0000 7f70f3e00700 1 --2- 172.21.15.8:0/2011516621 >> [v2:172.21.15.8:3300/0,v1:172.21.15.8:6789/0] conn(0x7f70f4102720 0x7f70f4111550 secure :-1 s=READY pgs=56 cs=0 l=1 rev1=1 crypto rx=0x7f70e4006b00 tx=0x7f70e4009250 comp rx=0 tx=0).ready entity=mon.0 client_cookie=0 server_cookie=0 in_seq=0 out_seq=0
2024-04-26T20:15:41.264 INFO:teuthology.orchestra.run.smithi008.stdout:/usr/bin/ceph: stderr
2024-04-26T20:15:40.336+0000 7f70ebe00700 1 -- 172.21.15.8:0/2011516621 <== mon.0 v2:172.21.15.8:3300/0 1 ==== mon_map magic: 0 v1 ==== 229+0+0 (secure 0 0 0) 0x7f70e4010840 con 0x7f70f4102720
2024-04-26T20:15:41.264 INFO:teuthology.orchestra.run.smithi008.stdout:/usr/bin/ceph: stderr
2024-04-26T20:15:40.336+0000 7f70ebe00700 1 -- 172.21.15.8:0/2011516621 <== mon.0 v2:172.21.15.8:3300/0 2 ==== config(27 keys) v1 ==== 1109+0+0 (secure 0 0 0) 0x7f70e4010e70 con 0x7f70f4102720
2024-04-26T20:15:41.264 INFO:teuthology.orchestra.run.smithi008.stdout:/usr/bin/ceph: stderr
2024-04-26T20:15:40.336+0000 7f70f9400700 1 -- 172.21.15.8:0/2011516621 --> [v2:172.21.15.8:3300/0,v1:172.21.15.8:6789/0] -- mon_subscribe({mgrmap=0+}) v3 -- 0x7f70f4111c90 con 0x7f70f4102720
2024-04-26T20:15:41.264 INFO:teuthology.orchestra.run.smithi008.stdout:/usr/bin/ceph: stderr
2024-04-26T20:15:40.336+0000 7f70f9400700 1 -- 172.21.15.8:0/2011516621 --> [v2:172.21.15.8:3300/0,v1:172.21.15.8:6789/0] -- mon_subscribe({osdmap=0}) v3 -- 0x7f70f4112800 con 0x7f70f4102720
2024-04-26T20:15:41.264 INFO:teuthology.orchestra.run.smithi008.stdout:/usr/bin/ceph: stderr
2024-04-26T20:15:40.336+0000 7f70ebe00700 1 -- 172.21.15.8:0/2011516621 <== mon.0 v2:172.21.15.8:3300/0 3 ==== mon_map magic: 0 v1 ==== 229+0+0 (secure 0 0 0) 0x7f70e401ae70 con 0x7f70f4102720
2024-04-26T20:15:41.264 INFO:teuthology.orchestra.run.smithi008.stdout:/usr/bin/ceph: stderr
2024-04-26T20:15:40.337+0000 7f70ebe00700 1 -- 172.21.15.8:0/2011516621 <== mon.0 v2:172.21.15.8:3300/0 4 ==== mgrmap(e 8) v1 ==== 43376+0+0 (secure 0 0 0) 0x7f70e401a780 con 0x7f70f4102720
2024-04-26T20:15:41.264 INFO:teuthology.orchestra.run.smithi008.stdout:/usr/bin/ceph: stderr
2024-04-26T20:15:40.337+0000 7f70f9400700 1 -- 172.21.15.8:0/2011516621 --> [v2:172.21.15.8:3300/0,v1:172.21.15.8:6789/0] -- mon_command({"prefix": "get_command_descriptions"} v 0) v1 -- 0x7f70f405f5c0 con 0x7f70f4102720
2024-04-26T20:15:41.264 INFO:teuthology.orchestra.run.smithi008.stdout:/usr/bin/ceph: stderr
2024-04-26T20:15:40.337+0000 7f70ebe00700 1 --2- 172.21.15.8:0/2011516621 >> [v2:172.21.15.8:6800/1434934844,v1:172.21.15.8:6801/1434934844] conn(0x7f70d8036790 0x7f70d8038c40 unknown :-1 s=NONE pgs=0 cs=0 l=1 rev1=0 crypto rx=0 tx=0 comp rx=0 tx=0).connect
2024-04-26T20:15:41.264 INFO:teuthology.orchestra.run.smithi008.stdout:/usr/bin/ceph: stderr
2024-04-26T20:15:40.337+0000 7f70ebe00700 1 -- 172.21.15.8:0/2011516621 <== mon.0 v2:172.21.15.8:3300/0 5 ==== osd_map(2..2 src has 1..2) v4 ==== 936+0+0 (secure 0 0 0) 0x7f70e404ac30 con 0x7f70f4102720
2024-04-26T20:15:41.264 INFO:teuthology.orchestra.run.smithi008.stdout:/usr/bin/ceph: stderr
2024-04-26T20:15:40.338+0000 7f70f3400700 1 --2- 172.21.15.8:0/2011516621 >> [v2:172.21.15.8:6800/1434934844,v1:172.21.15.8:6801/1434934844] conn(0x7f70d8036790 0x7f70d8038c40 unknown :-1 s=BANNER_CONNECTING pgs=0 cs=0 l=1 rev1=0 crypto rx=0 tx=0 comp rx=0 tx=0)._handle_peer_banner_payload supported=3 required=0
2024-04-26T20:15:41.264 INFO:teuthology.orchestra.run.smithi008.stdout:/usr/bin/ceph: stderr
2024-04-26T20:15:40.339+0000 7f70f3400700 1 --2- 172.21.15.8:0/2011516621 >> [v2:172.21.15.8:6800/1434934844,v1:172.21.15.8:6801/1434934844] conn(0x7f70d8036790 0x7f70d8038c40 secure :-1 s=READY pgs=16 cs=0 l=1 rev1=1 crypto rx=0x7f70e0009990 tx=0x7f70e0006e40 comp rx=0 tx=0).ready entity=mgr.14120 client_cookie=0 server_cookie=0 in_seq=0 out_seq=0
2024-04-26T20:15:41.264 INFO:teuthology.orchestra.run.smithi008.stdout:/usr/bin/ceph: stderr
2024-04-26T20:15:40.342+0000 7f70ebe00700 1 -- 172.21.15.8:0/2011516621 <== mon.0 v2:172.21.15.8:3300/0 6 ==== mon_command_ack([{"prefix": "get_command_descriptions"}]=0 v0) v1 ==== 72+0+176702 (secure 0 0 0) 0x7f70e402cb80 con 0x7f70f4102720
2024-04-26T20:15:41.264 INFO:teuthology.orchestra.run.smithi008.stdout:/usr/bin/ceph: stderr
2024-04-26T20:15:40.571+0000 7f70f9400700 1 -- 172.21.15.8:0/2011516621 --> [v2:172.21.15.8:6800/1434934844,v1:172.21.15.8:6801/1434934844] -- mgr_command(tid 0: {"prefix": "orch apply", "service_type": "grafana", "target": ["mon-mgr", ""]}) v1 -- 0x7f70f40ff140 con 0x7f70d8036790
2024-04-26T20:15:41.265 INFO:teuthology.orchestra.run.smithi008.stdout:/usr/bin/ceph: stderr
2024-04-26T20:15:40.580+0000 7f70ebe00700 1 -- 172.21.15.8:0/2011516621 <== mgr.14120 v2:172.21.15.8:6800/1434934844 1 ==== mgr_command_reply(tid 0: 0 ) v1 ==== 8+0+28 (secure 0 0 0) 0x7f70f40ff140 con 0x7f70d8036790
2024-04-26T20:15:41.265 INFO:teuthology.orchestra.run.smithi008.stdout:/usr/bin/ceph: stderr
2024-04-26T20:15:40.583+0000 7f70f9400700 1 -- 172.21.15.8:0/2011516621 >> [v2:172.21.15.8:6800/1434934844,v1:172.21.15.8:6801/1434934844] conn(0x7f70d8036790 msgr2=0x7f70d8038c40 secure :-1 s=STATE_CONNECTION_ESTABLISHED l=1).mark_down
2024-04-26T20:15:41.265 INFO:teuthology.orchestra.run.smithi008.stdout:/usr/bin/ceph: stderr
2024-04-26T20:15:40.583+0000 7f70f9400700 1 --2- 172.21.15.8:0/2011516621 >> [v2:172.21.15.8:6800/1434934844,v1:172.21.15.8:6801/1434934844] conn(0x7f70d8036790 0x7f70d8038c40 secure :-1 s=READY pgs=16 cs=0 l=1 rev1=1 crypto rx=0x7f70e0009990 tx=0x7f70e0006e40 comp rx=0 tx=0).stop
2024-04-26T20:15:41.265 INFO:teuthology.orchestra.run.smithi008.stdout:/usr/bin/ceph: stderr
2024-04-26T20:15:40.583+0000 7f70f9400700 1 -- 172.21.15.8:0/2011516621 >> [v2:172.21.15.8:3300/0,v1:172.21.15.8:6789/0] conn(0x7f70f4102720 msgr2=0x7f70f4111550 secure :-1 s=STATE_CONNECTION_ESTABLISHED l=1).mark_down
2024-04-26T20:15:41.265 INFO:teuthology.orchestra.run.smithi008.stdout:/usr/bin/ceph: stderr
2024-04-26T20:15:40.583+0000 7f70f9400700 1 --2- 172.21.15.8:0/2011516621 >> [v2:172.21.15.8:3300/0,v1:172.21.15.8:6789/0] conn(0x7f70f4102720 0x7f70f4111550 secure :-1 s=READY pgs=56 cs=0 l=1 rev1=1 crypto rx=0x7f70e4006b00 tx=0x7f70e4009250 comp rx=0 tx=0).stop
2024-04-26T20:15:41.265 INFO:teuthology.orchestra.run.smithi008.stdout:/usr/bin/ceph: stderr
2024-04-26T20:15:40.583+0000 7f70f9400700 1 -- 172.21.15.8:0/2011516621 shutdown_connections
2024-04-26T20:15:41.265 INFO:teuthology.orchestra.run.smithi008.stdout:/usr/bin/ceph: stderr
2024-04-26T20:15:40.583+0000 7f70f9400700 1 --2- 172.21.15.8:0/2011516621 >> [v2:172.21.15.8:6800/1434934844,v1:172.21.15.8:6801/1434934844] conn(0x7f70d8036790 0x7f70d8038c40 unknown :-1 s=CLOSED pgs=16 cs=0 l=1 rev1=1 crypto rx=0 tx=0 comp rx=0 tx=0).stop
2024-04-26T20:15:41.265 INFO:teuthology.orchestra.run.smithi008.stdout:/usr/bin/ceph: stderr
2024-04-26T20:15:40.583+0000 7f70f9400700 1 --2- 172.21.15.8:0/2011516621 >> [v2:172.21.15.8:3300/0,v1:172.21.15.8:6789/0] conn(0x7f70f4102720 0x7f70f4111550 unknown :-1 s=CLOSED pgs=56 cs=0 l=1 rev1=1 crypto rx=0 tx=0 comp rx=0 tx=0).stop
2024-04-26T20:15:41.265 INFO:teuthology.orchestra.run.smithi008.stdout:/usr/bin/ceph: stderr
2024-04-26T20:15:40.583+0000 7f70f9400700 1 -- 172.21.15.8:0/2011516621 >> 172.21.15.8:0/2011516621 conn(0x7f70f40fdee0 msgr2=0x7f70f40fea10 unknown :-1 s=STATE_NONE l=0).mark_down
2024-04-26T20:15:41.266 INFO:teuthology.orchestra.run.smithi008.stdout:/usr/bin/ceph: stderr
2024-04-26T20:15:40.584+0000 7f70f9400700 1 -- 172.21.15.8:0/2011516621 shutdown_connections
2024-04-26T20:15:41.266 INFO:teuthology.orchestra.run.smithi008.stdout:/usr/bin/ceph: stderr
2024-04-26T20:15:40.584+0000 7f70f9400700 1 -- 172.21.15.8:0/2011516621 wait complete.
2024-04-26T20:15:41.266 INFO:teuthology.orchestra.run.smithi008.stdout:Deploying node-exporter service with default placement...
2024-04-26T20:15:41.832 INFO:journalctl@ceph.mon.smithi008.smithi008.stdout:Apr 26 20:15:41 smithi008 ceph-mon[25481]: from='client.14150 -' entity='client.admin' cmd=[{"prefix": "orch apply", "service_type": "grafana", "target": ["mon-mgr", ""]}]: dispatch
2024-04-26T20:15:41.832 INFO:journalctl@ceph.mon.smithi008.smithi008.stdout:Apr 26 20:15:41 smithi008 ceph-mon[25481]: Saving service grafana spec with placement count:1
2024-04-26T20:15:41.832 INFO:journalctl@ceph.mon.smithi008.smithi008.stdout:Apr 26 20:15:41 smithi008 ceph-mon[25481]: from='mgr.14120 172.21.15.8:0/841858813' entity='mgr.smithi008.kdptki'
2024-04-26T20:15:41.832 INFO:journalctl@ceph.mon.smithi008.smithi008.stdout:Apr 26 20:15:41 smithi008 ceph-mon[25481]: pgmap v4: 0 pgs: ; 0 B data, 0 B used, 0 B / 0 B avail
2024-04-26T20:15:41.832 INFO:journalctl@ceph.mon.smithi008.smithi008.stdout:Apr 26 20:15:41 smithi008 ceph-mon[25481]: from='mgr.14120 172.21.15.8:0/841858813' entity='mgr.smithi008.kdptki'
2024-04-26T20:15:42.802 INFO:teuthology.orchestra.run.smithi008.stdout:/usr/bin/ceph: stdout Scheduled node-exporter update...
2024-04-26T20:15:42.803 INFO:teuthology.orchestra.run.smithi008.stdout:/usr/bin/ceph: stderr
2024-04-26T20:15:41.895+0000 7f90e2c00700 1 Processor -- start
2024-04-26T20:15:42.803 INFO:teuthology.orchestra.run.smithi008.stdout:/usr/bin/ceph: stderr
2024-04-26T20:15:41.895+0000 7f90e2c00700 1 -- start start
2024-04-26T20:15:42.803 INFO:teuthology.orchestra.run.smithi008.stdout:/usr/bin/ceph: stderr
2024-04-26T20:15:41.895+0000 7f90e2c00700 1 --2- >> [v2:172.21.15.8:3300/0,v1:172.21.15.8:6789/0] conn(0x7f90dc077b10 0x7f90dc076110 unknown :-1 s=NONE pgs=0 cs=0 l=0 rev1=0 crypto rx=0 tx=0 comp rx=0 tx=0).connect
2024-04-26T20:15:42.803 INFO:teuthology.orchestra.run.smithi008.stdout:/usr/bin/ceph: stderr
2024-04-26T20:15:41.895+0000 7f90e2c00700 1 -- --> [v2:172.21.15.8:3300/0,v1:172.21.15.8:6789/0] -- mon_getmap magic: 0 v1 -- 0x7f90dc077f20 con 0x7f90dc077b10
2024-04-26T20:15:42.803 INFO:teuthology.orchestra.run.smithi008.stdout:/usr/bin/ceph: stderr
2024-04-26T20:15:41.895+0000 7f90dbe00700 1 --2- >> [v2:172.21.15.8:3300/0,v1:172.21.15.8:6789/0] conn(0x7f90dc077b10 0x7f90dc076110 unknown :-1 s=BANNER_CONNECTING pgs=0 cs=0 l=0 rev1=0 crypto rx=0 tx=0 comp rx=0 tx=0)._handle_peer_banner_payload supported=3 required=0
2024-04-26T20:15:42.803 INFO:teuthology.orchestra.run.smithi008.stdout:/usr/bin/ceph: stderr
2024-04-26T20:15:41.895+0000 7f90dbe00700 1 --2- >> [v2:172.21.15.8:3300/0,v1:172.21.15.8:6789/0] conn(0x7f90dc077b10 0x7f90dc076110 unknown :-1 s=HELLO_CONNECTING pgs=0 cs=0 l=0 rev1=1 crypto rx=0 tx=0 comp rx=0 tx=0).handle_hello peer v2:172.21.15.8:3300/0 says I am v2:172.21.15.8:41428/0 (socket says 172.21.15.8:41428)
2024-04-26T20:15:42.803 INFO:teuthology.orchestra.run.smithi008.stdout:/usr/bin/ceph: stderr
2024-04-26T20:15:41.895+0000 7f90dbe00700 1 -- 172.21.15.8:0/1469149499 learned_addr learned my addr 172.21.15.8:0/1469149499 (peer_addr_for_me v2:172.21.15.8:0/0)
2024-04-26T20:15:42.803 INFO:teuthology.orchestra.run.smithi008.stdout:/usr/bin/ceph: stderr
2024-04-26T20:15:41.896+0000 7f90dbe00700 1 -- 172.21.15.8:0/1469149499 --> [v2:172.21.15.8:3300/0,v1:172.21.15.8:6789/0] -- mon_subscribe({config=0+,monmap=0+}) v3 -- 0x7f90dc076650 con 0x7f90dc077b10
2024-04-26T20:15:42.803 INFO:teuthology.orchestra.run.smithi008.stdout:/usr/bin/ceph: stderr
2024-04-26T20:15:41.896+0000 7f90dbe00700 1 --2- 172.21.15.8:0/1469149499 >> [v2:172.21.15.8:3300/0,v1:172.21.15.8:6789/0] conn(0x7f90dc077b10 0x7f90dc076110 secure :-1 s=READY pgs=57 cs=0 l=1 rev1=1 crypto rx=0x7f90cc0098e0 tx=0x7f90cc009250 comp rx=0 tx=0).ready entity=mon.0 client_cookie=56bc8c4a0e4bcaf5 server_cookie=0 in_seq=0 out_seq=0
2024-04-26T20:15:42.803 INFO:teuthology.orchestra.run.smithi008.stdout:/usr/bin/ceph: stderr
2024-04-26T20:15:41.896+0000 7f90daa00700 1 -- 172.21.15.8:0/1469149499 <== mon.0 v2:172.21.15.8:3300/0 1 ==== mon_map magic: 0 v1 ==== 229+0+0 (secure 0 0 0) 0x7f90cc00b860 con 0x7f90dc077b10
2024-04-26T20:15:42.803 INFO:teuthology.orchestra.run.smithi008.stdout:/usr/bin/ceph: stderr
2024-04-26T20:15:41.897+0000 7f90daa00700 1 -- 172.21.15.8:0/1469149499 <== mon.0 v2:172.21.15.8:3300/0 2 ==== config(27 keys) v1 ==== 1109+0+0 (secure 0 0 0) 0x7f90cc00be90 con 0x7f90dc077b10
2024-04-26T20:15:42.803 INFO:teuthology.orchestra.run.smithi008.stdout:/usr/bin/ceph: stderr
2024-04-26T20:15:41.897+0000 7f90daa00700 1 -- 172.21.15.8:0/1469149499 <== mon.0 v2:172.21.15.8:3300/0 3 ==== mon_map magic: 0 v1 ==== 229+0+0 (secure 0 0 0) 0x7f90cc0103c0 con 0x7f90dc077b10
2024-04-26T20:15:42.804 INFO:teuthology.orchestra.run.smithi008.stdout:/usr/bin/ceph: stderr
2024-04-26T20:15:41.897+0000 7f90e2c00700 1 -- 172.21.15.8:0/1469149499 >> [v2:172.21.15.8:3300/0,v1:172.21.15.8:6789/0] conn(0x7f90dc077b10 msgr2=0x7f90dc076110 secure :-1 s=STATE_CONNECTION_ESTABLISHED l=1).mark_down
2024-04-26T20:15:42.804 INFO:teuthology.orchestra.run.smithi008.stdout:/usr/bin/ceph: stderr
2024-04-26T20:15:41.897+0000 7f90e2c00700 1 --2- 172.21.15.8:0/1469149499 >> [v2:172.21.15.8:3300/0,v1:172.21.15.8:6789/0] conn(0x7f90dc077b10 0x7f90dc076110 secure :-1 s=READY pgs=57 cs=0 l=1 rev1=1 crypto rx=0x7f90cc0098e0 tx=0x7f90cc009250 comp rx=0 tx=0).stop
2024-04-26T20:15:42.804 INFO:teuthology.orchestra.run.smithi008.stdout:/usr/bin/ceph: stderr
2024-04-26T20:15:41.897+0000 7f90e2c00700 1 -- 172.21.15.8:0/1469149499 shutdown_connections
2024-04-26T20:15:42.804 INFO:teuthology.orchestra.run.smithi008.stdout:/usr/bin/ceph: stderr
2024-04-26T20:15:41.897+0000 7f90e2c00700 1 --2- 172.21.15.8:0/1469149499 >> [v2:172.21.15.8:3300/0,v1:172.21.15.8:6789/0] conn(0x7f90dc077b10 0x7f90dc076110 unknown :-1 s=CLOSED pgs=57 cs=0 l=1 rev1=1 crypto rx=0 tx=0 comp rx=0 tx=0).stop
2024-04-26T20:15:42.804 INFO:teuthology.orchestra.run.smithi008.stdout:/usr/bin/ceph: stderr
2024-04-26T20:15:41.897+0000 7f90e2c00700 1 -- 172.21.15.8:0/1469149499 >> 172.21.15.8:0/1469149499 conn(0x7f90dc0fe020 msgr2=0x7f90dc100470 unknown :-1 s=STATE_NONE l=0).mark_down
2024-04-26T20:15:42.804 INFO:teuthology.orchestra.run.smithi008.stdout:/usr/bin/ceph: stderr
2024-04-26T20:15:41.898+0000 7f90e2c00700 1 -- 172.21.15.8:0/1469149499 shutdown_connections
2024-04-26T20:15:42.804 INFO:teuthology.orchestra.run.smithi008.stdout:/usr/bin/ceph: stderr
2024-04-26T20:15:41.898+0000 7f90e2c00700 1 -- 172.21.15.8:0/1469149499 wait complete.
2024-04-26T20:15:42.804 INFO:teuthology.orchestra.run.smithi008.stdout:/usr/bin/ceph: stderr
2024-04-26T20:15:41.898+0000 7f90e2c00700 1 Processor -- start
2024-04-26T20:15:42.804 INFO:teuthology.orchestra.run.smithi008.stdout:/usr/bin/ceph: stderr
2024-04-26T20:15:41.899+0000 7f90e2c00700 1 -- start start
2024-04-26T20:15:42.804 INFO:teuthology.orchestra.run.smithi008.stdout:/usr/bin/ceph: stderr
2024-04-26T20:15:41.899+0000 7f90e2c00700 1 --2- >> [v2:172.21.15.8:3300/0,v1:172.21.15.8:6789/0] conn(0x7f90dc077b10 0x7f90dc113910 unknown :-1 s=NONE pgs=0 cs=0 l=1 rev1=0 crypto rx=0 tx=0 comp rx=0 tx=0).connect
2024-04-26T20:15:42.804 INFO:teuthology.orchestra.run.smithi008.stdout:/usr/bin/ceph: stderr
2024-04-26T20:15:41.899+0000 7f90e2c00700 1 -- --> [v2:172.21.15.8:3300/0,v1:172.21.15.8:6789/0] -- mon_getmap magic: 0 v1 -- 0x7f90dc113e50 con 0x7f90dc077b10
2024-04-26T20:15:42.804 INFO:teuthology.orchestra.run.smithi008.stdout:/usr/bin/ceph: stderr
2024-04-26T20:15:41.899+0000 7f90dbe00700 1 --2- >> [v2:172.21.15.8:3300/0,v1:172.21.15.8:6789/0] conn(0x7f90dc077b10 0x7f90dc113910 unknown :-1 s=BANNER_CONNECTING pgs=0 cs=0 l=1 rev1=0 crypto rx=0 tx=0 comp rx=0 tx=0)._handle_peer_banner_payload supported=3 required=0
2024-04-26T20:15:42.804 INFO:teuthology.orchestra.run.smithi008.stdout:/usr/bin/ceph: stderr
2024-04-26T20:15:41.899+0000 7f90dbe00700 1 --2- >> [v2:172.21.15.8:3300/0,v1:172.21.15.8:6789/0] conn(0x7f90dc077b10 0x7f90dc113910 unknown :-1 s=HELLO_CONNECTING pgs=0 cs=0 l=1 rev1=1 crypto rx=0 tx=0 comp rx=0 tx=0).handle_hello peer v2:172.21.15.8:3300/0 says I am v2:172.21.15.8:41430/0 (socket says 172.21.15.8:41430)
2024-04-26T20:15:42.805 INFO:teuthology.orchestra.run.smithi008.stdout:/usr/bin/ceph: stderr
2024-04-26T20:15:41.899+0000 7f90dbe00700 1 -- 172.21.15.8:0/548315693 learned_addr learned my addr 172.21.15.8:0/548315693 (peer_addr_for_me v2:172.21.15.8:0/0)
2024-04-26T20:15:42.805 INFO:teuthology.orchestra.run.smithi008.stdout:/usr/bin/ceph: stderr
2024-04-26T20:15:41.900+0000 7f90dbe00700 1 -- 172.21.15.8:0/548315693 --> [v2:172.21.15.8:3300/0,v1:172.21.15.8:6789/0] -- mon_subscribe({config=0+,monmap=0+}) v3 -- 0x7f90cc0094f0 con 0x7f90dc077b10
2024-04-26T20:15:42.805 INFO:teuthology.orchestra.run.smithi008.stdout:/usr/bin/ceph: stderr
2024-04-26T20:15:41.900+0000 7f90dbe00700 1 --2- 172.21.15.8:0/548315693 >> [v2:172.21.15.8:3300/0,v1:172.21.15.8:6789/0] conn(0x7f90dc077b10 0x7f90dc113910 secure :-1 s=READY pgs=58 cs=0 l=1 rev1=1 crypto rx=0x7f90cc006d40 tx=0x7f90cc009250 comp rx=0 tx=0).ready entity=mon.0 client_cookie=0 server_cookie=0 in_seq=0 out_seq=0
2024-04-26T20:15:42.805 INFO:teuthology.orchestra.run.smithi008.stdout:/usr/bin/ceph: stderr
2024-04-26T20:15:41.900+0000 7f90d3e00700 1 -- 172.21.15.8:0/548315693 <== mon.0 v2:172.21.15.8:3300/0 1 ==== mon_map magic: 0 v1 ==== 229+0+0 (secure 0 0 0) 0x7f90cc010840 con 0x7f90dc077b10
2024-04-26T20:15:42.805 INFO:teuthology.orchestra.run.smithi008.stdout:/usr/bin/ceph: stderr
2024-04-26T20:15:41.900+0000 7f90d3e00700 1 -- 172.21.15.8:0/548315693 <== mon.0 v2:172.21.15.8:3300/0 2 ==== config(27 keys) v1 ==== 1109+0+0 (secure 0 0 0) 0x7f90cc010e70 con 0x7f90dc077b10
2024-04-26T20:15:42.805 INFO:teuthology.orchestra.run.smithi008.stdout:/usr/bin/ceph: stderr
2024-04-26T20:15:41.900+0000 7f90e2c00700 1 -- 172.21.15.8:0/548315693 --> [v2:172.21.15.8:3300/0,v1:172.21.15.8:6789/0] -- mon_subscribe({mgrmap=0+}) v3 -- 0x7f90dc114050 con 0x7f90dc077b10
2024-04-26T20:15:42.805 INFO:teuthology.orchestra.run.smithi008.stdout:/usr/bin/ceph: stderr
2024-04-26T20:15:41.900+0000 7f90d3e00700 1 -- 172.21.15.8:0/548315693 <== mon.0 v2:172.21.15.8:3300/0 3 ==== mon_map magic: 0 v1 ==== 229+0+0 (secure 0 0 0) 0x7f90cc024ea0 con 0x7f90dc077b10
2024-04-26T20:15:42.805 INFO:teuthology.orchestra.run.smithi008.stdout:/usr/bin/ceph: stderr
2024-04-26T20:15:41.901+0000 7f90e2c00700 1 -- 172.21.15.8:0/548315693 --> [v2:172.21.15.8:3300/0,v1:172.21.15.8:6789/0] -- mon_subscribe({osdmap=0}) v3 -- 0x7f90dc114bc0 con 0x7f90dc077b10
2024-04-26T20:15:42.805 INFO:teuthology.orchestra.run.smithi008.stdout:/usr/bin/ceph: stderr
2024-04-26T20:15:41.902+0000 7f90d3e00700 1 -- 172.21.15.8:0/548315693 <== mon.0 v2:172.21.15.8:3300/0 4 ==== mgrmap(e 8) v1 ==== 43376+0+0 (secure 0 0 0) 0x7f90cc024780 con 0x7f90dc077b10
2024-04-26T20:15:42.805 INFO:teuthology.orchestra.run.smithi008.stdout:/usr/bin/ceph: stderr
2024-04-26T20:15:41.902+0000 7f90d3e00700 1 --2- 172.21.15.8:0/548315693 >> [v2:172.21.15.8:6800/1434934844,v1:172.21.15.8:6801/1434934844] conn(0x7f90c0036790 0x7f90c0038c40 unknown :-1 s=NONE pgs=0 cs=0 l=1 rev1=0 crypto rx=0 tx=0 comp rx=0 tx=0).connect
2024-04-26T20:15:42.805 INFO:teuthology.orchestra.run.smithi008.stdout:/usr/bin/ceph: stderr
2024-04-26T20:15:41.902+0000 7f90e2c00700 1 -- 172.21.15.8:0/548315693 --> [v2:172.21.15.8:3300/0,v1:172.21.15.8:6789/0] -- mon_command({"prefix": "get_command_descriptions"} v 0) v1 -- 0x7f90dc05f5c0 con 0x7f90dc077b10
2024-04-26T20:15:42.805 INFO:teuthology.orchestra.run.smithi008.stdout:/usr/bin/ceph: stderr
2024-04-26T20:15:41.902+0000 7f90d3e00700 1 -- 172.21.15.8:0/548315693 <== mon.0 v2:172.21.15.8:3300/0 5 ==== osd_map(2..2 src has 1..2) v4 ==== 936+0+0 (secure 0 0 0) 0x7f90cc04a660 con 0x7f90dc077b10
2024-04-26T20:15:42.805 INFO:teuthology.orchestra.run.smithi008.stdout:/usr/bin/ceph: stderr
2024-04-26T20:15:41.903+0000 7f90db400700 1 --2- 172.21.15.8:0/548315693 >> [v2:172.21.15.8:6800/1434934844,v1:172.21.15.8:6801/1434934844] conn(0x7f90c0036790 0x7f90c0038c40 unknown :-1 s=BANNER_CONNECTING pgs=0 cs=0 l=1 rev1=0 crypto rx=0 tx=0 comp rx=0 tx=0)._handle_peer_banner_payload supported=3 required=0
2024-04-26T20:15:42.806 INFO:teuthology.orchestra.run.smithi008.stdout:/usr/bin/ceph: stderr
2024-04-26T20:15:41.903+0000 7f90db400700 1 --2- 172.21.15.8:0/548315693 >> [v2:172.21.15.8:6800/1434934844,v1:172.21.15.8:6801/1434934844] conn(0x7f90c0036790 0x7f90c0038c40 secure :-1 s=READY pgs=17 cs=0 l=1 rev1=1 crypto rx=0x7f90c8009990 tx=0x7f90c8006e40 comp rx=0 tx=0).ready entity=mgr.14120 client_cookie=0 server_cookie=0 in_seq=0 out_seq=0
2024-04-26T20:15:42.806 INFO:teuthology.orchestra.run.smithi008.stdout:/usr/bin/ceph: stderr
2024-04-26T20:15:41.908+0000 7f90d3e00700 1 -- 172.21.15.8:0/548315693 <== mon.0 v2:172.21.15.8:3300/0 6 ==== mon_command_ack([{"prefix": "get_command_descriptions"}]=0 v0) v1 ==== 72+0+176702 (secure 0 0 0) 0x7f90cc02c930 con 0x7f90dc077b10
2024-04-26T20:15:42.806 INFO:teuthology.orchestra.run.smithi008.stdout:/usr/bin/ceph: stderr
2024-04-26T20:15:42.152+0000 7f90e2c00700 1 -- 172.21.15.8:0/548315693 --> [v2:172.21.15.8:6800/1434934844,v1:172.21.15.8:6801/1434934844] -- mgr_command(tid 0: {"prefix": "orch apply", "service_type": "node-exporter", "target": ["mon-mgr", ""]}) v1 -- 0x7f90dc0ff3a0 con 0x7f90c0036790
2024-04-26T20:15:42.806 INFO:teuthology.orchestra.run.smithi008.stdout:/usr/bin/ceph: stderr
2024-04-26T20:15:42.163+0000 7f90d3e00700 1 -- 172.21.15.8:0/548315693 <== mgr.14120 v2:172.21.15.8:6800/1434934844 1 ==== mgr_command_reply(tid 0: 0 ) v1 ==== 8+0+34 (secure 0 0 0) 0x7f90dc0ff3a0 con 0x7f90c0036790
2024-04-26T20:15:42.806 INFO:teuthology.orchestra.run.smithi008.stdout:/usr/bin/ceph: stderr
2024-04-26T20:15:42.166+0000 7f90e2c00700 1 -- 172.21.15.8:0/548315693 >> [v2:172.21.15.8:6800/1434934844,v1:172.21.15.8:6801/1434934844] conn(0x7f90c0036790 msgr2=0x7f90c0038c40 secure :-1 s=STATE_CONNECTION_ESTABLISHED l=1).mark_down
2024-04-26T20:15:42.806 INFO:teuthology.orchestra.run.smithi008.stdout:/usr/bin/ceph: stderr
2024-04-26T20:15:42.166+0000 7f90e2c00700 1 --2- 172.21.15.8:0/548315693 >> [v2:172.21.15.8:6800/1434934844,v1:172.21.15.8:6801/1434934844] conn(0x7f90c0036790 0x7f90c0038c40 secure :-1 s=READY pgs=17 cs=0 l=1 rev1=1 crypto rx=0x7f90c8009990 tx=0x7f90c8006e40 comp rx=0 tx=0).stop
2024-04-26T20:15:42.806 INFO:teuthology.orchestra.run.smithi008.stdout:/usr/bin/ceph: stderr
2024-04-26T20:15:42.166+0000 7f90e2c00700 1 -- 172.21.15.8:0/548315693 >> [v2:172.21.15.8:3300/0,v1:172.21.15.8:6789/0] conn(0x7f90dc077b10 msgr2=0x7f90dc113910 secure :-1 s=STATE_CONNECTION_ESTABLISHED l=1).mark_down
2024-04-26T20:15:42.806 INFO:teuthology.orchestra.run.smithi008.stdout:/usr/bin/ceph: stderr
2024-04-26T20:15:42.166+0000 7f90e2c00700 1 --2- 172.21.15.8:0/548315693 >> [v2:172.21.15.8:3300/0,v1:172.21.15.8:6789/0] conn(0x7f90dc077b10 0x7f90dc113910 secure :-1 s=READY pgs=58 cs=0 l=1 rev1=1 crypto rx=0x7f90cc006d40 tx=0x7f90cc009250 comp rx=0 tx=0).stop
2024-04-26T20:15:42.806 INFO:teuthology.orchestra.run.smithi008.stdout:/usr/bin/ceph: stderr
2024-04-26T20:15:42.166+0000 7f90e2c00700 1 -- 172.21.15.8:0/548315693 shutdown_connections
2024-04-26T20:15:42.806 INFO:teuthology.orchestra.run.smithi008.stdout:/usr/bin/ceph: stderr
2024-04-26T20:15:42.166+0000 7f90e2c00700 1 --2- 172.21.15.8:0/548315693 >> [v2:172.21.15.8:6800/1434934844,v1:172.21.15.8:6801/1434934844] conn(0x7f90c0036790 0x7f90c0038c40 unknown :-1 s=CLOSED pgs=17 cs=0 l=1 rev1=1 crypto rx=0 tx=0 comp rx=0 tx=0).stop
2024-04-26T20:15:42.806 INFO:teuthology.orchestra.run.smithi008.stdout:/usr/bin/ceph: stderr
2024-04-26T20:15:42.166+0000 7f90e2c00700 1 --2- 172.21.15.8:0/548315693 >> [v2:172.21.15.8:3300/0,v1:172.21.15.8:6789/0] conn(0x7f90dc077b10 0x7f90dc113910 unknown :-1 s=CLOSED pgs=58 cs=0 l=1 rev1=1 crypto rx=0 tx=0 comp rx=0 tx=0).stop
2024-04-26T20:15:42.806 INFO:teuthology.orchestra.run.smithi008.stdout:/usr/bin/ceph: stderr
2024-04-26T20:15:42.166+0000 7f90e2c00700 1 -- 172.21.15.8:0/548315693 >> 172.21.15.8:0/548315693 conn(0x7f90dc0fe020 msgr2=0x7f90dc0fec30 unknown :-1 s=STATE_NONE l=0).mark_down
2024-04-26T20:15:42.806 INFO:teuthology.orchestra.run.smithi008.stdout:/usr/bin/ceph: stderr
2024-04-26T20:15:42.166+0000 7f90e2c00700 1 -- 172.21.15.8:0/548315693 shutdown_connections
2024-04-26T20:15:42.806 INFO:teuthology.orchestra.run.smithi008.stdout:/usr/bin/ceph: stderr
2024-04-26T20:15:42.166+0000 7f90e2c00700 1 -- 172.21.15.8:0/548315693 wait complete.
2024-04-26T20:15:42.807 INFO:teuthology.orchestra.run.smithi008.stdout:Deploying alertmanager service with default placement...
2024-04-26T20:15:43.368 INFO:journalctl@ceph.mon.smithi008.smithi008.stdout:Apr 26 20:15:43 smithi008 ceph-mon[25481]: from='client.14152 -' entity='client.admin' cmd=[{"prefix": "orch apply", "service_type": "node-exporter", "target": ["mon-mgr", ""]}]: dispatch
2024-04-26T20:15:43.368 INFO:journalctl@ceph.mon.smithi008.smithi008.stdout:Apr 26 20:15:43 smithi008 ceph-mon[25481]: Saving service node-exporter spec with placement *
2024-04-26T20:15:43.368 INFO:journalctl@ceph.mon.smithi008.smithi008.stdout:Apr 26 20:15:43 smithi008 ceph-mon[25481]: from='mgr.14120 172.21.15.8:0/841858813' entity='mgr.smithi008.kdptki'
2024-04-26T20:15:44.213 INFO:journalctl@ceph.mon.smithi008.smithi008.stdout:Apr 26 20:15:44 smithi008 ceph-mon[25481]: pgmap v5: 0 pgs: ; 0 B data, 0 B used, 0 B / 0 B avail
2024-04-26T20:15:44.918 INFO:teuthology.orchestra.run.smithi008.stdout:/usr/bin/ceph: stdout Scheduled alertmanager update...
2024-04-26T20:15:44.918 INFO:teuthology.orchestra.run.smithi008.stdout:/usr/bin/ceph: stderr
2024-04-26T20:15:43.959+0000 7f0a30200700 1 Processor -- start
2024-04-26T20:15:44.918 INFO:teuthology.orchestra.run.smithi008.stdout:/usr/bin/ceph: stderr
2024-04-26T20:15:43.960+0000 7f0a30200700 1 -- start start
2024-04-26T20:15:44.918 INFO:teuthology.orchestra.run.smithi008.stdout:/usr/bin/ceph: stderr
2024-04-26T20:15:43.960+0000 7f0a30200700 1 --2- >> [v2:172.21.15.8:3300/0,v1:172.21.15.8:6789/0] conn(0x7f0a281017e0 0x7f0a28101bf0 unknown :-1 s=NONE pgs=0 cs=0 l=0 rev1=0 crypto rx=0 tx=0 comp rx=0 tx=0).connect
2024-04-26T20:15:44.919 INFO:teuthology.orchestra.run.smithi008.stdout:/usr/bin/ceph: stderr
2024-04-26T20:15:43.960+0000 7f0a30200700 1 -- --> [v2:172.21.15.8:3300/0,v1:172.21.15.8:6789/0] -- mon_getmap magic: 0 v1 -- 0x7f0a28102130 con 0x7f0a281017e0
2024-04-26T20:15:44.919 INFO:teuthology.orchestra.run.smithi008.stdout:/usr/bin/ceph: stderr
2024-04-26T20:15:43.961+0000 7f0a2d800700 1 --2- >> [v2:172.21.15.8:3300/0,v1:172.21.15.8:6789/0] conn(0x7f0a281017e0 0x7f0a28101bf0 unknown :-1 s=BANNER_CONNECTING pgs=0 cs=0 l=0 rev1=0 crypto rx=0 tx=0 comp rx=0 tx=0)._handle_peer_banner_payload supported=3 required=0
2024-04-26T20:15:44.919 INFO:teuthology.orchestra.run.smithi008.stdout:/usr/bin/ceph: stderr
2024-04-26T20:15:43.961+0000 7f0a2d800700 1 --2- >> [v2:172.21.15.8:3300/0,v1:172.21.15.8:6789/0] conn(0x7f0a281017e0 0x7f0a28101bf0 unknown :-1 s=HELLO_CONNECTING pgs=0 cs=0 l=0 rev1=1 crypto rx=0 tx=0 comp rx=0 tx=0).handle_hello peer v2:172.21.15.8:3300/0 says I am v2:172.21.15.8:41446/0 (socket says 172.21.15.8:41446)
2024-04-26T20:15:44.920 INFO:teuthology.orchestra.run.smithi008.stdout:/usr/bin/ceph: stderr
2024-04-26T20:15:43.961+0000 7f0a2d800700 1 -- 172.21.15.8:0/2342124191 learned_addr learned my addr 172.21.15.8:0/2342124191 (peer_addr_for_me v2:172.21.15.8:0/0)
2024-04-26T20:15:44.920 INFO:teuthology.orchestra.run.smithi008.stdout:/usr/bin/ceph: stderr
2024-04-26T20:15:43.961+0000 7f0a2d800700 1 -- 172.21.15.8:0/2342124191 --> [v2:172.21.15.8:3300/0,v1:172.21.15.8:6789/0] -- mon_subscribe({config=0+,monmap=0+}) v3 -- 0x7f0a28102270 con 0x7f0a281017e0
2024-04-26T20:15:44.920 INFO:teuthology.orchestra.run.smithi008.stdout:/usr/bin/ceph: stderr
2024-04-26T20:15:43.962+0000 7f0a2d800700 1 --2- 172.21.15.8:0/2342124191 >> [v2:172.21.15.8:3300/0,v1:172.21.15.8:6789/0] conn(0x7f0a281017e0 0x7f0a28101bf0 secure :-1 s=READY pgs=59 cs=0 l=1 rev1=1 crypto rx=0x7f0a1c00d0d0 tx=0x7f0a1c00ba50 comp rx=0 tx=0).ready entity=mon.0 client_cookie=ade919f90daeac8e server_cookie=0 in_seq=0 out_seq=0
2024-04-26T20:15:44.920 INFO:teuthology.orchestra.run.smithi008.stdout:/usr/bin/ceph: stderr
2024-04-26T20:15:43.962+0000 7f0a27e00700 1 -- 172.21.15.8:0/2342124191 <== mon.0 v2:172.21.15.8:3300/0 1 ==== mon_map magic: 0 v1 ==== 229+0+0 (secure 0 0 0) 0x7f0a1c00ddf0 con 0x7f0a281017e0
2024-04-26T20:15:44.920 INFO:teuthology.orchestra.run.smithi008.stdout:/usr/bin/ceph: stderr
2024-04-26T20:15:43.962+0000 7f0a27e00700 1 -- 172.21.15.8:0/2342124191 <== mon.0 v2:172.21.15.8:3300/0 2 ==== config(27 keys) v1 ==== 1109+0+0 (secure 0 0 0) 0x7f0a1c009610 con 0x7f0a281017e0
2024-04-26T20:15:44.920 INFO:teuthology.orchestra.run.smithi008.stdout:/usr/bin/ceph: stderr
2024-04-26T20:15:43.962+0000 7f0a27e00700 1 -- 172.21.15.8:0/2342124191 <== mon.0 v2:172.21.15.8:3300/0 3 ==== mon_map magic: 0 v1 ==== 229+0+0 (secure 0 0 0) 0x7f0a1c0146c0 con 0x7f0a281017e0
2024-04-26T20:15:44.920 INFO:teuthology.orchestra.run.smithi008.stdout:/usr/bin/ceph: stderr
2024-04-26T20:15:43.962+0000 7f0a30200700 1 -- 172.21.15.8:0/2342124191 >> [v2:172.21.15.8:3300/0,v1:172.21.15.8:6789/0] conn(0x7f0a281017e0 msgr2=0x7f0a28101bf0 secure :-1 s=STATE_CONNECTION_ESTABLISHED l=1).mark_down
2024-04-26T20:15:44.920 INFO:teuthology.orchestra.run.smithi008.stdout:/usr/bin/ceph: stderr
2024-04-26T20:15:43.962+0000 7f0a30200700 1 --2- 172.21.15.8:0/2342124191 >> [v2:172.21.15.8:3300/0,v1:172.21.15.8:6789/0] conn(0x7f0a281017e0 0x7f0a28101bf0 secure :-1 s=READY pgs=59 cs=0 l=1 rev1=1 crypto rx=0x7f0a1c00d0d0 tx=0x7f0a1c00ba50 comp rx=0 tx=0).stop
2024-04-26T20:15:44.922 INFO:teuthology.orchestra.run.smithi008.stdout:/usr/bin/ceph: stderr
2024-04-26T20:15:43.963+0000 7f0a30200700 1 -- 172.21.15.8:0/2342124191 shutdown_connections
2024-04-26T20:15:44.922 INFO:teuthology.orchestra.run.smithi008.stdout:/usr/bin/ceph: stderr
2024-04-26T20:15:43.963+0000 7f0a30200700 1 --2- 172.21.15.8:0/2342124191 >> [v2:172.21.15.8:3300/0,v1:172.21.15.8:6789/0] conn(0x7f0a281017e0 0x7f0a28101bf0 unknown :-1 s=CLOSED pgs=59 cs=0 l=1 rev1=1 crypto rx=0 tx=0 comp rx=0 tx=0).stop
2024-04-26T20:15:44.923 INFO:teuthology.orchestra.run.smithi008.stdout:/usr/bin/ceph: stderr
2024-04-26T20:15:43.963+0000 7f0a30200700 1 -- 172.21.15.8:0/2342124191 >> 172.21.15.8:0/2342124191 conn(0x7f0a280fcf40 msgr2=0x7f0a280ff370 unknown :-1 s=STATE_NONE l=0).mark_down
2024-04-26T20:15:44.923 INFO:teuthology.orchestra.run.smithi008.stdout:/usr/bin/ceph: stderr
2024-04-26T20:15:43.963+0000 7f0a30200700 1 -- 172.21.15.8:0/2342124191 shutdown_connections
2024-04-26T20:15:44.923 INFO:teuthology.orchestra.run.smithi008.stdout:/usr/bin/ceph: stderr
2024-04-26T20:15:43.963+0000 7f0a30200700 1 -- 172.21.15.8:0/2342124191 wait complete.
2024-04-26T20:15:44.923 INFO:teuthology.orchestra.run.smithi008.stdout:/usr/bin/ceph: stderr
2024-04-26T20:15:43.964+0000 7f0a30200700 1 Processor -- start
2024-04-26T20:15:44.923 INFO:teuthology.orchestra.run.smithi008.stdout:/usr/bin/ceph: stderr
2024-04-26T20:15:43.964+0000 7f0a30200700 1 -- start start
2024-04-26T20:15:44.923 INFO:teuthology.orchestra.run.smithi008.stdout:/usr/bin/ceph: stderr
2024-04-26T20:15:43.964+0000 7f0a30200700 1 --2- >> [v2:172.21.15.8:3300/0,v1:172.21.15.8:6789/0] conn(0x7f0a281017e0 0x7f0a281139c0 unknown :-1 s=NONE pgs=0 cs=0 l=1 rev1=0 crypto rx=0 tx=0 comp rx=0 tx=0).connect
2024-04-26T20:15:44.923 INFO:teuthology.orchestra.run.smithi008.stdout:/usr/bin/ceph: stderr
2024-04-26T20:15:43.964+0000 7f0a30200700 1 -- --> [v2:172.21.15.8:3300/0,v1:172.21.15.8:6789/0] -- mon_getmap magic: 0 v1 -- 0x7f0a28113f00 con 0x7f0a281017e0
2024-04-26T20:15:44.923 INFO:teuthology.orchestra.run.smithi008.stdout:/usr/bin/ceph: stderr
2024-04-26T20:15:43.965+0000 7f0a2d800700 1 --2- >> [v2:172.21.15.8:3300/0,v1:172.21.15.8:6789/0] conn(0x7f0a281017e0 0x7f0a281139c0 unknown :-1 s=BANNER_CONNECTING pgs=0 cs=0 l=1 rev1=0 crypto rx=0 tx=0 comp rx=0 tx=0)._handle_peer_banner_payload supported=3 required=0
2024-04-26T20:15:44.923 INFO:teuthology.orchestra.run.smithi008.stdout:/usr/bin/ceph: stderr
2024-04-26T20:15:43.965+0000 7f0a2d800700 1 --2- >> [v2:172.21.15.8:3300/0,v1:172.21.15.8:6789/0] conn(0x7f0a281017e0 0x7f0a281139c0 unknown :-1 s=HELLO_CONNECTING pgs=0 cs=0 l=1 rev1=1 crypto rx=0 tx=0 comp rx=0 tx=0).handle_hello peer v2:172.21.15.8:3300/0 says I am v2:172.21.15.8:41448/0 (socket says 172.21.15.8:41448)
2024-04-26T20:15:44.923 INFO:teuthology.orchestra.run.smithi008.stdout:/usr/bin/ceph: stderr
2024-04-26T20:15:43.965+0000 7f0a2d800700 1 -- 172.21.15.8:0/3542656530 learned_addr learned my addr 172.21.15.8:0/3542656530 (peer_addr_for_me v2:172.21.15.8:0/0)
2024-04-26T20:15:44.923 INFO:teuthology.orchestra.run.smithi008.stdout:/usr/bin/ceph: stderr
2024-04-26T20:15:43.965+0000 7f0a2d800700 1 -- 172.21.15.8:0/3542656530 --> [v2:172.21.15.8:3300/0,v1:172.21.15.8:6789/0] -- mon_subscribe({config=0+,monmap=0+}) v3 -- 0x7f0a1c00bcf0 con 0x7f0a281017e0
2024-04-26T20:15:44.923 INFO:teuthology.orchestra.run.smithi008.stdout:/usr/bin/ceph: stderr
2024-04-26T20:15:43.965+0000 7f0a2d800700 1 --2- 172.21.15.8:0/3542656530 >> [v2:172.21.15.8:3300/0,v1:172.21.15.8:6789/0] conn(0x7f0a281017e0 0x7f0a281139c0 secure :-1 s=READY pgs=60 cs=0 l=1 rev1=1 crypto rx=0x7f0a1c009e20 tx=0x7f0a1c00ba50 comp rx=0 tx=0).ready entity=mon.0 client_cookie=0 server_cookie=0 in_seq=0 out_seq=0
2024-04-26T20:15:44.923 INFO:teuthology.orchestra.run.smithi008.stdout:/usr/bin/ceph: stderr
2024-04-26T20:15:43.966+0000 7f0a25600700 1 -- 172.21.15.8:0/3542656530 <== mon.0 v2:172.21.15.8:3300/0 1 ==== mon_map magic: 0 v1 ==== 229+0+0 (secure 0 0 0) 0x7f0a1c00ddf0 con 0x7f0a281017e0
2024-04-26T20:15:44.923 INFO:teuthology.orchestra.run.smithi008.stdout:/usr/bin/ceph: stderr
2024-04-26T20:15:43.966+0000 7f0a25600700 1 -- 172.21.15.8:0/3542656530 <== mon.0 v2:172.21.15.8:3300/0 2 ==== config(27 keys) v1 ==== 1109+0+0 (secure 0 0 0) 0x7f0a1c009380 con 0x7f0a281017e0
2024-04-26T20:15:44.924 INFO:teuthology.orchestra.run.smithi008.stdout:/usr/bin/ceph: stderr
2024-04-26T20:15:43.966+0000 7f0a25600700 1 -- 172.21.15.8:0/3542656530 <== mon.0 v2:172.21.15.8:3300/0 3 ==== mon_map magic: 0 v1 ==== 229+0+0 (secure 0 0 0) 0x7f0a1c01d900 con 0x7f0a281017e0
2024-04-26T20:15:44.924 INFO:teuthology.orchestra.run.smithi008.stdout:/usr/bin/ceph: stderr
2024-04-26T20:15:43.966+0000 7f0a30200700 1 -- 172.21.15.8:0/3542656530 --> [v2:172.21.15.8:3300/0,v1:172.21.15.8:6789/0] -- mon_subscribe({mgrmap=0+}) v3 -- 0x7f0a28114100 con 0x7f0a281017e0
2024-04-26T20:15:44.924 INFO:teuthology.orchestra.run.smithi008.stdout:/usr/bin/ceph: stderr
2024-04-26T20:15:43.966+0000 7f0a30200700 1 -- 172.21.15.8:0/3542656530 --> [v2:172.21.15.8:3300/0,v1:172.21.15.8:6789/0] -- mon_subscribe({osdmap=0}) v3 -- 0x7f0a28114c70 con 0x7f0a281017e0
2024-04-26T20:15:44.924 INFO:teuthology.orchestra.run.smithi008.stdout:/usr/bin/ceph: stderr
2024-04-26T20:15:43.967+0000 7f0a25600700 1 -- 172.21.15.8:0/3542656530 <== mon.0 v2:172.21.15.8:3300/0 4 ==== mgrmap(e 8) v1 ==== 43376+0+0 (secure 0 0 0) 0x7f0a1c01b070 con 0x7f0a281017e0
2024-04-26T20:15:44.924 INFO:teuthology.orchestra.run.smithi008.stdout:/usr/bin/ceph: stderr
2024-04-26T20:15:43.967+0000 7f0a30200700 1 -- 172.21.15.8:0/3542656530 --> [v2:172.21.15.8:3300/0,v1:172.21.15.8:6789/0] -- mon_command({"prefix": "get_command_descriptions"} v 0) v1 -- 0x7f0a2805f5c0 con 0x7f0a281017e0
2024-04-26T20:15:44.924 INFO:teuthology.orchestra.run.smithi008.stdout:/usr/bin/ceph: stderr
2024-04-26T20:15:43.967+0000 7f0a25600700 1 --2- 172.21.15.8:0/3542656530 >> [v2:172.21.15.8:6800/1434934844,v1:172.21.15.8:6801/1434934844] conn(0x7f0a10036790 0x7f0a10038c40 unknown :-1 s=NONE pgs=0 cs=0 l=1 rev1=0 crypto rx=0 tx=0 comp rx=0 tx=0).connect
2024-04-26T20:15:44.926 INFO:teuthology.orchestra.run.smithi008.stdout:/usr/bin/ceph: stderr
2024-04-26T20:15:43.967+0000 7f0a25600700 1 -- 172.21.15.8:0/3542656530 <== mon.0 v2:172.21.15.8:3300/0 5 ==== osd_map(2..2 src has 1..2) v4 ==== 936+0+0 (secure 0 0 0) 0x7f0a1c04a380 con 0x7f0a281017e0
2024-04-26T20:15:44.926 INFO:teuthology.orchestra.run.smithi008.stdout:/usr/bin/ceph: stderr
2024-04-26T20:15:43.968+0000 7f0a2ce00700 1 --2- 172.21.15.8:0/3542656530 >> [v2:172.21.15.8:6800/1434934844,v1:172.21.15.8:6801/1434934844] conn(0x7f0a10036790 0x7f0a10038c40 unknown :-1 s=BANNER_CONNECTING pgs=0 cs=0 l=1 rev1=0 crypto rx=0 tx=0 comp rx=0 tx=0)._handle_peer_banner_payload supported=3 required=0
2024-04-26T20:15:44.926 INFO:teuthology.orchestra.run.smithi008.stdout:/usr/bin/ceph: stderr
2024-04-26T20:15:43.968+0000 7f0a2ce00700 1 --2- 172.21.15.8:0/3542656530 >> [v2:172.21.15.8:6800/1434934844,v1:172.21.15.8:6801/1434934844] conn(0x7f0a10036790 0x7f0a10038c40 secure :-1 s=READY pgs=18 cs=0 l=1 rev1=1 crypto rx=0x7f0a14009990 tx=0x7f0a14006e40 comp rx=0 tx=0).ready entity=mgr.14120 client_cookie=0 server_cookie=0 in_seq=0 out_seq=0
2024-04-26T20:15:44.926 INFO:teuthology.orchestra.run.smithi008.stdout:/usr/bin/ceph: stderr
2024-04-26T20:15:43.973+0000 7f0a25600700 1 -- 172.21.15.8:0/3542656530 <== mon.0 v2:172.21.15.8:3300/0 6 ==== mon_command_ack([{"prefix": "get_command_descriptions"}]=0 v0) v1 ==== 72+0+176702 (secure 0 0 0) 0x7f0a1c014930 con 0x7f0a281017e0
2024-04-26T20:15:44.926 INFO:teuthology.orchestra.run.smithi008.stdout:/usr/bin/ceph: stderr
2024-04-26T20:15:44.201+0000 7f0a30200700 1 -- 172.21.15.8:0/3542656530 --> [v2:172.21.15.8:6800/1434934844,v1:172.21.15.8:6801/1434934844] -- mgr_command(tid 0: {"prefix": "orch apply", "service_type": "alertmanager", "target": ["mon-mgr", ""]}) v1 -- 0x7f0a281157e0 con 0x7f0a10036790
2024-04-26T20:15:44.926 INFO:teuthology.orchestra.run.smithi008.stdout:/usr/bin/ceph: stderr
2024-04-26T20:15:44.208+0000 7f0a25600700 1 -- 172.21.15.8:0/3542656530 <== mgr.14120 v2:172.21.15.8:6800/1434934844 1 ==== mgr_command_reply(tid 0: 0 ) v1 ==== 8+0+33 (secure 0 0 0) 0x7f0a281157e0 con 0x7f0a10036790
2024-04-26T20:15:44.926 INFO:teuthology.orchestra.run.smithi008.stdout:/usr/bin/ceph: stderr
2024-04-26T20:15:44.211+0000 7f0a30200700 1 -- 172.21.15.8:0/3542656530 >> [v2:172.21.15.8:6800/1434934844,v1:172.21.15.8:6801/1434934844] conn(0x7f0a10036790 msgr2=0x7f0a10038c40 secure :-1 s=STATE_CONNECTION_ESTABLISHED l=1).mark_down
2024-04-26T20:15:44.926 INFO:teuthology.orchestra.run.smithi008.stdout:/usr/bin/ceph: stderr
2024-04-26T20:15:44.211+0000 7f0a30200700 1 --2- 172.21.15.8:0/3542656530 >> [v2:172.21.15.8:6800/1434934844,v1:172.21.15.8:6801/1434934844] conn(0x7f0a10036790 0x7f0a10038c40 secure :-1 s=READY pgs=18 cs=0 l=1 rev1=1 crypto rx=0x7f0a14009990 tx=0x7f0a14006e40 comp rx=0 tx=0).stop
2024-04-26T20:15:44.926 INFO:teuthology.orchestra.run.smithi008.stdout:/usr/bin/ceph: stderr
2024-04-26T20:15:44.211+0000 7f0a30200700 1 -- 172.21.15.8:0/3542656530 >> [v2:172.21.15.8:3300/0,v1:172.21.15.8:6789/0] conn(0x7f0a281017e0 msgr2=0x7f0a281139c0 secure :-1 s=STATE_CONNECTION_ESTABLISHED l=1).mark_down
2024-04-26T20:15:44.926 INFO:teuthology.orchestra.run.smithi008.stdout:/usr/bin/ceph: stderr
2024-04-26T20:15:44.211+0000 7f0a30200700 1 --2- 172.21.15.8:0/3542656530 >> [v2:172.21.15.8:3300/0,v1:172.21.15.8:6789/0] conn(0x7f0a281017e0 0x7f0a281139c0 secure :-1 s=READY pgs=60 cs=0 l=1 rev1=1 crypto rx=0x7f0a1c009e20 tx=0x7f0a1c00ba50 comp rx=0 tx=0).stop
2024-04-26T20:15:44.926 INFO:teuthology.orchestra.run.smithi008.stdout:/usr/bin/ceph: stderr
2024-04-26T20:15:44.212+0000 7f0a30200700 1 -- 172.21.15.8:0/3542656530 shutdown_connections
2024-04-26T20:15:44.927 INFO:teuthology.orchestra.run.smithi008.stdout:/usr/bin/ceph: stderr
2024-04-26T20:15:44.212+0000 7f0a30200700 1 --2- 172.21.15.8:0/3542656530 >> [v2:172.21.15.8:6800/1434934844,v1:172.21.15.8:6801/1434934844] conn(0x7f0a10036790 0x7f0a10038c40 unknown :-1 s=CLOSED pgs=18 cs=0 l=1 rev1=1 crypto rx=0 tx=0 comp rx=0 tx=0).stop
2024-04-26T20:15:44.927 INFO:teuthology.orchestra.run.smithi008.stdout:/usr/bin/ceph: stderr
2024-04-26T20:15:44.212+0000 7f0a30200700 1 --2- 172.21.15.8:0/3542656530 >> [v2:172.21.15.8:3300/0,v1:172.21.15.8:6789/0] conn(0x7f0a281017e0 0x7f0a281139c0 unknown :-1 s=CLOSED pgs=60 cs=0 l=1 rev1=1 crypto rx=0 tx=0 comp rx=0 tx=0).stop
2024-04-26T20:15:44.927 INFO:teuthology.orchestra.run.smithi008.stdout:/usr/bin/ceph: stderr
2024-04-26T20:15:44.212+0000 7f0a30200700 1 -- 172.21.15.8:0/3542656530 >> 172.21.15.8:0/3542656530 conn(0x7f0a280fcf40 msgr2=0x7f0a2810a870 unknown :-1 s=STATE_NONE l=0).mark_down
2024-04-26T20:15:44.927 INFO:teuthology.orchestra.run.smithi008.stdout:/usr/bin/ceph: stderr
2024-04-26T20:15:44.212+0000 7f0a30200700 1 -- 172.21.15.8:0/3542656530 shutdown_connections
2024-04-26T20:15:44.927 INFO:teuthology.orchestra.run.smithi008.stdout:/usr/bin/ceph: stderr
2024-04-26T20:15:44.212+0000 7f0a30200700 1 -- 172.21.15.8:0/3542656530 wait complete.
