2024-04-26T20:15:19.834+0000 7f18b7c00700 1 -- 172.21.15.8:0/2635962801 >> [v2:172.21.15.8:3300/0,v1:172.21.15.8:6789/0] conn(0x7f18b0071290 msgr2=0x7f18b0111760 secure :-1 s=STATE_CONNECTION_ESTABLISHED l=1).mark_down
2024-04-26T20:15:20.508 INFO:teuthology.orchestra.run.smithi008.stdout:/usr/bin/ceph: stderr
2024-04-26T20:15:19.834+0000 7f18b7c00700 1 --2- 172.21.15.8:0/2635962801 >> [v2:172.21.15.8:3300/0,v1:172.21.15.8:6789/0] conn(0x7f18b0071290 0x7f18b0111760 secure :-1 s=READY pgs=29 cs=0 l=1 rev1=1 crypto rx=0x7f18a4011bd0 tx=0x7f18a4009250 comp rx=0 tx=0).stop
2024-04-26T20:15:20.508 INFO:teuthology.orchestra.run.smithi008.stdout:/usr/bin/ceph: stderr
2024-04-26T20:15:19.834+0000 7f18b7c00700 1 -- 172.21.15.8:0/2635962801 shutdown_connections
2024-04-26T20:15:20.508 INFO:teuthology.orchestra.run.smithi008.stdout:/usr/bin/ceph: stderr
2024-04-26T20:15:19.834+0000 7f18b7c00700 1 --2- 172.21.15.8:0/2635962801 >> [v2:172.21.15.8:6800/1434934844,v1:172.21.15.8:6801/1434934844] conn(0x7f1898039f50 0x7f189803c330 unknown :-1 s=CLOSED pgs=1 cs=0 l=1 rev1=1 crypto rx=0 tx=0 comp rx=0 tx=0).stop
2024-04-26T20:15:20.508 INFO:teuthology.orchestra.run.smithi008.stdout:/usr/bin/ceph: stderr
2024-04-26T20:15:19.834+0000 7f18b7c00700 1 --2- 172.21.15.8:0/2635962801 >> [v2:172.21.15.8:3300/0,v1:172.21.15.8:6789/0] conn(0x7f18b0071290 0x7f18b0111760 unknown :-1 s=CLOSED pgs=29 cs=0 l=1 rev1=1 crypto rx=0 tx=0 comp rx=0 tx=0).stop
2024-04-26T20:15:20.508 INFO:teuthology.orchestra.run.smithi008.stdout:/usr/bin/ceph: stderr
2024-04-26T20:15:19.834+0000 7f18b7c00700 1 --2- 172.21.15.8:0/2635962801 >> [v2:172.21.15.8:6800/1210879285,v1:172.21.15.8:6801/1210879285] conn(0x7f18980367e0 0x7f1898038c90 unknown :-1 s=CLOSED pgs=0 cs=0 l=1 rev1=0 crypto rx=0 tx=0 comp rx=0 tx=0).stop
2024-04-26T20:15:20.508 INFO:teuthology.orchestra.run.smithi008.stdout:/usr/bin/ceph: stderr
2024-04-26T20:15:19.834+0000 7f18b7c00700 1 -- 172.21.15.8:0/2635962801 >> 172.21.15.8:0/2635962801 conn(0x7f18b00fcf40 msgr2=0x7f18b00fdbf0 unknown :-1 s=STATE_NONE l=0).mark_down
2024-04-26T20:15:20.508 INFO:teuthology.orchestra.run.smithi008.stdout:/usr/bin/ceph: stderr
2024-04-26T20:15:19.834+0000 7f18b7c00700 1 -- 172.21.15.8:0/2635962801 shutdown_connections
2024-04-26T20:15:20.509 INFO:teuthology.orchestra.run.smithi008.stdout:/usr/bin/ceph: stderr
2024-04-26T20:15:19.834+0000 7f18b7c00700 1 -- 172.21.15.8:0/2635962801 wait complete.
2024-04-26T20:15:20.509 INFO:teuthology.orchestra.run.smithi008.stdout:mgr epoch 5 is available
2024-04-26T20:15:20.509 INFO:teuthology.orchestra.run.smithi008.stdout:Setting orchestrator backend to cephadm...
2024-04-26T20:15:21.120 INFO:journalctl@ceph.mon.smithi008.smithi008.stdout:Apr 26 20:15:20 smithi008 ceph-mon[25481]: [26/Apr/2024:20:15:19] ENGINE Bus STARTING
2024-04-26T20:15:21.121 INFO:journalctl@ceph.mon.smithi008.smithi008.stdout:Apr 26 20:15:20 smithi008 ceph-mon[25481]: from='client.14124 -' entity='client.admin' cmd=[{"prefix": "get_command_descriptions"}]: dispatch
2024-04-26T20:15:21.121 INFO:journalctl@ceph.mon.smithi008.smithi008.stdout:Apr 26 20:15:20 smithi008 ceph-mon[25481]: from='client.14124 -' entity='client.admin' cmd=[{"prefix": "mgr_status"}]: dispatch
2024-04-26T20:15:21.121 INFO:journalctl@ceph.mon.smithi008.smithi008.stdout:Apr 26 20:15:20 smithi008 ceph-mon[25481]: [26/Apr/2024:20:15:19] ENGINE Serving on https://172.21.15.8:7150
2024-04-26T20:15:21.121 INFO:journalctl@ceph.mon.smithi008.smithi008.stdout:Apr 26 20:15:20 smithi008 ceph-mon[25481]: [26/Apr/2024:20:15:19] ENGINE Bus STARTED
2024-04-26T20:15:21.121 INFO:journalctl@ceph.mon.smithi008.smithi008.stdout:Apr 26 20:15:20 smithi008 ceph-mon[25481]: from='mgr.14120 172.21.15.8:0/841858813' entity='mgr.smithi008.kdptki'
2024-04-26T20:15:21.121 INFO:journalctl@ceph.mon.smithi008.smithi008.stdout:Apr 26 20:15:20 smithi008 ceph-mon[25481]: from='mgr.14120 172.21.15.8:0/841858813' entity='mgr.smithi008.kdptki' cmd=[{"prefix": "config dump", "format": "json"}]: dispatch
2024-04-26T20:15:21.991 INFO:journalctl@ceph.mon.smithi008.smithi008.stdout:Apr 26 20:15:21 smithi008 ceph-mon[25481]: mgrmap e8: smithi008.kdptki(active, since 2s)
2024-04-26T20:15:21.992 INFO:journalctl@ceph.mon.smithi008.smithi008.stdout:Apr 26 20:15:21 smithi008 ceph-mon[25481]: from='mgr.14120 172.21.15.8:0/841858813' entity='mgr.smithi008.kdptki'
2024-04-26T20:15:21.992 INFO:journalctl@ceph.mon.smithi008.smithi008.stdout:Apr 26 20:15:21 smithi008 ceph-mon[25481]: from='mgr.14120 172.21.15.8:0/841858813' entity='mgr.smithi008.kdptki' cmd=[{"prefix": "config dump", "format": "json"}]: dispatch
2024-04-26T20:15:22.005 INFO:teuthology.orchestra.run.smithi008.stdout:/usr/bin/ceph: stderr
2024-04-26T20:15:21.118+0000 7f330ee00700 1 Processor -- start
2024-04-26T20:15:22.005 INFO:teuthology.orchestra.run.smithi008.stdout:/usr/bin/ceph: stderr
2024-04-26T20:15:21.119+0000 7f330ee00700 1 -- start start
2024-04-26T20:15:22.005 INFO:teuthology.orchestra.run.smithi008.stdout:/usr/bin/ceph: stderr
2024-04-26T20:15:21.119+0000 7f330ee00700 1 --2- >> [v2:172.21.15.8:3300/0,v1:172.21.15.8:6789/0] conn(0x7f3308104c20 0x7f3308105030 unknown :-1 s=NONE pgs=0 cs=0 l=0 rev1=0 crypto rx=0 tx=0 comp rx=0 tx=0).connect
2024-04-26T20:15:22.005 INFO:teuthology.orchestra.run.smithi008.stdout:/usr/bin/ceph: stderr
2024-04-26T20:15:21.119+0000 7f330ee00700 1 -- --> [v2:172.21.15.8:3300/0,v1:172.21.15.8:6789/0] -- mon_getmap magic: 0 v1 -- 0x7f3308105600 con 0x7f3308104c20
2024-04-26T20:15:22.005 INFO:teuthology.orchestra.run.smithi008.stdout:/usr/bin/ceph: stderr
2024-04-26T20:15:21.120+0000 7f3307e00700 1 --2- >> [v2:172.21.15.8:3300/0,v1:172.21.15.8:6789/0] conn(0x7f3308104c20 0x7f3308105030 unknown :-1 s=BANNER_CONNECTING pgs=0 cs=0 l=0 rev1=0 crypto rx=0 tx=0 comp rx=0 tx=0)._handle_peer_banner_payload supported=3 required=0
2024-04-26T20:15:22.006 INFO:teuthology.orchestra.run.smithi008.stdout:/usr/bin/ceph: stderr
2024-04-26T20:15:21.120+0000 7f3307e00700 1 --2- >> [v2:172.21.15.8:3300/0,v1:172.21.15.8:6789/0] conn(0x7f3308104c20 0x7f3308105030 unknown :-1 s=HELLO_CONNECTING pgs=0 cs=0 l=0 rev1=1 crypto rx=0 tx=0 comp rx=0 tx=0).handle_hello peer v2:172.21.15.8:3300/0 says I am v2:172.21.15.8:50732/0 (socket says 172.21.15.8:50732)
2024-04-26T20:15:22.006 INFO:teuthology.orchestra.run.smithi008.stdout:/usr/bin/ceph: stderr
2024-04-26T20:15:21.120+0000 7f3307e00700 1 -- 172.21.15.8:0/1157292848 learned_addr learned my addr 172.21.15.8:0/1157292848 (peer_addr_for_me v2:172.21.15.8:0/0)
2024-04-26T20:15:22.006 INFO:teuthology.orchestra.run.smithi008.stdout:/usr/bin/ceph: stderr
2024-04-26T20:15:21.120+0000 7f3307e00700 1 -- 172.21.15.8:0/1157292848 --> [v2:172.21.15.8:3300/0,v1:172.21.15.8:6789/0] -- mon_subscribe({config=0+,monmap=0+}) v3 -- 0x7f3308105740 con 0x7f3308104c20
2024-04-26T20:15:22.006 INFO:teuthology.orchestra.run.smithi008.stdout:/usr/bin/ceph: stderr
2024-04-26T20:15:21.121+0000 7f3307e00700 1 --2- 172.21.15.8:0/1157292848 >> [v2:172.21.15.8:3300/0,v1:172.21.15.8:6789/0] conn(0x7f3308104c20 0x7f3308105030 secure :-1 s=READY pgs=37 cs=0 l=1 rev1=1 crypto rx=0x7f32f8009e50 tx=0x7f32f8009840 comp rx=0 tx=0).ready entity=mon.0 client_cookie=2ad6b1533ecd6a3b server_cookie=0 in_seq=0 out_seq=0
2024-04-26T20:15:22.006 INFO:teuthology.orchestra.run.smithi008.stdout:/usr/bin/ceph: stderr
2024-04-26T20:15:21.121+0000 7f3307400700 1 -- 172.21.15.8:0/1157292848 <== mon.0 v2:172.21.15.8:3300/0 1 ==== mon_map magic: 0 v1 ==== 229+0+0 (secure 0 0 0) 0x7f32f80092e0 con 0x7f3308104c20
2024-04-26T20:15:22.006 INFO:teuthology.orchestra.run.smithi008.stdout:/usr/bin/ceph: stderr
2024-04-26T20:15:21.121+0000 7f3307400700 1 -- 172.21.15.8:0/1157292848 <== mon.0 v2:172.21.15.8:3300/0 2 ==== config(27 keys) v1 ==== 1044+0+0 (secure 0 0 0) 0x7f32f8012430 con 0x7f3308104c20
2024-04-26T20:15:22.006 INFO:teuthology.orchestra.run.smithi008.stdout:/usr/bin/ceph: stderr
2024-04-26T20:15:21.121+0000 7f3307400700 1 -- 172.21.15.8:0/1157292848 <== mon.0 v2:172.21.15.8:3300/0 3 ==== mon_map magic: 0 v1 ==== 229+0+0 (secure 0 0 0) 0x7f32f80075c0 con 0x7f3308104c20
2024-04-26T20:15:22.006 INFO:teuthology.orchestra.run.smithi008.stdout:/usr/bin/ceph: stderr
2024-04-26T20:15:21.122+0000 7f330ee00700 1 -- 172.21.15.8:0/1157292848 >> [v2:172.21.15.8:3300/0,v1:172.21.15.8:6789/0] conn(0x7f3308104c20 msgr2=0x7f3308105030 secure :-1 s=STATE_CONNECTION_ESTABLISHED l=1).mark_down
2024-04-26T20:15:22.006 INFO:teuthology.orchestra.run.smithi008.stdout:/usr/bin/ceph: stderr
2024-04-26T20:15:21.122+0000 7f330ee00700 1 --2- 172.21.15.8:0/1157292848 >> [v2:172.21.15.8:3300/0,v1:172.21.15.8:6789/0] conn(0x7f3308104c20 0x7f3308105030 secure :-1 s=READY pgs=37 cs=0 l=1 rev1=1 crypto rx=0x7f32f8009e50 tx=0x7f32f8009840 comp rx=0 tx=0).stop
2024-04-26T20:15:22.006 INFO:teuthology.orchestra.run.smithi008.stdout:/usr/bin/ceph: stderr
2024-04-26T20:15:21.122+0000 7f330ee00700 1 -- 172.21.15.8:0/1157292848 shutdown_connections
2024-04-26T20:15:22.006 INFO:teuthology.orchestra.run.smithi008.stdout:/usr/bin/ceph: stderr
2024-04-26T20:15:21.122+0000 7f330ee00700 1 --2- 172.21.15.8:0/1157292848 >> [v2:172.21.15.8:3300/0,v1:172.21.15.8:6789/0] conn(0x7f3308104c20 0x7f3308105030 unknown :-1 s=CLOSED pgs=37 cs=0 l=1 rev1=1 crypto rx=0 tx=0 comp rx=0 tx=0).stop
2024-04-26T20:15:22.006 INFO:teuthology.orchestra.run.smithi008.stdout:/usr/bin/ceph: stderr
2024-04-26T20:15:21.122+0000 7f330ee00700 1 -- 172.21.15.8:0/1157292848 >> 172.21.15.8:0/1157292848 conn(0x7f33080782f0 msgr2=0x7f33080786f0 unknown :-1 s=STATE_NONE l=0).mark_down
2024-04-26T20:15:22.006 INFO:teuthology.orchestra.run.smithi008.stdout:/usr/bin/ceph: stderr
2024-04-26T20:15:21.122+0000 7f330ee00700 1 -- 172.21.15.8:0/1157292848 shutdown_connections
2024-04-26T20:15:22.007 INFO:teuthology.orchestra.run.smithi008.stdout:/usr/bin/ceph: stderr
2024-04-26T20:15:21.122+0000 7f330ee00700 1 -- 172.21.15.8:0/1157292848 wait complete.
2024-04-26T20:15:22.007 INFO:teuthology.orchestra.run.smithi008.stdout:/usr/bin/ceph: stderr
2024-04-26T20:15:21.123+0000 7f330ee00700 1 Processor -- start
2024-04-26T20:15:22.007 INFO:teuthology.orchestra.run.smithi008.stdout:/usr/bin/ceph: stderr
2024-04-26T20:15:21.123+0000 7f330ee00700 1 -- start start
2024-04-26T20:15:22.007 INFO:teuthology.orchestra.run.smithi008.stdout:/usr/bin/ceph: stderr
2024-04-26T20:15:21.123+0000 7f330ee00700 1 --2- >> [v2:172.21.15.8:3300/0,v1:172.21.15.8:6789/0] conn(0x7f3308104c20 0x7f33081138f0 unknown :-1 s=NONE pgs=0 cs=0 l=1 rev1=0 crypto rx=0 tx=0 comp rx=0 tx=0).connect
2024-04-26T20:15:22.007 INFO:teuthology.orchestra.run.smithi008.stdout:/usr/bin/ceph: stderr
2024-04-26T20:15:21.123+0000 7f330ee00700 1 -- --> [v2:172.21.15.8:3300/0,v1:172.21.15.8:6789/0] -- mon_getmap magic: 0 v1 -- 0x7f3308113e30 con 0x7f3308104c20
2024-04-26T20:15:22.007 INFO:teuthology.orchestra.run.smithi008.stdout:/usr/bin/ceph: stderr
2024-04-26T20:15:21.124+0000 7f3307e00700 1 --2- >> [v2:172.21.15.8:3300/0,v1:172.21.15.8:6789/0] conn(0x7f3308104c20 0x7f33081138f0 unknown :-1 s=BANNER_CONNECTING pgs=0 cs=0 l=1 rev1=0 crypto rx=0 tx=0 comp rx=0 tx=0)._handle_peer_banner_payload supported=3 required=0
2024-04-26T20:15:22.007 INFO:teuthology.orchestra.run.smithi008.stdout:/usr/bin/ceph: stderr
2024-04-26T20:15:21.124+0000 7f3307e00700 1 --2- >> [v2:172.21.15.8:3300/0,v1:172.21.15.8:6789/0] conn(0x7f3308104c20 0x7f33081138f0 unknown :-1 s=HELLO_CONNECTING pgs=0 cs=0 l=1 rev1=1 crypto rx=0 tx=0 comp rx=0 tx=0).handle_hello peer v2:172.21.15.8:3300/0 says I am v2:172.21.15.8:50746/0 (socket says 172.21.15.8:50746)
2024-04-26T20:15:22.007 INFO:teuthology.orchestra.run.smithi008.stdout:/usr/bin/ceph: stderr
2024-04-26T20:15:21.124+0000 7f3307e00700 1 -- 172.21.15.8:0/1666097214 learned_addr learned my addr 172.21.15.8:0/1666097214 (peer_addr_for_me v2:172.21.15.8:0/0)
2024-04-26T20:15:22.007 INFO:teuthology.orchestra.run.smithi008.stdout:/usr/bin/ceph: stderr
2024-04-26T20:15:21.124+0000 7f3307e00700 1 -- 172.21.15.8:0/1666097214 --> [v2:172.21.15.8:3300/0,v1:172.21.15.8:6789/0] -- mon_subscribe({config=0+,monmap=0+}) v3 -- 0x7f32f8009ae0 con 0x7f3308104c20
2024-04-26T20:15:22.007 INFO:teuthology.orchestra.run.smithi008.stdout:/usr/bin/ceph: stderr
2024-04-26T20:15:21.125+0000 7f3307e00700 1 --2- 172.21.15.8:0/1666097214 >> [v2:172.21.15.8:3300/0,v1:172.21.15.8:6789/0] conn(0x7f3308104c20 0x7f33081138f0 secure :-1 s=READY pgs=38 cs=0 l=1 rev1=1 crypto rx=0x7f32f8000f80 tx=0x7f32f8009840 comp rx=0 tx=0).ready entity=mon.0 client_cookie=0 server_cookie=0 in_seq=0 out_seq=0
2024-04-26T20:15:22.007 INFO:teuthology.orchestra.run.smithi008.stdout:/usr/bin/ceph: stderr
2024-04-26T20:15:21.125+0000 7f3304c00700 1 -- 172.21.15.8:0/1666097214 <== mon.0 v2:172.21.15.8:3300/0 1 ==== mon_map magic: 0 v1 ==== 229+0+0 (secure 0 0 0) 0x7f32f80092e0 con 0x7f3308104c20
2024-04-26T20:15:22.007 INFO:teuthology.orchestra.run.smithi008.stdout:/usr/bin/ceph: stderr
2024-04-26T20:15:21.125+0000 7f3304c00700 1 -- 172.21.15.8:0/1666097214 <== mon.0 v2:172.21.15.8:3300/0 2 ==== config(27 keys) v1 ==== 1044+0+0 (secure 0 0 0) 0x7f32f8007cc0 con 0x7f3308104c20
2024-04-26T20:15:22.007 INFO:teuthology.orchestra.run.smithi008.stdout:/usr/bin/ceph: stderr
2024-04-26T20:15:21.125+0000 7f330ee00700 1 -- 172.21.15.8:0/1666097214 --> [v2:172.21.15.8:3300/0,v1:172.21.15.8:6789/0] -- mon_subscribe({mgrmap=0+}) v3 -- 0x7f3308114030 con 0x7f3308104c20
2024-04-26T20:15:22.007 INFO:teuthology.orchestra.run.smithi008.stdout:/usr/bin/ceph: stderr
2024-04-26T20:15:21.125+0000 7f3304c00700 1 -- 172.21.15.8:0/1666097214 <== mon.0 v2:172.21.15.8:3300/0 3 ==== mon_map magic: 0 v1 ==== 229+0+0 (secure 0 0 0) 0x7f32f801c910 con 0x7f3308104c20
2024-04-26T20:15:22.008 INFO:teuthology.orchestra.run.smithi008.stdout:/usr/bin/ceph: stderr
2024-04-26T20:15:21.125+0000 7f330ee00700 1 -- 172.21.15.8:0/1666097214 --> [v2:172.21.15.8:3300/0,v1:172.21.15.8:6789/0] -- mon_subscribe({osdmap=0}) v3 -- 0x7f3308114ba0 con 0x7f3308104c20
2024-04-26T20:15:22.008 INFO:teuthology.orchestra.run.smithi008.stdout:/usr/bin/ceph: stderr
2024-04-26T20:15:21.126+0000 7f3304c00700 1 -- 172.21.15.8:0/1666097214 <== mon.0 v2:172.21.15.8:3300/0 4 ==== mgrmap(e 8) v1 ==== 43376+0+0 (secure 0 0 0) 0x7f32f8019070 con 0x7f3308104c20
2024-04-26T20:15:22.008 INFO:teuthology.orchestra.run.smithi008.stdout:/usr/bin/ceph: stderr
2024-04-26T20:15:21.126+0000 7f330ee00700 1 -- 172.21.15.8:0/1666097214 --> [v2:172.21.15.8:3300/0,v1:172.21.15.8:6789/0] -- mon_command({"prefix": "get_command_descriptions"} v 0) v1 -- 0x7f330805f5c0 con 0x7f3308104c20
2024-04-26T20:15:22.008 INFO:teuthology.orchestra.run.smithi008.stdout:/usr/bin/ceph: stderr
2024-04-26T20:15:21.127+0000 7f3304c00700 1 --2- 172.21.15.8:0/1666097214 >> [v2:172.21.15.8:6800/1434934844,v1:172.21.15.8:6801/1434934844] conn(0x7f32ec036830 0x7f32ec038ce0 unknown :-1 s=NONE pgs=0 cs=0 l=1 rev1=0 crypto rx=0 tx=0 comp rx=0 tx=0).connect
2024-04-26T20:15:22.008 INFO:teuthology.orchestra.run.smithi008.stdout:/usr/bin/ceph: stderr
2024-04-26T20:15:21.127+0000 7f3304c00700 1 -- 172.21.15.8:0/1666097214 <== mon.0 v2:172.21.15.8:3300/0 5 ==== osd_map(2..2 src has 1..2) v4 ==== 936+0+0 (secure 0 0 0) 0x7f32f8049d90 con 0x7f3308104c20
2024-04-26T20:15:22.008 INFO:teuthology.orchestra.run.smithi008.stdout:/usr/bin/ceph: stderr
2024-04-26T20:15:21.127+0000 7f32ff400700 1 --2- 172.21.15.8:0/1666097214 >> [v2:172.21.15.8:6800/1434934844,v1:172.21.15.8:6801/1434934844] conn(0x7f32ec036830 0x7f32ec038ce0 unknown :-1 s=BANNER_CONNECTING pgs=0 cs=0 l=1 rev1=0 crypto rx=0 tx=0 comp rx=0 tx=0)._handle_peer_banner_payload supported=3 required=0
2024-04-26T20:15:22.008 INFO:teuthology.orchestra.run.smithi008.stdout:/usr/bin/ceph: stderr
2024-04-26T20:15:21.128+0000 7f32ff400700 1 --2- 172.21.15.8:0/1666097214 >> [v2:172.21.15.8:6800/1434934844,v1:172.21.15.8:6801/1434934844] conn(0x7f32ec036830 0x7f32ec038ce0 secure :-1 s=READY pgs=7 cs=0 l=1 rev1=1 crypto rx=0x7f32f0009990 tx=0x7f32f0006e40 comp rx=0 tx=0).ready entity=mgr.14120 client_cookie=0 server_cookie=0 in_seq=0 out_seq=0
2024-04-26T20:15:22.008 INFO:teuthology.orchestra.run.smithi008.stdout:/usr/bin/ceph: stderr
2024-04-26T20:15:21.132+0000 7f3304c00700 1 -- 172.21.15.8:0/1666097214 <== mon.0 v2:172.21.15.8:3300/0 6 ==== mon_command_ack([{"prefix": "get_command_descriptions"}]=0 v0) v1 ==== 72+0+176702 (secure 0 0 0) 0x7f32f8019ad0 con 0x7f3308104c20
2024-04-26T20:15:22.008 INFO:teuthology.orchestra.run.smithi008.stdout:/usr/bin/ceph: stderr
2024-04-26T20:15:21.366+0000 7f330ee00700 1 -- 172.21.15.8:0/1666097214 --> [v2:172.21.15.8:6800/1434934844,v1:172.21.15.8:6801/1434934844] -- mgr_command(tid 0: {"prefix": "orch set backend", "module_name": "cephadm", "target": ["mon-mgr", ""]}) v1 -- 0x7f3308102d80 con 0x7f32ec036830
2024-04-26T20:15:22.008 INFO:teuthology.orchestra.run.smithi008.stdout:/usr/bin/ceph: stderr
2024-04-26T20:15:21.385+0000 7f3304c00700 1 -- 172.21.15.8:0/1666097214 <== mgr.14120 v2:172.21.15.8:6800/1434934844 1 ==== mgr_command_reply(tid 0: 0 ) v1 ==== 8+0+0 (secure 0 0 0) 0x7f3308102d80 con 0x7f32ec036830
2024-04-26T20:15:22.008 INFO:teuthology.orchestra.run.smithi008.stdout:/usr/bin/ceph: stderr
2024-04-26T20:15:21.388+0000 7f330ee00700 1 -- 172.21.15.8:0/1666097214 >> [v2:172.21.15.8:6800/1434934844,v1:172.21.15.8:6801/1434934844] conn(0x7f32ec036830 msgr2=0x7f32ec038ce0 secure :-1 s=STATE_CONNECTION_ESTABLISHED l=1).mark_down
2024-04-26T20:15:22.008 INFO:teuthology.orchestra.run.smithi008.stdout:/usr/bin/ceph: stderr
2024-04-26T20:15:21.388+0000 7f330ee00700 1 --2- 172.21.15.8:0/1666097214 >> [v2:172.21.15.8:6800/1434934844,v1:172.21.15.8:6801/1434934844] conn(0x7f32ec036830 0x7f32ec038ce0 secure :-1 s=READY pgs=7 cs=0 l=1 rev1=1 crypto rx=0x7f32f0009990 tx=0x7f32f0006e40 comp rx=0 tx=0).stop
2024-04-26T20:15:22.008 INFO:teuthology.orchestra.run.smithi008.stdout:/usr/bin/ceph: stderr
2024-04-26T20:15:21.388+0000 7f330ee00700 1 -- 172.21.15.8:0/1666097214 >> [v2:172.21.15.8:3300/0,v1:172.21.15.8:6789/0] conn(0x7f3308104c20 msgr2=0x7f33081138f0 secure :-1 s=STATE_CONNECTION_ESTABLISHED l=1).mark_down
2024-04-26T20:15:22.008 INFO:teuthology.orchestra.run.smithi008.stdout:/usr/bin/ceph: stderr
2024-04-26T20:15:21.388+0000 7f330ee00700 1 --2- 172.21.15.8:0/1666097214 >> [v2:172.21.15.8:3300/0,v1:172.21.15.8:6789/0] conn(0x7f3308104c20 0x7f33081138f0 secure :-1 s=READY pgs=38 cs=0 l=1 rev1=1 crypto rx=0x7f32f8000f80 tx=0x7f32f8009840 comp rx=0 tx=0).stop
2024-04-26T20:15:22.009 INFO:teuthology.orchestra.run.smithi008.stdout:/usr/bin/ceph: stderr
2024-04-26T20:15:21.389+0000 7f330ee00700 1 -- 172.21.15.8:0/1666097214 shutdown_connections
2024-04-26T20:15:22.009 INFO:teuthology.orchestra.run.smithi008.stdout:/usr/bin/ceph: stderr
2024-04-26T20:15:21.389+0000 7f330ee00700 1 --2- 172.21.15.8:0/1666097214 >> [v2:172.21.15.8:6800/1434934844,v1:172.21.15.8:6801/1434934844] conn(0x7f32ec036830 0x7f32ec038ce0 unknown :-1 s=CLOSED pgs=7 cs=0 l=1 rev1=1 crypto rx=0 tx=0 comp rx=0 tx=0).stop
2024-04-26T20:15:22.009 INFO:teuthology.orchestra.run.smithi008.stdout:/usr/bin/ceph: stderr
2024-04-26T20:15:21.389+0000 7f330ee00700 1 --2- 172.21.15.8:0/1666097214 >> [v2:172.21.15.8:3300/0,v1:172.21.15.8:6789/0] conn(0x7f3308104c20 0x7f33081138f0 unknown :-1 s=CLOSED pgs=38 cs=0 l=1 rev1=1 crypto rx=0 tx=0 comp rx=0 tx=0).stop
2024-04-26T20:15:22.009 INFO:teuthology.orchestra.run.smithi008.stdout:/usr/bin/ceph: stderr
2024-04-26T20:15:21.389+0000 7f330ee00700 1 -- 172.21.15.8:0/1666097214 >> 172.21.15.8:0/1666097214 conn(0x7f33080782f0 msgr2=0x7f33081025b0 unknown :-1 s=STATE_NONE l=0).mark_down
2024-04-26T20:15:22.009 INFO:teuthology.orchestra.run.smithi008.stdout:/usr/bin/ceph: stderr
2024-04-26T20:15:21.389+0000 7f330ee00700 1 -- 172.21.15.8:0/1666097214 shutdown_connections
2024-04-26T20:15:22.009 INFO:teuthology.orchestra.run.smithi008.stdout:/usr/bin/ceph: stderr
2024-04-26T20:15:21.389+0000 7f330ee00700 1 -- 172.21.15.8:0/1666097214 wait complete.
2024-04-26T20:15:23.244 INFO:journalctl@ceph.mon.smithi008.smithi008.stdout:Apr 26 20:15:22 smithi008 ceph-mon[25481]: from='client.14132 -' entity='client.admin' cmd=[{"prefix": "orch set backend", "module_name": "cephadm", "target": ["mon-mgr", ""]}]: dispatch
2024-04-26T20:15:23.622 INFO:teuthology.orchestra.run.smithi008.stdout:/usr/bin/ceph: stdout value unchanged
2024-04-26T20:15:23.623 INFO:teuthology.orchestra.run.smithi008.stdout:/usr/bin/ceph: stderr
2024-04-26T20:15:22.610+0000 7f0c14c00700 1 Processor -- start
2024-04-26T20:15:23.624 INFO:teuthology.orchestra.run.smithi008.stdout:/usr/bin/ceph: stderr
2024-04-26T20:15:22.610+0000 7f0c14c00700 1 -- start start
2024-04-26T20:15:23.624 INFO:teuthology.orchestra.run.smithi008.stdout:/usr/bin/ceph: stderr
2024-04-26T20:15:22.610+0000 7f0c14c00700 1 --2- >> [v2:172.21.15.8:3300/0,v1:172.21.15.8:6789/0] conn(0x7f0c101017e0 0x7f0c10101bf0 unknown :-1 s=NONE pgs=0 cs=0 l=0 rev1=0 crypto rx=0 tx=0 comp rx=0 tx=0).connect
2024-04-26T20:15:23.624 INFO:teuthology.orchestra.run.smithi008.stdout:/usr/bin/ceph: stderr
2024-04-26T20:15:22.610+0000 7f0c14c00700 1 -- --> [v2:172.21.15.8:3300/0,v1:172.21.15.8:6789/0] -- mon_getmap magic: 0 v1 -- 0x7f0c10102130 con 0x7f0c101017e0
2024-04-26T20:15:23.624 INFO:teuthology.orchestra.run.smithi008.stdout:/usr/bin/ceph: stderr
2024-04-26T20:15:22.611+0000 7f0c0de00700 1 --2- >> [v2:172.21.15.8:3300/0,v1:172.21.15.8:6789/0] conn(0x7f0c101017e0 0x7f0c10101bf0 unknown :-1 s=BANNER_CONNECTING pgs=0 cs=0 l=0 rev1=0 crypto rx=0 tx=0 comp rx=0 tx=0)._handle_peer_banner_payload supported=3 required=0
2024-04-26T20:15:23.624 INFO:teuthology.orchestra.run.smithi008.stdout:/usr/bin/ceph: stderr
2024-04-26T20:15:22.611+0000 7f0c0de00700 1 --2- >> [v2:172.21.15.8:3300/0,v1:172.21.15.8:6789/0] conn(0x7f0c101017e0 0x7f0c10101bf0 unknown :-1 s=HELLO_CONNECTING pgs=0 cs=0 l=0 rev1=1 crypto rx=0 tx=0 comp rx=0 tx=0).handle_hello peer v2:172.21.15.8:3300/0 says I am v2:172.21.15.8:50758/0 (socket says 172.21.15.8:50758)
2024-04-26T20:15:23.624 INFO:teuthology.orchestra.run.smithi008.stdout:/usr/bin/ceph: stderr
2024-04-26T20:15:22.611+0000 7f0c0de00700 1 -- 172.21.15.8:0/1361243452 learned_addr learned my addr 172.21.15.8:0/1361243452 (peer_addr_for_me v2:172.21.15.8:0/0)
2024-04-26T20:15:23.624 INFO:teuthology.orchestra.run.smithi008.stdout:/usr/bin/ceph: stderr
2024-04-26T20:15:22.611+0000 7f0c0de00700 1 -- 172.21.15.8:0/1361243452 --> [v2:172.21.15.8:3300/0,v1:172.21.15.8:6789/0] -- mon_subscribe({config=0+,monmap=0+}) v3 -- 0x7f0c10102270 con 0x7f0c101017e0
2024-04-26T20:15:23.624 INFO:teuthology.orchestra.run.smithi008.stdout:/usr/bin/ceph: stderr
2024-04-26T20:15:22.612+0000 7f0c0de00700 1 --2- 172.21.15.8:0/1361243452 >> [v2:172.21.15.8:3300/0,v1:172.21.15.8:6789/0] conn(0x7f0c101017e0 0x7f0c10101bf0 secure :-1 s=READY pgs=39 cs=0 l=1 rev1=1 crypto rx=0x7f0c0000bb80 tx=0x7f0c0000b4f0 comp rx=0 tx=0).ready entity=mon.0 client_cookie=5429c2a8b2b01cc8 server_cookie=0 in_seq=0 out_seq=0
2024-04-26T20:15:23.625 INFO:teuthology.orchestra.run.smithi008.stdout:/usr/bin/ceph: stderr
2024-04-26T20:15:22.612+0000 7f0c0d400700 1 -- 172.21.15.8:0/1361243452 <== mon.0 v2:172.21.15.8:3300/0 1 ==== mon_map magic: 0 v1 ==== 229+0+0 (secure 0 0 0) 0x7f0c0000dd00 con 0x7f0c101017e0
2024-04-26T20:15:23.625 INFO:teuthology.orchestra.run.smithi008.stdout:/usr/bin/ceph: stderr
2024-04-26T20:15:22.612+0000 7f0c0d400700 1 -- 172.21.15.8:0/1361243452 <== mon.0 v2:172.21.15.8:3300/0 2 ==== config(27 keys) v1 ==== 1044+0+0 (secure 0 0 0) 0x7f0c0000de60 con 0x7f0c101017e0
2024-04-26T20:15:23.625 INFO:teuthology.orchestra.run.smithi008.stdout:/usr/bin/ceph: stderr
2024-04-26T20:15:22.612+0000 7f0c0d400700 1 -- 172.21.15.8:0/1361243452 <== mon.0 v2:172.21.15.8:3300/0 3 ==== mon_map magic: 0 v1 ==== 229+0+0 (secure 0 0 0) 0x7f0c000188a0 con 0x7f0c101017e0
2024-04-26T20:15:23.626 INFO:teuthology.orchestra.run.smithi008.stdout:/usr/bin/ceph: stderr
2024-04-26T20:15:22.613+0000 7f0c14c00700 1 -- 172.21.15.8:0/1361243452 >> [v2:172.21.15.8:3300/0,v1:172.21.15.8:6789/0] conn(0x7f0c101017e0 msgr2=0x7f0c10101bf0 secure :-1 s=STATE_CONNECTION_ESTABLISHED l=1).mark_down
2024-04-26T20:15:23.626 INFO:teuthology.orchestra.run.smithi008.stdout:/usr/bin/ceph: stderr
2024-04-26T20:15:22.613+0000 7f0c14c00700 1 --2- 172.21.15.8:0/1361243452 >> [v2:172.21.15.8:3300/0,v1:172.21.15.8:6789/0] conn(0x7f0c101017e0 0x7f0c10101bf0 secure :-1 s=READY pgs=39 cs=0 l=1 rev1=1 crypto rx=0x7f0c0000bb80 tx=0x7f0c0000b4f0 comp rx=0 tx=0).stop
2024-04-26T20:15:23.626 INFO:teuthology.orchestra.run.smithi008.stdout:/usr/bin/ceph: stderr
2024-04-26T20:15:22.613+0000 7f0c14c00700 1 -- 172.21.15.8:0/1361243452 shutdown_connections
2024-04-26T20:15:23.626 INFO:teuthology.orchestra.run.smithi008.stdout:/usr/bin/ceph: stderr
2024-04-26T20:15:22.613+0000 7f0c14c00700 1 --2- 172.21.15.8:0/1361243452 >> [v2:172.21.15.8:3300/0,v1:172.21.15.8:6789/0] conn(0x7f0c101017e0 0x7f0c10101bf0 unknown :-1 s=CLOSED pgs=39 cs=0 l=1 rev1=1 crypto rx=0 tx=0 comp rx=0 tx=0).stop
2024-04-26T20:15:23.626 INFO:teuthology.orchestra.run.smithi008.stdout:/usr/bin/ceph: stderr
2024-04-26T20:15:22.613+0000 7f0c14c00700 1 -- 172.21.15.8:0/1361243452 >> 172.21.15.8:0/1361243452 conn(0x7f0c100fcf40 msgr2=0x7f0c100ff370 unknown :-1 s=STATE_NONE l=0).mark_down
2024-04-26T20:15:23.626 INFO:teuthology.orchestra.run.smithi008.stdout:/usr/bin/ceph: stderr
2024-04-26T20:15:22.613+0000 7f0c14c00700 1 -- 172.21.15.8:0/1361243452 shutdown_connections
2024-04-26T20:15:23.627 INFO:teuthology.orchestra.run.smithi008.stdout:/usr/bin/ceph: stderr
2024-04-26T20:15:22.613+0000 7f0c14c00700 1 -- 172.21.15.8:0/1361243452 wait complete.
2024-04-26T20:15:23.627 INFO:teuthology.orchestra.run.smithi008.stdout:/usr/bin/ceph: stderr
2024-04-26T20:15:22.614+0000 7f0c14c00700 1 Processor -- start
2024-04-26T20:15:23.628 INFO:teuthology.orchestra.run.smithi008.stdout:/usr/bin/ceph: stderr
2024-04-26T20:15:22.614+0000 7f0c14c00700 1 -- start start
2024-04-26T20:15:23.628 INFO:teuthology.orchestra.run.smithi008.stdout:/usr/bin/ceph: stderr
2024-04-26T20:15:22.614+0000 7f0c14c00700 1 --2- >> [v2:172.21.15.8:3300/0,v1:172.21.15.8:6789/0] conn(0x7f0c101017e0 0x7f0c101138f0 unknown :-1 s=NONE pgs=0 cs=0 l=1 rev1=0 crypto rx=0 tx=0 comp rx=0 tx=0).connect
2024-04-26T20:15:23.628 INFO:teuthology.orchestra.run.smithi008.stdout:/usr/bin/ceph: stderr
2024-04-26T20:15:22.614+0000 7f0c14c00700 1 -- --> [v2:172.21.15.8:3300/0,v1:172.21.15.8:6789/0] -- mon_getmap magic: 0 v1 -- 0x7f0c10113e30 con 0x7f0c101017e0
2024-04-26T20:15:23.628 INFO:teuthology.orchestra.run.smithi008.stdout:/usr/bin/ceph: stderr
2024-04-26T20:15:22.615+0000 7f0c0de00700 1 --2- >> [v2:172.21.15.8:3300/0,v1:172.21.15.8:6789/0] conn(0x7f0c101017e0 0x7f0c101138f0 unknown :-1 s=BANNER_CONNECTING pgs=0 cs=0 l=1 rev1=0 crypto rx=0 tx=0 comp rx=0 tx=0)._handle_peer_banner_payload supported=3 required=0
2024-04-26T20:15:23.628 INFO:teuthology.orchestra.run.smithi008.stdout:/usr/bin/ceph: stderr
2024-04-26T20:15:22.615+0000 7f0c0de00700 1 --2- >> [v2:172.21.15.8:3300/0,v1:172.21.15.8:6789/0] conn(0x7f0c101017e0 0x7f0c101138f0 unknown :-1 s=HELLO_CONNECTING pgs=0 cs=0 l=1 rev1=1 crypto rx=0 tx=0 comp rx=0 tx=0).handle_hello peer v2:172.21.15.8:3300/0 says I am v2:172.21.15.8:50764/0 (socket says 172.21.15.8:50764)
2024-04-26T20:15:23.628 INFO:teuthology.orchestra.run.smithi008.stdout:/usr/bin/ceph: stderr
2024-04-26T20:15:22.615+0000 7f0c0de00700 1 -- 172.21.15.8:0/3341194082 learned_addr learned my addr 172.21.15.8:0/3341194082 (peer_addr_for_me v2:172.21.15.8:0/0)
2024-04-26T20:15:23.628 INFO:teuthology.orchestra.run.smithi008.stdout:/usr/bin/ceph: stderr
2024-04-26T20:15:22.615+0000 7f0c0de00700 1 -- 172.21.15.8:0/3341194082 --> [v2:172.21.15.8:3300/0,v1:172.21.15.8:6789/0] -- mon_subscribe({config=0+,monmap=0+}) v3 -- 0x7f0c0000b790 con 0x7f0c101017e0
2024-04-26T20:15:23.628 INFO:teuthology.orchestra.run.smithi008.stdout:/usr/bin/ceph: stderr
2024-04-26T20:15:22.616+0000 7f0c0de00700 1 --2- 172.21.15.8:0/3341194082 >> [v2:172.21.15.8:3300/0,v1:172.21.15.8:6789/0] conn(0x7f0c101017e0 0x7f0c101138f0 secure :-1 s=READY pgs=40 cs=0 l=1 rev1=1 crypto rx=0x7f0c0000d650 tx=0x7f0c0000b4f0 comp rx=0 tx=0).ready entity=mon.0 client_cookie=0 server_cookie=0 in_seq=0 out_seq=0
2024-04-26T20:15:23.628 INFO:teuthology.orchestra.run.smithi008.stdout:/usr/bin/ceph: stderr
2024-04-26T20:15:22.616+0000 7f0c06000700 1 -- 172.21.15.8:0/3341194082 <== mon.0 v2:172.21.15.8:3300/0 1 ==== mon_map magic: 0 v1 ==== 229+0+0 (secure 0 0 0) 0x7f0c00018e10 con 0x7f0c101017e0
2024-04-26T20:15:23.628 INFO:teuthology.orchestra.run.smithi008.stdout:/usr/bin/ceph: stderr
2024-04-26T20:15:22.616+0000 7f0c06000700 1 -- 172.21.15.8:0/3341194082 <== mon.0 v2:172.21.15.8:3300/0 2 ==== config(27 keys) v1 ==== 1044+0+0 (secure 0 0 0) 0x7f0c00010bd0 con 0x7f0c101017e0
2024-04-26T20:15:23.628 INFO:teuthology.orchestra.run.smithi008.stdout:/usr/bin/ceph: stderr
2024-04-26T20:15:22.616+0000 7f0c06000700 1 -- 172.21.15.8:0/3341194082 <== mon.0 v2:172.21.15.8:3300/0 3 ==== mon_map magic: 0 v1 ==== 229+0+0 (secure 0 0 0) 0x7f0c00021550 con 0x7f0c101017e0
2024-04-26T20:15:23.630 INFO:teuthology.orchestra.run.smithi008.stdout:/usr/bin/ceph: stderr
2024-04-26T20:15:22.616+0000 7f0c14c00700 1 -- 172.21.15.8:0/3341194082 --> [v2:172.21.15.8:3300/0,v1:172.21.15.8:6789/0] -- mon_subscribe({mgrmap=0+}) v3 -- 0x7f0c10114030 con 0x7f0c101017e0
2024-04-26T20:15:23.630 INFO:teuthology.orchestra.run.smithi008.stdout:/usr/bin/ceph: stderr
2024-04-26T20:15:22.616+0000 7f0c14c00700 1 -- 172.21.15.8:0/3341194082 --> [v2:172.21.15.8:3300/0,v1:172.21.15.8:6789/0] -- mon_subscribe({osdmap=0}) v3 -- 0x7f0c10114ba0 con 0x7f0c101017e0
2024-04-26T20:15:23.630 INFO:teuthology.orchestra.run.smithi008.stdout:/usr/bin/ceph: stderr
2024-04-26T20:15:22.617+0000 7f0c14c00700 1 -- 172.21.15.8:0/3341194082 --> [v2:172.21.15.8:3300/0,v1:172.21.15.8:6789/0] -- mon_command({"prefix": "get_command_descriptions"} v 0) v1 -- 0x7f0c1005f5c0 con 0x7f0c101017e0
2024-04-26T20:15:23.630 INFO:teuthology.orchestra.run.smithi008.stdout:/usr/bin/ceph: stderr
2024-04-26T20:15:22.617+0000 7f0c06000700 1 -- 172.21.15.8:0/3341194082 <== mon.0 v2:172.21.15.8:3300/0 4 ==== mgrmap(e 8) v1 ==== 43376+0+0 (secure 0 0 0) 0x7f0c000223f0 con 0x7f0c101017e0
2024-04-26T20:15:23.630 INFO:teuthology.orchestra.run.smithi008.stdout:/usr/bin/ceph: stderr
2024-04-26T20:15:22.618+0000 7f0c06000700 1 --2- 172.21.15.8:0/3341194082 >> [v2:172.21.15.8:6800/1434934844,v1:172.21.15.8:6801/1434934844] conn(0x7f0bf40367e0 0x7f0bf4038c90 unknown :-1 s=NONE pgs=0 cs=0 l=1 rev1=0 crypto rx=0 tx=0 comp rx=0 tx=0).connect
2024-04-26T20:15:23.630 INFO:teuthology.orchestra.run.smithi008.stdout:/usr/bin/ceph: stderr
2024-04-26T20:15:22.618+0000 7f0c06000700 1 -- 172.21.15.8:0/3341194082 <== mon.0 v2:172.21.15.8:3300/0 5 ==== osd_map(2..2 src has 1..2) v4 ==== 936+0+0 (secure 0 0 0) 0x7f0c00014070 con 0x7f0c101017e0
2024-04-26T20:15:23.631 INFO:teuthology.orchestra.run.smithi008.stdout:/usr/bin/ceph: stderr
2024-04-26T20:15:22.618+0000 7f0c07e00700 1 --2- 172.21.15.8:0/3341194082 >> [v2:172.21.15.8:6800/1434934844,v1:172.21.15.8:6801/1434934844] conn(0x7f0bf40367e0 0x7f0bf4038c90 unknown :-1 s=BANNER_CONNECTING pgs=0 cs=0 l=1 rev1=0 crypto rx=0 tx=0 comp rx=0 tx=0)._handle_peer_banner_payload supported=3 required=0
2024-04-26T20:15:23.631 INFO:teuthology.orchestra.run.smithi008.stdout:/usr/bin/ceph: stderr
2024-04-26T20:15:22.619+0000 7f0c07e00700 1 --2- 172.21.15.8:0/3341194082 >> [v2:172.21.15.8:6800/1434934844,v1:172.21.15.8:6801/1434934844] conn(0x7f0bf40367e0 0x7f0bf4038c90 secure :-1 s=READY pgs=8 cs=0 l=1 rev1=1 crypto rx=0x7f0bf8009990 tx=0x7f0bf8006e40 comp rx=0 tx=0).ready entity=mgr.14120 client_cookie=0 server_cookie=0 in_seq=0 out_seq=0
2024-04-26T20:15:23.631 INFO:teuthology.orchestra.run.smithi008.stdout:/usr/bin/ceph: stderr
2024-04-26T20:15:22.623+0000 7f0c06000700 1 -- 172.21.15.8:0/3341194082 <== mon.0 v2:172.21.15.8:3300/0 6 ==== mon_command_ack([{"prefix": "get_command_descriptions"}]=0 v0) v1 ==== 72+0+176702 (secure 0 0 0) 0x7f0c00022980 con 0x7f0c101017e0
2024-04-26T20:15:23.631 INFO:teuthology.orchestra.run.smithi008.stdout:/usr/bin/ceph: stderr
2024-04-26T20:15:22.846+0000 7f0c14c00700 1 -- 172.21.15.8:0/3341194082 --> [v2:172.21.15.8:6800/1434934844,v1:172.21.15.8:6801/1434934844] -- mgr_command(tid 0: {"prefix": "cephadm set-user", "user": "root", "target": ["mon-mgr", ""]}) v1 -- 0x7f0c10114fb0 con 0x7f0bf40367e0
2024-04-26T20:15:23.631 INFO:teuthology.orchestra.run.smithi008.stdout:/usr/bin/ceph: stderr
2024-04-26T20:15:22.848+0000 7f0c06000700 1 -- 172.21.15.8:0/3341194082 <== mgr.14120 v2:172.21.15.8:6800/1434934844 1 ==== mgr_command_reply(tid 0: 0 ) v1 ==== 8+0+16 (secure 0 0 0) 0x7f0c10114fb0 con 0x7f0bf40367e0
2024-04-26T20:15:23.631 INFO:teuthology.orchestra.run.smithi008.stdout:/usr/bin/ceph: stderr
2024-04-26T20:15:22.850+0000 7f0c14c00700 1 -- 172.21.15.8:0/3341194082 >> [v2:172.21.15.8:6800/1434934844,v1:172.21.15.8:6801/1434934844] conn(0x7f0bf40367e0 msgr2=0x7f0bf4038c90 secure :-1 s=STATE_CONNECTION_ESTABLISHED l=1).mark_down
2024-04-26T20:15:23.631 INFO:teuthology.orchestra.run.smithi008.stdout:/usr/bin/ceph: stderr
2024-04-26T20:15:22.850+0000 7f0c14c00700 1 --2- 172.21.15.8:0/3341194082 >> [v2:172.21.15.8:6800/1434934844,v1:172.21.15.8:6801/1434934844] conn(0x7f0bf40367e0 0x7f0bf4038c90 secure :-1 s=READY pgs=8 cs=0 l=1 rev1=1 crypto rx=0x7f0bf8009990 tx=0x7f0bf8006e40 comp rx=0 tx=0).stop
2024-04-26T20:15:23.631 INFO:teuthology.orchestra.run.smithi008.stdout:/usr/bin/ceph: stderr
2024-04-26T20:15:22.850+0000 7f0c14c00700 1 -- 172.21.15.8:0/3341194082 >> [v2:172.21.15.8:3300/0,v1:172.21.15.8:6789/0] conn(0x7f0c101017e0 msgr2=0x7f0c101138f0 secure :-1 s=STATE_CONNECTION_ESTABLISHED l=1).mark_down
2024-04-26T20:15:23.631 INFO:teuthology.orchestra.run.smithi008.stdout:/usr/bin/ceph: stderr
2024-04-26T20:15:22.850+0000 7f0c14c00700 1 --2- 172.21.15.8:0/3341194082 >> [v2:172.21.15.8:3300/0,v1:172.21.15.8:6789/0] conn(0x7f0c101017e0 0x7f0c101138f0 secure :-1 s=READY pgs=40 cs=0 l=1 rev1=1 crypto rx=0x7f0c0000d650 tx=0x7f0c0000b4f0 comp rx=0 tx=0).stop
2024-04-26T20:15:23.631 INFO:teuthology.orchestra.run.smithi008.stdout:/usr/bin/ceph: stderr
2024-04-26T20:15:22.851+0000 7f0c14c00700 1 -- 172.21.15.8:0/3341194082 shutdown_connections
2024-04-26T20:15:23.632 INFO:teuthology.orchestra.run.smithi008.stdout:/usr/bin/ceph: stderr
2024-04-26T20:15:22.851+0000 7f0c14c00700 1 --2- 172.21.15.8:0/3341194082 >> [v2:172.21.15.8:6800/1434934844,v1:172.21.15.8:6801/1434934844] conn(0x7f0bf40367e0 0x7f0bf4038c90 unknown :-1 s=CLOSED pgs=8 cs=0 l=1 rev1=1 crypto rx=0 tx=0 comp rx=0 tx=0).stop
2024-04-26T20:15:23.632 INFO:teuthology.orchestra.run.smithi008.stdout:/usr/bin/ceph: stderr
2024-04-26T20:15:22.851+0000 7f0c14c00700 1 --2- 172.21.15.8:0/3341194082 >> [v2:172.21.15.8:3300/0,v1:172.21.15.8:6789/0] conn(0x7f0c101017e0 0x7f0c101138f0 unknown :-1 s=CLOSED pgs=40 cs=0 l=1 rev1=1 crypto rx=0 tx=0 comp rx=0 tx=0).stop
2024-04-26T20:15:23.632 INFO:teuthology.orchestra.run.smithi008.stdout:/usr/bin/ceph: stderr
2024-04-26T20:15:22.851+0000 7f0c14c00700 1 -- 172.21.15.8:0/3341194082 >> 172.21.15.8:0/3341194082 conn(0x7f0c100fcf40 msgr2=0x7f0c1010a0e0 unknown :-1 s=STATE_NONE l=0).mark_down
2024-04-26T20:15:23.632 INFO:teuthology.orchestra.run.smithi008.stdout:/usr/bin/ceph: stderr
2024-04-26T20:15:22.851+0000 7f0c14c00700 1 -- 172.21.15.8:0/3341194082 shutdown_connections
2024-04-26T20:15:23.632 INFO:teuthology.orchestra.run.smithi008.stdout:/usr/bin/ceph: stderr
2024-04-26T20:15:22.851+0000 7f0c14c00700 1 -- 172.21.15.8:0/3341194082 wait complete.
2024-04-26T20:15:23.632 INFO:teuthology.orchestra.run.smithi008.stdout:Generating ssh key...
2024-04-26T20:15:24.093 INFO:journalctl@ceph.mon.smithi008.smithi008.stdout:Apr 26 20:15:23 smithi008 ceph-mon[25481]: from='client.14134 -' entity='client.admin' cmd=[{"prefix": "cephadm set-user", "user": "root", "target": ["mon-mgr", ""]}]: dispatch
2024-04-26T20:15:25.491 INFO:teuthology.orchestra.run.smithi008.stdout:/usr/bin/ceph: stderr
2024-04-26T20:15:24.253+0000 7fa767800700 1 Processor -- start
2024-04-26T20:15:25.491 INFO:teuthology.orchestra.run.smithi008.stdout:/usr/bin/ceph: stderr
2024-04-26T20:15:24.254+0000 7fa767800700 1 -- start start
2024-04-26T20:15:25.491 INFO:teuthology.orchestra.run.smithi008.stdout:/usr/bin/ceph: stderr
2024-04-26T20:15:24.254+0000 7fa767800700 1 --2- >> [v2:172.21.15.8:3300/0,v1:172.21.15.8:6789/0] conn(0x7fa760101820 0x7fa760101c30 unknown :-1 s=NONE pgs=0 cs=0 l=0 rev1=0 crypto rx=0 tx=0 comp rx=0 tx=0).connect
2024-04-26T20:15:25.491 INFO:teuthology.orchestra.run.smithi008.stdout:/usr/bin/ceph: stderr
2024-04-26T20:15:24.254+0000 7fa767800700 1 -- --> [v2:172.21.15.8:3300/0,v1:172.21.15.8:6789/0] -- mon_getmap magic: 0 v1 -- 0x7fa760102170 con 0x7fa760101820
2024-04-26T20:15:25.492 INFO:teuthology.orchestra.run.smithi008.stdout:/usr/bin/ceph: stderr
2024-04-26T20:15:24.254+0000 7fa764e00700 1 --2- >> [v2:172.21.15.8:3300/0,v1:172.21.15.8:6789/0] conn(0x7fa760101820 0x7fa760101c30 unknown :-1 s=BANNER_CONNECTING pgs=0 cs=0 l=0 rev1=0 crypto rx=0 tx=0 comp rx=0 tx=0)._handle_peer_banner_payload supported=3 required=0
2024-04-26T20:15:25.492 INFO:teuthology.orchestra.run.smithi008.stdout:/usr/bin/ceph: stderr
2024-04-26T20:15:24.254+0000 7fa764e00700 1 --2- >> [v2:172.21.15.8:3300/0,v1:172.21.15.8:6789/0] conn(0x7fa760101820 0x7fa760101c30 unknown :-1 s=HELLO_CONNECTING pgs=0 cs=0 l=0 rev1=1 crypto rx=0 tx=0 comp rx=0 tx=0).handle_hello peer v2:172.21.15.8:3300/0 says I am v2:172.21.15.8:50768/0 (socket says 172.21.15.8:50768)
2024-04-26T20:15:25.492 INFO:teuthology.orchestra.run.smithi008.stdout:/usr/bin/ceph: stderr
2024-04-26T20:15:24.254+0000 7fa764e00700 1 -- 172.21.15.8:0/2561983858 learned_addr learned my addr 172.21.15.8:0/2561983858 (peer_addr_for_me v2:172.21.15.8:0/0)
2024-04-26T20:15:25.492 INFO:teuthology.orchestra.run.smithi008.stdout:/usr/bin/ceph: stderr
2024-04-26T20:15:24.255+0000 7fa764e00700 1 -- 172.21.15.8:0/2561983858 --> [v2:172.21.15.8:3300/0,v1:172.21.15.8:6789/0] -- mon_subscribe({config=0+,monmap=0+}) v3 -- 0x7fa7601022b0 con 0x7fa760101820
2024-04-26T20:15:25.492 INFO:teuthology.orchestra.run.smithi008.stdout:/usr/bin/ceph: stderr
2024-04-26T20:15:24.255+0000 7fa764e00700 1 --2- 172.21.15.8:0/2561983858 >> [v2:172.21.15.8:3300/0,v1:172.21.15.8:6789/0] conn(0x7fa760101820 0x7fa760101c30 secure :-1 s=READY pgs=41 cs=0 l=1 rev1=1 crypto rx=0x7fa7540098e0 tx=0x7fa754009250 comp rx=0 tx=0).ready entity=mon.0 client_cookie=e90657c49ac2ad76 server_cookie=0 in_seq=0 out_seq=0
2024-04-26T20:15:25.492 INFO:teuthology.orchestra.run.smithi008.stdout:/usr/bin/ceph: stderr
2024-04-26T20:15:24.256+0000 7fa75f400700 1 -- 172.21.15.8:0/2561983858 <== mon.0 v2:172.21.15.8:3300/0 1 ==== mon_map magic: 0 v1 ==== 229+0+0 (secure 0 0 0) 0x7fa75400b860 con 0x7fa760101820
2024-04-26T20:15:25.492 INFO:teuthology.orchestra.run.smithi008.stdout:/usr/bin/ceph: stderr
2024-04-26T20:15:24.256+0000 7fa75f400700 1 -- 172.21.15.8:0/2561983858 <== mon.0 v2:172.21.15.8:3300/0 2 ==== config(27 keys) v1 ==== 1044+0+0 (secure 0 0 0) 0x7fa75400be50 con 0x7fa760101820
2024-04-26T20:15:25.492 INFO:teuthology.orchestra.run.smithi008.stdout:/usr/bin/ceph: stderr
2024-04-26T20:15:24.256+0000 7fa75f400700 1 -- 172.21.15.8:0/2561983858 <== mon.0 v2:172.21.15.8:3300/0 3 ==== mon_map magic: 0 v1 ==== 229+0+0 (secure 0 0 0) 0x7fa754010380 con 0x7fa760101820
2024-04-26T20:15:25.492 INFO:teuthology.orchestra.run.smithi008.stdout:/usr/bin/ceph: stderr
2024-04-26T20:15:24.256+0000 7fa767800700 1 -- 172.21.15.8:0/2561983858 >> [v2:172.21.15.8:3300/0,v1:172.21.15.8:6789/0] conn(0x7fa760101820 msgr2=0x7fa760101c30 secure :-1 s=STATE_CONNECTION_ESTABLISHED l=1).mark_down
2024-04-26T20:15:25.492 INFO:teuthology.orchestra.run.smithi008.stdout:/usr/bin/ceph: stderr
2024-04-26T20:15:24.256+0000 7fa767800700 1 --2- 172.21.15.8:0/2561983858 >> [v2:172.21.15.8:3300/0,v1:172.21.15.8:6789/0] conn(0x7fa760101820 0x7fa760101c30 secure :-1 s=READY pgs=41 cs=0 l=1 rev1=1 crypto rx=0x7fa7540098e0 tx=0x7fa754009250 comp rx=0 tx=0).stop
2024-04-26T20:15:25.493 INFO:teuthology.orchestra.run.smithi008.stdout:/usr/bin/ceph: stderr
2024-04-26T20:15:24.256+0000 7fa767800700 1 -- 172.21.15.8:0/2561983858 shutdown_connections
2024-04-26T20:15:25.493 INFO:teuthology.orchestra.run.smithi008.stdout:/usr/bin/ceph: stderr
2024-04-26T20:15:24.256+0000 7fa767800700 1 --2- 172.21.15.8:0/2561983858 >> [v2:172.21.15.8:3300/0,v1:172.21.15.8:6789/0] conn(0x7fa760101820 0x7fa760101c30 unknown :-1 s=CLOSED pgs=41 cs=0 l=1 rev1=1 crypto rx=0 tx=0 comp rx=0 tx=0).stop
2024-04-26T20:15:25.493 INFO:teuthology.orchestra.run.smithi008.stdout:/usr/bin/ceph: stderr
2024-04-26T20:15:24.256+0000 7fa767800700 1 -- 172.21.15.8:0/2561983858 >> 172.21.15.8:0/2561983858 conn(0x7fa7600fcfc0 msgr2=0x7fa7600ff3d0 unknown :-1 s=STATE_NONE l=0).mark_down
2024-04-26T20:15:25.493 INFO:teuthology.orchestra.run.smithi008.stdout:/usr/bin/ceph: stderr
2024-04-26T20:15:24.257+0000 7fa767800700 1 -- 172.21.15.8:0/2561983858 shutdown_connections
2024-04-26T20:15:25.493 INFO:teuthology.orchestra.run.smithi008.stdout:/usr/bin/ceph: stderr
2024-04-26T20:15:24.257+0000 7fa767800700 1 -- 172.21.15.8:0/2561983858 wait complete.
2024-04-26T20:15:25.493 INFO:teuthology.orchestra.run.smithi008.stdout:/usr/bin/ceph: stderr
2024-04-26T20:15:24.257+0000 7fa767800700 1 Processor -- start
2024-04-26T20:15:25.493 INFO:teuthology.orchestra.run.smithi008.stdout:/usr/bin/ceph: stderr
2024-04-26T20:15:24.258+0000 7fa767800700 1 -- start start
2024-04-26T20:15:25.493 INFO:teuthology.orchestra.run.smithi008.stdout:/usr/bin/ceph: stderr
2024-04-26T20:15:24.258+0000 7fa767800700 1 --2- >> [v2:172.21.15.8:3300/0,v1:172.21.15.8:6789/0] conn(0x7fa760101820 0x7fa760113920 unknown :-1 s=NONE pgs=0 cs=0 l=1 rev1=0 crypto rx=0 tx=0 comp rx=0 tx=0).connect
2024-04-26T20:15:25.493 INFO:teuthology.orchestra.run.smithi008.stdout:/usr/bin/ceph: stderr
2024-04-26T20:15:24.258+0000 7fa767800700 1 -- --> [v2:172.21.15.8:3300/0,v1:172.21.15.8:6789/0] -- mon_getmap magic: 0 v1 -- 0x7fa760113e60 con 0x7fa760101820
2024-04-26T20:15:25.493 INFO:teuthology.orchestra.run.smithi008.stdout:/usr/bin/ceph: stderr
2024-04-26T20:15:24.258+0000 7fa764e00700 1 --2- >> [v2:172.21.15.8:3300/0,v1:172.21.15.8:6789/0] conn(0x7fa760101820 0x7fa760113920 unknown :-1 s=BANNER_CONNECTING pgs=0 cs=0 l=1 rev1=0 crypto rx=0 tx=0 comp rx=0 tx=0)._handle_peer_banner_payload supported=3 required=0
2024-04-26T20:15:25.493 INFO:teuthology.orchestra.run.smithi008.stdout:/usr/bin/ceph: stderr
2024-04-26T20:15:24.258+0000 7fa764e00700 1 --2- >> [v2:172.21.15.8:3300/0,v1:172.21.15.8:6789/0] conn(0x7fa760101820 0x7fa760113920 unknown :-1 s=HELLO_CONNECTING pgs=0 cs=0 l=1 rev1=1 crypto rx=0 tx=0 comp rx=0 tx=0).handle_hello peer v2:172.21.15.8:3300/0 says I am v2:172.21.15.8:50784/0 (socket says 172.21.15.8:50784)
2024-04-26T20:15:25.493 INFO:teuthology.orchestra.run.smithi008.stdout:/usr/bin/ceph: stderr
2024-04-26T20:15:24.258+0000 7fa764e00700 1 -- 172.21.15.8:0/367017228 learned_addr learned my addr 172.21.15.8:0/367017228 (peer_addr_for_me v2:172.21.15.8:0/0)
2024-04-26T20:15:25.493 INFO:teuthology.orchestra.run.smithi008.stdout:/usr/bin/ceph: stderr
2024-04-26T20:15:24.258+0000 7fa764e00700 1 -- 172.21.15.8:0/367017228 --> [v2:172.21.15.8:3300/0,v1:172.21.15.8:6789/0] -- mon_subscribe({config=0+,monmap=0+}) v3 -- 0x7fa7540094f0 con 0x7fa760101820
2024-04-26T20:15:25.493 INFO:teuthology.orchestra.run.smithi008.stdout:/usr/bin/ceph: stderr
2024-04-26T20:15:24.259+0000 7fa764e00700 1 --2- 172.21.15.8:0/367017228 >> [v2:172.21.15.8:3300/0,v1:172.21.15.8:6789/0] conn(0x7fa760101820 0x7fa760113920 secure :-1 s=READY pgs=42 cs=0 l=1 rev1=1 crypto rx=0x7fa75400ba90 tx=0x7fa754009250 comp rx=0 tx=0).ready entity=mon.0 client_cookie=0 server_cookie=0 in_seq=0 out_seq=0
2024-04-26T20:15:25.494 INFO:teuthology.orchestra.run.smithi008.stdout:/usr/bin/ceph: stderr
2024-04-26T20:15:24.259+0000 7fa75cc00700 1 -- 172.21.15.8:0/367017228 <== mon.0 v2:172.21.15.8:3300/0 1 ==== mon_map magic: 0 v1 ==== 229+0+0 (secure 0 0 0) 0x7fa7540107c0 con 0x7fa760101820
2024-04-26T20:15:25.494 INFO:teuthology.orchestra.run.smithi008.stdout:/usr/bin/ceph: stderr
2024-04-26T20:15:24.259+0000 7fa75cc00700 1 -- 172.21.15.8:0/367017228 <== mon.0 v2:172.21.15.8:3300/0 2 ==== config(27 keys) v1 ==== 1044+0+0 (secure 0 0 0) 0x7fa754010db0 con 0x7fa760101820
2024-04-26T20:15:25.494 INFO:teuthology.orchestra.run.smithi008.stdout:/usr/bin/ceph: stderr
2024-04-26T20:15:24.259+0000 7fa767800700 1 -- 172.21.15.8:0/367017228 --> [v2:172.21.15.8:3300/0,v1:172.21.15.8:6789/0] -- mon_subscribe({mgrmap=0+}) v3 -- 0x7fa760114060 con 0x7fa760101820
2024-04-26T20:15:25.494 INFO:teuthology.orchestra.run.smithi008.stdout:/usr/bin/ceph: stderr
2024-04-26T20:15:24.259+0000 7fa75cc00700 1 -- 172.21.15.8:0/367017228 <== mon.0 v2:172.21.15.8:3300/0 3 ==== mon_map magic: 0 v1 ==== 229+0+0 (secure 0 0 0) 0x7fa75401add0 con 0x7fa760101820
2024-04-26T20:15:25.494 INFO:teuthology.orchestra.run.smithi008.stdout:/usr/bin/ceph: stderr
2024-04-26T20:15:24.259+0000 7fa767800700 1 -- 172.21.15.8:0/367017228 --> [v2:172.21.15.8:3300/0,v1:172.21.15.8:6789/0] -- mon_subscribe({osdmap=0}) v3 -- 0x7fa760114bd0 con 0x7fa760101820
2024-04-26T20:15:25.494 INFO:teuthology.orchestra.run.smithi008.stdout:/usr/bin/ceph: stderr
2024-04-26T20:15:24.260+0000 7fa75cc00700 1 -- 172.21.15.8:0/367017228 <== mon.0 v2:172.21.15.8:3300/0 4 ==== mgrmap(e 8) v1 ==== 43376+0+0 (secure 0 0 0) 0x7fa754010920 con 0x7fa760101820
2024-04-26T20:15:25.494 INFO:teuthology.orchestra.run.smithi008.stdout:/usr/bin/ceph: stderr
2024-04-26T20:15:24.260+0000 7fa767800700 1 -- 172.21.15.8:0/367017228 --> [v2:172.21.15.8:3300/0,v1:172.21.15.8:6789/0] -- mon_command({"prefix": "get_command_descriptions"} v 0) v1 -- 0x7fa76005f5c0 con 0x7fa760101820
2024-04-26T20:15:25.494 INFO:teuthology.orchestra.run.smithi008.stdout:/usr/bin/ceph: stderr
2024-04-26T20:15:24.261+0000 7fa75cc00700 1 --2- 172.21.15.8:0/367017228 >> [v2:172.21.15.8:6800/1434934844,v1:172.21.15.8:6801/1434934844] conn(0x7fa7480367e0 0x7fa748038c90 unknown :-1 s=NONE pgs=0 cs=0 l=1 rev1=0 crypto rx=0 tx=0 comp rx=0 tx=0).connect
2024-04-26T20:15:25.494 INFO:teuthology.orchestra.run.smithi008.stdout:/usr/bin/ceph: stderr
2024-04-26T20:15:24.261+0000 7fa75cc00700 1 -- 172.21.15.8:0/367017228 <== mon.0 v2:172.21.15.8:3300/0 5 ==== osd_map(2..2 src has 1..2) v4 ==== 936+0+0 (secure 0 0 0) 0x7fa75404a640 con 0x7fa760101820
2024-04-26T20:15:25.494 INFO:teuthology.orchestra.run.smithi008.stdout:/usr/bin/ceph: stderr
2024-04-26T20:15:24.261+0000 7fa75fe00700 1 --2- 172.21.15.8:0/367017228 >> [v2:172.21.15.8:6800/1434934844,v1:172.21.15.8:6801/1434934844] conn(0x7fa7480367e0 0x7fa748038c90 unknown :-1 s=BANNER_CONNECTING pgs=0 cs=0 l=1 rev1=0 crypto rx=0 tx=0 comp rx=0 tx=0)._handle_peer_banner_payload supported=3 required=0
2024-04-26T20:15:25.494 INFO:teuthology.orchestra.run.smithi008.stdout:/usr/bin/ceph: stderr
2024-04-26T20:15:24.262+0000 7fa75fe00700 1 --2- 172.21.15.8:0/367017228 >> [v2:172.21.15.8:6800/1434934844,v1:172.21.15.8:6801/1434934844] conn(0x7fa7480367e0 0x7fa748038c90 secure :-1 s=READY pgs=9 cs=0 l=1 rev1=1 crypto rx=0x7fa74c009990 tx=0x7fa74c006e40 comp rx=0 tx=0).ready entity=mgr.14120 client_cookie=0 server_cookie=0 in_seq=0 out_seq=0
2024-04-26T20:15:25.494 INFO:teuthology.orchestra.run.smithi008.stdout:/usr/bin/ceph: stderr
2024-04-26T20:15:24.266+0000 7fa75cc00700 1 -- 172.21.15.8:0/367017228 <== mon.0 v2:172.21.15.8:3300/0 6 ==== mon_command_ack([{"prefix": "get_command_descriptions"}]=0 v0) v1 ==== 72+0+176702 (secure 0 0 0) 0x7fa75401a430 con 0x7fa760101820
2024-04-26T20:15:25.494 INFO:teuthology.orchestra.run.smithi008.stdout:/usr/bin/ceph: stderr
2024-04-26T20:15:24.483+0000 7fa767800700 1 -- 172.21.15.8:0/367017228 --> [v2:172.21.15.8:6800/1434934844,v1:172.21.15.8:6801/1434934844] -- mgr_command(tid 0: {"prefix": "cephadm generate-key", "target": ["mon-mgr", ""]}) v1 -- 0x7fa760115750 con 0x7fa7480367e0
2024-04-26T20:15:25.495 INFO:teuthology.orchestra.run.smithi008.stdout:/usr/bin/ceph: stderr
2024-04-26T20:15:24.804+0000 7fa75cc00700 1 -- 172.21.15.8:0/367017228 <== mgr.14120 v2:172.21.15.8:6800/1434934844 1 ==== mgr_command_reply(tid 0: 0 ) v1 ==== 8+0+0 (secure 0 0 0) 0x7fa760115750 con 0x7fa7480367e0
2024-04-26T20:15:25.495 INFO:teuthology.orchestra.run.smithi008.stdout:/usr/bin/ceph: stderr
2024-04-26T20:15:24.807+0000 7fa767800700 1 -- 172.21.15.8:0/367017228 >> [v2:172.21.15.8:6800/1434934844,v1:172.21.15.8:6801/1434934844] conn(0x7fa7480367e0 msgr2=0x7fa748038c90 secure :-1 s=STATE_CONNECTION_ESTABLISHED l=1).mark_down
2024-04-26T20:15:25.495 INFO:teuthology.orchestra.run.smithi008.stdout:/usr/bin/ceph: stderr
2024-04-26T20:15:24.807+0000 7fa767800700 1 --2- 172.21.15.8:0/367017228 >> [v2:172.21.15.8:6800/1434934844,v1:172.21.15.8:6801/1434934844] conn(0x7fa7480367e0 0x7fa748038c90 secure :-1 s=READY pgs=9 cs=0 l=1 rev1=1 crypto rx=0x7fa74c009990 tx=0x7fa74c006e40 comp rx=0 tx=0).stop
2024-04-26T20:15:25.495 INFO:teuthology.orchestra.run.smithi008.stdout:/usr/bin/ceph: stderr
2024-04-26T20:15:24.807+0000 7fa767800700 1 -- 172.21.15.8:0/367017228 >> [v2:172.21.15.8:3300/0,v1:172.21.15.8:6789/0] conn(0x7fa760101820 msgr2=0x7fa760113920 secure :-1 s=STATE_CONNECTION_ESTABLISHED l=1).mark_down
2024-04-26T20:15:25.495 INFO:teuthology.orchestra.run.smithi008.stdout:/usr/bin/ceph: stderr
2024-04-26T20:15:24.807+0000 7fa767800700 1 --2- 172.21.15.8:0/367017228 >> [v2:172.21.15.8:3300/0,v1:172.21.15.8:6789/0] conn(0x7fa760101820 0x7fa760113920 secure :-1 s=READY pgs=42 cs=0 l=1 rev1=1 crypto rx=0x7fa75400ba90 tx=0x7fa754009250 comp rx=0 tx=0).stop
2024-04-26T20:15:25.495 INFO:teuthology.orchestra.run.smithi008.stdout:/usr/bin/ceph: stderr
