2024-04-26T20:15:45.512 INFO:journalctl@ceph.mon.smithi008.smithi008.stdout:Apr 26 20:15:45 smithi008 ceph-mon[25481]: from='client.14154 -' entity='client.admin' cmd=[{"prefix": "orch apply", "service_type": "alertmanager", "target": ["mon-mgr", ""]}]: dispatch
2024-04-26T20:15:45.512 INFO:journalctl@ceph.mon.smithi008.smithi008.stdout:Apr 26 20:15:45 smithi008 ceph-mon[25481]: Saving service alertmanager spec with placement count:1
2024-04-26T20:15:45.512 INFO:journalctl@ceph.mon.smithi008.smithi008.stdout:Apr 26 20:15:45 smithi008 ceph-mon[25481]: from='mgr.14120 172.21.15.8:0/841858813' entity='mgr.smithi008.kdptki'
2024-04-26T20:15:45.512 INFO:journalctl@ceph.mon.smithi008.smithi008.stdout:Apr 26 20:15:45 smithi008 ceph-mon[25481]: pgmap v6: 0 pgs: ; 0 B data, 0 B used, 0 B / 0 B avail
2024-04-26T20:15:46.457 INFO:teuthology.orchestra.run.smithi008.stdout:/usr/bin/ceph: stderr
2024-04-26T20:15:45.589+0000 7f63ab000700 1 Processor -- start
2024-04-26T20:15:46.458 INFO:teuthology.orchestra.run.smithi008.stdout:/usr/bin/ceph: stderr
2024-04-26T20:15:45.589+0000 7f63ab000700 1 -- start start
2024-04-26T20:15:46.458 INFO:teuthology.orchestra.run.smithi008.stdout:/usr/bin/ceph: stderr
2024-04-26T20:15:45.590+0000 7f63ab000700 1 --2- >> [v2:172.21.15.8:3300/0,v1:172.21.15.8:6789/0] conn(0x7f63a4104bf0 0x7f63a4105000 unknown :-1 s=NONE pgs=0 cs=0 l=0 rev1=0 crypto rx=0 tx=0 comp rx=0 tx=0).connect
2024-04-26T20:15:46.458 INFO:teuthology.orchestra.run.smithi008.stdout:/usr/bin/ceph: stderr
2024-04-26T20:15:45.590+0000 7f63ab000700 1 -- --> [v2:172.21.15.8:3300/0,v1:172.21.15.8:6789/0] -- mon_getmap magic: 0 v1 -- 0x7f63a41055d0 con 0x7f63a4104bf0
2024-04-26T20:15:46.458 INFO:teuthology.orchestra.run.smithi008.stdout:/usr/bin/ceph: stderr
2024-04-26T20:15:45.590+0000 7f63a3e00700 1 --2- >> [v2:172.21.15.8:3300/0,v1:172.21.15.8:6789/0] conn(0x7f63a4104bf0 0x7f63a4105000 unknown :-1 s=BANNER_CONNECTING pgs=0 cs=0 l=0 rev1=0 crypto rx=0 tx=0 comp rx=0 tx=0)._handle_peer_banner_payload supported=3 required=0
2024-04-26T20:15:46.458 INFO:teuthology.orchestra.run.smithi008.stdout:/usr/bin/ceph: stderr
2024-04-26T20:15:45.590+0000 7f63a3e00700 1 --2- >> [v2:172.21.15.8:3300/0,v1:172.21.15.8:6789/0] conn(0x7f63a4104bf0 0x7f63a4105000 unknown :-1 s=HELLO_CONNECTING pgs=0 cs=0 l=0 rev1=1 crypto rx=0 tx=0 comp rx=0 tx=0).handle_hello peer v2:172.21.15.8:3300/0 says I am v2:172.21.15.8:41454/0 (socket says 172.21.15.8:41454)
2024-04-26T20:15:46.458 INFO:teuthology.orchestra.run.smithi008.stdout:/usr/bin/ceph: stderr
2024-04-26T20:15:45.590+0000 7f63a3e00700 1 -- 172.21.15.8:0/45029884 learned_addr learned my addr 172.21.15.8:0/45029884 (peer_addr_for_me v2:172.21.15.8:0/0)
2024-04-26T20:15:46.458 INFO:teuthology.orchestra.run.smithi008.stdout:/usr/bin/ceph: stderr
2024-04-26T20:15:45.591+0000 7f63a3e00700 1 -- 172.21.15.8:0/45029884 --> [v2:172.21.15.8:3300/0,v1:172.21.15.8:6789/0] -- mon_subscribe({config=0+,monmap=0+}) v3 -- 0x7f63a4105710 con 0x7f63a4104bf0
2024-04-26T20:15:46.458 INFO:teuthology.orchestra.run.smithi008.stdout:/usr/bin/ceph: stderr
2024-04-26T20:15:45.591+0000 7f63a3e00700 1 --2- 172.21.15.8:0/45029884 >> [v2:172.21.15.8:3300/0,v1:172.21.15.8:6789/0] conn(0x7f63a4104bf0 0x7f63a4105000 secure :-1 s=READY pgs=61 cs=0 l=1 rev1=1 crypto rx=0x7f63940098e0 tx=0x7f6394009250 comp rx=0 tx=0).ready entity=mon.0 client_cookie=ff6edd66115b4b47 server_cookie=0 in_seq=0 out_seq=0
2024-04-26T20:15:46.458 INFO:teuthology.orchestra.run.smithi008.stdout:/usr/bin/ceph: stderr
2024-04-26T20:15:45.591+0000 7f63a2a00700 1 -- 172.21.15.8:0/45029884 <== mon.0 v2:172.21.15.8:3300/0 1 ==== mon_map magic: 0 v1 ==== 229+0+0 (secure 0 0 0) 0x7f639400b860 con 0x7f63a4104bf0
2024-04-26T20:15:46.458 INFO:teuthology.orchestra.run.smithi008.stdout:/usr/bin/ceph: stderr
2024-04-26T20:15:45.592+0000 7f63a2a00700 1 -- 172.21.15.8:0/45029884 <== mon.0 v2:172.21.15.8:3300/0 2 ==== config(27 keys) v1 ==== 1109+0+0 (secure 0 0 0) 0x7f639400be90 con 0x7f63a4104bf0
2024-04-26T20:15:46.458 INFO:teuthology.orchestra.run.smithi008.stdout:/usr/bin/ceph: stderr
2024-04-26T20:15:45.592+0000 7f63a2a00700 1 -- 172.21.15.8:0/45029884 <== mon.0 v2:172.21.15.8:3300/0 3 ==== mon_map magic: 0 v1 ==== 229+0+0 (secure 0 0 0) 0x7f63940103c0 con 0x7f63a4104bf0
2024-04-26T20:15:46.458 INFO:teuthology.orchestra.run.smithi008.stdout:/usr/bin/ceph: stderr
2024-04-26T20:15:45.592+0000 7f63ab000700 1 -- 172.21.15.8:0/45029884 >> [v2:172.21.15.8:3300/0,v1:172.21.15.8:6789/0] conn(0x7f63a4104bf0 msgr2=0x7f63a4105000 secure :-1 s=STATE_CONNECTION_ESTABLISHED l=1).mark_down
2024-04-26T20:15:46.459 INFO:teuthology.orchestra.run.smithi008.stdout:/usr/bin/ceph: stderr
2024-04-26T20:15:45.592+0000 7f63ab000700 1 --2- 172.21.15.8:0/45029884 >> [v2:172.21.15.8:3300/0,v1:172.21.15.8:6789/0] conn(0x7f63a4104bf0 0x7f63a4105000 secure :-1 s=READY pgs=61 cs=0 l=1 rev1=1 crypto rx=0x7f63940098e0 tx=0x7f6394009250 comp rx=0 tx=0).stop
2024-04-26T20:15:46.462 INFO:teuthology.orchestra.run.smithi008.stdout:/usr/bin/ceph: stderr
2024-04-26T20:15:45.592+0000 7f63ab000700 1 -- 172.21.15.8:0/45029884 shutdown_connections
2024-04-26T20:15:46.462 INFO:teuthology.orchestra.run.smithi008.stdout:/usr/bin/ceph: stderr
2024-04-26T20:15:45.592+0000 7f63ab000700 1 --2- 172.21.15.8:0/45029884 >> [v2:172.21.15.8:3300/0,v1:172.21.15.8:6789/0] conn(0x7f63a4104bf0 0x7f63a4105000 unknown :-1 s=CLOSED pgs=61 cs=0 l=1 rev1=1 crypto rx=0 tx=0 comp rx=0 tx=0).stop
2024-04-26T20:15:46.463 INFO:teuthology.orchestra.run.smithi008.stdout:/usr/bin/ceph: stderr
2024-04-26T20:15:45.592+0000 7f63ab000700 1 -- 172.21.15.8:0/45029884 >> 172.21.15.8:0/45029884 conn(0x7f63a40782f0 msgr2=0x7f63a40786f0 unknown :-1 s=STATE_NONE l=0).mark_down
2024-04-26T20:15:46.463 INFO:teuthology.orchestra.run.smithi008.stdout:/usr/bin/ceph: stderr
2024-04-26T20:15:45.592+0000 7f63ab000700 1 -- 172.21.15.8:0/45029884 shutdown_connections
2024-04-26T20:15:46.463 INFO:teuthology.orchestra.run.smithi008.stdout:/usr/bin/ceph: stderr
2024-04-26T20:15:45.593+0000 7f63ab000700 1 -- 172.21.15.8:0/45029884 wait complete.
2024-04-26T20:15:46.463 INFO:teuthology.orchestra.run.smithi008.stdout:/usr/bin/ceph: stderr
2024-04-26T20:15:45.593+0000 7f63ab000700 1 Processor -- start
2024-04-26T20:15:46.463 INFO:teuthology.orchestra.run.smithi008.stdout:/usr/bin/ceph: stderr
2024-04-26T20:15:45.594+0000 7f63ab000700 1 -- start start
2024-04-26T20:15:46.463 INFO:teuthology.orchestra.run.smithi008.stdout:/usr/bin/ceph: stderr
2024-04-26T20:15:45.594+0000 7f63ab000700 1 --2- >> [v2:172.21.15.8:3300/0,v1:172.21.15.8:6789/0] conn(0x7f63a4104bf0 0x7f63a41138b0 unknown :-1 s=NONE pgs=0 cs=0 l=1 rev1=0 crypto rx=0 tx=0 comp rx=0 tx=0).connect
2024-04-26T20:15:46.463 INFO:teuthology.orchestra.run.smithi008.stdout:/usr/bin/ceph: stderr
2024-04-26T20:15:45.594+0000 7f63ab000700 1 -- --> [v2:172.21.15.8:3300/0,v1:172.21.15.8:6789/0] -- mon_getmap magic: 0 v1 -- 0x7f63a4113df0 con 0x7f63a4104bf0
2024-04-26T20:15:46.463 INFO:teuthology.orchestra.run.smithi008.stdout:/usr/bin/ceph: stderr
2024-04-26T20:15:45.594+0000 7f63a3e00700 1 --2- >> [v2:172.21.15.8:3300/0,v1:172.21.15.8:6789/0] conn(0x7f63a4104bf0 0x7f63a41138b0 unknown :-1 s=BANNER_CONNECTING pgs=0 cs=0 l=1 rev1=0 crypto rx=0 tx=0 comp rx=0 tx=0)._handle_peer_banner_payload supported=3 required=0
2024-04-26T20:15:46.463 INFO:teuthology.orchestra.run.smithi008.stdout:/usr/bin/ceph: stderr
2024-04-26T20:15:45.594+0000 7f63a3e00700 1 --2- >> [v2:172.21.15.8:3300/0,v1:172.21.15.8:6789/0] conn(0x7f63a4104bf0 0x7f63a41138b0 unknown :-1 s=HELLO_CONNECTING pgs=0 cs=0 l=1 rev1=1 crypto rx=0 tx=0 comp rx=0 tx=0).handle_hello peer v2:172.21.15.8:3300/0 says I am v2:172.21.15.8:41456/0 (socket says 172.21.15.8:41456)
2024-04-26T20:15:46.463 INFO:teuthology.orchestra.run.smithi008.stdout:/usr/bin/ceph: stderr
2024-04-26T20:15:45.594+0000 7f63a3e00700 1 -- 172.21.15.8:0/3214813790 learned_addr learned my addr 172.21.15.8:0/3214813790 (peer_addr_for_me v2:172.21.15.8:0/0)
2024-04-26T20:15:46.463 INFO:teuthology.orchestra.run.smithi008.stdout:/usr/bin/ceph: stderr
2024-04-26T20:15:45.595+0000 7f63a3e00700 1 -- 172.21.15.8:0/3214813790 --> [v2:172.21.15.8:3300/0,v1:172.21.15.8:6789/0] -- mon_subscribe({config=0+,monmap=0+}) v3 -- 0x7f63940094f0 con 0x7f63a4104bf0
2024-04-26T20:15:46.463 INFO:teuthology.orchestra.run.smithi008.stdout:/usr/bin/ceph: stderr
2024-04-26T20:15:45.595+0000 7f63a3e00700 1 --2- 172.21.15.8:0/3214813790 >> [v2:172.21.15.8:3300/0,v1:172.21.15.8:6789/0] conn(0x7f63a4104bf0 0x7f63a41138b0 secure :-1 s=READY pgs=62 cs=0 l=1 rev1=1 crypto rx=0x7f6394006b00 tx=0x7f6394009250 comp rx=0 tx=0).ready entity=mon.0 client_cookie=0 server_cookie=0 in_seq=0 out_seq=0
2024-04-26T20:15:46.463 INFO:teuthology.orchestra.run.smithi008.stdout:/usr/bin/ceph: stderr
2024-04-26T20:15:45.595+0000 7f639be00700 1 -- 172.21.15.8:0/3214813790 <== mon.0 v2:172.21.15.8:3300/0 1 ==== mon_map magic: 0 v1 ==== 229+0+0 (secure 0 0 0) 0x7f6394010840 con 0x7f63a4104bf0
2024-04-26T20:15:46.464 INFO:teuthology.orchestra.run.smithi008.stdout:/usr/bin/ceph: stderr
2024-04-26T20:15:45.595+0000 7f639be00700 1 -- 172.21.15.8:0/3214813790 <== mon.0 v2:172.21.15.8:3300/0 2 ==== config(27 keys) v1 ==== 1109+0+0 (secure 0 0 0) 0x7f6394010e70 con 0x7f63a4104bf0
2024-04-26T20:15:46.464 INFO:teuthology.orchestra.run.smithi008.stdout:/usr/bin/ceph: stderr
2024-04-26T20:15:45.595+0000 7f639be00700 1 -- 172.21.15.8:0/3214813790 <== mon.0 v2:172.21.15.8:3300/0 3 ==== mon_map magic: 0 v1 ==== 229+0+0 (secure 0 0 0) 0x7f639401ae70 con 0x7f63a4104bf0
2024-04-26T20:15:46.464 INFO:teuthology.orchestra.run.smithi008.stdout:/usr/bin/ceph: stderr
2024-04-26T20:15:45.595+0000 7f63ab000700 1 -- 172.21.15.8:0/3214813790 --> [v2:172.21.15.8:3300/0,v1:172.21.15.8:6789/0] -- mon_subscribe({mgrmap=0+}) v3 -- 0x7f63a4113ff0 con 0x7f63a4104bf0
2024-04-26T20:15:46.464 INFO:teuthology.orchestra.run.smithi008.stdout:/usr/bin/ceph: stderr
2024-04-26T20:15:45.595+0000 7f63ab000700 1 -- 172.21.15.8:0/3214813790 --> [v2:172.21.15.8:3300/0,v1:172.21.15.8:6789/0] -- mon_subscribe({osdmap=0}) v3 -- 0x7f63a4114b60 con 0x7f63a4104bf0
2024-04-26T20:15:46.464 INFO:teuthology.orchestra.run.smithi008.stdout:/usr/bin/ceph: stderr
2024-04-26T20:15:45.597+0000 7f639be00700 1 -- 172.21.15.8:0/3214813790 <== mon.0 v2:172.21.15.8:3300/0 4 ==== mgrmap(e 8) v1 ==== 43376+0+0 (secure 0 0 0) 0x7f639401a780 con 0x7f63a4104bf0
2024-04-26T20:15:46.464 INFO:teuthology.orchestra.run.smithi008.stdout:/usr/bin/ceph: stderr
2024-04-26T20:15:45.597+0000 7f63ab000700 1 -- 172.21.15.8:0/3214813790 --> [v2:172.21.15.8:3300/0,v1:172.21.15.8:6789/0] -- mon_command({"prefix": "get_command_descriptions"} v 0) v1 -- 0x7f63a405f5c0 con 0x7f63a4104bf0
2024-04-26T20:15:46.464 INFO:teuthology.orchestra.run.smithi008.stdout:/usr/bin/ceph: stderr
2024-04-26T20:15:45.597+0000 7f639be00700 1 --2- 172.21.15.8:0/3214813790 >> [v2:172.21.15.8:6800/1434934844,v1:172.21.15.8:6801/1434934844] conn(0x7f63880367e0 0x7f6388038c90 unknown :-1 s=NONE pgs=0 cs=0 l=1 rev1=0 crypto rx=0 tx=0 comp rx=0 tx=0).connect
2024-04-26T20:15:46.464 INFO:teuthology.orchestra.run.smithi008.stdout:/usr/bin/ceph: stderr
2024-04-26T20:15:45.597+0000 7f639be00700 1 -- 172.21.15.8:0/3214813790 <== mon.0 v2:172.21.15.8:3300/0 5 ==== osd_map(2..2 src has 1..2) v4 ==== 936+0+0 (secure 0 0 0) 0x7f639404ab80 con 0x7f63a4104bf0
2024-04-26T20:15:46.464 INFO:teuthology.orchestra.run.smithi008.stdout:/usr/bin/ceph: stderr
2024-04-26T20:15:45.598+0000 7f63a3400700 1 --2- 172.21.15.8:0/3214813790 >> [v2:172.21.15.8:6800/1434934844,v1:172.21.15.8:6801/1434934844] conn(0x7f63880367e0 0x7f6388038c90 unknown :-1 s=BANNER_CONNECTING pgs=0 cs=0 l=1 rev1=0 crypto rx=0 tx=0 comp rx=0 tx=0)._handle_peer_banner_payload supported=3 required=0
2024-04-26T20:15:46.464 INFO:teuthology.orchestra.run.smithi008.stdout:/usr/bin/ceph: stderr
2024-04-26T20:15:45.598+0000 7f63a3400700 1 --2- 172.21.15.8:0/3214813790 >> [v2:172.21.15.8:6800/1434934844,v1:172.21.15.8:6801/1434934844] conn(0x7f63880367e0 0x7f6388038c90 secure :-1 s=READY pgs=19 cs=0 l=1 rev1=1 crypto rx=0x7f6390009990 tx=0x7f6390006e40 comp rx=0 tx=0).ready entity=mgr.14120 client_cookie=0 server_cookie=0 in_seq=0 out_seq=0
2024-04-26T20:15:46.464 INFO:teuthology.orchestra.run.smithi008.stdout:/usr/bin/ceph: stderr
2024-04-26T20:15:45.602+0000 7f639be00700 1 -- 172.21.15.8:0/3214813790 <== mon.0 v2:172.21.15.8:3300/0 6 ==== mon_command_ack([{"prefix": "get_command_descriptions"}]=0 v0) v1 ==== 72+0+176702 (secure 0 0 0) 0x7f639404ce60 con 0x7f63a4104bf0
2024-04-26T20:15:46.465 INFO:teuthology.orchestra.run.smithi008.stdout:/usr/bin/ceph: stderr
2024-04-26T20:15:45.815+0000 7f63ab000700 1 -- 172.21.15.8:0/3214813790 --> [v2:172.21.15.8:3300/0,v1:172.21.15.8:6789/0] -- mon_command([{prefix=config set, name=mgr/cephadm/container_init}] v 0) v1 -- 0x7f63a404bed0 con 0x7f63a4104bf0
2024-04-26T20:15:46.465 INFO:teuthology.orchestra.run.smithi008.stdout:/usr/bin/ceph: stderr
2024-04-26T20:15:45.823+0000 7f639be00700 1 -- 172.21.15.8:0/3214813790 <== mon.0 v2:172.21.15.8:3300/0 7 ==== mon_command_ack([{prefix=config set, name=mgr/cephadm/container_init}]=0 v7)=0 v7) v1 ==== 142+0+0 (secure 0 0 0) 0x7f639401a430 con 0x7f63a4104bf0
2024-04-26T20:15:46.465 INFO:teuthology.orchestra.run.smithi008.stdout:/usr/bin/ceph: stderr
2024-04-26T20:15:45.826+0000 7f63ab000700 1 -- 172.21.15.8:0/3214813790 >> [v2:172.21.15.8:6800/1434934844,v1:172.21.15.8:6801/1434934844] conn(0x7f63880367e0 msgr2=0x7f6388038c90 secure :-1 s=STATE_CONNECTION_ESTABLISHED l=1).mark_down
2024-04-26T20:15:46.465 INFO:teuthology.orchestra.run.smithi008.stdout:/usr/bin/ceph: stderr
2024-04-26T20:15:45.826+0000 7f63ab000700 1 --2- 172.21.15.8:0/3214813790 >> [v2:172.21.15.8:6800/1434934844,v1:172.21.15.8:6801/1434934844] conn(0x7f63880367e0 0x7f6388038c90 secure :-1 s=READY pgs=19 cs=0 l=1 rev1=1 crypto rx=0x7f6390009990 tx=0x7f6390006e40 comp rx=0 tx=0).stop
2024-04-26T20:15:46.465 INFO:teuthology.orchestra.run.smithi008.stdout:/usr/bin/ceph: stderr
2024-04-26T20:15:45.826+0000 7f63ab000700 1 -- 172.21.15.8:0/3214813790 >> [v2:172.21.15.8:3300/0,v1:172.21.15.8:6789/0] conn(0x7f63a4104bf0 msgr2=0x7f63a41138b0 secure :-1 s=STATE_CONNECTION_ESTABLISHED l=1).mark_down
2024-04-26T20:15:46.465 INFO:teuthology.orchestra.run.smithi008.stdout:/usr/bin/ceph: stderr
2024-04-26T20:15:45.826+0000 7f63ab000700 1 --2- 172.21.15.8:0/3214813790 >> [v2:172.21.15.8:3300/0,v1:172.21.15.8:6789/0] conn(0x7f63a4104bf0 0x7f63a41138b0 secure :-1 s=READY pgs=62 cs=0 l=1 rev1=1 crypto rx=0x7f6394006b00 tx=0x7f6394009250 comp rx=0 tx=0).stop
2024-04-26T20:15:46.465 INFO:teuthology.orchestra.run.smithi008.stdout:/usr/bin/ceph: stderr
2024-04-26T20:15:45.827+0000 7f63ab000700 1 -- 172.21.15.8:0/3214813790 shutdown_connections
2024-04-26T20:15:46.465 INFO:teuthology.orchestra.run.smithi008.stdout:/usr/bin/ceph: stderr
2024-04-26T20:15:45.827+0000 7f63ab000700 1 --2- 172.21.15.8:0/3214813790 >> [v2:172.21.15.8:6800/1434934844,v1:172.21.15.8:6801/1434934844] conn(0x7f63880367e0 0x7f6388038c90 unknown :-1 s=CLOSED pgs=19 cs=0 l=1 rev1=1 crypto rx=0 tx=0 comp rx=0 tx=0).stop
2024-04-26T20:15:46.465 INFO:teuthology.orchestra.run.smithi008.stdout:/usr/bin/ceph: stderr
2024-04-26T20:15:45.827+0000 7f63ab000700 1 --2- 172.21.15.8:0/3214813790 >> [v2:172.21.15.8:3300/0,v1:172.21.15.8:6789/0] conn(0x7f63a4104bf0 0x7f63a41138b0 unknown :-1 s=CLOSED pgs=62 cs=0 l=1 rev1=1 crypto rx=0 tx=0 comp rx=0 tx=0).stop
2024-04-26T20:15:46.465 INFO:teuthology.orchestra.run.smithi008.stdout:/usr/bin/ceph: stderr
2024-04-26T20:15:45.827+0000 7f63ab000700 1 -- 172.21.15.8:0/3214813790 >> 172.21.15.8:0/3214813790 conn(0x7f63a40782f0 msgr2=0x7f63a41024c0 unknown :-1 s=STATE_NONE l=0).mark_down
2024-04-26T20:15:46.465 INFO:teuthology.orchestra.run.smithi008.stdout:/usr/bin/ceph: stderr
2024-04-26T20:15:45.827+0000 7f63ab000700 1 -- 172.21.15.8:0/3214813790 shutdown_connections
2024-04-26T20:15:46.465 INFO:teuthology.orchestra.run.smithi008.stdout:/usr/bin/ceph: stderr
2024-04-26T20:15:45.827+0000 7f63ab000700 1 -- 172.21.15.8:0/3214813790 wait complete.
2024-04-26T20:15:47.012 INFO:journalctl@ceph.mon.smithi008.smithi008.stdout:Apr 26 20:15:46 smithi008 ceph-mon[25481]: from='client.? 172.21.15.8:0/3214813790' entity='client.admin'
2024-04-26T20:15:48.012 INFO:journalctl@ceph.mon.smithi008.smithi008.stdout:Apr 26 20:15:47 smithi008 ceph-mon[25481]: pgmap v7: 0 pgs: ; 0 B data, 0 B used, 0 B / 0 B avail
2024-04-26T20:15:48.012 INFO:journalctl@ceph.mon.smithi008.smithi008.stdout:Apr 26 20:15:47 smithi008 ceph-mon[25481]: from='client.? 172.21.15.8:0/1392505772' entity='client.admin'
2024-04-26T20:15:48.064 INFO:teuthology.orchestra.run.smithi008.stdout:/usr/bin/ceph: stderr
2024-04-26T20:15:47.092+0000 7f0477e00700 1 Processor -- start
2024-04-26T20:15:48.064 INFO:teuthology.orchestra.run.smithi008.stdout:/usr/bin/ceph: stderr
2024-04-26T20:15:47.093+0000 7f0477e00700 1 -- start start
2024-04-26T20:15:48.064 INFO:teuthology.orchestra.run.smithi008.stdout:/usr/bin/ceph: stderr
2024-04-26T20:15:47.093+0000 7f0477e00700 1 --2- >> [v2:172.21.15.8:3300/0,v1:172.21.15.8:6789/0] conn(0x7f0470102930 0x7f0470102d40 unknown :-1 s=NONE pgs=0 cs=0 l=0 rev1=0 crypto rx=0 tx=0 comp rx=0 tx=0).connect
2024-04-26T20:15:48.064 INFO:teuthology.orchestra.run.smithi008.stdout:/usr/bin/ceph: stderr
2024-04-26T20:15:47.093+0000 7f0477e00700 1 -- --> [v2:172.21.15.8:3300/0,v1:172.21.15.8:6789/0] -- mon_getmap magic: 0 v1 -- 0x7f0470103280 con 0x7f0470102930
2024-04-26T20:15:48.064 INFO:teuthology.orchestra.run.smithi008.stdout:/usr/bin/ceph: stderr
2024-04-26T20:15:47.094+0000 7f0475400700 1 --2- >> [v2:172.21.15.8:3300/0,v1:172.21.15.8:6789/0] conn(0x7f0470102930 0x7f0470102d40 unknown :-1 s=BANNER_CONNECTING pgs=0 cs=0 l=0 rev1=0 crypto rx=0 tx=0 comp rx=0 tx=0)._handle_peer_banner_payload supported=3 required=0
2024-04-26T20:15:48.064 INFO:teuthology.orchestra.run.smithi008.stdout:/usr/bin/ceph: stderr
2024-04-26T20:15:47.094+0000 7f0475400700 1 --2- >> [v2:172.21.15.8:3300/0,v1:172.21.15.8:6789/0] conn(0x7f0470102930 0x7f0470102d40 unknown :-1 s=HELLO_CONNECTING pgs=0 cs=0 l=0 rev1=1 crypto rx=0 tx=0 comp rx=0 tx=0).handle_hello peer v2:172.21.15.8:3300/0 says I am v2:172.21.15.8:55076/0 (socket says 172.21.15.8:55076)
2024-04-26T20:15:48.064 INFO:teuthology.orchestra.run.smithi008.stdout:/usr/bin/ceph: stderr
2024-04-26T20:15:47.094+0000 7f0475400700 1 -- 172.21.15.8:0/2799302439 learned_addr learned my addr 172.21.15.8:0/2799302439 (peer_addr_for_me v2:172.21.15.8:0/0)
2024-04-26T20:15:48.064 INFO:teuthology.orchestra.run.smithi008.stdout:/usr/bin/ceph: stderr
2024-04-26T20:15:47.094+0000 7f0475400700 1 -- 172.21.15.8:0/2799302439 --> [v2:172.21.15.8:3300/0,v1:172.21.15.8:6789/0] -- mon_subscribe({config=0+,monmap=0+}) v3 -- 0x7f04701033c0 con 0x7f0470102930
2024-04-26T20:15:48.064 INFO:teuthology.orchestra.run.smithi008.stdout:/usr/bin/ceph: stderr
2024-04-26T20:15:47.094+0000 7f0475400700 1 --2- 172.21.15.8:0/2799302439 >> [v2:172.21.15.8:3300/0,v1:172.21.15.8:6789/0] conn(0x7f0470102930 0x7f0470102d40 secure :-1 s=READY pgs=63 cs=0 l=1 rev1=1 crypto rx=0x7f04640098e0 tx=0x7f0464009250 comp rx=0 tx=0).ready entity=mon.0 client_cookie=231ef5b77eb094de server_cookie=0 in_seq=0 out_seq=0
2024-04-26T20:15:48.064 INFO:teuthology.orchestra.run.smithi008.stdout:/usr/bin/ceph: stderr
2024-04-26T20:15:47.095+0000 7f046fe00700 1 -- 172.21.15.8:0/2799302439 <== mon.0 v2:172.21.15.8:3300/0 1 ==== mon_map magic: 0 v1 ==== 229+0+0 (secure 0 0 0) 0x7f046400b860 con 0x7f0470102930
2024-04-26T20:15:48.065 INFO:teuthology.orchestra.run.smithi008.stdout:/usr/bin/ceph: stderr
2024-04-26T20:15:47.095+0000 7f046fe00700 1 -- 172.21.15.8:0/2799302439 <== mon.0 v2:172.21.15.8:3300/0 2 ==== config(27 keys) v1 ==== 1109+0+0 (secure 0 0 0) 0x7f046400be90 con 0x7f0470102930
2024-04-26T20:15:48.065 INFO:teuthology.orchestra.run.smithi008.stdout:/usr/bin/ceph: stderr
2024-04-26T20:15:47.095+0000 7f046fe00700 1 -- 172.21.15.8:0/2799302439 <== mon.0 v2:172.21.15.8:3300/0 3 ==== mon_map magic: 0 v1 ==== 229+0+0 (secure 0 0 0) 0x7f04640103c0 con 0x7f0470102930
2024-04-26T20:15:48.065 INFO:teuthology.orchestra.run.smithi008.stdout:/usr/bin/ceph: stderr
2024-04-26T20:15:47.095+0000 7f0477e00700 1 -- 172.21.15.8:0/2799302439 >> [v2:172.21.15.8:3300/0,v1:172.21.15.8:6789/0] conn(0x7f0470102930 msgr2=0x7f0470102d40 secure :-1 s=STATE_CONNECTION_ESTABLISHED l=1).mark_down
2024-04-26T20:15:48.065 INFO:teuthology.orchestra.run.smithi008.stdout:/usr/bin/ceph: stderr
2024-04-26T20:15:47.095+0000 7f0477e00700 1 --2- 172.21.15.8:0/2799302439 >> [v2:172.21.15.8:3300/0,v1:172.21.15.8:6789/0] conn(0x7f0470102930 0x7f0470102d40 secure :-1 s=READY pgs=63 cs=0 l=1 rev1=1 crypto rx=0x7f04640098e0 tx=0x7f0464009250 comp rx=0 tx=0).stop
2024-04-26T20:15:48.065 INFO:teuthology.orchestra.run.smithi008.stdout:/usr/bin/ceph: stderr
2024-04-26T20:15:47.096+0000 7f0477e00700 1 -- 172.21.15.8:0/2799302439 shutdown_connections
2024-04-26T20:15:48.065 INFO:teuthology.orchestra.run.smithi008.stdout:/usr/bin/ceph: stderr
2024-04-26T20:15:47.096+0000 7f0477e00700 1 --2- 172.21.15.8:0/2799302439 >> [v2:172.21.15.8:3300/0,v1:172.21.15.8:6789/0] conn(0x7f0470102930 0x7f0470102d40 unknown :-1 s=CLOSED pgs=63 cs=0 l=1 rev1=1 crypto rx=0 tx=0 comp rx=0 tx=0).stop
2024-04-26T20:15:48.065 INFO:teuthology.orchestra.run.smithi008.stdout:/usr/bin/ceph: stderr
2024-04-26T20:15:47.096+0000 7f0477e00700 1 -- 172.21.15.8:0/2799302439 >> 172.21.15.8:0/2799302439 conn(0x7f04700fe0b0 msgr2=0x7f04701004c0 unknown :-1 s=STATE_NONE l=0).mark_down
2024-04-26T20:15:48.065 INFO:teuthology.orchestra.run.smithi008.stdout:/usr/bin/ceph: stderr
2024-04-26T20:15:47.096+0000 7f0477e00700 1 -- 172.21.15.8:0/2799302439 shutdown_connections
2024-04-26T20:15:48.065 INFO:teuthology.orchestra.run.smithi008.stdout:/usr/bin/ceph: stderr
2024-04-26T20:15:47.096+0000 7f0477e00700 1 -- 172.21.15.8:0/2799302439 wait complete.
2024-04-26T20:15:48.065 INFO:teuthology.orchestra.run.smithi008.stdout:/usr/bin/ceph: stderr
2024-04-26T20:15:47.097+0000 7f0477e00700 1 Processor -- start
2024-04-26T20:15:48.065 INFO:teuthology.orchestra.run.smithi008.stdout:/usr/bin/ceph: stderr
2024-04-26T20:15:47.097+0000 7f0477e00700 1 -- start start
2024-04-26T20:15:48.065 INFO:teuthology.orchestra.run.smithi008.stdout:/usr/bin/ceph: stderr
2024-04-26T20:15:47.097+0000 7f0477e00700 1 --2- >> [v2:172.21.15.8:3300/0,v1:172.21.15.8:6789/0] conn(0x7f0470102930 0x7f0470113910 unknown :-1 s=NONE pgs=0 cs=0 l=1 rev1=0 crypto rx=0 tx=0 comp rx=0 tx=0).connect
2024-04-26T20:15:48.065 INFO:teuthology.orchestra.run.smithi008.stdout:/usr/bin/ceph: stderr
2024-04-26T20:15:47.097+0000 7f0477e00700 1 -- --> [v2:172.21.15.8:3300/0,v1:172.21.15.8:6789/0] -- mon_getmap magic: 0 v1 -- 0x7f0470113e50 con 0x7f0470102930
2024-04-26T20:15:48.065 INFO:teuthology.orchestra.run.smithi008.stdout:/usr/bin/ceph: stderr
2024-04-26T20:15:47.097+0000 7f0475400700 1 --2- >> [v2:172.21.15.8:3300/0,v1:172.21.15.8:6789/0] conn(0x7f0470102930 0x7f0470113910 unknown :-1 s=BANNER_CONNECTING pgs=0 cs=0 l=1 rev1=0 crypto rx=0 tx=0 comp rx=0 tx=0)._handle_peer_banner_payload supported=3 required=0
2024-04-26T20:15:48.066 INFO:teuthology.orchestra.run.smithi008.stdout:/usr/bin/ceph: stderr
2024-04-26T20:15:47.097+0000 7f0475400700 1 --2- >> [v2:172.21.15.8:3300/0,v1:172.21.15.8:6789/0] conn(0x7f0470102930 0x7f0470113910 unknown :-1 s=HELLO_CONNECTING pgs=0 cs=0 l=1 rev1=1 crypto rx=0 tx=0 comp rx=0 tx=0).handle_hello peer v2:172.21.15.8:3300/0 says I am v2:172.21.15.8:55080/0 (socket says 172.21.15.8:55080)
2024-04-26T20:15:48.066 INFO:teuthology.orchestra.run.smithi008.stdout:/usr/bin/ceph: stderr
2024-04-26T20:15:47.097+0000 7f0475400700 1 -- 172.21.15.8:0/1392505772 learned_addr learned my addr 172.21.15.8:0/1392505772 (peer_addr_for_me v2:172.21.15.8:0/0)
2024-04-26T20:15:48.066 INFO:teuthology.orchestra.run.smithi008.stdout:/usr/bin/ceph: stderr
2024-04-26T20:15:47.098+0000 7f0475400700 1 -- 172.21.15.8:0/1392505772 --> [v2:172.21.15.8:3300/0,v1:172.21.15.8:6789/0] -- mon_subscribe({config=0+,monmap=0+}) v3 -- 0x7f04640094f0 con 0x7f0470102930
2024-04-26T20:15:48.066 INFO:teuthology.orchestra.run.smithi008.stdout:/usr/bin/ceph: stderr
2024-04-26T20:15:47.098+0000 7f0475400700 1 --2- 172.21.15.8:0/1392505772 >> [v2:172.21.15.8:3300/0,v1:172.21.15.8:6789/0] conn(0x7f0470102930 0x7f0470113910 secure :-1 s=READY pgs=64 cs=0 l=1 rev1=1 crypto rx=0x7f0464011680 tx=0x7f0464009250 comp rx=0 tx=0).ready entity=mon.0 client_cookie=0 server_cookie=0 in_seq=0 out_seq=0
2024-04-26T20:15:48.066 INFO:teuthology.orchestra.run.smithi008.stdout:/usr/bin/ceph: stderr
2024-04-26T20:15:47.098+0000 7f046d600700 1 -- 172.21.15.8:0/1392505772 <== mon.0 v2:172.21.15.8:3300/0 1 ==== mon_map magic: 0 v1 ==== 229+0+0 (secure 0 0 0) 0x7f0464010890 con 0x7f0470102930
2024-04-26T20:15:48.066 INFO:teuthology.orchestra.run.smithi008.stdout:/usr/bin/ceph: stderr
2024-04-26T20:15:47.098+0000 7f046d600700 1 -- 172.21.15.8:0/1392505772 <== mon.0 v2:172.21.15.8:3300/0 2 ==== config(27 keys) v1 ==== 1109+0+0 (secure 0 0 0) 0x7f0464010ec0 con 0x7f0470102930
2024-04-26T20:15:48.066 INFO:teuthology.orchestra.run.smithi008.stdout:/usr/bin/ceph: stderr
2024-04-26T20:15:47.099+0000 7f0477e00700 1 -- 172.21.15.8:0/1392505772 --> [v2:172.21.15.8:3300/0,v1:172.21.15.8:6789/0] -- mon_subscribe({mgrmap=0+}) v3 -- 0x7f0470114050 con 0x7f0470102930
2024-04-26T20:15:48.066 INFO:teuthology.orchestra.run.smithi008.stdout:/usr/bin/ceph: stderr
2024-04-26T20:15:47.099+0000 7f046d600700 1 -- 172.21.15.8:0/1392505772 <== mon.0 v2:172.21.15.8:3300/0 3 ==== mon_map magic: 0 v1 ==== 229+0+0 (secure 0 0 0) 0x7f04640243f0 con 0x7f0470102930
2024-04-26T20:15:48.066 INFO:teuthology.orchestra.run.smithi008.stdout:/usr/bin/ceph: stderr
2024-04-26T20:15:47.099+0000 7f0477e00700 1 -- 172.21.15.8:0/1392505772 --> [v2:172.21.15.8:3300/0,v1:172.21.15.8:6789/0] -- mon_subscribe({osdmap=0}) v3 -- 0x7f0470114bc0 con 0x7f0470102930
2024-04-26T20:15:48.066 INFO:teuthology.orchestra.run.smithi008.stdout:/usr/bin/ceph: stderr
2024-04-26T20:15:47.100+0000 7f046d600700 1 -- 172.21.15.8:0/1392505772 <== mon.0 v2:172.21.15.8:3300/0 4 ==== mgrmap(e 8) v1 ==== 43376+0+0 (secure 0 0 0) 0x7f04640109f0 con 0x7f0470102930
2024-04-26T20:15:48.066 INFO:teuthology.orchestra.run.smithi008.stdout:/usr/bin/ceph: stderr
2024-04-26T20:15:47.100+0000 7f0477e00700 1 -- 172.21.15.8:0/1392505772 --> [v2:172.21.15.8:3300/0,v1:172.21.15.8:6789/0] -- mon_command({"prefix": "get_command_descriptions"} v 0) v1 -- 0x7f047005f5c0 con 0x7f0470102930
2024-04-26T20:15:48.066 INFO:teuthology.orchestra.run.smithi008.stdout:/usr/bin/ceph: stderr
2024-04-26T20:15:47.100+0000 7f046d600700 1 --2- 172.21.15.8:0/1392505772 >> [v2:172.21.15.8:6800/1434934844,v1:172.21.15.8:6801/1434934844] conn(0x7f0458036830 0x7f0458038ce0 unknown :-1 s=NONE pgs=0 cs=0 l=1 rev1=0 crypto rx=0 tx=0 comp rx=0 tx=0).connect
2024-04-26T20:15:48.066 INFO:teuthology.orchestra.run.smithi008.stdout:/usr/bin/ceph: stderr
2024-04-26T20:15:47.100+0000 7f046d600700 1 -- 172.21.15.8:0/1392505772 <== mon.0 v2:172.21.15.8:3300/0 5 ==== osd_map(2..2 src has 1..2) v4 ==== 936+0+0 (secure 0 0 0) 0x7f046404a280 con 0x7f0470102930
2024-04-26T20:15:48.067 INFO:teuthology.orchestra.run.smithi008.stdout:/usr/bin/ceph: stderr
2024-04-26T20:15:47.101+0000 7f0474a00700 1 --2- 172.21.15.8:0/1392505772 >> [v2:172.21.15.8:6800/1434934844,v1:172.21.15.8:6801/1434934844] conn(0x7f0458036830 0x7f0458038ce0 unknown :-1 s=BANNER_CONNECTING pgs=0 cs=0 l=1 rev1=0 crypto rx=0 tx=0 comp rx=0 tx=0)._handle_peer_banner_payload supported=3 required=0
2024-04-26T20:15:48.067 INFO:teuthology.orchestra.run.smithi008.stdout:/usr/bin/ceph: stderr
2024-04-26T20:15:47.101+0000 7f0474a00700 1 --2- 172.21.15.8:0/1392505772 >> [v2:172.21.15.8:6800/1434934844,v1:172.21.15.8:6801/1434934844] conn(0x7f0458036830 0x7f0458038ce0 secure :-1 s=READY pgs=20 cs=0 l=1 rev1=1 crypto rx=0x7f045c009990 tx=0x7f045c006e40 comp rx=0 tx=0).ready entity=mgr.14120 client_cookie=0 server_cookie=0 in_seq=0 out_seq=0
2024-04-26T20:15:48.067 INFO:teuthology.orchestra.run.smithi008.stdout:/usr/bin/ceph: stderr
2024-04-26T20:15:47.106+0000 7f046d600700 1 -- 172.21.15.8:0/1392505772 <== mon.0 v2:172.21.15.8:3300/0 6 ==== mon_command_ack([{"prefix": "get_command_descriptions"}]=0 v0) v1 ==== 72+0+176702 (secure 0 0 0) 0x7f0464006d70 con 0x7f0470102930
2024-04-26T20:15:48.067 INFO:teuthology.orchestra.run.smithi008.stdout:/usr/bin/ceph: stderr
2024-04-26T20:15:47.320+0000 7f0477e00700 1 -- 172.21.15.8:0/1392505772 --> [v2:172.21.15.8:3300/0,v1:172.21.15.8:6789/0] -- mon_command([{prefix=config set, name=mgr/dashboard/ssl_server_port}] v 0) v1 -- 0x7f047004bed0 con 0x7f0470102930
2024-04-26T20:15:48.067 INFO:teuthology.orchestra.run.smithi008.stdout:/usr/bin/ceph: stderr
2024-04-26T20:15:47.328+0000 7f046d600700 1 -- 172.21.15.8:0/1392505772 <== mon.0 v2:172.21.15.8:3300/0 7 ==== mon_command_ack([{prefix=config set, name=mgr/dashboard/ssl_server_port}]=0 v8)=0 v8) v1 ==== 130+0+0 (secure 0 0 0) 0x7f046402b2f0 con 0x7f0470102930
2024-04-26T20:15:48.067 INFO:teuthology.orchestra.run.smithi008.stdout:/usr/bin/ceph: stderr
2024-04-26T20:15:47.331+0000 7f0477e00700 1 -- 172.21.15.8:0/1392505772 >> [v2:172.21.15.8:6800/1434934844,v1:172.21.15.8:6801/1434934844] conn(0x7f0458036830 msgr2=0x7f0458038ce0 secure :-1 s=STATE_CONNECTION_ESTABLISHED l=1).mark_down
2024-04-26T20:15:48.067 INFO:teuthology.orchestra.run.smithi008.stdout:/usr/bin/ceph: stderr
2024-04-26T20:15:47.331+0000 7f0477e00700 1 --2- 172.21.15.8:0/1392505772 >> [v2:172.21.15.8:6800/1434934844,v1:172.21.15.8:6801/1434934844] conn(0x7f0458036830 0x7f0458038ce0 secure :-1 s=READY pgs=20 cs=0 l=1 rev1=1 crypto rx=0x7f045c009990 tx=0x7f045c006e40 comp rx=0 tx=0).stop
2024-04-26T20:15:48.067 INFO:teuthology.orchestra.run.smithi008.stdout:/usr/bin/ceph: stderr
2024-04-26T20:15:47.331+0000 7f0477e00700 1 -- 172.21.15.8:0/1392505772 >> [v2:172.21.15.8:3300/0,v1:172.21.15.8:6789/0] conn(0x7f0470102930 msgr2=0x7f0470113910 secure :-1 s=STATE_CONNECTION_ESTABLISHED l=1).mark_down
2024-04-26T20:15:48.067 INFO:teuthology.orchestra.run.smithi008.stdout:/usr/bin/ceph: stderr
2024-04-26T20:15:47.331+0000 7f0477e00700 1 --2- 172.21.15.8:0/1392505772 >> [v2:172.21.15.8:3300/0,v1:172.21.15.8:6789/0] conn(0x7f0470102930 0x7f0470113910 secure :-1 s=READY pgs=64 cs=0 l=1 rev1=1 crypto rx=0x7f0464011680 tx=0x7f0464009250 comp rx=0 tx=0).stop
2024-04-26T20:15:48.067 INFO:teuthology.orchestra.run.smithi008.stdout:/usr/bin/ceph: stderr
2024-04-26T20:15:47.331+0000 7f0477e00700 1 -- 172.21.15.8:0/1392505772 shutdown_connections
2024-04-26T20:15:48.067 INFO:teuthology.orchestra.run.smithi008.stdout:/usr/bin/ceph: stderr
2024-04-26T20:15:47.331+0000 7f0477e00700 1 --2- 172.21.15.8:0/1392505772 >> [v2:172.21.15.8:6800/1434934844,v1:172.21.15.8:6801/1434934844] conn(0x7f0458036830 0x7f0458038ce0 unknown :-1 s=CLOSED pgs=20 cs=0 l=1 rev1=1 crypto rx=0 tx=0 comp rx=0 tx=0).stop
2024-04-26T20:15:48.067 INFO:teuthology.orchestra.run.smithi008.stdout:/usr/bin/ceph: stderr
2024-04-26T20:15:47.331+0000 7f0477e00700 1 --2- 172.21.15.8:0/1392505772 >> [v2:172.21.15.8:3300/0,v1:172.21.15.8:6789/0] conn(0x7f0470102930 0x7f0470113910 unknown :-1 s=CLOSED pgs=64 cs=0 l=1 rev1=1 crypto rx=0 tx=0 comp rx=0 tx=0).stop
2024-04-26T20:15:48.067 INFO:teuthology.orchestra.run.smithi008.stdout:/usr/bin/ceph: stderr
2024-04-26T20:15:47.331+0000 7f0477e00700 1 -- 172.21.15.8:0/1392505772 >> 172.21.15.8:0/1392505772 conn(0x7f04700fe0b0 msgr2=0x7f04700feb70 unknown :-1 s=STATE_NONE l=0).mark_down
2024-04-26T20:15:48.067 INFO:teuthology.orchestra.run.smithi008.stdout:/usr/bin/ceph: stderr
2024-04-26T20:15:47.332+0000 7f0477e00700 1 -- 172.21.15.8:0/1392505772 shutdown_connections
2024-04-26T20:15:48.067 INFO:teuthology.orchestra.run.smithi008.stdout:/usr/bin/ceph: stderr
2024-04-26T20:15:47.332+0000 7f0477e00700 1 -- 172.21.15.8:0/1392505772 wait complete.
2024-04-26T20:15:48.068 INFO:teuthology.orchestra.run.smithi008.stdout:Enabling the dashboard module...
2024-04-26T20:15:50.202 INFO:journalctl@ceph.mon.smithi008.smithi008.stdout:Apr 26 20:15:49 smithi008 ceph-mon[25481]: pgmap v8: 0 pgs: ; 0 B data, 0 B used, 0 B / 0 B avail
2024-04-26T20:15:50.202 INFO:journalctl@ceph.mon.smithi008.smithi008.stdout:Apr 26 20:15:49 smithi008 ceph-mon[25481]: from='client.? 172.21.15.8:0/3033297990' entity='client.admin' cmd=[{"prefix": "mgr module enable", "module": "dashboard"}]: dispatch
2024-04-26T20:15:50.680 INFO:teuthology.orchestra.run.smithi008.stdout:/usr/bin/ceph: stderr
2024-04-26T20:15:48.701+0000 7f76ba000700 1 Processor -- start
2024-04-26T20:15:50.681 INFO:teuthology.orchestra.run.smithi008.stdout:/usr/bin/ceph: stderr
2024-04-26T20:15:48.701+0000 7f76ba000700 1 -- start start
2024-04-26T20:15:50.681 INFO:teuthology.orchestra.run.smithi008.stdout:/usr/bin/ceph: stderr
2024-04-26T20:15:48.702+0000 7f76ba000700 1 --2- >> [v2:172.21.15.8:3300/0,v1:172.21.15.8:6789/0] conn(0x7f76b41090d0 0x7f76b41094e0 unknown :-1 s=NONE pgs=0 cs=0 l=0 rev1=0 crypto rx=0 tx=0 comp rx=0 tx=0).connect
2024-04-26T20:15:50.681 INFO:teuthology.orchestra.run.smithi008.stdout:/usr/bin/ceph: stderr
2024-04-26T20:15:48.702+0000 7f76ba000700 1 -- --> [v2:172.21.15.8:3300/0,v1:172.21.15.8:6789/0] -- mon_getmap magic: 0 v1 -- 0x7f76b4109ab0 con 0x7f76b41090d0
2024-04-26T20:15:50.681 INFO:teuthology.orchestra.run.smithi008.stdout:/usr/bin/ceph: stderr
2024-04-26T20:15:48.702+0000 7f76b3400700 1 --2- >> [v2:172.21.15.8:3300/0,v1:172.21.15.8:6789/0] conn(0x7f76b41090d0 0x7f76b41094e0 unknown :-1 s=BANNER_CONNECTING pgs=0 cs=0 l=0 rev1=0 crypto rx=0 tx=0 comp rx=0 tx=0)._handle_peer_banner_payload supported=3 required=0
2024-04-26T20:15:50.681 INFO:teuthology.orchestra.run.smithi008.stdout:/usr/bin/ceph: stderr
2024-04-26T20:15:48.702+0000 7f76b3400700 1 --2- >> [v2:172.21.15.8:3300/0,v1:172.21.15.8:6789/0] conn(0x7f76b41090d0 0x7f76b41094e0 unknown :-1 s=HELLO_CONNECTING pgs=0 cs=0 l=0 rev1=1 crypto rx=0 tx=0 comp rx=0 tx=0).handle_hello peer v2:172.21.15.8:3300/0 says I am v2:172.21.15.8:55096/0 (socket says 172.21.15.8:55096)
2024-04-26T20:15:50.681 INFO:teuthology.orchestra.run.smithi008.stdout:/usr/bin/ceph: stderr
2024-04-26T20:15:48.703+0000 7f76b3400700 1 -- 172.21.15.8:0/1623018336 learned_addr learned my addr 172.21.15.8:0/1623018336 (peer_addr_for_me v2:172.21.15.8:0/0)
2024-04-26T20:15:50.681 INFO:teuthology.orchestra.run.smithi008.stdout:/usr/bin/ceph: stderr
2024-04-26T20:15:48.703+0000 7f76b3400700 1 -- 172.21.15.8:0/1623018336 --> [v2:172.21.15.8:3300/0,v1:172.21.15.8:6789/0] -- mon_subscribe({config=0+,monmap=0+}) v3 -- 0x7f76b410a090 con 0x7f76b41090d0
2024-04-26T20:15:50.681 INFO:teuthology.orchestra.run.smithi008.stdout:/usr/bin/ceph: stderr
2024-04-26T20:15:48.703+0000 7f76b3400700 1 --2- 172.21.15.8:0/1623018336 >> [v2:172.21.15.8:3300/0,v1:172.21.15.8:6789/0] conn(0x7f76b41090d0 0x7f76b41094e0 secure :-1 s=READY pgs=65 cs=0 l=1 rev1=1 crypto rx=0x7f76a4009e50 tx=0x7f76a4009840 comp rx=0 tx=0).ready entity=mon.0 client_cookie=69397825d3199f84 server_cookie=0 in_seq=0 out_seq=0
2024-04-26T20:15:50.681 INFO:teuthology.orchestra.run.smithi008.stdout:/usr/bin/ceph: stderr
2024-04-26T20:15:48.703+0000 7f76b2a00700 1 -- 172.21.15.8:0/1623018336 <== mon.0 v2:172.21.15.8:3300/0 1 ==== mon_map magic: 0 v1 ==== 229+0+0 (secure 0 0 0) 0x7f76a40092e0 con 0x7f76b41090d0
2024-04-26T20:15:50.681 INFO:teuthology.orchestra.run.smithi008.stdout:/usr/bin/ceph: stderr
2024-04-26T20:15:48.704+0000 7f76b2a00700 1 -- 172.21.15.8:0/1623018336 <== mon.0 v2:172.21.15.8:3300/0 2 ==== config(27 keys) v1 ==== 1109+0+0 (secure 0 0 0) 0x7f76a4012430 con 0x7f76b41090d0
2024-04-26T20:15:50.682 INFO:teuthology.orchestra.run.smithi008.stdout:/usr/bin/ceph: stderr
2024-04-26T20:15:48.704+0000 7f76b2a00700 1 -- 172.21.15.8:0/1623018336 <== mon.0 v2:172.21.15.8:3300/0 3 ==== mon_map magic: 0 v1 ==== 229+0+0 (secure 0 0 0) 0x7f76a40075a0 con 0x7f76b41090d0
2024-04-26T20:15:50.682 INFO:teuthology.orchestra.run.smithi008.stdout:/usr/bin/ceph: stderr
2024-04-26T20:15:48.704+0000 7f76ba000700 1 -- 172.21.15.8:0/1623018336 >> [v2:172.21.15.8:3300/0,v1:172.21.15.8:6789/0] conn(0x7f76b41090d0 msgr2=0x7f76b41094e0 secure :-1 s=STATE_CONNECTION_ESTABLISHED l=1).mark_down
2024-04-26T20:15:50.682 INFO:teuthology.orchestra.run.smithi008.stdout:/usr/bin/ceph: stderr
2024-04-26T20:15:48.704+0000 7f76ba000700 1 --2- 172.21.15.8:0/1623018336 >> [v2:172.21.15.8:3300/0,v1:172.21.15.8:6789/0] conn(0x7f76b41090d0 0x7f76b41094e0 secure :-1 s=READY pgs=65 cs=0 l=1 rev1=1 crypto rx=0x7f76a4009e50 tx=0x7f76a4009840 comp rx=0 tx=0).stop
2024-04-26T20:15:50.682 INFO:teuthology.orchestra.run.smithi008.stdout:/usr/bin/ceph: stderr
2024-04-26T20:15:48.704+0000 7f76ba000700 1 -- 172.21.15.8:0/1623018336 shutdown_connections
2024-04-26T20:15:50.682 INFO:teuthology.orchestra.run.smithi008.stdout:/usr/bin/ceph: stderr
2024-04-26T20:15:48.704+0000 7f76ba000700 1 --2- 172.21.15.8:0/1623018336 >> [v2:172.21.15.8:3300/0,v1:172.21.15.8:6789/0] conn(0x7f76b41090d0 0x7f76b41094e0 unknown :-1 s=CLOSED pgs=65 cs=0 l=1 rev1=1 crypto rx=0 tx=0 comp rx=0 tx=0).stop
2024-04-26T20:15:50.682 INFO:teuthology.orchestra.run.smithi008.stdout:/usr/bin/ceph: stderr
2024-04-26T20:15:48.704+0000 7f76ba000700 1 -- 172.21.15.8:0/1623018336 >> 172.21.15.8:0/1623018336 conn(0x7f76b4078500 msgr2=0x7f76b407a910 unknown :-1 s=STATE_NONE l=0).mark_down
2024-04-26T20:15:50.682 INFO:teuthology.orchestra.run.smithi008.stdout:/usr/bin/ceph: stderr
2024-04-26T20:15:48.704+0000 7f76ba000700 1 -- 172.21.15.8:0/1623018336 shutdown_connections
2024-04-26T20:15:50.682 INFO:teuthology.orchestra.run.smithi008.stdout:/usr/bin/ceph: stderr
2024-04-26T20:15:48.704+0000 7f76ba000700 1 -- 172.21.15.8:0/1623018336 wait complete.
2024-04-26T20:15:50.682 INFO:teuthology.orchestra.run.smithi008.stdout:/usr/bin/ceph: stderr
2024-04-26T20:15:48.705+0000 7f76ba000700 1 Processor -- start
2024-04-26T20:15:50.682 INFO:teuthology.orchestra.run.smithi008.stdout:/usr/bin/ceph: stderr
2024-04-26T20:15:48.706+0000 7f76ba000700 1 -- start start
2024-04-26T20:15:50.682 INFO:teuthology.orchestra.run.smithi008.stdout:/usr/bin/ceph: stderr
2024-04-26T20:15:48.706+0000 7f76ba000700 1 --2- >> [v2:172.21.15.8:3300/0,v1:172.21.15.8:6789/0] conn(0x7f76b41090d0 0x7f76b4117e00 unknown :-1 s=NONE pgs=0 cs=0 l=1 rev1=0 crypto rx=0 tx=0 comp rx=0 tx=0).connect
2024-04-26T20:15:50.682 INFO:teuthology.orchestra.run.smithi008.stdout:/usr/bin/ceph: stderr
2024-04-26T20:15:48.706+0000 7f76ba000700 1 -- --> [v2:172.21.15.8:3300/0,v1:172.21.15.8:6789/0] -- mon_getmap magic: 0 v1 -- 0x7f76b4118340 con 0x7f76b41090d0
2024-04-26T20:15:50.682 INFO:teuthology.orchestra.run.smithi008.stdout:/usr/bin/ceph: stderr
2024-04-26T20:15:48.706+0000 7f76b3400700 1 --2- >> [v2:172.21.15.8:3300/0,v1:172.21.15.8:6789/0] conn(0x7f76b41090d0 0x7f76b4117e00 unknown :-1 s=BANNER_CONNECTING pgs=0 cs=0 l=1 rev1=0 crypto rx=0 tx=0 comp rx=0 tx=0)._handle_peer_banner_payload supported=3 required=0
2024-04-26T20:15:50.682 INFO:teuthology.orchestra.run.smithi008.stdout:/usr/bin/ceph: stderr
2024-04-26T20:15:48.706+0000 7f76b3400700 1 --2- >> [v2:172.21.15.8:3300/0,v1:172.21.15.8:6789/0] conn(0x7f76b41090d0 0x7f76b4117e00 unknown :-1 s=HELLO_CONNECTING pgs=0 cs=0 l=1 rev1=1 crypto rx=0 tx=0 comp rx=0 tx=0).handle_hello peer v2:172.21.15.8:3300/0 says I am v2:172.21.15.8:55106/0 (socket says 172.21.15.8:55106)
2024-04-26T20:15:50.683 INFO:teuthology.orchestra.run.smithi008.stdout:/usr/bin/ceph: stderr
2024-04-26T20:15:48.706+0000 7f76b3400700 1 -- 172.21.15.8:0/3033297990 learned_addr learned my addr 172.21.15.8:0/3033297990 (peer_addr_for_me v2:172.21.15.8:0/0)
2024-04-26T20:15:50.683 INFO:teuthology.orchestra.run.smithi008.stdout:/usr/bin/ceph: stderr
2024-04-26T20:15:48.707+0000 7f76b3400700 1 -- 172.21.15.8:0/3033297990 --> [v2:172.21.15.8:3300/0,v1:172.21.15.8:6789/0] -- mon_subscribe({config=0+,monmap=0+}) v3 -- 0x7f76a4009ae0 con 0x7f76b41090d0
2024-04-26T20:15:50.683 INFO:teuthology.orchestra.run.smithi008.stdout:/usr/bin/ceph: stderr
2024-04-26T20:15:48.707+0000 7f76b3400700 1 --2- 172.21.15.8:0/3033297990 >> [v2:172.21.15.8:3300/0,v1:172.21.15.8:6789/0] conn(0x7f76b41090d0 0x7f76b4117e00 secure :-1 s=READY pgs=66 cs=0 l=1 rev1=1 crypto rx=0x7f76a4012de0 tx=0x7f76a4009840 comp rx=0 tx=0).ready entity=mon.0 client_cookie=0 server_cookie=0 in_seq=0 out_seq=0
2024-04-26T20:15:50.683 INFO:teuthology.orchestra.run.smithi008.stdout:/usr/bin/ceph: stderr
2024-04-26T20:15:48.707+0000 7f76abe00700 1 -- 172.21.15.8:0/3033297990 <== mon.0 v2:172.21.15.8:3300/0 1 ==== mon_map magic: 0 v1 ==== 229+0+0 (secure 0 0 0) 0x7f76a40092e0 con 0x7f76b41090d0
2024-04-26T20:15:50.683 INFO:teuthology.orchestra.run.smithi008.stdout:/usr/bin/ceph: stderr
2024-04-26T20:15:48.707+0000 7f76abe00700 1 -- 172.21.15.8:0/3033297990 <== mon.0 v2:172.21.15.8:3300/0 2 ==== config(27 keys) v1 ==== 1109+0+0 (secure 0 0 0) 0x7f76a4007d30 con 0x7f76b41090d0
2024-04-26T20:15:50.683 INFO:teuthology.orchestra.run.smithi008.stdout:/usr/bin/ceph: stderr
2024-04-26T20:15:48.707+0000 7f76ba000700 1 -- 172.21.15.8:0/3033297990 --> [v2:172.21.15.8:3300/0,v1:172.21.15.8:6789/0] -- mon_subscribe({mgrmap=0+}) v3 -- 0x7f76b4118540 con 0x7f76b41090d0
2024-04-26T20:15:50.683 INFO:teuthology.orchestra.run.smithi008.stdout:/usr/bin/ceph: stderr
2024-04-26T20:15:48.707+0000 7f76abe00700 1 -- 172.21.15.8:0/3033297990 <== mon.0 v2:172.21.15.8:3300/0 3 ==== mon_map magic: 0 v1 ==== 229+0+0 (secure 0 0 0) 0x7f76a401e950 con 0x7f76b41090d0
2024-04-26T20:15:50.683 INFO:teuthology.orchestra.run.smithi008.stdout:/usr/bin/ceph: stderr
2024-04-26T20:15:48.707+0000 7f76ba000700 1 -- 172.21.15.8:0/3033297990 --> [v2:172.21.15.8:3300/0,v1:172.21.15.8:6789/0] -- mon_subscribe({osdmap=0}) v3 -- 0x7f76b4118f70 con 0x7f76b41090d0
2024-04-26T20:15:50.683 INFO:teuthology.orchestra.run.smithi008.stdout:/usr/bin/ceph: stderr
2024-04-26T20:15:48.709+0000 7f76abe00700 1 -- 172.21.15.8:0/3033297990 <== mon.0 v2:172.21.15.8:3300/0 4 ==== mgrmap(e 8) v1 ==== 43376+0+0 (secure 0 0 0) 0x7f76a4007860 con 0x7f76b41090d0
2024-04-26T20:15:50.683 INFO:teuthology.orchestra.run.smithi008.stdout:/usr/bin/ceph: stderr
2024-04-26T20:15:48.709+0000 7f76ba000700 1 -- 172.21.15.8:0/3033297990 --> [v2:172.21.15.8:3300/0,v1:172.21.15.8:6789/0] -- mon_command({"prefix": "get_command_descriptions"} v 0) v1 -- 0x7f76b405f5c0 con 0x7f76b41090d0
2024-04-26T20:15:50.683 INFO:teuthology.orchestra.run.smithi008.stdout:/usr/bin/ceph: stderr
2024-04-26T20:15:48.709+0000 7f76abe00700 1 --2- 172.21.15.8:0/3033297990 >> [v2:172.21.15.8:6800/1434934844,v1:172.21.15.8:6801/1434934844] conn(0x7f7698036790 0x7f7698038c40 unknown :-1 s=NONE pgs=0 cs=0 l=1 rev1=0 crypto rx=0 tx=0 comp rx=0 tx=0).connect
2024-04-26T20:15:50.683 INFO:teuthology.orchestra.run.smithi008.stdout:/usr/bin/ceph: stderr
2024-04-26T20:15:48.709+0000 7f76abe00700 1 -- 172.21.15.8:0/3033297990 <== mon.0 v2:172.21.15.8:3300/0 5 ==== osd_map(2..2 src has 1..2) v4 ==== 936+0+0 (secure 0 0 0) 0x7f76a404a5f0 con 0x7f76b41090d0
2024-04-26T20:15:50.683 INFO:teuthology.orchestra.run.smithi008.stdout:/usr/bin/ceph: stderr
2024-04-26T20:15:48.710+0000 7f76aaa00700 1 --2- 172.21.15.8:0/3033297990 >> [v2:172.21.15.8:6800/1434934844,v1:172.21.15.8:6801/1434934844] conn(0x7f7698036790 0x7f7698038c40 unknown :-1 s=BANNER_CONNECTING pgs=0 cs=0 l=1 rev1=0 crypto rx=0 tx=0 comp rx=0 tx=0)._handle_peer_banner_payload supported=3 required=0
2024-04-26T20:15:50.683 INFO:teuthology.orchestra.run.smithi008.stdout:/usr/bin/ceph: stderr
2024-04-26T20:15:48.710+0000 7f76aaa00700 1 --2- 172.21.15.8:0/3033297990 >> [v2:172.21.15.8:6800/1434934844,v1:172.21.15.8:6801/1434934844] conn(0x7f7698036790 0x7f7698038c40 secure :-1 s=READY pgs=21 cs=0 l=1 rev1=1 crypto rx=0x7f769c009990 tx=0x7f769c006e40 comp rx=0 tx=0).ready entity=mgr.14120 client_cookie=0 server_cookie=0 in_seq=0 out_seq=0
2024-04-26T20:15:50.684 INFO:teuthology.orchestra.run.smithi008.stdout:/usr/bin/ceph: stderr
2024-04-26T20:15:48.715+0000 7f76abe00700 1 -- 172.21.15.8:0/3033297990 <== mon.0 v2:172.21.15.8:3300/0 6 ==== mon_command_ack([{"prefix": "get_command_descriptions"}]=0 v0) v1 ==== 72+0+176702 (secure 0 0 0) 0x7f76a4011570 con 0x7f76b41090d0
2024-04-26T20:15:50.684 INFO:teuthology.orchestra.run.smithi008.stdout:/usr/bin/ceph: stderr
2024-04-26T20:15:48.990+0000 7f76ba000700 1 -- 172.21.15.8:0/3033297990 --> [v2:172.21.15.8:3300/0,v1:172.21.15.8:6789/0] -- mon_command({"prefix": "mgr module enable", "module": "dashboard"} v 0) v1 -- 0x7f76b410ae80 con 0x7f76b41090d0
2024-04-26T20:15:50.684 INFO:teuthology.orchestra.run.smithi008.stdout:/usr/bin/ceph: stderr
2024-04-26T20:15:49.893+0000 7f76abe00700 1 -- 172.21.15.8:0/3033297990 <== mon.0 v2:172.21.15.8:3300/0 7 ==== mgrmap(e 9) v1 ==== 43389+0+0 (secure 0 0 0) 0x7f76a4027400 con 0x7f76b41090d0
2024-04-26T20:15:50.684 INFO:teuthology.orchestra.run.smithi008.stdout:/usr/bin/ceph: stderr
2024-04-26T20:15:49.896+0000 7f76abe00700 1 -- 172.21.15.8:0/3033297990 <== mon.0 v2:172.21.15.8:3300/0 8 ==== mon_command_ack([{"prefix": "mgr module enable", "module": "dashboard"}]=0 v9) v1 ==== 88+0+0 (secure 0 0 0) 0x7f76a401a9a0 con 0x7f76b41090d0
2024-04-26T20:15:50.684 INFO:teuthology.orchestra.run.smithi008.stdout:/usr/bin/ceph: stderr
2024-04-26T20:15:49.900+0000 7f76ba000700 1 -- 172.21.15.8:0/3033297990 >> [v2:172.21.15.8:6800/1434934844,v1:172.21.15.8:6801/1434934844] conn(0x7f7698036790 msgr2=0x7f7698038c40 secure :-1 s=STATE_CONNECTION_ESTABLISHED l=1).mark_down
2024-04-26T20:15:50.684 INFO:teuthology.orchestra.run.smithi008.stdout:/usr/bin/ceph: stderr
2024-04-26T20:15:49.900+0000 7f76ba000700 1 --2- 172.21.15.8:0/3033297990 >> [v2:172.21.15.8:6800/1434934844,v1:172.21.15.8:6801/1434934844] conn(0x7f7698036790 0x7f7698038c40 secure :-1 s=READY pgs=21 cs=0 l=1 rev1=1 crypto rx=0x7f769c009990 tx=0x7f769c006e40 comp rx=0 tx=0).stop
2024-04-26T20:15:50.684 INFO:teuthology.orchestra.run.smithi008.stdout:/usr/bin/ceph: stderr
2024-04-26T20:15:49.900+0000 7f76ba000700 1 -- 172.21.15.8:0/3033297990 >> [v2:172.21.15.8:3300/0,v1:172.21.15.8:6789/0] conn(0x7f76b41090d0 msgr2=0x7f76b4117e00 secure :-1 s=STATE_CONNECTION_ESTABLISHED l=1).mark_down
2024-04-26T20:15:50.684 INFO:teuthology.orchestra.run.smithi008.stdout:/usr/bin/ceph: stderr
2024-04-26T20:15:49.900+0000 7f76ba000700 1 --2- 172.21.15.8:0/3033297990 >> [v2:172.21.15.8:3300/0,v1:172.21.15.8:6789/0] conn(0x7f76b41090d0 0x7f76b4117e00 secure :-1 s=READY pgs=66 cs=0 l=1 rev1=1 crypto rx=0x7f76a4012de0 tx=0x7f76a4009840 comp rx=0 tx=0).stop
2024-04-26T20:15:50.684 INFO:teuthology.orchestra.run.smithi008.stdout:/usr/bin/ceph: stderr
2024-04-26T20:15:49.900+0000 7f76ba000700 1 -- 172.21.15.8:0/3033297990 shutdown_connections
2024-04-26T20:15:50.684 INFO:teuthology.orchestra.run.smithi008.stdout:/usr/bin/ceph: stderr
2024-04-26T20:15:49.900+0000 7f76ba000700 1 --2- 172.21.15.8:0/3033297990 >> [v2:172.21.15.8:6800/1434934844,v1:172.21.15.8:6801/1434934844] conn(0x7f7698036790 0x7f7698038c40 unknown :-1 s=CLOSED pgs=21 cs=0 l=1 rev1=1 crypto rx=0 tx=0 comp rx=0 tx=0).stop
2024-04-26T20:15:50.684 INFO:teuthology.orchestra.run.smithi008.stdout:/usr/bin/ceph: stderr
2024-04-26T20:15:49.900+0000 7f76ba000700 1 --2- 172.21.15.8:0/3033297990 >> [v2:172.21.15.8:3300/0,v1:172.21.15.8:6789/0] conn(0x7f76b41090d0 0x7f76b4117e00 unknown :-1 s=CLOSED pgs=66 cs=0 l=1 rev1=1 crypto rx=0 tx=0 comp rx=0 tx=0).stop
2024-04-26T20:15:50.684 INFO:teuthology.orchestra.run.smithi008.stdout:/usr/bin/ceph: stderr
2024-04-26T20:15:49.900+0000 7f76ba000700 1 -- 172.21.15.8:0/3033297990 >> 172.21.15.8:0/3033297990 conn(0x7f76b4078500 msgr2=0x7f76b407a160 unknown :-1 s=STATE_NONE l=0).mark_down
2024-04-26T20:15:50.684 INFO:teuthology.orchestra.run.smithi008.stdout:/usr/bin/ceph: stderr
2024-04-26T20:15:49.900+0000 7f76ba000700 1 -- 172.21.15.8:0/3033297990 shutdown_connections
2024-04-26T20:15:50.684 INFO:teuthology.orchestra.run.smithi008.stdout:/usr/bin/ceph: stderr
2024-04-26T20:15:49.900+0000 7f76ba000700 1 -- 172.21.15.8:0/3033297990 wait complete.
2024-04-26T20:15:51.095 INFO:journalctl@ceph.mon.smithi008.smithi008.stdout:Apr 26 20:15:50 smithi008 ceph-mon[25481]: from='client.? 172.21.15.8:0/3033297990' entity='client.admin' cmd='[{"prefix": "mgr module enable", "module": "dashboard"}]': finished
2024-04-26T20:15:51.095 INFO:journalctl@ceph.mon.smithi008.smithi008.stdout:Apr 26 20:15:50 smithi008 ceph-mon[25481]: mgrmap e9: smithi008.kdptki(active, since 31s)
2024-04-26T20:15:52.251 INFO:journalctl@ceph.mon.smithi008.smithi008.stdout:Apr 26 20:15:51 smithi008 ceph-mon[25481]: from='client.? 172.21.15.8:0/899042476' entity='client.admin' cmd=[{"prefix": "mgr stat"}]: dispatch
2024-04-26T20:15:52.260 INFO:teuthology.orchestra.run.smithi008.stdout:/usr/bin/ceph: stdout {
2024-04-26T20:15:52.268 INFO:teuthology.orchestra.run.smithi008.stdout:/usr/bin/ceph: stdout "epoch": 9,
2024-04-26T20:15:52.268 INFO:teuthology.orchestra.run.smithi008.stdout:/usr/bin/ceph: stdout "available": true,
2024-04-26T20:15:52.268 INFO:teuthology.orchestra.run.smithi008.stdout:/usr/bin/ceph: stdout "active_name": "smithi008.kdptki",
2024-04-26T20:15:52.268 INFO:teuthology.orchestra.run.smithi008.stdout:/usr/bin/ceph: stdout "num_standby": 0
2024-04-26T20:15:52.268 INFO:teuthology.orchestra.run.smithi008.stdout:/usr/bin/ceph: stdout }
2024-04-26T20:15:52.269 INFO:teuthology.orchestra.run.smithi008.stdout:/usr/bin/ceph: stderr
2024-04-26T20:15:51.293+0000 7f1f38600700 1 Processor -- start
2024-04-26T20:15:52.269 INFO:teuthology.orchestra.run.smithi008.stdout:/usr/bin/ceph: stderr
2024-04-26T20:15:51.293+0000 7f1f38600700 1 -- start start
2024-04-26T20:15:52.269 INFO:teuthology.orchestra.run.smithi008.stdout:/usr/bin/ceph: stderr
