2024-04-26T20:18:11.048+0000 7f20cffff700 1 -- 172.21.15.70:0/799461579 <== mon.0 v2:172.21.15.70:3300/0 1 ==== mon_map magic: 0 ==== 205+0+0 (secure 0 0 0) 0x7f20d80036a0 con 0x7f20e8107180
2024-04-26T20:18:12.129 INFO:teuthology.orchestra.run.smithi070.stdout:/usr/bin/ceph: stderr
2024-04-26T20:18:11.048+0000 7f20cffff700 1 -- 172.21.15.70:0/799461579 <== mon.0 v2:172.21.15.70:3300/0 2 ==== config(27 keys) ==== 1135+0+0 (secure 0 0 0) 0x7f20d801a430 con 0x7f20e8107180
2024-04-26T20:18:12.129 INFO:teuthology.orchestra.run.smithi070.stdout:/usr/bin/ceph: stderr
2024-04-26T20:18:11.048+0000 7f20ed74e700 1 -- 172.21.15.70:0/799461579 --> [v2:172.21.15.70:3300/0,v1:172.21.15.70:6789/0] -- mon_subscribe({mgrmap=0+}) -- 0x7f20e819d730 con 0x7f20e8107180
2024-04-26T20:18:12.129 INFO:teuthology.orchestra.run.smithi070.stdout:/usr/bin/ceph: stderr
2024-04-26T20:18:11.048+0000 7f20cffff700 1 -- 172.21.15.70:0/799461579 <== mon.0 v2:172.21.15.70:3300/0 3 ==== mon_map magic: 0 ==== 205+0+0 (secure 0 0 0) 0x7f20d8019550 con 0x7f20e8107180
2024-04-26T20:18:12.129 INFO:teuthology.orchestra.run.smithi070.stdout:/usr/bin/ceph: stderr
2024-04-26T20:18:11.049+0000 7f20ed74e700 1 -- 172.21.15.70:0/799461579 --> [v2:172.21.15.70:3300/0,v1:172.21.15.70:6789/0] -- mon_subscribe({osdmap=0}) -- 0x7f20e819db90 con 0x7f20e8107180
2024-04-26T20:18:12.130 INFO:teuthology.orchestra.run.smithi070.stdout:/usr/bin/ceph: stderr
2024-04-26T20:18:11.049+0000 7f20cffff700 1 -- 172.21.15.70:0/799461579 <== mon.0 v2:172.21.15.70:3300/0 4 ==== mgrmap(e 12) ==== 46571+0+0 (secure 0 0 0) 0x7f20d8019800 con 0x7f20e8107180
2024-04-26T20:18:12.130 INFO:teuthology.orchestra.run.smithi070.stdout:/usr/bin/ceph: stderr
2024-04-26T20:18:11.050+0000 7f20ed74e700 1 -- 172.21.15.70:0/799461579 --> [v2:172.21.15.70:3300/0,v1:172.21.15.70:6789/0] -- mon_command({"prefix": "get_command_descriptions"} v 0) -- 0x7f20e8064a80 con 0x7f20e8107180
2024-04-26T20:18:12.130 INFO:teuthology.orchestra.run.smithi070.stdout:/usr/bin/ceph: stderr
2024-04-26T20:18:11.050+0000 7f20cffff700 1 --2- 172.21.15.70:0/799461579 >> [v2:172.21.15.70:6800/828657527,v1:172.21.15.70:6801/828657527] conn(0x7f20d0039610 0x7f20d003bad0 unknown :-1 s=NONE pgs=0 cs=0 l=1 rev1=0 crypto rx=0 tx=0 comp rx=0 tx=0).connect
2024-04-26T20:18:12.130 INFO:teuthology.orchestra.run.smithi070.stdout:/usr/bin/ceph: stderr
2024-04-26T20:18:11.050+0000 7f20cffff700 1 -- 172.21.15.70:0/799461579 <== mon.0 v2:172.21.15.70:3300/0 5 ==== osd_map(3..3 src has 1..3) ==== 1155+0+0 (secure 0 0 0) 0x7f20d804e8e0 con 0x7f20e8107180
2024-04-26T20:18:12.131 INFO:teuthology.orchestra.run.smithi070.stdout:/usr/bin/ceph: stderr
2024-04-26T20:18:11.050+0000 7f20e67fc700 1 --2- 172.21.15.70:0/799461579 >> [v2:172.21.15.70:6800/828657527,v1:172.21.15.70:6801/828657527] conn(0x7f20d0039610 0x7f20d003bad0 unknown :-1 s=BANNER_CONNECTING pgs=0 cs=0 l=1 rev1=0 crypto rx=0 tx=0 comp rx=0 tx=0)._handle_peer_banner_payload supported=3 required=0
2024-04-26T20:18:12.131 INFO:teuthology.orchestra.run.smithi070.stdout:/usr/bin/ceph: stderr
2024-04-26T20:18:11.050+0000 7f20e67fc700 1 --2- 172.21.15.70:0/799461579 >> [v2:172.21.15.70:6800/828657527,v1:172.21.15.70:6801/828657527] conn(0x7f20d0039610 0x7f20d003bad0 secure :-1 s=READY pgs=8 cs=0 l=1 rev1=1 crypto rx=0x7f20dc006fd0 tx=0x7f20dc006e40 comp rx=0 tx=0).ready entity=mgr.14152 client_cookie=0 server_cookie=0 in_seq=0 out_seq=0
2024-04-26T20:18:12.131 INFO:teuthology.orchestra.run.smithi070.stdout:/usr/bin/ceph: stderr
2024-04-26T20:18:11.059+0000 7f20cffff700 1 -- 172.21.15.70:0/799461579 <== mon.0 v2:172.21.15.70:3300/0 6 ==== mon_command_ack([{"prefix": "get_command_descriptions"}]=0 v0) ==== 72+0+188494 (secure 0 0 0) 0x7f20d8023c90 con 0x7f20e8107180
2024-04-26T20:18:12.131 INFO:teuthology.orchestra.run.smithi070.stdout:/usr/bin/ceph: stderr
2024-04-26T20:18:11.281+0000 7f20ed74e700 1 -- 172.21.15.70:0/799461579 --> [v2:172.21.15.70:6800/828657527,v1:172.21.15.70:6801/828657527] -- mgr_command(tid 0: {"prefix": "dashboard ac-user-create", "username": "admin", "rolename": "administrator", "force_password": true, "pwd_update_required": true, "target": ["mon-mgr", ""]}) -- 0x7f20e81a05a0 con 0x7f20d0039610
2024-04-26T20:18:12.131 INFO:teuthology.orchestra.run.smithi070.stdout:/usr/bin/ceph: stderr
2024-04-26T20:18:11.504+0000 7f20cffff700 1 -- 172.21.15.70:0/799461579 <== mgr.14152 v2:172.21.15.70:6800/828657527 1 ==== mgr_command_reply(tid 0: 0 ) ==== 8+0+252 (secure 0 0 0) 0x7f20e81a05a0 con 0x7f20d0039610
2024-04-26T20:18:12.131 INFO:teuthology.orchestra.run.smithi070.stdout:/usr/bin/ceph: stderr
2024-04-26T20:18:11.506+0000 7f20ed74e700 1 -- 172.21.15.70:0/799461579 >> [v2:172.21.15.70:6800/828657527,v1:172.21.15.70:6801/828657527] conn(0x7f20d0039610 msgr2=0x7f20d003bad0 secure :-1 s=STATE_CONNECTION_ESTABLISHED l=1).mark_down
2024-04-26T20:18:12.131 INFO:teuthology.orchestra.run.smithi070.stdout:/usr/bin/ceph: stderr
2024-04-26T20:18:11.506+0000 7f20ed74e700 1 --2- 172.21.15.70:0/799461579 >> [v2:172.21.15.70:6800/828657527,v1:172.21.15.70:6801/828657527] conn(0x7f20d0039610 0x7f20d003bad0 secure :-1 s=READY pgs=8 cs=0 l=1 rev1=1 crypto rx=0x7f20dc006fd0 tx=0x7f20dc006e40 comp rx=0 tx=0).stop
2024-04-26T20:18:12.131 INFO:teuthology.orchestra.run.smithi070.stdout:/usr/bin/ceph: stderr
2024-04-26T20:18:11.506+0000 7f20ed74e700 1 -- 172.21.15.70:0/799461579 >> [v2:172.21.15.70:3300/0,v1:172.21.15.70:6789/0] conn(0x7f20e8107180 msgr2=0x7f20e819cf60 secure :-1 s=STATE_CONNECTION_ESTABLISHED l=1).mark_down
2024-04-26T20:18:12.131 INFO:teuthology.orchestra.run.smithi070.stdout:/usr/bin/ceph: stderr
2024-04-26T20:18:11.506+0000 7f20ed74e700 1 --2- 172.21.15.70:0/799461579 >> [v2:172.21.15.70:3300/0,v1:172.21.15.70:6789/0] conn(0x7f20e8107180 0x7f20e819cf60 secure :-1 s=READY pgs=73 cs=0 l=1 rev1=1 crypto rx=0x7f20d8009520 tx=0x7f20d80045f0 comp rx=0 tx=0).stop
2024-04-26T20:18:12.131 INFO:teuthology.orchestra.run.smithi070.stdout:/usr/bin/ceph: stderr
2024-04-26T20:18:11.506+0000 7f20ed74e700 1 -- 172.21.15.70:0/799461579 shutdown_connections
2024-04-26T20:18:12.131 INFO:teuthology.orchestra.run.smithi070.stdout:/usr/bin/ceph: stderr
2024-04-26T20:18:11.506+0000 7f20ed74e700 1 --2- 172.21.15.70:0/799461579 >> [v2:172.21.15.70:6800/828657527,v1:172.21.15.70:6801/828657527] conn(0x7f20d0039610 0x7f20d003bad0 unknown :-1 s=CLOSED pgs=8 cs=0 l=1 rev1=1 crypto rx=0 tx=0 comp rx=0 tx=0).stop
2024-04-26T20:18:12.132 INFO:teuthology.orchestra.run.smithi070.stdout:/usr/bin/ceph: stderr
2024-04-26T20:18:11.506+0000 7f20ed74e700 1 --2- 172.21.15.70:0/799461579 >> [v2:172.21.15.70:3300/0,v1:172.21.15.70:6789/0] conn(0x7f20e8107180 0x7f20e819cf60 unknown :-1 s=CLOSED pgs=73 cs=0 l=1 rev1=1 crypto rx=0 tx=0 comp rx=0 tx=0).stop
2024-04-26T20:18:12.132 INFO:teuthology.orchestra.run.smithi070.stdout:/usr/bin/ceph: stderr
2024-04-26T20:18:11.506+0000 7f20ed74e700 1 -- 172.21.15.70:0/799461579 >> 172.21.15.70:0/799461579 conn(0x7f20e8102b20 msgr2=0x7f20e81036c0 unknown :-1 s=STATE_NONE l=0).mark_down
2024-04-26T20:18:12.132 INFO:teuthology.orchestra.run.smithi070.stdout:/usr/bin/ceph: stderr
2024-04-26T20:18:11.506+0000 7f20ed74e700 1 -- 172.21.15.70:0/799461579 shutdown_connections
2024-04-26T20:18:12.132 INFO:teuthology.orchestra.run.smithi070.stdout:/usr/bin/ceph: stderr
2024-04-26T20:18:11.506+0000 7f20ed74e700 1 -- 172.21.15.70:0/799461579 wait complete.
2024-04-26T20:18:12.132 INFO:teuthology.orchestra.run.smithi070.stdout:Fetching dashboard port number...
2024-04-26T20:18:13.034 INFO:journalctl@ceph.mon.a.smithi070.stdout:Apr 26 20:18:12 smithi070 ceph-mon[29124]: from='client.14166 -' entity='client.admin' cmd=[{"prefix": "dashboard ac-user-create", "username": "admin", "rolename": "administrator", "force_password": true, "pwd_update_required": true, "target": ["mon-mgr", ""]}]: dispatch
2024-04-26T20:18:13.409 INFO:teuthology.orchestra.run.smithi070.stdout:/usr/bin/ceph: stdout 8443
2024-04-26T20:18:13.409 INFO:teuthology.orchestra.run.smithi070.stdout:/usr/bin/ceph: stderr
2024-04-26T20:18:12.556+0000 7f36f3075700 1 Processor -- start
2024-04-26T20:18:13.409 INFO:teuthology.orchestra.run.smithi070.stdout:/usr/bin/ceph: stderr
2024-04-26T20:18:12.556+0000 7f36f3075700 1 -- start start
2024-04-26T20:18:13.409 INFO:teuthology.orchestra.run.smithi070.stdout:/usr/bin/ceph: stderr
2024-04-26T20:18:12.556+0000 7f36f3075700 1 --2- >> [v2:172.21.15.70:3300/0,v1:172.21.15.70:6789/0] conn(0x7f36ec108ea0 0x7f36ec1092c0 unknown :-1 s=NONE pgs=0 cs=0 l=0 rev1=0 crypto rx=0 tx=0 comp rx=0 tx=0).connect
2024-04-26T20:18:13.409 INFO:teuthology.orchestra.run.smithi070.stdout:/usr/bin/ceph: stderr
2024-04-26T20:18:12.556+0000 7f36f3075700 1 -- --> [v2:172.21.15.70:3300/0,v1:172.21.15.70:6789/0] -- mon_getmap magic: 0 -- 0x7f36ec109800 con 0x7f36ec108ea0
2024-04-26T20:18:13.409 INFO:teuthology.orchestra.run.smithi070.stdout:/usr/bin/ceph: stderr
2024-04-26T20:18:12.556+0000 7f36f0e11700 1 --2- >> [v2:172.21.15.70:3300/0,v1:172.21.15.70:6789/0] conn(0x7f36ec108ea0 0x7f36ec1092c0 unknown :-1 s=BANNER_CONNECTING pgs=0 cs=0 l=0 rev1=0 crypto rx=0 tx=0 comp rx=0 tx=0)._handle_peer_banner_payload supported=3 required=0
2024-04-26T20:18:13.409 INFO:teuthology.orchestra.run.smithi070.stdout:/usr/bin/ceph: stderr
2024-04-26T20:18:12.556+0000 7f36f0e11700 1 --2- >> [v2:172.21.15.70:3300/0,v1:172.21.15.70:6789/0] conn(0x7f36ec108ea0 0x7f36ec1092c0 unknown :-1 s=HELLO_CONNECTING pgs=0 cs=0 l=0 rev1=1 crypto rx=0 tx=0 comp rx=0 tx=0).handle_hello peer v2:172.21.15.70:3300/0 says I am v2:172.21.15.70:38270/0 (socket says 172.21.15.70:38270)
2024-04-26T20:18:13.409 INFO:teuthology.orchestra.run.smithi070.stdout:/usr/bin/ceph: stderr
2024-04-26T20:18:12.556+0000 7f36f0e11700 1 -- 172.21.15.70:0/992908388 learned_addr learned my addr 172.21.15.70:0/992908388 (peer_addr_for_me v2:172.21.15.70:0/0)
2024-04-26T20:18:13.409 INFO:teuthology.orchestra.run.smithi070.stdout:/usr/bin/ceph: stderr
2024-04-26T20:18:12.557+0000 7f36f0e11700 1 -- 172.21.15.70:0/992908388 --> [v2:172.21.15.70:3300/0,v1:172.21.15.70:6789/0] -- mon_subscribe({config=0+,monmap=0+}) -- 0x7f36ec10a040 con 0x7f36ec108ea0
2024-04-26T20:18:13.409 INFO:teuthology.orchestra.run.smithi070.stdout:/usr/bin/ceph: stderr
2024-04-26T20:18:12.557+0000 7f36f0e11700 1 --2- 172.21.15.70:0/992908388 >> [v2:172.21.15.70:3300/0,v1:172.21.15.70:6789/0] conn(0x7f36ec108ea0 0x7f36ec1092c0 secure :-1 s=READY pgs=74 cs=0 l=1 rev1=1 crypto rx=0x7f36e00098a0 tx=0x7f36e0009bb0 comp rx=0 tx=0).ready entity=mon.0 client_cookie=5b825c51a8ee0a2b server_cookie=0 in_seq=0 out_seq=0
2024-04-26T20:18:13.410 INFO:teuthology.orchestra.run.smithi070.stdout:/usr/bin/ceph: stderr
2024-04-26T20:18:12.557+0000 7f36eb7fe700 1 -- 172.21.15.70:0/992908388 <== mon.0 v2:172.21.15.70:3300/0 1 ==== mon_map magic: 0 ==== 205+0+0 (secure 0 0 0) 0x7f36e0004160 con 0x7f36ec108ea0
2024-04-26T20:18:13.410 INFO:teuthology.orchestra.run.smithi070.stdout:/usr/bin/ceph: stderr
2024-04-26T20:18:12.557+0000 7f36eb7fe700 1 -- 172.21.15.70:0/992908388 <== mon.0 v2:172.21.15.70:3300/0 2 ==== config(27 keys) ==== 1135+0+0 (secure 0 0 0) 0x7f36e0004300 con 0x7f36ec108ea0
2024-04-26T20:18:13.410 INFO:teuthology.orchestra.run.smithi070.stdout:/usr/bin/ceph: stderr
2024-04-26T20:18:12.557+0000 7f36eb7fe700 1 -- 172.21.15.70:0/992908388 <== mon.0 v2:172.21.15.70:3300/0 3 ==== mon_map magic: 0 ==== 205+0+0 (secure 0 0 0) 0x7f36e0011af0 con 0x7f36ec108ea0
2024-04-26T20:18:13.410 INFO:teuthology.orchestra.run.smithi070.stdout:/usr/bin/ceph: stderr
2024-04-26T20:18:12.558+0000 7f36f3075700 1 -- 172.21.15.70:0/992908388 >> [v2:172.21.15.70:3300/0,v1:172.21.15.70:6789/0] conn(0x7f36ec108ea0 msgr2=0x7f36ec1092c0 secure :-1 s=STATE_CONNECTION_ESTABLISHED l=1).mark_down
2024-04-26T20:18:13.410 INFO:teuthology.orchestra.run.smithi070.stdout:/usr/bin/ceph: stderr
2024-04-26T20:18:12.558+0000 7f36f3075700 1 --2- 172.21.15.70:0/992908388 >> [v2:172.21.15.70:3300/0,v1:172.21.15.70:6789/0] conn(0x7f36ec108ea0 0x7f36ec1092c0 secure :-1 s=READY pgs=74 cs=0 l=1 rev1=1 crypto rx=0x7f36e00098a0 tx=0x7f36e0009bb0 comp rx=0 tx=0).stop
2024-04-26T20:18:13.410 INFO:teuthology.orchestra.run.smithi070.stdout:/usr/bin/ceph: stderr
2024-04-26T20:18:12.558+0000 7f36f3075700 1 -- 172.21.15.70:0/992908388 shutdown_connections
2024-04-26T20:18:13.410 INFO:teuthology.orchestra.run.smithi070.stdout:/usr/bin/ceph: stderr
2024-04-26T20:18:12.558+0000 7f36f3075700 1 --2- 172.21.15.70:0/992908388 >> [v2:172.21.15.70:3300/0,v1:172.21.15.70:6789/0] conn(0x7f36ec108ea0 0x7f36ec1092c0 unknown :-1 s=CLOSED pgs=74 cs=0 l=1 rev1=1 crypto rx=0 tx=0 comp rx=0 tx=0).stop
2024-04-26T20:18:13.410 INFO:teuthology.orchestra.run.smithi070.stdout:/usr/bin/ceph: stderr
2024-04-26T20:18:12.558+0000 7f36f3075700 1 -- 172.21.15.70:0/992908388 >> 172.21.15.70:0/992908388 conn(0x7f36ec1044b0 msgr2=0x7f36ec1068d0 unknown :-1 s=STATE_NONE l=0).mark_down
2024-04-26T20:18:13.410 INFO:teuthology.orchestra.run.smithi070.stdout:/usr/bin/ceph: stderr
2024-04-26T20:18:12.558+0000 7f36f3075700 1 -- 172.21.15.70:0/992908388 shutdown_connections
2024-04-26T20:18:13.410 INFO:teuthology.orchestra.run.smithi070.stdout:/usr/bin/ceph: stderr
2024-04-26T20:18:12.558+0000 7f36f3075700 1 -- 172.21.15.70:0/992908388 wait complete.
2024-04-26T20:18:13.410 INFO:teuthology.orchestra.run.smithi070.stdout:/usr/bin/ceph: stderr
2024-04-26T20:18:12.558+0000 7f36f3075700 1 Processor -- start
2024-04-26T20:18:13.410 INFO:teuthology.orchestra.run.smithi070.stdout:/usr/bin/ceph: stderr
2024-04-26T20:18:12.558+0000 7f36f3075700 1 -- start start
2024-04-26T20:18:13.411 INFO:teuthology.orchestra.run.smithi070.stdout:/usr/bin/ceph: stderr
2024-04-26T20:18:12.558+0000 7f36f3075700 1 --2- >> [v2:172.21.15.70:3300/0,v1:172.21.15.70:6789/0] conn(0x7f36ec108ea0 0x7f36ec19ceb0 unknown :-1 s=NONE pgs=0 cs=0 l=1 rev1=0 crypto rx=0 tx=0 comp rx=0 tx=0).connect
2024-04-26T20:18:13.411 INFO:teuthology.orchestra.run.smithi070.stdout:/usr/bin/ceph: stderr
2024-04-26T20:18:12.558+0000 7f36f3075700 1 -- --> [v2:172.21.15.70:3300/0,v1:172.21.15.70:6789/0] -- mon_getmap magic: 0 -- 0x7f36ec10d300 con 0x7f36ec108ea0
2024-04-26T20:18:13.411 INFO:teuthology.orchestra.run.smithi070.stdout:/usr/bin/ceph: stderr
2024-04-26T20:18:12.559+0000 7f36f0e11700 1 --2- >> [v2:172.21.15.70:3300/0,v1:172.21.15.70:6789/0] conn(0x7f36ec108ea0 0x7f36ec19ceb0 unknown :-1 s=BANNER_CONNECTING pgs=0 cs=0 l=1 rev1=0 crypto rx=0 tx=0 comp rx=0 tx=0)._handle_peer_banner_payload supported=3 required=0
2024-04-26T20:18:13.411 INFO:teuthology.orchestra.run.smithi070.stdout:/usr/bin/ceph: stderr
2024-04-26T20:18:12.559+0000 7f36f0e11700 1 --2- >> [v2:172.21.15.70:3300/0,v1:172.21.15.70:6789/0] conn(0x7f36ec108ea0 0x7f36ec19ceb0 unknown :-1 s=HELLO_CONNECTING pgs=0 cs=0 l=1 rev1=1 crypto rx=0 tx=0 comp rx=0 tx=0).handle_hello peer v2:172.21.15.70:3300/0 says I am v2:172.21.15.70:38286/0 (socket says 172.21.15.70:38286)
2024-04-26T20:18:13.411 INFO:teuthology.orchestra.run.smithi070.stdout:/usr/bin/ceph: stderr
2024-04-26T20:18:12.559+0000 7f36f0e11700 1 -- 172.21.15.70:0/4061448065 learned_addr learned my addr 172.21.15.70:0/4061448065 (peer_addr_for_me v2:172.21.15.70:0/0)
2024-04-26T20:18:13.411 INFO:teuthology.orchestra.run.smithi070.stdout:/usr/bin/ceph: stderr
2024-04-26T20:18:12.559+0000 7f36f0e11700 1 -- 172.21.15.70:0/4061448065 --> [v2:172.21.15.70:3300/0,v1:172.21.15.70:6789/0] -- mon_subscribe({config=0+,monmap=0+}) -- 0x7f36ec19d3f0 con 0x7f36ec108ea0
2024-04-26T20:18:13.411 INFO:teuthology.orchestra.run.smithi070.stdout:/usr/bin/ceph: stderr
2024-04-26T20:18:12.559+0000 7f36f0e11700 1 --2- 172.21.15.70:0/4061448065 >> [v2:172.21.15.70:3300/0,v1:172.21.15.70:6789/0] conn(0x7f36ec108ea0 0x7f36ec19ceb0 secure :-1 s=READY pgs=75 cs=0 l=1 rev1=1 crypto rx=0x7f36e0009520 tx=0x7f36e0003eb0 comp rx=0 tx=0).ready entity=mon.0 client_cookie=0 server_cookie=0 in_seq=0 out_seq=0
2024-04-26T20:18:13.411 INFO:teuthology.orchestra.run.smithi070.stdout:/usr/bin/ceph: stderr
2024-04-26T20:18:12.559+0000 7f36e9ffb700 1 -- 172.21.15.70:0/4061448065 <== mon.0 v2:172.21.15.70:3300/0 1 ==== mon_map magic: 0 ==== 205+0+0 (secure 0 0 0) 0x7f36e00036a0 con 0x7f36ec108ea0
2024-04-26T20:18:13.411 INFO:teuthology.orchestra.run.smithi070.stdout:/usr/bin/ceph: stderr
2024-04-26T20:18:12.559+0000 7f36e9ffb700 1 -- 172.21.15.70:0/4061448065 <== mon.0 v2:172.21.15.70:3300/0 2 ==== config(27 keys) ==== 1135+0+0 (secure 0 0 0) 0x7f36e001a430 con 0x7f36ec108ea0
2024-04-26T20:18:13.411 INFO:teuthology.orchestra.run.smithi070.stdout:/usr/bin/ceph: stderr
2024-04-26T20:18:12.559+0000 7f36f3075700 1 -- 172.21.15.70:0/4061448065 --> [v2:172.21.15.70:3300/0,v1:172.21.15.70:6789/0] -- mon_subscribe({mgrmap=0+}) -- 0x7f36ec19d680 con 0x7f36ec108ea0
2024-04-26T20:18:13.411 INFO:teuthology.orchestra.run.smithi070.stdout:/usr/bin/ceph: stderr
2024-04-26T20:18:12.559+0000 7f36e9ffb700 1 -- 172.21.15.70:0/4061448065 <== mon.0 v2:172.21.15.70:3300/0 3 ==== mon_map magic: 0 ==== 205+0+0 (secure 0 0 0) 0x7f36e00193c0 con 0x7f36ec108ea0
2024-04-26T20:18:13.411 INFO:teuthology.orchestra.run.smithi070.stdout:/usr/bin/ceph: stderr
2024-04-26T20:18:12.559+0000 7f36f3075700 1 -- 172.21.15.70:0/4061448065 --> [v2:172.21.15.70:3300/0,v1:172.21.15.70:6789/0] -- mon_subscribe({osdmap=0}) -- 0x7f36ec19dae0 con 0x7f36ec108ea0
2024-04-26T20:18:13.411 INFO:teuthology.orchestra.run.smithi070.stdout:/usr/bin/ceph: stderr
2024-04-26T20:18:12.560+0000 7f36f3075700 1 -- 172.21.15.70:0/4061448065 --> [v2:172.21.15.70:3300/0,v1:172.21.15.70:6789/0] -- mon_command({"prefix": "get_command_descriptions"} v 0) -- 0x7f36ec064a80 con 0x7f36ec108ea0
2024-04-26T20:18:13.412 INFO:teuthology.orchestra.run.smithi070.stdout:/usr/bin/ceph: stderr
2024-04-26T20:18:12.560+0000 7f36e9ffb700 1 -- 172.21.15.70:0/4061448065 <== mon.0 v2:172.21.15.70:3300/0 4 ==== mgrmap(e 12) ==== 46571+0+0 (secure 0 0 0) 0x7f36e0019670 con 0x7f36ec108ea0
2024-04-26T20:18:13.412 INFO:teuthology.orchestra.run.smithi070.stdout:/usr/bin/ceph: stderr
2024-04-26T20:18:12.561+0000 7f36e9ffb700 1 --2- 172.21.15.70:0/4061448065 >> [v2:172.21.15.70:6800/828657527,v1:172.21.15.70:6801/828657527] conn(0x7f36dc0395b0 0x7f36dc03ba70 unknown :-1 s=NONE pgs=0 cs=0 l=1 rev1=0 crypto rx=0 tx=0 comp rx=0 tx=0).connect
2024-04-26T20:18:13.412 INFO:teuthology.orchestra.run.smithi070.stdout:/usr/bin/ceph: stderr
2024-04-26T20:18:12.561+0000 7f36e9ffb700 1 -- 172.21.15.70:0/4061448065 <== mon.0 v2:172.21.15.70:3300/0 5 ==== osd_map(3..3 src has 1..3) ==== 1155+0+0 (secure 0 0 0) 0x7f36e004d9b0 con 0x7f36ec108ea0
2024-04-26T20:18:13.412 INFO:teuthology.orchestra.run.smithi070.stdout:/usr/bin/ceph: stderr
2024-04-26T20:18:12.561+0000 7f36ebfff700 1 --2- 172.21.15.70:0/4061448065 >> [v2:172.21.15.70:6800/828657527,v1:172.21.15.70:6801/828657527] conn(0x7f36dc0395b0 0x7f36dc03ba70 unknown :-1 s=BANNER_CONNECTING pgs=0 cs=0 l=1 rev1=0 crypto rx=0 tx=0 comp rx=0 tx=0)._handle_peer_banner_payload supported=3 required=0
2024-04-26T20:18:13.412 INFO:teuthology.orchestra.run.smithi070.stdout:/usr/bin/ceph: stderr
2024-04-26T20:18:12.561+0000 7f36ebfff700 1 --2- 172.21.15.70:0/4061448065 >> [v2:172.21.15.70:6800/828657527,v1:172.21.15.70:6801/828657527] conn(0x7f36dc0395b0 0x7f36dc03ba70 secure :-1 s=READY pgs=9 cs=0 l=1 rev1=1 crypto rx=0x7f36d8006fd0 tx=0x7f36d8006e40 comp rx=0 tx=0).ready entity=mgr.14152 client_cookie=0 server_cookie=0 in_seq=0 out_seq=0
2024-04-26T20:18:13.412 INFO:teuthology.orchestra.run.smithi070.stdout:/usr/bin/ceph: stderr
2024-04-26T20:18:12.566+0000 7f36e9ffb700 1 -- 172.21.15.70:0/4061448065 <== mon.0 v2:172.21.15.70:3300/0 6 ==== mon_command_ack([{"prefix": "get_command_descriptions"}]=0 v0) ==== 72+0+188494 (secure 0 0 0) 0x7f36e000fda0 con 0x7f36ec108ea0
2024-04-26T20:18:13.412 INFO:teuthology.orchestra.run.smithi070.stdout:/usr/bin/ceph: stderr
2024-04-26T20:18:12.770+0000 7f36f3075700 1 -- 172.21.15.70:0/4061448065 --> [v2:172.21.15.70:3300/0,v1:172.21.15.70:6789/0] -- mon_command({"prefix": "config get", "who": "mgr", "key": "mgr/dashboard/ssl_server_port"} v 0) -- 0x7f36ec1a04b0 con 0x7f36ec108ea0
2024-04-26T20:18:13.412 INFO:teuthology.orchestra.run.smithi070.stdout:/usr/bin/ceph: stderr
2024-04-26T20:18:12.770+0000 7f36e9ffb700 1 -- 172.21.15.70:0/4061448065 <== mon.0 v2:172.21.15.70:3300/0 7 ==== mon_command_ack([{"prefix": "config get", "who": "mgr", "key": "mgr/dashboard/ssl_server_port"}]=0 v8) ==== 112+0+5 (secure 0 0 0) 0x7f36e001a5e0 con 0x7f36ec108ea0
2024-04-26T20:18:13.412 INFO:teuthology.orchestra.run.smithi070.stdout:/usr/bin/ceph: stderr
2024-04-26T20:18:12.772+0000 7f36f3075700 1 -- 172.21.15.70:0/4061448065 >> [v2:172.21.15.70:6800/828657527,v1:172.21.15.70:6801/828657527] conn(0x7f36dc0395b0 msgr2=0x7f36dc03ba70 secure :-1 s=STATE_CONNECTION_ESTABLISHED l=1).mark_down
2024-04-26T20:18:13.412 INFO:teuthology.orchestra.run.smithi070.stdout:/usr/bin/ceph: stderr
2024-04-26T20:18:12.772+0000 7f36f3075700 1 --2- 172.21.15.70:0/4061448065 >> [v2:172.21.15.70:6800/828657527,v1:172.21.15.70:6801/828657527] conn(0x7f36dc0395b0 0x7f36dc03ba70 secure :-1 s=READY pgs=9 cs=0 l=1 rev1=1 crypto rx=0x7f36d8006fd0 tx=0x7f36d8006e40 comp rx=0 tx=0).stop
2024-04-26T20:18:13.412 INFO:teuthology.orchestra.run.smithi070.stdout:/usr/bin/ceph: stderr
2024-04-26T20:18:12.772+0000 7f36f3075700 1 -- 172.21.15.70:0/4061448065 >> [v2:172.21.15.70:3300/0,v1:172.21.15.70:6789/0] conn(0x7f36ec108ea0 msgr2=0x7f36ec19ceb0 secure :-1 s=STATE_CONNECTION_ESTABLISHED l=1).mark_down
2024-04-26T20:18:13.412 INFO:teuthology.orchestra.run.smithi070.stdout:/usr/bin/ceph: stderr
2024-04-26T20:18:12.772+0000 7f36f3075700 1 --2- 172.21.15.70:0/4061448065 >> [v2:172.21.15.70:3300/0,v1:172.21.15.70:6789/0] conn(0x7f36ec108ea0 0x7f36ec19ceb0 secure :-1 s=READY pgs=75 cs=0 l=1 rev1=1 crypto rx=0x7f36e0009520 tx=0x7f36e0003eb0 comp rx=0 tx=0).stop
2024-04-26T20:18:13.412 INFO:teuthology.orchestra.run.smithi070.stdout:/usr/bin/ceph: stderr
2024-04-26T20:18:12.773+0000 7f36f3075700 1 -- 172.21.15.70:0/4061448065 shutdown_connections
2024-04-26T20:18:13.413 INFO:teuthology.orchestra.run.smithi070.stdout:/usr/bin/ceph: stderr
2024-04-26T20:18:12.773+0000 7f36f3075700 1 --2- 172.21.15.70:0/4061448065 >> [v2:172.21.15.70:6800/828657527,v1:172.21.15.70:6801/828657527] conn(0x7f36dc0395b0 0x7f36dc03ba70 unknown :-1 s=CLOSED pgs=9 cs=0 l=1 rev1=1 crypto rx=0 tx=0 comp rx=0 tx=0).stop
2024-04-26T20:18:13.413 INFO:teuthology.orchestra.run.smithi070.stdout:/usr/bin/ceph: stderr
2024-04-26T20:18:12.773+0000 7f36f3075700 1 --2- 172.21.15.70:0/4061448065 >> [v2:172.21.15.70:3300/0,v1:172.21.15.70:6789/0] conn(0x7f36ec108ea0 0x7f36ec19ceb0 unknown :-1 s=CLOSED pgs=75 cs=0 l=1 rev1=1 crypto rx=0 tx=0 comp rx=0 tx=0).stop
2024-04-26T20:18:13.413 INFO:teuthology.orchestra.run.smithi070.stdout:/usr/bin/ceph: stderr
2024-04-26T20:18:12.773+0000 7f36f3075700 1 -- 172.21.15.70:0/4061448065 >> 172.21.15.70:0/4061448065 conn(0x7f36ec1044b0 msgr2=0x7f36ec104f50 unknown :-1 s=STATE_NONE l=0).mark_down
2024-04-26T20:18:13.413 INFO:teuthology.orchestra.run.smithi070.stdout:/usr/bin/ceph: stderr
2024-04-26T20:18:12.773+0000 7f36f3075700 1 -- 172.21.15.70:0/4061448065 shutdown_connections
2024-04-26T20:18:13.413 INFO:teuthology.orchestra.run.smithi070.stdout:/usr/bin/ceph: stderr
2024-04-26T20:18:12.773+0000 7f36f3075700 1 -- 172.21.15.70:0/4061448065 wait complete.
2024-04-26T20:18:13.414 INFO:teuthology.orchestra.run.smithi070.stdout:Non-zero exit code 1 from systemctl is-enabled firewalld.service
2024-04-26T20:18:13.414 INFO:teuthology.orchestra.run.smithi070.stdout:systemctl: stdout disabled
2024-04-26T20:18:13.422 INFO:teuthology.orchestra.run.smithi070.stdout:Non-zero exit code 3 from systemctl is-active firewalld.service
2024-04-26T20:18:13.422 INFO:teuthology.orchestra.run.smithi070.stdout:systemctl: stdout inactive
2024-04-26T20:18:13.422 INFO:teuthology.orchestra.run.smithi070.stdout:firewalld.service is not enabled
2024-04-26T20:18:13.422 INFO:teuthology.orchestra.run.smithi070.stdout:Not possible to open ports <[8443]>. firewalld.service is not available
2024-04-26T20:18:13.424 INFO:teuthology.orchestra.run.smithi070.stdout:Ceph Dashboard is now available at:
2024-04-26T20:18:13.424 INFO:teuthology.orchestra.run.smithi070.stdout:
2024-04-26T20:18:13.424 INFO:teuthology.orchestra.run.smithi070.stdout: URL: https://smithi070:8443/
2024-04-26T20:18:13.424 INFO:teuthology.orchestra.run.smithi070.stdout: User: admin
2024-04-26T20:18:13.424 INFO:teuthology.orchestra.run.smithi070.stdout: Password: kfnj6qnszc
2024-04-26T20:18:13.424 INFO:teuthology.orchestra.run.smithi070.stdout:
2024-04-26T20:18:13.425 INFO:teuthology.orchestra.run.smithi070.stdout:Saving cluster configuration to /var/lib/ceph/cc0136ee-0409-11ef-bc93-c7b262605968/config directory
2024-04-26T20:18:13.425 INFO:teuthology.orchestra.run.smithi070.stdout:Enabling autotune for osd_memory_target
2024-04-26T20:18:14.034 INFO:journalctl@ceph.mon.a.smithi070.stdout:Apr 26 20:18:13 smithi070 ceph-mon[29124]: from='client.? 172.21.15.70:0/4061448065' entity='client.admin' cmd=[{"prefix": "config get", "who": "mgr", "key": "mgr/dashboard/ssl_server_port"}]: dispatch
2024-04-26T20:18:14.035 INFO:journalctl@ceph.mon.a.smithi070.stdout:Apr 26 20:18:13 smithi070 ceph-mon[29124]: from='mgr.14152 172.21.15.70:0/3730919467' entity='mgr.x'
2024-04-26T20:18:14.659 INFO:teuthology.orchestra.run.smithi070.stdout:/usr/bin/ceph: stderr
2024-04-26T20:18:13.820+0000 7f607dac4700 1 Processor -- start
2024-04-26T20:18:14.659 INFO:teuthology.orchestra.run.smithi070.stdout:/usr/bin/ceph: stderr
2024-04-26T20:18:13.820+0000 7f607dac4700 1 -- start start
2024-04-26T20:18:14.659 INFO:teuthology.orchestra.run.smithi070.stdout:/usr/bin/ceph: stderr
2024-04-26T20:18:13.820+0000 7f607dac4700 1 --2- >> [v2:172.21.15.70:3300/0,v1:172.21.15.70:6789/0] conn(0x7f6078107dc0 0x7f60781081e0 unknown :-1 s=NONE pgs=0 cs=0 l=0 rev1=0 crypto rx=0 tx=0 comp rx=0 tx=0).connect
2024-04-26T20:18:14.659 INFO:teuthology.orchestra.run.smithi070.stdout:/usr/bin/ceph: stderr
2024-04-26T20:18:13.820+0000 7f607dac4700 1 -- --> [v2:172.21.15.70:3300/0,v1:172.21.15.70:6789/0] -- mon_getmap magic: 0 -- 0x7f60781087b0 con 0x7f6078107dc0
2024-04-26T20:18:14.660 INFO:teuthology.orchestra.run.smithi070.stdout:/usr/bin/ceph: stderr
2024-04-26T20:18:13.821+0000 7f60777fe700 1 --2- >> [v2:172.21.15.70:3300/0,v1:172.21.15.70:6789/0] conn(0x7f6078107dc0 0x7f60781081e0 unknown :-1 s=BANNER_CONNECTING pgs=0 cs=0 l=0 rev1=0 crypto rx=0 tx=0 comp rx=0 tx=0)._handle_peer_banner_payload supported=3 required=0
2024-04-26T20:18:14.660 INFO:teuthology.orchestra.run.smithi070.stdout:/usr/bin/ceph: stderr
2024-04-26T20:18:13.821+0000 7f60777fe700 1 --2- >> [v2:172.21.15.70:3300/0,v1:172.21.15.70:6789/0] conn(0x7f6078107dc0 0x7f60781081e0 unknown :-1 s=HELLO_CONNECTING pgs=0 cs=0 l=0 rev1=1 crypto rx=0 tx=0 comp rx=0 tx=0).handle_hello peer v2:172.21.15.70:3300/0 says I am v2:172.21.15.70:38298/0 (socket says 172.21.15.70:38298)
2024-04-26T20:18:14.660 INFO:teuthology.orchestra.run.smithi070.stdout:/usr/bin/ceph: stderr
2024-04-26T20:18:13.821+0000 7f60777fe700 1 -- 172.21.15.70:0/4051055401 learned_addr learned my addr 172.21.15.70:0/4051055401 (peer_addr_for_me v2:172.21.15.70:0/0)
2024-04-26T20:18:14.660 INFO:teuthology.orchestra.run.smithi070.stdout:/usr/bin/ceph: stderr
2024-04-26T20:18:13.821+0000 7f60777fe700 1 -- 172.21.15.70:0/4051055401 --> [v2:172.21.15.70:3300/0,v1:172.21.15.70:6789/0] -- mon_subscribe({config=0+,monmap=0+}) -- 0x7f6078108fc0 con 0x7f6078107dc0
2024-04-26T20:18:14.660 INFO:teuthology.orchestra.run.smithi070.stdout:/usr/bin/ceph: stderr
2024-04-26T20:18:13.821+0000 7f60777fe700 1 --2- 172.21.15.70:0/4051055401 >> [v2:172.21.15.70:3300/0,v1:172.21.15.70:6789/0] conn(0x7f6078107dc0 0x7f60781081e0 secure :-1 s=READY pgs=76 cs=0 l=1 rev1=1 crypto rx=0x7f60680098a0 tx=0x7f6068009bb0 comp rx=0 tx=0).ready entity=mon.0 client_cookie=243197ec571456a4 server_cookie=0 in_seq=0 out_seq=0
2024-04-26T20:18:14.660 INFO:teuthology.orchestra.run.smithi070.stdout:/usr/bin/ceph: stderr
2024-04-26T20:18:13.821+0000 7f6076ffd700 1 -- 172.21.15.70:0/4051055401 <== mon.0 v2:172.21.15.70:3300/0 1 ==== mon_map magic: 0 ==== 205+0+0 (secure 0 0 0) 0x7f6068004160 con 0x7f6078107dc0
2024-04-26T20:18:14.660 INFO:teuthology.orchestra.run.smithi070.stdout:/usr/bin/ceph: stderr
2024-04-26T20:18:13.821+0000 7f6076ffd700 1 -- 172.21.15.70:0/4051055401 <== mon.0 v2:172.21.15.70:3300/0 2 ==== config(27 keys) ==== 1135+0+0 (secure 0 0 0) 0x7f6068004300 con 0x7f6078107dc0
2024-04-26T20:18:14.660 INFO:teuthology.orchestra.run.smithi070.stdout:/usr/bin/ceph: stderr
2024-04-26T20:18:13.821+0000 7f6076ffd700 1 -- 172.21.15.70:0/4051055401 <== mon.0 v2:172.21.15.70:3300/0 3 ==== mon_map magic: 0 ==== 205+0+0 (secure 0 0 0) 0x7f6068011af0 con 0x7f6078107dc0
2024-04-26T20:18:14.661 INFO:teuthology.orchestra.run.smithi070.stdout:/usr/bin/ceph: stderr
2024-04-26T20:18:13.822+0000 7f607dac4700 1 -- 172.21.15.70:0/4051055401 >> [v2:172.21.15.70:3300/0,v1:172.21.15.70:6789/0] conn(0x7f6078107dc0 msgr2=0x7f60781081e0 secure :-1 s=STATE_CONNECTION_ESTABLISHED l=1).mark_down
2024-04-26T20:18:14.661 INFO:teuthology.orchestra.run.smithi070.stdout:/usr/bin/ceph: stderr
2024-04-26T20:18:13.822+0000 7f607dac4700 1 --2- 172.21.15.70:0/4051055401 >> [v2:172.21.15.70:3300/0,v1:172.21.15.70:6789/0] conn(0x7f6078107dc0 0x7f60781081e0 secure :-1 s=READY pgs=76 cs=0 l=1 rev1=1 crypto rx=0x7f60680098a0 tx=0x7f6068009bb0 comp rx=0 tx=0).stop
2024-04-26T20:18:14.661 INFO:teuthology.orchestra.run.smithi070.stdout:/usr/bin/ceph: stderr
2024-04-26T20:18:13.822+0000 7f607dac4700 1 -- 172.21.15.70:0/4051055401 shutdown_connections
2024-04-26T20:18:14.661 INFO:teuthology.orchestra.run.smithi070.stdout:/usr/bin/ceph: stderr
2024-04-26T20:18:13.822+0000 7f607dac4700 1 --2- 172.21.15.70:0/4051055401 >> [v2:172.21.15.70:3300/0,v1:172.21.15.70:6789/0] conn(0x7f6078107dc0 0x7f60781081e0 unknown :-1 s=CLOSED pgs=76 cs=0 l=1 rev1=1 crypto rx=0 tx=0 comp rx=0 tx=0).stop
2024-04-26T20:18:14.661 INFO:teuthology.orchestra.run.smithi070.stdout:/usr/bin/ceph: stderr
2024-04-26T20:18:13.822+0000 7f607dac4700 1 -- 172.21.15.70:0/4051055401 >> 172.21.15.70:0/4051055401 conn(0x7f60781033a0 msgr2=0x7f60781057c0 unknown :-1 s=STATE_NONE l=0).mark_down
2024-04-26T20:18:14.661 INFO:teuthology.orchestra.run.smithi070.stdout:/usr/bin/ceph: stderr
2024-04-26T20:18:13.822+0000 7f607dac4700 1 -- 172.21.15.70:0/4051055401 shutdown_connections
2024-04-26T20:18:14.661 INFO:teuthology.orchestra.run.smithi070.stdout:/usr/bin/ceph: stderr
2024-04-26T20:18:13.822+0000 7f607dac4700 1 -- 172.21.15.70:0/4051055401 wait complete.
2024-04-26T20:18:14.661 INFO:teuthology.orchestra.run.smithi070.stdout:/usr/bin/ceph: stderr
2024-04-26T20:18:13.822+0000 7f607dac4700 1 Processor -- start
2024-04-26T20:18:14.661 INFO:teuthology.orchestra.run.smithi070.stdout:/usr/bin/ceph: stderr
2024-04-26T20:18:13.822+0000 7f607dac4700 1 -- start start
2024-04-26T20:18:14.661 INFO:teuthology.orchestra.run.smithi070.stdout:/usr/bin/ceph: stderr
2024-04-26T20:18:13.823+0000 7f607dac4700 1 --2- >> [v2:172.21.15.70:3300/0,v1:172.21.15.70:6789/0] conn(0x7f6078107dc0 0x7f6078192f70 unknown :-1 s=NONE pgs=0 cs=0 l=1 rev1=0 crypto rx=0 tx=0 comp rx=0 tx=0).connect
2024-04-26T20:18:14.661 INFO:teuthology.orchestra.run.smithi070.stdout:/usr/bin/ceph: stderr
2024-04-26T20:18:13.823+0000 7f607dac4700 1 -- --> [v2:172.21.15.70:3300/0,v1:172.21.15.70:6789/0] -- mon_getmap magic: 0 -- 0x7f607810c370 con 0x7f6078107dc0
2024-04-26T20:18:14.661 INFO:teuthology.orchestra.run.smithi070.stdout:/usr/bin/ceph: stderr
2024-04-26T20:18:13.823+0000 7f60777fe700 1 --2- >> [v2:172.21.15.70:3300/0,v1:172.21.15.70:6789/0] conn(0x7f6078107dc0 0x7f6078192f70 unknown :-1 s=BANNER_CONNECTING pgs=0 cs=0 l=1 rev1=0 crypto rx=0 tx=0 comp rx=0 tx=0)._handle_peer_banner_payload supported=3 required=0
2024-04-26T20:18:14.661 INFO:teuthology.orchestra.run.smithi070.stdout:/usr/bin/ceph: stderr
2024-04-26T20:18:13.823+0000 7f60777fe700 1 --2- >> [v2:172.21.15.70:3300/0,v1:172.21.15.70:6789/0] conn(0x7f6078107dc0 0x7f6078192f70 unknown :-1 s=HELLO_CONNECTING pgs=0 cs=0 l=1 rev1=1 crypto rx=0 tx=0 comp rx=0 tx=0).handle_hello peer v2:172.21.15.70:3300/0 says I am v2:172.21.15.70:38302/0 (socket says 172.21.15.70:38302)
2024-04-26T20:18:14.662 INFO:teuthology.orchestra.run.smithi070.stdout:/usr/bin/ceph: stderr
2024-04-26T20:18:13.823+0000 7f60777fe700 1 -- 172.21.15.70:0/982885995 learned_addr learned my addr 172.21.15.70:0/982885995 (peer_addr_for_me v2:172.21.15.70:0/0)
2024-04-26T20:18:14.662 INFO:teuthology.orchestra.run.smithi070.stdout:/usr/bin/ceph: stderr
2024-04-26T20:18:13.823+0000 7f60777fe700 1 -- 172.21.15.70:0/982885995 --> [v2:172.21.15.70:3300/0,v1:172.21.15.70:6789/0] -- mon_subscribe({config=0+,monmap=0+}) -- 0x7f60781934b0 con 0x7f6078107dc0
2024-04-26T20:18:14.662 INFO:teuthology.orchestra.run.smithi070.stdout:/usr/bin/ceph: stderr
2024-04-26T20:18:13.823+0000 7f60777fe700 1 --2- 172.21.15.70:0/982885995 >> [v2:172.21.15.70:3300/0,v1:172.21.15.70:6789/0] conn(0x7f6078107dc0 0x7f6078192f70 secure :-1 s=READY pgs=77 cs=0 l=1 rev1=1 crypto rx=0x7f6068009520 tx=0x7f60680045f0 comp rx=0 tx=0).ready entity=mon.0 client_cookie=0 server_cookie=0 in_seq=0 out_seq=0
2024-04-26T20:18:14.662 INFO:teuthology.orchestra.run.smithi070.stdout:/usr/bin/ceph: stderr
2024-04-26T20:18:13.823+0000 7f60757fa700 1 -- 172.21.15.70:0/982885995 <== mon.0 v2:172.21.15.70:3300/0 1 ==== mon_map magic: 0 ==== 205+0+0 (secure 0 0 0) 0x7f60680036a0 con 0x7f6078107dc0
2024-04-26T20:18:14.662 INFO:teuthology.orchestra.run.smithi070.stdout:/usr/bin/ceph: stderr
2024-04-26T20:18:13.823+0000 7f60757fa700 1 -- 172.21.15.70:0/982885995 <== mon.0 v2:172.21.15.70:3300/0 2 ==== config(27 keys) ==== 1135+0+0 (secure 0 0 0) 0x7f606801a430 con 0x7f6078107dc0
2024-04-26T20:18:14.662 INFO:teuthology.orchestra.run.smithi070.stdout:/usr/bin/ceph: stderr
2024-04-26T20:18:13.823+0000 7f60757fa700 1 -- 172.21.15.70:0/982885995 <== mon.0 v2:172.21.15.70:3300/0 3 ==== mon_map magic: 0 ==== 205+0+0 (secure 0 0 0) 0x7f6068019550 con 0x7f6078107dc0
2024-04-26T20:18:14.662 INFO:teuthology.orchestra.run.smithi070.stdout:/usr/bin/ceph: stderr
2024-04-26T20:18:13.823+0000 7f607dac4700 1 -- 172.21.15.70:0/982885995 --> [v2:172.21.15.70:3300/0,v1:172.21.15.70:6789/0] -- mon_subscribe({mgrmap=0+}) -- 0x7f60781916a0 con 0x7f6078107dc0
2024-04-26T20:18:14.662 INFO:teuthology.orchestra.run.smithi070.stdout:/usr/bin/ceph: stderr
2024-04-26T20:18:13.823+0000 7f607dac4700 1 -- 172.21.15.70:0/982885995 --> [v2:172.21.15.70:3300/0,v1:172.21.15.70:6789/0] -- mon_subscribe({osdmap=0}) -- 0x7f6078191be0 con 0x7f6078107dc0
2024-04-26T20:18:14.662 INFO:teuthology.orchestra.run.smithi070.stdout:/usr/bin/ceph: stderr
2024-04-26T20:18:13.824+0000 7f60757fa700 1 -- 172.21.15.70:0/982885995 <== mon.0 v2:172.21.15.70:3300/0 4 ==== mgrmap(e 12) ==== 46571+0+0 (secure 0 0 0) 0x7f606801a5e0 con 0x7f6078107dc0
2024-04-26T20:18:14.662 INFO:teuthology.orchestra.run.smithi070.stdout:/usr/bin/ceph: stderr
2024-04-26T20:18:13.824+0000 7f607dac4700 1 -- 172.21.15.70:0/982885995 --> [v2:172.21.15.70:3300/0,v1:172.21.15.70:6789/0] -- mon_command({"prefix": "get_command_descriptions"} v 0) -- 0x7f6078064a80 con 0x7f6078107dc0
2024-04-26T20:18:14.662 INFO:teuthology.orchestra.run.smithi070.stdout:/usr/bin/ceph: stderr
2024-04-26T20:18:13.824+0000 7f60757fa700 1 --2- 172.21.15.70:0/982885995 >> [v2:172.21.15.70:6800/828657527,v1:172.21.15.70:6801/828657527] conn(0x7f60640395b0 0x7f606403ba70 unknown :-1 s=NONE pgs=0 cs=0 l=1 rev1=0 crypto rx=0 tx=0 comp rx=0 tx=0).connect
2024-04-26T20:18:14.662 INFO:teuthology.orchestra.run.smithi070.stdout:/usr/bin/ceph: stderr
2024-04-26T20:18:13.824+0000 7f60757fa700 1 -- 172.21.15.70:0/982885995 <== mon.0 v2:172.21.15.70:3300/0 5 ==== osd_map(3..3 src has 1..3) ==== 1155+0+0 (secure 0 0 0) 0x7f606804da30 con 0x7f6078107dc0
2024-04-26T20:18:14.663 INFO:teuthology.orchestra.run.smithi070.stdout:/usr/bin/ceph: stderr
2024-04-26T20:18:13.824+0000 7f606effd700 1 --2- 172.21.15.70:0/982885995 >> [v2:172.21.15.70:6800/828657527,v1:172.21.15.70:6801/828657527] conn(0x7f60640395b0 0x7f606403ba70 unknown :-1 s=BANNER_CONNECTING pgs=0 cs=0 l=1 rev1=0 crypto rx=0 tx=0 comp rx=0 tx=0)._handle_peer_banner_payload supported=3 required=0
2024-04-26T20:18:14.663 INFO:teuthology.orchestra.run.smithi070.stdout:/usr/bin/ceph: stderr
2024-04-26T20:18:13.825+0000 7f606effd700 1 --2- 172.21.15.70:0/982885995 >> [v2:172.21.15.70:6800/828657527,v1:172.21.15.70:6801/828657527] conn(0x7f60640395b0 0x7f606403ba70 secure :-1 s=READY pgs=10 cs=0 l=1 rev1=1 crypto rx=0x7f6060006fd0 tx=0x7f6060006e40 comp rx=0 tx=0).ready entity=mgr.14152 client_cookie=0 server_cookie=0 in_seq=0 out_seq=0
2024-04-26T20:18:14.663 INFO:teuthology.orchestra.run.smithi070.stdout:/usr/bin/ceph: stderr
2024-04-26T20:18:13.830+0000 7f60757fa700 1 -- 172.21.15.70:0/982885995 <== mon.0 v2:172.21.15.70:3300/0 6 ==== mon_command_ack([{"prefix": "get_command_descriptions"}]=0 v0) ==== 72+0+188494 (secure 0 0 0) 0x7f606801a9b0 con 0x7f6078107dc0
2024-04-26T20:18:14.663 INFO:teuthology.orchestra.run.smithi070.stdout:/usr/bin/ceph: stderr
2024-04-26T20:18:13.846+0000 7f60757fa700 1 -- 172.21.15.70:0/982885995 <== mon.0 v2:172.21.15.70:3300/0 7 ==== mgrmap(e 13) ==== 46614+0+0 (secure 0 0 0) 0x7f6068019850 con 0x7f6078107dc0
2024-04-26T20:18:14.663 INFO:teuthology.orchestra.run.smithi070.stdout:/usr/bin/ceph: stderr
2024-04-26T20:18:14.039+0000 7f607dac4700 1 -- 172.21.15.70:0/982885995 --> [v2:172.21.15.70:3300/0,v1:172.21.15.70:6789/0] -- mon_command([{prefix=config set, name=osd_memory_target_autotune}] v 0) -- 0x7f6078196cf0 con 0x7f6078107dc0
2024-04-26T20:18:14.663 INFO:teuthology.orchestra.run.smithi070.stdout:/usr/bin/ceph: stderr
2024-04-26T20:18:14.039+0000 7f60757fa700 1 -- 172.21.15.70:0/982885995 <== mon.0 v2:172.21.15.70:3300/0 8 ==== mon_command_ack([{prefix=config set, name=osd_memory_target_autotune}]=0 v8)=0 v8) ==== 127+0+0 (secure 0 0 0) 0x7f606801be20 con 0x7f6078107dc0
2024-04-26T20:18:14.663 INFO:teuthology.orchestra.run.smithi070.stdout:/usr/bin/ceph: stderr
2024-04-26T20:18:14.041+0000 7f607dac4700 1 -- 172.21.15.70:0/982885995 >> [v2:172.21.15.70:6800/828657527,v1:172.21.15.70:6801/828657527] conn(0x7f60640395b0 msgr2=0x7f606403ba70 secure :-1 s=STATE_CONNECTION_ESTABLISHED l=1).mark_down
2024-04-26T20:18:14.663 INFO:teuthology.orchestra.run.smithi070.stdout:/usr/bin/ceph: stderr
2024-04-26T20:18:14.041+0000 7f607dac4700 1 --2- 172.21.15.70:0/982885995 >> [v2:172.21.15.70:6800/828657527,v1:172.21.15.70:6801/828657527] conn(0x7f60640395b0 0x7f606403ba70 secure :-1 s=READY pgs=10 cs=0 l=1 rev1=1 crypto rx=0x7f6060006fd0 tx=0x7f6060006e40 comp rx=0 tx=0).stop
2024-04-26T20:18:14.663 INFO:teuthology.orchestra.run.smithi070.stdout:/usr/bin/ceph: stderr
2024-04-26T20:18:14.041+0000 7f607dac4700 1 -- 172.21.15.70:0/982885995 >> [v2:172.21.15.70:3300/0,v1:172.21.15.70:6789/0] conn(0x7f6078107dc0 msgr2=0x7f6078192f70 secure :-1 s=STATE_CONNECTION_ESTABLISHED l=1).mark_down
2024-04-26T20:18:14.663 INFO:teuthology.orchestra.run.smithi070.stdout:/usr/bin/ceph: stderr
2024-04-26T20:18:14.041+0000 7f607dac4700 1 --2- 172.21.15.70:0/982885995 >> [v2:172.21.15.70:3300/0,v1:172.21.15.70:6789/0] conn(0x7f6078107dc0 0x7f6078192f70 secure :-1 s=READY pgs=77 cs=0 l=1 rev1=1 crypto rx=0x7f6068009520 tx=0x7f60680045f0 comp rx=0 tx=0).stop
2024-04-26T20:18:14.663 INFO:teuthology.orchestra.run.smithi070.stdout:/usr/bin/ceph: stderr
2024-04-26T20:18:14.042+0000 7f607dac4700 1 -- 172.21.15.70:0/982885995 shutdown_connections
2024-04-26T20:18:14.663 INFO:teuthology.orchestra.run.smithi070.stdout:/usr/bin/ceph: stderr
2024-04-26T20:18:14.042+0000 7f607dac4700 1 --2- 172.21.15.70:0/982885995 >> [v2:172.21.15.70:6800/828657527,v1:172.21.15.70:6801/828657527] conn(0x7f60640395b0 0x7f606403ba70 unknown :-1 s=CLOSED pgs=10 cs=0 l=1 rev1=1 crypto rx=0 tx=0 comp rx=0 tx=0).stop
2024-04-26T20:18:14.664 INFO:teuthology.orchestra.run.smithi070.stdout:/usr/bin/ceph: stderr
2024-04-26T20:18:14.042+0000 7f607dac4700 1 --2- 172.21.15.70:0/982885995 >> [v2:172.21.15.70:3300/0,v1:172.21.15.70:6789/0] conn(0x7f6078107dc0 0x7f6078192f70 unknown :-1 s=CLOSED pgs=77 cs=0 l=1 rev1=1 crypto rx=0 tx=0 comp rx=0 tx=0).stop
2024-04-26T20:18:14.664 INFO:teuthology.orchestra.run.smithi070.stdout:/usr/bin/ceph: stderr
2024-04-26T20:18:14.042+0000 7f607dac4700 1 -- 172.21.15.70:0/982885995 >> 172.21.15.70:0/982885995 conn(0x7f60781033a0 msgr2=0x7f6078104290 unknown :-1 s=STATE_NONE l=0).mark_down
2024-04-26T20:18:14.664 INFO:teuthology.orchestra.run.smithi070.stdout:/usr/bin/ceph: stderr
2024-04-26T20:18:14.042+0000 7f607dac4700 1 -- 172.21.15.70:0/982885995 shutdown_connections
2024-04-26T20:18:14.664 INFO:teuthology.orchestra.run.smithi070.stdout:/usr/bin/ceph: stderr
2024-04-26T20:18:14.042+0000 7f607dac4700 1 -- 172.21.15.70:0/982885995 wait complete.
2024-04-26T20:18:14.906 INFO:journalctl@ceph.mon.a.smithi070.stdout:Apr 26 20:18:14 smithi070 ceph-mon[29124]: mgrmap e13: x(active, since 6s)
2024-04-26T20:18:16.463 INFO:teuthology.orchestra.run.smithi070.stdout:/usr/bin/ceph: stderr
2024-04-26T20:18:15.524+0000 7f44ad1fd700 1 Processor -- start
2024-04-26T20:18:16.463 INFO:teuthology.orchestra.run.smithi070.stdout:/usr/bin/ceph: stderr
2024-04-26T20:18:15.524+0000 7f44ad1fd700 1 -- start start
2024-04-26T20:18:16.463 INFO:teuthology.orchestra.run.smithi070.stdout:/usr/bin/ceph: stderr
2024-04-26T20:18:15.524+0000 7f44ad1fd700 1 --2- >> [v2:172.21.15.70:3300/0,v1:172.21.15.70:6789/0] conn(0x7f44a8107180 0x7f44a81075a0 unknown :-1 s=NONE pgs=0 cs=0 l=0 rev1=0 crypto rx=0 tx=0 comp rx=0 tx=0).connect
2024-04-26T20:18:16.463 INFO:teuthology.orchestra.run.smithi070.stdout:/usr/bin/ceph: stderr
2024-04-26T20:18:15.524+0000 7f44ad1fd700 1 -- --> [v2:172.21.15.70:3300/0,v1:172.21.15.70:6789/0] -- mon_getmap magic: 0 -- 0x7f44a8107b70 con 0x7f44a8107180
2024-04-26T20:18:16.463 INFO:teuthology.orchestra.run.smithi070.stdout:/usr/bin/ceph: stderr
2024-04-26T20:18:15.524+0000 7f44a6d9d700 1 --2- >> [v2:172.21.15.70:3300/0,v1:172.21.15.70:6789/0] conn(0x7f44a8107180 0x7f44a81075a0 unknown :-1 s=BANNER_CONNECTING pgs=0 cs=0 l=0 rev1=0 crypto rx=0 tx=0 comp rx=0 tx=0)._handle_peer_banner_payload supported=3 required=0
2024-04-26T20:18:16.464 INFO:teuthology.orchestra.run.smithi070.stdout:/usr/bin/ceph: stderr
2024-04-26T20:18:15.524+0000 7f44a6d9d700 1 --2- >> [v2:172.21.15.70:3300/0,v1:172.21.15.70:6789/0] conn(0x7f44a8107180 0x7f44a81075a0 unknown :-1 s=HELLO_CONNECTING pgs=0 cs=0 l=0 rev1=1 crypto rx=0 tx=0 comp rx=0 tx=0).handle_hello peer v2:172.21.15.70:3300/0 says I am v2:172.21.15.70:38316/0 (socket says 172.21.15.70:38316)
2024-04-26T20:18:16.464 INFO:teuthology.orchestra.run.smithi070.stdout:/usr/bin/ceph: stderr
2024-04-26T20:18:15.524+0000 7f44a6d9d700 1 -- 172.21.15.70:0/3866854993 learned_addr learned my addr 172.21.15.70:0/3866854993 (peer_addr_for_me v2:172.21.15.70:0/0)
2024-04-26T20:18:16.464 INFO:teuthology.orchestra.run.smithi070.stdout:/usr/bin/ceph: stderr
2024-04-26T20:18:15.525+0000 7f44a6d9d700 1 -- 172.21.15.70:0/3866854993 --> [v2:172.21.15.70:3300/0,v1:172.21.15.70:6789/0] -- mon_subscribe({config=0+,monmap=0+}) -- 0x7f44a8107cf0 con 0x7f44a8107180
2024-04-26T20:18:16.464 INFO:teuthology.orchestra.run.smithi070.stdout:/usr/bin/ceph: stderr
2024-04-26T20:18:15.525+0000 7f44a6d9d700 1 --2- 172.21.15.70:0/3866854993 >> [v2:172.21.15.70:3300/0,v1:172.21.15.70:6789/0] conn(0x7f44a8107180 0x7f44a81075a0 secure :-1 s=READY pgs=78 cs=0 l=1 rev1=1 crypto rx=0x7f44980098a0 tx=0x7f4498009bb0 comp rx=0 tx=0).ready entity=mon.0 client_cookie=545228c36a9d301a server_cookie=0 in_seq=0 out_seq=0
2024-04-26T20:18:16.464 INFO:teuthology.orchestra.run.smithi070.stdout:/usr/bin/ceph: stderr
2024-04-26T20:18:15.525+0000 7f44a659c700 1 -- 172.21.15.70:0/3866854993 <== mon.0 v2:172.21.15.70:3300/0 1 ==== mon_map magic: 0 ==== 205+0+0 (secure 0 0 0) 0x7f4498004160 con 0x7f44a8107180
2024-04-26T20:18:16.464 INFO:teuthology.orchestra.run.smithi070.stdout:/usr/bin/ceph: stderr
2024-04-26T20:18:15.525+0000 7f44a659c700 1 -- 172.21.15.70:0/3866854993 <== mon.0 v2:172.21.15.70:3300/0 2 ==== config(27 keys) ==== 1135+0+0 (secure 0 0 0) 0x7f4498004300 con 0x7f44a8107180
2024-04-26T20:18:16.464 INFO:teuthology.orchestra.run.smithi070.stdout:/usr/bin/ceph: stderr
2024-04-26T20:18:15.525+0000 7f44a659c700 1 -- 172.21.15.70:0/3866854993 <== mon.0 v2:172.21.15.70:3300/0 3 ==== mon_map magic: 0 ==== 205+0+0 (secure 0 0 0) 0x7f4498011af0 con 0x7f44a8107180
2024-04-26T20:18:16.464 INFO:teuthology.orchestra.run.smithi070.stdout:/usr/bin/ceph: stderr
2024-04-26T20:18:15.525+0000 7f44ad1fd700 1 -- 172.21.15.70:0/3866854993 >> [v2:172.21.15.70:3300/0,v1:172.21.15.70:6789/0] conn(0x7f44a8107180 msgr2=0x7f44a81075a0 secure :-1 s=STATE_CONNECTION_ESTABLISHED l=1).mark_down
2024-04-26T20:18:16.464 INFO:teuthology.orchestra.run.smithi070.stdout:/usr/bin/ceph: stderr
2024-04-26T20:18:15.525+0000 7f44ad1fd700 1 --2- 172.21.15.70:0/3866854993 >> [v2:172.21.15.70:3300/0,v1:172.21.15.70:6789/0] conn(0x7f44a8107180 0x7f44a81075a0 secure :-1 s=READY pgs=78 cs=0 l=1 rev1=1 crypto rx=0x7f44980098a0 tx=0x7f4498009bb0 comp rx=0 tx=0).stop
2024-04-26T20:18:16.464 INFO:teuthology.orchestra.run.smithi070.stdout:/usr/bin/ceph: stderr
2024-04-26T20:18:15.526+0000 7f44ad1fd700 1 -- 172.21.15.70:0/3866854993 shutdown_connections
2024-04-26T20:18:16.464 INFO:teuthology.orchestra.run.smithi070.stdout:/usr/bin/ceph: stderr
2024-04-26T20:18:15.526+0000 7f44ad1fd700 1 --2- 172.21.15.70:0/3866854993 >> [v2:172.21.15.70:3300/0,v1:172.21.15.70:6789/0] conn(0x7f44a8107180 0x7f44a81075a0 unknown :-1 s=CLOSED pgs=78 cs=0 l=1 rev1=1 crypto rx=0 tx=0 comp rx=0 tx=0).stop
2024-04-26T20:18:16.464 INFO:teuthology.orchestra.run.smithi070.stdout:/usr/bin/ceph: stderr
2024-04-26T20:18:15.526+0000 7f44ad1fd700 1 -- 172.21.15.70:0/3866854993 >> 172.21.15.70:0/3866854993 conn(0x7f44a8102b20 msgr2=0x7f44a8104f40 unknown :-1 s=STATE_NONE l=0).mark_down
2024-04-26T20:18:16.464 INFO:teuthology.orchestra.run.smithi070.stdout:/usr/bin/ceph: stderr
2024-04-26T20:18:15.526+0000 7f44ad1fd700 1 -- 172.21.15.70:0/3866854993 shutdown_connections
2024-04-26T20:18:16.465 INFO:teuthology.orchestra.run.smithi070.stdout:/usr/bin/ceph: stderr
2024-04-26T20:18:15.526+0000 7f44ad1fd700 1 -- 172.21.15.70:0/3866854993 wait complete.
2024-04-26T20:18:16.465 INFO:teuthology.orchestra.run.smithi070.stdout:/usr/bin/ceph: stderr
2024-04-26T20:18:15.526+0000 7f44ad1fd700 1 Processor -- start
2024-04-26T20:18:16.465 INFO:teuthology.orchestra.run.smithi070.stdout:/usr/bin/ceph: stderr
2024-04-26T20:18:15.526+0000 7f44ad1fd700 1 -- start start
2024-04-26T20:18:16.465 INFO:teuthology.orchestra.run.smithi070.stdout:/usr/bin/ceph: stderr
2024-04-26T20:18:15.527+0000 7f44ad1fd700 1 --2- >> [v2:172.21.15.70:3300/0,v1:172.21.15.70:6789/0] conn(0x7f44a8107180 0x7f44a819cf60 unknown :-1 s=NONE pgs=0 cs=0 l=1 rev1=0 crypto rx=0 tx=0 comp rx=0 tx=0).connect
2024-04-26T20:18:16.465 INFO:teuthology.orchestra.run.smithi070.stdout:/usr/bin/ceph: stderr
2024-04-26T20:18:15.527+0000 7f44ad1fd700 1 -- --> [v2:172.21.15.70:3300/0,v1:172.21.15.70:6789/0] -- mon_getmap magic: 0 -- 0x7f44a810d430 con 0x7f44a8107180
2024-04-26T20:18:16.465 INFO:teuthology.orchestra.run.smithi070.stdout:/usr/bin/ceph: stderr
2024-04-26T20:18:15.527+0000 7f44a6d9d700 1 --2- >> [v2:172.21.15.70:3300/0,v1:172.21.15.70:6789/0] conn(0x7f44a8107180 0x7f44a819cf60 unknown :-1 s=BANNER_CONNECTING pgs=0 cs=0 l=1 rev1=0 crypto rx=0 tx=0 comp rx=0 tx=0)._handle_peer_banner_payload supported=3 required=0
2024-04-26T20:18:16.465 INFO:teuthology.orchestra.run.smithi070.stdout:/usr/bin/ceph: stderr
2024-04-26T20:18:15.527+0000 7f44a6d9d700 1 --2- >> [v2:172.21.15.70:3300/0,v1:172.21.15.70:6789/0] conn(0x7f44a8107180 0x7f44a819cf60 unknown :-1 s=HELLO_CONNECTING pgs=0 cs=0 l=1 rev1=1 crypto rx=0 tx=0 comp rx=0 tx=0).handle_hello peer v2:172.21.15.70:3300/0 says I am v2:172.21.15.70:38328/0 (socket says 172.21.15.70:38328)
2024-04-26T20:18:16.465 INFO:teuthology.orchestra.run.smithi070.stdout:/usr/bin/ceph: stderr
2024-04-26T20:18:15.527+0000 7f44a6d9d700 1 -- 172.21.15.70:0/1144948348 learned_addr learned my addr 172.21.15.70:0/1144948348 (peer_addr_for_me v2:172.21.15.70:0/0)
2024-04-26T20:18:16.465 INFO:teuthology.orchestra.run.smithi070.stdout:/usr/bin/ceph: stderr
2024-04-26T20:18:15.527+0000 7f44a6d9d700 1 -- 172.21.15.70:0/1144948348 --> [v2:172.21.15.70:3300/0,v1:172.21.15.70:6789/0] -- mon_subscribe({config=0+,monmap=0+}) -- 0x7f44a819d4a0 con 0x7f44a8107180
2024-04-26T20:18:16.465 INFO:teuthology.orchestra.run.smithi070.stdout:/usr/bin/ceph: stderr
2024-04-26T20:18:15.527+0000 7f44a6d9d700 1 --2- 172.21.15.70:0/1144948348 >> [v2:172.21.15.70:3300/0,v1:172.21.15.70:6789/0] conn(0x7f44a8107180 0x7f44a819cf60 secure :-1 s=READY pgs=79 cs=0 l=1 rev1=1 crypto rx=0x7f4498009520 tx=0x7f44980045f0 comp rx=0 tx=0).ready entity=mon.0 client_cookie=0 server_cookie=0 in_seq=0 out_seq=0
2024-04-26T20:18:16.465 INFO:teuthology.orchestra.run.smithi070.stdout:/usr/bin/ceph: stderr
2024-04-26T20:18:15.527+0000 7f44a4d99700 1 -- 172.21.15.70:0/1144948348 <== mon.0 v2:172.21.15.70:3300/0 1 ==== mon_map magic: 0 ==== 205+0+0 (secure 0 0 0) 0x7f44980036a0 con 0x7f44a8107180
2024-04-26T20:18:16.465 INFO:teuthology.orchestra.run.smithi070.stdout:/usr/bin/ceph: stderr
2024-04-26T20:18:15.527+0000 7f44a4d99700 1 -- 172.21.15.70:0/1144948348 <== mon.0 v2:172.21.15.70:3300/0 2 ==== config(27 keys) ==== 1135+0+0 (secure 0 0 0) 0x7f449801a430 con 0x7f44a8107180
2024-04-26T20:18:16.465 INFO:teuthology.orchestra.run.smithi070.stdout:/usr/bin/ceph: stderr
