2024-04-26T20:24:00.147+0000 7f41f7200700 1 -- 172.21.15.102:0/2641252981 shutdown_connections
2024-04-26T20:24:00.778 INFO:teuthology.orchestra.run.smithi102.stdout:/usr/bin/ceph: stderr
2024-04-26T20:24:00.147+0000 7f41f7200700 1 -- 172.21.15.102:0/2641252981 wait complete.
2024-04-26T20:24:01.392 INFO:journalctl@ceph.mon.a.smithi102.stdout:Apr 26 20:24:01 smithi102 ceph-mon[28094]: from='mgr.14120 172.21.15.102:0/4048938912' entity='mgr.x'
2024-04-26T20:24:01.392 INFO:journalctl@ceph.mon.a.smithi102.stdout:Apr 26 20:24:01 smithi102 ceph-mon[28094]: from='mgr.14120 172.21.15.102:0/4048938912' entity='mgr.x'
2024-04-26T20:24:02.398 INFO:journalctl@ceph.mon.a.smithi102.stdout:Apr 26 20:24:02 smithi102 ceph-mon[28094]: from='client.14138 -' entity='client.admin' cmd=[{"prefix": "cephadm get-pub-key", "target": ["mon-mgr", ""]}]: dispatch
2024-04-26T20:24:02.420 INFO:teuthology.orchestra.run.smithi102.stdout:/usr/bin/ceph: stdout ssh-rsa AAAAB3NzaC1yc2EAAAADAQABAAABgQCfx7g9Ew1nCB0wLtv6SVsQ621pqMc/t/JIRUPBeX7P/aZK0xLM2ec8mVL/qn4XekcfMMaPNqhprCI8C9zgevKYoYRWVds+UftjnKYOqpy89WXVw2n9LSWlJYvVr8A7FhvcHcelSlnTaeMkuli31C/DH+y0ZqdFxm81uJo/0nCw6ZZulhjMbkZDjWzq5IFiDUQ7uSWo428HzWMCKgt+fM4IhGCWZVbRXSaexo8CeMMqadrrQISsHBnIEQv2ni9sNyKHQhD8L6iVBAtq7o1SnlomupaY9G098jRYrE3YLQ6xtqKG6lTR7NHUEQAOuc5IsqlRfnP70cFlb/gnoYkkJzmgkiCUvz2uK82d/YiZKLhT+NII7++0QbNsPf6A64Dm8kTzvICec3Ws9DQ1bn+2KOniieLbPAsL3ZS2wWIoRRbaxCHE6VNeqkrntxRkIsIZ01NrLtutAB/4W9bbCvU1RPwcO4WGnELGlKCiszqfeKJGodxJD6fu8/ZHwzPws0SPKr0= ceph-a94c830a-040a-11ef-bc93-c7b262605968
2024-04-26T20:24:02.421 INFO:teuthology.orchestra.run.smithi102.stdout:/usr/bin/ceph: stderr
2024-04-26T20:24:01.390+0000 7f8e91c00700 1 Processor -- start
2024-04-26T20:24:02.421 INFO:teuthology.orchestra.run.smithi102.stdout:/usr/bin/ceph: stderr
2024-04-26T20:24:01.390+0000 7f8e91c00700 1 -- start start
2024-04-26T20:24:02.422 INFO:teuthology.orchestra.run.smithi102.stdout:/usr/bin/ceph: stderr
2024-04-26T20:24:01.390+0000 7f8e91c00700 1 --2- >> [v2:172.21.15.102:3300/0,v1:172.21.15.102:6789/0] conn(0x7f8e8c10adc0 0x7f8e8c10b1e0 unknown :-1 s=NONE pgs=0 cs=0 l=0 rev1=0 crypto rx=0 tx=0 comp rx=0 tx=0).connect
2024-04-26T20:24:02.422 INFO:teuthology.orchestra.run.smithi102.stdout:/usr/bin/ceph: stderr
2024-04-26T20:24:01.390+0000 7f8e91c00700 1 -- --> [v2:172.21.15.102:3300/0,v1:172.21.15.102:6789/0] -- mon_getmap magic: 0 -- 0x7f8e8c10b7b0 con 0x7f8e8c10adc0
2024-04-26T20:24:02.422 INFO:teuthology.orchestra.run.smithi102.stdout:/usr/bin/ceph: stderr
2024-04-26T20:24:01.391+0000 7f8e8be00700 1 --2- >> [v2:172.21.15.102:3300/0,v1:172.21.15.102:6789/0] conn(0x7f8e8c10adc0 0x7f8e8c10b1e0 unknown :-1 s=BANNER_CONNECTING pgs=0 cs=0 l=0 rev1=0 crypto rx=0 tx=0 comp rx=0 tx=0)._handle_peer_banner_payload supported=3 required=0
2024-04-26T20:24:02.422 INFO:teuthology.orchestra.run.smithi102.stdout:/usr/bin/ceph: stderr
2024-04-26T20:24:01.391+0000 7f8e8be00700 1 --2- >> [v2:172.21.15.102:3300/0,v1:172.21.15.102:6789/0] conn(0x7f8e8c10adc0 0x7f8e8c10b1e0 unknown :-1 s=HELLO_CONNECTING pgs=0 cs=0 l=0 rev1=1 crypto rx=0 tx=0 comp rx=0 tx=0).handle_hello peer v2:172.21.15.102:3300/0 says I am v2:172.21.15.102:36900/0 (socket says 172.21.15.102:36900)
2024-04-26T20:24:02.423 INFO:teuthology.orchestra.run.smithi102.stdout:/usr/bin/ceph: stderr
2024-04-26T20:24:01.391+0000 7f8e8be00700 1 -- 172.21.15.102:0/3256427563 learned_addr learned my addr 172.21.15.102:0/3256427563 (peer_addr_for_me v2:172.21.15.102:0/0)
2024-04-26T20:24:02.423 INFO:teuthology.orchestra.run.smithi102.stdout:/usr/bin/ceph: stderr
2024-04-26T20:24:01.392+0000 7f8e8be00700 1 -- 172.21.15.102:0/3256427563 --> [v2:172.21.15.102:3300/0,v1:172.21.15.102:6789/0] -- mon_subscribe({config=0+,monmap=0+}) -- 0x7f8e8c10bf70 con 0x7f8e8c10adc0
2024-04-26T20:24:02.423 INFO:teuthology.orchestra.run.smithi102.stdout:/usr/bin/ceph: stderr
2024-04-26T20:24:01.392+0000 7f8e8be00700 1 --2- 172.21.15.102:0/3256427563 >> [v2:172.21.15.102:3300/0,v1:172.21.15.102:6789/0] conn(0x7f8e8c10adc0 0x7f8e8c10b1e0 secure :-1 s=READY pgs=43 cs=0 l=1 rev1=1 crypto rx=0x7f8e7c0098a0 tx=0x7f8e7c009bb0 comp rx=0 tx=0).ready entity=mon.0 client_cookie=5600fd90de0bddbb server_cookie=0 in_seq=0 out_seq=0
2024-04-26T20:24:02.423 INFO:teuthology.orchestra.run.smithi102.stdout:/usr/bin/ceph: stderr
2024-04-26T20:24:01.393+0000 7f8e8aa00700 1 -- 172.21.15.102:0/3256427563 <== mon.0 v2:172.21.15.102:3300/0 1 ==== mon_map magic: 0 ==== 205+0+0 (secure 0 0 0) 0x7f8e7c004160 con 0x7f8e8c10adc0
2024-04-26T20:24:02.423 INFO:teuthology.orchestra.run.smithi102.stdout:/usr/bin/ceph: stderr
2024-04-26T20:24:01.393+0000 7f8e8aa00700 1 -- 172.21.15.102:0/3256427563 <== mon.0 v2:172.21.15.102:3300/0 2 ==== config(26 keys) ==== 1070+0+0 (secure 0 0 0) 0x7f8e7c004300 con 0x7f8e8c10adc0
2024-04-26T20:24:02.423 INFO:teuthology.orchestra.run.smithi102.stdout:/usr/bin/ceph: stderr
2024-04-26T20:24:01.393+0000 7f8e8aa00700 1 -- 172.21.15.102:0/3256427563 <== mon.0 v2:172.21.15.102:3300/0 3 ==== mon_map magic: 0 ==== 205+0+0 (secure 0 0 0) 0x7f8e7c011af0 con 0x7f8e8c10adc0
2024-04-26T20:24:02.423 INFO:teuthology.orchestra.run.smithi102.stdout:/usr/bin/ceph: stderr
2024-04-26T20:24:01.393+0000 7f8e91c00700 1 -- 172.21.15.102:0/3256427563 >> [v2:172.21.15.102:3300/0,v1:172.21.15.102:6789/0] conn(0x7f8e8c10adc0 msgr2=0x7f8e8c10b1e0 secure :-1 s=STATE_CONNECTION_ESTABLISHED l=1).mark_down
2024-04-26T20:24:02.425 INFO:teuthology.orchestra.run.smithi102.stdout:/usr/bin/ceph: stderr
2024-04-26T20:24:01.393+0000 7f8e91c00700 1 --2- 172.21.15.102:0/3256427563 >> [v2:172.21.15.102:3300/0,v1:172.21.15.102:6789/0] conn(0x7f8e8c10adc0 0x7f8e8c10b1e0 secure :-1 s=READY pgs=43 cs=0 l=1 rev1=1 crypto rx=0x7f8e7c0098a0 tx=0x7f8e7c009bb0 comp rx=0 tx=0).stop
2024-04-26T20:24:02.425 INFO:teuthology.orchestra.run.smithi102.stdout:/usr/bin/ceph: stderr
2024-04-26T20:24:01.393+0000 7f8e91c00700 1 -- 172.21.15.102:0/3256427563 shutdown_connections
2024-04-26T20:24:02.425 INFO:teuthology.orchestra.run.smithi102.stdout:/usr/bin/ceph: stderr
2024-04-26T20:24:01.393+0000 7f8e91c00700 1 --2- 172.21.15.102:0/3256427563 >> [v2:172.21.15.102:3300/0,v1:172.21.15.102:6789/0] conn(0x7f8e8c10adc0 0x7f8e8c10b1e0 unknown :-1 s=CLOSED pgs=43 cs=0 l=1 rev1=1 crypto rx=0 tx=0 comp rx=0 tx=0).stop
2024-04-26T20:24:02.425 INFO:teuthology.orchestra.run.smithi102.stdout:/usr/bin/ceph: stderr
2024-04-26T20:24:01.393+0000 7f8e91c00700 1 -- 172.21.15.102:0/3256427563 >> 172.21.15.102:0/3256427563 conn(0x7f8e8c07e1f0 msgr2=0x7f8e8c07e600 unknown :-1 s=STATE_NONE l=0).mark_down
2024-04-26T20:24:02.425 INFO:teuthology.orchestra.run.smithi102.stdout:/usr/bin/ceph: stderr
2024-04-26T20:24:01.393+0000 7f8e91c00700 1 -- 172.21.15.102:0/3256427563 shutdown_connections
2024-04-26T20:24:02.425 INFO:teuthology.orchestra.run.smithi102.stdout:/usr/bin/ceph: stderr
2024-04-26T20:24:01.393+0000 7f8e91c00700 1 -- 172.21.15.102:0/3256427563 wait complete.
2024-04-26T20:24:02.425 INFO:teuthology.orchestra.run.smithi102.stdout:/usr/bin/ceph: stderr
2024-04-26T20:24:01.394+0000 7f8e91c00700 1 Processor -- start
2024-04-26T20:24:02.425 INFO:teuthology.orchestra.run.smithi102.stdout:/usr/bin/ceph: stderr
2024-04-26T20:24:01.395+0000 7f8e91c00700 1 -- start start
2024-04-26T20:24:02.425 INFO:teuthology.orchestra.run.smithi102.stdout:/usr/bin/ceph: stderr
2024-04-26T20:24:01.395+0000 7f8e91c00700 1 --2- >> [v2:172.21.15.102:3300/0,v1:172.21.15.102:6789/0] conn(0x7f8e8c10adc0 0x7f8e8c19ece0 unknown :-1 s=NONE pgs=0 cs=0 l=1 rev1=0 crypto rx=0 tx=0 comp rx=0 tx=0).connect
2024-04-26T20:24:02.425 INFO:teuthology.orchestra.run.smithi102.stdout:/usr/bin/ceph: stderr
2024-04-26T20:24:01.395+0000 7f8e91c00700 1 -- --> [v2:172.21.15.102:3300/0,v1:172.21.15.102:6789/0] -- mon_getmap magic: 0 -- 0x7f8e8c10f320 con 0x7f8e8c10adc0
2024-04-26T20:24:02.426 INFO:teuthology.orchestra.run.smithi102.stdout:/usr/bin/ceph: stderr
2024-04-26T20:24:01.395+0000 7f8e8be00700 1 --2- >> [v2:172.21.15.102:3300/0,v1:172.21.15.102:6789/0] conn(0x7f8e8c10adc0 0x7f8e8c19ece0 unknown :-1 s=BANNER_CONNECTING pgs=0 cs=0 l=1 rev1=0 crypto rx=0 tx=0 comp rx=0 tx=0)._handle_peer_banner_payload supported=3 required=0
2024-04-26T20:24:02.426 INFO:teuthology.orchestra.run.smithi102.stdout:/usr/bin/ceph: stderr
2024-04-26T20:24:01.395+0000 7f8e8be00700 1 --2- >> [v2:172.21.15.102:3300/0,v1:172.21.15.102:6789/0] conn(0x7f8e8c10adc0 0x7f8e8c19ece0 unknown :-1 s=HELLO_CONNECTING pgs=0 cs=0 l=1 rev1=1 crypto rx=0 tx=0 comp rx=0 tx=0).handle_hello peer v2:172.21.15.102:3300/0 says I am v2:172.21.15.102:36916/0 (socket says 172.21.15.102:36916)
2024-04-26T20:24:02.428 INFO:teuthology.orchestra.run.smithi102.stdout:/usr/bin/ceph: stderr
2024-04-26T20:24:01.395+0000 7f8e8be00700 1 -- 172.21.15.102:0/4033270645 learned_addr learned my addr 172.21.15.102:0/4033270645 (peer_addr_for_me v2:172.21.15.102:0/0)
2024-04-26T20:24:02.428 INFO:teuthology.orchestra.run.smithi102.stdout:/usr/bin/ceph: stderr
2024-04-26T20:24:01.395+0000 7f8e8be00700 1 -- 172.21.15.102:0/4033270645 --> [v2:172.21.15.102:3300/0,v1:172.21.15.102:6789/0] -- mon_subscribe({config=0+,monmap=0+}) -- 0x7f8e8c19f220 con 0x7f8e8c10adc0
2024-04-26T20:24:02.428 INFO:teuthology.orchestra.run.smithi102.stdout:/usr/bin/ceph: stderr
2024-04-26T20:24:01.396+0000 7f8e8be00700 1 --2- 172.21.15.102:0/4033270645 >> [v2:172.21.15.102:3300/0,v1:172.21.15.102:6789/0] conn(0x7f8e8c10adc0 0x7f8e8c19ece0 secure :-1 s=READY pgs=44 cs=0 l=1 rev1=1 crypto rx=0x7f8e7c003f40 tx=0x7f8e7c011890 comp rx=0 tx=0).ready entity=mon.0 client_cookie=0 server_cookie=0 in_seq=0 out_seq=0
2024-04-26T20:24:02.428 INFO:teuthology.orchestra.run.smithi102.stdout:/usr/bin/ceph: stderr
2024-04-26T20:24:01.396+0000 7f8e88c00700 1 -- 172.21.15.102:0/4033270645 <== mon.0 v2:172.21.15.102:3300/0 1 ==== mon_map magic: 0 ==== 205+0+0 (secure 0 0 0) 0x7f8e7c0038b0 con 0x7f8e8c10adc0
2024-04-26T20:24:02.428 INFO:teuthology.orchestra.run.smithi102.stdout:/usr/bin/ceph: stderr
2024-04-26T20:24:01.396+0000 7f8e88c00700 1 -- 172.21.15.102:0/4033270645 <== mon.0 v2:172.21.15.102:3300/0 2 ==== config(26 keys) ==== 1070+0+0 (secure 0 0 0) 0x7f8e7c003a50 con 0x7f8e8c10adc0
2024-04-26T20:24:02.428 INFO:teuthology.orchestra.run.smithi102.stdout:/usr/bin/ceph: stderr
2024-04-26T20:24:01.396+0000 7f8e91c00700 1 -- 172.21.15.102:0/4033270645 --> [v2:172.21.15.102:3300/0,v1:172.21.15.102:6789/0] -- mon_subscribe({mgrmap=0+}) -- 0x7f8e8c19f4b0 con 0x7f8e8c10adc0
2024-04-26T20:24:02.428 INFO:teuthology.orchestra.run.smithi102.stdout:/usr/bin/ceph: stderr
2024-04-26T20:24:01.396+0000 7f8e88c00700 1 -- 172.21.15.102:0/4033270645 <== mon.0 v2:172.21.15.102:3300/0 3 ==== mon_map magic: 0 ==== 205+0+0 (secure 0 0 0) 0x7f8e7c01a5c0 con 0x7f8e8c10adc0
2024-04-26T20:24:02.428 INFO:teuthology.orchestra.run.smithi102.stdout:/usr/bin/ceph: stderr
2024-04-26T20:24:01.396+0000 7f8e91c00700 1 -- 172.21.15.102:0/4033270645 --> [v2:172.21.15.102:3300/0,v1:172.21.15.102:6789/0] -- mon_subscribe({osdmap=0}) -- 0x7f8e8c1a2190 con 0x7f8e8c10adc0
2024-04-26T20:24:02.429 INFO:teuthology.orchestra.run.smithi102.stdout:/usr/bin/ceph: stderr
2024-04-26T20:24:01.397+0000 7f8e88c00700 1 -- 172.21.15.102:0/4033270645 <== mon.0 v2:172.21.15.102:3300/0 4 ==== mgrmap(e 8) ==== 46558+0+0 (secure 0 0 0) 0x7f8e7c024430 con 0x7f8e8c10adc0
2024-04-26T20:24:02.429 INFO:teuthology.orchestra.run.smithi102.stdout:/usr/bin/ceph: stderr
2024-04-26T20:24:01.397+0000 7f8e91c00700 1 -- 172.21.15.102:0/4033270645 --> [v2:172.21.15.102:3300/0,v1:172.21.15.102:6789/0] -- mon_command({"prefix": "get_command_descriptions"} v 0) -- 0x7f8e8c06a540 con 0x7f8e8c10adc0
2024-04-26T20:24:02.429 INFO:teuthology.orchestra.run.smithi102.stdout:/usr/bin/ceph: stderr
2024-04-26T20:24:01.398+0000 7f8e88c00700 1 --2- 172.21.15.102:0/4033270645 >> [v2:172.21.15.102:6800/1441707916,v1:172.21.15.102:6801/1441707916] conn(0x7f8e700395b0 0x7f8e7003ba70 unknown :-1 s=NONE pgs=0 cs=0 l=1 rev1=0 crypto rx=0 tx=0 comp rx=0 tx=0).connect
2024-04-26T20:24:02.429 INFO:teuthology.orchestra.run.smithi102.stdout:/usr/bin/ceph: stderr
2024-04-26T20:24:01.398+0000 7f8e88c00700 1 -- 172.21.15.102:0/4033270645 <== mon.0 v2:172.21.15.102:3300/0 5 ==== osd_map(2..2 src has 1..2) ==== 940+0+0 (secure 0 0 0) 0x7f8e7c04db50 con 0x7f8e8c10adc0
2024-04-26T20:24:02.429 INFO:teuthology.orchestra.run.smithi102.stdout:/usr/bin/ceph: stderr
2024-04-26T20:24:01.398+0000 7f8e8b400700 1 --2- 172.21.15.102:0/4033270645 >> [v2:172.21.15.102:6800/1441707916,v1:172.21.15.102:6801/1441707916] conn(0x7f8e700395b0 0x7f8e7003ba70 unknown :-1 s=BANNER_CONNECTING pgs=0 cs=0 l=1 rev1=0 crypto rx=0 tx=0 comp rx=0 tx=0)._handle_peer_banner_payload supported=3 required=0
2024-04-26T20:24:02.429 INFO:teuthology.orchestra.run.smithi102.stdout:/usr/bin/ceph: stderr
2024-04-26T20:24:01.399+0000 7f8e8b400700 1 --2- 172.21.15.102:0/4033270645 >> [v2:172.21.15.102:6800/1441707916,v1:172.21.15.102:6801/1441707916] conn(0x7f8e700395b0 0x7f8e7003ba70 secure :-1 s=READY pgs=10 cs=0 l=1 rev1=1 crypto rx=0x7f8e78006fd0 tx=0x7f8e78006e40 comp rx=0 tx=0).ready entity=mgr.14120 client_cookie=0 server_cookie=0 in_seq=0 out_seq=0
2024-04-26T20:24:02.429 INFO:teuthology.orchestra.run.smithi102.stdout:/usr/bin/ceph: stderr
2024-04-26T20:24:01.403+0000 7f8e88c00700 1 -- 172.21.15.102:0/4033270645 <== mon.0 v2:172.21.15.102:3300/0 6 ==== mon_command_ack([{"prefix": "get_command_descriptions"}]=0 v0) ==== 72+0+188494 (secure 0 0 0) 0x7f8e7c04d4a0 con 0x7f8e8c10adc0
2024-04-26T20:24:02.429 INFO:teuthology.orchestra.run.smithi102.stdout:/usr/bin/ceph: stderr
2024-04-26T20:24:01.630+0000 7f8e91c00700 1 -- 172.21.15.102:0/4033270645 --> [v2:172.21.15.102:6800/1441707916,v1:172.21.15.102:6801/1441707916] -- mgr_command(tid 0: {"prefix": "cephadm get-pub-key", "target": ["mon-mgr", ""]}) -- 0x7f8e8c108be0 con 0x7f8e700395b0
2024-04-26T20:24:02.429 INFO:teuthology.orchestra.run.smithi102.stdout:/usr/bin/ceph: stderr
2024-04-26T20:24:01.632+0000 7f8e88c00700 1 -- 172.21.15.102:0/4033270645 <== mgr.14120 v2:172.21.15.102:6800/1441707916 1 ==== mgr_command_reply(tid 0: 0 ) ==== 8+0+595 (secure 0 0 0) 0x7f8e8c108be0 con 0x7f8e700395b0
2024-04-26T20:24:02.429 INFO:teuthology.orchestra.run.smithi102.stdout:/usr/bin/ceph: stderr
2024-04-26T20:24:01.635+0000 7f8e91c00700 1 -- 172.21.15.102:0/4033270645 >> [v2:172.21.15.102:6800/1441707916,v1:172.21.15.102:6801/1441707916] conn(0x7f8e700395b0 msgr2=0x7f8e7003ba70 secure :-1 s=STATE_CONNECTION_ESTABLISHED l=1).mark_down
2024-04-26T20:24:02.429 INFO:teuthology.orchestra.run.smithi102.stdout:/usr/bin/ceph: stderr
2024-04-26T20:24:01.635+0000 7f8e91c00700 1 --2- 172.21.15.102:0/4033270645 >> [v2:172.21.15.102:6800/1441707916,v1:172.21.15.102:6801/1441707916] conn(0x7f8e700395b0 0x7f8e7003ba70 secure :-1 s=READY pgs=10 cs=0 l=1 rev1=1 crypto rx=0x7f8e78006fd0 tx=0x7f8e78006e40 comp rx=0 tx=0).stop
2024-04-26T20:24:02.429 INFO:teuthology.orchestra.run.smithi102.stdout:/usr/bin/ceph: stderr
2024-04-26T20:24:01.635+0000 7f8e91c00700 1 -- 172.21.15.102:0/4033270645 >> [v2:172.21.15.102:3300/0,v1:172.21.15.102:6789/0] conn(0x7f8e8c10adc0 msgr2=0x7f8e8c19ece0 secure :-1 s=STATE_CONNECTION_ESTABLISHED l=1).mark_down
2024-04-26T20:24:02.429 INFO:teuthology.orchestra.run.smithi102.stdout:/usr/bin/ceph: stderr
2024-04-26T20:24:01.635+0000 7f8e91c00700 1 --2- 172.21.15.102:0/4033270645 >> [v2:172.21.15.102:3300/0,v1:172.21.15.102:6789/0] conn(0x7f8e8c10adc0 0x7f8e8c19ece0 secure :-1 s=READY pgs=44 cs=0 l=1 rev1=1 crypto rx=0x7f8e7c003f40 tx=0x7f8e7c011890 comp rx=0 tx=0).stop
2024-04-26T20:24:02.430 INFO:teuthology.orchestra.run.smithi102.stdout:/usr/bin/ceph: stderr
2024-04-26T20:24:01.635+0000 7f8e91c00700 1 -- 172.21.15.102:0/4033270645 shutdown_connections
2024-04-26T20:24:02.431 INFO:teuthology.orchestra.run.smithi102.stdout:/usr/bin/ceph: stderr
2024-04-26T20:24:01.635+0000 7f8e91c00700 1 --2- 172.21.15.102:0/4033270645 >> [v2:172.21.15.102:6800/1441707916,v1:172.21.15.102:6801/1441707916] conn(0x7f8e700395b0 0x7f8e7003ba70 unknown :-1 s=CLOSED pgs=10 cs=0 l=1 rev1=1 crypto rx=0 tx=0 comp rx=0 tx=0).stop
2024-04-26T20:24:02.431 INFO:teuthology.orchestra.run.smithi102.stdout:/usr/bin/ceph: stderr
2024-04-26T20:24:01.635+0000 7f8e91c00700 1 --2- 172.21.15.102:0/4033270645 >> [v2:172.21.15.102:3300/0,v1:172.21.15.102:6789/0] conn(0x7f8e8c10adc0 0x7f8e8c19ece0 unknown :-1 s=CLOSED pgs=44 cs=0 l=1 rev1=1 crypto rx=0 tx=0 comp rx=0 tx=0).stop
2024-04-26T20:24:02.431 INFO:teuthology.orchestra.run.smithi102.stdout:/usr/bin/ceph: stderr
2024-04-26T20:24:01.635+0000 7f8e91c00700 1 -- 172.21.15.102:0/4033270645 >> 172.21.15.102:0/4033270645 conn(0x7f8e8c07e1f0 msgr2=0x7f8e8c1084d0 unknown :-1 s=STATE_NONE l=0).mark_down
2024-04-26T20:24:02.431 INFO:teuthology.orchestra.run.smithi102.stdout:/usr/bin/ceph: stderr
2024-04-26T20:24:01.635+0000 7f8e91c00700 1 -- 172.21.15.102:0/4033270645 shutdown_connections
2024-04-26T20:24:02.431 INFO:teuthology.orchestra.run.smithi102.stdout:/usr/bin/ceph: stderr
2024-04-26T20:24:01.635+0000 7f8e91c00700 1 -- 172.21.15.102:0/4033270645 wait complete.
2024-04-26T20:24:02.431 INFO:teuthology.orchestra.run.smithi102.stdout:Wrote public SSH key to /home/ubuntu/cephtest/ceph.pub
2024-04-26T20:24:02.431 INFO:teuthology.orchestra.run.smithi102.stdout:Adding key to root@localhost authorized_keys...
2024-04-26T20:24:02.441 INFO:teuthology.orchestra.run.smithi102.stdout:Adding host smithi102...
2024-04-26T20:24:04.260 INFO:journalctl@ceph.mon.a.smithi102.stdout:Apr 26 20:24:03 smithi102 ceph-mon[28094]: from='client.14140 -' entity='client.admin' cmd=[{"prefix": "orch host add", "hostname": "smithi102", "addr": "172.21.15.102", "target": ["mon-mgr", ""]}]: dispatch
2024-04-26T20:24:05.119 INFO:journalctl@ceph.mon.a.smithi102.stdout:Apr 26 20:24:04 smithi102 ceph-mon[28094]: Deploying cephadm binary to smithi102
2024-04-26T20:24:10.100 INFO:teuthology.orchestra.run.smithi102.stdout:/usr/bin/ceph: stdout Added host 'smithi102' with addr '172.21.15.102'
2024-04-26T20:24:10.100 INFO:teuthology.orchestra.run.smithi102.stdout:/usr/bin/ceph: stderr
2024-04-26T20:24:03.074+0000 7fef97e00700 1 Processor -- start
2024-04-26T20:24:10.100 INFO:teuthology.orchestra.run.smithi102.stdout:/usr/bin/ceph: stderr
2024-04-26T20:24:03.074+0000 7fef97e00700 1 -- start start
2024-04-26T20:24:10.100 INFO:teuthology.orchestra.run.smithi102.stdout:/usr/bin/ceph: stderr
2024-04-26T20:24:03.075+0000 7fef97e00700 1 --2- >> [v2:172.21.15.102:3300/0,v1:172.21.15.102:6789/0] conn(0x7fef98108b90 0x7fef98108fb0 unknown :-1 s=NONE pgs=0 cs=0 l=0 rev1=0 crypto rx=0 tx=0 comp rx=0 tx=0).connect
2024-04-26T20:24:10.100 INFO:teuthology.orchestra.run.smithi102.stdout:/usr/bin/ceph: stderr
2024-04-26T20:24:03.075+0000 7fef97e00700 1 -- --> [v2:172.21.15.102:3300/0,v1:172.21.15.102:6789/0] -- mon_getmap magic: 0 -- 0x7fef98109580 con 0x7fef98108b90
2024-04-26T20:24:10.100 INFO:teuthology.orchestra.run.smithi102.stdout:/usr/bin/ceph: stderr
2024-04-26T20:24:03.075+0000 7fef96a00700 1 --2- >> [v2:172.21.15.102:3300/0,v1:172.21.15.102:6789/0] conn(0x7fef98108b90 0x7fef98108fb0 unknown :-1 s=BANNER_CONNECTING pgs=0 cs=0 l=0 rev1=0 crypto rx=0 tx=0 comp rx=0 tx=0)._handle_peer_banner_payload supported=3 required=0
2024-04-26T20:24:10.101 INFO:teuthology.orchestra.run.smithi102.stdout:/usr/bin/ceph: stderr
2024-04-26T20:24:03.075+0000 7fef96a00700 1 --2- >> [v2:172.21.15.102:3300/0,v1:172.21.15.102:6789/0] conn(0x7fef98108b90 0x7fef98108fb0 unknown :-1 s=HELLO_CONNECTING pgs=0 cs=0 l=0 rev1=1 crypto rx=0 tx=0 comp rx=0 tx=0).handle_hello peer v2:172.21.15.102:3300/0 says I am v2:172.21.15.102:36924/0 (socket says 172.21.15.102:36924)
2024-04-26T20:24:10.101 INFO:teuthology.orchestra.run.smithi102.stdout:/usr/bin/ceph: stderr
2024-04-26T20:24:03.075+0000 7fef96a00700 1 -- 172.21.15.102:0/4274513563 learned_addr learned my addr 172.21.15.102:0/4274513563 (peer_addr_for_me v2:172.21.15.102:0/0)
2024-04-26T20:24:10.101 INFO:teuthology.orchestra.run.smithi102.stdout:/usr/bin/ceph: stderr
2024-04-26T20:24:03.076+0000 7fef96a00700 1 -- 172.21.15.102:0/4274513563 --> [v2:172.21.15.102:3300/0,v1:172.21.15.102:6789/0] -- mon_subscribe({config=0+,monmap=0+}) -- 0x7fef98109d40 con 0x7fef98108b90
2024-04-26T20:24:10.101 INFO:teuthology.orchestra.run.smithi102.stdout:/usr/bin/ceph: stderr
2024-04-26T20:24:03.076+0000 7fef96a00700 1 --2- 172.21.15.102:0/4274513563 >> [v2:172.21.15.102:3300/0,v1:172.21.15.102:6789/0] conn(0x7fef98108b90 0x7fef98108fb0 secure :-1 s=READY pgs=45 cs=0 l=1 rev1=1 crypto rx=0x7fef880098a0 tx=0x7fef88009bb0 comp rx=0 tx=0).ready entity=mon.0 client_cookie=2997f702c9545c2f server_cookie=0 in_seq=0 out_seq=0
2024-04-26T20:24:10.101 INFO:teuthology.orchestra.run.smithi102.stdout:/usr/bin/ceph: stderr
2024-04-26T20:24:03.076+0000 7fef96000700 1 -- 172.21.15.102:0/4274513563 <== mon.0 v2:172.21.15.102:3300/0 1 ==== mon_map magic: 0 ==== 205+0+0 (secure 0 0 0) 0x7fef88004160 con 0x7fef98108b90
2024-04-26T20:24:10.101 INFO:teuthology.orchestra.run.smithi102.stdout:/usr/bin/ceph: stderr
2024-04-26T20:24:03.076+0000 7fef96000700 1 -- 172.21.15.102:0/4274513563 <== mon.0 v2:172.21.15.102:3300/0 2 ==== config(26 keys) ==== 1070+0+0 (secure 0 0 0) 0x7fef88004300 con 0x7fef98108b90
2024-04-26T20:24:10.101 INFO:teuthology.orchestra.run.smithi102.stdout:/usr/bin/ceph: stderr
2024-04-26T20:24:03.076+0000 7fef96000700 1 -- 172.21.15.102:0/4274513563 <== mon.0 v2:172.21.15.102:3300/0 3 ==== mon_map magic: 0 ==== 205+0+0 (secure 0 0 0) 0x7fef88011af0 con 0x7fef98108b90
2024-04-26T20:24:10.101 INFO:teuthology.orchestra.run.smithi102.stdout:/usr/bin/ceph: stderr
2024-04-26T20:24:03.077+0000 7fef97e00700 1 -- 172.21.15.102:0/4274513563 >> [v2:172.21.15.102:3300/0,v1:172.21.15.102:6789/0] conn(0x7fef98108b90 msgr2=0x7fef98108fb0 secure :-1 s=STATE_CONNECTION_ESTABLISHED l=1).mark_down
2024-04-26T20:24:10.101 INFO:teuthology.orchestra.run.smithi102.stdout:/usr/bin/ceph: stderr
2024-04-26T20:24:03.077+0000 7fef97e00700 1 --2- 172.21.15.102:0/4274513563 >> [v2:172.21.15.102:3300/0,v1:172.21.15.102:6789/0] conn(0x7fef98108b90 0x7fef98108fb0 secure :-1 s=READY pgs=45 cs=0 l=1 rev1=1 crypto rx=0x7fef880098a0 tx=0x7fef88009bb0 comp rx=0 tx=0).stop
2024-04-26T20:24:10.101 INFO:teuthology.orchestra.run.smithi102.stdout:/usr/bin/ceph: stderr
2024-04-26T20:24:03.077+0000 7fef97e00700 1 -- 172.21.15.102:0/4274513563 shutdown_connections
2024-04-26T20:24:10.101 INFO:teuthology.orchestra.run.smithi102.stdout:/usr/bin/ceph: stderr
2024-04-26T20:24:03.077+0000 7fef97e00700 1 --2- 172.21.15.102:0/4274513563 >> [v2:172.21.15.102:3300/0,v1:172.21.15.102:6789/0] conn(0x7fef98108b90 0x7fef98108fb0 unknown :-1 s=CLOSED pgs=45 cs=0 l=1 rev1=1 crypto rx=0 tx=0 comp rx=0 tx=0).stop
2024-04-26T20:24:10.101 INFO:teuthology.orchestra.run.smithi102.stdout:/usr/bin/ceph: stderr
2024-04-26T20:24:03.077+0000 7fef97e00700 1 -- 172.21.15.102:0/4274513563 >> 172.21.15.102:0/4274513563 conn(0x7fef981040f0 msgr2=0x7fef98106570 unknown :-1 s=STATE_NONE l=0).mark_down
2024-04-26T20:24:10.102 INFO:teuthology.orchestra.run.smithi102.stdout:/usr/bin/ceph: stderr
2024-04-26T20:24:03.077+0000 7fef97e00700 1 -- 172.21.15.102:0/4274513563 shutdown_connections
2024-04-26T20:24:10.102 INFO:teuthology.orchestra.run.smithi102.stdout:/usr/bin/ceph: stderr
2024-04-26T20:24:03.077+0000 7fef97e00700 1 -- 172.21.15.102:0/4274513563 wait complete.
2024-04-26T20:24:10.102 INFO:teuthology.orchestra.run.smithi102.stdout:/usr/bin/ceph: stderr
2024-04-26T20:24:03.078+0000 7fef97e00700 1 Processor -- start
2024-04-26T20:24:10.102 INFO:teuthology.orchestra.run.smithi102.stdout:/usr/bin/ceph: stderr
2024-04-26T20:24:03.079+0000 7fef97e00700 1 -- start start
2024-04-26T20:24:10.102 INFO:teuthology.orchestra.run.smithi102.stdout:/usr/bin/ceph: stderr
2024-04-26T20:24:03.079+0000 7fef97e00700 1 --2- >> [v2:172.21.15.102:3300/0,v1:172.21.15.102:6789/0] conn(0x7fef98108b90 0x7fef9819ede0 unknown :-1 s=NONE pgs=0 cs=0 l=1 rev1=0 crypto rx=0 tx=0 comp rx=0 tx=0).connect
2024-04-26T20:24:10.102 INFO:teuthology.orchestra.run.smithi102.stdout:/usr/bin/ceph: stderr
2024-04-26T20:24:03.079+0000 7fef97e00700 1 -- --> [v2:172.21.15.102:3300/0,v1:172.21.15.102:6789/0] -- mon_getmap magic: 0 -- 0x7fef9810d0f0 con 0x7fef98108b90
2024-04-26T20:24:10.102 INFO:teuthology.orchestra.run.smithi102.stdout:/usr/bin/ceph: stderr
2024-04-26T20:24:03.079+0000 7fef96a00700 1 --2- >> [v2:172.21.15.102:3300/0,v1:172.21.15.102:6789/0] conn(0x7fef98108b90 0x7fef9819ede0 unknown :-1 s=BANNER_CONNECTING pgs=0 cs=0 l=1 rev1=0 crypto rx=0 tx=0 comp rx=0 tx=0)._handle_peer_banner_payload supported=3 required=0
2024-04-26T20:24:10.102 INFO:teuthology.orchestra.run.smithi102.stdout:/usr/bin/ceph: stderr
2024-04-26T20:24:03.079+0000 7fef96a00700 1 --2- >> [v2:172.21.15.102:3300/0,v1:172.21.15.102:6789/0] conn(0x7fef98108b90 0x7fef9819ede0 unknown :-1 s=HELLO_CONNECTING pgs=0 cs=0 l=1 rev1=1 crypto rx=0 tx=0 comp rx=0 tx=0).handle_hello peer v2:172.21.15.102:3300/0 says I am v2:172.21.15.102:36940/0 (socket says 172.21.15.102:36940)
2024-04-26T20:24:10.102 INFO:teuthology.orchestra.run.smithi102.stdout:/usr/bin/ceph: stderr
2024-04-26T20:24:03.079+0000 7fef96a00700 1 -- 172.21.15.102:0/1473165019 learned_addr learned my addr 172.21.15.102:0/1473165019 (peer_addr_for_me v2:172.21.15.102:0/0)
2024-04-26T20:24:10.102 INFO:teuthology.orchestra.run.smithi102.stdout:/usr/bin/ceph: stderr
2024-04-26T20:24:03.080+0000 7fef96a00700 1 -- 172.21.15.102:0/1473165019 --> [v2:172.21.15.102:3300/0,v1:172.21.15.102:6789/0] -- mon_subscribe({config=0+,monmap=0+}) -- 0x7fef9819f320 con 0x7fef98108b90
2024-04-26T20:24:10.102 INFO:teuthology.orchestra.run.smithi102.stdout:/usr/bin/ceph: stderr
2024-04-26T20:24:03.080+0000 7fef96a00700 1 --2- 172.21.15.102:0/1473165019 >> [v2:172.21.15.102:3300/0,v1:172.21.15.102:6789/0] conn(0x7fef98108b90 0x7fef9819ede0 secure :-1 s=READY pgs=46 cs=0 l=1 rev1=1 crypto rx=0x7fef880117b0 tx=0x7fef88011b70 comp rx=0 tx=0).ready entity=mon.0 client_cookie=0 server_cookie=0 in_seq=0 out_seq=0
2024-04-26T20:24:10.102 INFO:teuthology.orchestra.run.smithi102.stdout:/usr/bin/ceph: stderr
2024-04-26T20:24:03.080+0000 7fef9ca00700 1 -- 172.21.15.102:0/1473165019 <== mon.0 v2:172.21.15.102:3300/0 1 ==== mon_map magic: 0 ==== 205+0+0 (secure 0 0 0) 0x7fef88003af0 con 0x7fef98108b90
2024-04-26T20:24:10.102 INFO:teuthology.orchestra.run.smithi102.stdout:/usr/bin/ceph: stderr
2024-04-26T20:24:03.080+0000 7fef9ca00700 1 -- 172.21.15.102:0/1473165019 <== mon.0 v2:172.21.15.102:3300/0 2 ==== config(26 keys) ==== 1070+0+0 (secure 0 0 0) 0x7fef88020070 con 0x7fef98108b90
2024-04-26T20:24:10.102 INFO:teuthology.orchestra.run.smithi102.stdout:/usr/bin/ceph: stderr
2024-04-26T20:24:03.080+0000 7fef9ca00700 1 -- 172.21.15.102:0/1473165019 <== mon.0 v2:172.21.15.102:3300/0 3 ==== mon_map magic: 0 ==== 205+0+0 (secure 0 0 0) 0x7fef88019630 con 0x7fef98108b90
2024-04-26T20:24:10.103 INFO:teuthology.orchestra.run.smithi102.stdout:/usr/bin/ceph: stderr
2024-04-26T20:24:03.080+0000 7fef97e00700 1 -- 172.21.15.102:0/1473165019 --> [v2:172.21.15.102:3300/0,v1:172.21.15.102:6789/0] -- mon_subscribe({mgrmap=0+}) -- 0x7fef9819f5b0 con 0x7fef98108b90
2024-04-26T20:24:10.103 INFO:teuthology.orchestra.run.smithi102.stdout:/usr/bin/ceph: stderr
2024-04-26T20:24:03.080+0000 7fef97e00700 1 -- 172.21.15.102:0/1473165019 --> [v2:172.21.15.102:3300/0,v1:172.21.15.102:6789/0] -- mon_subscribe({osdmap=0}) -- 0x7fef981a22a0 con 0x7fef98108b90
2024-04-26T20:24:10.103 INFO:teuthology.orchestra.run.smithi102.stdout:/usr/bin/ceph: stderr
2024-04-26T20:24:03.081+0000 7fef97e00700 1 -- 172.21.15.102:0/1473165019 --> [v2:172.21.15.102:3300/0,v1:172.21.15.102:6789/0] -- mon_command({"prefix": "get_command_descriptions"} v 0) -- 0x7fef9806a540 con 0x7fef98108b90
2024-04-26T20:24:10.103 INFO:teuthology.orchestra.run.smithi102.stdout:/usr/bin/ceph: stderr
2024-04-26T20:24:03.081+0000 7fef9ca00700 1 -- 172.21.15.102:0/1473165019 <== mon.0 v2:172.21.15.102:3300/0 4 ==== mgrmap(e 8) ==== 46558+0+0 (secure 0 0 0) 0x7fef8801a9c0 con 0x7fef98108b90
2024-04-26T20:24:10.103 INFO:teuthology.orchestra.run.smithi102.stdout:/usr/bin/ceph: stderr
2024-04-26T20:24:03.082+0000 7fef9ca00700 1 --2- 172.21.15.102:0/1473165019 >> [v2:172.21.15.102:6800/1441707916,v1:172.21.15.102:6801/1441707916] conn(0x7fef7c039660 0x7fef7c03bb20 unknown :-1 s=NONE pgs=0 cs=0 l=1 rev1=0 crypto rx=0 tx=0 comp rx=0 tx=0).connect
2024-04-26T20:24:10.103 INFO:teuthology.orchestra.run.smithi102.stdout:/usr/bin/ceph: stderr
2024-04-26T20:24:03.082+0000 7fef9ca00700 1 -- 172.21.15.102:0/1473165019 <== mon.0 v2:172.21.15.102:3300/0 5 ==== osd_map(2..2 src has 1..2) ==== 940+0+0 (secure 0 0 0) 0x7fef8804dbb0 con 0x7fef98108b90
2024-04-26T20:24:10.103 INFO:teuthology.orchestra.run.smithi102.stdout:/usr/bin/ceph: stderr
2024-04-26T20:24:03.082+0000 7fef8e000700 1 --2- 172.21.15.102:0/1473165019 >> [v2:172.21.15.102:6800/1441707916,v1:172.21.15.102:6801/1441707916] conn(0x7fef7c039660 0x7fef7c03bb20 unknown :-1 s=BANNER_CONNECTING pgs=0 cs=0 l=1 rev1=0 crypto rx=0 tx=0 comp rx=0 tx=0)._handle_peer_banner_payload supported=3 required=0
2024-04-26T20:24:10.103 INFO:teuthology.orchestra.run.smithi102.stdout:/usr/bin/ceph: stderr
2024-04-26T20:24:03.083+0000 7fef8e000700 1 --2- 172.21.15.102:0/1473165019 >> [v2:172.21.15.102:6800/1441707916,v1:172.21.15.102:6801/1441707916] conn(0x7fef7c039660 0x7fef7c03bb20 secure :-1 s=READY pgs=11 cs=0 l=1 rev1=1 crypto rx=0x7fef80006fd0 tx=0x7fef80006e40 comp rx=0 tx=0).ready entity=mgr.14120 client_cookie=0 server_cookie=0 in_seq=0 out_seq=0
2024-04-26T20:24:10.103 INFO:teuthology.orchestra.run.smithi102.stdout:/usr/bin/ceph: stderr
2024-04-26T20:24:03.088+0000 7fef9ca00700 1 -- 172.21.15.102:0/1473165019 <== mon.0 v2:172.21.15.102:3300/0 6 ==== mon_command_ack([{"prefix": "get_command_descriptions"}]=0 v0) ==== 72+0+188494 (secure 0 0 0) 0x7fef8800e260 con 0x7fef98108b90
2024-04-26T20:24:10.103 INFO:teuthology.orchestra.run.smithi102.stdout:/usr/bin/ceph: stderr
2024-04-26T20:24:03.318+0000 7fef97e00700 1 -- 172.21.15.102:0/1473165019 --> [v2:172.21.15.102:6800/1441707916,v1:172.21.15.102:6801/1441707916] -- mgr_command(tid 0: {"prefix": "orch host add", "hostname": "smithi102", "addr": "172.21.15.102", "target": ["mon-mgr", ""]}) -- 0x7fef98105410 con 0x7fef7c039660
2024-04-26T20:24:10.103 INFO:teuthology.orchestra.run.smithi102.stdout:/usr/bin/ceph: stderr
2024-04-26T20:24:09.363+0000 7fef9ca00700 1 -- 172.21.15.102:0/1473165019 <== mgr.14120 v2:172.21.15.102:6800/1441707916 1 ==== mgr_command_reply(tid 0: 0 ) ==== 8+0+49 (secure 0 0 0) 0x7fef98105410 con 0x7fef7c039660
2024-04-26T20:24:10.103 INFO:teuthology.orchestra.run.smithi102.stdout:/usr/bin/ceph: stderr
2024-04-26T20:24:09.367+0000 7fef97e00700 1 -- 172.21.15.102:0/1473165019 >> [v2:172.21.15.102:6800/1441707916,v1:172.21.15.102:6801/1441707916] conn(0x7fef7c039660 msgr2=0x7fef7c03bb20 secure :-1 s=STATE_CONNECTION_ESTABLISHED l=1).mark_down
2024-04-26T20:24:10.103 INFO:teuthology.orchestra.run.smithi102.stdout:/usr/bin/ceph: stderr
2024-04-26T20:24:09.367+0000 7fef97e00700 1 --2- 172.21.15.102:0/1473165019 >> [v2:172.21.15.102:6800/1441707916,v1:172.21.15.102:6801/1441707916] conn(0x7fef7c039660 0x7fef7c03bb20 secure :-1 s=READY pgs=11 cs=0 l=1 rev1=1 crypto rx=0x7fef80006fd0 tx=0x7fef80006e40 comp rx=0 tx=0).stop
2024-04-26T20:24:10.104 INFO:teuthology.orchestra.run.smithi102.stdout:/usr/bin/ceph: stderr
2024-04-26T20:24:09.367+0000 7fef97e00700 1 -- 172.21.15.102:0/1473165019 >> [v2:172.21.15.102:3300/0,v1:172.21.15.102:6789/0] conn(0x7fef98108b90 msgr2=0x7fef9819ede0 secure :-1 s=STATE_CONNECTION_ESTABLISHED l=1).mark_down
2024-04-26T20:24:10.104 INFO:teuthology.orchestra.run.smithi102.stdout:/usr/bin/ceph: stderr
2024-04-26T20:24:09.367+0000 7fef97e00700 1 --2- 172.21.15.102:0/1473165019 >> [v2:172.21.15.102:3300/0,v1:172.21.15.102:6789/0] conn(0x7fef98108b90 0x7fef9819ede0 secure :-1 s=READY pgs=46 cs=0 l=1 rev1=1 crypto rx=0x7fef880117b0 tx=0x7fef88011b70 comp rx=0 tx=0).stop
2024-04-26T20:24:10.104 INFO:teuthology.orchestra.run.smithi102.stdout:/usr/bin/ceph: stderr
2024-04-26T20:24:09.367+0000 7fef97e00700 1 -- 172.21.15.102:0/1473165019 shutdown_connections
2024-04-26T20:24:10.104 INFO:teuthology.orchestra.run.smithi102.stdout:/usr/bin/ceph: stderr
2024-04-26T20:24:09.367+0000 7fef97e00700 1 --2- 172.21.15.102:0/1473165019 >> [v2:172.21.15.102:6800/1441707916,v1:172.21.15.102:6801/1441707916] conn(0x7fef7c039660 0x7fef7c03bb20 unknown :-1 s=CLOSED pgs=11 cs=0 l=1 rev1=1 crypto rx=0 tx=0 comp rx=0 tx=0).stop
2024-04-26T20:24:10.104 INFO:teuthology.orchestra.run.smithi102.stdout:/usr/bin/ceph: stderr
2024-04-26T20:24:09.367+0000 7fef97e00700 1 --2- 172.21.15.102:0/1473165019 >> [v2:172.21.15.102:3300/0,v1:172.21.15.102:6789/0] conn(0x7fef98108b90 0x7fef9819ede0 unknown :-1 s=CLOSED pgs=46 cs=0 l=1 rev1=1 crypto rx=0 tx=0 comp rx=0 tx=0).stop
2024-04-26T20:24:10.104 INFO:teuthology.orchestra.run.smithi102.stdout:/usr/bin/ceph: stderr
2024-04-26T20:24:09.367+0000 7fef97e00700 1 -- 172.21.15.102:0/1473165019 >> 172.21.15.102:0/1473165019 conn(0x7fef981040f0 msgr2=0x7fef98104d00 unknown :-1 s=STATE_NONE l=0).mark_down
2024-04-26T20:24:10.104 INFO:teuthology.orchestra.run.smithi102.stdout:/usr/bin/ceph: stderr
2024-04-26T20:24:09.368+0000 7fef97e00700 1 -- 172.21.15.102:0/1473165019 shutdown_connections
2024-04-26T20:24:10.104 INFO:teuthology.orchestra.run.smithi102.stdout:/usr/bin/ceph: stderr
2024-04-26T20:24:09.368+0000 7fef97e00700 1 -- 172.21.15.102:0/1473165019 wait complete.
2024-04-26T20:24:10.104 INFO:teuthology.orchestra.run.smithi102.stdout:Deploying unmanaged mon service...
2024-04-26T20:24:10.622 INFO:journalctl@ceph.mon.a.smithi102.stdout:Apr 26 20:24:10 smithi102 ceph-mon[28094]: from='mgr.14120 172.21.15.102:0/4048938912' entity='mgr.x'
2024-04-26T20:24:10.622 INFO:journalctl@ceph.mon.a.smithi102.stdout:Apr 26 20:24:10 smithi102 ceph-mon[28094]: Added host smithi102
2024-04-26T20:24:10.622 INFO:journalctl@ceph.mon.a.smithi102.stdout:Apr 26 20:24:10 smithi102 ceph-mon[28094]: from='mgr.14120 172.21.15.102:0/4048938912' entity='mgr.x' cmd=[{"prefix": "config dump", "format": "json"}]: dispatch
2024-04-26T20:24:12.148 INFO:journalctl@ceph.mon.a.smithi102.stdout:Apr 26 20:24:12 smithi102 ceph-mon[28094]: from='client.14142 -' entity='client.admin' cmd=[{"prefix": "orch apply", "service_type": "mon", "unmanaged": true, "target": ["mon-mgr", ""]}]: dispatch
2024-04-26T20:24:12.149 INFO:journalctl@ceph.mon.a.smithi102.stdout:Apr 26 20:24:12 smithi102 ceph-mon[28094]: Saving service mon spec with placement count:5
2024-04-26T20:24:12.149 INFO:journalctl@ceph.mon.a.smithi102.stdout:Apr 26 20:24:12 smithi102 ceph-mon[28094]: from='mgr.14120 172.21.15.102:0/4048938912' entity='mgr.x'
2024-04-26T20:24:12.541 INFO:teuthology.orchestra.run.smithi102.stdout:/usr/bin/ceph: stdout Scheduled mon update...
2024-04-26T20:24:12.541 INFO:teuthology.orchestra.run.smithi102.stdout:/usr/bin/ceph: stderr
2024-04-26T20:24:10.777+0000 7f3ede800700 1 Processor -- start
2024-04-26T20:24:12.542 INFO:teuthology.orchestra.run.smithi102.stdout:/usr/bin/ceph: stderr
2024-04-26T20:24:10.777+0000 7f3ede800700 1 -- start start
2024-04-26T20:24:12.543 INFO:teuthology.orchestra.run.smithi102.stdout:/usr/bin/ceph: stderr
2024-04-26T20:24:10.778+0000 7f3ede800700 1 --2- >> [v2:172.21.15.102:3300/0,v1:172.21.15.102:6789/0] conn(0x7f3ed807ee90 0x7f3ed807d2f0 unknown :-1 s=NONE pgs=0 cs=0 l=0 rev1=0 crypto rx=0 tx=0 comp rx=0 tx=0).connect
2024-04-26T20:24:12.543 INFO:teuthology.orchestra.run.smithi102.stdout:/usr/bin/ceph: stderr
2024-04-26T20:24:10.778+0000 7f3ede800700 1 -- --> [v2:172.21.15.102:3300/0,v1:172.21.15.102:6789/0] -- mon_getmap magic: 0 -- 0x7f3ed807d8c0 con 0x7f3ed807ee90
2024-04-26T20:24:12.543 INFO:teuthology.orchestra.run.smithi102.stdout:/usr/bin/ceph: stderr
2024-04-26T20:24:10.778+0000 7f3ed7400700 1 --2- >> [v2:172.21.15.102:3300/0,v1:172.21.15.102:6789/0] conn(0x7f3ed807ee90 0x7f3ed807d2f0 unknown :-1 s=BANNER_CONNECTING pgs=0 cs=0 l=0 rev1=0 crypto rx=0 tx=0 comp rx=0 tx=0)._handle_peer_banner_payload supported=3 required=0
2024-04-26T20:24:12.543 INFO:teuthology.orchestra.run.smithi102.stdout:/usr/bin/ceph: stderr
2024-04-26T20:24:10.778+0000 7f3ed7400700 1 --2- >> [v2:172.21.15.102:3300/0,v1:172.21.15.102:6789/0] conn(0x7f3ed807ee90 0x7f3ed807d2f0 unknown :-1 s=HELLO_CONNECTING pgs=0 cs=0 l=0 rev1=1 crypto rx=0 tx=0 comp rx=0 tx=0).handle_hello peer v2:172.21.15.102:3300/0 says I am v2:172.21.15.102:37522/0 (socket says 172.21.15.102:37522)
2024-04-26T20:24:12.543 INFO:teuthology.orchestra.run.smithi102.stdout:/usr/bin/ceph: stderr
2024-04-26T20:24:10.778+0000 7f3ed7400700 1 -- 172.21.15.102:0/1371189473 learned_addr learned my addr 172.21.15.102:0/1371189473 (peer_addr_for_me v2:172.21.15.102:0/0)
2024-04-26T20:24:12.543 INFO:teuthology.orchestra.run.smithi102.stdout:/usr/bin/ceph: stderr
2024-04-26T20:24:10.779+0000 7f3ed7400700 1 -- 172.21.15.102:0/1371189473 --> [v2:172.21.15.102:3300/0,v1:172.21.15.102:6789/0] -- mon_subscribe({config=0+,monmap=0+}) -- 0x7f3ed807da40 con 0x7f3ed807ee90
2024-04-26T20:24:12.543 INFO:teuthology.orchestra.run.smithi102.stdout:/usr/bin/ceph: stderr
2024-04-26T20:24:10.779+0000 7f3ed7400700 1 --2- 172.21.15.102:0/1371189473 >> [v2:172.21.15.102:3300/0,v1:172.21.15.102:6789/0] conn(0x7f3ed807ee90 0x7f3ed807d2f0 secure :-1 s=READY pgs=47 cs=0 l=1 rev1=1 crypto rx=0x7f3ec80098a0 tx=0x7f3ec8009bb0 comp rx=0 tx=0).ready entity=mon.0 client_cookie=bd7c0cf6c080f3f4 server_cookie=0 in_seq=0 out_seq=0
2024-04-26T20:24:12.543 INFO:teuthology.orchestra.run.smithi102.stdout:/usr/bin/ceph: stderr
2024-04-26T20:24:10.779+0000 7f3ed6a00700 1 -- 172.21.15.102:0/1371189473 <== mon.0 v2:172.21.15.102:3300/0 1 ==== mon_map magic: 0 ==== 205+0+0 (secure 0 0 0) 0x7f3ec8004160 con 0x7f3ed807ee90
2024-04-26T20:24:12.543 INFO:teuthology.orchestra.run.smithi102.stdout:/usr/bin/ceph: stderr
2024-04-26T20:24:10.779+0000 7f3ed6a00700 1 -- 172.21.15.102:0/1371189473 <== mon.0 v2:172.21.15.102:3300/0 2 ==== config(26 keys) ==== 1070+0+0 (secure 0 0 0) 0x7f3ec8004300 con 0x7f3ed807ee90
2024-04-26T20:24:12.545 INFO:teuthology.orchestra.run.smithi102.stdout:/usr/bin/ceph: stderr
2024-04-26T20:24:10.779+0000 7f3ed6a00700 1 -- 172.21.15.102:0/1371189473 <== mon.0 v2:172.21.15.102:3300/0 3 ==== mon_map magic: 0 ==== 205+0+0 (secure 0 0 0) 0x7f3ec8011af0 con 0x7f3ed807ee90
2024-04-26T20:24:12.545 INFO:teuthology.orchestra.run.smithi102.stdout:/usr/bin/ceph: stderr
2024-04-26T20:24:10.780+0000 7f3ede800700 1 -- 172.21.15.102:0/1371189473 >> [v2:172.21.15.102:3300/0,v1:172.21.15.102:6789/0] conn(0x7f3ed807ee90 msgr2=0x7f3ed807d2f0 secure :-1 s=STATE_CONNECTION_ESTABLISHED l=1).mark_down
2024-04-26T20:24:12.546 INFO:teuthology.orchestra.run.smithi102.stdout:/usr/bin/ceph: stderr
2024-04-26T20:24:10.780+0000 7f3ede800700 1 --2- 172.21.15.102:0/1371189473 >> [v2:172.21.15.102:3300/0,v1:172.21.15.102:6789/0] conn(0x7f3ed807ee90 0x7f3ed807d2f0 secure :-1 s=READY pgs=47 cs=0 l=1 rev1=1 crypto rx=0x7f3ec80098a0 tx=0x7f3ec8009bb0 comp rx=0 tx=0).stop
2024-04-26T20:24:12.546 INFO:teuthology.orchestra.run.smithi102.stdout:/usr/bin/ceph: stderr
2024-04-26T20:24:10.780+0000 7f3ede800700 1 -- 172.21.15.102:0/1371189473 shutdown_connections
2024-04-26T20:24:12.546 INFO:teuthology.orchestra.run.smithi102.stdout:/usr/bin/ceph: stderr
2024-04-26T20:24:10.780+0000 7f3ede800700 1 --2- 172.21.15.102:0/1371189473 >> [v2:172.21.15.102:3300/0,v1:172.21.15.102:6789/0] conn(0x7f3ed807ee90 0x7f3ed807d2f0 unknown :-1 s=CLOSED pgs=47 cs=0 l=1 rev1=1 crypto rx=0 tx=0 comp rx=0 tx=0).stop
2024-04-26T20:24:12.546 INFO:teuthology.orchestra.run.smithi102.stdout:/usr/bin/ceph: stderr
2024-04-26T20:24:10.780+0000 7f3ede800700 1 -- 172.21.15.102:0/1371189473 >> 172.21.15.102:0/1371189473 conn(0x7f3ed8104370 msgr2=0x7f3ed8106790 unknown :-1 s=STATE_NONE l=0).mark_down
2024-04-26T20:24:12.546 INFO:teuthology.orchestra.run.smithi102.stdout:/usr/bin/ceph: stderr
2024-04-26T20:24:10.780+0000 7f3ede800700 1 -- 172.21.15.102:0/1371189473 shutdown_connections
2024-04-26T20:24:12.546 INFO:teuthology.orchestra.run.smithi102.stdout:/usr/bin/ceph: stderr
2024-04-26T20:24:10.780+0000 7f3ede800700 1 -- 172.21.15.102:0/1371189473 wait complete.
2024-04-26T20:24:12.546 INFO:teuthology.orchestra.run.smithi102.stdout:/usr/bin/ceph: stderr
2024-04-26T20:24:10.781+0000 7f3ede800700 1 Processor -- start
2024-04-26T20:24:12.546 INFO:teuthology.orchestra.run.smithi102.stdout:/usr/bin/ceph: stderr
2024-04-26T20:24:10.781+0000 7f3ede800700 1 -- start start
2024-04-26T20:24:12.546 INFO:teuthology.orchestra.run.smithi102.stdout:/usr/bin/ceph: stderr
2024-04-26T20:24:10.782+0000 7f3ede800700 1 --2- >> [v2:172.21.15.102:3300/0,v1:172.21.15.102:6789/0] conn(0x7f3ed807ee90 0x7f3ed819ef30 unknown :-1 s=NONE pgs=0 cs=0 l=1 rev1=0 crypto rx=0 tx=0 comp rx=0 tx=0).connect
2024-04-26T20:24:12.546 INFO:teuthology.orchestra.run.smithi102.stdout:/usr/bin/ceph: stderr
2024-04-26T20:24:10.782+0000 7f3ede800700 1 -- --> [v2:172.21.15.102:3300/0,v1:172.21.15.102:6789/0] -- mon_getmap magic: 0 -- 0x7f3ed810f320 con 0x7f3ed807ee90
2024-04-26T20:24:12.546 INFO:teuthology.orchestra.run.smithi102.stdout:/usr/bin/ceph: stderr
2024-04-26T20:24:10.782+0000 7f3ed7400700 1 --2- >> [v2:172.21.15.102:3300/0,v1:172.21.15.102:6789/0] conn(0x7f3ed807ee90 0x7f3ed819ef30 unknown :-1 s=BANNER_CONNECTING pgs=0 cs=0 l=1 rev1=0 crypto rx=0 tx=0 comp rx=0 tx=0)._handle_peer_banner_payload supported=3 required=0
2024-04-26T20:24:12.546 INFO:teuthology.orchestra.run.smithi102.stdout:/usr/bin/ceph: stderr
2024-04-26T20:24:10.782+0000 7f3ed7400700 1 --2- >> [v2:172.21.15.102:3300/0,v1:172.21.15.102:6789/0] conn(0x7f3ed807ee90 0x7f3ed819ef30 unknown :-1 s=HELLO_CONNECTING pgs=0 cs=0 l=1 rev1=1 crypto rx=0 tx=0 comp rx=0 tx=0).handle_hello peer v2:172.21.15.102:3300/0 says I am v2:172.21.15.102:37534/0 (socket says 172.21.15.102:37534)
2024-04-26T20:24:12.547 INFO:teuthology.orchestra.run.smithi102.stdout:/usr/bin/ceph: stderr
2024-04-26T20:24:10.782+0000 7f3ed7400700 1 -- 172.21.15.102:0/2630547802 learned_addr learned my addr 172.21.15.102:0/2630547802 (peer_addr_for_me v2:172.21.15.102:0/0)
2024-04-26T20:24:12.547 INFO:teuthology.orchestra.run.smithi102.stdout:/usr/bin/ceph: stderr
2024-04-26T20:24:10.782+0000 7f3ed7400700 1 -- 172.21.15.102:0/2630547802 --> [v2:172.21.15.102:3300/0,v1:172.21.15.102:6789/0] -- mon_subscribe({config=0+,monmap=0+}) -- 0x7f3ed819f470 con 0x7f3ed807ee90
2024-04-26T20:24:12.547 INFO:teuthology.orchestra.run.smithi102.stdout:/usr/bin/ceph: stderr
2024-04-26T20:24:10.783+0000 7f3ed7400700 1 --2- 172.21.15.102:0/2630547802 >> [v2:172.21.15.102:3300/0,v1:172.21.15.102:6789/0] conn(0x7f3ed807ee90 0x7f3ed819ef30 secure :-1 s=READY pgs=48 cs=0 l=1 rev1=1 crypto rx=0x7f3ec8000c00 tx=0x7f3ec8011b70 comp rx=0 tx=0).ready entity=mon.0 client_cookie=0 server_cookie=0 in_seq=0 out_seq=0
2024-04-26T20:24:12.547 INFO:teuthology.orchestra.run.smithi102.stdout:/usr/bin/ceph: stderr
2024-04-26T20:24:10.783+0000 7f3ed4c00700 1 -- 172.21.15.102:0/2630547802 <== mon.0 v2:172.21.15.102:3300/0 1 ==== mon_map magic: 0 ==== 205+0+0 (secure 0 0 0) 0x7f3ec8003b20 con 0x7f3ed807ee90
2024-04-26T20:24:12.547 INFO:teuthology.orchestra.run.smithi102.stdout:/usr/bin/ceph: stderr
2024-04-26T20:24:10.783+0000 7f3ed4c00700 1 -- 172.21.15.102:0/2630547802 <== mon.0 v2:172.21.15.102:3300/0 2 ==== config(26 keys) ==== 1070+0+0 (secure 0 0 0) 0x7f3ec801a8c0 con 0x7f3ed807ee90
2024-04-26T20:24:12.547 INFO:teuthology.orchestra.run.smithi102.stdout:/usr/bin/ceph: stderr
2024-04-26T20:24:10.783+0000 7f3ed4c00700 1 -- 172.21.15.102:0/2630547802 <== mon.0 v2:172.21.15.102:3300/0 3 ==== mon_map magic: 0 ==== 205+0+0 (secure 0 0 0) 0x7f3ec8024940 con 0x7f3ed807ee90
2024-04-26T20:24:12.549 INFO:teuthology.orchestra.run.smithi102.stdout:/usr/bin/ceph: stderr
2024-04-26T20:24:10.783+0000 7f3ede800700 1 -- 172.21.15.102:0/2630547802 --> [v2:172.21.15.102:3300/0,v1:172.21.15.102:6789/0] -- mon_subscribe({mgrmap=0+}) -- 0x7f3ed819f700 con 0x7f3ed807ee90
2024-04-26T20:24:12.549 INFO:teuthology.orchestra.run.smithi102.stdout:/usr/bin/ceph: stderr
2024-04-26T20:24:10.783+0000 7f3ede800700 1 -- 172.21.15.102:0/2630547802 --> [v2:172.21.15.102:3300/0,v1:172.21.15.102:6789/0] -- mon_subscribe({osdmap=0}) -- 0x7f3ed81a23f0 con 0x7f3ed807ee90
2024-04-26T20:24:12.549 INFO:teuthology.orchestra.run.smithi102.stdout:/usr/bin/ceph: stderr
2024-04-26T20:24:10.784+0000 7f3ede800700 1 -- 172.21.15.102:0/2630547802 --> [v2:172.21.15.102:3300/0,v1:172.21.15.102:6789/0] -- mon_command({"prefix": "get_command_descriptions"} v 0) -- 0x7f3ed8064a80 con 0x7f3ed807ee90
2024-04-26T20:24:12.550 INFO:teuthology.orchestra.run.smithi102.stdout:/usr/bin/ceph: stderr
2024-04-26T20:24:10.785+0000 7f3ed4c00700 1 -- 172.21.15.102:0/2630547802 <== mon.0 v2:172.21.15.102:3300/0 4 ==== mgrmap(e 8) ==== 46558+0+0 (secure 0 0 0) 0x7f3ec8022020 con 0x7f3ed807ee90
2024-04-26T20:24:12.550 INFO:teuthology.orchestra.run.smithi102.stdout:/usr/bin/ceph: stderr
2024-04-26T20:24:10.785+0000 7f3ed4c00700 1 --2- 172.21.15.102:0/2630547802 >> [v2:172.21.15.102:6800/1441707916,v1:172.21.15.102:6801/1441707916] conn(0x7f3ebc039600 0x7f3ebc03bac0 unknown :-1 s=NONE pgs=0 cs=0 l=1 rev1=0 crypto rx=0 tx=0 comp rx=0 tx=0).connect
2024-04-26T20:24:12.550 INFO:teuthology.orchestra.run.smithi102.stdout:/usr/bin/ceph: stderr
2024-04-26T20:24:10.785+0000 7f3ed4c00700 1 -- 172.21.15.102:0/2630547802 <== mon.0 v2:172.21.15.102:3300/0 5 ==== osd_map(2..2 src has 1..2) ==== 940+0+0 (secure 0 0 0) 0x7f3ec804d7e0 con 0x7f3ed807ee90
2024-04-26T20:24:12.550 INFO:teuthology.orchestra.run.smithi102.stdout:/usr/bin/ceph: stderr
2024-04-26T20:24:10.785+0000 7f3ecea00700 1 --2- 172.21.15.102:0/2630547802 >> [v2:172.21.15.102:6800/1441707916,v1:172.21.15.102:6801/1441707916] conn(0x7f3ebc039600 0x7f3ebc03bac0 unknown :-1 s=BANNER_CONNECTING pgs=0 cs=0 l=1 rev1=0 crypto rx=0 tx=0 comp rx=0 tx=0)._handle_peer_banner_payload supported=3 required=0
2024-04-26T20:24:12.550 INFO:teuthology.orchestra.run.smithi102.stdout:/usr/bin/ceph: stderr
2024-04-26T20:24:10.786+0000 7f3ecea00700 1 --2- 172.21.15.102:0/2630547802 >> [v2:172.21.15.102:6800/1441707916,v1:172.21.15.102:6801/1441707916] conn(0x7f3ebc039600 0x7f3ebc03bac0 secure :-1 s=READY pgs=12 cs=0 l=1 rev1=1 crypto rx=0x7f3ec0006fd0 tx=0x7f3ec0006e40 comp rx=0 tx=0).ready entity=mgr.14120 client_cookie=0 server_cookie=0 in_seq=0 out_seq=0
2024-04-26T20:24:12.550 INFO:teuthology.orchestra.run.smithi102.stdout:/usr/bin/ceph: stderr
2024-04-26T20:24:10.791+0000 7f3ed4c00700 1 -- 172.21.15.102:0/2630547802 <== mon.0 v2:172.21.15.102:3300/0 6 ==== mon_command_ack([{"prefix": "get_command_descriptions"}]=0 v0) ==== 72+0+188494 (secure 0 0 0) 0x7f3ec800be50 con 0x7f3ed807ee90
2024-04-26T20:24:12.550 INFO:teuthology.orchestra.run.smithi102.stdout:/usr/bin/ceph: stderr
2024-04-26T20:24:11.036+0000 7f3ede800700 1 -- 172.21.15.102:0/2630547802 --> [v2:172.21.15.102:6800/1441707916,v1:172.21.15.102:6801/1441707916] -- mgr_command(tid 0: {"prefix": "orch apply", "service_type": "mon", "unmanaged": true, "target": ["mon-mgr", ""]}) -- 0x7f3ed81055c0 con 0x7f3ebc039600
2024-04-26T20:24:12.550 INFO:teuthology.orchestra.run.smithi102.stdout:/usr/bin/ceph: stderr
2024-04-26T20:24:11.043+0000 7f3ed4c00700 1 -- 172.21.15.102:0/2630547802 <== mgr.14120 v2:172.21.15.102:6800/1441707916 1 ==== mgr_command_reply(tid 0: 0 ) ==== 8+0+24 (secure 0 0 0) 0x7f3ed81055c0 con 0x7f3ebc039600
2024-04-26T20:24:12.550 INFO:teuthology.orchestra.run.smithi102.stdout:/usr/bin/ceph: stderr
2024-04-26T20:24:11.046+0000 7f3ede800700 1 -- 172.21.15.102:0/2630547802 >> [v2:172.21.15.102:6800/1441707916,v1:172.21.15.102:6801/1441707916] conn(0x7f3ebc039600 msgr2=0x7f3ebc03bac0 secure :-1 s=STATE_CONNECTION_ESTABLISHED l=1).mark_down
2024-04-26T20:24:12.550 INFO:teuthology.orchestra.run.smithi102.stdout:/usr/bin/ceph: stderr
2024-04-26T20:24:11.046+0000 7f3ede800700 1 --2- 172.21.15.102:0/2630547802 >> [v2:172.21.15.102:6800/1441707916,v1:172.21.15.102:6801/1441707916] conn(0x7f3ebc039600 0x7f3ebc03bac0 secure :-1 s=READY pgs=12 cs=0 l=1 rev1=1 crypto rx=0x7f3ec0006fd0 tx=0x7f3ec0006e40 comp rx=0 tx=0).stop
2024-04-26T20:24:12.550 INFO:teuthology.orchestra.run.smithi102.stdout:/usr/bin/ceph: stderr
2024-04-26T20:24:11.046+0000 7f3ede800700 1 -- 172.21.15.102:0/2630547802 >> [v2:172.21.15.102:3300/0,v1:172.21.15.102:6789/0] conn(0x7f3ed807ee90 msgr2=0x7f3ed819ef30 secure :-1 s=STATE_CONNECTION_ESTABLISHED l=1).mark_down
2024-04-26T20:24:12.550 INFO:teuthology.orchestra.run.smithi102.stdout:/usr/bin/ceph: stderr
2024-04-26T20:24:11.046+0000 7f3ede800700 1 --2- 172.21.15.102:0/2630547802 >> [v2:172.21.15.102:3300/0,v1:172.21.15.102:6789/0] conn(0x7f3ed807ee90 0x7f3ed819ef30 secure :-1 s=READY pgs=48 cs=0 l=1 rev1=1 crypto rx=0x7f3ec8000c00 tx=0x7f3ec8011b70 comp rx=0 tx=0).stop
2024-04-26T20:24:12.550 INFO:teuthology.orchestra.run.smithi102.stdout:/usr/bin/ceph: stderr
2024-04-26T20:24:11.047+0000 7f3ede800700 1 -- 172.21.15.102:0/2630547802 shutdown_connections
2024-04-26T20:24:12.551 INFO:teuthology.orchestra.run.smithi102.stdout:/usr/bin/ceph: stderr
2024-04-26T20:24:11.047+0000 7f3ede800700 1 --2- 172.21.15.102:0/2630547802 >> [v2:172.21.15.102:6800/1441707916,v1:172.21.15.102:6801/1441707916] conn(0x7f3ebc039600 0x7f3ebc03bac0 unknown :-1 s=CLOSED pgs=12 cs=0 l=1 rev1=1 crypto rx=0 tx=0 comp rx=0 tx=0).stop
2024-04-26T20:24:12.551 INFO:teuthology.orchestra.run.smithi102.stdout:/usr/bin/ceph: stderr
2024-04-26T20:24:11.047+0000 7f3ede800700 1 --2- 172.21.15.102:0/2630547802 >> [v2:172.21.15.102:3300/0,v1:172.21.15.102:6789/0] conn(0x7f3ed807ee90 0x7f3ed819ef30 unknown :-1 s=CLOSED pgs=48 cs=0 l=1 rev1=1 crypto rx=0 tx=0 comp rx=0 tx=0).stop
2024-04-26T20:24:12.551 INFO:teuthology.orchestra.run.smithi102.stdout:/usr/bin/ceph: stderr
