2024-04-26T20:41:11.422+0000 7f567e000700 1 -- 172.21.15.1:0/3059151555 <== mon.0 v2:172.21.15.1:3300/0 2 ==== config(26 keys) ==== 1101+0+0 (secure 0 0 0) 0x7f5670004300 con 0x7f5680109730
2024-04-26T20:41:13.285 INFO:teuthology.orchestra.run.smithi001.stdout:/usr/bin/ceph: stderr
2024-04-26T20:41:11.422+0000 7f567e000700 1 -- 172.21.15.1:0/3059151555 <== mon.0 v2:172.21.15.1:3300/0 3 ==== mon_map magic: 0 ==== 205+0+0 (secure 0 0 0) 0x7f5670011a20 con 0x7f5680109730
2024-04-26T20:41:13.285 INFO:teuthology.orchestra.run.smithi001.stdout:/usr/bin/ceph: stderr
2024-04-26T20:41:11.422+0000 7f5686800700 1 -- 172.21.15.1:0/3059151555 >> [v2:172.21.15.1:3300/0,v1:172.21.15.1:6789/0] conn(0x7f5680109730 msgr2=0x7f568010bb20 secure :-1 s=STATE_CONNECTION_ESTABLISHED l=1).mark_down
2024-04-26T20:41:13.285 INFO:teuthology.orchestra.run.smithi001.stdout:/usr/bin/ceph: stderr
2024-04-26T20:41:11.422+0000 7f5686800700 1 --2- 172.21.15.1:0/3059151555 >> [v2:172.21.15.1:3300/0,v1:172.21.15.1:6789/0] conn(0x7f5680109730 0x7f568010bb20 secure :-1 s=READY pgs=55 cs=0 l=1 rev1=1 crypto rx=0x7f56700098a0 tx=0x7f5670009bb0 comp rx=0 tx=0).stop
2024-04-26T20:41:13.285 INFO:teuthology.orchestra.run.smithi001.stdout:/usr/bin/ceph: stderr
2024-04-26T20:41:11.423+0000 7f5686800700 1 -- 172.21.15.1:0/3059151555 shutdown_connections
2024-04-26T20:41:13.288 INFO:teuthology.orchestra.run.smithi001.stdout:/usr/bin/ceph: stderr
2024-04-26T20:41:11.423+0000 7f5686800700 1 --2- 172.21.15.1:0/3059151555 >> [v2:172.21.15.1:3300/0,v1:172.21.15.1:6789/0] conn(0x7f5680109730 0x7f568010bb20 unknown :-1 s=CLOSED pgs=55 cs=0 l=1 rev1=1 crypto rx=0 tx=0 comp rx=0 tx=0).stop
2024-04-26T20:41:13.288 INFO:teuthology.orchestra.run.smithi001.stdout:/usr/bin/ceph: stderr
2024-04-26T20:41:11.423+0000 7f5686800700 1 -- 172.21.15.1:0/3059151555 >> 172.21.15.1:0/3059151555 conn(0x7f5680103140 msgr2=0x7f56801055a0 unknown :-1 s=STATE_NONE l=0).mark_down
2024-04-26T20:41:13.288 INFO:teuthology.orchestra.run.smithi001.stdout:/usr/bin/ceph: stderr
2024-04-26T20:41:11.423+0000 7f5686800700 1 -- 172.21.15.1:0/3059151555 shutdown_connections
2024-04-26T20:41:13.288 INFO:teuthology.orchestra.run.smithi001.stdout:/usr/bin/ceph: stderr
2024-04-26T20:41:11.423+0000 7f5686800700 1 -- 172.21.15.1:0/3059151555 wait complete.
2024-04-26T20:41:13.288 INFO:teuthology.orchestra.run.smithi001.stdout:/usr/bin/ceph: stderr
2024-04-26T20:41:11.424+0000 7f5686800700 1 Processor -- start
2024-04-26T20:41:13.289 INFO:teuthology.orchestra.run.smithi001.stdout:/usr/bin/ceph: stderr
2024-04-26T20:41:11.424+0000 7f5686800700 1 -- start start
2024-04-26T20:41:13.289 INFO:teuthology.orchestra.run.smithi001.stdout:/usr/bin/ceph: stderr
2024-04-26T20:41:11.424+0000 7f5686800700 1 --2- >> [v2:172.21.15.1:3300/0,v1:172.21.15.1:6789/0] conn(0x7f5680109730 0x7f568019ee10 unknown :-1 s=NONE pgs=0 cs=0 l=1 rev1=0 crypto rx=0 tx=0 comp rx=0 tx=0).connect
2024-04-26T20:41:13.289 INFO:teuthology.orchestra.run.smithi001.stdout:/usr/bin/ceph: stderr
2024-04-26T20:41:11.424+0000 7f5686800700 1 -- --> [v2:172.21.15.1:3300/0,v1:172.21.15.1:6789/0] -- mon_getmap magic: 0 -- 0x7f568010d070 con 0x7f5680109730
2024-04-26T20:41:13.289 INFO:teuthology.orchestra.run.smithi001.stdout:/usr/bin/ceph: stderr
2024-04-26T20:41:11.425+0000 7f567f400700 1 --2- >> [v2:172.21.15.1:3300/0,v1:172.21.15.1:6789/0] conn(0x7f5680109730 0x7f568019ee10 unknown :-1 s=BANNER_CONNECTING pgs=0 cs=0 l=1 rev1=0 crypto rx=0 tx=0 comp rx=0 tx=0)._handle_peer_banner_payload supported=3 required=0
2024-04-26T20:41:13.289 INFO:teuthology.orchestra.run.smithi001.stdout:/usr/bin/ceph: stderr
2024-04-26T20:41:11.425+0000 7f567f400700 1 --2- >> [v2:172.21.15.1:3300/0,v1:172.21.15.1:6789/0] conn(0x7f5680109730 0x7f568019ee10 unknown :-1 s=HELLO_CONNECTING pgs=0 cs=0 l=1 rev1=1 crypto rx=0 tx=0 comp rx=0 tx=0).handle_hello peer v2:172.21.15.1:3300/0 says I am v2:172.21.15.1:49224/0 (socket says 172.21.15.1:49224)
2024-04-26T20:41:13.289 INFO:teuthology.orchestra.run.smithi001.stdout:/usr/bin/ceph: stderr
2024-04-26T20:41:11.425+0000 7f567f400700 1 -- 172.21.15.1:0/198418783 learned_addr learned my addr 172.21.15.1:0/198418783 (peer_addr_for_me v2:172.21.15.1:0/0)
2024-04-26T20:41:13.289 INFO:teuthology.orchestra.run.smithi001.stdout:/usr/bin/ceph: stderr
2024-04-26T20:41:11.425+0000 7f567f400700 1 -- 172.21.15.1:0/198418783 --> [v2:172.21.15.1:3300/0,v1:172.21.15.1:6789/0] -- mon_subscribe({config=0+,monmap=0+}) -- 0x7f568019f350 con 0x7f5680109730
2024-04-26T20:41:13.289 INFO:teuthology.orchestra.run.smithi001.stdout:/usr/bin/ceph: stderr
2024-04-26T20:41:11.426+0000 7f567f400700 1 --2- 172.21.15.1:0/198418783 >> [v2:172.21.15.1:3300/0,v1:172.21.15.1:6789/0] conn(0x7f5680109730 0x7f568019ee10 secure :-1 s=READY pgs=56 cs=0 l=1 rev1=1 crypto rx=0x7f56700116e0 tx=0x7f5670011aa0 comp rx=0 tx=0).ready entity=mon.0 client_cookie=0 server_cookie=0 in_seq=0 out_seq=0
2024-04-26T20:41:13.289 INFO:teuthology.orchestra.run.smithi001.stdout:/usr/bin/ceph: stderr
2024-04-26T20:41:11.426+0000 7f5677e00700 1 -- 172.21.15.1:0/198418783 <== mon.0 v2:172.21.15.1:3300/0 1 ==== mon_map magic: 0 ==== 205+0+0 (secure 0 0 0) 0x7f5670003b20 con 0x7f5680109730
2024-04-26T20:41:13.289 INFO:teuthology.orchestra.run.smithi001.stdout:/usr/bin/ceph: stderr
2024-04-26T20:41:11.426+0000 7f5677e00700 1 -- 172.21.15.1:0/198418783 <== mon.0 v2:172.21.15.1:3300/0 2 ==== config(26 keys) ==== 1101+0+0 (secure 0 0 0) 0x7f567001b8f0 con 0x7f5680109730
2024-04-26T20:41:13.289 INFO:teuthology.orchestra.run.smithi001.stdout:/usr/bin/ceph: stderr
2024-04-26T20:41:11.426+0000 7f5677e00700 1 -- 172.21.15.1:0/198418783 <== mon.0 v2:172.21.15.1:3300/0 3 ==== mon_map magic: 0 ==== 205+0+0 (secure 0 0 0) 0x7f56700238c0 con 0x7f5680109730
2024-04-26T20:41:13.289 INFO:teuthology.orchestra.run.smithi001.stdout:/usr/bin/ceph: stderr
2024-04-26T20:41:11.426+0000 7f5686800700 1 -- 172.21.15.1:0/198418783 --> [v2:172.21.15.1:3300/0,v1:172.21.15.1:6789/0] -- mon_subscribe({mgrmap=0+}) -- 0x7f568019f5e0 con 0x7f5680109730
2024-04-26T20:41:13.289 INFO:teuthology.orchestra.run.smithi001.stdout:/usr/bin/ceph: stderr
2024-04-26T20:41:11.426+0000 7f5686800700 1 -- 172.21.15.1:0/198418783 --> [v2:172.21.15.1:3300/0,v1:172.21.15.1:6789/0] -- mon_subscribe({osdmap=0}) -- 0x7f56801a22d0 con 0x7f5680109730
2024-04-26T20:41:13.290 INFO:teuthology.orchestra.run.smithi001.stdout:/usr/bin/ceph: stderr
2024-04-26T20:41:11.427+0000 7f5677e00700 1 -- 172.21.15.1:0/198418783 <== mon.0 v2:172.21.15.1:3300/0 4 ==== mgrmap(e 8) ==== 46558+0+0 (secure 0 0 0) 0x7f567001baa0 con 0x7f5680109730
2024-04-26T20:41:13.290 INFO:teuthology.orchestra.run.smithi001.stdout:/usr/bin/ceph: stderr
2024-04-26T20:41:11.427+0000 7f5686800700 1 -- 172.21.15.1:0/198418783 --> [v2:172.21.15.1:3300/0,v1:172.21.15.1:6789/0] -- mon_command({"prefix": "get_command_descriptions"} v 0) -- 0x7f5680064a80 con 0x7f5680109730
2024-04-26T20:41:13.290 INFO:teuthology.orchestra.run.smithi001.stdout:/usr/bin/ceph: stderr
2024-04-26T20:41:11.428+0000 7f5677e00700 1 --2- 172.21.15.1:0/198418783 >> [v2:172.21.15.1:6800/4064592431,v1:172.21.15.1:6801/4064592431] conn(0x7f56640395b0 0x7f566403ba70 unknown :-1 s=NONE pgs=0 cs=0 l=1 rev1=0 crypto rx=0 tx=0 comp rx=0 tx=0).connect
2024-04-26T20:41:13.290 INFO:teuthology.orchestra.run.smithi001.stdout:/usr/bin/ceph: stderr
2024-04-26T20:41:11.428+0000 7f5677e00700 1 -- 172.21.15.1:0/198418783 <== mon.0 v2:172.21.15.1:3300/0 5 ==== osd_map(2..2 src has 1..2) ==== 940+0+0 (secure 0 0 0) 0x7f567004e000 con 0x7f5680109730
2024-04-26T20:41:13.290 INFO:teuthology.orchestra.run.smithi001.stdout:/usr/bin/ceph: stderr
2024-04-26T20:41:11.428+0000 7f567ea00700 1 --2- 172.21.15.1:0/198418783 >> [v2:172.21.15.1:6800/4064592431,v1:172.21.15.1:6801/4064592431] conn(0x7f56640395b0 0x7f566403ba70 unknown :-1 s=BANNER_CONNECTING pgs=0 cs=0 l=1 rev1=0 crypto rx=0 tx=0 comp rx=0 tx=0)._handle_peer_banner_payload supported=3 required=0
2024-04-26T20:41:13.291 INFO:teuthology.orchestra.run.smithi001.stdout:/usr/bin/ceph: stderr
2024-04-26T20:41:11.429+0000 7f567ea00700 1 --2- 172.21.15.1:0/198418783 >> [v2:172.21.15.1:6800/4064592431,v1:172.21.15.1:6801/4064592431] conn(0x7f56640395b0 0x7f566403ba70 secure :-1 s=READY pgs=16 cs=0 l=1 rev1=1 crypto rx=0x7f566c006fd0 tx=0x7f566c006e40 comp rx=0 tx=0).ready entity=mgr.14120 client_cookie=0 server_cookie=0 in_seq=0 out_seq=0
2024-04-26T20:41:13.292 INFO:teuthology.orchestra.run.smithi001.stdout:/usr/bin/ceph: stderr
2024-04-26T20:41:11.433+0000 7f5677e00700 1 -- 172.21.15.1:0/198418783 <== mon.0 v2:172.21.15.1:3300/0 6 ==== mon_command_ack([{"prefix": "get_command_descriptions"}]=0 v0) ==== 72+0+188494 (secure 0 0 0) 0x7f567001f030 con 0x7f5680109730
2024-04-26T20:41:13.292 INFO:teuthology.orchestra.run.smithi001.stdout:/usr/bin/ceph: stderr
2024-04-26T20:41:11.755+0000 7f5686800700 1 -- 172.21.15.1:0/198418783 --> [v2:172.21.15.1:3300/0,v1:172.21.15.1:6789/0] -- mon_command({"prefix": "mgr module enable", "module": "dashboard"} v 0) -- 0x7f56801a2880 con 0x7f5680109730
2024-04-26T20:41:13.292 INFO:teuthology.orchestra.run.smithi001.stdout:/usr/bin/ceph: stderr
2024-04-26T20:41:12.566+0000 7f5677e00700 1 -- 172.21.15.1:0/198418783 <== mon.0 v2:172.21.15.1:3300/0 7 ==== mon_command_ack([{"prefix": "mgr module enable", "module": "dashboard"}]=0 v9) ==== 88+0+0 (secure 0 0 0) 0x7f567000be50 con 0x7f5680109730
2024-04-26T20:41:13.292 INFO:teuthology.orchestra.run.smithi001.stdout:/usr/bin/ceph: stderr
2024-04-26T20:41:12.568+0000 7f5677e00700 1 -- 172.21.15.1:0/198418783 <== mon.0 v2:172.21.15.1:3300/0 8 ==== mgrmap(e 9) ==== 46571+0+0 (secure 0 0 0) 0x7f5670023a60 con 0x7f5680109730
2024-04-26T20:41:13.292 INFO:teuthology.orchestra.run.smithi001.stdout:/usr/bin/ceph: stderr
2024-04-26T20:41:12.571+0000 7f5686800700 1 -- 172.21.15.1:0/198418783 >> [v2:172.21.15.1:6800/4064592431,v1:172.21.15.1:6801/4064592431] conn(0x7f56640395b0 msgr2=0x7f566403ba70 secure :-1 s=STATE_CONNECTION_ESTABLISHED l=1).mark_down
2024-04-26T20:41:13.292 INFO:teuthology.orchestra.run.smithi001.stdout:/usr/bin/ceph: stderr
2024-04-26T20:41:12.571+0000 7f5686800700 1 --2- 172.21.15.1:0/198418783 >> [v2:172.21.15.1:6800/4064592431,v1:172.21.15.1:6801/4064592431] conn(0x7f56640395b0 0x7f566403ba70 secure :-1 s=READY pgs=16 cs=0 l=1 rev1=1 crypto rx=0x7f566c006fd0 tx=0x7f566c006e40 comp rx=0 tx=0).stop
2024-04-26T20:41:13.292 INFO:teuthology.orchestra.run.smithi001.stdout:/usr/bin/ceph: stderr
2024-04-26T20:41:12.571+0000 7f5686800700 1 -- 172.21.15.1:0/198418783 >> [v2:172.21.15.1:3300/0,v1:172.21.15.1:6789/0] conn(0x7f5680109730 msgr2=0x7f568019ee10 secure :-1 s=STATE_CONNECTION_ESTABLISHED l=1).mark_down
2024-04-26T20:41:13.292 INFO:teuthology.orchestra.run.smithi001.stdout:/usr/bin/ceph: stderr
2024-04-26T20:41:12.571+0000 7f5686800700 1 --2- 172.21.15.1:0/198418783 >> [v2:172.21.15.1:3300/0,v1:172.21.15.1:6789/0] conn(0x7f5680109730 0x7f568019ee10 secure :-1 s=READY pgs=56 cs=0 l=1 rev1=1 crypto rx=0x7f56700116e0 tx=0x7f5670011aa0 comp rx=0 tx=0).stop
2024-04-26T20:41:13.292 INFO:teuthology.orchestra.run.smithi001.stdout:/usr/bin/ceph: stderr
2024-04-26T20:41:12.571+0000 7f5686800700 1 -- 172.21.15.1:0/198418783 shutdown_connections
2024-04-26T20:41:13.292 INFO:teuthology.orchestra.run.smithi001.stdout:/usr/bin/ceph: stderr
2024-04-26T20:41:12.571+0000 7f5686800700 1 --2- 172.21.15.1:0/198418783 >> [v2:172.21.15.1:6800/4064592431,v1:172.21.15.1:6801/4064592431] conn(0x7f56640395b0 0x7f566403ba70 unknown :-1 s=CLOSED pgs=16 cs=0 l=1 rev1=1 crypto rx=0 tx=0 comp rx=0 tx=0).stop
2024-04-26T20:41:13.292 INFO:teuthology.orchestra.run.smithi001.stdout:/usr/bin/ceph: stderr
2024-04-26T20:41:12.571+0000 7f5686800700 1 --2- 172.21.15.1:0/198418783 >> [v2:172.21.15.1:3300/0,v1:172.21.15.1:6789/0] conn(0x7f5680109730 0x7f568019ee10 unknown :-1 s=CLOSED pgs=56 cs=0 l=1 rev1=1 crypto rx=0 tx=0 comp rx=0 tx=0).stop
2024-04-26T20:41:13.292 INFO:teuthology.orchestra.run.smithi001.stdout:/usr/bin/ceph: stderr
2024-04-26T20:41:12.571+0000 7f5686800700 1 -- 172.21.15.1:0/198418783 >> 172.21.15.1:0/198418783 conn(0x7f5680103140 msgr2=0x7f5680103bf0 unknown :-1 s=STATE_NONE l=0).mark_down
2024-04-26T20:41:13.292 INFO:teuthology.orchestra.run.smithi001.stdout:/usr/bin/ceph: stderr
2024-04-26T20:41:12.571+0000 7f5686800700 1 -- 172.21.15.1:0/198418783 shutdown_connections
2024-04-26T20:41:13.292 INFO:teuthology.orchestra.run.smithi001.stdout:/usr/bin/ceph: stderr
2024-04-26T20:41:12.571+0000 7f5686800700 1 -- 172.21.15.1:0/198418783 wait complete.
2024-04-26T20:41:13.445 INFO:journalctl@ceph.mgr.x.smithi001.stdout:Apr 26 20:41:13 smithi001 ceph-0103f252-040d-11ef-bc93-c7b262605968-mgr-x[28239]:
2024-04-26T20:41:13.286+0000 7faa0108d200 -1 mgr[py] Module snap_schedule has missing NOTIFY_TYPES member
2024-04-26T20:41:13.717 INFO:journalctl@ceph.mon.a.smithi001.stdout:Apr 26 20:41:13 smithi001 ceph-mon[28002]: from='client.? 172.21.15.1:0/198418783' entity='client.admin' cmd='[{"prefix": "mgr module enable", "module": "dashboard"}]': finished
2024-04-26T20:41:13.717 INFO:journalctl@ceph.mon.a.smithi001.stdout:Apr 26 20:41:13 smithi001 ceph-mon[28002]: mgrmap e9: x(active, since 25s)
2024-04-26T20:41:13.967 INFO:journalctl@ceph.mgr.x.smithi001.stdout:Apr 26 20:41:13 smithi001 ceph-0103f252-040d-11ef-bc93-c7b262605968-mgr-x[28239]:
2024-04-26T20:41:13.715+0000 7faa0108d200 -1 mgr[py] Module progress has missing NOTIFY_TYPES member
2024-04-26T20:41:13.967 INFO:journalctl@ceph.mgr.x.smithi001.stdout:Apr 26 20:41:13 smithi001 ceph-0103f252-040d-11ef-bc93-c7b262605968-mgr-x[28239]:
2024-04-26T20:41:13.832+0000 7faa0108d200 -1 mgr[py] Module influx has missing NOTIFY_TYPES member
2024-04-26T20:41:14.848 INFO:journalctl@ceph.mon.a.smithi001.stdout:Apr 26 20:41:14 smithi001 ceph-mon[28002]: from='client.? 172.21.15.1:0/2650098432' entity='client.admin' cmd=[{"prefix": "mgr stat"}]: dispatch
2024-04-26T20:41:15.237 INFO:teuthology.orchestra.run.smithi001.stdout:/usr/bin/ceph: stdout {
2024-04-26T20:41:15.238 INFO:teuthology.orchestra.run.smithi001.stdout:/usr/bin/ceph: stdout "epoch": 9,
2024-04-26T20:41:15.238 INFO:teuthology.orchestra.run.smithi001.stdout:/usr/bin/ceph: stdout "available": true,
2024-04-26T20:41:15.238 INFO:teuthology.orchestra.run.smithi001.stdout:/usr/bin/ceph: stdout "active_name": "x",
2024-04-26T20:41:15.238 INFO:teuthology.orchestra.run.smithi001.stdout:/usr/bin/ceph: stdout "num_standby": 0
2024-04-26T20:41:15.238 INFO:teuthology.orchestra.run.smithi001.stdout:/usr/bin/ceph: stdout }
2024-04-26T20:41:15.238 INFO:teuthology.orchestra.run.smithi001.stdout:/usr/bin/ceph: stderr
2024-04-26T20:41:13.964+0000 7ff790600700 1 Processor -- start
2024-04-26T20:41:15.238 INFO:teuthology.orchestra.run.smithi001.stdout:/usr/bin/ceph: stderr
2024-04-26T20:41:13.965+0000 7ff790600700 1 -- start start
2024-04-26T20:41:15.238 INFO:teuthology.orchestra.run.smithi001.stdout:/usr/bin/ceph: stderr
2024-04-26T20:41:13.965+0000 7ff790600700 1 --2- >> [v2:172.21.15.1:3300/0,v1:172.21.15.1:6789/0] conn(0x7ff788107560 0x7ff788107980 unknown :-1 s=NONE pgs=0 cs=0 l=0 rev1=0 crypto rx=0 tx=0 comp rx=0 tx=0).connect
2024-04-26T20:41:15.238 INFO:teuthology.orchestra.run.smithi001.stdout:/usr/bin/ceph: stderr
2024-04-26T20:41:13.965+0000 7ff790600700 1 -- --> [v2:172.21.15.1:3300/0,v1:172.21.15.1:6789/0] -- mon_getmap magic: 0 -- 0x7ff78807ce30 con 0x7ff788107560
2024-04-26T20:41:15.238 INFO:teuthology.orchestra.run.smithi001.stdout:/usr/bin/ceph: stderr
2024-04-26T20:41:13.966+0000 7ff78dc00700 1 --2- >> [v2:172.21.15.1:3300/0,v1:172.21.15.1:6789/0] conn(0x7ff788107560 0x7ff788107980 unknown :-1 s=BANNER_CONNECTING pgs=0 cs=0 l=0 rev1=0 crypto rx=0 tx=0 comp rx=0 tx=0)._handle_peer_banner_payload supported=3 required=0
2024-04-26T20:41:15.238 INFO:teuthology.orchestra.run.smithi001.stdout:/usr/bin/ceph: stderr
2024-04-26T20:41:13.966+0000 7ff78dc00700 1 --2- >> [v2:172.21.15.1:3300/0,v1:172.21.15.1:6789/0] conn(0x7ff788107560 0x7ff788107980 unknown :-1 s=HELLO_CONNECTING pgs=0 cs=0 l=0 rev1=1 crypto rx=0 tx=0 comp rx=0 tx=0).handle_hello peer v2:172.21.15.1:3300/0 says I am v2:172.21.15.1:40756/0 (socket says 172.21.15.1:40756)
2024-04-26T20:41:15.238 INFO:teuthology.orchestra.run.smithi001.stdout:/usr/bin/ceph: stderr
2024-04-26T20:41:13.966+0000 7ff78dc00700 1 -- 172.21.15.1:0/1694140482 learned_addr learned my addr 172.21.15.1:0/1694140482 (peer_addr_for_me v2:172.21.15.1:0/0)
2024-04-26T20:41:15.239 INFO:teuthology.orchestra.run.smithi001.stdout:/usr/bin/ceph: stderr
2024-04-26T20:41:13.966+0000 7ff78dc00700 1 -- 172.21.15.1:0/1694140482 --> [v2:172.21.15.1:3300/0,v1:172.21.15.1:6789/0] -- mon_subscribe({config=0+,monmap=0+}) -- 0x7ff788107ec0 con 0x7ff788107560
2024-04-26T20:41:15.239 INFO:teuthology.orchestra.run.smithi001.stdout:/usr/bin/ceph: stderr
2024-04-26T20:41:13.967+0000 7ff78dc00700 1 --2- 172.21.15.1:0/1694140482 >> [v2:172.21.15.1:3300/0,v1:172.21.15.1:6789/0] conn(0x7ff788107560 0x7ff788107980 secure :-1 s=READY pgs=59 cs=0 l=1 rev1=1 crypto rx=0x7ff77c0098a0 tx=0x7ff77c009bb0 comp rx=0 tx=0).ready entity=mon.0 client_cookie=c6354dd0923d8b92 server_cookie=0 in_seq=0 out_seq=0
2024-04-26T20:41:15.239 INFO:teuthology.orchestra.run.smithi001.stdout:/usr/bin/ceph: stderr
2024-04-26T20:41:13.967+0000 7ff787e00700 1 -- 172.21.15.1:0/1694140482 <== mon.0 v2:172.21.15.1:3300/0 1 ==== mon_map magic: 0 ==== 205+0+0 (secure 0 0 0) 0x7ff77c004160 con 0x7ff788107560
2024-04-26T20:41:15.239 INFO:teuthology.orchestra.run.smithi001.stdout:/usr/bin/ceph: stderr
2024-04-26T20:41:13.967+0000 7ff787e00700 1 -- 172.21.15.1:0/1694140482 <== mon.0 v2:172.21.15.1:3300/0 2 ==== config(26 keys) ==== 1101+0+0 (secure 0 0 0) 0x7ff77c004300 con 0x7ff788107560
2024-04-26T20:41:15.239 INFO:teuthology.orchestra.run.smithi001.stdout:/usr/bin/ceph: stderr
2024-04-26T20:41:13.967+0000 7ff787e00700 1 -- 172.21.15.1:0/1694140482 <== mon.0 v2:172.21.15.1:3300/0 3 ==== mon_map magic: 0 ==== 205+0+0 (secure 0 0 0) 0x7ff77c011a20 con 0x7ff788107560
2024-04-26T20:41:15.239 INFO:teuthology.orchestra.run.smithi001.stdout:/usr/bin/ceph: stderr
2024-04-26T20:41:13.968+0000 7ff790600700 1 -- 172.21.15.1:0/1694140482 >> [v2:172.21.15.1:3300/0,v1:172.21.15.1:6789/0] conn(0x7ff788107560 msgr2=0x7ff788107980 secure :-1 s=STATE_CONNECTION_ESTABLISHED l=1).mark_down
2024-04-26T20:41:15.239 INFO:teuthology.orchestra.run.smithi001.stdout:/usr/bin/ceph: stderr
2024-04-26T20:41:13.968+0000 7ff790600700 1 --2- 172.21.15.1:0/1694140482 >> [v2:172.21.15.1:3300/0,v1:172.21.15.1:6789/0] conn(0x7ff788107560 0x7ff788107980 secure :-1 s=READY pgs=59 cs=0 l=1 rev1=1 crypto rx=0x7ff77c0098a0 tx=0x7ff77c009bb0 comp rx=0 tx=0).stop
2024-04-26T20:41:15.239 INFO:teuthology.orchestra.run.smithi001.stdout:/usr/bin/ceph: stderr
2024-04-26T20:41:13.968+0000 7ff790600700 1 -- 172.21.15.1:0/1694140482 shutdown_connections
2024-04-26T20:41:15.239 INFO:teuthology.orchestra.run.smithi001.stdout:/usr/bin/ceph: stderr
2024-04-26T20:41:13.968+0000 7ff790600700 1 --2- 172.21.15.1:0/1694140482 >> [v2:172.21.15.1:3300/0,v1:172.21.15.1:6789/0] conn(0x7ff788107560 0x7ff788107980 unknown :-1 s=CLOSED pgs=59 cs=0 l=1 rev1=1 crypto rx=0 tx=0 comp rx=0 tx=0).stop
2024-04-26T20:41:15.239 INFO:teuthology.orchestra.run.smithi001.stdout:/usr/bin/ceph: stderr
2024-04-26T20:41:13.968+0000 7ff790600700 1 -- 172.21.15.1:0/1694140482 >> 172.21.15.1:0/1694140482 conn(0x7ff788103140 msgr2=0x7ff788105560 unknown :-1 s=STATE_NONE l=0).mark_down
2024-04-26T20:41:15.239 INFO:teuthology.orchestra.run.smithi001.stdout:/usr/bin/ceph: stderr
2024-04-26T20:41:13.968+0000 7ff790600700 1 -- 172.21.15.1:0/1694140482 shutdown_connections
2024-04-26T20:41:15.239 INFO:teuthology.orchestra.run.smithi001.stdout:/usr/bin/ceph: stderr
2024-04-26T20:41:13.968+0000 7ff790600700 1 -- 172.21.15.1:0/1694140482 wait complete.
2024-04-26T20:41:15.239 INFO:teuthology.orchestra.run.smithi001.stdout:/usr/bin/ceph: stderr
2024-04-26T20:41:13.969+0000 7ff790600700 1 Processor -- start
2024-04-26T20:41:15.239 INFO:teuthology.orchestra.run.smithi001.stdout:/usr/bin/ceph: stderr
2024-04-26T20:41:13.969+0000 7ff790600700 1 -- start start
2024-04-26T20:41:15.239 INFO:teuthology.orchestra.run.smithi001.stdout:/usr/bin/ceph: stderr
2024-04-26T20:41:13.970+0000 7ff790600700 1 --2- >> [v2:172.21.15.1:3300/0,v1:172.21.15.1:6789/0] conn(0x7ff788107560 0x7ff78819edb0 unknown :-1 s=NONE pgs=0 cs=0 l=1 rev1=0 crypto rx=0 tx=0 comp rx=0 tx=0).connect
2024-04-26T20:41:15.240 INFO:teuthology.orchestra.run.smithi001.stdout:/usr/bin/ceph: stderr
2024-04-26T20:41:13.970+0000 7ff790600700 1 -- --> [v2:172.21.15.1:3300/0,v1:172.21.15.1:6789/0] -- mon_getmap magic: 0 -- 0x7ff788108f30 con 0x7ff788107560
2024-04-26T20:41:15.240 INFO:teuthology.orchestra.run.smithi001.stdout:/usr/bin/ceph: stderr
2024-04-26T20:41:13.970+0000 7ff78dc00700 1 --2- >> [v2:172.21.15.1:3300/0,v1:172.21.15.1:6789/0] conn(0x7ff788107560 0x7ff78819edb0 unknown :-1 s=BANNER_CONNECTING pgs=0 cs=0 l=1 rev1=0 crypto rx=0 tx=0 comp rx=0 tx=0)._handle_peer_banner_payload supported=3 required=0
2024-04-26T20:41:15.240 INFO:teuthology.orchestra.run.smithi001.stdout:/usr/bin/ceph: stderr
2024-04-26T20:41:13.970+0000 7ff78dc00700 1 --2- >> [v2:172.21.15.1:3300/0,v1:172.21.15.1:6789/0] conn(0x7ff788107560 0x7ff78819edb0 unknown :-1 s=HELLO_CONNECTING pgs=0 cs=0 l=1 rev1=1 crypto rx=0 tx=0 comp rx=0 tx=0).handle_hello peer v2:172.21.15.1:3300/0 says I am v2:172.21.15.1:40770/0 (socket says 172.21.15.1:40770)
2024-04-26T20:41:15.240 INFO:teuthology.orchestra.run.smithi001.stdout:/usr/bin/ceph: stderr
2024-04-26T20:41:13.970+0000 7ff78dc00700 1 -- 172.21.15.1:0/2650098432 learned_addr learned my addr 172.21.15.1:0/2650098432 (peer_addr_for_me v2:172.21.15.1:0/0)
2024-04-26T20:41:15.240 INFO:teuthology.orchestra.run.smithi001.stdout:/usr/bin/ceph: stderr
2024-04-26T20:41:13.970+0000 7ff78dc00700 1 -- 172.21.15.1:0/2650098432 --> [v2:172.21.15.1:3300/0,v1:172.21.15.1:6789/0] -- mon_subscribe({config=0+,monmap=0+}) -- 0x7ff78819f2f0 con 0x7ff788107560
2024-04-26T20:41:15.240 INFO:teuthology.orchestra.run.smithi001.stdout:/usr/bin/ceph: stderr
2024-04-26T20:41:13.971+0000 7ff78dc00700 1 --2- 172.21.15.1:0/2650098432 >> [v2:172.21.15.1:3300/0,v1:172.21.15.1:6789/0] conn(0x7ff788107560 0x7ff78819edb0 secure :-1 s=READY pgs=60 cs=0 l=1 rev1=1 crypto rx=0x7ff77c000c00 tx=0x7ff77c011aa0 comp rx=0 tx=0).ready entity=mon.0 client_cookie=0 server_cookie=0 in_seq=0 out_seq=0
2024-04-26T20:41:15.240 INFO:teuthology.orchestra.run.smithi001.stdout:/usr/bin/ceph: stderr
2024-04-26T20:41:13.971+0000 7ff786000700 1 -- 172.21.15.1:0/2650098432 <== mon.0 v2:172.21.15.1:3300/0 1 ==== mon_map magic: 0 ==== 205+0+0 (secure 0 0 0) 0x7ff77c003aa0 con 0x7ff788107560
2024-04-26T20:41:15.240 INFO:teuthology.orchestra.run.smithi001.stdout:/usr/bin/ceph: stderr
2024-04-26T20:41:13.971+0000 7ff786000700 1 -- 172.21.15.1:0/2650098432 <== mon.0 v2:172.21.15.1:3300/0 2 ==== config(26 keys) ==== 1101+0+0 (secure 0 0 0) 0x7ff77c01b8f0 con 0x7ff788107560
2024-04-26T20:41:15.240 INFO:teuthology.orchestra.run.smithi001.stdout:/usr/bin/ceph: stderr
2024-04-26T20:41:13.971+0000 7ff790600700 1 -- 172.21.15.1:0/2650098432 --> [v2:172.21.15.1:3300/0,v1:172.21.15.1:6789/0] -- mon_subscribe({mgrmap=0+}) -- 0x7ff78819f580 con 0x7ff788107560
2024-04-26T20:41:15.240 INFO:teuthology.orchestra.run.smithi001.stdout:/usr/bin/ceph: stderr
2024-04-26T20:41:13.971+0000 7ff786000700 1 -- 172.21.15.1:0/2650098432 <== mon.0 v2:172.21.15.1:3300/0 3 ==== mon_map magic: 0 ==== 205+0+0 (secure 0 0 0) 0x7ff77c023870 con 0x7ff788107560
2024-04-26T20:41:15.240 INFO:teuthology.orchestra.run.smithi001.stdout:/usr/bin/ceph: stderr
2024-04-26T20:41:13.971+0000 7ff790600700 1 -- 172.21.15.1:0/2650098432 --> [v2:172.21.15.1:3300/0,v1:172.21.15.1:6789/0] -- mon_subscribe({osdmap=0}) -- 0x7ff7881a2230 con 0x7ff788107560
2024-04-26T20:41:15.240 INFO:teuthology.orchestra.run.smithi001.stdout:/usr/bin/ceph: stderr
2024-04-26T20:41:13.972+0000 7ff790600700 1 -- 172.21.15.1:0/2650098432 --> [v2:172.21.15.1:3300/0,v1:172.21.15.1:6789/0] -- mon_command({"prefix": "get_command_descriptions"} v 0) -- 0x7ff788064a80 con 0x7ff788107560
2024-04-26T20:41:15.240 INFO:teuthology.orchestra.run.smithi001.stdout:/usr/bin/ceph: stderr
2024-04-26T20:41:13.972+0000 7ff786000700 1 -- 172.21.15.1:0/2650098432 <== mon.0 v2:172.21.15.1:3300/0 4 ==== mgrmap(e 9) ==== 46571+0+0 (secure 0 0 0) 0x7ff77c023b70 con 0x7ff788107560
2024-04-26T20:41:15.240 INFO:teuthology.orchestra.run.smithi001.stdout:/usr/bin/ceph: stderr
2024-04-26T20:41:13.973+0000 7ff786000700 1 --2- 172.21.15.1:0/2650098432 >> [v2:172.21.15.1:6800/4064592431,v1:172.21.15.1:6801/4064592431] conn(0x7ff770039600 0x7ff77003bac0 unknown :-1 s=NONE pgs=0 cs=0 l=1 rev1=0 crypto rx=0 tx=0 comp rx=0 tx=0).connect
2024-04-26T20:41:15.241 INFO:teuthology.orchestra.run.smithi001.stdout:/usr/bin/ceph: stderr
2024-04-26T20:41:13.973+0000 7ff786000700 1 -- 172.21.15.1:0/2650098432 <== mon.0 v2:172.21.15.1:3300/0 5 ==== osd_map(2..2 src has 1..2) ==== 940+0+0 (secure 0 0 0) 0x7ff77c04df90 con 0x7ff788107560
2024-04-26T20:41:15.241 INFO:teuthology.orchestra.run.smithi001.stdout:/usr/bin/ceph: stderr
2024-04-26T20:41:13.973+0000 7ff78d200700 1 -- 172.21.15.1:0/2650098432 >> [v2:172.21.15.1:6800/4064592431,v1:172.21.15.1:6801/4064592431] conn(0x7ff770039600 msgr2=0x7ff77003bac0 unknown :-1 s=STATE_CONNECTING_RE l=1).process reconnect failed to v2:172.21.15.1:6800/4064592431
2024-04-26T20:41:15.241 INFO:teuthology.orchestra.run.smithi001.stdout:/usr/bin/ceph: stderr
2024-04-26T20:41:13.973+0000 7ff78d200700 1 --2- 172.21.15.1:0/2650098432 >> [v2:172.21.15.1:6800/4064592431,v1:172.21.15.1:6801/4064592431] conn(0x7ff770039600 0x7ff77003bac0 unknown :-1 s=START_CONNECT pgs=0 cs=0 l=1 rev1=0 crypto rx=0 tx=0 comp rx=0 tx=0)._fault waiting 0.200000
2024-04-26T20:41:15.241 INFO:teuthology.orchestra.run.smithi001.stdout:/usr/bin/ceph: stderr
2024-04-26T20:41:13.978+0000 7ff786000700 1 -- 172.21.15.1:0/2650098432 <== mon.0 v2:172.21.15.1:3300/0 6 ==== mon_command_ack([{"prefix": "get_command_descriptions"}]=0 v0) ==== 72+0+188494 (secure 0 0 0) 0x7ff77c01f030 con 0x7ff788107560
2024-04-26T20:41:15.241 INFO:teuthology.orchestra.run.smithi001.stdout:/usr/bin/ceph: stderr
2024-04-26T20:41:14.174+0000 7ff78d200700 1 -- 172.21.15.1:0/2650098432 >> [v2:172.21.15.1:6800/4064592431,v1:172.21.15.1:6801/4064592431] conn(0x7ff770039600 msgr2=0x7ff77003bac0 unknown :-1 s=STATE_CONNECTING_RE l=1).process reconnect failed to v2:172.21.15.1:6800/4064592431
2024-04-26T20:41:15.241 INFO:teuthology.orchestra.run.smithi001.stdout:/usr/bin/ceph: stderr
2024-04-26T20:41:14.174+0000 7ff78d200700 1 --2- 172.21.15.1:0/2650098432 >> [v2:172.21.15.1:6800/4064592431,v1:172.21.15.1:6801/4064592431] conn(0x7ff770039600 0x7ff77003bac0 unknown :-1 s=START_CONNECT pgs=0 cs=0 l=1 rev1=0 crypto rx=0 tx=0 comp rx=0 tx=0)._fault waiting 0.400000
2024-04-26T20:41:15.241 INFO:teuthology.orchestra.run.smithi001.stdout:/usr/bin/ceph: stderr
2024-04-26T20:41:14.279+0000 7ff790600700 1 -- 172.21.15.1:0/2650098432 --> [v2:172.21.15.1:3300/0,v1:172.21.15.1:6789/0] -- mon_command({"prefix": "mgr stat"} v 0) -- 0x7ff788064030 con 0x7ff788107560
2024-04-26T20:41:15.241 INFO:teuthology.orchestra.run.smithi001.stdout:/usr/bin/ceph: stderr
2024-04-26T20:41:14.280+0000 7ff786000700 1 -- 172.21.15.1:0/2650098432 <== mon.0 v2:172.21.15.1:3300/0 7 ==== mon_command_ack([{"prefix": "mgr stat"}]=0 v9) ==== 56+0+88 (secure 0 0 0) 0x7ff77c01a3d0 con 0x7ff788107560
2024-04-26T20:41:15.241 INFO:teuthology.orchestra.run.smithi001.stdout:/usr/bin/ceph: stderr
2024-04-26T20:41:14.283+0000 7ff790600700 1 -- 172.21.15.1:0/2650098432 >> [v2:172.21.15.1:6800/4064592431,v1:172.21.15.1:6801/4064592431] conn(0x7ff770039600 msgr2=0x7ff77003bac0 unknown :-1 s=STATE_CONNECTING l=1).mark_down
2024-04-26T20:41:15.241 INFO:teuthology.orchestra.run.smithi001.stdout:/usr/bin/ceph: stderr
2024-04-26T20:41:14.283+0000 7ff790600700 1 --2- 172.21.15.1:0/2650098432 >> [v2:172.21.15.1:6800/4064592431,v1:172.21.15.1:6801/4064592431] conn(0x7ff770039600 0x7ff77003bac0 unknown :-1 s=START_CONNECT pgs=0 cs=0 l=1 rev1=0 crypto rx=0 tx=0 comp rx=0 tx=0).stop
2024-04-26T20:41:15.241 INFO:teuthology.orchestra.run.smithi001.stdout:/usr/bin/ceph: stderr
2024-04-26T20:41:14.283+0000 7ff790600700 1 -- 172.21.15.1:0/2650098432 >> [v2:172.21.15.1:3300/0,v1:172.21.15.1:6789/0] conn(0x7ff788107560 msgr2=0x7ff78819edb0 secure :-1 s=STATE_CONNECTION_ESTABLISHED l=1).mark_down
2024-04-26T20:41:15.241 INFO:teuthology.orchestra.run.smithi001.stdout:/usr/bin/ceph: stderr
2024-04-26T20:41:14.283+0000 7ff790600700 1 --2- 172.21.15.1:0/2650098432 >> [v2:172.21.15.1:3300/0,v1:172.21.15.1:6789/0] conn(0x7ff788107560 0x7ff78819edb0 secure :-1 s=READY pgs=60 cs=0 l=1 rev1=1 crypto rx=0x7ff77c000c00 tx=0x7ff77c011aa0 comp rx=0 tx=0).stop
2024-04-26T20:41:15.241 INFO:teuthology.orchestra.run.smithi001.stdout:/usr/bin/ceph: stderr
2024-04-26T20:41:14.283+0000 7ff790600700 1 -- 172.21.15.1:0/2650098432 shutdown_connections
2024-04-26T20:41:15.241 INFO:teuthology.orchestra.run.smithi001.stdout:/usr/bin/ceph: stderr
2024-04-26T20:41:14.283+0000 7ff790600700 1 --2- 172.21.15.1:0/2650098432 >> [v2:172.21.15.1:6800/4064592431,v1:172.21.15.1:6801/4064592431] conn(0x7ff770039600 0x7ff77003bac0 unknown :-1 s=CLOSED pgs=0 cs=0 l=1 rev1=0 crypto rx=0 tx=0 comp rx=0 tx=0).stop
2024-04-26T20:41:15.242 INFO:teuthology.orchestra.run.smithi001.stdout:/usr/bin/ceph: stderr
2024-04-26T20:41:14.283+0000 7ff790600700 1 --2- 172.21.15.1:0/2650098432 >> [v2:172.21.15.1:3300/0,v1:172.21.15.1:6789/0] conn(0x7ff788107560 0x7ff78819edb0 unknown :-1 s=CLOSED pgs=60 cs=0 l=1 rev1=1 crypto rx=0 tx=0 comp rx=0 tx=0).stop
2024-04-26T20:41:15.242 INFO:teuthology.orchestra.run.smithi001.stdout:/usr/bin/ceph: stderr
2024-04-26T20:41:14.283+0000 7ff790600700 1 -- 172.21.15.1:0/2650098432 >> 172.21.15.1:0/2650098432 conn(0x7ff788103140 msgr2=0x7ff788195a70 unknown :-1 s=STATE_NONE l=0).mark_down
2024-04-26T20:41:15.242 INFO:teuthology.orchestra.run.smithi001.stdout:/usr/bin/ceph: stderr
2024-04-26T20:41:14.283+0000 7ff790600700 1 -- 172.21.15.1:0/2650098432 shutdown_connections
2024-04-26T20:41:15.242 INFO:teuthology.orchestra.run.smithi001.stdout:/usr/bin/ceph: stderr
2024-04-26T20:41:14.283+0000 7ff790600700 1 -- 172.21.15.1:0/2650098432 wait complete.
2024-04-26T20:41:15.242 INFO:teuthology.orchestra.run.smithi001.stdout:Waiting for the mgr to restart...
2024-04-26T20:41:15.242 INFO:teuthology.orchestra.run.smithi001.stdout:Waiting for mgr epoch 9...
2024-04-26T20:41:15.491 INFO:journalctl@ceph.mgr.x.smithi001.stdout:Apr 26 20:41:15 smithi001 ceph-0103f252-040d-11ef-bc93-c7b262605968-mgr-x[28239]:
2024-04-26T20:41:15.446+0000 7faa0108d200 -1 mgr[py] Module telegraf has missing NOTIFY_TYPES member
2024-04-26T20:41:15.848 INFO:journalctl@ceph.mgr.x.smithi001.stdout:Apr 26 20:41:15 smithi001 ceph-0103f252-040d-11ef-bc93-c7b262605968-mgr-x[28239]:
2024-04-26T20:41:15.682+0000 7faa0108d200 -1 mgr[py] Module osd_support has missing NOTIFY_TYPES member
2024-04-26T20:41:16.187 INFO:journalctl@ceph.mgr.x.smithi001.stdout:Apr 26 20:41:15 smithi001 ceph-0103f252-040d-11ef-bc93-c7b262605968-mgr-x[28239]:
2024-04-26T20:41:15.906+0000 7faa0108d200 -1 mgr[py] Module iostat has missing NOTIFY_TYPES member
2024-04-26T20:41:16.439 INFO:journalctl@ceph.mgr.x.smithi001.stdout:Apr 26 20:41:16 smithi001 ceph-0103f252-040d-11ef-bc93-c7b262605968-mgr-x[28239]:
2024-04-26T20:41:16.310+0000 7faa0108d200 -1 mgr[py] Module alerts has missing NOTIFY_TYPES member
2024-04-26T20:41:16.439 INFO:journalctl@ceph.mgr.x.smithi001.stdout:Apr 26 20:41:16 smithi001 ceph-0103f252-040d-11ef-bc93-c7b262605968-mgr-x[28239]:
2024-04-26T20:41:16.437+0000 7faa0108d200 -1 mgr[py] Module selftest has missing NOTIFY_TYPES member
2024-04-26T20:41:16.956 INFO:journalctl@ceph.mgr.x.smithi001.stdout:Apr 26 20:41:16 smithi001 ceph-0103f252-040d-11ef-bc93-c7b262605968-mgr-x[28239]:
2024-04-26T20:41:16.698+0000 7faa0108d200 -1 mgr[py] Module pg_autoscaler has missing NOTIFY_TYPES member
2024-04-26T20:41:17.348 INFO:journalctl@ceph.mgr.x.smithi001.stdout:Apr 26 20:41:16 smithi001 ceph-0103f252-040d-11ef-bc93-c7b262605968-mgr-x[28239]:
2024-04-26T20:41:16.961+0000 7faa0108d200 -1 mgr[py] Module test_orchestrator has missing NOTIFY_TYPES member
2024-04-26T20:41:18.098 INFO:journalctl@ceph.mgr.x.smithi001.stdout:Apr 26 20:41:17 smithi001 ceph-0103f252-040d-11ef-bc93-c7b262605968-mgr-x[28239]:
2024-04-26T20:41:17.791+0000 7faa0108d200 -1 mgr[py] Module rook has missing NOTIFY_TYPES member
2024-04-26T20:41:18.767 INFO:journalctl@ceph.mgr.x.smithi001.stdout:Apr 26 20:41:18 smithi001 ceph-0103f252-040d-11ef-bc93-c7b262605968-mgr-x[28239]:
2024-04-26T20:41:18.359+0000 7faa0108d200 -1 mgr[py] Module volumes has missing NOTIFY_TYPES member
2024-04-26T20:41:18.767 INFO:journalctl@ceph.mgr.x.smithi001.stdout:Apr 26 20:41:18 smithi001 ceph-0103f252-040d-11ef-bc93-c7b262605968-mgr-x[28239]:
2024-04-26T20:41:18.491+0000 7faa0108d200 -1 mgr[py] Module crash has missing NOTIFY_TYPES member
2024-04-26T20:41:19.098 INFO:journalctl@ceph.mgr.x.smithi001.stdout:Apr 26 20:41:18 smithi001 ceph-0103f252-040d-11ef-bc93-c7b262605968-mgr-x[28239]:
2024-04-26T20:41:18.765+0000 7faa0108d200 -1 mgr[py] Module rgw has missing NOTIFY_TYPES member
2024-04-26T20:41:19.848 INFO:journalctl@ceph.mgr.x.smithi001.stdout:Apr 26 20:41:19 smithi001 ceph-0103f252-040d-11ef-bc93-c7b262605968-mgr-x[28239]:
2024-04-26T20:41:19.433+0000 7faa0108d200 -1 mgr[py] Module prometheus has missing NOTIFY_TYPES member
2024-04-26T20:41:19.848 INFO:journalctl@ceph.mgr.x.smithi001.stdout:Apr 26 20:41:19 smithi001 ceph-0103f252-040d-11ef-bc93-c7b262605968-mgr-x[28239]:
2024-04-26T20:41:19.561+0000 7faa0108d200 -1 mgr[py] Module devicehealth has missing NOTIFY_TYPES member
2024-04-26T20:41:20.210 INFO:journalctl@ceph.mgr.x.smithi001.stdout:Apr 26 20:41:19 smithi001 ceph-0103f252-040d-11ef-bc93-c7b262605968-mgr-x[28239]:
2024-04-26T20:41:19.893+0000 7faa0108d200 -1 mgr[py] Module telemetry has missing NOTIFY_TYPES member
2024-04-26T20:41:20.210 INFO:journalctl@ceph.mgr.x.smithi001.stdout:Apr 26 20:41:20 smithi001 ceph-0103f252-040d-11ef-bc93-c7b262605968-mgr-x[28239]:
2024-04-26T20:41:20.076+0000 7faa0108d200 -1 mgr[py] Module diskprediction_local has missing NOTIFY_TYPES member
2024-04-26T20:41:20.210 INFO:journalctl@ceph.mgr.x.smithi001.stdout:Apr 26 20:41:20 smithi001 ceph-0103f252-040d-11ef-bc93-c7b262605968-mgr-x[28239]:
2024-04-26T20:41:20.208+0000 7faa0108d200 -1 mgr[py] Module osd_perf_query has missing NOTIFY_TYPES member
2024-04-26T20:41:20.578 INFO:journalctl@ceph.mgr.x.smithi001.stdout:Apr 26 20:41:20 smithi001 ceph-0103f252-040d-11ef-bc93-c7b262605968-mgr-x[28239]:
2024-04-26T20:41:20.366+0000 7faa0108d200 -1 mgr[py] Module rbd_support has missing NOTIFY_TYPES member
2024-04-26T20:41:20.848 INFO:journalctl@ceph.mgr.x.smithi001.stdout:Apr 26 20:41:20 smithi001 ceph-0103f252-040d-11ef-bc93-c7b262605968-mgr-x[28239]:
2024-04-26T20:41:20.749+0000 7faa0108d200 -1 mgr[py] Module zabbix has missing NOTIFY_TYPES member
2024-04-26T20:41:21.824 INFO:journalctl@ceph.mgr.x.smithi001.stdout:Apr 26 20:41:21 smithi001 ceph-0103f252-040d-11ef-bc93-c7b262605968-mgr-x[28239]:
2024-04-26T20:41:21.544+0000 7faa0108d200 -1 mgr[py] Module status has missing NOTIFY_TYPES member
2024-04-26T20:41:22.098 INFO:journalctl@ceph.mgr.x.smithi001.stdout:Apr 26 20:41:21 smithi001 ceph-0103f252-040d-11ef-bc93-c7b262605968-mgr-x[28239]:
2024-04-26T20:41:21.844+0000 7faa0108d200 -1 mgr[py] Module nfs has missing NOTIFY_TYPES member
2024-04-26T20:41:22.098 INFO:journalctl@ceph.mon.a.smithi001.stdout:Apr 26 20:41:21 smithi001 ceph-mon[28002]: Active manager daemon x restarted
2024-04-26T20:41:22.098 INFO:journalctl@ceph.mon.a.smithi001.stdout:Apr 26 20:41:21 smithi001 ceph-mon[28002]: Activating manager daemon x
2024-04-26T20:41:22.098 INFO:journalctl@ceph.mon.a.smithi001.stdout:Apr 26 20:41:21 smithi001 ceph-mon[28002]: osdmap e3: 0 total, 0 up, 0 in
2024-04-26T20:41:22.098 INFO:journalctl@ceph.mon.a.smithi001.stdout:Apr 26 20:41:21 smithi001 ceph-mon[28002]: mgrmap e10: x(active, starting, since 0.00413018s)
2024-04-26T20:41:22.098 INFO:journalctl@ceph.mon.a.smithi001.stdout:Apr 26 20:41:21 smithi001 ceph-mon[28002]: from='mgr.14152 172.21.15.1:0/565497403' entity='mgr.x' cmd=[{"prefix": "mon metadata", "id": "a"}]: dispatch
2024-04-26T20:41:22.098 INFO:journalctl@ceph.mon.a.smithi001.stdout:Apr 26 20:41:21 smithi001 ceph-mon[28002]: from='mgr.14152 172.21.15.1:0/565497403' entity='mgr.x' cmd=[{"prefix": "mgr metadata", "who": "x", "id": "x"}]: dispatch
2024-04-26T20:41:22.099 INFO:journalctl@ceph.mon.a.smithi001.stdout:Apr 26 20:41:21 smithi001 ceph-mon[28002]: from='mgr.14152 172.21.15.1:0/565497403' entity='mgr.x' cmd=[{"prefix": "mds metadata"}]: dispatch
2024-04-26T20:41:22.099 INFO:journalctl@ceph.mon.a.smithi001.stdout:Apr 26 20:41:21 smithi001 ceph-mon[28002]: from='mgr.14152 172.21.15.1:0/565497403' entity='mgr.x' cmd=[{"prefix": "osd metadata"}]: dispatch
2024-04-26T20:41:22.099 INFO:journalctl@ceph.mon.a.smithi001.stdout:Apr 26 20:41:21 smithi001 ceph-mon[28002]: from='mgr.14152 172.21.15.1:0/565497403' entity='mgr.x' cmd=[{"prefix": "mon metadata"}]: dispatch
2024-04-26T20:41:22.099 INFO:journalctl@ceph.mon.a.smithi001.stdout:Apr 26 20:41:21 smithi001 ceph-mon[28002]: Manager daemon x is now available
2024-04-26T20:41:22.099 INFO:journalctl@ceph.mon.a.smithi001.stdout:Apr 26 20:41:21 smithi001 ceph-mon[28002]: from='mgr.14152 172.21.15.1:0/565497403' entity='mgr.x' cmd=[{"prefix": "config dump", "format": "json"}]: dispatch
2024-04-26T20:41:23.200 INFO:journalctl@ceph.mon.a.smithi001.stdout:Apr 26 20:41:22 smithi001 ceph-mon[28002]: from='mgr.14152 172.21.15.1:0/565497403' entity='mgr.x' cmd=[{"prefix":"config rm","who":"mgr","name":"mgr/rbd_support/x/mirror_snapshot_schedule"}]: dispatch
2024-04-26T20:41:23.200 INFO:journalctl@ceph.mon.a.smithi001.stdout:Apr 26 20:41:22 smithi001 ceph-mon[28002]: from='mgr.14152 172.21.15.1:0/565497403' entity='mgr.x' cmd=[{"prefix":"config rm","who":"mgr","name":"mgr/rbd_support/x/trash_purge_schedule"}]: dispatch
2024-04-26T20:41:23.200 INFO:journalctl@ceph.mon.a.smithi001.stdout:Apr 26 20:41:22 smithi001 ceph-mon[28002]: [26/Apr/2024:20:41:22] ENGINE Bus STARTING
2024-04-26T20:41:23.200 INFO:journalctl@ceph.mon.a.smithi001.stdout:Apr 26 20:41:22 smithi001 ceph-mon[28002]: [26/Apr/2024:20:41:22] ENGINE Serving on https://172.21.15.1:7150
2024-04-26T20:41:23.200 INFO:journalctl@ceph.mon.a.smithi001.stdout:Apr 26 20:41:22 smithi001 ceph-mon[28002]: [26/Apr/2024:20:41:22] ENGINE Serving on http://172.21.15.1:8765
2024-04-26T20:41:23.200 INFO:journalctl@ceph.mon.a.smithi001.stdout:Apr 26 20:41:22 smithi001 ceph-mon[28002]: [26/Apr/2024:20:41:22] ENGINE Bus STARTED
2024-04-26T20:41:23.200 INFO:journalctl@ceph.mon.a.smithi001.stdout:Apr 26 20:41:22 smithi001 ceph-mon[28002]: mgrmap e11: x(active, since 1.00973s)
2024-04-26T20:41:24.098 INFO:journalctl@ceph.mon.a.smithi001.stdout:Apr 26 20:41:23 smithi001 ceph-mon[28002]: from='client.14156 -' entity='client.admin' cmd=[{"prefix": "get_command_descriptions"}]: dispatch
2024-04-26T20:41:24.098 INFO:journalctl@ceph.mon.a.smithi001.stdout:Apr 26 20:41:23 smithi001 ceph-mon[28002]: from='client.14156 -' entity='client.admin' cmd=[{"prefix": "mgr_status"}]: dispatch
2024-04-26T20:41:24.217 INFO:teuthology.orchestra.run.smithi001.stdout:/usr/bin/ceph: stdout {
2024-04-26T20:41:24.217 INFO:teuthology.orchestra.run.smithi001.stdout:/usr/bin/ceph: stdout "mgrmap_epoch": 11,
2024-04-26T20:41:24.217 INFO:teuthology.orchestra.run.smithi001.stdout:/usr/bin/ceph: stdout "initialized": true
2024-04-26T20:41:24.217 INFO:teuthology.orchestra.run.smithi001.stdout:/usr/bin/ceph: stdout }
2024-04-26T20:41:24.217 INFO:teuthology.orchestra.run.smithi001.stdout:/usr/bin/ceph: stderr
2024-04-26T20:41:16.345+0000 7f0325e00700 1 Processor -- start
2024-04-26T20:41:24.217 INFO:teuthology.orchestra.run.smithi001.stdout:/usr/bin/ceph: stderr
2024-04-26T20:41:16.345+0000 7f0325e00700 1 -- start start
2024-04-26T20:41:24.217 INFO:teuthology.orchestra.run.smithi001.stdout:/usr/bin/ceph: stderr
2024-04-26T20:41:16.346+0000 7f0325e00700 1 --2- >> [v2:172.21.15.1:3300/0,v1:172.21.15.1:6789/0] conn(0x7f03201097d0 0x7f032010bbc0 unknown :-1 s=NONE pgs=0 cs=0 l=0 rev1=0 crypto rx=0 tx=0 comp rx=0 tx=0).connect
2024-04-26T20:41:24.217 INFO:teuthology.orchestra.run.smithi001.stdout:/usr/bin/ceph: stderr
2024-04-26T20:41:16.346+0000 7f0325e00700 1 -- --> [v2:172.21.15.1:3300/0,v1:172.21.15.1:6789/0] -- mon_getmap magic: 0 -- 0x7f032007ce30 con 0x7f03201097d0
2024-04-26T20:41:24.217 INFO:teuthology.orchestra.run.smithi001.stdout:/usr/bin/ceph: stderr
2024-04-26T20:41:16.346+0000 7f031ea00700 1 --2- >> [v2:172.21.15.1:3300/0,v1:172.21.15.1:6789/0] conn(0x7f03201097d0 0x7f032010bbc0 unknown :-1 s=BANNER_CONNECTING pgs=0 cs=0 l=0 rev1=0 crypto rx=0 tx=0 comp rx=0 tx=0)._handle_peer_banner_payload supported=3 required=0
2024-04-26T20:41:24.217 INFO:teuthology.orchestra.run.smithi001.stdout:/usr/bin/ceph: stderr
2024-04-26T20:41:16.346+0000 7f031ea00700 1 --2- >> [v2:172.21.15.1:3300/0,v1:172.21.15.1:6789/0] conn(0x7f03201097d0 0x7f032010bbc0 unknown :-1 s=HELLO_CONNECTING pgs=0 cs=0 l=0 rev1=1 crypto rx=0 tx=0 comp rx=0 tx=0).handle_hello peer v2:172.21.15.1:3300/0 says I am v2:172.21.15.1:40774/0 (socket says 172.21.15.1:40774)
2024-04-26T20:41:24.217 INFO:teuthology.orchestra.run.smithi001.stdout:/usr/bin/ceph: stderr
2024-04-26T20:41:16.346+0000 7f031ea00700 1 -- 172.21.15.1:0/2762488811 learned_addr learned my addr 172.21.15.1:0/2762488811 (peer_addr_for_me v2:172.21.15.1:0/0)
2024-04-26T20:41:24.217 INFO:teuthology.orchestra.run.smithi001.stdout:/usr/bin/ceph: stderr
2024-04-26T20:41:16.347+0000 7f031ea00700 1 -- 172.21.15.1:0/2762488811 --> [v2:172.21.15.1:3300/0,v1:172.21.15.1:6789/0] -- mon_subscribe({config=0+,monmap=0+}) -- 0x7f032010c100 con 0x7f03201097d0
2024-04-26T20:41:24.217 INFO:teuthology.orchestra.run.smithi001.stdout:/usr/bin/ceph: stderr
2024-04-26T20:41:16.347+0000 7f031ea00700 1 --2- 172.21.15.1:0/2762488811 >> [v2:172.21.15.1:3300/0,v1:172.21.15.1:6789/0] conn(0x7f03201097d0 0x7f032010bbc0 secure :-1 s=READY pgs=61 cs=0 l=1 rev1=1 crypto rx=0x7f0310009e80 tx=0x7f031000b330 comp rx=0 tx=0).ready entity=mon.0 client_cookie=61c9814f616c7a62 server_cookie=0 in_seq=0 out_seq=0
2024-04-26T20:41:24.218 INFO:teuthology.orchestra.run.smithi001.stdout:/usr/bin/ceph: stderr
2024-04-26T20:41:16.347+0000 7f031d600700 1 -- 172.21.15.1:0/2762488811 <== mon.0 v2:172.21.15.1:3300/0 1 ==== mon_map magic: 0 ==== 205+0+0 (secure 0 0 0) 0x7f0310017070 con 0x7f03201097d0
2024-04-26T20:41:24.218 INFO:teuthology.orchestra.run.smithi001.stdout:/usr/bin/ceph: stderr
2024-04-26T20:41:16.348+0000 7f031d600700 1 -- 172.21.15.1:0/2762488811 <== mon.0 v2:172.21.15.1:3300/0 2 ==== config(26 keys) ==== 1101+0+0 (secure 0 0 0) 0x7f031000b8c0 con 0x7f03201097d0
2024-04-26T20:41:24.218 INFO:teuthology.orchestra.run.smithi001.stdout:/usr/bin/ceph: stderr
2024-04-26T20:41:16.348+0000 7f031d600700 1 -- 172.21.15.1:0/2762488811 <== mon.0 v2:172.21.15.1:3300/0 3 ==== mon_map magic: 0 ==== 205+0+0 (secure 0 0 0) 0x7f0310004490 con 0x7f03201097d0
2024-04-26T20:41:24.218 INFO:teuthology.orchestra.run.smithi001.stdout:/usr/bin/ceph: stderr
2024-04-26T20:41:16.348+0000 7f0325e00700 1 -- 172.21.15.1:0/2762488811 >> [v2:172.21.15.1:3300/0,v1:172.21.15.1:6789/0] conn(0x7f03201097d0 msgr2=0x7f032010bbc0 secure :-1 s=STATE_CONNECTION_ESTABLISHED l=1).mark_down
2024-04-26T20:41:24.218 INFO:teuthology.orchestra.run.smithi001.stdout:/usr/bin/ceph: stderr
2024-04-26T20:41:16.348+0000 7f0325e00700 1 --2- 172.21.15.1:0/2762488811 >> [v2:172.21.15.1:3300/0,v1:172.21.15.1:6789/0] conn(0x7f03201097d0 0x7f032010bbc0 secure :-1 s=READY pgs=61 cs=0 l=1 rev1=1 crypto rx=0x7f0310009e80 tx=0x7f031000b330 comp rx=0 tx=0).stop
2024-04-26T20:41:24.218 INFO:teuthology.orchestra.run.smithi001.stdout:/usr/bin/ceph: stderr
2024-04-26T20:41:16.348+0000 7f0325e00700 1 -- 172.21.15.1:0/2762488811 shutdown_connections
2024-04-26T20:41:24.218 INFO:teuthology.orchestra.run.smithi001.stdout:/usr/bin/ceph: stderr
2024-04-26T20:41:16.348+0000 7f0325e00700 1 --2- 172.21.15.1:0/2762488811 >> [v2:172.21.15.1:3300/0,v1:172.21.15.1:6789/0] conn(0x7f03201097d0 0x7f032010bbc0 unknown :-1 s=CLOSED pgs=61 cs=0 l=1 rev1=1 crypto rx=0 tx=0 comp rx=0 tx=0).stop
2024-04-26T20:41:24.218 INFO:teuthology.orchestra.run.smithi001.stdout:/usr/bin/ceph: stderr
2024-04-26T20:41:16.348+0000 7f0325e00700 1 -- 172.21.15.1:0/2762488811 >> 172.21.15.1:0/2762488811 conn(0x7f03201031a0 msgr2=0x7f03201055c0 unknown :-1 s=STATE_NONE l=0).mark_down
2024-04-26T20:41:24.218 INFO:teuthology.orchestra.run.smithi001.stdout:/usr/bin/ceph: stderr
2024-04-26T20:41:16.349+0000 7f0325e00700 1 -- 172.21.15.1:0/2762488811 shutdown_connections
2024-04-26T20:41:24.218 INFO:teuthology.orchestra.run.smithi001.stdout:/usr/bin/ceph: stderr
2024-04-26T20:41:16.349+0000 7f0325e00700 1 -- 172.21.15.1:0/2762488811 wait complete.
2024-04-26T20:41:24.218 INFO:teuthology.orchestra.run.smithi001.stdout:/usr/bin/ceph: stderr
2024-04-26T20:41:16.350+0000 7f0325e00700 1 Processor -- start
2024-04-26T20:41:24.218 INFO:teuthology.orchestra.run.smithi001.stdout:/usr/bin/ceph: stderr
2024-04-26T20:41:16.350+0000 7f0325e00700 1 -- start start
2024-04-26T20:41:24.218 INFO:teuthology.orchestra.run.smithi001.stdout:/usr/bin/ceph: stderr
2024-04-26T20:41:16.350+0000 7f0325e00700 1 --2- >> [v2:172.21.15.1:3300/0,v1:172.21.15.1:6789/0] conn(0x7f03201097d0 0x7f032019ee30 unknown :-1 s=NONE pgs=0 cs=0 l=1 rev1=0 crypto rx=0 tx=0 comp rx=0 tx=0).connect
2024-04-26T20:41:24.218 INFO:teuthology.orchestra.run.smithi001.stdout:/usr/bin/ceph: stderr
2024-04-26T20:41:16.350+0000 7f0325e00700 1 -- --> [v2:172.21.15.1:3300/0,v1:172.21.15.1:6789/0] -- mon_getmap magic: 0 -- 0x7f032010d0a0 con 0x7f03201097d0
2024-04-26T20:41:24.219 INFO:teuthology.orchestra.run.smithi001.stdout:/usr/bin/ceph: stderr
2024-04-26T20:41:16.350+0000 7f031ea00700 1 --2- >> [v2:172.21.15.1:3300/0,v1:172.21.15.1:6789/0] conn(0x7f03201097d0 0x7f032019ee30 unknown :-1 s=BANNER_CONNECTING pgs=0 cs=0 l=1 rev1=0 crypto rx=0 tx=0 comp rx=0 tx=0)._handle_peer_banner_payload supported=3 required=0
2024-04-26T20:41:24.219 INFO:teuthology.orchestra.run.smithi001.stdout:/usr/bin/ceph: stderr
2024-04-26T20:41:16.350+0000 7f031ea00700 1 --2- >> [v2:172.21.15.1:3300/0,v1:172.21.15.1:6789/0] conn(0x7f03201097d0 0x7f032019ee30 unknown :-1 s=HELLO_CONNECTING pgs=0 cs=0 l=1 rev1=1 crypto rx=0 tx=0 comp rx=0 tx=0).handle_hello peer v2:172.21.15.1:3300/0 says I am v2:172.21.15.1:40776/0 (socket says 172.21.15.1:40776)
2024-04-26T20:41:24.219 INFO:teuthology.orchestra.run.smithi001.stdout:/usr/bin/ceph: stderr
2024-04-26T20:41:16.350+0000 7f031ea00700 1 -- 172.21.15.1:0/1111010856 learned_addr learned my addr 172.21.15.1:0/1111010856 (peer_addr_for_me v2:172.21.15.1:0/0)
2024-04-26T20:41:24.219 INFO:teuthology.orchestra.run.smithi001.stdout:/usr/bin/ceph: stderr
2024-04-26T20:41:16.351+0000 7f031ea00700 1 -- 172.21.15.1:0/1111010856 --> [v2:172.21.15.1:3300/0,v1:172.21.15.1:6789/0] -- mon_subscribe({config=0+,monmap=0+}) -- 0x7f032019f370 con 0x7f03201097d0
2024-04-26T20:41:24.219 INFO:teuthology.orchestra.run.smithi001.stdout:/usr/bin/ceph: stderr
2024-04-26T20:41:16.351+0000 7f031ea00700 1 --2- 172.21.15.1:0/1111010856 >> [v2:172.21.15.1:3300/0,v1:172.21.15.1:6789/0] conn(0x7f03201097d0 0x7f032019ee30 secure :-1 s=READY pgs=62 cs=0 l=1 rev1=1 crypto rx=0x7f0310004220 tx=0x7f03100093e0 comp rx=0 tx=0).ready entity=mon.0 client_cookie=0 server_cookie=0 in_seq=0 out_seq=0
2024-04-26T20:41:24.219 INFO:teuthology.orchestra.run.smithi001.stdout:/usr/bin/ceph: stderr
2024-04-26T20:41:16.351+0000 7f0324a00700 1 -- 172.21.15.1:0/1111010856 <== mon.0 v2:172.21.15.1:3300/0 1 ==== mon_map magic: 0 ==== 205+0+0 (secure 0 0 0) 0x7f0310020020 con 0x7f03201097d0
2024-04-26T20:41:24.219 INFO:teuthology.orchestra.run.smithi001.stdout:/usr/bin/ceph: stderr
2024-04-26T20:41:16.351+0000 7f0324a00700 1 -- 172.21.15.1:0/1111010856 <== mon.0 v2:172.21.15.1:3300/0 2 ==== config(26 keys) ==== 1101+0+0 (secure 0 0 0) 0x7f0310003b50 con 0x7f03201097d0
2024-04-26T20:41:24.219 INFO:teuthology.orchestra.run.smithi001.stdout:/usr/bin/ceph: stderr
2024-04-26T20:41:16.351+0000 7f0325e00700 1 -- 172.21.15.1:0/1111010856 --> [v2:172.21.15.1:3300/0,v1:172.21.15.1:6789/0] -- mon_subscribe({mgrmap=0+}) -- 0x7f032019f600 con 0x7f03201097d0
2024-04-26T20:41:24.219 INFO:teuthology.orchestra.run.smithi001.stdout:/usr/bin/ceph: stderr
2024-04-26T20:41:16.351+0000 7f0324a00700 1 -- 172.21.15.1:0/1111010856 <== mon.0 v2:172.21.15.1:3300/0 3 ==== mon_map magic: 0 ==== 205+0+0 (secure 0 0 0) 0x7f0310017040 con 0x7f03201097d0
2024-04-26T20:41:24.219 INFO:teuthology.orchestra.run.smithi001.stdout:/usr/bin/ceph: stderr
2024-04-26T20:41:16.352+0000 7f0325e00700 1 -- 172.21.15.1:0/1111010856 --> [v2:172.21.15.1:3300/0,v1:172.21.15.1:6789/0] -- mon_subscribe({osdmap=0}) -- 0x7f03201a22f0 con 0x7f03201097d0
2024-04-26T20:41:24.219 INFO:teuthology.orchestra.run.smithi001.stdout:/usr/bin/ceph: stderr
2024-04-26T20:41:16.353+0000 7f0324a00700 1 -- 172.21.15.1:0/1111010856 <== mon.0 v2:172.21.15.1:3300/0 4 ==== mgrmap(e 9) ==== 46571+0+0 (secure 0 0 0) 0x7f0310023020 con 0x7f03201097d0
2024-04-26T20:41:24.219 INFO:teuthology.orchestra.run.smithi001.stdout:/usr/bin/ceph: stderr
2024-04-26T20:41:16.353+0000 7f0324a00700 1 --2- 172.21.15.1:0/1111010856 >> [v2:172.21.15.1:6800/4064592431,v1:172.21.15.1:6801/4064592431] conn(0x7f0304039650 0x7f030403bb10 unknown :-1 s=NONE pgs=0 cs=0 l=1 rev1=0 crypto rx=0 tx=0 comp rx=0 tx=0).connect
2024-04-26T20:41:24.219 INFO:teuthology.orchestra.run.smithi001.stdout:/usr/bin/ceph: stderr
