2024-04-26T20:41:06.193+0000 7f02ab400700 1 -- 172.21.15.1:0/2907369166 --> [v2:172.21.15.1:3300/0,v1:172.21.15.1:6789/0] -- mon_subscribe({config=0+,monmap=0+}) -- 0x7f02ac07d9a0 con 0x7f02ac07ee30
2024-04-26T20:41:07.115 INFO:teuthology.orchestra.run.smithi001.stdout:/usr/bin/ceph: stderr
2024-04-26T20:41:06.194+0000 7f02ab400700 1 --2- 172.21.15.1:0/2907369166 >> [v2:172.21.15.1:3300/0,v1:172.21.15.1:6789/0] conn(0x7f02ac07ee30 0x7f02ac07d2e0 secure :-1 s=READY pgs=49 cs=0 l=1 rev1=1 crypto rx=0x7f029c0098a0 tx=0x7f029c009bb0 comp rx=0 tx=0).ready entity=mon.0 client_cookie=959a3f6b2d0cbc93 server_cookie=0 in_seq=0 out_seq=0
2024-04-26T20:41:07.115 INFO:teuthology.orchestra.run.smithi001.stdout:/usr/bin/ceph: stderr
2024-04-26T20:41:06.194+0000 7f02aa000700 1 -- 172.21.15.1:0/2907369166 <== mon.0 v2:172.21.15.1:3300/0 1 ==== mon_map magic: 0 ==== 205+0+0 (secure 0 0 0) 0x7f029c004160 con 0x7f02ac07ee30
2024-04-26T20:41:07.115 INFO:teuthology.orchestra.run.smithi001.stdout:/usr/bin/ceph: stderr
2024-04-26T20:41:06.194+0000 7f02aa000700 1 -- 172.21.15.1:0/2907369166 <== mon.0 v2:172.21.15.1:3300/0 2 ==== config(26 keys) ==== 1101+0+0 (secure 0 0 0) 0x7f029c004300 con 0x7f02ac07ee30
2024-04-26T20:41:07.115 INFO:teuthology.orchestra.run.smithi001.stdout:/usr/bin/ceph: stderr
2024-04-26T20:41:06.194+0000 7f02aa000700 1 -- 172.21.15.1:0/2907369166 <== mon.0 v2:172.21.15.1:3300/0 3 ==== mon_map magic: 0 ==== 205+0+0 (secure 0 0 0) 0x7f029c011a20 con 0x7f02ac07ee30
2024-04-26T20:41:07.115 INFO:teuthology.orchestra.run.smithi001.stdout:/usr/bin/ceph: stderr
2024-04-26T20:41:06.195+0000 7f02b2800700 1 -- 172.21.15.1:0/2907369166 >> [v2:172.21.15.1:3300/0,v1:172.21.15.1:6789/0] conn(0x7f02ac07ee30 msgr2=0x7f02ac07d2e0 secure :-1 s=STATE_CONNECTION_ESTABLISHED l=1).mark_down
2024-04-26T20:41:07.116 INFO:teuthology.orchestra.run.smithi001.stdout:/usr/bin/ceph: stderr
2024-04-26T20:41:06.195+0000 7f02b2800700 1 --2- 172.21.15.1:0/2907369166 >> [v2:172.21.15.1:3300/0,v1:172.21.15.1:6789/0] conn(0x7f02ac07ee30 0x7f02ac07d2e0 secure :-1 s=READY pgs=49 cs=0 l=1 rev1=1 crypto rx=0x7f029c0098a0 tx=0x7f029c009bb0 comp rx=0 tx=0).stop
2024-04-26T20:41:07.116 INFO:teuthology.orchestra.run.smithi001.stdout:/usr/bin/ceph: stderr
2024-04-26T20:41:06.195+0000 7f02b2800700 1 -- 172.21.15.1:0/2907369166 shutdown_connections
2024-04-26T20:41:07.116 INFO:teuthology.orchestra.run.smithi001.stdout:/usr/bin/ceph: stderr
2024-04-26T20:41:06.195+0000 7f02b2800700 1 --2- 172.21.15.1:0/2907369166 >> [v2:172.21.15.1:3300/0,v1:172.21.15.1:6789/0] conn(0x7f02ac07ee30 0x7f02ac07d2e0 unknown :-1 s=CLOSED pgs=49 cs=0 l=1 rev1=1 crypto rx=0 tx=0 comp rx=0 tx=0).stop
2024-04-26T20:41:07.116 INFO:teuthology.orchestra.run.smithi001.stdout:/usr/bin/ceph: stderr
2024-04-26T20:41:06.195+0000 7f02b2800700 1 -- 172.21.15.1:0/2907369166 >> 172.21.15.1:0/2907369166 conn(0x7f02ac104210 msgr2=0x7f02ac106690 unknown :-1 s=STATE_NONE l=0).mark_down
2024-04-26T20:41:07.116 INFO:teuthology.orchestra.run.smithi001.stdout:/usr/bin/ceph: stderr
2024-04-26T20:41:06.195+0000 7f02b2800700 1 -- 172.21.15.1:0/2907369166 shutdown_connections
2024-04-26T20:41:07.116 INFO:teuthology.orchestra.run.smithi001.stdout:/usr/bin/ceph: stderr
2024-04-26T20:41:06.195+0000 7f02b2800700 1 -- 172.21.15.1:0/2907369166 wait complete.
2024-04-26T20:41:07.116 INFO:teuthology.orchestra.run.smithi001.stdout:/usr/bin/ceph: stderr
2024-04-26T20:41:06.197+0000 7f02b2800700 1 Processor -- start
2024-04-26T20:41:07.116 INFO:teuthology.orchestra.run.smithi001.stdout:/usr/bin/ceph: stderr
2024-04-26T20:41:06.197+0000 7f02b2800700 1 -- start start
2024-04-26T20:41:07.116 INFO:teuthology.orchestra.run.smithi001.stdout:/usr/bin/ceph: stderr
2024-04-26T20:41:06.197+0000 7f02b2800700 1 --2- >> [v2:172.21.15.1:3300/0,v1:172.21.15.1:6789/0] conn(0x7f02ac07ee30 0x7f02ac19ed90 unknown :-1 s=NONE pgs=0 cs=0 l=1 rev1=0 crypto rx=0 tx=0 comp rx=0 tx=0).connect
2024-04-26T20:41:07.116 INFO:teuthology.orchestra.run.smithi001.stdout:/usr/bin/ceph: stderr
2024-04-26T20:41:06.197+0000 7f02b2800700 1 -- --> [v2:172.21.15.1:3300/0,v1:172.21.15.1:6789/0] -- mon_getmap magic: 0 -- 0x7f02ac10f210 con 0x7f02ac07ee30
2024-04-26T20:41:07.116 INFO:teuthology.orchestra.run.smithi001.stdout:/usr/bin/ceph: stderr
2024-04-26T20:41:06.198+0000 7f02ab400700 1 --2- >> [v2:172.21.15.1:3300/0,v1:172.21.15.1:6789/0] conn(0x7f02ac07ee30 0x7f02ac19ed90 unknown :-1 s=BANNER_CONNECTING pgs=0 cs=0 l=1 rev1=0 crypto rx=0 tx=0 comp rx=0 tx=0)._handle_peer_banner_payload supported=3 required=0
2024-04-26T20:41:07.116 INFO:teuthology.orchestra.run.smithi001.stdout:/usr/bin/ceph: stderr
2024-04-26T20:41:06.198+0000 7f02ab400700 1 --2- >> [v2:172.21.15.1:3300/0,v1:172.21.15.1:6789/0] conn(0x7f02ac07ee30 0x7f02ac19ed90 unknown :-1 s=HELLO_CONNECTING pgs=0 cs=0 l=1 rev1=1 crypto rx=0 tx=0 comp rx=0 tx=0).handle_hello peer v2:172.21.15.1:3300/0 says I am v2:172.21.15.1:49160/0 (socket says 172.21.15.1:49160)
2024-04-26T20:41:07.116 INFO:teuthology.orchestra.run.smithi001.stdout:/usr/bin/ceph: stderr
2024-04-26T20:41:06.198+0000 7f02ab400700 1 -- 172.21.15.1:0/795626520 learned_addr learned my addr 172.21.15.1:0/795626520 (peer_addr_for_me v2:172.21.15.1:0/0)
2024-04-26T20:41:07.116 INFO:teuthology.orchestra.run.smithi001.stdout:/usr/bin/ceph: stderr
2024-04-26T20:41:06.198+0000 7f02ab400700 1 -- 172.21.15.1:0/795626520 --> [v2:172.21.15.1:3300/0,v1:172.21.15.1:6789/0] -- mon_subscribe({config=0+,monmap=0+}) -- 0x7f02ac19f2d0 con 0x7f02ac07ee30
2024-04-26T20:41:07.116 INFO:teuthology.orchestra.run.smithi001.stdout:/usr/bin/ceph: stderr
2024-04-26T20:41:06.198+0000 7f02ab400700 1 --2- 172.21.15.1:0/795626520 >> [v2:172.21.15.1:3300/0,v1:172.21.15.1:6789/0] conn(0x7f02ac07ee30 0x7f02ac19ed90 secure :-1 s=READY pgs=50 cs=0 l=1 rev1=1 crypto rx=0x7f029c000c00 tx=0x7f029c011aa0 comp rx=0 tx=0).ready entity=mon.0 client_cookie=0 server_cookie=0 in_seq=0 out_seq=0
2024-04-26T20:41:07.116 INFO:teuthology.orchestra.run.smithi001.stdout:/usr/bin/ceph: stderr
2024-04-26T20:41:06.199+0000 7f02a3e00700 1 -- 172.21.15.1:0/795626520 <== mon.0 v2:172.21.15.1:3300/0 1 ==== mon_map magic: 0 ==== 205+0+0 (secure 0 0 0) 0x7f029c003af0 con 0x7f02ac07ee30
2024-04-26T20:41:07.117 INFO:teuthology.orchestra.run.smithi001.stdout:/usr/bin/ceph: stderr
2024-04-26T20:41:06.199+0000 7f02b2800700 1 -- 172.21.15.1:0/795626520 --> [v2:172.21.15.1:3300/0,v1:172.21.15.1:6789/0] -- mon_subscribe({mgrmap=0+}) -- 0x7f02ac19f560 con 0x7f02ac07ee30
2024-04-26T20:41:07.117 INFO:teuthology.orchestra.run.smithi001.stdout:/usr/bin/ceph: stderr
2024-04-26T20:41:06.199+0000 7f02a3e00700 1 -- 172.21.15.1:0/795626520 <== mon.0 v2:172.21.15.1:3300/0 2 ==== config(26 keys) ==== 1101+0+0 (secure 0 0 0) 0x7f029c01b8f0 con 0x7f02ac07ee30
2024-04-26T20:41:07.117 INFO:teuthology.orchestra.run.smithi001.stdout:/usr/bin/ceph: stderr
2024-04-26T20:41:06.199+0000 7f02a3e00700 1 -- 172.21.15.1:0/795626520 <== mon.0 v2:172.21.15.1:3300/0 3 ==== mon_map magic: 0 ==== 205+0+0 (secure 0 0 0) 0x7f029c0238e0 con 0x7f02ac07ee30
2024-04-26T20:41:07.117 INFO:teuthology.orchestra.run.smithi001.stdout:/usr/bin/ceph: stderr
2024-04-26T20:41:06.199+0000 7f02b2800700 1 -- 172.21.15.1:0/795626520 --> [v2:172.21.15.1:3300/0,v1:172.21.15.1:6789/0] -- mon_subscribe({osdmap=0}) -- 0x7f02ac1a2210 con 0x7f02ac07ee30
2024-04-26T20:41:07.117 INFO:teuthology.orchestra.run.smithi001.stdout:/usr/bin/ceph: stderr
2024-04-26T20:41:06.200+0000 7f02a3e00700 1 -- 172.21.15.1:0/795626520 <== mon.0 v2:172.21.15.1:3300/0 4 ==== mgrmap(e 8) ==== 46558+0+0 (secure 0 0 0) 0x7f029c023b90 con 0x7f02ac07ee30
2024-04-26T20:41:07.117 INFO:teuthology.orchestra.run.smithi001.stdout:/usr/bin/ceph: stderr
2024-04-26T20:41:06.200+0000 7f02b2800700 1 -- 172.21.15.1:0/795626520 --> [v2:172.21.15.1:3300/0,v1:172.21.15.1:6789/0] -- mon_command({"prefix": "get_command_descriptions"} v 0) -- 0x7f02ac064a80 con 0x7f02ac07ee30
2024-04-26T20:41:07.117 INFO:teuthology.orchestra.run.smithi001.stdout:/usr/bin/ceph: stderr
2024-04-26T20:41:06.200+0000 7f02a3e00700 1 --2- 172.21.15.1:0/795626520 >> [v2:172.21.15.1:6800/4064592431,v1:172.21.15.1:6801/4064592431] conn(0x7f0290039600 0x7f029003bac0 unknown :-1 s=NONE pgs=0 cs=0 l=1 rev1=0 crypto rx=0 tx=0 comp rx=0 tx=0).connect
2024-04-26T20:41:07.117 INFO:teuthology.orchestra.run.smithi001.stdout:/usr/bin/ceph: stderr
2024-04-26T20:41:06.201+0000 7f02a3e00700 1 -- 172.21.15.1:0/795626520 <== mon.0 v2:172.21.15.1:3300/0 5 ==== osd_map(2..2 src has 1..2) ==== 940+0+0 (secure 0 0 0) 0x7f029c04df00 con 0x7f02ac07ee30
2024-04-26T20:41:07.117 INFO:teuthology.orchestra.run.smithi001.stdout:/usr/bin/ceph: stderr
2024-04-26T20:41:06.201+0000 7f02aaa00700 1 --2- 172.21.15.1:0/795626520 >> [v2:172.21.15.1:6800/4064592431,v1:172.21.15.1:6801/4064592431] conn(0x7f0290039600 0x7f029003bac0 unknown :-1 s=BANNER_CONNECTING pgs=0 cs=0 l=1 rev1=0 crypto rx=0 tx=0 comp rx=0 tx=0)._handle_peer_banner_payload supported=3 required=0
2024-04-26T20:41:07.117 INFO:teuthology.orchestra.run.smithi001.stdout:/usr/bin/ceph: stderr
2024-04-26T20:41:06.202+0000 7f02aaa00700 1 --2- 172.21.15.1:0/795626520 >> [v2:172.21.15.1:6800/4064592431,v1:172.21.15.1:6801/4064592431] conn(0x7f0290039600 0x7f029003bac0 secure :-1 s=READY pgs=13 cs=0 l=1 rev1=1 crypto rx=0x7f0298006fd0 tx=0x7f0298006e40 comp rx=0 tx=0).ready entity=mgr.14120 client_cookie=0 server_cookie=0 in_seq=0 out_seq=0
2024-04-26T20:41:07.117 INFO:teuthology.orchestra.run.smithi001.stdout:/usr/bin/ceph: stderr
2024-04-26T20:41:06.207+0000 7f02a3e00700 1 -- 172.21.15.1:0/795626520 <== mon.0 v2:172.21.15.1:3300/0 6 ==== mon_command_ack([{"prefix": "get_command_descriptions"}]=0 v0) ==== 72+0+188494 (secure 0 0 0) 0x7f029c01f030 con 0x7f02ac07ee30
2024-04-26T20:41:07.117 INFO:teuthology.orchestra.run.smithi001.stdout:/usr/bin/ceph: stderr
2024-04-26T20:41:06.457+0000 7f02b2800700 1 -- 172.21.15.1:0/795626520 --> [v2:172.21.15.1:6800/4064592431,v1:172.21.15.1:6801/4064592431] -- mgr_command(tid 0: {"prefix": "orch apply", "service_type": "mgr", "unmanaged": true, "target": ["mon-mgr", ""]}) -- 0x7f02ac105440 con 0x7f0290039600
2024-04-26T20:41:07.117 INFO:teuthology.orchestra.run.smithi001.stdout:/usr/bin/ceph: stderr
2024-04-26T20:41:06.463+0000 7f02a3e00700 1 -- 172.21.15.1:0/795626520 <== mgr.14120 v2:172.21.15.1:6800/4064592431 1 ==== mgr_command_reply(tid 0: 0 ) ==== 8+0+24 (secure 0 0 0) 0x7f02ac105440 con 0x7f0290039600
2024-04-26T20:41:07.117 INFO:teuthology.orchestra.run.smithi001.stdout:/usr/bin/ceph: stderr
2024-04-26T20:41:06.466+0000 7f02b2800700 1 -- 172.21.15.1:0/795626520 >> [v2:172.21.15.1:6800/4064592431,v1:172.21.15.1:6801/4064592431] conn(0x7f0290039600 msgr2=0x7f029003bac0 secure :-1 s=STATE_CONNECTION_ESTABLISHED l=1).mark_down
2024-04-26T20:41:07.117 INFO:teuthology.orchestra.run.smithi001.stdout:/usr/bin/ceph: stderr
2024-04-26T20:41:06.466+0000 7f02b2800700 1 --2- 172.21.15.1:0/795626520 >> [v2:172.21.15.1:6800/4064592431,v1:172.21.15.1:6801/4064592431] conn(0x7f0290039600 0x7f029003bac0 secure :-1 s=READY pgs=13 cs=0 l=1 rev1=1 crypto rx=0x7f0298006fd0 tx=0x7f0298006e40 comp rx=0 tx=0).stop
2024-04-26T20:41:07.117 INFO:teuthology.orchestra.run.smithi001.stdout:/usr/bin/ceph: stderr
2024-04-26T20:41:06.466+0000 7f02b2800700 1 -- 172.21.15.1:0/795626520 >> [v2:172.21.15.1:3300/0,v1:172.21.15.1:6789/0] conn(0x7f02ac07ee30 msgr2=0x7f02ac19ed90 secure :-1 s=STATE_CONNECTION_ESTABLISHED l=1).mark_down
2024-04-26T20:41:07.118 INFO:teuthology.orchestra.run.smithi001.stdout:/usr/bin/ceph: stderr
2024-04-26T20:41:06.466+0000 7f02b2800700 1 --2- 172.21.15.1:0/795626520 >> [v2:172.21.15.1:3300/0,v1:172.21.15.1:6789/0] conn(0x7f02ac07ee30 0x7f02ac19ed90 secure :-1 s=READY pgs=50 cs=0 l=1 rev1=1 crypto rx=0x7f029c000c00 tx=0x7f029c011aa0 comp rx=0 tx=0).stop
2024-04-26T20:41:07.118 INFO:teuthology.orchestra.run.smithi001.stdout:/usr/bin/ceph: stderr
2024-04-26T20:41:06.466+0000 7f02b2800700 1 -- 172.21.15.1:0/795626520 shutdown_connections
2024-04-26T20:41:07.118 INFO:teuthology.orchestra.run.smithi001.stdout:/usr/bin/ceph: stderr
2024-04-26T20:41:06.466+0000 7f02b2800700 1 --2- 172.21.15.1:0/795626520 >> [v2:172.21.15.1:6800/4064592431,v1:172.21.15.1:6801/4064592431] conn(0x7f0290039600 0x7f029003bac0 unknown :-1 s=CLOSED pgs=13 cs=0 l=1 rev1=1 crypto rx=0 tx=0 comp rx=0 tx=0).stop
2024-04-26T20:41:07.118 INFO:teuthology.orchestra.run.smithi001.stdout:/usr/bin/ceph: stderr
2024-04-26T20:41:06.466+0000 7f02b2800700 1 --2- 172.21.15.1:0/795626520 >> [v2:172.21.15.1:3300/0,v1:172.21.15.1:6789/0] conn(0x7f02ac07ee30 0x7f02ac19ed90 unknown :-1 s=CLOSED pgs=50 cs=0 l=1 rev1=1 crypto rx=0 tx=0 comp rx=0 tx=0).stop
2024-04-26T20:41:07.118 INFO:teuthology.orchestra.run.smithi001.stdout:/usr/bin/ceph: stderr
2024-04-26T20:41:06.466+0000 7f02b2800700 1 -- 172.21.15.1:0/795626520 >> 172.21.15.1:0/795626520 conn(0x7f02ac104210 msgr2=0x7f02ac104d30 unknown :-1 s=STATE_NONE l=0).mark_down
2024-04-26T20:41:07.118 INFO:teuthology.orchestra.run.smithi001.stdout:/usr/bin/ceph: stderr
2024-04-26T20:41:06.466+0000 7f02b2800700 1 -- 172.21.15.1:0/795626520 shutdown_connections
2024-04-26T20:41:07.118 INFO:teuthology.orchestra.run.smithi001.stdout:/usr/bin/ceph: stderr
2024-04-26T20:41:06.466+0000 7f02b2800700 1 -- 172.21.15.1:0/795626520 wait complete.
2024-04-26T20:41:07.722 INFO:journalctl@ceph.mon.a.smithi001.stdout:Apr 26 20:41:07 smithi001 ceph-mon[28002]: from='client.14144 -' entity='client.admin' cmd=[{"prefix": "orch apply", "service_type": "mgr", "unmanaged": true, "target": ["mon-mgr", ""]}]: dispatch
2024-04-26T20:41:07.723 INFO:journalctl@ceph.mon.a.smithi001.stdout:Apr 26 20:41:07 smithi001 ceph-mon[28002]: Saving service mgr spec with placement count:2
2024-04-26T20:41:08.767 INFO:journalctl@ceph.mon.a.smithi001.stdout:Apr 26 20:41:08 smithi001 ceph-mon[28002]: pgmap v3: 0 pgs: ; 0 B data, 0 B used, 0 B / 0 B avail
2024-04-26T20:41:08.767 INFO:journalctl@ceph.mon.a.smithi001.stdout:Apr 26 20:41:08 smithi001 ceph-mon[28002]: from='client.? 172.21.15.1:0/4178673755' entity='client.admin'
2024-04-26T20:41:08.972 INFO:teuthology.orchestra.run.smithi001.stdout:/usr/bin/ceph: stderr
2024-04-26T20:41:07.721+0000 7f0b19c00700 1 Processor -- start
2024-04-26T20:41:08.972 INFO:teuthology.orchestra.run.smithi001.stdout:/usr/bin/ceph: stderr
2024-04-26T20:41:07.721+0000 7f0b19c00700 1 -- start start
2024-04-26T20:41:08.972 INFO:teuthology.orchestra.run.smithi001.stdout:/usr/bin/ceph: stderr
2024-04-26T20:41:07.721+0000 7f0b19c00700 1 --2- >> [v2:172.21.15.1:3300/0,v1:172.21.15.1:6789/0] conn(0x7f0b141074e0 0x7f0b14109910 unknown :-1 s=NONE pgs=0 cs=0 l=0 rev1=0 crypto rx=0 tx=0 comp rx=0 tx=0).connect
2024-04-26T20:41:08.973 INFO:teuthology.orchestra.run.smithi001.stdout:/usr/bin/ceph: stderr
2024-04-26T20:41:07.721+0000 7f0b19c00700 1 -- --> [v2:172.21.15.1:3300/0,v1:172.21.15.1:6789/0] -- mon_getmap magic: 0 -- 0x7f0b1407ceb0 con 0x7f0b141074e0
2024-04-26T20:41:08.973 INFO:teuthology.orchestra.run.smithi001.stdout:/usr/bin/ceph: stderr
2024-04-26T20:41:07.722+0000 7f0b12a00700 1 --2- >> [v2:172.21.15.1:3300/0,v1:172.21.15.1:6789/0] conn(0x7f0b141074e0 0x7f0b14109910 unknown :-1 s=BANNER_CONNECTING pgs=0 cs=0 l=0 rev1=0 crypto rx=0 tx=0 comp rx=0 tx=0)._handle_peer_banner_payload supported=3 required=0
2024-04-26T20:41:08.973 INFO:teuthology.orchestra.run.smithi001.stdout:/usr/bin/ceph: stderr
2024-04-26T20:41:07.722+0000 7f0b12a00700 1 --2- >> [v2:172.21.15.1:3300/0,v1:172.21.15.1:6789/0] conn(0x7f0b141074e0 0x7f0b14109910 unknown :-1 s=HELLO_CONNECTING pgs=0 cs=0 l=0 rev1=1 crypto rx=0 tx=0 comp rx=0 tx=0).handle_hello peer v2:172.21.15.1:3300/0 says I am v2:172.21.15.1:49166/0 (socket says 172.21.15.1:49166)
2024-04-26T20:41:08.977 INFO:teuthology.orchestra.run.smithi001.stdout:/usr/bin/ceph: stderr
2024-04-26T20:41:07.722+0000 7f0b12a00700 1 -- 172.21.15.1:0/1909171651 learned_addr learned my addr 172.21.15.1:0/1909171651 (peer_addr_for_me v2:172.21.15.1:0/0)
2024-04-26T20:41:08.977 INFO:teuthology.orchestra.run.smithi001.stdout:/usr/bin/ceph: stderr
2024-04-26T20:41:07.722+0000 7f0b12a00700 1 -- 172.21.15.1:0/1909171651 --> [v2:172.21.15.1:3300/0,v1:172.21.15.1:6789/0] -- mon_subscribe({config=0+,monmap=0+}) -- 0x7f0b14109e50 con 0x7f0b141074e0
2024-04-26T20:41:08.978 INFO:teuthology.orchestra.run.smithi001.stdout:/usr/bin/ceph: stderr
2024-04-26T20:41:07.723+0000 7f0b12a00700 1 --2- 172.21.15.1:0/1909171651 >> [v2:172.21.15.1:3300/0,v1:172.21.15.1:6789/0] conn(0x7f0b141074e0 0x7f0b14109910 secure :-1 s=READY pgs=51 cs=0 l=1 rev1=1 crypto rx=0x7f0b040098a0 tx=0x7f0b04009bb0 comp rx=0 tx=0).ready entity=mon.0 client_cookie=1627d6414a27cbd0 server_cookie=0 in_seq=0 out_seq=0
2024-04-26T20:41:08.978 INFO:teuthology.orchestra.run.smithi001.stdout:/usr/bin/ceph: stderr
2024-04-26T20:41:07.723+0000 7f0b11600700 1 -- 172.21.15.1:0/1909171651 <== mon.0 v2:172.21.15.1:3300/0 1 ==== mon_map magic: 0 ==== 205+0+0 (secure 0 0 0) 0x7f0b04004160 con 0x7f0b141074e0
2024-04-26T20:41:08.978 INFO:teuthology.orchestra.run.smithi001.stdout:/usr/bin/ceph: stderr
2024-04-26T20:41:07.723+0000 7f0b11600700 1 -- 172.21.15.1:0/1909171651 <== mon.0 v2:172.21.15.1:3300/0 2 ==== config(26 keys) ==== 1101+0+0 (secure 0 0 0) 0x7f0b04004300 con 0x7f0b141074e0
2024-04-26T20:41:08.978 INFO:teuthology.orchestra.run.smithi001.stdout:/usr/bin/ceph: stderr
2024-04-26T20:41:07.723+0000 7f0b11600700 1 -- 172.21.15.1:0/1909171651 <== mon.0 v2:172.21.15.1:3300/0 3 ==== mon_map magic: 0 ==== 205+0+0 (secure 0 0 0) 0x7f0b04011a20 con 0x7f0b141074e0
2024-04-26T20:41:08.978 INFO:teuthology.orchestra.run.smithi001.stdout:/usr/bin/ceph: stderr
2024-04-26T20:41:07.724+0000 7f0b19c00700 1 -- 172.21.15.1:0/1909171651 >> [v2:172.21.15.1:3300/0,v1:172.21.15.1:6789/0] conn(0x7f0b141074e0 msgr2=0x7f0b14109910 secure :-1 s=STATE_CONNECTION_ESTABLISHED l=1).mark_down
2024-04-26T20:41:08.978 INFO:teuthology.orchestra.run.smithi001.stdout:/usr/bin/ceph: stderr
2024-04-26T20:41:07.724+0000 7f0b19c00700 1 --2- 172.21.15.1:0/1909171651 >> [v2:172.21.15.1:3300/0,v1:172.21.15.1:6789/0] conn(0x7f0b141074e0 0x7f0b14109910 secure :-1 s=READY pgs=51 cs=0 l=1 rev1=1 crypto rx=0x7f0b040098a0 tx=0x7f0b04009bb0 comp rx=0 tx=0).stop
2024-04-26T20:41:08.978 INFO:teuthology.orchestra.run.smithi001.stdout:/usr/bin/ceph: stderr
2024-04-26T20:41:07.724+0000 7f0b19c00700 1 -- 172.21.15.1:0/1909171651 shutdown_connections
2024-04-26T20:41:08.978 INFO:teuthology.orchestra.run.smithi001.stdout:/usr/bin/ceph: stderr
2024-04-26T20:41:07.724+0000 7f0b19c00700 1 --2- 172.21.15.1:0/1909171651 >> [v2:172.21.15.1:3300/0,v1:172.21.15.1:6789/0] conn(0x7f0b141074e0 0x7f0b14109910 unknown :-1 s=CLOSED pgs=51 cs=0 l=1 rev1=1 crypto rx=0 tx=0 comp rx=0 tx=0).stop
2024-04-26T20:41:08.978 INFO:teuthology.orchestra.run.smithi001.stdout:/usr/bin/ceph: stderr
2024-04-26T20:41:07.724+0000 7f0b19c00700 1 -- 172.21.15.1:0/1909171651 >> 172.21.15.1:0/1909171651 conn(0x7f0b14103140 msgr2=0x7f0b14105560 unknown :-1 s=STATE_NONE l=0).mark_down
2024-04-26T20:41:08.978 INFO:teuthology.orchestra.run.smithi001.stdout:/usr/bin/ceph: stderr
2024-04-26T20:41:07.724+0000 7f0b19c00700 1 -- 172.21.15.1:0/1909171651 shutdown_connections
2024-04-26T20:41:08.978 INFO:teuthology.orchestra.run.smithi001.stdout:/usr/bin/ceph: stderr
2024-04-26T20:41:07.724+0000 7f0b19c00700 1 -- 172.21.15.1:0/1909171651 wait complete.
2024-04-26T20:41:08.978 INFO:teuthology.orchestra.run.smithi001.stdout:/usr/bin/ceph: stderr
2024-04-26T20:41:07.726+0000 7f0b19c00700 1 Processor -- start
2024-04-26T20:41:08.978 INFO:teuthology.orchestra.run.smithi001.stdout:/usr/bin/ceph: stderr
2024-04-26T20:41:07.726+0000 7f0b19c00700 1 -- start start
2024-04-26T20:41:08.978 INFO:teuthology.orchestra.run.smithi001.stdout:/usr/bin/ceph: stderr
2024-04-26T20:41:07.726+0000 7f0b19c00700 1 --2- >> [v2:172.21.15.1:3300/0,v1:172.21.15.1:6789/0] conn(0x7f0b141074e0 0x7f0b141a31d0 unknown :-1 s=NONE pgs=0 cs=0 l=1 rev1=0 crypto rx=0 tx=0 comp rx=0 tx=0).connect
2024-04-26T20:41:08.979 INFO:teuthology.orchestra.run.smithi001.stdout:/usr/bin/ceph: stderr
2024-04-26T20:41:07.726+0000 7f0b19c00700 1 -- --> [v2:172.21.15.1:3300/0,v1:172.21.15.1:6789/0] -- mon_getmap magic: 0 -- 0x7f0b1410aec0 con 0x7f0b141074e0
2024-04-26T20:41:08.979 INFO:teuthology.orchestra.run.smithi001.stdout:/usr/bin/ceph: stderr
2024-04-26T20:41:07.727+0000 7f0b12a00700 1 --2- >> [v2:172.21.15.1:3300/0,v1:172.21.15.1:6789/0] conn(0x7f0b141074e0 0x7f0b141a31d0 unknown :-1 s=BANNER_CONNECTING pgs=0 cs=0 l=1 rev1=0 crypto rx=0 tx=0 comp rx=0 tx=0)._handle_peer_banner_payload supported=3 required=0
2024-04-26T20:41:08.979 INFO:teuthology.orchestra.run.smithi001.stdout:/usr/bin/ceph: stderr
2024-04-26T20:41:07.727+0000 7f0b12a00700 1 --2- >> [v2:172.21.15.1:3300/0,v1:172.21.15.1:6789/0] conn(0x7f0b141074e0 0x7f0b141a31d0 unknown :-1 s=HELLO_CONNECTING pgs=0 cs=0 l=1 rev1=1 crypto rx=0 tx=0 comp rx=0 tx=0).handle_hello peer v2:172.21.15.1:3300/0 says I am v2:172.21.15.1:49180/0 (socket says 172.21.15.1:49180)
2024-04-26T20:41:08.979 INFO:teuthology.orchestra.run.smithi001.stdout:/usr/bin/ceph: stderr
2024-04-26T20:41:07.727+0000 7f0b12a00700 1 -- 172.21.15.1:0/4178673755 learned_addr learned my addr 172.21.15.1:0/4178673755 (peer_addr_for_me v2:172.21.15.1:0/0)
2024-04-26T20:41:08.979 INFO:teuthology.orchestra.run.smithi001.stdout:/usr/bin/ceph: stderr
2024-04-26T20:41:07.727+0000 7f0b12a00700 1 -- 172.21.15.1:0/4178673755 --> [v2:172.21.15.1:3300/0,v1:172.21.15.1:6789/0] -- mon_subscribe({config=0+,monmap=0+}) -- 0x7f0b141a3710 con 0x7f0b141074e0
2024-04-26T20:41:08.979 INFO:teuthology.orchestra.run.smithi001.stdout:/usr/bin/ceph: stderr
2024-04-26T20:41:07.727+0000 7f0b12a00700 1 --2- 172.21.15.1:0/4178673755 >> [v2:172.21.15.1:3300/0,v1:172.21.15.1:6789/0] conn(0x7f0b141074e0 0x7f0b141a31d0 secure :-1 s=READY pgs=52 cs=0 l=1 rev1=1 crypto rx=0x7f0b04000c00 tx=0x7f0b04011aa0 comp rx=0 tx=0).ready entity=mon.0 client_cookie=0 server_cookie=0 in_seq=0 out_seq=0
2024-04-26T20:41:08.979 INFO:teuthology.orchestra.run.smithi001.stdout:/usr/bin/ceph: stderr
2024-04-26T20:41:07.728+0000 7f0b0b400700 1 -- 172.21.15.1:0/4178673755 <== mon.0 v2:172.21.15.1:3300/0 1 ==== mon_map magic: 0 ==== 205+0+0 (secure 0 0 0) 0x7f0b04003aa0 con 0x7f0b141074e0
2024-04-26T20:41:08.979 INFO:teuthology.orchestra.run.smithi001.stdout:/usr/bin/ceph: stderr
2024-04-26T20:41:07.728+0000 7f0b0b400700 1 -- 172.21.15.1:0/4178673755 <== mon.0 v2:172.21.15.1:3300/0 2 ==== config(26 keys) ==== 1101+0+0 (secure 0 0 0) 0x7f0b0401b8f0 con 0x7f0b141074e0
2024-04-26T20:41:08.979 INFO:teuthology.orchestra.run.smithi001.stdout:/usr/bin/ceph: stderr
2024-04-26T20:41:07.728+0000 7f0b0b400700 1 -- 172.21.15.1:0/4178673755 <== mon.0 v2:172.21.15.1:3300/0 3 ==== mon_map magic: 0 ==== 205+0+0 (secure 0 0 0) 0x7f0b04023870 con 0x7f0b141074e0
2024-04-26T20:41:08.979 INFO:teuthology.orchestra.run.smithi001.stdout:/usr/bin/ceph: stderr
2024-04-26T20:41:07.728+0000 7f0b19c00700 1 -- 172.21.15.1:0/4178673755 --> [v2:172.21.15.1:3300/0,v1:172.21.15.1:6789/0] -- mon_subscribe({mgrmap=0+}) -- 0x7f0b141a39a0 con 0x7f0b141074e0
2024-04-26T20:41:08.979 INFO:teuthology.orchestra.run.smithi001.stdout:/usr/bin/ceph: stderr
2024-04-26T20:41:07.728+0000 7f0b19c00700 1 -- 172.21.15.1:0/4178673755 --> [v2:172.21.15.1:3300/0,v1:172.21.15.1:6789/0] -- mon_subscribe({osdmap=0}) -- 0x7f0b141a6690 con 0x7f0b141074e0
2024-04-26T20:41:08.979 INFO:teuthology.orchestra.run.smithi001.stdout:/usr/bin/ceph: stderr
2024-04-26T20:41:07.729+0000 7f0b0b400700 1 -- 172.21.15.1:0/4178673755 <== mon.0 v2:172.21.15.1:3300/0 4 ==== mgrmap(e 8) ==== 46558+0+0 (secure 0 0 0) 0x7f0b0401b440 con 0x7f0b141074e0
2024-04-26T20:41:08.979 INFO:teuthology.orchestra.run.smithi001.stdout:/usr/bin/ceph: stderr
2024-04-26T20:41:07.729+0000 7f0b19c00700 1 -- 172.21.15.1:0/4178673755 --> [v2:172.21.15.1:3300/0,v1:172.21.15.1:6789/0] -- mon_command({"prefix": "get_command_descriptions"} v 0) -- 0x7f0b14064a80 con 0x7f0b141074e0
2024-04-26T20:41:08.979 INFO:teuthology.orchestra.run.smithi001.stdout:/usr/bin/ceph: stderr
2024-04-26T20:41:07.730+0000 7f0b0b400700 1 --2- 172.21.15.1:0/4178673755 >> [v2:172.21.15.1:6800/4064592431,v1:172.21.15.1:6801/4064592431] conn(0x7f0af8039600 0x7f0af803bac0 unknown :-1 s=NONE pgs=0 cs=0 l=1 rev1=0 crypto rx=0 tx=0 comp rx=0 tx=0).connect
2024-04-26T20:41:08.979 INFO:teuthology.orchestra.run.smithi001.stdout:/usr/bin/ceph: stderr
2024-04-26T20:41:07.730+0000 7f0b0b400700 1 -- 172.21.15.1:0/4178673755 <== mon.0 v2:172.21.15.1:3300/0 5 ==== osd_map(2..2 src has 1..2) ==== 940+0+0 (secure 0 0 0) 0x7f0b0404dea0 con 0x7f0b141074e0
2024-04-26T20:41:08.980 INFO:teuthology.orchestra.run.smithi001.stdout:/usr/bin/ceph: stderr
2024-04-26T20:41:07.730+0000 7f0b12000700 1 --2- 172.21.15.1:0/4178673755 >> [v2:172.21.15.1:6800/4064592431,v1:172.21.15.1:6801/4064592431] conn(0x7f0af8039600 0x7f0af803bac0 unknown :-1 s=BANNER_CONNECTING pgs=0 cs=0 l=1 rev1=0 crypto rx=0 tx=0 comp rx=0 tx=0)._handle_peer_banner_payload supported=3 required=0
2024-04-26T20:41:08.980 INFO:teuthology.orchestra.run.smithi001.stdout:/usr/bin/ceph: stderr
2024-04-26T20:41:07.731+0000 7f0b12000700 1 --2- 172.21.15.1:0/4178673755 >> [v2:172.21.15.1:6800/4064592431,v1:172.21.15.1:6801/4064592431] conn(0x7f0af8039600 0x7f0af803bac0 secure :-1 s=READY pgs=14 cs=0 l=1 rev1=1 crypto rx=0x7f0b00006fd0 tx=0x7f0b00006e40 comp rx=0 tx=0).ready entity=mgr.14120 client_cookie=0 server_cookie=0 in_seq=0 out_seq=0
2024-04-26T20:41:08.980 INFO:teuthology.orchestra.run.smithi001.stdout:/usr/bin/ceph: stderr
2024-04-26T20:41:07.736+0000 7f0b0b400700 1 -- 172.21.15.1:0/4178673755 <== mon.0 v2:172.21.15.1:3300/0 6 ==== mon_command_ack([{"prefix": "get_command_descriptions"}]=0 v0) ==== 72+0+188494 (secure 0 0 0) 0x7f0b0401f030 con 0x7f0b141074e0
2024-04-26T20:41:08.980 INFO:teuthology.orchestra.run.smithi001.stdout:/usr/bin/ceph: stderr
2024-04-26T20:41:07.981+0000 7f0b19c00700 1 -- 172.21.15.1:0/4178673755 --> [v2:172.21.15.1:3300/0,v1:172.21.15.1:6789/0] -- mon_command([{prefix=config set, name=mgr/cephadm/container_init}] v 0) -- 0x7f0b1402e760 con 0x7f0b141074e0
2024-04-26T20:41:08.980 INFO:teuthology.orchestra.run.smithi001.stdout:/usr/bin/ceph: stderr
2024-04-26T20:41:07.985+0000 7f0b0b400700 1 -- 172.21.15.1:0/4178673755 <== mon.0 v2:172.21.15.1:3300/0 7 ==== mon_command_ack([{prefix=config set, name=mgr/cephadm/container_init}]=0 v7)=0 v7) ==== 142+0+0 (secure 0 0 0) 0x7f0b0400e260 con 0x7f0b141074e0
2024-04-26T20:41:08.980 INFO:teuthology.orchestra.run.smithi001.stdout:/usr/bin/ceph: stderr
2024-04-26T20:41:07.988+0000 7f0b19c00700 1 -- 172.21.15.1:0/4178673755 >> [v2:172.21.15.1:6800/4064592431,v1:172.21.15.1:6801/4064592431] conn(0x7f0af8039600 msgr2=0x7f0af803bac0 secure :-1 s=STATE_CONNECTION_ESTABLISHED l=1).mark_down
2024-04-26T20:41:08.980 INFO:teuthology.orchestra.run.smithi001.stdout:/usr/bin/ceph: stderr
2024-04-26T20:41:07.988+0000 7f0b19c00700 1 --2- 172.21.15.1:0/4178673755 >> [v2:172.21.15.1:6800/4064592431,v1:172.21.15.1:6801/4064592431] conn(0x7f0af8039600 0x7f0af803bac0 secure :-1 s=READY pgs=14 cs=0 l=1 rev1=1 crypto rx=0x7f0b00006fd0 tx=0x7f0b00006e40 comp rx=0 tx=0).stop
2024-04-26T20:41:08.980 INFO:teuthology.orchestra.run.smithi001.stdout:/usr/bin/ceph: stderr
2024-04-26T20:41:07.988+0000 7f0b19c00700 1 -- 172.21.15.1:0/4178673755 >> [v2:172.21.15.1:3300/0,v1:172.21.15.1:6789/0] conn(0x7f0b141074e0 msgr2=0x7f0b141a31d0 secure :-1 s=STATE_CONNECTION_ESTABLISHED l=1).mark_down
2024-04-26T20:41:08.980 INFO:teuthology.orchestra.run.smithi001.stdout:/usr/bin/ceph: stderr
2024-04-26T20:41:07.988+0000 7f0b19c00700 1 --2- 172.21.15.1:0/4178673755 >> [v2:172.21.15.1:3300/0,v1:172.21.15.1:6789/0] conn(0x7f0b141074e0 0x7f0b141a31d0 secure :-1 s=READY pgs=52 cs=0 l=1 rev1=1 crypto rx=0x7f0b04000c00 tx=0x7f0b04011aa0 comp rx=0 tx=0).stop
2024-04-26T20:41:08.980 INFO:teuthology.orchestra.run.smithi001.stdout:/usr/bin/ceph: stderr
2024-04-26T20:41:07.988+0000 7f0b19c00700 1 -- 172.21.15.1:0/4178673755 shutdown_connections
2024-04-26T20:41:08.980 INFO:teuthology.orchestra.run.smithi001.stdout:/usr/bin/ceph: stderr
2024-04-26T20:41:07.988+0000 7f0b19c00700 1 --2- 172.21.15.1:0/4178673755 >> [v2:172.21.15.1:6800/4064592431,v1:172.21.15.1:6801/4064592431] conn(0x7f0af8039600 0x7f0af803bac0 unknown :-1 s=CLOSED pgs=14 cs=0 l=1 rev1=1 crypto rx=0 tx=0 comp rx=0 tx=0).stop
2024-04-26T20:41:08.980 INFO:teuthology.orchestra.run.smithi001.stdout:/usr/bin/ceph: stderr
2024-04-26T20:41:07.988+0000 7f0b19c00700 1 --2- 172.21.15.1:0/4178673755 >> [v2:172.21.15.1:3300/0,v1:172.21.15.1:6789/0] conn(0x7f0b141074e0 0x7f0b141a31d0 unknown :-1 s=CLOSED pgs=52 cs=0 l=1 rev1=1 crypto rx=0 tx=0 comp rx=0 tx=0).stop
2024-04-26T20:41:08.980 INFO:teuthology.orchestra.run.smithi001.stdout:/usr/bin/ceph: stderr
2024-04-26T20:41:07.988+0000 7f0b19c00700 1 -- 172.21.15.1:0/4178673755 >> 172.21.15.1:0/4178673755 conn(0x7f0b14103140 msgr2=0x7f0b14105530 unknown :-1 s=STATE_NONE l=0).mark_down
2024-04-26T20:41:08.980 INFO:teuthology.orchestra.run.smithi001.stdout:/usr/bin/ceph: stderr
2024-04-26T20:41:07.988+0000 7f0b19c00700 1 -- 172.21.15.1:0/4178673755 shutdown_connections
2024-04-26T20:41:08.981 INFO:teuthology.orchestra.run.smithi001.stdout:/usr/bin/ceph: stderr
2024-04-26T20:41:07.988+0000 7f0b19c00700 1 -- 172.21.15.1:0/4178673755 wait complete.
2024-04-26T20:41:10.756 INFO:journalctl@ceph.mon.a.smithi001.stdout:Apr 26 20:41:10 smithi001 ceph-mon[28002]: pgmap v4: 0 pgs: ; 0 B data, 0 B used, 0 B / 0 B avail
2024-04-26T20:41:10.756 INFO:journalctl@ceph.mon.a.smithi001.stdout:Apr 26 20:41:10 smithi001 ceph-mon[28002]: from='mgr.14120 172.21.15.1:0/2560793037' entity='mgr.x'
2024-04-26T20:41:10.756 INFO:journalctl@ceph.mon.a.smithi001.stdout:Apr 26 20:41:10 smithi001 ceph-mon[28002]: from='client.? 172.21.15.1:0/1130572471' entity='client.admin'
2024-04-26T20:41:10.764 INFO:teuthology.orchestra.run.smithi001.stdout:/usr/bin/ceph: stderr
2024-04-26T20:41:09.824+0000 7f2305200700 1 Processor -- start
2024-04-26T20:41:10.764 INFO:teuthology.orchestra.run.smithi001.stdout:/usr/bin/ceph: stderr
2024-04-26T20:41:09.824+0000 7f2305200700 1 -- start start
2024-04-26T20:41:10.764 INFO:teuthology.orchestra.run.smithi001.stdout:/usr/bin/ceph: stderr
2024-04-26T20:41:09.825+0000 7f2305200700 1 --2- >> [v2:172.21.15.1:3300/0,v1:172.21.15.1:6789/0] conn(0x7f23001075c0 0x7f23001079e0 unknown :-1 s=NONE pgs=0 cs=0 l=0 rev1=0 crypto rx=0 tx=0 comp rx=0 tx=0).connect
2024-04-26T20:41:10.764 INFO:teuthology.orchestra.run.smithi001.stdout:/usr/bin/ceph: stderr
2024-04-26T20:41:09.825+0000 7f2305200700 1 -- --> [v2:172.21.15.1:3300/0,v1:172.21.15.1:6789/0] -- mon_getmap magic: 0 -- 0x7f230007ce30 con 0x7f23001075c0
2024-04-26T20:41:10.764 INFO:teuthology.orchestra.run.smithi001.stdout:/usr/bin/ceph: stderr
2024-04-26T20:41:09.825+0000 7f22fde00700 1 --2- >> [v2:172.21.15.1:3300/0,v1:172.21.15.1:6789/0] conn(0x7f23001075c0 0x7f23001079e0 unknown :-1 s=BANNER_CONNECTING pgs=0 cs=0 l=0 rev1=0 crypto rx=0 tx=0 comp rx=0 tx=0)._handle_peer_banner_payload supported=3 required=0
2024-04-26T20:41:10.765 INFO:teuthology.orchestra.run.smithi001.stdout:/usr/bin/ceph: stderr
2024-04-26T20:41:09.825+0000 7f22fde00700 1 --2- >> [v2:172.21.15.1:3300/0,v1:172.21.15.1:6789/0] conn(0x7f23001075c0 0x7f23001079e0 unknown :-1 s=HELLO_CONNECTING pgs=0 cs=0 l=0 rev1=1 crypto rx=0 tx=0 comp rx=0 tx=0).handle_hello peer v2:172.21.15.1:3300/0 says I am v2:172.21.15.1:49190/0 (socket says 172.21.15.1:49190)
2024-04-26T20:41:10.765 INFO:teuthology.orchestra.run.smithi001.stdout:/usr/bin/ceph: stderr
2024-04-26T20:41:09.825+0000 7f22fde00700 1 -- 172.21.15.1:0/4224407174 learned_addr learned my addr 172.21.15.1:0/4224407174 (peer_addr_for_me v2:172.21.15.1:0/0)
2024-04-26T20:41:10.765 INFO:teuthology.orchestra.run.smithi001.stdout:/usr/bin/ceph: stderr
2024-04-26T20:41:09.826+0000 7f22fde00700 1 -- 172.21.15.1:0/4224407174 --> [v2:172.21.15.1:3300/0,v1:172.21.15.1:6789/0] -- mon_subscribe({config=0+,monmap=0+}) -- 0x7f2300107f20 con 0x7f23001075c0
2024-04-26T20:41:10.765 INFO:teuthology.orchestra.run.smithi001.stdout:/usr/bin/ceph: stderr
2024-04-26T20:41:09.826+0000 7f22fde00700 1 --2- 172.21.15.1:0/4224407174 >> [v2:172.21.15.1:3300/0,v1:172.21.15.1:6789/0] conn(0x7f23001075c0 0x7f23001079e0 secure :-1 s=READY pgs=53 cs=0 l=1 rev1=1 crypto rx=0x7f22f00098a0 tx=0x7f22f0009bb0 comp rx=0 tx=0).ready entity=mon.0 client_cookie=d691f57db6d3dd02 server_cookie=0 in_seq=0 out_seq=0
2024-04-26T20:41:10.765 INFO:teuthology.orchestra.run.smithi001.stdout:/usr/bin/ceph: stderr
2024-04-26T20:41:09.826+0000 7f22fca00700 1 -- 172.21.15.1:0/4224407174 <== mon.0 v2:172.21.15.1:3300/0 1 ==== mon_map magic: 0 ==== 205+0+0 (secure 0 0 0) 0x7f22f0004160 con 0x7f23001075c0
2024-04-26T20:41:10.765 INFO:teuthology.orchestra.run.smithi001.stdout:/usr/bin/ceph: stderr
2024-04-26T20:41:09.827+0000 7f22fca00700 1 -- 172.21.15.1:0/4224407174 <== mon.0 v2:172.21.15.1:3300/0 2 ==== config(26 keys) ==== 1101+0+0 (secure 0 0 0) 0x7f22f0004300 con 0x7f23001075c0
2024-04-26T20:41:10.765 INFO:teuthology.orchestra.run.smithi001.stdout:/usr/bin/ceph: stderr
2024-04-26T20:41:09.827+0000 7f22fca00700 1 -- 172.21.15.1:0/4224407174 <== mon.0 v2:172.21.15.1:3300/0 3 ==== mon_map magic: 0 ==== 205+0+0 (secure 0 0 0) 0x7f22f0011a20 con 0x7f23001075c0
2024-04-26T20:41:10.765 INFO:teuthology.orchestra.run.smithi001.stdout:/usr/bin/ceph: stderr
2024-04-26T20:41:09.827+0000 7f2305200700 1 -- 172.21.15.1:0/4224407174 >> [v2:172.21.15.1:3300/0,v1:172.21.15.1:6789/0] conn(0x7f23001075c0 msgr2=0x7f23001079e0 secure :-1 s=STATE_CONNECTION_ESTABLISHED l=1).mark_down
2024-04-26T20:41:10.765 INFO:teuthology.orchestra.run.smithi001.stdout:/usr/bin/ceph: stderr
2024-04-26T20:41:09.827+0000 7f2305200700 1 --2- 172.21.15.1:0/4224407174 >> [v2:172.21.15.1:3300/0,v1:172.21.15.1:6789/0] conn(0x7f23001075c0 0x7f23001079e0 secure :-1 s=READY pgs=53 cs=0 l=1 rev1=1 crypto rx=0x7f22f00098a0 tx=0x7f22f0009bb0 comp rx=0 tx=0).stop
2024-04-26T20:41:10.765 INFO:teuthology.orchestra.run.smithi001.stdout:/usr/bin/ceph: stderr
2024-04-26T20:41:09.828+0000 7f2305200700 1 -- 172.21.15.1:0/4224407174 shutdown_connections
2024-04-26T20:41:10.769 INFO:teuthology.orchestra.run.smithi001.stdout:/usr/bin/ceph: stderr
2024-04-26T20:41:09.828+0000 7f2305200700 1 --2- 172.21.15.1:0/4224407174 >> [v2:172.21.15.1:3300/0,v1:172.21.15.1:6789/0] conn(0x7f23001075c0 0x7f23001079e0 unknown :-1 s=CLOSED pgs=53 cs=0 l=1 rev1=1 crypto rx=0 tx=0 comp rx=0 tx=0).stop
2024-04-26T20:41:10.769 INFO:teuthology.orchestra.run.smithi001.stdout:/usr/bin/ceph: stderr
2024-04-26T20:41:09.828+0000 7f2305200700 1 -- 172.21.15.1:0/4224407174 >> 172.21.15.1:0/4224407174 conn(0x7f23001031a0 msgr2=0x7f23001055c0 unknown :-1 s=STATE_NONE l=0).mark_down
2024-04-26T20:41:10.769 INFO:teuthology.orchestra.run.smithi001.stdout:/usr/bin/ceph: stderr
2024-04-26T20:41:09.828+0000 7f2305200700 1 -- 172.21.15.1:0/4224407174 shutdown_connections
2024-04-26T20:41:10.769 INFO:teuthology.orchestra.run.smithi001.stdout:/usr/bin/ceph: stderr
2024-04-26T20:41:09.828+0000 7f2305200700 1 -- 172.21.15.1:0/4224407174 wait complete.
2024-04-26T20:41:10.769 INFO:teuthology.orchestra.run.smithi001.stdout:/usr/bin/ceph: stderr
2024-04-26T20:41:09.829+0000 7f2305200700 1 Processor -- start
2024-04-26T20:41:10.770 INFO:teuthology.orchestra.run.smithi001.stdout:/usr/bin/ceph: stderr
2024-04-26T20:41:09.829+0000 7f2305200700 1 -- start start
2024-04-26T20:41:10.770 INFO:teuthology.orchestra.run.smithi001.stdout:/usr/bin/ceph: stderr
2024-04-26T20:41:09.829+0000 7f2305200700 1 --2- >> [v2:172.21.15.1:3300/0,v1:172.21.15.1:6789/0] conn(0x7f23001075c0 0x7f230019eda0 unknown :-1 s=NONE pgs=0 cs=0 l=1 rev1=0 crypto rx=0 tx=0 comp rx=0 tx=0).connect
2024-04-26T20:41:10.770 INFO:teuthology.orchestra.run.smithi001.stdout:/usr/bin/ceph: stderr
2024-04-26T20:41:09.829+0000 7f2305200700 1 -- --> [v2:172.21.15.1:3300/0,v1:172.21.15.1:6789/0] -- mon_getmap magic: 0 -- 0x7f2300108f90 con 0x7f23001075c0
2024-04-26T20:41:10.770 INFO:teuthology.orchestra.run.smithi001.stdout:/usr/bin/ceph: stderr
2024-04-26T20:41:09.830+0000 7f22fde00700 1 --2- >> [v2:172.21.15.1:3300/0,v1:172.21.15.1:6789/0] conn(0x7f23001075c0 0x7f230019eda0 unknown :-1 s=BANNER_CONNECTING pgs=0 cs=0 l=1 rev1=0 crypto rx=0 tx=0 comp rx=0 tx=0)._handle_peer_banner_payload supported=3 required=0
2024-04-26T20:41:10.770 INFO:teuthology.orchestra.run.smithi001.stdout:/usr/bin/ceph: stderr
2024-04-26T20:41:09.830+0000 7f22fde00700 1 --2- >> [v2:172.21.15.1:3300/0,v1:172.21.15.1:6789/0] conn(0x7f23001075c0 0x7f230019eda0 unknown :-1 s=HELLO_CONNECTING pgs=0 cs=0 l=1 rev1=1 crypto rx=0 tx=0 comp rx=0 tx=0).handle_hello peer v2:172.21.15.1:3300/0 says I am v2:172.21.15.1:49204/0 (socket says 172.21.15.1:49204)
2024-04-26T20:41:10.770 INFO:teuthology.orchestra.run.smithi001.stdout:/usr/bin/ceph: stderr
2024-04-26T20:41:09.830+0000 7f22fde00700 1 -- 172.21.15.1:0/1130572471 learned_addr learned my addr 172.21.15.1:0/1130572471 (peer_addr_for_me v2:172.21.15.1:0/0)
2024-04-26T20:41:10.770 INFO:teuthology.orchestra.run.smithi001.stdout:/usr/bin/ceph: stderr
2024-04-26T20:41:09.830+0000 7f22fde00700 1 -- 172.21.15.1:0/1130572471 --> [v2:172.21.15.1:3300/0,v1:172.21.15.1:6789/0] -- mon_subscribe({config=0+,monmap=0+}) -- 0x7f230019f2e0 con 0x7f23001075c0
2024-04-26T20:41:10.770 INFO:teuthology.orchestra.run.smithi001.stdout:/usr/bin/ceph: stderr
2024-04-26T20:41:09.830+0000 7f22fde00700 1 --2- 172.21.15.1:0/1130572471 >> [v2:172.21.15.1:3300/0,v1:172.21.15.1:6789/0] conn(0x7f23001075c0 0x7f230019eda0 secure :-1 s=READY pgs=54 cs=0 l=1 rev1=1 crypto rx=0x7f22f00116e0 tx=0x7f22f0011aa0 comp rx=0 tx=0).ready entity=mon.0 client_cookie=0 server_cookie=0 in_seq=0 out_seq=0
2024-04-26T20:41:10.770 INFO:teuthology.orchestra.run.smithi001.stdout:/usr/bin/ceph: stderr
2024-04-26T20:41:09.831+0000 7f22f6a00700 1 -- 172.21.15.1:0/1130572471 <== mon.0 v2:172.21.15.1:3300/0 1 ==== mon_map magic: 0 ==== 205+0+0 (secure 0 0 0) 0x7f22f0003a60 con 0x7f23001075c0
2024-04-26T20:41:10.770 INFO:teuthology.orchestra.run.smithi001.stdout:/usr/bin/ceph: stderr
2024-04-26T20:41:09.831+0000 7f22f6a00700 1 -- 172.21.15.1:0/1130572471 <== mon.0 v2:172.21.15.1:3300/0 2 ==== config(26 keys) ==== 1101+0+0 (secure 0 0 0) 0x7f22f001b8f0 con 0x7f23001075c0
2024-04-26T20:41:10.770 INFO:teuthology.orchestra.run.smithi001.stdout:/usr/bin/ceph: stderr
2024-04-26T20:41:09.831+0000 7f2305200700 1 -- 172.21.15.1:0/1130572471 --> [v2:172.21.15.1:3300/0,v1:172.21.15.1:6789/0] -- mon_subscribe({mgrmap=0+}) -- 0x7f230019f570 con 0x7f23001075c0
2024-04-26T20:41:10.770 INFO:teuthology.orchestra.run.smithi001.stdout:/usr/bin/ceph: stderr
2024-04-26T20:41:09.831+0000 7f22f6a00700 1 -- 172.21.15.1:0/1130572471 <== mon.0 v2:172.21.15.1:3300/0 3 ==== mon_map magic: 0 ==== 205+0+0 (secure 0 0 0) 0x7f22f0019860 con 0x7f23001075c0
2024-04-26T20:41:10.770 INFO:teuthology.orchestra.run.smithi001.stdout:/usr/bin/ceph: stderr
2024-04-26T20:41:09.831+0000 7f2305200700 1 -- 172.21.15.1:0/1130572471 --> [v2:172.21.15.1:3300/0,v1:172.21.15.1:6789/0] -- mon_subscribe({osdmap=0}) -- 0x7f23001a2260 con 0x7f23001075c0
2024-04-26T20:41:10.771 INFO:teuthology.orchestra.run.smithi001.stdout:/usr/bin/ceph: stderr
2024-04-26T20:41:09.832+0000 7f22f6a00700 1 -- 172.21.15.1:0/1130572471 <== mon.0 v2:172.21.15.1:3300/0 4 ==== mgrmap(e 8) ==== 46558+0+0 (secure 0 0 0) 0x7f22f0019b10 con 0x7f23001075c0
2024-04-26T20:41:10.771 INFO:teuthology.orchestra.run.smithi001.stdout:/usr/bin/ceph: stderr
2024-04-26T20:41:09.832+0000 7f22f6a00700 1 --2- 172.21.15.1:0/1130572471 >> [v2:172.21.15.1:6800/4064592431,v1:172.21.15.1:6801/4064592431] conn(0x7f22e40395b0 0x7f22e403ba70 unknown :-1 s=NONE pgs=0 cs=0 l=1 rev1=0 crypto rx=0 tx=0 comp rx=0 tx=0).connect
2024-04-26T20:41:10.771 INFO:teuthology.orchestra.run.smithi001.stdout:/usr/bin/ceph: stderr
2024-04-26T20:41:09.832+0000 7f22f6a00700 1 -- 172.21.15.1:0/1130572471 <== mon.0 v2:172.21.15.1:3300/0 5 ==== osd_map(2..2 src has 1..2) ==== 940+0+0 (secure 0 0 0) 0x7f22f004dda0 con 0x7f23001075c0
2024-04-26T20:41:10.771 INFO:teuthology.orchestra.run.smithi001.stdout:/usr/bin/ceph: stderr
2024-04-26T20:41:09.832+0000 7f2305200700 1 -- 172.21.15.1:0/1130572471 --> [v2:172.21.15.1:3300/0,v1:172.21.15.1:6789/0] -- mon_command({"prefix": "get_command_descriptions"} v 0) -- 0x7f2300064a80 con 0x7f23001075c0
2024-04-26T20:41:10.771 INFO:teuthology.orchestra.run.smithi001.stdout:/usr/bin/ceph: stderr
2024-04-26T20:41:09.833+0000 7f22fd400700 1 --2- 172.21.15.1:0/1130572471 >> [v2:172.21.15.1:6800/4064592431,v1:172.21.15.1:6801/4064592431] conn(0x7f22e40395b0 0x7f22e403ba70 unknown :-1 s=BANNER_CONNECTING pgs=0 cs=0 l=1 rev1=0 crypto rx=0 tx=0 comp rx=0 tx=0)._handle_peer_banner_payload supported=3 required=0
2024-04-26T20:41:10.771 INFO:teuthology.orchestra.run.smithi001.stdout:/usr/bin/ceph: stderr
2024-04-26T20:41:09.834+0000 7f22fd400700 1 --2- 172.21.15.1:0/1130572471 >> [v2:172.21.15.1:6800/4064592431,v1:172.21.15.1:6801/4064592431] conn(0x7f22e40395b0 0x7f22e403ba70 secure :-1 s=READY pgs=15 cs=0 l=1 rev1=1 crypto rx=0x7f22ec006fd0 tx=0x7f22ec006e40 comp rx=0 tx=0).ready entity=mgr.14120 client_cookie=0 server_cookie=0 in_seq=0 out_seq=0
2024-04-26T20:41:10.771 INFO:teuthology.orchestra.run.smithi001.stdout:/usr/bin/ceph: stderr
2024-04-26T20:41:09.839+0000 7f22f6a00700 1 -- 172.21.15.1:0/1130572471 <== mon.0 v2:172.21.15.1:3300/0 6 ==== mon_command_ack([{"prefix": "get_command_descriptions"}]=0 v0) ==== 72+0+188494 (secure 0 0 0) 0x7f22f001f030 con 0x7f23001075c0
2024-04-26T20:41:10.771 INFO:teuthology.orchestra.run.smithi001.stdout:/usr/bin/ceph: stderr
2024-04-26T20:41:10.109+0000 7f2305200700 1 -- 172.21.15.1:0/1130572471 --> [v2:172.21.15.1:3300/0,v1:172.21.15.1:6789/0] -- mon_command([{prefix=config set, name=mgr/dashboard/ssl_server_port}] v 0) -- 0x7f230002e750 con 0x7f23001075c0
2024-04-26T20:41:10.771 INFO:teuthology.orchestra.run.smithi001.stdout:/usr/bin/ceph: stderr
2024-04-26T20:41:10.113+0000 7f22f6a00700 1 -- 172.21.15.1:0/1130572471 <== mon.0 v2:172.21.15.1:3300/0 7 ==== mon_command_ack([{prefix=config set, name=mgr/dashboard/ssl_server_port}]=0 v8)=0 v8) ==== 130+0+0 (secure 0 0 0) 0x7f22f004b030 con 0x7f23001075c0
2024-04-26T20:41:10.771 INFO:teuthology.orchestra.run.smithi001.stdout:/usr/bin/ceph: stderr
2024-04-26T20:41:10.117+0000 7f2305200700 1 -- 172.21.15.1:0/1130572471 >> [v2:172.21.15.1:6800/4064592431,v1:172.21.15.1:6801/4064592431] conn(0x7f22e40395b0 msgr2=0x7f22e403ba70 secure :-1 s=STATE_CONNECTION_ESTABLISHED l=1).mark_down
2024-04-26T20:41:10.771 INFO:teuthology.orchestra.run.smithi001.stdout:/usr/bin/ceph: stderr
2024-04-26T20:41:10.117+0000 7f2305200700 1 --2- 172.21.15.1:0/1130572471 >> [v2:172.21.15.1:6800/4064592431,v1:172.21.15.1:6801/4064592431] conn(0x7f22e40395b0 0x7f22e403ba70 secure :-1 s=READY pgs=15 cs=0 l=1 rev1=1 crypto rx=0x7f22ec006fd0 tx=0x7f22ec006e40 comp rx=0 tx=0).stop
2024-04-26T20:41:10.771 INFO:teuthology.orchestra.run.smithi001.stdout:/usr/bin/ceph: stderr
2024-04-26T20:41:10.117+0000 7f2305200700 1 -- 172.21.15.1:0/1130572471 >> [v2:172.21.15.1:3300/0,v1:172.21.15.1:6789/0] conn(0x7f23001075c0 msgr2=0x7f230019eda0 secure :-1 s=STATE_CONNECTION_ESTABLISHED l=1).mark_down
2024-04-26T20:41:10.771 INFO:teuthology.orchestra.run.smithi001.stdout:/usr/bin/ceph: stderr
2024-04-26T20:41:10.117+0000 7f2305200700 1 --2- 172.21.15.1:0/1130572471 >> [v2:172.21.15.1:3300/0,v1:172.21.15.1:6789/0] conn(0x7f23001075c0 0x7f230019eda0 secure :-1 s=READY pgs=54 cs=0 l=1 rev1=1 crypto rx=0x7f22f00116e0 tx=0x7f22f0011aa0 comp rx=0 tx=0).stop
2024-04-26T20:41:10.771 INFO:teuthology.orchestra.run.smithi001.stdout:/usr/bin/ceph: stderr
2024-04-26T20:41:10.117+0000 7f2305200700 1 -- 172.21.15.1:0/1130572471 shutdown_connections
2024-04-26T20:41:10.771 INFO:teuthology.orchestra.run.smithi001.stdout:/usr/bin/ceph: stderr
2024-04-26T20:41:10.117+0000 7f2305200700 1 --2- 172.21.15.1:0/1130572471 >> [v2:172.21.15.1:6800/4064592431,v1:172.21.15.1:6801/4064592431] conn(0x7f22e40395b0 0x7f22e403ba70 unknown :-1 s=CLOSED pgs=15 cs=0 l=1 rev1=1 crypto rx=0 tx=0 comp rx=0 tx=0).stop
2024-04-26T20:41:10.772 INFO:teuthology.orchestra.run.smithi001.stdout:/usr/bin/ceph: stderr
2024-04-26T20:41:10.117+0000 7f2305200700 1 --2- 172.21.15.1:0/1130572471 >> [v2:172.21.15.1:3300/0,v1:172.21.15.1:6789/0] conn(0x7f23001075c0 0x7f230019eda0 unknown :-1 s=CLOSED pgs=54 cs=0 l=1 rev1=1 crypto rx=0 tx=0 comp rx=0 tx=0).stop
2024-04-26T20:41:10.772 INFO:teuthology.orchestra.run.smithi001.stdout:/usr/bin/ceph: stderr
2024-04-26T20:41:10.117+0000 7f2305200700 1 -- 172.21.15.1:0/1130572471 >> 172.21.15.1:0/1130572471 conn(0x7f23001031a0 msgr2=0x7f23001959e0 unknown :-1 s=STATE_NONE l=0).mark_down
2024-04-26T20:41:10.772 INFO:teuthology.orchestra.run.smithi001.stdout:/usr/bin/ceph: stderr
2024-04-26T20:41:10.117+0000 7f2305200700 1 -- 172.21.15.1:0/1130572471 shutdown_connections
2024-04-26T20:41:10.772 INFO:teuthology.orchestra.run.smithi001.stdout:/usr/bin/ceph: stderr
2024-04-26T20:41:10.117+0000 7f2305200700 1 -- 172.21.15.1:0/1130572471 wait complete.
2024-04-26T20:41:10.772 INFO:teuthology.orchestra.run.smithi001.stdout:Enabling the dashboard module...
2024-04-26T20:41:12.848 INFO:journalctl@ceph.mon.a.smithi001.stdout:Apr 26 20:41:12 smithi001 ceph-mon[28002]: pgmap v5: 0 pgs: ; 0 B data, 0 B used, 0 B / 0 B avail
2024-04-26T20:41:12.848 INFO:journalctl@ceph.mon.a.smithi001.stdout:Apr 26 20:41:12 smithi001 ceph-mon[28002]: from='client.? 172.21.15.1:0/198418783' entity='client.admin' cmd=[{"prefix": "mgr module enable", "module": "dashboard"}]: dispatch
2024-04-26T20:41:12.848 INFO:journalctl@ceph.mon.a.smithi001.stdout:Apr 26 20:41:12 smithi001 ceph-mon[28002]: from='mgr.14120 172.21.15.1:0/2560793037' entity='mgr.x'
2024-04-26T20:41:12.848 INFO:journalctl@ceph.mgr.x.smithi001.stdout:Apr 26 20:41:12 smithi001 ceph-0103f252-040d-11ef-bc93-c7b262605968-mgr-x[28239]: ignoring --setuser ceph since I am not root
2024-04-26T20:41:12.848 INFO:journalctl@ceph.mgr.x.smithi001.stdout:Apr 26 20:41:12 smithi001 ceph-0103f252-040d-11ef-bc93-c7b262605968-mgr-x[28239]: ignoring --setgroup ceph since I am not root
2024-04-26T20:41:13.149 INFO:journalctl@ceph.mgr.x.smithi001.stdout:Apr 26 20:41:12 smithi001 ceph-0103f252-040d-11ef-bc93-c7b262605968-mgr-x[28239]:
2024-04-26T20:41:12.891+0000 7faa0108d200 -1 mgr[py] Module balancer has missing NOTIFY_TYPES member
2024-04-26T20:41:13.149 INFO:journalctl@ceph.mgr.x.smithi001.stdout:Apr 26 20:41:13 smithi001 ceph-0103f252-040d-11ef-bc93-c7b262605968-mgr-x[28239]:
2024-04-26T20:41:13.147+0000 7faa0108d200 -1 mgr[py] Module orchestrator has missing NOTIFY_TYPES member
2024-04-26T20:41:13.282 INFO:teuthology.orchestra.run.smithi001.stdout:/usr/bin/ceph: stderr
2024-04-26T20:41:11.419+0000 7f5686800700 1 Processor -- start
2024-04-26T20:41:13.283 INFO:teuthology.orchestra.run.smithi001.stdout:/usr/bin/ceph: stderr
2024-04-26T20:41:11.419+0000 7f5686800700 1 -- start start
2024-04-26T20:41:13.283 INFO:teuthology.orchestra.run.smithi001.stdout:/usr/bin/ceph: stderr
2024-04-26T20:41:11.420+0000 7f5686800700 1 --2- >> [v2:172.21.15.1:3300/0,v1:172.21.15.1:6789/0] conn(0x7f5680109730 0x7f568010bb20 unknown :-1 s=NONE pgs=0 cs=0 l=0 rev1=0 crypto rx=0 tx=0 comp rx=0 tx=0).connect
2024-04-26T20:41:13.283 INFO:teuthology.orchestra.run.smithi001.stdout:/usr/bin/ceph: stderr
2024-04-26T20:41:11.420+0000 7f5686800700 1 -- --> [v2:172.21.15.1:3300/0,v1:172.21.15.1:6789/0] -- mon_getmap magic: 0 -- 0x7f568007ceb0 con 0x7f5680109730
2024-04-26T20:41:13.284 INFO:teuthology.orchestra.run.smithi001.stdout:/usr/bin/ceph: stderr
2024-04-26T20:41:11.420+0000 7f567f400700 1 --2- >> [v2:172.21.15.1:3300/0,v1:172.21.15.1:6789/0] conn(0x7f5680109730 0x7f568010bb20 unknown :-1 s=BANNER_CONNECTING pgs=0 cs=0 l=0 rev1=0 crypto rx=0 tx=0 comp rx=0 tx=0)._handle_peer_banner_payload supported=3 required=0
2024-04-26T20:41:13.284 INFO:teuthology.orchestra.run.smithi001.stdout:/usr/bin/ceph: stderr
2024-04-26T20:41:11.420+0000 7f567f400700 1 --2- >> [v2:172.21.15.1:3300/0,v1:172.21.15.1:6789/0] conn(0x7f5680109730 0x7f568010bb20 unknown :-1 s=HELLO_CONNECTING pgs=0 cs=0 l=0 rev1=1 crypto rx=0 tx=0 comp rx=0 tx=0).handle_hello peer v2:172.21.15.1:3300/0 says I am v2:172.21.15.1:49220/0 (socket says 172.21.15.1:49220)
2024-04-26T20:41:13.285 INFO:teuthology.orchestra.run.smithi001.stdout:/usr/bin/ceph: stderr
2024-04-26T20:41:11.420+0000 7f567f400700 1 -- 172.21.15.1:0/3059151555 learned_addr learned my addr 172.21.15.1:0/3059151555 (peer_addr_for_me v2:172.21.15.1:0/0)
2024-04-26T20:41:13.285 INFO:teuthology.orchestra.run.smithi001.stdout:/usr/bin/ceph: stderr
2024-04-26T20:41:11.421+0000 7f567f400700 1 -- 172.21.15.1:0/3059151555 --> [v2:172.21.15.1:3300/0,v1:172.21.15.1:6789/0] -- mon_subscribe({config=0+,monmap=0+}) -- 0x7f568010c060 con 0x7f5680109730
2024-04-26T20:41:13.285 INFO:teuthology.orchestra.run.smithi001.stdout:/usr/bin/ceph: stderr
2024-04-26T20:41:11.421+0000 7f567f400700 1 --2- 172.21.15.1:0/3059151555 >> [v2:172.21.15.1:3300/0,v1:172.21.15.1:6789/0] conn(0x7f5680109730 0x7f568010bb20 secure :-1 s=READY pgs=55 cs=0 l=1 rev1=1 crypto rx=0x7f56700098a0 tx=0x7f5670009bb0 comp rx=0 tx=0).ready entity=mon.0 client_cookie=517dfcf986e026cf server_cookie=0 in_seq=0 out_seq=0
2024-04-26T20:41:13.285 INFO:teuthology.orchestra.run.smithi001.stdout:/usr/bin/ceph: stderr
2024-04-26T20:41:11.422+0000 7f567e000700 1 -- 172.21.15.1:0/3059151555 <== mon.0 v2:172.21.15.1:3300/0 1 ==== mon_map magic: 0 ==== 205+0+0 (secure 0 0 0) 0x7f5670004160 con 0x7f5680109730
2024-04-26T20:41:13.285 INFO:teuthology.orchestra.run.smithi001.stdout:/usr/bin/ceph: stderr
