2024-04-26T20:54:46.631+0000 7f059de00700 1 --2- >> [v2:172.21.15.55:3300/0,v1:172.21.15.55:6789/0] conn(0x7f05a007adf0 0x7f05a019c550 unknown :-1 s=BANNER_CONNECTING pgs=0 cs=0 l=1 rev1=0 crypto rx=0 tx=0 comp rx=0 tx=0)._handle_peer_banner_payload supported=3 required=0
2024-04-26T20:54:47.465 INFO:teuthology.orchestra.run.smithi055.stdout:/usr/bin/ceph: stderr
2024-04-26T20:54:46.631+0000 7f059de00700 1 --2- >> [v2:172.21.15.55:3300/0,v1:172.21.15.55:6789/0] conn(0x7f05a007adf0 0x7f05a019c550 unknown :-1 s=HELLO_CONNECTING pgs=0 cs=0 l=1 rev1=1 crypto rx=0 tx=0 comp rx=0 tx=0).handle_hello peer v2:172.21.15.55:3300/0 says I am v2:172.21.15.55:58178/0 (socket says 172.21.15.55:58178)
2024-04-26T20:54:47.465 INFO:teuthology.orchestra.run.smithi055.stdout:/usr/bin/ceph: stderr
2024-04-26T20:54:46.631+0000 7f059de00700 1 -- 172.21.15.55:0/386880816 learned_addr learned my addr 172.21.15.55:0/386880816 (peer_addr_for_me v2:172.21.15.55:0/0)
2024-04-26T20:54:47.465 INFO:teuthology.orchestra.run.smithi055.stdout:/usr/bin/ceph: stderr
2024-04-26T20:54:46.632+0000 7f059de00700 1 -- 172.21.15.55:0/386880816 --> [v2:172.21.15.55:3300/0,v1:172.21.15.55:6789/0] -- mon_subscribe({config=0+,monmap=0+}) v3 -- 0x7f0590009550 con 0x7f05a007adf0
2024-04-26T20:54:47.465 INFO:teuthology.orchestra.run.smithi055.stdout:/usr/bin/ceph: stderr
2024-04-26T20:54:46.632+0000 7f059de00700 1 --2- 172.21.15.55:0/386880816 >> [v2:172.21.15.55:3300/0,v1:172.21.15.55:6789/0] conn(0x7f05a007adf0 0x7f05a019c550 secure :-1 s=READY pgs=10 cs=0 l=1 rev1=1 crypto rx=0x7f0590011710 tx=0x7f05900047c0 comp rx=0 tx=0).ready entity=mon.0 client_cookie=0 server_cookie=0 in_seq=0 out_seq=0
2024-04-26T20:54:47.465 INFO:teuthology.orchestra.run.smithi055.stdout:/usr/bin/ceph: stderr
2024-04-26T20:54:46.632+0000 7f0596a00700 1 -- 172.21.15.55:0/386880816 <== mon.0 v2:172.21.15.55:3300/0 1 ==== mon_map magic: 0 v1 ==== 229+0+0 (secure 0 0 0) 0x7f0590003b10 con 0x7f05a007adf0
2024-04-26T20:54:47.465 INFO:teuthology.orchestra.run.smithi055.stdout:/usr/bin/ceph: stderr
2024-04-26T20:54:46.632+0000 7f0596a00700 1 -- 172.21.15.55:0/386880816 <== mon.0 v2:172.21.15.55:3300/0 2 ==== config(27 keys) v1 ==== 1042+0+0 (secure 0 0 0) 0x7f059001b8c0 con 0x7f05a007adf0
2024-04-26T20:54:47.465 INFO:teuthology.orchestra.run.smithi055.stdout:/usr/bin/ceph: stderr
2024-04-26T20:54:46.632+0000 7f05a5000700 1 -- 172.21.15.55:0/386880816 --> [v2:172.21.15.55:3300/0,v1:172.21.15.55:6789/0] -- mon_subscribe({mgrmap=0+}) v3 -- 0x7f05a019cc90 con 0x7f05a007adf0
2024-04-26T20:54:47.466 INFO:teuthology.orchestra.run.smithi055.stdout:/usr/bin/ceph: stderr
2024-04-26T20:54:46.632+0000 7f0596a00700 1 -- 172.21.15.55:0/386880816 <== mon.0 v2:172.21.15.55:3300/0 3 ==== mon_map magic: 0 v1 ==== 229+0+0 (secure 0 0 0) 0x7f0590019770 con 0x7f05a007adf0
2024-04-26T20:54:47.466 INFO:teuthology.orchestra.run.smithi055.stdout:/usr/bin/ceph: stderr
2024-04-26T20:54:46.633+0000 7f05a5000700 1 -- 172.21.15.55:0/386880816 --> [v2:172.21.15.55:3300/0,v1:172.21.15.55:6789/0] -- mon_subscribe({osdmap=0}) v3 -- 0x7f05a019d130 con 0x7f05a007adf0
2024-04-26T20:54:47.466 INFO:teuthology.orchestra.run.smithi055.stdout:/usr/bin/ceph: stderr
2024-04-26T20:54:46.633+0000 7f0596a00700 1 -- 172.21.15.55:0/386880816 <== mon.0 v2:172.21.15.55:3300/0 4 ==== mgrmap(e 1) v1 ==== 668+0+0 (secure 0 0 0) 0x7f0590019cf0 con 0x7f05a007adf0
2024-04-26T20:54:47.466 INFO:teuthology.orchestra.run.smithi055.stdout:/usr/bin/ceph: stderr
2024-04-26T20:54:46.633+0000 7f0596a00700 1 -- 172.21.15.55:0/386880816 <== mon.0 v2:172.21.15.55:3300/0 5 ==== osd_map(1..1 src has 1..1) v4 ==== 725+0+0 (secure 0 0 0) 0x7f059001a710 con 0x7f05a007adf0
2024-04-26T20:54:47.466 INFO:teuthology.orchestra.run.smithi055.stdout:/usr/bin/ceph: stderr
2024-04-26T20:54:46.634+0000 7f05a5000700 1 -- 172.21.15.55:0/386880816 --> [v2:172.21.15.55:3300/0,v1:172.21.15.55:6789/0] -- mon_command({"prefix": "get_command_descriptions"} v 0) v1 -- 0x7f05a0062510 con 0x7f05a007adf0
2024-04-26T20:54:47.466 INFO:teuthology.orchestra.run.smithi055.stdout:/usr/bin/ceph: stderr
2024-04-26T20:54:46.638+0000 7f0596a00700 1 -- 172.21.15.55:0/386880816 <== mon.0 v2:172.21.15.55:3300/0 6 ==== mon_command_ack([{"prefix": "get_command_descriptions"}]=0 v0) v1 ==== 72+0+73121 (secure 0 0 0) 0x7f0590029060 con 0x7f05a007adf0
2024-04-26T20:54:47.466 INFO:teuthology.orchestra.run.smithi055.stdout:/usr/bin/ceph: stderr
2024-04-26T20:54:46.719+0000 7f05a5000700 1 -- 172.21.15.55:0/386880816 --> [v2:172.21.15.55:3300/0,v1:172.21.15.55:6789/0] -- mon_command({"prefix": "status", "format": "json-pretty"} v 0) v1 -- 0x7f05a010cb70 con 0x7f05a007adf0
2024-04-26T20:54:47.466 INFO:teuthology.orchestra.run.smithi055.stdout:/usr/bin/ceph: stderr
2024-04-26T20:54:46.719+0000 7f0596a00700 1 -- 172.21.15.55:0/386880816 <== mon.0 v2:172.21.15.55:3300/0 7 ==== mon_command_ack([{"prefix": "status", "format": "json-pretty"}]=0 v0) v1 ==== 79+0+1247 (secure 0 0 0) 0x7f059001f070 con 0x7f05a007adf0
2024-04-26T20:54:47.466 INFO:teuthology.orchestra.run.smithi055.stdout:/usr/bin/ceph: stderr
2024-04-26T20:54:46.721+0000 7f05a5000700 1 -- 172.21.15.55:0/386880816 >> [v2:172.21.15.55:3300/0,v1:172.21.15.55:6789/0] conn(0x7f05a007adf0 msgr2=0x7f05a019c550 secure :-1 s=STATE_CONNECTION_ESTABLISHED l=1).mark_down
2024-04-26T20:54:47.466 INFO:teuthology.orchestra.run.smithi055.stdout:/usr/bin/ceph: stderr
2024-04-26T20:54:46.721+0000 7f05a5000700 1 --2- 172.21.15.55:0/386880816 >> [v2:172.21.15.55:3300/0,v1:172.21.15.55:6789/0] conn(0x7f05a007adf0 0x7f05a019c550 secure :-1 s=READY pgs=10 cs=0 l=1 rev1=1 crypto rx=0x7f0590011710 tx=0x7f05900047c0 comp rx=0 tx=0).stop
2024-04-26T20:54:47.466 INFO:teuthology.orchestra.run.smithi055.stdout:/usr/bin/ceph: stderr
2024-04-26T20:54:46.721+0000 7f05a5000700 1 -- 172.21.15.55:0/386880816 shutdown_connections
2024-04-26T20:54:47.466 INFO:teuthology.orchestra.run.smithi055.stdout:/usr/bin/ceph: stderr
2024-04-26T20:54:46.721+0000 7f05a5000700 1 --2- 172.21.15.55:0/386880816 >> [v2:172.21.15.55:3300/0,v1:172.21.15.55:6789/0] conn(0x7f05a007adf0 0x7f05a019c550 unknown :-1 s=CLOSED pgs=10 cs=0 l=1 rev1=1 crypto rx=0 tx=0 comp rx=0 tx=0).stop
2024-04-26T20:54:47.466 INFO:teuthology.orchestra.run.smithi055.stdout:/usr/bin/ceph: stderr
2024-04-26T20:54:46.721+0000 7f05a5000700 1 -- 172.21.15.55:0/386880816 >> 172.21.15.55:0/386880816 conn(0x7f05a0101c00 msgr2=0x7f05a01027b0 unknown :-1 s=STATE_NONE l=0).mark_down
2024-04-26T20:54:47.467 INFO:teuthology.orchestra.run.smithi055.stdout:/usr/bin/ceph: stderr
2024-04-26T20:54:46.721+0000 7f05a5000700 1 -- 172.21.15.55:0/386880816 shutdown_connections
2024-04-26T20:54:47.467 INFO:teuthology.orchestra.run.smithi055.stdout:/usr/bin/ceph: stderr
2024-04-26T20:54:46.722+0000 7f05a5000700 1 -- 172.21.15.55:0/386880816 wait complete.
2024-04-26T20:54:47.467 INFO:teuthology.orchestra.run.smithi055.stdout:mgr not available, waiting (3/15)...
2024-04-26T20:54:48.506 INFO:journalctl@ceph.mon.smithi055.smithi055.stdout:Apr 26 20:54:48 smithi055 ceph-mon[25475]: Activating manager daemon smithi055.ybbowr
2024-04-26T20:54:48.506 INFO:journalctl@ceph.mon.smithi055.smithi055.stdout:Apr 26 20:54:48 smithi055 ceph-mon[25475]: mgrmap e2: smithi055.ybbowr(active, starting, since 0.0112734s)
2024-04-26T20:54:48.506 INFO:journalctl@ceph.mon.smithi055.smithi055.stdout:Apr 26 20:54:48 smithi055 ceph-mon[25475]: from='mgr.14100 172.21.15.55:0/3780586494' entity='mgr.smithi055.ybbowr' cmd=[{"prefix": "mds metadata"}]: dispatch
2024-04-26T20:54:48.506 INFO:journalctl@ceph.mon.smithi055.smithi055.stdout:Apr 26 20:54:48 smithi055 ceph-mon[25475]: from='mgr.14100 172.21.15.55:0/3780586494' entity='mgr.smithi055.ybbowr' cmd=[{"prefix": "osd metadata"}]: dispatch
2024-04-26T20:54:48.506 INFO:journalctl@ceph.mon.smithi055.smithi055.stdout:Apr 26 20:54:48 smithi055 ceph-mon[25475]: from='mgr.14100 172.21.15.55:0/3780586494' entity='mgr.smithi055.ybbowr' cmd=[{"prefix": "mon metadata"}]: dispatch
2024-04-26T20:54:48.506 INFO:journalctl@ceph.mon.smithi055.smithi055.stdout:Apr 26 20:54:48 smithi055 ceph-mon[25475]: from='mgr.14100 172.21.15.55:0/3780586494' entity='mgr.smithi055.ybbowr' cmd=[{"prefix": "mon metadata", "id": "smithi055"}]: dispatch
2024-04-26T20:54:48.506 INFO:journalctl@ceph.mon.smithi055.smithi055.stdout:Apr 26 20:54:48 smithi055 ceph-mon[25475]: from='mgr.14100 172.21.15.55:0/3780586494' entity='mgr.smithi055.ybbowr' cmd=[{"prefix": "mgr metadata", "who": "smithi055.ybbowr", "id": "smithi055.ybbowr"}]: dispatch
2024-04-26T20:54:48.507 INFO:journalctl@ceph.mon.smithi055.smithi055.stdout:Apr 26 20:54:48 smithi055 ceph-mon[25475]: Manager daemon smithi055.ybbowr is now available
2024-04-26T20:54:48.507 INFO:journalctl@ceph.mon.smithi055.smithi055.stdout:Apr 26 20:54:48 smithi055 ceph-mon[25475]: from='mgr.14100 172.21.15.55:0/3780586494' entity='mgr.smithi055.ybbowr' cmd=[{"prefix":"config rm","who":"mgr","name":"mgr/rbd_support/smithi055.ybbowr/mirror_snapshot_schedule"}]: dispatch
2024-04-26T20:54:48.507 INFO:journalctl@ceph.mon.smithi055.smithi055.stdout:Apr 26 20:54:48 smithi055 ceph-mon[25475]: from='mgr.14100 172.21.15.55:0/3780586494' entity='mgr.smithi055.ybbowr' cmd=[{"prefix":"config rm","who":"mgr","name":"mgr/rbd_support/smithi055.ybbowr/trash_purge_schedule"}]: dispatch
2024-04-26T20:54:48.507 INFO:journalctl@ceph.mon.smithi055.smithi055.stdout:Apr 26 20:54:48 smithi055 ceph-mon[25475]: from='mgr.14100 172.21.15.55:0/3780586494' entity='mgr.smithi055.ybbowr'
2024-04-26T20:54:48.507 INFO:journalctl@ceph.mon.smithi055.smithi055.stdout:Apr 26 20:54:48 smithi055 ceph-mon[25475]: from='mgr.14100 172.21.15.55:0/3780586494' entity='mgr.smithi055.ybbowr'
2024-04-26T20:54:48.507 INFO:journalctl@ceph.mon.smithi055.smithi055.stdout:Apr 26 20:54:48 smithi055 ceph-mon[25475]: from='mgr.14100 172.21.15.55:0/3780586494' entity='mgr.smithi055.ybbowr'
2024-04-26T20:54:50.255 INFO:journalctl@ceph.mon.smithi055.smithi055.stdout:Apr 26 20:54:50 smithi055 ceph-mon[25475]: mgrmap e3: smithi055.ybbowr(active, since 1.02118s)
2024-04-26T20:54:51.045 INFO:teuthology.orchestra.run.smithi055.stdout:/usr/bin/ceph: stdout
2024-04-26T20:54:51.045 INFO:teuthology.orchestra.run.smithi055.stdout:/usr/bin/ceph: stdout {
2024-04-26T20:54:51.045 INFO:teuthology.orchestra.run.smithi055.stdout:/usr/bin/ceph: stdout "fsid": "fbc85ba0-040e-11ef-bc93-c7b262605968",
2024-04-26T20:54:51.045 INFO:teuthology.orchestra.run.smithi055.stdout:/usr/bin/ceph: stdout "health": {
2024-04-26T20:54:51.045 INFO:teuthology.orchestra.run.smithi055.stdout:/usr/bin/ceph: stdout "status": "HEALTH_OK",
2024-04-26T20:54:51.045 INFO:teuthology.orchestra.run.smithi055.stdout:/usr/bin/ceph: stdout "checks": {},
2024-04-26T20:54:51.045 INFO:teuthology.orchestra.run.smithi055.stdout:/usr/bin/ceph: stdout "mutes": []
2024-04-26T20:54:51.045 INFO:teuthology.orchestra.run.smithi055.stdout:/usr/bin/ceph: stdout },
2024-04-26T20:54:51.045 INFO:teuthology.orchestra.run.smithi055.stdout:/usr/bin/ceph: stdout "election_epoch": 5,
2024-04-26T20:54:51.045 INFO:teuthology.orchestra.run.smithi055.stdout:/usr/bin/ceph: stdout "quorum": [
2024-04-26T20:54:51.046 INFO:teuthology.orchestra.run.smithi055.stdout:/usr/bin/ceph: stdout 0
2024-04-26T20:54:51.046 INFO:teuthology.orchestra.run.smithi055.stdout:/usr/bin/ceph: stdout ],
2024-04-26T20:54:51.046 INFO:teuthology.orchestra.run.smithi055.stdout:/usr/bin/ceph: stdout "quorum_names": [
2024-04-26T20:54:51.046 INFO:teuthology.orchestra.run.smithi055.stdout:/usr/bin/ceph: stdout "smithi055"
2024-04-26T20:54:51.046 INFO:teuthology.orchestra.run.smithi055.stdout:/usr/bin/ceph: stdout ],
2024-04-26T20:54:51.046 INFO:teuthology.orchestra.run.smithi055.stdout:/usr/bin/ceph: stdout "quorum_age": 14,
2024-04-26T20:54:51.046 INFO:teuthology.orchestra.run.smithi055.stdout:/usr/bin/ceph: stdout "monmap": {
2024-04-26T20:54:51.046 INFO:teuthology.orchestra.run.smithi055.stdout:/usr/bin/ceph: stdout "epoch": 1,
2024-04-26T20:54:51.046 INFO:teuthology.orchestra.run.smithi055.stdout:/usr/bin/ceph: stdout "min_mon_release_name": "reef",
2024-04-26T20:54:51.046 INFO:teuthology.orchestra.run.smithi055.stdout:/usr/bin/ceph: stdout "num_mons": 1
2024-04-26T20:54:51.046 INFO:teuthology.orchestra.run.smithi055.stdout:/usr/bin/ceph: stdout },
2024-04-26T20:54:51.046 INFO:teuthology.orchestra.run.smithi055.stdout:/usr/bin/ceph: stdout "osdmap": {
2024-04-26T20:54:51.046 INFO:teuthology.orchestra.run.smithi055.stdout:/usr/bin/ceph: stdout "epoch": 1,
2024-04-26T20:54:51.046 INFO:teuthology.orchestra.run.smithi055.stdout:/usr/bin/ceph: stdout "num_osds": 0,
2024-04-26T20:54:51.047 INFO:teuthology.orchestra.run.smithi055.stdout:/usr/bin/ceph: stdout "num_up_osds": 0,
2024-04-26T20:54:51.047 INFO:teuthology.orchestra.run.smithi055.stdout:/usr/bin/ceph: stdout "osd_up_since": 0,
2024-04-26T20:54:51.047 INFO:teuthology.orchestra.run.smithi055.stdout:/usr/bin/ceph: stdout "num_in_osds": 0,
2024-04-26T20:54:51.047 INFO:teuthology.orchestra.run.smithi055.stdout:/usr/bin/ceph: stdout "osd_in_since": 0,
2024-04-26T20:54:51.047 INFO:teuthology.orchestra.run.smithi055.stdout:/usr/bin/ceph: stdout "num_remapped_pgs": 0
2024-04-26T20:54:51.047 INFO:teuthology.orchestra.run.smithi055.stdout:/usr/bin/ceph: stdout },
2024-04-26T20:54:51.047 INFO:teuthology.orchestra.run.smithi055.stdout:/usr/bin/ceph: stdout "pgmap": {
2024-04-26T20:54:51.047 INFO:teuthology.orchestra.run.smithi055.stdout:/usr/bin/ceph: stdout "pgs_by_state": [],
2024-04-26T20:54:51.047 INFO:teuthology.orchestra.run.smithi055.stdout:/usr/bin/ceph: stdout "num_pgs": 0,
2024-04-26T20:54:51.047 INFO:teuthology.orchestra.run.smithi055.stdout:/usr/bin/ceph: stdout "num_pools": 0,
2024-04-26T20:54:51.047 INFO:teuthology.orchestra.run.smithi055.stdout:/usr/bin/ceph: stdout "num_objects": 0,
2024-04-26T20:54:51.047 INFO:teuthology.orchestra.run.smithi055.stdout:/usr/bin/ceph: stdout "data_bytes": 0,
2024-04-26T20:54:51.047 INFO:teuthology.orchestra.run.smithi055.stdout:/usr/bin/ceph: stdout "bytes_used": 0,
2024-04-26T20:54:51.047 INFO:teuthology.orchestra.run.smithi055.stdout:/usr/bin/ceph: stdout "bytes_avail": 0,
2024-04-26T20:54:51.048 INFO:teuthology.orchestra.run.smithi055.stdout:/usr/bin/ceph: stdout "bytes_total": 0
2024-04-26T20:54:51.048 INFO:teuthology.orchestra.run.smithi055.stdout:/usr/bin/ceph: stdout },
2024-04-26T20:54:51.048 INFO:teuthology.orchestra.run.smithi055.stdout:/usr/bin/ceph: stdout "fsmap": {
2024-04-26T20:54:51.048 INFO:teuthology.orchestra.run.smithi055.stdout:/usr/bin/ceph: stdout "epoch": 1,
2024-04-26T20:54:51.048 INFO:teuthology.orchestra.run.smithi055.stdout:/usr/bin/ceph: stdout "by_rank": [],
2024-04-26T20:54:51.048 INFO:teuthology.orchestra.run.smithi055.stdout:/usr/bin/ceph: stdout "up:standby": 0
2024-04-26T20:54:51.048 INFO:teuthology.orchestra.run.smithi055.stdout:/usr/bin/ceph: stdout },
2024-04-26T20:54:51.048 INFO:teuthology.orchestra.run.smithi055.stdout:/usr/bin/ceph: stdout "mgrmap": {
2024-04-26T20:54:51.048 INFO:teuthology.orchestra.run.smithi055.stdout:/usr/bin/ceph: stdout "available": true,
2024-04-26T20:54:51.048 INFO:teuthology.orchestra.run.smithi055.stdout:/usr/bin/ceph: stdout "num_standbys": 0,
2024-04-26T20:54:51.048 INFO:teuthology.orchestra.run.smithi055.stdout:/usr/bin/ceph: stdout "modules": [
2024-04-26T20:54:51.048 INFO:teuthology.orchestra.run.smithi055.stdout:/usr/bin/ceph: stdout "iostat",
2024-04-26T20:54:51.048 INFO:teuthology.orchestra.run.smithi055.stdout:/usr/bin/ceph: stdout "nfs",
2024-04-26T20:54:51.049 INFO:teuthology.orchestra.run.smithi055.stdout:/usr/bin/ceph: stdout "restful"
2024-04-26T20:54:51.049 INFO:teuthology.orchestra.run.smithi055.stdout:/usr/bin/ceph: stdout ],
2024-04-26T20:54:51.049 INFO:teuthology.orchestra.run.smithi055.stdout:/usr/bin/ceph: stdout "services": {}
2024-04-26T20:54:51.049 INFO:teuthology.orchestra.run.smithi055.stdout:/usr/bin/ceph: stdout },
2024-04-26T20:54:51.049 INFO:teuthology.orchestra.run.smithi055.stdout:/usr/bin/ceph: stdout "servicemap": {
2024-04-26T20:54:51.049 INFO:teuthology.orchestra.run.smithi055.stdout:/usr/bin/ceph: stdout "epoch": 1,
2024-04-26T20:54:51.049 INFO:teuthology.orchestra.run.smithi055.stdout:/usr/bin/ceph: stdout "modified": "2024-04-26T20:54:19.523845+0000",
2024-04-26T20:54:51.049 INFO:teuthology.orchestra.run.smithi055.stdout:/usr/bin/ceph: stdout "services": {}
2024-04-26T20:54:51.049 INFO:teuthology.orchestra.run.smithi055.stdout:/usr/bin/ceph: stdout },
2024-04-26T20:54:51.049 INFO:teuthology.orchestra.run.smithi055.stdout:/usr/bin/ceph: stdout "progress_events": {}
2024-04-26T20:54:51.049 INFO:teuthology.orchestra.run.smithi055.stdout:/usr/bin/ceph: stdout }
2024-04-26T20:54:51.049 INFO:teuthology.orchestra.run.smithi055.stdout:/usr/bin/ceph: stderr
2024-04-26T20:54:50.075+0000 7fb06c200700 1 Processor -- start
2024-04-26T20:54:51.049 INFO:teuthology.orchestra.run.smithi055.stdout:/usr/bin/ceph: stderr
2024-04-26T20:54:50.075+0000 7fb06c200700 1 -- start start
2024-04-26T20:54:51.050 INFO:teuthology.orchestra.run.smithi055.stdout:/usr/bin/ceph: stderr
2024-04-26T20:54:50.076+0000 7fb06c200700 1 --2- >> [v2:172.21.15.55:3300/0,v1:172.21.15.55:6789/0] conn(0x7fb064104e90 0x7fb0641052b0 unknown :-1 s=NONE pgs=0 cs=0 l=0 rev1=0 crypto rx=0 tx=0 comp rx=0 tx=0).connect
2024-04-26T20:54:51.050 INFO:teuthology.orchestra.run.smithi055.stdout:/usr/bin/ceph: stderr
2024-04-26T20:54:50.076+0000 7fb06c200700 1 -- --> [v2:172.21.15.55:3300/0,v1:172.21.15.55:6789/0] -- mon_getmap magic: 0 v1 -- 0x7fb064074730 con 0x7fb064104e90
2024-04-26T20:54:51.050 INFO:teuthology.orchestra.run.smithi055.stdout:/usr/bin/ceph: stderr
2024-04-26T20:54:50.076+0000 7fb069800700 1 --2- >> [v2:172.21.15.55:3300/0,v1:172.21.15.55:6789/0] conn(0x7fb064104e90 0x7fb0641052b0 unknown :-1 s=BANNER_CONNECTING pgs=0 cs=0 l=0 rev1=0 crypto rx=0 tx=0 comp rx=0 tx=0)._handle_peer_banner_payload supported=3 required=0
2024-04-26T20:54:51.050 INFO:teuthology.orchestra.run.smithi055.stdout:/usr/bin/ceph: stderr
2024-04-26T20:54:50.076+0000 7fb069800700 1 --2- >> [v2:172.21.15.55:3300/0,v1:172.21.15.55:6789/0] conn(0x7fb064104e90 0x7fb0641052b0 unknown :-1 s=HELLO_CONNECTING pgs=0 cs=0 l=0 rev1=1 crypto rx=0 tx=0 comp rx=0 tx=0).handle_hello peer v2:172.21.15.55:3300/0 says I am v2:172.21.15.55:58260/0 (socket says 172.21.15.55:58260)
2024-04-26T20:54:51.050 INFO:teuthology.orchestra.run.smithi055.stdout:/usr/bin/ceph: stderr
2024-04-26T20:54:50.076+0000 7fb069800700 1 -- 172.21.15.55:0/2261214374 learned_addr learned my addr 172.21.15.55:0/2261214374 (peer_addr_for_me v2:172.21.15.55:0/0)
2024-04-26T20:54:51.050 INFO:teuthology.orchestra.run.smithi055.stdout:/usr/bin/ceph: stderr
2024-04-26T20:54:50.076+0000 7fb069800700 1 -- 172.21.15.55:0/2261214374 --> [v2:172.21.15.55:3300/0,v1:172.21.15.55:6789/0] -- mon_subscribe({config=0+,monmap=0+}) v3 -- 0x7fb0641057f0 con 0x7fb064104e90
2024-04-26T20:54:51.050 INFO:teuthology.orchestra.run.smithi055.stdout:/usr/bin/ceph: stderr
2024-04-26T20:54:50.077+0000 7fb069800700 1 --2- 172.21.15.55:0/2261214374 >> [v2:172.21.15.55:3300/0,v1:172.21.15.55:6789/0] conn(0x7fb064104e90 0x7fb0641052b0 secure :-1 s=READY pgs=18 cs=0 l=1 rev1=1 crypto rx=0x7fb0580098a0 tx=0x7fb058009bb0 comp rx=0 tx=0).ready entity=mon.0 client_cookie=d531663e679cf4bd server_cookie=0 in_seq=0 out_seq=0
2024-04-26T20:54:51.050 INFO:teuthology.orchestra.run.smithi055.stdout:/usr/bin/ceph: stderr
2024-04-26T20:54:50.077+0000 7fb063e00700 1 -- 172.21.15.55:0/2261214374 <== mon.0 v2:172.21.15.55:3300/0 1 ==== mon_map magic: 0 v1 ==== 229+0+0 (secure 0 0 0) 0x7fb058004180 con 0x7fb064104e90
2024-04-26T20:54:51.050 INFO:teuthology.orchestra.run.smithi055.stdout:/usr/bin/ceph: stderr
2024-04-26T20:54:50.077+0000 7fb063e00700 1 -- 172.21.15.55:0/2261214374 <== mon.0 v2:172.21.15.55:3300/0 2 ==== config(27 keys) v1 ==== 1042+0+0 (secure 0 0 0) 0x7fb0580042e0 con 0x7fb064104e90
2024-04-26T20:54:51.050 INFO:teuthology.orchestra.run.smithi055.stdout:/usr/bin/ceph: stderr
2024-04-26T20:54:50.077+0000 7fb063e00700 1 -- 172.21.15.55:0/2261214374 <== mon.0 v2:172.21.15.55:3300/0 3 ==== mon_map magic: 0 v1 ==== 229+0+0 (secure 0 0 0) 0x7fb058011a70 con 0x7fb064104e90
2024-04-26T20:54:51.050 INFO:teuthology.orchestra.run.smithi055.stdout:/usr/bin/ceph: stderr
2024-04-26T20:54:50.078+0000 7fb06c200700 1 -- 172.21.15.55:0/2261214374 >> [v2:172.21.15.55:3300/0,v1:172.21.15.55:6789/0] conn(0x7fb064104e90 msgr2=0x7fb0641052b0 secure :-1 s=STATE_CONNECTION_ESTABLISHED l=1).mark_down
2024-04-26T20:54:51.050 INFO:teuthology.orchestra.run.smithi055.stdout:/usr/bin/ceph: stderr
2024-04-26T20:54:50.078+0000 7fb06c200700 1 --2- 172.21.15.55:0/2261214374 >> [v2:172.21.15.55:3300/0,v1:172.21.15.55:6789/0] conn(0x7fb064104e90 0x7fb0641052b0 secure :-1 s=READY pgs=18 cs=0 l=1 rev1=1 crypto rx=0x7fb0580098a0 tx=0x7fb058009bb0 comp rx=0 tx=0).stop
2024-04-26T20:54:51.051 INFO:teuthology.orchestra.run.smithi055.stdout:/usr/bin/ceph: stderr
2024-04-26T20:54:50.078+0000 7fb06c200700 1 -- 172.21.15.55:0/2261214374 shutdown_connections
2024-04-26T20:54:51.051 INFO:teuthology.orchestra.run.smithi055.stdout:/usr/bin/ceph: stderr
2024-04-26T20:54:50.078+0000 7fb06c200700 1 --2- 172.21.15.55:0/2261214374 >> [v2:172.21.15.55:3300/0,v1:172.21.15.55:6789/0] conn(0x7fb064104e90 0x7fb0641052b0 unknown :-1 s=CLOSED pgs=18 cs=0 l=1 rev1=1 crypto rx=0 tx=0 comp rx=0 tx=0).stop
2024-04-26T20:54:51.051 INFO:teuthology.orchestra.run.smithi055.stdout:/usr/bin/ceph: stderr
2024-04-26T20:54:50.078+0000 7fb06c200700 1 -- 172.21.15.55:0/2261214374 >> 172.21.15.55:0/2261214374 conn(0x7fb064100a50 msgr2=0x7fb064102e90 unknown :-1 s=STATE_NONE l=0).mark_down
2024-04-26T20:54:51.051 INFO:teuthology.orchestra.run.smithi055.stdout:/usr/bin/ceph: stderr
2024-04-26T20:54:50.078+0000 7fb06c200700 1 -- 172.21.15.55:0/2261214374 shutdown_connections
2024-04-26T20:54:51.051 INFO:teuthology.orchestra.run.smithi055.stdout:/usr/bin/ceph: stderr
2024-04-26T20:54:50.078+0000 7fb06c200700 1 -- 172.21.15.55:0/2261214374 wait complete.
2024-04-26T20:54:51.051 INFO:teuthology.orchestra.run.smithi055.stdout:/usr/bin/ceph: stderr
2024-04-26T20:54:50.079+0000 7fb06c200700 1 Processor -- start
2024-04-26T20:54:51.051 INFO:teuthology.orchestra.run.smithi055.stdout:/usr/bin/ceph: stderr
2024-04-26T20:54:50.079+0000 7fb06c200700 1 -- start start
2024-04-26T20:54:51.051 INFO:teuthology.orchestra.run.smithi055.stdout:/usr/bin/ceph: stderr
2024-04-26T20:54:50.080+0000 7fb06c200700 1 --2- >> [v2:172.21.15.55:3300/0,v1:172.21.15.55:6789/0] conn(0x7fb064104e90 0x7fb06419c510 unknown :-1 s=NONE pgs=0 cs=0 l=1 rev1=0 crypto rx=0 tx=0 comp rx=0 tx=0).connect
2024-04-26T20:54:51.051 INFO:teuthology.orchestra.run.smithi055.stdout:/usr/bin/ceph: stderr
2024-04-26T20:54:50.080+0000 7fb06c200700 1 -- --> [v2:172.21.15.55:3300/0,v1:172.21.15.55:6789/0] -- mon_getmap magic: 0 v1 -- 0x7fb06419ca50 con 0x7fb064104e90
2024-04-26T20:54:51.051 INFO:teuthology.orchestra.run.smithi055.stdout:/usr/bin/ceph: stderr
2024-04-26T20:54:50.080+0000 7fb069800700 1 --2- >> [v2:172.21.15.55:3300/0,v1:172.21.15.55:6789/0] conn(0x7fb064104e90 0x7fb06419c510 unknown :-1 s=BANNER_CONNECTING pgs=0 cs=0 l=1 rev1=0 crypto rx=0 tx=0 comp rx=0 tx=0)._handle_peer_banner_payload supported=3 required=0
2024-04-26T20:54:51.051 INFO:teuthology.orchestra.run.smithi055.stdout:/usr/bin/ceph: stderr
2024-04-26T20:54:50.080+0000 7fb069800700 1 --2- >> [v2:172.21.15.55:3300/0,v1:172.21.15.55:6789/0] conn(0x7fb064104e90 0x7fb06419c510 unknown :-1 s=HELLO_CONNECTING pgs=0 cs=0 l=1 rev1=1 crypto rx=0 tx=0 comp rx=0 tx=0).handle_hello peer v2:172.21.15.55:3300/0 says I am v2:172.21.15.55:58276/0 (socket says 172.21.15.55:58276)
2024-04-26T20:54:51.051 INFO:teuthology.orchestra.run.smithi055.stdout:/usr/bin/ceph: stderr
2024-04-26T20:54:50.080+0000 7fb069800700 1 -- 172.21.15.55:0/2377478552 learned_addr learned my addr 172.21.15.55:0/2377478552 (peer_addr_for_me v2:172.21.15.55:0/0)
2024-04-26T20:54:51.051 INFO:teuthology.orchestra.run.smithi055.stdout:/usr/bin/ceph: stderr
2024-04-26T20:54:50.081+0000 7fb069800700 1 -- 172.21.15.55:0/2377478552 --> [v2:172.21.15.55:3300/0,v1:172.21.15.55:6789/0] -- mon_subscribe({config=0+,monmap=0+}) v3 -- 0x7fb058009550 con 0x7fb064104e90
2024-04-26T20:54:51.051 INFO:teuthology.orchestra.run.smithi055.stdout:/usr/bin/ceph: stderr
2024-04-26T20:54:50.081+0000 7fb069800700 1 --2- 172.21.15.55:0/2377478552 >> [v2:172.21.15.55:3300/0,v1:172.21.15.55:6789/0] conn(0x7fb064104e90 0x7fb06419c510 secure :-1 s=READY pgs=19 cs=0 l=1 rev1=1 crypto rx=0x7fb058011710 tx=0x7fb0580047c0 comp rx=0 tx=0).ready entity=mon.0 client_cookie=0 server_cookie=0 in_seq=0 out_seq=0
2024-04-26T20:54:51.052 INFO:teuthology.orchestra.run.smithi055.stdout:/usr/bin/ceph: stderr
2024-04-26T20:54:50.081+0000 7fb062000700 1 -- 172.21.15.55:0/2377478552 <== mon.0 v2:172.21.15.55:3300/0 1 ==== mon_map magic: 0 v1 ==== 229+0+0 (secure 0 0 0) 0x7fb058003b10 con 0x7fb064104e90
2024-04-26T20:54:51.052 INFO:teuthology.orchestra.run.smithi055.stdout:/usr/bin/ceph: stderr
2024-04-26T20:54:50.081+0000 7fb062000700 1 -- 172.21.15.55:0/2377478552 <== mon.0 v2:172.21.15.55:3300/0 2 ==== config(27 keys) v1 ==== 1042+0+0 (secure 0 0 0) 0x7fb05801b8c0 con 0x7fb064104e90
2024-04-26T20:54:51.052 INFO:teuthology.orchestra.run.smithi055.stdout:/usr/bin/ceph: stderr
2024-04-26T20:54:50.081+0000 7fb06c200700 1 -- 172.21.15.55:0/2377478552 --> [v2:172.21.15.55:3300/0,v1:172.21.15.55:6789/0] -- mon_subscribe({mgrmap=0+}) v3 -- 0x7fb06419cc50 con 0x7fb064104e90
2024-04-26T20:54:51.052 INFO:teuthology.orchestra.run.smithi055.stdout:/usr/bin/ceph: stderr
2024-04-26T20:54:50.081+0000 7fb062000700 1 -- 172.21.15.55:0/2377478552 <== mon.0 v2:172.21.15.55:3300/0 3 ==== mon_map magic: 0 v1 ==== 229+0+0 (secure 0 0 0) 0x7fb0580197e0 con 0x7fb064104e90
2024-04-26T20:54:51.052 INFO:teuthology.orchestra.run.smithi055.stdout:/usr/bin/ceph: stderr
2024-04-26T20:54:50.081+0000 7fb06c200700 1 -- 172.21.15.55:0/2377478552 --> [v2:172.21.15.55:3300/0,v1:172.21.15.55:6789/0] -- mon_subscribe({osdmap=0}) v3 -- 0x7fb06419d0f0 con 0x7fb064104e90
2024-04-26T20:54:51.052 INFO:teuthology.orchestra.run.smithi055.stdout:/usr/bin/ceph: stderr
2024-04-26T20:54:50.083+0000 7fb062000700 1 -- 172.21.15.55:0/2377478552 <== mon.0 v2:172.21.15.55:3300/0 4 ==== mgrmap(e 4) v1 ==== 45545+0+0 (secure 0 0 0) 0x7fb05801ba30 con 0x7fb064104e90
2024-04-26T20:54:51.052 INFO:teuthology.orchestra.run.smithi055.stdout:/usr/bin/ceph: stderr
2024-04-26T20:54:50.083+0000 7fb057400700 1 -- 172.21.15.55:0/2377478552 --> [v2:172.21.15.55:3300/0,v1:172.21.15.55:6789/0] -- mon_command({"prefix": "get_command_descriptions"} v 0) v1 -- 0x7fb0400052f0 con 0x7fb064104e90
2024-04-26T20:54:51.052 INFO:teuthology.orchestra.run.smithi055.stdout:/usr/bin/ceph: stderr
2024-04-26T20:54:50.083+0000 7fb062000700 1 --2- 172.21.15.55:0/2377478552 >> [v2:172.21.15.55:6800/4088155030,v1:172.21.15.55:6801/4088155030] conn(0x7fb04c038720 0x7fb04c03abe0 unknown :-1 s=NONE pgs=0 cs=0 l=1 rev1=0 crypto rx=0 tx=0 comp rx=0 tx=0).connect
2024-04-26T20:54:51.052 INFO:teuthology.orchestra.run.smithi055.stdout:/usr/bin/ceph: stderr
2024-04-26T20:54:50.083+0000 7fb062000700 1 -- 172.21.15.55:0/2377478552 <== mon.0 v2:172.21.15.55:3300/0 5 ==== osd_map(1..1 src has 1..1) v4 ==== 725+0+0 (secure 0 0 0) 0x7fb05804c870 con 0x7fb064104e90
2024-04-26T20:54:51.052 INFO:teuthology.orchestra.run.smithi055.stdout:/usr/bin/ceph: stderr
2024-04-26T20:54:50.083+0000 7fb068e00700 1 --2- 172.21.15.55:0/2377478552 >> [v2:172.21.15.55:6800/4088155030,v1:172.21.15.55:6801/4088155030] conn(0x7fb04c038720 0x7fb04c03abe0 unknown :-1 s=BANNER_CONNECTING pgs=0 cs=0 l=1 rev1=0 crypto rx=0 tx=0 comp rx=0 tx=0)._handle_peer_banner_payload supported=3 required=0
2024-04-26T20:54:51.052 INFO:teuthology.orchestra.run.smithi055.stdout:/usr/bin/ceph: stderr
2024-04-26T20:54:50.084+0000 7fb068e00700 1 --2- 172.21.15.55:0/2377478552 >> [v2:172.21.15.55:6800/4088155030,v1:172.21.15.55:6801/4088155030] conn(0x7fb04c038720 0x7fb04c03abe0 secure :-1 s=READY pgs=6 cs=0 l=1 rev1=1 crypto rx=0x7fb050006fd0 tx=0x7fb050006e40 comp rx=0 tx=0).ready entity=mgr.14100 client_cookie=0 server_cookie=0 in_seq=0 out_seq=0
2024-04-26T20:54:51.052 INFO:teuthology.orchestra.run.smithi055.stdout:/usr/bin/ceph: stderr
2024-04-26T20:54:50.089+0000 7fb062000700 1 -- 172.21.15.55:0/2377478552 <== mon.0 v2:172.21.15.55:3300/0 6 ==== mon_command_ack([{"prefix": "get_command_descriptions"}]=0 v0) v1 ==== 72+0+183351 (secure 0 0 0) 0x7fb05801bce0 con 0x7fb064104e90
2024-04-26T20:54:51.052 INFO:teuthology.orchestra.run.smithi055.stdout:/usr/bin/ceph: stderr
2024-04-26T20:54:50.403+0000 7fb057400700 1 -- 172.21.15.55:0/2377478552 --> [v2:172.21.15.55:3300/0,v1:172.21.15.55:6789/0] -- mon_command({"prefix": "status", "format": "json-pretty"} v 0) v1 -- 0x7fb040005160 con 0x7fb064104e90
2024-04-26T20:54:51.052 INFO:teuthology.orchestra.run.smithi055.stdout:/usr/bin/ceph: stderr
2024-04-26T20:54:50.404+0000 7fb062000700 1 -- 172.21.15.55:0/2377478552 <== mon.0 v2:172.21.15.55:3300/0 7 ==== mon_command_ack([{"prefix": "status", "format": "json-pretty"}]=0 v0) v1 ==== 79+0+1246 (secure 0 0 0) 0x7fb05801f030 con 0x7fb064104e90
2024-04-26T20:54:51.052 INFO:teuthology.orchestra.run.smithi055.stdout:/usr/bin/ceph: stderr
2024-04-26T20:54:50.407+0000 7fb057400700 1 -- 172.21.15.55:0/2377478552 >> [v2:172.21.15.55:6800/4088155030,v1:172.21.15.55:6801/4088155030] conn(0x7fb04c038720 msgr2=0x7fb04c03abe0 secure :-1 s=STATE_CONNECTION_ESTABLISHED l=1).mark_down
2024-04-26T20:54:51.053 INFO:teuthology.orchestra.run.smithi055.stdout:/usr/bin/ceph: stderr
2024-04-26T20:54:50.408+0000 7fb057400700 1 --2- 172.21.15.55:0/2377478552 >> [v2:172.21.15.55:6800/4088155030,v1:172.21.15.55:6801/4088155030] conn(0x7fb04c038720 0x7fb04c03abe0 secure :-1 s=READY pgs=6 cs=0 l=1 rev1=1 crypto rx=0x7fb050006fd0 tx=0x7fb050006e40 comp rx=0 tx=0).stop
2024-04-26T20:54:51.053 INFO:teuthology.orchestra.run.smithi055.stdout:/usr/bin/ceph: stderr
2024-04-26T20:54:50.408+0000 7fb057400700 1 -- 172.21.15.55:0/2377478552 >> [v2:172.21.15.55:3300/0,v1:172.21.15.55:6789/0] conn(0x7fb064104e90 msgr2=0x7fb06419c510 secure :-1 s=STATE_CONNECTION_ESTABLISHED l=1).mark_down
2024-04-26T20:54:51.053 INFO:teuthology.orchestra.run.smithi055.stdout:/usr/bin/ceph: stderr
2024-04-26T20:54:50.408+0000 7fb057400700 1 --2- 172.21.15.55:0/2377478552 >> [v2:172.21.15.55:3300/0,v1:172.21.15.55:6789/0] conn(0x7fb064104e90 0x7fb06419c510 secure :-1 s=READY pgs=19 cs=0 l=1 rev1=1 crypto rx=0x7fb058011710 tx=0x7fb0580047c0 comp rx=0 tx=0).stop
2024-04-26T20:54:51.053 INFO:teuthology.orchestra.run.smithi055.stdout:/usr/bin/ceph: stderr
2024-04-26T20:54:50.408+0000 7fb057400700 1 -- 172.21.15.55:0/2377478552 shutdown_connections
2024-04-26T20:54:51.053 INFO:teuthology.orchestra.run.smithi055.stdout:/usr/bin/ceph: stderr
2024-04-26T20:54:50.408+0000 7fb057400700 1 --2- 172.21.15.55:0/2377478552 >> [v2:172.21.15.55:6800/4088155030,v1:172.21.15.55:6801/4088155030] conn(0x7fb04c038720 0x7fb04c03abe0 unknown :-1 s=CLOSED pgs=6 cs=0 l=1 rev1=1 crypto rx=0 tx=0 comp rx=0 tx=0).stop
2024-04-26T20:54:51.053 INFO:teuthology.orchestra.run.smithi055.stdout:/usr/bin/ceph: stderr
2024-04-26T20:54:50.408+0000 7fb057400700 1 --2- 172.21.15.55:0/2377478552 >> [v2:172.21.15.55:3300/0,v1:172.21.15.55:6789/0] conn(0x7fb064104e90 0x7fb06419c510 unknown :-1 s=CLOSED pgs=19 cs=0 l=1 rev1=1 crypto rx=0 tx=0 comp rx=0 tx=0).stop
2024-04-26T20:54:51.053 INFO:teuthology.orchestra.run.smithi055.stdout:/usr/bin/ceph: stderr
2024-04-26T20:54:50.408+0000 7fb057400700 1 -- 172.21.15.55:0/2377478552 >> 172.21.15.55:0/2377478552 conn(0x7fb064100a50 msgr2=0x7fb0641933a0 unknown :-1 s=STATE_NONE l=0).mark_down
2024-04-26T20:54:51.053 INFO:teuthology.orchestra.run.smithi055.stdout:/usr/bin/ceph: stderr
2024-04-26T20:54:50.408+0000 7fb057400700 1 -- 172.21.15.55:0/2377478552 shutdown_connections
2024-04-26T20:54:51.053 INFO:teuthology.orchestra.run.smithi055.stdout:/usr/bin/ceph: stderr
2024-04-26T20:54:50.408+0000 7fb057400700 1 -- 172.21.15.55:0/2377478552 wait complete.
2024-04-26T20:54:51.053 INFO:teuthology.orchestra.run.smithi055.stdout:mgr is available
2024-04-26T20:54:51.361 INFO:journalctl@ceph.mon.smithi055.smithi055.stdout:Apr 26 20:54:51 smithi055 ceph-mon[25475]: mgrmap e4: smithi055.ybbowr(active, since 2s)
2024-04-26T20:54:51.361 INFO:journalctl@ceph.mon.smithi055.smithi055.stdout:Apr 26 20:54:51 smithi055 ceph-mon[25475]: from='client.? 172.21.15.55:0/2377478552' entity='client.admin' cmd=[{"prefix": "status", "format": "json-pretty"}]: dispatch
2024-04-26T20:54:52.255 INFO:journalctl@ceph.mon.smithi055.smithi055.stdout:Apr 26 20:54:52 smithi055 ceph-mon[25475]: from='client.? 172.21.15.55:0/3595813399' entity='client.admin' cmd=[{"prefix": "config assimilate-conf"}]: dispatch
2024-04-26T20:54:52.764 INFO:teuthology.orchestra.run.smithi055.stdout:/usr/bin/ceph: stdout
2024-04-26T20:54:52.764 INFO:teuthology.orchestra.run.smithi055.stdout:/usr/bin/ceph: stdout [global]
2024-04-26T20:54:52.764 INFO:teuthology.orchestra.run.smithi055.stdout:/usr/bin/ceph: stdout fsid = fbc85ba0-040e-11ef-bc93-c7b262605968
2024-04-26T20:54:52.764 INFO:teuthology.orchestra.run.smithi055.stdout:/usr/bin/ceph: stdout mon_osd_allow_pg_remap = true
2024-04-26T20:54:52.764 INFO:teuthology.orchestra.run.smithi055.stdout:/usr/bin/ceph: stdout mon_osd_allow_primary_affinity = true
2024-04-26T20:54:52.764 INFO:teuthology.orchestra.run.smithi055.stdout:/usr/bin/ceph: stdout mon_warn_on_no_sortbitwise = false
2024-04-26T20:54:52.764 INFO:teuthology.orchestra.run.smithi055.stdout:/usr/bin/ceph: stdout osd_crush_chooseleaf_type = 0
2024-04-26T20:54:52.764 INFO:teuthology.orchestra.run.smithi055.stdout:/usr/bin/ceph: stdout
2024-04-26T20:54:52.764 INFO:teuthology.orchestra.run.smithi055.stdout:/usr/bin/ceph: stdout [mgr]
2024-04-26T20:54:52.767 INFO:teuthology.orchestra.run.smithi055.stdout:/usr/bin/ceph: stdout mgr/telemetry/nag = false
2024-04-26T20:54:52.767 INFO:teuthology.orchestra.run.smithi055.stdout:/usr/bin/ceph: stdout
2024-04-26T20:54:52.767 INFO:teuthology.orchestra.run.smithi055.stdout:/usr/bin/ceph: stdout [osd]
2024-04-26T20:54:52.767 INFO:teuthology.orchestra.run.smithi055.stdout:/usr/bin/ceph: stdout mon_osd_backfillfull_ratio = 0.85
2024-04-26T20:54:52.768 INFO:teuthology.orchestra.run.smithi055.stdout:/usr/bin/ceph: stdout mon_osd_full_ratio = 0.9
2024-04-26T20:54:52.768 INFO:teuthology.orchestra.run.smithi055.stdout:/usr/bin/ceph: stdout mon_osd_nearfull_ratio = 0.8
2024-04-26T20:54:52.768 INFO:teuthology.orchestra.run.smithi055.stdout:/usr/bin/ceph: stdout osd_map_max_advance = 10
2024-04-26T20:54:52.768 INFO:teuthology.orchestra.run.smithi055.stdout:/usr/bin/ceph: stdout osd_sloppy_crc = true
2024-04-26T20:54:52.768 INFO:teuthology.orchestra.run.smithi055.stdout:/usr/bin/ceph: stderr
2024-04-26T20:54:51.718+0000 7fbadc400700 1 Processor -- start
2024-04-26T20:54:52.768 INFO:teuthology.orchestra.run.smithi055.stdout:/usr/bin/ceph: stderr
2024-04-26T20:54:51.719+0000 7fbadc400700 1 -- start start
2024-04-26T20:54:52.768 INFO:teuthology.orchestra.run.smithi055.stdout:/usr/bin/ceph: stderr
2024-04-26T20:54:51.719+0000 7fbadc400700 1 --2- >> [v2:172.21.15.55:3300/0,v1:172.21.15.55:6789/0] conn(0x7fbad410d080 0x7fbad410d4a0 unknown :-1 s=NONE pgs=0 cs=0 l=0 rev1=0 crypto rx=0 tx=0 comp rx=0 tx=0).connect
2024-04-26T20:54:52.768 INFO:teuthology.orchestra.run.smithi055.stdout:/usr/bin/ceph: stderr
2024-04-26T20:54:51.719+0000 7fbadc400700 1 -- --> [v2:172.21.15.55:3300/0,v1:172.21.15.55:6789/0] -- mon_getmap magic: 0 v1 -- 0x7fbad410da70 con 0x7fbad410d080
2024-04-26T20:54:52.768 INFO:teuthology.orchestra.run.smithi055.stdout:/usr/bin/ceph: stderr
2024-04-26T20:54:51.720+0000 7fbad9a00700 1 --2- >> [v2:172.21.15.55:3300/0,v1:172.21.15.55:6789/0] conn(0x7fbad410d080 0x7fbad410d4a0 unknown :-1 s=BANNER_CONNECTING pgs=0 cs=0 l=0 rev1=0 crypto rx=0 tx=0 comp rx=0 tx=0)._handle_peer_banner_payload supported=3 required=0
2024-04-26T20:54:52.768 INFO:teuthology.orchestra.run.smithi055.stdout:/usr/bin/ceph: stderr
2024-04-26T20:54:51.720+0000 7fbad9a00700 1 --2- >> [v2:172.21.15.55:3300/0,v1:172.21.15.55:6789/0] conn(0x7fbad410d080 0x7fbad410d4a0 unknown :-1 s=HELLO_CONNECTING pgs=0 cs=0 l=0 rev1=1 crypto rx=0 tx=0 comp rx=0 tx=0).handle_hello peer v2:172.21.15.55:3300/0 says I am v2:172.21.15.55:58284/0 (socket says 172.21.15.55:58284)
2024-04-26T20:54:52.768 INFO:teuthology.orchestra.run.smithi055.stdout:/usr/bin/ceph: stderr
2024-04-26T20:54:51.720+0000 7fbad9a00700 1 -- 172.21.15.55:0/2787238573 learned_addr learned my addr 172.21.15.55:0/2787238573 (peer_addr_for_me v2:172.21.15.55:0/0)
2024-04-26T20:54:52.768 INFO:teuthology.orchestra.run.smithi055.stdout:/usr/bin/ceph: stderr
2024-04-26T20:54:51.720+0000 7fbad9a00700 1 -- 172.21.15.55:0/2787238573 --> [v2:172.21.15.55:3300/0,v1:172.21.15.55:6789/0] -- mon_subscribe({config=0+,monmap=0+}) v3 -- 0x7fbad410de00 con 0x7fbad410d080
2024-04-26T20:54:52.768 INFO:teuthology.orchestra.run.smithi055.stdout:/usr/bin/ceph: stderr
2024-04-26T20:54:51.721+0000 7fbad9a00700 1 --2- 172.21.15.55:0/2787238573 >> [v2:172.21.15.55:3300/0,v1:172.21.15.55:6789/0] conn(0x7fbad410d080 0x7fbad410d4a0 secure :-1 s=READY pgs=20 cs=0 l=1 rev1=1 crypto rx=0x7fbac80098a0 tx=0x7fbac8009bb0 comp rx=0 tx=0).ready entity=mon.0 client_cookie=c99b3d22372b711d server_cookie=0 in_seq=0 out_seq=0
2024-04-26T20:54:52.768 INFO:teuthology.orchestra.run.smithi055.stdout:/usr/bin/ceph: stderr
2024-04-26T20:54:51.721+0000 7fbad3e00700 1 -- 172.21.15.55:0/2787238573 <== mon.0 v2:172.21.15.55:3300/0 1 ==== mon_map magic: 0 v1 ==== 229+0+0 (secure 0 0 0) 0x7fbac8004180 con 0x7fbad410d080
2024-04-26T20:54:52.769 INFO:teuthology.orchestra.run.smithi055.stdout:/usr/bin/ceph: stderr
2024-04-26T20:54:51.721+0000 7fbad3e00700 1 -- 172.21.15.55:0/2787238573 <== mon.0 v2:172.21.15.55:3300/0 2 ==== config(27 keys) v1 ==== 1042+0+0 (secure 0 0 0) 0x7fbac80042e0 con 0x7fbad410d080
2024-04-26T20:54:52.769 INFO:teuthology.orchestra.run.smithi055.stdout:/usr/bin/ceph: stderr
2024-04-26T20:54:51.721+0000 7fbad3e00700 1 -- 172.21.15.55:0/2787238573 <== mon.0 v2:172.21.15.55:3300/0 3 ==== mon_map magic: 0 v1 ==== 229+0+0 (secure 0 0 0) 0x7fbac8011a70 con 0x7fbad410d080
2024-04-26T20:54:52.769 INFO:teuthology.orchestra.run.smithi055.stdout:/usr/bin/ceph: stderr
2024-04-26T20:54:51.722+0000 7fbadc400700 1 -- 172.21.15.55:0/2787238573 >> [v2:172.21.15.55:3300/0,v1:172.21.15.55:6789/0] conn(0x7fbad410d080 msgr2=0x7fbad410d4a0 secure :-1 s=STATE_CONNECTION_ESTABLISHED l=1).mark_down
2024-04-26T20:54:52.769 INFO:teuthology.orchestra.run.smithi055.stdout:/usr/bin/ceph: stderr
2024-04-26T20:54:51.722+0000 7fbadc400700 1 --2- 172.21.15.55:0/2787238573 >> [v2:172.21.15.55:3300/0,v1:172.21.15.55:6789/0] conn(0x7fbad410d080 0x7fbad410d4a0 secure :-1 s=READY pgs=20 cs=0 l=1 rev1=1 crypto rx=0x7fbac80098a0 tx=0x7fbac8009bb0 comp rx=0 tx=0).stop
2024-04-26T20:54:52.769 INFO:teuthology.orchestra.run.smithi055.stdout:/usr/bin/ceph: stderr
2024-04-26T20:54:51.722+0000 7fbadc400700 1 -- 172.21.15.55:0/2787238573 shutdown_connections
2024-04-26T20:54:52.769 INFO:teuthology.orchestra.run.smithi055.stdout:/usr/bin/ceph: stderr
2024-04-26T20:54:51.722+0000 7fbadc400700 1 --2- 172.21.15.55:0/2787238573 >> [v2:172.21.15.55:3300/0,v1:172.21.15.55:6789/0] conn(0x7fbad410d080 0x7fbad410d4a0 unknown :-1 s=CLOSED pgs=20 cs=0 l=1 rev1=1 crypto rx=0 tx=0 comp rx=0 tx=0).stop
2024-04-26T20:54:52.769 INFO:teuthology.orchestra.run.smithi055.stdout:/usr/bin/ceph: stderr
2024-04-26T20:54:51.722+0000 7fbadc400700 1 -- 172.21.15.55:0/2787238573 >> 172.21.15.55:0/2787238573 conn(0x7fbad407bbf0 msgr2=0x7fbad407e010 unknown :-1 s=STATE_NONE l=0).mark_down
2024-04-26T20:54:52.769 INFO:teuthology.orchestra.run.smithi055.stdout:/usr/bin/ceph: stderr
2024-04-26T20:54:51.722+0000 7fbadc400700 1 -- 172.21.15.55:0/2787238573 shutdown_connections
2024-04-26T20:54:52.773 INFO:teuthology.orchestra.run.smithi055.stdout:/usr/bin/ceph: stderr
2024-04-26T20:54:51.722+0000 7fbadc400700 1 -- 172.21.15.55:0/2787238573 wait complete.
2024-04-26T20:54:52.773 INFO:teuthology.orchestra.run.smithi055.stdout:/usr/bin/ceph: stderr
2024-04-26T20:54:51.723+0000 7fbadc400700 1 Processor -- start
2024-04-26T20:54:52.773 INFO:teuthology.orchestra.run.smithi055.stdout:/usr/bin/ceph: stderr
2024-04-26T20:54:51.724+0000 7fbadc400700 1 -- start start
2024-04-26T20:54:52.773 INFO:teuthology.orchestra.run.smithi055.stdout:/usr/bin/ceph: stderr
2024-04-26T20:54:51.724+0000 7fbadc400700 1 --2- >> [v2:172.21.15.55:3300/0,v1:172.21.15.55:6789/0] conn(0x7fbad410d080 0x7fbad41a0910 unknown :-1 s=NONE pgs=0 cs=0 l=1 rev1=0 crypto rx=0 tx=0 comp rx=0 tx=0).connect
2024-04-26T20:54:52.773 INFO:teuthology.orchestra.run.smithi055.stdout:/usr/bin/ceph: stderr
2024-04-26T20:54:51.724+0000 7fbadc400700 1 -- --> [v2:172.21.15.55:3300/0,v1:172.21.15.55:6789/0] -- mon_getmap magic: 0 v1 -- 0x7fbad41a0e50 con 0x7fbad410d080
2024-04-26T20:54:52.773 INFO:teuthology.orchestra.run.smithi055.stdout:/usr/bin/ceph: stderr
2024-04-26T20:54:51.724+0000 7fbad9a00700 1 --2- >> [v2:172.21.15.55:3300/0,v1:172.21.15.55:6789/0] conn(0x7fbad410d080 0x7fbad41a0910 unknown :-1 s=BANNER_CONNECTING pgs=0 cs=0 l=1 rev1=0 crypto rx=0 tx=0 comp rx=0 tx=0)._handle_peer_banner_payload supported=3 required=0
2024-04-26T20:54:52.773 INFO:teuthology.orchestra.run.smithi055.stdout:/usr/bin/ceph: stderr
2024-04-26T20:54:51.724+0000 7fbad9a00700 1 --2- >> [v2:172.21.15.55:3300/0,v1:172.21.15.55:6789/0] conn(0x7fbad410d080 0x7fbad41a0910 unknown :-1 s=HELLO_CONNECTING pgs=0 cs=0 l=1 rev1=1 crypto rx=0 tx=0 comp rx=0 tx=0).handle_hello peer v2:172.21.15.55:3300/0 says I am v2:172.21.15.55:58300/0 (socket says 172.21.15.55:58300)
2024-04-26T20:54:52.773 INFO:teuthology.orchestra.run.smithi055.stdout:/usr/bin/ceph: stderr
2024-04-26T20:54:51.724+0000 7fbad9a00700 1 -- 172.21.15.55:0/3595813399 learned_addr learned my addr 172.21.15.55:0/3595813399 (peer_addr_for_me v2:172.21.15.55:0/0)
2024-04-26T20:54:52.773 INFO:teuthology.orchestra.run.smithi055.stdout:/usr/bin/ceph: stderr
2024-04-26T20:54:51.725+0000 7fbad9a00700 1 -- 172.21.15.55:0/3595813399 --> [v2:172.21.15.55:3300/0,v1:172.21.15.55:6789/0] -- mon_subscribe({config=0+,monmap=0+}) v3 -- 0x7fbac8009550 con 0x7fbad410d080
2024-04-26T20:54:52.773 INFO:teuthology.orchestra.run.smithi055.stdout:/usr/bin/ceph: stderr
2024-04-26T20:54:51.725+0000 7fbad9a00700 1 --2- 172.21.15.55:0/3595813399 >> [v2:172.21.15.55:3300/0,v1:172.21.15.55:6789/0] conn(0x7fbad410d080 0x7fbad41a0910 secure :-1 s=READY pgs=21 cs=0 l=1 rev1=1 crypto rx=0x7fbac8011710 tx=0x7fbac80047c0 comp rx=0 tx=0).ready entity=mon.0 client_cookie=0 server_cookie=0 in_seq=0 out_seq=0
2024-04-26T20:54:52.774 INFO:teuthology.orchestra.run.smithi055.stdout:/usr/bin/ceph: stderr
2024-04-26T20:54:51.725+0000 7fbad2000700 1 -- 172.21.15.55:0/3595813399 <== mon.0 v2:172.21.15.55:3300/0 1 ==== mon_map magic: 0 v1 ==== 229+0+0 (secure 0 0 0) 0x7fbac8003b10 con 0x7fbad410d080
2024-04-26T20:54:52.774 INFO:teuthology.orchestra.run.smithi055.stdout:/usr/bin/ceph: stderr
2024-04-26T20:54:51.725+0000 7fbad2000700 1 -- 172.21.15.55:0/3595813399 <== mon.0 v2:172.21.15.55:3300/0 2 ==== config(27 keys) v1 ==== 1042+0+0 (secure 0 0 0) 0x7fbac801b8c0 con 0x7fbad410d080
2024-04-26T20:54:52.774 INFO:teuthology.orchestra.run.smithi055.stdout:/usr/bin/ceph: stderr
2024-04-26T20:54:51.725+0000 7fbad2000700 1 -- 172.21.15.55:0/3595813399 <== mon.0 v2:172.21.15.55:3300/0 3 ==== mon_map magic: 0 v1 ==== 229+0+0 (secure 0 0 0) 0x7fbac8019770 con 0x7fbad410d080
2024-04-26T20:54:52.774 INFO:teuthology.orchestra.run.smithi055.stdout:/usr/bin/ceph: stderr
2024-04-26T20:54:51.725+0000 7fbadc400700 1 -- 172.21.15.55:0/3595813399 --> [v2:172.21.15.55:3300/0,v1:172.21.15.55:6789/0] -- mon_subscribe({mgrmap=0+}) v3 -- 0x7fbad41a1050 con 0x7fbad410d080
2024-04-26T20:54:52.774 INFO:teuthology.orchestra.run.smithi055.stdout:/usr/bin/ceph: stderr
2024-04-26T20:54:51.725+0000 7fbadc400700 1 -- 172.21.15.55:0/3595813399 --> [v2:172.21.15.55:3300/0,v1:172.21.15.55:6789/0] -- mon_subscribe({osdmap=0}) v3 -- 0x7fbad41a14f0 con 0x7fbad410d080
2024-04-26T20:54:52.774 INFO:teuthology.orchestra.run.smithi055.stdout:/usr/bin/ceph: stderr
2024-04-26T20:54:51.727+0000 7fbadc400700 1 -- 172.21.15.55:0/3595813399 --> [v2:172.21.15.55:3300/0,v1:172.21.15.55:6789/0] -- mon_command({"prefix": "get_command_descriptions"} v 0) v1 -- 0x7fbad4111030 con 0x7fbad410d080
2024-04-26T20:54:52.774 INFO:teuthology.orchestra.run.smithi055.stdout:/usr/bin/ceph: stderr
2024-04-26T20:54:51.727+0000 7fbad2000700 1 -- 172.21.15.55:0/3595813399 <== mon.0 v2:172.21.15.55:3300/0 4 ==== mgrmap(e 4) v1 ==== 45545+0+0 (secure 0 0 0) 0x7fbac801ba30 con 0x7fbad410d080
2024-04-26T20:54:52.774 INFO:teuthology.orchestra.run.smithi055.stdout:/usr/bin/ceph: stderr
2024-04-26T20:54:51.727+0000 7fbad2000700 1 --2- 172.21.15.55:0/3595813399 >> [v2:172.21.15.55:6800/4088155030,v1:172.21.15.55:6801/4088155030] conn(0x7fbabc038770 0x7fbabc03ac30 unknown :-1 s=NONE pgs=0 cs=0 l=1 rev1=0 crypto rx=0 tx=0 comp rx=0 tx=0).connect
2024-04-26T20:54:52.774 INFO:teuthology.orchestra.run.smithi055.stdout:/usr/bin/ceph: stderr
2024-04-26T20:54:51.727+0000 7fbad2000700 1 -- 172.21.15.55:0/3595813399 <== mon.0 v2:172.21.15.55:3300/0 5 ==== osd_map(1..1 src has 1..1) v4 ==== 725+0+0 (secure 0 0 0) 0x7fbac804c870 con 0x7fbad410d080
2024-04-26T20:54:52.774 INFO:teuthology.orchestra.run.smithi055.stdout:/usr/bin/ceph: stderr
2024-04-26T20:54:51.728+0000 7fbad9000700 1 --2- 172.21.15.55:0/3595813399 >> [v2:172.21.15.55:6800/4088155030,v1:172.21.15.55:6801/4088155030] conn(0x7fbabc038770 0x7fbabc03ac30 unknown :-1 s=BANNER_CONNECTING pgs=0 cs=0 l=1 rev1=0 crypto rx=0 tx=0 comp rx=0 tx=0)._handle_peer_banner_payload supported=3 required=0
2024-04-26T20:54:52.774 INFO:teuthology.orchestra.run.smithi055.stdout:/usr/bin/ceph: stderr
2024-04-26T20:54:51.729+0000 7fbad9000700 1 --2- 172.21.15.55:0/3595813399 >> [v2:172.21.15.55:6800/4088155030,v1:172.21.15.55:6801/4088155030] conn(0x7fbabc038770 0x7fbabc03ac30 secure :-1 s=READY pgs=7 cs=0 l=1 rev1=1 crypto rx=0x7fbac0006fd0 tx=0x7fbac0006e40 comp rx=0 tx=0).ready entity=mgr.14100 client_cookie=0 server_cookie=0 in_seq=0 out_seq=0
2024-04-26T20:54:52.774 INFO:teuthology.orchestra.run.smithi055.stdout:/usr/bin/ceph: stderr
2024-04-26T20:54:51.732+0000 7fbad2000700 1 -- 172.21.15.55:0/3595813399 <== mon.0 v2:172.21.15.55:3300/0 6 ==== mon_command_ack([{"prefix": "get_command_descriptions"}]=0 v0) v1 ==== 72+0+183351 (secure 0 0 0) 0x7fbac802cce0 con 0x7fbad410d080
2024-04-26T20:54:52.774 INFO:teuthology.orchestra.run.smithi055.stdout:/usr/bin/ceph: stderr
2024-04-26T20:54:51.955+0000 7fbadc400700 1 -- 172.21.15.55:0/3595813399 --> [v2:172.21.15.55:3300/0,v1:172.21.15.55:6789/0] -- mon_command({"prefix": "config assimilate-conf"} v 0) v1 -- 0x7fbad41a3d80 con 0x7fbad410d080
2024-04-26T20:54:52.774 INFO:teuthology.orchestra.run.smithi055.stdout:/usr/bin/ceph: stderr
2024-04-26T20:54:51.956+0000 7fbad2000700 1 -- 172.21.15.55:0/3595813399 <== mon.0 v2:172.21.15.55:3300/0 7 ==== mon_command_ack([{"prefix": "config assimilate-conf"}]=0 v3) v1 ==== 70+0+373 (secure 0 0 0) 0x7fbac801f070 con 0x7fbad410d080
2024-04-26T20:54:52.775 INFO:teuthology.orchestra.run.smithi055.stdout:/usr/bin/ceph: stderr
2024-04-26T20:54:51.960+0000 7fbadc400700 1 -- 172.21.15.55:0/3595813399 >> [v2:172.21.15.55:6800/4088155030,v1:172.21.15.55:6801/4088155030] conn(0x7fbabc038770 msgr2=0x7fbabc03ac30 secure :-1 s=STATE_CONNECTION_ESTABLISHED l=1).mark_down
2024-04-26T20:54:52.775 INFO:teuthology.orchestra.run.smithi055.stdout:/usr/bin/ceph: stderr
2024-04-26T20:54:51.960+0000 7fbadc400700 1 --2- 172.21.15.55:0/3595813399 >> [v2:172.21.15.55:6800/4088155030,v1:172.21.15.55:6801/4088155030] conn(0x7fbabc038770 0x7fbabc03ac30 secure :-1 s=READY pgs=7 cs=0 l=1 rev1=1 crypto rx=0x7fbac0006fd0 tx=0x7fbac0006e40 comp rx=0 tx=0).stop
2024-04-26T20:54:52.775 INFO:teuthology.orchestra.run.smithi055.stdout:/usr/bin/ceph: stderr
2024-04-26T20:54:51.960+0000 7fbadc400700 1 -- 172.21.15.55:0/3595813399 >> [v2:172.21.15.55:3300/0,v1:172.21.15.55:6789/0] conn(0x7fbad410d080 msgr2=0x7fbad41a0910 secure :-1 s=STATE_CONNECTION_ESTABLISHED l=1).mark_down
2024-04-26T20:54:52.775 INFO:teuthology.orchestra.run.smithi055.stdout:/usr/bin/ceph: stderr
2024-04-26T20:54:51.960+0000 7fbadc400700 1 --2- 172.21.15.55:0/3595813399 >> [v2:172.21.15.55:3300/0,v1:172.21.15.55:6789/0] conn(0x7fbad410d080 0x7fbad41a0910 secure :-1 s=READY pgs=21 cs=0 l=1 rev1=1 crypto rx=0x7fbac8011710 tx=0x7fbac80047c0 comp rx=0 tx=0).stop
2024-04-26T20:54:52.775 INFO:teuthology.orchestra.run.smithi055.stdout:/usr/bin/ceph: stderr
2024-04-26T20:54:51.960+0000 7fbadc400700 1 -- 172.21.15.55:0/3595813399 shutdown_connections
2024-04-26T20:54:52.775 INFO:teuthology.orchestra.run.smithi055.stdout:/usr/bin/ceph: stderr
2024-04-26T20:54:51.960+0000 7fbadc400700 1 --2- 172.21.15.55:0/3595813399 >> [v2:172.21.15.55:6800/4088155030,v1:172.21.15.55:6801/4088155030] conn(0x7fbabc038770 0x7fbabc03ac30 unknown :-1 s=CLOSED pgs=7 cs=0 l=1 rev1=1 crypto rx=0 tx=0 comp rx=0 tx=0).stop
2024-04-26T20:54:52.775 INFO:teuthology.orchestra.run.smithi055.stdout:/usr/bin/ceph: stderr
2024-04-26T20:54:51.960+0000 7fbadc400700 1 --2- 172.21.15.55:0/3595813399 >> [v2:172.21.15.55:3300/0,v1:172.21.15.55:6789/0] conn(0x7fbad410d080 0x7fbad41a0910 unknown :-1 s=CLOSED pgs=21 cs=0 l=1 rev1=1 crypto rx=0 tx=0 comp rx=0 tx=0).stop
2024-04-26T20:54:52.775 INFO:teuthology.orchestra.run.smithi055.stdout:/usr/bin/ceph: stderr
2024-04-26T20:54:51.960+0000 7fbadc400700 1 -- 172.21.15.55:0/3595813399 >> 172.21.15.55:0/3595813399 conn(0x7fbad407bbf0 msgr2=0x7fbad407c730 unknown :-1 s=STATE_NONE l=0).mark_down
