2024-04-26T20:55:40.041+0000 7f8a9e000700 1 -- 172.21.15.55:0/3520587492 <== mon.0 v2:172.21.15.55:3300/0 2 ==== config(27 keys) v1 ==== 1109+0+0 (secure 0 0 0) 0x7f8a900042e0 con 0x7f8aa0107060
2024-04-26T20:55:48.737 INFO:teuthology.orchestra.run.smithi055.stdout:/usr/bin/ceph: stderr
2024-04-26T20:55:40.041+0000 7f8a9e000700 1 -- 172.21.15.55:0/3520587492 <== mon.0 v2:172.21.15.55:3300/0 3 ==== mon_map magic: 0 v1 ==== 229+0+0 (secure 0 0 0) 0x7f8a90011b10 con 0x7f8aa0107060
2024-04-26T20:55:48.737 INFO:teuthology.orchestra.run.smithi055.stdout:/usr/bin/ceph: stderr
2024-04-26T20:55:40.041+0000 7f8aa6400700 1 -- 172.21.15.55:0/3520587492 >> [v2:172.21.15.55:3300/0,v1:172.21.15.55:6789/0] conn(0x7f8aa0107060 msgr2=0x7f8aa0109450 secure :-1 s=STATE_CONNECTION_ESTABLISHED l=1).mark_down
2024-04-26T20:55:48.737 INFO:teuthology.orchestra.run.smithi055.stdout:/usr/bin/ceph: stderr
2024-04-26T20:55:40.041+0000 7f8aa6400700 1 --2- 172.21.15.55:0/3520587492 >> [v2:172.21.15.55:3300/0,v1:172.21.15.55:6789/0] conn(0x7f8aa0107060 0x7f8aa0109450 secure :-1 s=READY pgs=73 cs=0 l=1 rev1=1 crypto rx=0x7f8a900098a0 tx=0x7f8a90009bb0 comp rx=0 tx=0).stop
2024-04-26T20:55:48.738 INFO:teuthology.orchestra.run.smithi055.stdout:/usr/bin/ceph: stderr
2024-04-26T20:55:40.042+0000 7f8aa6400700 1 -- 172.21.15.55:0/3520587492 shutdown_connections
2024-04-26T20:55:48.743 INFO:teuthology.orchestra.run.smithi055.stdout:/usr/bin/ceph: stderr
2024-04-26T20:55:40.042+0000 7f8aa6400700 1 --2- 172.21.15.55:0/3520587492 >> [v2:172.21.15.55:3300/0,v1:172.21.15.55:6789/0] conn(0x7f8aa0107060 0x7f8aa0109450 unknown :-1 s=CLOSED pgs=73 cs=0 l=1 rev1=1 crypto rx=0 tx=0 comp rx=0 tx=0).stop
2024-04-26T20:55:48.743 INFO:teuthology.orchestra.run.smithi055.stdout:/usr/bin/ceph: stderr
2024-04-26T20:55:40.042+0000 7f8aa6400700 1 -- 172.21.15.55:0/3520587492 >> 172.21.15.55:0/3520587492 conn(0x7f8aa0100a50 msgr2=0x7f8aa0102e90 unknown :-1 s=STATE_NONE l=0).mark_down
2024-04-26T20:55:48.743 INFO:teuthology.orchestra.run.smithi055.stdout:/usr/bin/ceph: stderr
2024-04-26T20:55:40.042+0000 7f8aa6400700 1 -- 172.21.15.55:0/3520587492 shutdown_connections
2024-04-26T20:55:48.743 INFO:teuthology.orchestra.run.smithi055.stdout:/usr/bin/ceph: stderr
2024-04-26T20:55:40.042+0000 7f8aa6400700 1 -- 172.21.15.55:0/3520587492 wait complete.
2024-04-26T20:55:48.743 INFO:teuthology.orchestra.run.smithi055.stdout:/usr/bin/ceph: stderr
2024-04-26T20:55:40.043+0000 7f8aa6400700 1 Processor -- start
2024-04-26T20:55:48.743 INFO:teuthology.orchestra.run.smithi055.stdout:/usr/bin/ceph: stderr
2024-04-26T20:55:40.043+0000 7f8aa6400700 1 -- start start
2024-04-26T20:55:48.744 INFO:teuthology.orchestra.run.smithi055.stdout:/usr/bin/ceph: stderr
2024-04-26T20:55:40.043+0000 7f8aa6400700 1 --2- >> [v2:172.21.15.55:3300/0,v1:172.21.15.55:6789/0] conn(0x7f8aa0107060 0x7f8aa0106890 unknown :-1 s=NONE pgs=0 cs=0 l=1 rev1=0 crypto rx=0 tx=0 comp rx=0 tx=0).connect
2024-04-26T20:55:48.744 INFO:teuthology.orchestra.run.smithi055.stdout:/usr/bin/ceph: stderr
2024-04-26T20:55:40.043+0000 7f8aa6400700 1 -- --> [v2:172.21.15.55:3300/0,v1:172.21.15.55:6789/0] -- mon_getmap magic: 0 v1 -- 0x7f8aa0106dd0 con 0x7f8aa0107060
2024-04-26T20:55:48.744 INFO:teuthology.orchestra.run.smithi055.stdout:/usr/bin/ceph: stderr
2024-04-26T20:55:40.044+0000 7f8a9f400700 1 --2- >> [v2:172.21.15.55:3300/0,v1:172.21.15.55:6789/0] conn(0x7f8aa0107060 0x7f8aa0106890 unknown :-1 s=BANNER_CONNECTING pgs=0 cs=0 l=1 rev1=0 crypto rx=0 tx=0 comp rx=0 tx=0)._handle_peer_banner_payload supported=3 required=0
2024-04-26T20:55:48.744 INFO:teuthology.orchestra.run.smithi055.stdout:/usr/bin/ceph: stderr
2024-04-26T20:55:40.044+0000 7f8a9f400700 1 --2- >> [v2:172.21.15.55:3300/0,v1:172.21.15.55:6789/0] conn(0x7f8aa0107060 0x7f8aa0106890 unknown :-1 s=HELLO_CONNECTING pgs=0 cs=0 l=1 rev1=1 crypto rx=0 tx=0 comp rx=0 tx=0).handle_hello peer v2:172.21.15.55:3300/0 says I am v2:172.21.15.55:48176/0 (socket says 172.21.15.55:48176)
2024-04-26T20:55:48.744 INFO:teuthology.orchestra.run.smithi055.stdout:/usr/bin/ceph: stderr
2024-04-26T20:55:40.044+0000 7f8a9f400700 1 -- 172.21.15.55:0/255075560 learned_addr learned my addr 172.21.15.55:0/255075560 (peer_addr_for_me v2:172.21.15.55:0/0)
2024-04-26T20:55:48.744 INFO:teuthology.orchestra.run.smithi055.stdout:/usr/bin/ceph: stderr
2024-04-26T20:55:40.044+0000 7f8a9f400700 1 -- 172.21.15.55:0/255075560 --> [v2:172.21.15.55:3300/0,v1:172.21.15.55:6789/0] -- mon_subscribe({config=0+,monmap=0+}) v3 -- 0x7f8a90009550 con 0x7f8aa0107060
2024-04-26T20:55:48.744 INFO:teuthology.orchestra.run.smithi055.stdout:/usr/bin/ceph: stderr
2024-04-26T20:55:40.044+0000 7f8a9f400700 1 --2- 172.21.15.55:0/255075560 >> [v2:172.21.15.55:3300/0,v1:172.21.15.55:6789/0] conn(0x7f8aa0107060 0x7f8aa0106890 secure :-1 s=READY pgs=74 cs=0 l=1 rev1=1 crypto rx=0x7f8a900117b0 tx=0x7f8a90011890 comp rx=0 tx=0).ready entity=mon.0 client_cookie=0 server_cookie=0 in_seq=0 out_seq=0
2024-04-26T20:55:48.744 INFO:teuthology.orchestra.run.smithi055.stdout:/usr/bin/ceph: stderr
2024-04-26T20:55:40.044+0000 7f8a97e00700 1 -- 172.21.15.55:0/255075560 <== mon.0 v2:172.21.15.55:3300/0 1 ==== mon_map magic: 0 v1 ==== 229+0+0 (secure 0 0 0) 0x7f8a900038b0 con 0x7f8aa0107060
2024-04-26T20:55:48.744 INFO:teuthology.orchestra.run.smithi055.stdout:/usr/bin/ceph: stderr
2024-04-26T20:55:40.044+0000 7f8a97e00700 1 -- 172.21.15.55:0/255075560 <== mon.0 v2:172.21.15.55:3300/0 2 ==== config(27 keys) v1 ==== 1109+0+0 (secure 0 0 0) 0x7f8a90003a10 con 0x7f8aa0107060
2024-04-26T20:55:48.744 INFO:teuthology.orchestra.run.smithi055.stdout:/usr/bin/ceph: stderr
2024-04-26T20:55:40.045+0000 7f8aa6400700 1 -- 172.21.15.55:0/255075560 --> [v2:172.21.15.55:3300/0,v1:172.21.15.55:6789/0] -- mon_subscribe({mgrmap=0+}) v3 -- 0x7f8aa0105010 con 0x7f8aa0107060
2024-04-26T20:55:48.744 INFO:teuthology.orchestra.run.smithi055.stdout:/usr/bin/ceph: stderr
2024-04-26T20:55:40.045+0000 7f8a97e00700 1 -- 172.21.15.55:0/255075560 <== mon.0 v2:172.21.15.55:3300/0 3 ==== mon_map magic: 0 v1 ==== 229+0+0 (secure 0 0 0) 0x7f8a90024780 con 0x7f8aa0107060
2024-04-26T20:55:48.744 INFO:teuthology.orchestra.run.smithi055.stdout:/usr/bin/ceph: stderr
2024-04-26T20:55:40.045+0000 7f8aa6400700 1 -- 172.21.15.55:0/255075560 --> [v2:172.21.15.55:3300/0,v1:172.21.15.55:6789/0] -- mon_subscribe({osdmap=0}) v3 -- 0x7f8aa01054b0 con 0x7f8aa0107060
2024-04-26T20:55:48.745 INFO:teuthology.orchestra.run.smithi055.stdout:/usr/bin/ceph: stderr
2024-04-26T20:55:40.046+0000 7f8a97e00700 1 -- 172.21.15.55:0/255075560 <== mon.0 v2:172.21.15.55:3300/0 4 ==== mgrmap(e 9) v1 ==== 45569+0+0 (secure 0 0 0) 0x7f8a9001a430 con 0x7f8aa0107060
2024-04-26T20:55:48.745 INFO:teuthology.orchestra.run.smithi055.stdout:/usr/bin/ceph: stderr
2024-04-26T20:55:40.046+0000 7f8a97e00700 1 --2- 172.21.15.55:0/255075560 >> [v2:172.21.15.55:6800/2358731820,v1:172.21.15.55:6801/2358731820] conn(0x7f8a840387c0 0x7f8a8403ac80 unknown :-1 s=NONE pgs=0 cs=0 l=1 rev1=0 crypto rx=0 tx=0 comp rx=0 tx=0).connect
2024-04-26T20:55:48.745 INFO:teuthology.orchestra.run.smithi055.stdout:/usr/bin/ceph: stderr
2024-04-26T20:55:40.046+0000 7f8a97e00700 1 -- 172.21.15.55:0/255075560 --> [v2:172.21.15.55:6800/2358731820,v1:172.21.15.55:6801/2358731820] -- command(tid 0: {"prefix": "get_command_descriptions"}) v1 -- 0x7f8a8403b390 con 0x7f8a840387c0
2024-04-26T20:55:48.745 INFO:teuthology.orchestra.run.smithi055.stdout:/usr/bin/ceph: stderr
2024-04-26T20:55:40.046+0000 7f8a97e00700 1 -- 172.21.15.55:0/255075560 <== mon.0 v2:172.21.15.55:3300/0 5 ==== osd_map(2..2 src has 1..2) v4 ==== 940+0+0 (secure 0 0 0) 0x7f8a9004c7e0 con 0x7f8aa0107060
2024-04-26T20:55:48.745 INFO:teuthology.orchestra.run.smithi055.stdout:/usr/bin/ceph: stderr
2024-04-26T20:55:40.046+0000 7f8a9ea00700 1 -- 172.21.15.55:0/255075560 >> [v2:172.21.15.55:6800/2358731820,v1:172.21.15.55:6801/2358731820] conn(0x7f8a840387c0 msgr2=0x7f8a8403ac80 unknown :-1 s=STATE_CONNECTING_RE l=1).process reconnect failed to v2:172.21.15.55:6800/2358731820
2024-04-26T20:55:48.745 INFO:teuthology.orchestra.run.smithi055.stdout:/usr/bin/ceph: stderr
2024-04-26T20:55:40.046+0000 7f8a9ea00700 1 --2- 172.21.15.55:0/255075560 >> [v2:172.21.15.55:6800/2358731820,v1:172.21.15.55:6801/2358731820] conn(0x7f8a840387c0 0x7f8a8403ac80 unknown :-1 s=START_CONNECT pgs=0 cs=0 l=1 rev1=0 crypto rx=0 tx=0 comp rx=0 tx=0)._fault waiting 0.200000
2024-04-26T20:55:48.745 INFO:teuthology.orchestra.run.smithi055.stdout:/usr/bin/ceph: stderr
2024-04-26T20:55:40.247+0000 7f8a9ea00700 1 -- 172.21.15.55:0/255075560 >> [v2:172.21.15.55:6800/2358731820,v1:172.21.15.55:6801/2358731820] conn(0x7f8a840387c0 msgr2=0x7f8a8403ac80 unknown :-1 s=STATE_CONNECTING_RE l=1).process reconnect failed to v2:172.21.15.55:6800/2358731820
2024-04-26T20:55:48.745 INFO:teuthology.orchestra.run.smithi055.stdout:/usr/bin/ceph: stderr
2024-04-26T20:55:40.247+0000 7f8a9ea00700 1 --2- 172.21.15.55:0/255075560 >> [v2:172.21.15.55:6800/2358731820,v1:172.21.15.55:6801/2358731820] conn(0x7f8a840387c0 0x7f8a8403ac80 unknown :-1 s=START_CONNECT pgs=0 cs=0 l=1 rev1=0 crypto rx=0 tx=0 comp rx=0 tx=0)._fault waiting 0.400000
2024-04-26T20:55:48.745 INFO:teuthology.orchestra.run.smithi055.stdout:/usr/bin/ceph: stderr
2024-04-26T20:55:40.648+0000 7f8a9ea00700 1 -- 172.21.15.55:0/255075560 >> [v2:172.21.15.55:6800/2358731820,v1:172.21.15.55:6801/2358731820] conn(0x7f8a840387c0 msgr2=0x7f8a8403ac80 unknown :-1 s=STATE_CONNECTING_RE l=1).process reconnect failed to v2:172.21.15.55:6800/2358731820
2024-04-26T20:55:48.745 INFO:teuthology.orchestra.run.smithi055.stdout:/usr/bin/ceph: stderr
2024-04-26T20:55:40.648+0000 7f8a9ea00700 1 --2- 172.21.15.55:0/255075560 >> [v2:172.21.15.55:6800/2358731820,v1:172.21.15.55:6801/2358731820] conn(0x7f8a840387c0 0x7f8a8403ac80 unknown :-1 s=START_CONNECT pgs=0 cs=0 l=1 rev1=0 crypto rx=0 tx=0 comp rx=0 tx=0)._fault waiting 0.800000
2024-04-26T20:55:48.745 INFO:teuthology.orchestra.run.smithi055.stdout:/usr/bin/ceph: stderr
2024-04-26T20:55:41.449+0000 7f8a9ea00700 1 -- 172.21.15.55:0/255075560 >> [v2:172.21.15.55:6800/2358731820,v1:172.21.15.55:6801/2358731820] conn(0x7f8a840387c0 msgr2=0x7f8a8403ac80 unknown :-1 s=STATE_CONNECTING_RE l=1).process reconnect failed to v2:172.21.15.55:6800/2358731820
2024-04-26T20:55:48.745 INFO:teuthology.orchestra.run.smithi055.stdout:/usr/bin/ceph: stderr
2024-04-26T20:55:41.449+0000 7f8a9ea00700 1 --2- 172.21.15.55:0/255075560 >> [v2:172.21.15.55:6800/2358731820,v1:172.21.15.55:6801/2358731820] conn(0x7f8a840387c0 0x7f8a8403ac80 unknown :-1 s=START_CONNECT pgs=0 cs=0 l=1 rev1=0 crypto rx=0 tx=0 comp rx=0 tx=0)._fault waiting 1.600000
2024-04-26T20:55:48.745 INFO:teuthology.orchestra.run.smithi055.stdout:/usr/bin/ceph: stderr
2024-04-26T20:55:43.051+0000 7f8a9ea00700 1 -- 172.21.15.55:0/255075560 >> [v2:172.21.15.55:6800/2358731820,v1:172.21.15.55:6801/2358731820] conn(0x7f8a840387c0 msgr2=0x7f8a8403ac80 unknown :-1 s=STATE_CONNECTING_RE l=1).process reconnect failed to v2:172.21.15.55:6800/2358731820
2024-04-26T20:55:48.745 INFO:teuthology.orchestra.run.smithi055.stdout:/usr/bin/ceph: stderr
2024-04-26T20:55:43.051+0000 7f8a9ea00700 1 --2- 172.21.15.55:0/255075560 >> [v2:172.21.15.55:6800/2358731820,v1:172.21.15.55:6801/2358731820] conn(0x7f8a840387c0 0x7f8a8403ac80 unknown :-1 s=START_CONNECT pgs=0 cs=0 l=1 rev1=0 crypto rx=0 tx=0 comp rx=0 tx=0)._fault waiting 3.200000
2024-04-26T20:55:48.745 INFO:teuthology.orchestra.run.smithi055.stdout:/usr/bin/ceph: stderr
2024-04-26T20:55:46.254+0000 7f8a9ea00700 1 -- 172.21.15.55:0/255075560 >> [v2:172.21.15.55:6800/2358731820,v1:172.21.15.55:6801/2358731820] conn(0x7f8a840387c0 msgr2=0x7f8a8403ac80 unknown :-1 s=STATE_CONNECTING_RE l=1).process reconnect failed to v2:172.21.15.55:6800/2358731820
2024-04-26T20:55:48.746 INFO:teuthology.orchestra.run.smithi055.stdout:/usr/bin/ceph: stderr
2024-04-26T20:55:46.254+0000 7f8a9ea00700 1 --2- 172.21.15.55:0/255075560 >> [v2:172.21.15.55:6800/2358731820,v1:172.21.15.55:6801/2358731820] conn(0x7f8a840387c0 0x7f8a8403ac80 unknown :-1 s=START_CONNECT pgs=0 cs=0 l=1 rev1=0 crypto rx=0 tx=0 comp rx=0 tx=0)._fault waiting 6.400000
2024-04-26T20:55:48.746 INFO:teuthology.orchestra.run.smithi055.stdout:/usr/bin/ceph: stderr
2024-04-26T20:55:46.385+0000 7f8a97e00700 1 -- 172.21.15.55:0/255075560 <== mon.0 v2:172.21.15.55:3300/0 6 ==== mgrmap(e 10) v1 ==== 45336+0+0 (secure 0 0 0) 0x7f8a9001ac10 con 0x7f8aa0107060
2024-04-26T20:55:48.746 INFO:teuthology.orchestra.run.smithi055.stdout:/usr/bin/ceph: stderr
2024-04-26T20:55:46.385+0000 7f8a97e00700 1 -- 172.21.15.55:0/255075560 >> [v2:172.21.15.55:6800/2358731820,v1:172.21.15.55:6801/2358731820] conn(0x7f8a840387c0 msgr2=0x7f8a8403ac80 unknown :-1 s=STATE_CONNECTING l=1).mark_down
2024-04-26T20:55:48.746 INFO:teuthology.orchestra.run.smithi055.stdout:/usr/bin/ceph: stderr
2024-04-26T20:55:46.385+0000 7f8a97e00700 1 --2- 172.21.15.55:0/255075560 >> [v2:172.21.15.55:6800/2358731820,v1:172.21.15.55:6801/2358731820] conn(0x7f8a840387c0 0x7f8a8403ac80 unknown :-1 s=START_CONNECT pgs=0 cs=0 l=1 rev1=0 crypto rx=0 tx=0 comp rx=0 tx=0).stop
2024-04-26T20:55:48.746 INFO:teuthology.orchestra.run.smithi055.stdout:/usr/bin/ceph: stderr
2024-04-26T20:55:47.389+0000 7f8a97e00700 1 -- 172.21.15.55:0/255075560 <== mon.0 v2:172.21.15.55:3300/0 7 ==== mgrmap(e 11) v1 ==== 45463+0+0 (secure 0 0 0) 0x7f8a9004e230 con 0x7f8aa0107060
2024-04-26T20:55:48.746 INFO:teuthology.orchestra.run.smithi055.stdout:/usr/bin/ceph: stderr
2024-04-26T20:55:47.390+0000 7f8a97e00700 1 --2- 172.21.15.55:0/255075560 >> [v2:172.21.15.55:6800/154137240,v1:172.21.15.55:6801/154137240] conn(0x7f8a8403c240 0x7f8a8403e630 unknown :-1 s=NONE pgs=0 cs=0 l=1 rev1=0 crypto rx=0 tx=0 comp rx=0 tx=0).connect
2024-04-26T20:55:48.746 INFO:teuthology.orchestra.run.smithi055.stdout:/usr/bin/ceph: stderr
2024-04-26T20:55:47.390+0000 7f8a97e00700 1 -- 172.21.15.55:0/255075560 --> [v2:172.21.15.55:6800/154137240,v1:172.21.15.55:6801/154137240] -- command(tid 0: {"prefix": "get_command_descriptions"}) v1 -- 0x7f8a8403b390 con 0x7f8a8403c240
2024-04-26T20:55:48.746 INFO:teuthology.orchestra.run.smithi055.stdout:/usr/bin/ceph: stderr
2024-04-26T20:55:47.391+0000 7f8a9ea00700 1 --2- 172.21.15.55:0/255075560 >> [v2:172.21.15.55:6800/154137240,v1:172.21.15.55:6801/154137240] conn(0x7f8a8403c240 0x7f8a8403e630 unknown :-1 s=BANNER_CONNECTING pgs=0 cs=0 l=1 rev1=0 crypto rx=0 tx=0 comp rx=0 tx=0)._handle_peer_banner_payload supported=3 required=0
2024-04-26T20:55:48.746 INFO:teuthology.orchestra.run.smithi055.stdout:/usr/bin/ceph: stderr
2024-04-26T20:55:47.392+0000 7f8a9ea00700 1 --2- 172.21.15.55:0/255075560 >> [v2:172.21.15.55:6800/154137240,v1:172.21.15.55:6801/154137240] conn(0x7f8a8403c240 0x7f8a8403e630 secure :-1 s=READY pgs=2 cs=0 l=1 rev1=1 crypto rx=0x7f8a8c003a10 tx=0x7f8a8c009270 comp rx=0 tx=0).ready entity=mgr.14164 client_cookie=0 server_cookie=0 in_seq=0 out_seq=0
2024-04-26T20:55:48.746 INFO:teuthology.orchestra.run.smithi055.stdout:/usr/bin/ceph: stderr
2024-04-26T20:55:47.393+0000 7f8a97e00700 1 -- 172.21.15.55:0/255075560 <== mgr.14164 v2:172.21.15.55:6800/154137240 1 ==== command_reply(tid 0: 0 ) v1 ==== 8+0+6910 (secure 0 0 0) 0x7f8a8403b390 con 0x7f8a8403c240
2024-04-26T20:55:48.746 INFO:teuthology.orchestra.run.smithi055.stdout:/usr/bin/ceph: stderr
2024-04-26T20:55:47.406+0000 7f8aa6400700 1 -- 172.21.15.55:0/255075560 --> [v2:172.21.15.55:6800/154137240,v1:172.21.15.55:6801/154137240] -- command(tid 1: {"prefix": "mgr_status"}) v1 -- 0x7f8aa0062510 con 0x7f8a8403c240
2024-04-26T20:55:48.746 INFO:teuthology.orchestra.run.smithi055.stdout:/usr/bin/ceph: stderr
2024-04-26T20:55:47.406+0000 7f8a97e00700 1 -- 172.21.15.55:0/255075560 <== mgr.14164 v2:172.21.15.55:6800/154137240 2 ==== command_reply(tid 1: 0 ) v1 ==== 8+0+52 (secure 0 0 0) 0x7f8aa0062510 con 0x7f8a8403c240
2024-04-26T20:55:48.746 INFO:teuthology.orchestra.run.smithi055.stdout:/usr/bin/ceph: stderr
2024-04-26T20:55:47.407+0000 7f8aa6400700 1 -- 172.21.15.55:0/255075560 >> [v2:172.21.15.55:6800/154137240,v1:172.21.15.55:6801/154137240] conn(0x7f8a8403c240 msgr2=0x7f8a8403e630 secure :-1 s=STATE_CONNECTION_ESTABLISHED l=1).mark_down
2024-04-26T20:55:48.746 INFO:teuthology.orchestra.run.smithi055.stdout:/usr/bin/ceph: stderr
2024-04-26T20:55:47.407+0000 7f8aa6400700 1 --2- 172.21.15.55:0/255075560 >> [v2:172.21.15.55:6800/154137240,v1:172.21.15.55:6801/154137240] conn(0x7f8a8403c240 0x7f8a8403e630 secure :-1 s=READY pgs=2 cs=0 l=1 rev1=1 crypto rx=0x7f8a8c003a10 tx=0x7f8a8c009270 comp rx=0 tx=0).stop
2024-04-26T20:55:48.747 INFO:teuthology.orchestra.run.smithi055.stdout:/usr/bin/ceph: stderr
2024-04-26T20:55:47.407+0000 7f8aa6400700 1 -- 172.21.15.55:0/255075560 >> [v2:172.21.15.55:3300/0,v1:172.21.15.55:6789/0] conn(0x7f8aa0107060 msgr2=0x7f8aa0106890 secure :-1 s=STATE_CONNECTION_ESTABLISHED l=1).mark_down
2024-04-26T20:55:48.747 INFO:teuthology.orchestra.run.smithi055.stdout:/usr/bin/ceph: stderr
2024-04-26T20:55:47.407+0000 7f8aa6400700 1 --2- 172.21.15.55:0/255075560 >> [v2:172.21.15.55:3300/0,v1:172.21.15.55:6789/0] conn(0x7f8aa0107060 0x7f8aa0106890 secure :-1 s=READY pgs=74 cs=0 l=1 rev1=1 crypto rx=0x7f8a900117b0 tx=0x7f8a90011890 comp rx=0 tx=0).stop
2024-04-26T20:55:48.747 INFO:teuthology.orchestra.run.smithi055.stdout:/usr/bin/ceph: stderr
2024-04-26T20:55:47.407+0000 7f8aa6400700 1 -- 172.21.15.55:0/255075560 shutdown_connections
2024-04-26T20:55:48.747 INFO:teuthology.orchestra.run.smithi055.stdout:/usr/bin/ceph: stderr
2024-04-26T20:55:47.407+0000 7f8aa6400700 1 --2- 172.21.15.55:0/255075560 >> [v2:172.21.15.55:6800/154137240,v1:172.21.15.55:6801/154137240] conn(0x7f8a8403c240 0x7f8a8403e630 unknown :-1 s=CLOSED pgs=2 cs=0 l=1 rev1=1 crypto rx=0 tx=0 comp rx=0 tx=0).stop
2024-04-26T20:55:48.747 INFO:teuthology.orchestra.run.smithi055.stdout:/usr/bin/ceph: stderr
2024-04-26T20:55:47.407+0000 7f8aa6400700 1 --2- 172.21.15.55:0/255075560 >> [v2:172.21.15.55:3300/0,v1:172.21.15.55:6789/0] conn(0x7f8aa0107060 0x7f8aa0106890 unknown :-1 s=CLOSED pgs=74 cs=0 l=1 rev1=1 crypto rx=0 tx=0 comp rx=0 tx=0).stop
2024-04-26T20:55:48.747 INFO:teuthology.orchestra.run.smithi055.stdout:/usr/bin/ceph: stderr
2024-04-26T20:55:47.407+0000 7f8aa6400700 1 --2- 172.21.15.55:0/255075560 >> [v2:172.21.15.55:6800/2358731820,v1:172.21.15.55:6801/2358731820] conn(0x7f8a840387c0 0x7f8a8403ac80 unknown :-1 s=CLOSED pgs=0 cs=0 l=1 rev1=0 crypto rx=0 tx=0 comp rx=0 tx=0).stop
2024-04-26T20:55:48.747 INFO:teuthology.orchestra.run.smithi055.stdout:/usr/bin/ceph: stderr
2024-04-26T20:55:47.407+0000 7f8aa6400700 1 -- 172.21.15.55:0/255075560 >> 172.21.15.55:0/255075560 conn(0x7f8aa0100a50 msgr2=0x7f8aa01015d0 unknown :-1 s=STATE_NONE l=0).mark_down
2024-04-26T20:55:48.747 INFO:teuthology.orchestra.run.smithi055.stdout:/usr/bin/ceph: stderr
2024-04-26T20:55:47.407+0000 7f8aa6400700 1 -- 172.21.15.55:0/255075560 shutdown_connections
2024-04-26T20:55:48.747 INFO:teuthology.orchestra.run.smithi055.stdout:/usr/bin/ceph: stderr
2024-04-26T20:55:47.407+0000 7f8aa6400700 1 -- 172.21.15.55:0/255075560 wait complete.
2024-04-26T20:55:48.748 INFO:teuthology.orchestra.run.smithi055.stdout:mgr epoch 9 is available
2024-04-26T20:55:48.748 INFO:teuthology.orchestra.run.smithi055.stdout:Generating a dashboard self-signed certificate...
2024-04-26T20:55:49.593 INFO:journalctl@ceph.mon.smithi055.smithi055.stdout:Apr 26 20:55:49 smithi055 ceph-mon[25475]: mgrmap e12: smithi055.ybbowr(active, since 2s)
2024-04-26T20:55:49.593 INFO:journalctl@ceph.mon.smithi055.smithi055.stdout:Apr 26 20:55:49 smithi055 ceph-mon[25475]: from='mgr.14164 172.21.15.55:0/1989103226' entity='mgr.smithi055.ybbowr'
2024-04-26T20:55:50.410 INFO:teuthology.orchestra.run.smithi055.stdout:/usr/bin/ceph: stdout Self-signed certificate created
2024-04-26T20:55:50.410 INFO:teuthology.orchestra.run.smithi055.stdout:/usr/bin/ceph: stderr
2024-04-26T20:55:49.340+0000 7fc94d800700 1 Processor -- start
2024-04-26T20:55:50.410 INFO:teuthology.orchestra.run.smithi055.stdout:/usr/bin/ceph: stderr
2024-04-26T20:55:49.340+0000 7fc94d800700 1 -- start start
2024-04-26T20:55:50.410 INFO:teuthology.orchestra.run.smithi055.stdout:/usr/bin/ceph: stderr
2024-04-26T20:55:49.340+0000 7fc94d800700 1 --2- >> [v2:172.21.15.55:3300/0,v1:172.21.15.55:6789/0] conn(0x7fc94807ad70 0x7fc9480791d0 unknown :-1 s=NONE pgs=0 cs=0 l=0 rev1=0 crypto rx=0 tx=0 comp rx=0 tx=0).connect
2024-04-26T20:55:50.410 INFO:teuthology.orchestra.run.smithi055.stdout:/usr/bin/ceph: stderr
2024-04-26T20:55:49.340+0000 7fc94d800700 1 -- --> [v2:172.21.15.55:3300/0,v1:172.21.15.55:6789/0] -- mon_getmap magic: 0 v1 -- 0x7fc9480797a0 con 0x7fc94807ad70
2024-04-26T20:55:50.410 INFO:teuthology.orchestra.run.smithi055.stdout:/usr/bin/ceph: stderr
2024-04-26T20:55:49.341+0000 7fc946a00700 1 --2- >> [v2:172.21.15.55:3300/0,v1:172.21.15.55:6789/0] conn(0x7fc94807ad70 0x7fc9480791d0 unknown :-1 s=BANNER_CONNECTING pgs=0 cs=0 l=0 rev1=0 crypto rx=0 tx=0 comp rx=0 tx=0)._handle_peer_banner_payload supported=3 required=0
2024-04-26T20:55:50.411 INFO:teuthology.orchestra.run.smithi055.stdout:/usr/bin/ceph: stderr
2024-04-26T20:55:49.341+0000 7fc946a00700 1 --2- >> [v2:172.21.15.55:3300/0,v1:172.21.15.55:6789/0] conn(0x7fc94807ad70 0x7fc9480791d0 unknown :-1 s=HELLO_CONNECTING pgs=0 cs=0 l=0 rev1=1 crypto rx=0 tx=0 comp rx=0 tx=0).handle_hello peer v2:172.21.15.55:3300/0 says I am v2:172.21.15.55:47416/0 (socket says 172.21.15.55:47416)
2024-04-26T20:55:50.411 INFO:teuthology.orchestra.run.smithi055.stdout:/usr/bin/ceph: stderr
2024-04-26T20:55:49.341+0000 7fc946a00700 1 -- 172.21.15.55:0/3425265258 learned_addr learned my addr 172.21.15.55:0/3425265258 (peer_addr_for_me v2:172.21.15.55:0/0)
2024-04-26T20:55:50.411 INFO:teuthology.orchestra.run.smithi055.stdout:/usr/bin/ceph: stderr
2024-04-26T20:55:49.341+0000 7fc946a00700 1 -- 172.21.15.55:0/3425265258 --> [v2:172.21.15.55:3300/0,v1:172.21.15.55:6789/0] -- mon_subscribe({config=0+,monmap=0+}) v3 -- 0x7fc9480798e0 con 0x7fc94807ad70
2024-04-26T20:55:50.411 INFO:teuthology.orchestra.run.smithi055.stdout:/usr/bin/ceph: stderr
2024-04-26T20:55:49.342+0000 7fc946a00700 1 --2- 172.21.15.55:0/3425265258 >> [v2:172.21.15.55:3300/0,v1:172.21.15.55:6789/0] conn(0x7fc94807ad70 0x7fc9480791d0 secure :-1 s=READY pgs=82 cs=0 l=1 rev1=1 crypto rx=0x7fc9380098a0 tx=0x7fc938009bb0 comp rx=0 tx=0).ready entity=mon.0 client_cookie=664b852fb6fd7f67 server_cookie=0 in_seq=0 out_seq=0
2024-04-26T20:55:50.411 INFO:teuthology.orchestra.run.smithi055.stdout:/usr/bin/ceph: stderr
2024-04-26T20:55:49.342+0000 7fc946000700 1 -- 172.21.15.55:0/3425265258 <== mon.0 v2:172.21.15.55:3300/0 1 ==== mon_map magic: 0 v1 ==== 229+0+0 (secure 0 0 0) 0x7fc938004180 con 0x7fc94807ad70
2024-04-26T20:55:50.411 INFO:teuthology.orchestra.run.smithi055.stdout:/usr/bin/ceph: stderr
2024-04-26T20:55:49.342+0000 7fc946000700 1 -- 172.21.15.55:0/3425265258 <== mon.0 v2:172.21.15.55:3300/0 2 ==== config(27 keys) v1 ==== 1109+0+0 (secure 0 0 0) 0x7fc9380042e0 con 0x7fc94807ad70
2024-04-26T20:55:50.412 INFO:teuthology.orchestra.run.smithi055.stdout:/usr/bin/ceph: stderr
2024-04-26T20:55:49.342+0000 7fc946000700 1 -- 172.21.15.55:0/3425265258 <== mon.0 v2:172.21.15.55:3300/0 3 ==== mon_map magic: 0 v1 ==== 229+0+0 (secure 0 0 0) 0x7fc938011b10 con 0x7fc94807ad70
2024-04-26T20:55:50.412 INFO:teuthology.orchestra.run.smithi055.stdout:/usr/bin/ceph: stderr
2024-04-26T20:55:49.343+0000 7fc94d800700 1 -- 172.21.15.55:0/3425265258 >> [v2:172.21.15.55:3300/0,v1:172.21.15.55:6789/0] conn(0x7fc94807ad70 msgr2=0x7fc9480791d0 secure :-1 s=STATE_CONNECTION_ESTABLISHED l=1).mark_down
2024-04-26T20:55:50.412 INFO:teuthology.orchestra.run.smithi055.stdout:/usr/bin/ceph: stderr
2024-04-26T20:55:49.343+0000 7fc94d800700 1 --2- 172.21.15.55:0/3425265258 >> [v2:172.21.15.55:3300/0,v1:172.21.15.55:6789/0] conn(0x7fc94807ad70 0x7fc9480791d0 secure :-1 s=READY pgs=82 cs=0 l=1 rev1=1 crypto rx=0x7fc9380098a0 tx=0x7fc938009bb0 comp rx=0 tx=0).stop
2024-04-26T20:55:50.412 INFO:teuthology.orchestra.run.smithi055.stdout:/usr/bin/ceph: stderr
2024-04-26T20:55:49.343+0000 7fc94d800700 1 -- 172.21.15.55:0/3425265258 shutdown_connections
2024-04-26T20:55:50.412 INFO:teuthology.orchestra.run.smithi055.stdout:/usr/bin/ceph: stderr
2024-04-26T20:55:49.343+0000 7fc94d800700 1 --2- 172.21.15.55:0/3425265258 >> [v2:172.21.15.55:3300/0,v1:172.21.15.55:6789/0] conn(0x7fc94807ad70 0x7fc9480791d0 unknown :-1 s=CLOSED pgs=82 cs=0 l=1 rev1=1 crypto rx=0 tx=0 comp rx=0 tx=0).stop
2024-04-26T20:55:50.412 INFO:teuthology.orchestra.run.smithi055.stdout:/usr/bin/ceph: stderr
2024-04-26T20:55:49.343+0000 7fc94d800700 1 -- 172.21.15.55:0/3425265258 >> 172.21.15.55:0/3425265258 conn(0x7fc948101ba0 msgr2=0x7fc948103fc0 unknown :-1 s=STATE_NONE l=0).mark_down
2024-04-26T20:55:50.412 INFO:teuthology.orchestra.run.smithi055.stdout:/usr/bin/ceph: stderr
2024-04-26T20:55:49.343+0000 7fc94d800700 1 -- 172.21.15.55:0/3425265258 shutdown_connections
2024-04-26T20:55:50.412 INFO:teuthology.orchestra.run.smithi055.stdout:/usr/bin/ceph: stderr
2024-04-26T20:55:49.343+0000 7fc94d800700 1 -- 172.21.15.55:0/3425265258 wait complete.
2024-04-26T20:55:50.412 INFO:teuthology.orchestra.run.smithi055.stdout:/usr/bin/ceph: stderr
2024-04-26T20:55:49.344+0000 7fc94d800700 1 Processor -- start
2024-04-26T20:55:50.412 INFO:teuthology.orchestra.run.smithi055.stdout:/usr/bin/ceph: stderr
2024-04-26T20:55:49.344+0000 7fc94d800700 1 -- start start
2024-04-26T20:55:50.412 INFO:teuthology.orchestra.run.smithi055.stdout:/usr/bin/ceph: stderr
2024-04-26T20:55:49.345+0000 7fc94d800700 1 --2- >> [v2:172.21.15.55:3300/0,v1:172.21.15.55:6789/0] conn(0x7fc94807ad70 0x7fc94819c5b0 unknown :-1 s=NONE pgs=0 cs=0 l=1 rev1=0 crypto rx=0 tx=0 comp rx=0 tx=0).connect
2024-04-26T20:55:50.412 INFO:teuthology.orchestra.run.smithi055.stdout:/usr/bin/ceph: stderr
2024-04-26T20:55:49.345+0000 7fc94d800700 1 -- --> [v2:172.21.15.55:3300/0,v1:172.21.15.55:6789/0] -- mon_getmap magic: 0 v1 -- 0x7fc94819caf0 con 0x7fc94807ad70
2024-04-26T20:55:50.412 INFO:teuthology.orchestra.run.smithi055.stdout:/usr/bin/ceph: stderr
2024-04-26T20:55:49.345+0000 7fc946a00700 1 --2- >> [v2:172.21.15.55:3300/0,v1:172.21.15.55:6789/0] conn(0x7fc94807ad70 0x7fc94819c5b0 unknown :-1 s=BANNER_CONNECTING pgs=0 cs=0 l=1 rev1=0 crypto rx=0 tx=0 comp rx=0 tx=0)._handle_peer_banner_payload supported=3 required=0
2024-04-26T20:55:50.412 INFO:teuthology.orchestra.run.smithi055.stdout:/usr/bin/ceph: stderr
2024-04-26T20:55:49.345+0000 7fc946a00700 1 --2- >> [v2:172.21.15.55:3300/0,v1:172.21.15.55:6789/0] conn(0x7fc94807ad70 0x7fc94819c5b0 unknown :-1 s=HELLO_CONNECTING pgs=0 cs=0 l=1 rev1=1 crypto rx=0 tx=0 comp rx=0 tx=0).handle_hello peer v2:172.21.15.55:3300/0 says I am v2:172.21.15.55:47422/0 (socket says 172.21.15.55:47422)
2024-04-26T20:55:50.413 INFO:teuthology.orchestra.run.smithi055.stdout:/usr/bin/ceph: stderr
2024-04-26T20:55:49.345+0000 7fc946a00700 1 -- 172.21.15.55:0/3308120784 learned_addr learned my addr 172.21.15.55:0/3308120784 (peer_addr_for_me v2:172.21.15.55:0/0)
2024-04-26T20:55:50.413 INFO:teuthology.orchestra.run.smithi055.stdout:/usr/bin/ceph: stderr
2024-04-26T20:55:49.346+0000 7fc946a00700 1 -- 172.21.15.55:0/3308120784 --> [v2:172.21.15.55:3300/0,v1:172.21.15.55:6789/0] -- mon_subscribe({config=0+,monmap=0+}) v3 -- 0x7fc938009550 con 0x7fc94807ad70
2024-04-26T20:55:50.413 INFO:teuthology.orchestra.run.smithi055.stdout:/usr/bin/ceph: stderr
2024-04-26T20:55:49.346+0000 7fc946a00700 1 --2- 172.21.15.55:0/3308120784 >> [v2:172.21.15.55:3300/0,v1:172.21.15.55:6789/0] conn(0x7fc94807ad70 0x7fc94819c5b0 secure :-1 s=READY pgs=83 cs=0 l=1 rev1=1 crypto rx=0x7fc938004210 tx=0x7fc938011940 comp rx=0 tx=0).ready entity=mon.0 client_cookie=0 server_cookie=0 in_seq=0 out_seq=0
2024-04-26T20:55:50.413 INFO:teuthology.orchestra.run.smithi055.stdout:/usr/bin/ceph: stderr
2024-04-26T20:55:49.346+0000 7fc93fe00700 1 -- 172.21.15.55:0/3308120784 <== mon.0 v2:172.21.15.55:3300/0 1 ==== mon_map magic: 0 v1 ==== 229+0+0 (secure 0 0 0) 0x7fc9380038b0 con 0x7fc94807ad70
2024-04-26T20:55:50.413 INFO:teuthology.orchestra.run.smithi055.stdout:/usr/bin/ceph: stderr
2024-04-26T20:55:49.347+0000 7fc93fe00700 1 -- 172.21.15.55:0/3308120784 <== mon.0 v2:172.21.15.55:3300/0 2 ==== config(27 keys) v1 ==== 1109+0+0 (secure 0 0 0) 0x7fc938003a10 con 0x7fc94807ad70
2024-04-26T20:55:50.413 INFO:teuthology.orchestra.run.smithi055.stdout:/usr/bin/ceph: stderr
2024-04-26T20:55:49.347+0000 7fc94d800700 1 -- 172.21.15.55:0/3308120784 --> [v2:172.21.15.55:3300/0,v1:172.21.15.55:6789/0] -- mon_subscribe({mgrmap=0+}) v3 -- 0x7fc94819ccf0 con 0x7fc94807ad70
2024-04-26T20:55:50.413 INFO:teuthology.orchestra.run.smithi055.stdout:/usr/bin/ceph: stderr
2024-04-26T20:55:49.347+0000 7fc93fe00700 1 -- 172.21.15.55:0/3308120784 <== mon.0 v2:172.21.15.55:3300/0 3 ==== mon_map magic: 0 v1 ==== 229+0+0 (secure 0 0 0) 0x7fc938024650 con 0x7fc94807ad70
2024-04-26T20:55:50.413 INFO:teuthology.orchestra.run.smithi055.stdout:/usr/bin/ceph: stderr
2024-04-26T20:55:49.347+0000 7fc94d800700 1 -- 172.21.15.55:0/3308120784 --> [v2:172.21.15.55:3300/0,v1:172.21.15.55:6789/0] -- mon_subscribe({osdmap=0}) v3 -- 0x7fc94819d190 con 0x7fc94807ad70
2024-04-26T20:55:50.413 INFO:teuthology.orchestra.run.smithi055.stdout:/usr/bin/ceph: stderr
2024-04-26T20:55:49.348+0000 7fc94d800700 1 -- 172.21.15.55:0/3308120784 --> [v2:172.21.15.55:3300/0,v1:172.21.15.55:6789/0] -- mon_command({"prefix": "get_command_descriptions"} v 0) v1 -- 0x7fc94810c940 con 0x7fc94807ad70
2024-04-26T20:55:50.413 INFO:teuthology.orchestra.run.smithi055.stdout:/usr/bin/ceph: stderr
2024-04-26T20:55:49.348+0000 7fc93fe00700 1 -- 172.21.15.55:0/3308120784 <== mon.0 v2:172.21.15.55:3300/0 4 ==== mgrmap(e 12) v1 ==== 45569+0+0 (secure 0 0 0) 0x7fc93801a430 con 0x7fc94807ad70
2024-04-26T20:55:50.413 INFO:teuthology.orchestra.run.smithi055.stdout:/usr/bin/ceph: stderr
2024-04-26T20:55:49.349+0000 7fc93fe00700 1 --2- 172.21.15.55:0/3308120784 >> [v2:172.21.15.55:6800/154137240,v1:172.21.15.55:6801/154137240] conn(0x7fc92c038770 0x7fc92c03ac30 unknown :-1 s=NONE pgs=0 cs=0 l=1 rev1=0 crypto rx=0 tx=0 comp rx=0 tx=0).connect
2024-04-26T20:55:50.413 INFO:teuthology.orchestra.run.smithi055.stdout:/usr/bin/ceph: stderr
2024-04-26T20:55:49.349+0000 7fc93fe00700 1 -- 172.21.15.55:0/3308120784 <== mon.0 v2:172.21.15.55:3300/0 5 ==== osd_map(3..3 src has 1..3) v4 ==== 1155+0+0 (secure 0 0 0) 0x7fc93804c760 con 0x7fc94807ad70
2024-04-26T20:55:50.413 INFO:teuthology.orchestra.run.smithi055.stdout:/usr/bin/ceph: stderr
2024-04-26T20:55:49.349+0000 7fc93e000700 1 --2- 172.21.15.55:0/3308120784 >> [v2:172.21.15.55:6800/154137240,v1:172.21.15.55:6801/154137240] conn(0x7fc92c038770 0x7fc92c03ac30 unknown :-1 s=BANNER_CONNECTING pgs=0 cs=0 l=1 rev1=0 crypto rx=0 tx=0 comp rx=0 tx=0)._handle_peer_banner_payload supported=3 required=0
2024-04-26T20:55:50.413 INFO:teuthology.orchestra.run.smithi055.stdout:/usr/bin/ceph: stderr
2024-04-26T20:55:49.350+0000 7fc93e000700 1 --2- 172.21.15.55:0/3308120784 >> [v2:172.21.15.55:6800/154137240,v1:172.21.15.55:6801/154137240] conn(0x7fc92c038770 0x7fc92c03ac30 secure :-1 s=READY pgs=7 cs=0 l=1 rev1=1 crypto rx=0x7fc930006fd0 tx=0x7fc930006e40 comp rx=0 tx=0).ready entity=mgr.14164 client_cookie=0 server_cookie=0 in_seq=0 out_seq=0
2024-04-26T20:55:50.414 INFO:teuthology.orchestra.run.smithi055.stdout:/usr/bin/ceph: stderr
2024-04-26T20:55:49.355+0000 7fc93fe00700 1 -- 172.21.15.55:0/3308120784 <== mon.0 v2:172.21.15.55:3300/0 6 ==== mon_command_ack([{"prefix": "get_command_descriptions"}]=0 v0) v1 ==== 72+0+183351 (secure 0 0 0) 0x7fc938024e30 con 0x7fc94807ad70
2024-04-26T20:55:50.414 INFO:teuthology.orchestra.run.smithi055.stdout:/usr/bin/ceph: stderr
2024-04-26T20:55:49.591+0000 7fc94d800700 1 -- 172.21.15.55:0/3308120784 --> [v2:172.21.15.55:6800/154137240,v1:172.21.15.55:6801/154137240] -- mgr_command(tid 0: {"prefix": "dashboard create-self-signed-cert", "target": ["mon-mgr", ""]}) v1 -- 0x7fc948102f30 con 0x7fc92c038770
2024-04-26T20:55:50.414 INFO:teuthology.orchestra.run.smithi055.stdout:/usr/bin/ceph: stderr
2024-04-26T20:55:49.674+0000 7fc93fe00700 1 -- 172.21.15.55:0/3308120784 <== mgr.14164 v2:172.21.15.55:6800/154137240 1 ==== mgr_command_reply(tid 0: 0 ) v1 ==== 8+0+32 (secure 0 0 0) 0x7fc948102f30 con 0x7fc92c038770
2024-04-26T20:55:50.414 INFO:teuthology.orchestra.run.smithi055.stdout:/usr/bin/ceph: stderr
2024-04-26T20:55:49.677+0000 7fc94d800700 1 -- 172.21.15.55:0/3308120784 >> [v2:172.21.15.55:6800/154137240,v1:172.21.15.55:6801/154137240] conn(0x7fc92c038770 msgr2=0x7fc92c03ac30 secure :-1 s=STATE_CONNECTION_ESTABLISHED l=1).mark_down
2024-04-26T20:55:50.414 INFO:teuthology.orchestra.run.smithi055.stdout:/usr/bin/ceph: stderr
2024-04-26T20:55:49.677+0000 7fc94d800700 1 --2- 172.21.15.55:0/3308120784 >> [v2:172.21.15.55:6800/154137240,v1:172.21.15.55:6801/154137240] conn(0x7fc92c038770 0x7fc92c03ac30 secure :-1 s=READY pgs=7 cs=0 l=1 rev1=1 crypto rx=0x7fc930006fd0 tx=0x7fc930006e40 comp rx=0 tx=0).stop
2024-04-26T20:55:50.414 INFO:teuthology.orchestra.run.smithi055.stdout:/usr/bin/ceph: stderr
2024-04-26T20:55:49.677+0000 7fc94d800700 1 -- 172.21.15.55:0/3308120784 >> [v2:172.21.15.55:3300/0,v1:172.21.15.55:6789/0] conn(0x7fc94807ad70 msgr2=0x7fc94819c5b0 secure :-1 s=STATE_CONNECTION_ESTABLISHED l=1).mark_down
2024-04-26T20:55:50.414 INFO:teuthology.orchestra.run.smithi055.stdout:/usr/bin/ceph: stderr
2024-04-26T20:55:49.677+0000 7fc94d800700 1 --2- 172.21.15.55:0/3308120784 >> [v2:172.21.15.55:3300/0,v1:172.21.15.55:6789/0] conn(0x7fc94807ad70 0x7fc94819c5b0 secure :-1 s=READY pgs=83 cs=0 l=1 rev1=1 crypto rx=0x7fc938004210 tx=0x7fc938011940 comp rx=0 tx=0).stop
2024-04-26T20:55:50.414 INFO:teuthology.orchestra.run.smithi055.stdout:/usr/bin/ceph: stderr
2024-04-26T20:55:49.677+0000 7fc94d800700 1 -- 172.21.15.55:0/3308120784 shutdown_connections
2024-04-26T20:55:50.414 INFO:teuthology.orchestra.run.smithi055.stdout:/usr/bin/ceph: stderr
2024-04-26T20:55:49.677+0000 7fc94d800700 1 --2- 172.21.15.55:0/3308120784 >> [v2:172.21.15.55:6800/154137240,v1:172.21.15.55:6801/154137240] conn(0x7fc92c038770 0x7fc92c03ac30 unknown :-1 s=CLOSED pgs=7 cs=0 l=1 rev1=1 crypto rx=0 tx=0 comp rx=0 tx=0).stop
2024-04-26T20:55:50.414 INFO:teuthology.orchestra.run.smithi055.stdout:/usr/bin/ceph: stderr
2024-04-26T20:55:49.677+0000 7fc94d800700 1 --2- 172.21.15.55:0/3308120784 >> [v2:172.21.15.55:3300/0,v1:172.21.15.55:6789/0] conn(0x7fc94807ad70 0x7fc94819c5b0 unknown :-1 s=CLOSED pgs=83 cs=0 l=1 rev1=1 crypto rx=0 tx=0 comp rx=0 tx=0).stop
2024-04-26T20:55:50.414 INFO:teuthology.orchestra.run.smithi055.stdout:/usr/bin/ceph: stderr
2024-04-26T20:55:49.677+0000 7fc94d800700 1 -- 172.21.15.55:0/3308120784 >> 172.21.15.55:0/3308120784 conn(0x7fc948101ba0 msgr2=0x7fc948102800 unknown :-1 s=STATE_NONE l=0).mark_down
2024-04-26T20:55:50.414 INFO:teuthology.orchestra.run.smithi055.stdout:/usr/bin/ceph: stderr
2024-04-26T20:55:49.677+0000 7fc94d800700 1 -- 172.21.15.55:0/3308120784 shutdown_connections
2024-04-26T20:55:50.414 INFO:teuthology.orchestra.run.smithi055.stdout:/usr/bin/ceph: stderr
2024-04-26T20:55:49.677+0000 7fc94d800700 1 -- 172.21.15.55:0/3308120784 wait complete.
2024-04-26T20:55:50.414 INFO:teuthology.orchestra.run.smithi055.stdout:Creating initial admin user...
2024-04-26T20:55:50.968 INFO:journalctl@ceph.mon.smithi055.smithi055.stdout:Apr 26 20:55:50 smithi055 ceph-mon[25475]: from='client.14176 -' entity='client.admin' cmd=[{"prefix": "dashboard create-self-signed-cert", "target": ["mon-mgr", ""]}]: dispatch
2024-04-26T20:55:50.968 INFO:journalctl@ceph.mon.smithi055.smithi055.stdout:Apr 26 20:55:50 smithi055 ceph-mon[25475]: from='mgr.14164 172.21.15.55:0/1989103226' entity='mgr.smithi055.ybbowr'
2024-04-26T20:55:50.969 INFO:journalctl@ceph.mon.smithi055.smithi055.stdout:Apr 26 20:55:50 smithi055 ceph-mon[25475]: from='mgr.14164 172.21.15.55:0/1989103226' entity='mgr.smithi055.ybbowr'
2024-04-26T20:55:50.969 INFO:journalctl@ceph.mon.smithi055.smithi055.stdout:Apr 26 20:55:50 smithi055 ceph-mon[25475]: from='mgr.14164 172.21.15.55:0/1989103226' entity='mgr.smithi055.ybbowr'
2024-04-26T20:55:51.890 INFO:journalctl@ceph.mon.smithi055.smithi055.stdout:Apr 26 20:55:51 smithi055 ceph-mon[25475]: from='client.14178 -' entity='client.admin' cmd=[{"prefix": "dashboard ac-user-create", "username": "admin", "rolename": "administrator", "force_password": true, "pwd_update_required": true, "target": ["mon-mgr", ""]}]: dispatch
2024-04-26T20:55:51.891 INFO:journalctl@ceph.mon.smithi055.smithi055.stdout:Apr 26 20:55:51 smithi055 ceph-mon[25475]: from='mgr.14164 172.21.15.55:0/1989103226' entity='mgr.smithi055.ybbowr'
2024-04-26T20:55:52.590 INFO:teuthology.orchestra.run.smithi055.stdout:/usr/bin/ceph: stdout {"username": "admin", "password": "$2b$12$khM0JoEVRRifjAVo1APthOWNZJhj3o/E.HmpeRwHRH3tQlH7bNxjG", "roles": ["administrator"], "name": null, "email": null, "lastUpdate": 1714164951, "enabled": true, "pwdExpirationDate": null, "pwdUpdateRequired": true}
2024-04-26T20:55:52.590 INFO:teuthology.orchestra.run.smithi055.stdout:/usr/bin/ceph: stderr
2024-04-26T20:55:51.014+0000 7fd4bf200700 1 Processor -- start
2024-04-26T20:55:52.590 INFO:teuthology.orchestra.run.smithi055.stdout:/usr/bin/ceph: stderr
2024-04-26T20:55:51.015+0000 7fd4bf200700 1 -- start start
2024-04-26T20:55:52.590 INFO:teuthology.orchestra.run.smithi055.stdout:/usr/bin/ceph: stderr
2024-04-26T20:55:51.015+0000 7fd4bf200700 1 --2- >> [v2:172.21.15.55:3300/0,v1:172.21.15.55:6789/0] conn(0x7fd4b81065a0 0x7fd4b81069c0 unknown :-1 s=NONE pgs=0 cs=0 l=0 rev1=0 crypto rx=0 tx=0 comp rx=0 tx=0).connect
2024-04-26T20:55:52.590 INFO:teuthology.orchestra.run.smithi055.stdout:/usr/bin/ceph: stderr
2024-04-26T20:55:51.015+0000 7fd4bf200700 1 -- --> [v2:172.21.15.55:3300/0,v1:172.21.15.55:6789/0] -- mon_getmap magic: 0 v1 -- 0x7fd4b8106f90 con 0x7fd4b81065a0
2024-04-26T20:55:52.591 INFO:teuthology.orchestra.run.smithi055.stdout:/usr/bin/ceph: stderr
2024-04-26T20:55:51.016+0000 7fd4b7e00700 1 --2- >> [v2:172.21.15.55:3300/0,v1:172.21.15.55:6789/0] conn(0x7fd4b81065a0 0x7fd4b81069c0 unknown :-1 s=BANNER_CONNECTING pgs=0 cs=0 l=0 rev1=0 crypto rx=0 tx=0 comp rx=0 tx=0)._handle_peer_banner_payload supported=3 required=0
2024-04-26T20:55:52.591 INFO:teuthology.orchestra.run.smithi055.stdout:/usr/bin/ceph: stderr
2024-04-26T20:55:51.016+0000 7fd4b7e00700 1 --2- >> [v2:172.21.15.55:3300/0,v1:172.21.15.55:6789/0] conn(0x7fd4b81065a0 0x7fd4b81069c0 unknown :-1 s=HELLO_CONNECTING pgs=0 cs=0 l=0 rev1=1 crypto rx=0 tx=0 comp rx=0 tx=0).handle_hello peer v2:172.21.15.55:3300/0 says I am v2:172.21.15.55:47436/0 (socket says 172.21.15.55:47436)
2024-04-26T20:55:52.591 INFO:teuthology.orchestra.run.smithi055.stdout:/usr/bin/ceph: stderr
2024-04-26T20:55:51.016+0000 7fd4b7e00700 1 -- 172.21.15.55:0/2563661574 learned_addr learned my addr 172.21.15.55:0/2563661574 (peer_addr_for_me v2:172.21.15.55:0/0)
2024-04-26T20:55:52.591 INFO:teuthology.orchestra.run.smithi055.stdout:/usr/bin/ceph: stderr
2024-04-26T20:55:51.016+0000 7fd4b7e00700 1 -- 172.21.15.55:0/2563661574 --> [v2:172.21.15.55:3300/0,v1:172.21.15.55:6789/0] -- mon_subscribe({config=0+,monmap=0+}) v3 -- 0x7fd4b81077a0 con 0x7fd4b81065a0
2024-04-26T20:55:52.591 INFO:teuthology.orchestra.run.smithi055.stdout:/usr/bin/ceph: stderr
2024-04-26T20:55:51.016+0000 7fd4b7e00700 1 --2- 172.21.15.55:0/2563661574 >> [v2:172.21.15.55:3300/0,v1:172.21.15.55:6789/0] conn(0x7fd4b81065a0 0x7fd4b81069c0 secure :-1 s=READY pgs=84 cs=0 l=1 rev1=1 crypto rx=0x7fd4a80098a0 tx=0x7fd4a8009bb0 comp rx=0 tx=0).ready entity=mon.0 client_cookie=7c666f9e60bc272a server_cookie=0 in_seq=0 out_seq=0
2024-04-26T20:55:52.591 INFO:teuthology.orchestra.run.smithi055.stdout:/usr/bin/ceph: stderr
2024-04-26T20:55:51.017+0000 7fd4b6a00700 1 -- 172.21.15.55:0/2563661574 <== mon.0 v2:172.21.15.55:3300/0 1 ==== mon_map magic: 0 v1 ==== 229+0+0 (secure 0 0 0) 0x7fd4a8004180 con 0x7fd4b81065a0
2024-04-26T20:55:52.591 INFO:teuthology.orchestra.run.smithi055.stdout:/usr/bin/ceph: stderr
2024-04-26T20:55:51.017+0000 7fd4b6a00700 1 -- 172.21.15.55:0/2563661574 <== mon.0 v2:172.21.15.55:3300/0 2 ==== config(27 keys) v1 ==== 1109+0+0 (secure 0 0 0) 0x7fd4a80042e0 con 0x7fd4b81065a0
2024-04-26T20:55:52.591 INFO:teuthology.orchestra.run.smithi055.stdout:/usr/bin/ceph: stderr
2024-04-26T20:55:51.017+0000 7fd4b6a00700 1 -- 172.21.15.55:0/2563661574 <== mon.0 v2:172.21.15.55:3300/0 3 ==== mon_map magic: 0 v1 ==== 229+0+0 (secure 0 0 0) 0x7fd4a8011b10 con 0x7fd4b81065a0
2024-04-26T20:55:52.591 INFO:teuthology.orchestra.run.smithi055.stdout:/usr/bin/ceph: stderr
2024-04-26T20:55:51.018+0000 7fd4bf200700 1 -- 172.21.15.55:0/2563661574 >> [v2:172.21.15.55:3300/0,v1:172.21.15.55:6789/0] conn(0x7fd4b81065a0 msgr2=0x7fd4b81069c0 secure :-1 s=STATE_CONNECTION_ESTABLISHED l=1).mark_down
2024-04-26T20:55:52.591 INFO:teuthology.orchestra.run.smithi055.stdout:/usr/bin/ceph: stderr
2024-04-26T20:55:51.018+0000 7fd4bf200700 1 --2- 172.21.15.55:0/2563661574 >> [v2:172.21.15.55:3300/0,v1:172.21.15.55:6789/0] conn(0x7fd4b81065a0 0x7fd4b81069c0 secure :-1 s=READY pgs=84 cs=0 l=1 rev1=1 crypto rx=0x7fd4a80098a0 tx=0x7fd4a8009bb0 comp rx=0 tx=0).stop
2024-04-26T20:55:52.591 INFO:teuthology.orchestra.run.smithi055.stdout:/usr/bin/ceph: stderr
2024-04-26T20:55:51.018+0000 7fd4bf200700 1 -- 172.21.15.55:0/2563661574 shutdown_connections
2024-04-26T20:55:52.591 INFO:teuthology.orchestra.run.smithi055.stdout:/usr/bin/ceph: stderr
2024-04-26T20:55:51.018+0000 7fd4bf200700 1 --2- 172.21.15.55:0/2563661574 >> [v2:172.21.15.55:3300/0,v1:172.21.15.55:6789/0] conn(0x7fd4b81065a0 0x7fd4b81069c0 unknown :-1 s=CLOSED pgs=84 cs=0 l=1 rev1=1 crypto rx=0 tx=0 comp rx=0 tx=0).stop
2024-04-26T20:55:52.591 INFO:teuthology.orchestra.run.smithi055.stdout:/usr/bin/ceph: stderr
2024-04-26T20:55:51.018+0000 7fd4bf200700 1 -- 172.21.15.55:0/2563661574 >> 172.21.15.55:0/2563661574 conn(0x7fd4b8101ba0 msgr2=0x7fd4b8103fc0 unknown :-1 s=STATE_NONE l=0).mark_down
2024-04-26T20:55:52.592 INFO:teuthology.orchestra.run.smithi055.stdout:/usr/bin/ceph: stderr
2024-04-26T20:55:51.018+0000 7fd4bf200700 1 -- 172.21.15.55:0/2563661574 shutdown_connections
2024-04-26T20:55:52.592 INFO:teuthology.orchestra.run.smithi055.stdout:/usr/bin/ceph: stderr
2024-04-26T20:55:51.018+0000 7fd4bf200700 1 -- 172.21.15.55:0/2563661574 wait complete.
2024-04-26T20:55:52.592 INFO:teuthology.orchestra.run.smithi055.stdout:/usr/bin/ceph: stderr
2024-04-26T20:55:51.019+0000 7fd4bf200700 1 Processor -- start
2024-04-26T20:55:52.592 INFO:teuthology.orchestra.run.smithi055.stdout:/usr/bin/ceph: stderr
2024-04-26T20:55:51.019+0000 7fd4bf200700 1 -- start start
2024-04-26T20:55:52.592 INFO:teuthology.orchestra.run.smithi055.stdout:/usr/bin/ceph: stderr
2024-04-26T20:55:51.020+0000 7fd4bf200700 1 --2- >> [v2:172.21.15.55:3300/0,v1:172.21.15.55:6789/0] conn(0x7fd4b81065a0 0x7fd4b807aa30 unknown :-1 s=NONE pgs=0 cs=0 l=1 rev1=0 crypto rx=0 tx=0 comp rx=0 tx=0).connect
2024-04-26T20:55:52.592 INFO:teuthology.orchestra.run.smithi055.stdout:/usr/bin/ceph: stderr
2024-04-26T20:55:51.020+0000 7fd4bf200700 1 -- --> [v2:172.21.15.55:3300/0,v1:172.21.15.55:6789/0] -- mon_getmap magic: 0 v1 -- 0x7fd4b807af70 con 0x7fd4b81065a0
2024-04-26T20:55:52.592 INFO:teuthology.orchestra.run.smithi055.stdout:/usr/bin/ceph: stderr
2024-04-26T20:55:51.020+0000 7fd4b7e00700 1 --2- >> [v2:172.21.15.55:3300/0,v1:172.21.15.55:6789/0] conn(0x7fd4b81065a0 0x7fd4b807aa30 unknown :-1 s=BANNER_CONNECTING pgs=0 cs=0 l=1 rev1=0 crypto rx=0 tx=0 comp rx=0 tx=0)._handle_peer_banner_payload supported=3 required=0
2024-04-26T20:55:52.592 INFO:teuthology.orchestra.run.smithi055.stdout:/usr/bin/ceph: stderr
2024-04-26T20:55:51.020+0000 7fd4b7e00700 1 --2- >> [v2:172.21.15.55:3300/0,v1:172.21.15.55:6789/0] conn(0x7fd4b81065a0 0x7fd4b807aa30 unknown :-1 s=HELLO_CONNECTING pgs=0 cs=0 l=1 rev1=1 crypto rx=0 tx=0 comp rx=0 tx=0).handle_hello peer v2:172.21.15.55:3300/0 says I am v2:172.21.15.55:47438/0 (socket says 172.21.15.55:47438)
2024-04-26T20:55:52.592 INFO:teuthology.orchestra.run.smithi055.stdout:/usr/bin/ceph: stderr
2024-04-26T20:55:51.020+0000 7fd4b7e00700 1 -- 172.21.15.55:0/91958501 learned_addr learned my addr 172.21.15.55:0/91958501 (peer_addr_for_me v2:172.21.15.55:0/0)
2024-04-26T20:55:52.592 INFO:teuthology.orchestra.run.smithi055.stdout:/usr/bin/ceph: stderr
2024-04-26T20:55:51.021+0000 7fd4b7e00700 1 -- 172.21.15.55:0/91958501 --> [v2:172.21.15.55:3300/0,v1:172.21.15.55:6789/0] -- mon_subscribe({config=0+,monmap=0+}) v3 -- 0x7fd4a8009550 con 0x7fd4b81065a0
2024-04-26T20:55:52.592 INFO:teuthology.orchestra.run.smithi055.stdout:/usr/bin/ceph: stderr
2024-04-26T20:55:51.021+0000 7fd4b7e00700 1 --2- 172.21.15.55:0/91958501 >> [v2:172.21.15.55:3300/0,v1:172.21.15.55:6789/0] conn(0x7fd4b81065a0 0x7fd4b807aa30 secure :-1 s=READY pgs=85 cs=0 l=1 rev1=1 crypto rx=0x7fd4a8000c00 tx=0x7fd4a8011890 comp rx=0 tx=0).ready entity=mon.0 client_cookie=0 server_cookie=0 in_seq=0 out_seq=0
2024-04-26T20:55:52.592 INFO:teuthology.orchestra.run.smithi055.stdout:/usr/bin/ceph: stderr
2024-04-26T20:55:51.021+0000 7fd4b4c00700 1 -- 172.21.15.55:0/91958501 <== mon.0 v2:172.21.15.55:3300/0 1 ==== mon_map magic: 0 v1 ==== 229+0+0 (secure 0 0 0) 0x7fd4a80038b0 con 0x7fd4b81065a0
2024-04-26T20:55:52.592 INFO:teuthology.orchestra.run.smithi055.stdout:/usr/bin/ceph: stderr
2024-04-26T20:55:51.021+0000 7fd4b4c00700 1 -- 172.21.15.55:0/91958501 <== mon.0 v2:172.21.15.55:3300/0 2 ==== config(27 keys) v1 ==== 1109+0+0 (secure 0 0 0) 0x7fd4a8003a10 con 0x7fd4b81065a0
2024-04-26T20:55:52.592 INFO:teuthology.orchestra.run.smithi055.stdout:/usr/bin/ceph: stderr
2024-04-26T20:55:51.021+0000 7fd4b4c00700 1 -- 172.21.15.55:0/91958501 <== mon.0 v2:172.21.15.55:3300/0 3 ==== mon_map magic: 0 v1 ==== 229+0+0 (secure 0 0 0) 0x7fd4a8024780 con 0x7fd4b81065a0
2024-04-26T20:55:52.593 INFO:teuthology.orchestra.run.smithi055.stdout:/usr/bin/ceph: stderr
2024-04-26T20:55:51.021+0000 7fd4bf200700 1 -- 172.21.15.55:0/91958501 --> [v2:172.21.15.55:3300/0,v1:172.21.15.55:6789/0] -- mon_subscribe({mgrmap=0+}) v3 -- 0x7fd4b80791b0 con 0x7fd4b81065a0
2024-04-26T20:55:52.593 INFO:teuthology.orchestra.run.smithi055.stdout:/usr/bin/ceph: stderr
2024-04-26T20:55:51.022+0000 7fd4bf200700 1 -- 172.21.15.55:0/91958501 --> [v2:172.21.15.55:3300/0,v1:172.21.15.55:6789/0] -- mon_subscribe({osdmap=0}) v3 -- 0x7fd4b8079650 con 0x7fd4b81065a0
2024-04-26T20:55:52.593 INFO:teuthology.orchestra.run.smithi055.stdout:/usr/bin/ceph: stderr
2024-04-26T20:55:51.023+0000 7fd4bf200700 1 -- 172.21.15.55:0/91958501 --> [v2:172.21.15.55:3300/0,v1:172.21.15.55:6789/0] -- mon_command({"prefix": "get_command_descriptions"} v 0) v1 -- 0x7fd4b8062510 con 0x7fd4b81065a0
2024-04-26T20:55:52.593 INFO:teuthology.orchestra.run.smithi055.stdout:/usr/bin/ceph: stderr
2024-04-26T20:55:51.023+0000 7fd4b4c00700 1 -- 172.21.15.55:0/91958501 <== mon.0 v2:172.21.15.55:3300/0 4 ==== mgrmap(e 12) v1 ==== 45569+0+0 (secure 0 0 0) 0x7fd4a801ac10 con 0x7fd4b81065a0
2024-04-26T20:55:52.593 INFO:teuthology.orchestra.run.smithi055.stdout:/usr/bin/ceph: stderr
2024-04-26T20:55:51.024+0000 7fd4b4c00700 1 --2- 172.21.15.55:0/91958501 >> [v2:172.21.15.55:6800/154137240,v1:172.21.15.55:6801/154137240] conn(0x7fd49c0387c0 0x7fd49c03ac80 unknown :-1 s=NONE pgs=0 cs=0 l=1 rev1=0 crypto rx=0 tx=0 comp rx=0 tx=0).connect
2024-04-26T20:55:52.593 INFO:teuthology.orchestra.run.smithi055.stdout:/usr/bin/ceph: stderr
2024-04-26T20:55:51.024+0000 7fd4b4c00700 1 -- 172.21.15.55:0/91958501 <== mon.0 v2:172.21.15.55:3300/0 5 ==== osd_map(3..3 src has 1..3) v4 ==== 1155+0+0 (secure 0 0 0) 0x7fd4a804cc80 con 0x7fd4b81065a0
2024-04-26T20:55:52.593 INFO:teuthology.orchestra.run.smithi055.stdout:/usr/bin/ceph: stderr
2024-04-26T20:55:51.025+0000 7fd4b7400700 1 --2- 172.21.15.55:0/91958501 >> [v2:172.21.15.55:6800/154137240,v1:172.21.15.55:6801/154137240] conn(0x7fd49c0387c0 0x7fd49c03ac80 unknown :-1 s=BANNER_CONNECTING pgs=0 cs=0 l=1 rev1=0 crypto rx=0 tx=0 comp rx=0 tx=0)._handle_peer_banner_payload supported=3 required=0
2024-04-26T20:55:52.593 INFO:teuthology.orchestra.run.smithi055.stdout:/usr/bin/ceph: stderr
2024-04-26T20:55:51.026+0000 7fd4b7400700 1 --2- 172.21.15.55:0/91958501 >> [v2:172.21.15.55:6800/154137240,v1:172.21.15.55:6801/154137240] conn(0x7fd49c0387c0 0x7fd49c03ac80 secure :-1 s=READY pgs=8 cs=0 l=1 rev1=1 crypto rx=0x7fd4a4006fd0 tx=0x7fd4a4006e40 comp rx=0 tx=0).ready entity=mgr.14164 client_cookie=0 server_cookie=0 in_seq=0 out_seq=0
2024-04-26T20:55:52.593 INFO:teuthology.orchestra.run.smithi055.stdout:/usr/bin/ceph: stderr
2024-04-26T20:55:51.030+0000 7fd4b4c00700 1 -- 172.21.15.55:0/91958501 <== mon.0 v2:172.21.15.55:3300/0 6 ==== mon_command_ack([{"prefix": "get_command_descriptions"}]=0 v0) v1 ==== 72+0+183351 (secure 0 0 0) 0x7fd4a8018db0 con 0x7fd4b81065a0
2024-04-26T20:55:52.593 INFO:teuthology.orchestra.run.smithi055.stdout:/usr/bin/ceph: stderr
2024-04-26T20:55:51.289+0000 7fd4bf200700 1 -- 172.21.15.55:0/91958501 --> [v2:172.21.15.55:6800/154137240,v1:172.21.15.55:6801/154137240] -- mgr_command(tid 0: {"prefix": "dashboard ac-user-create", "username": "admin", "rolename": "administrator", "force_password": true, "pwd_update_required": true, "target": ["mon-mgr", ""]}) v1 -- 0x7fd4b8079900 con 0x7fd49c0387c0
2024-04-26T20:55:52.593 INFO:teuthology.orchestra.run.smithi055.stdout:/usr/bin/ceph: stderr
2024-04-26T20:55:51.553+0000 7fd4b4c00700 1 -- 172.21.15.55:0/91958501 <== mgr.14164 v2:172.21.15.55:6800/154137240 1 ==== mgr_command_reply(tid 0: 0 ) v1 ==== 8+0+252 (secure 0 0 0) 0x7fd4b8079900 con 0x7fd49c0387c0
2024-04-26T20:55:52.593 INFO:teuthology.orchestra.run.smithi055.stdout:/usr/bin/ceph: stderr
