2024-04-26T20:54:57.502+0000 7f302ce00700 1 -- 172.21.15.55:0/3261287414 >> [v2:172.21.15.55:6800/4088155030,v1:172.21.15.55:6801/4088155030] conn(0x7f3010038770 msgr2=0x7f301003ac30 unknown :-1 s=STATE_CONNECTING_RE l=1).process reconnect failed to v2:172.21.15.55:6800/4088155030
2024-04-26T20:55:04.645 INFO:teuthology.orchestra.run.smithi055.stdout:/usr/bin/ceph: stderr
2024-04-26T20:54:57.502+0000 7f302ce00700 1 --2- 172.21.15.55:0/3261287414 >> [v2:172.21.15.55:6800/4088155030,v1:172.21.15.55:6801/4088155030] conn(0x7f3010038770 0x7f301003ac30 unknown :-1 s=START_CONNECT pgs=0 cs=0 l=1 rev1=0 crypto rx=0 tx=0 comp rx=0 tx=0)._fault waiting 0.400000
2024-04-26T20:55:04.645 INFO:teuthology.orchestra.run.smithi055.stdout:/usr/bin/ceph: stderr
2024-04-26T20:54:57.903+0000 7f302ce00700 1 -- 172.21.15.55:0/3261287414 >> [v2:172.21.15.55:6800/4088155030,v1:172.21.15.55:6801/4088155030] conn(0x7f3010038770 msgr2=0x7f301003ac30 unknown :-1 s=STATE_CONNECTING_RE l=1).process reconnect failed to v2:172.21.15.55:6800/4088155030
2024-04-26T20:55:04.645 INFO:teuthology.orchestra.run.smithi055.stdout:/usr/bin/ceph: stderr
2024-04-26T20:54:57.903+0000 7f302ce00700 1 --2- 172.21.15.55:0/3261287414 >> [v2:172.21.15.55:6800/4088155030,v1:172.21.15.55:6801/4088155030] conn(0x7f3010038770 0x7f301003ac30 unknown :-1 s=START_CONNECT pgs=0 cs=0 l=1 rev1=0 crypto rx=0 tx=0 comp rx=0 tx=0)._fault waiting 0.800000
2024-04-26T20:55:04.645 INFO:teuthology.orchestra.run.smithi055.stdout:/usr/bin/ceph: stderr
2024-04-26T20:54:58.704+0000 7f302ce00700 1 -- 172.21.15.55:0/3261287414 >> [v2:172.21.15.55:6800/4088155030,v1:172.21.15.55:6801/4088155030] conn(0x7f3010038770 msgr2=0x7f301003ac30 unknown :-1 s=STATE_CONNECTING_RE l=1).process reconnect failed to v2:172.21.15.55:6800/4088155030
2024-04-26T20:55:04.645 INFO:teuthology.orchestra.run.smithi055.stdout:/usr/bin/ceph: stderr
2024-04-26T20:54:58.704+0000 7f302ce00700 1 --2- 172.21.15.55:0/3261287414 >> [v2:172.21.15.55:6800/4088155030,v1:172.21.15.55:6801/4088155030] conn(0x7f3010038770 0x7f301003ac30 unknown :-1 s=START_CONNECT pgs=0 cs=0 l=1 rev1=0 crypto rx=0 tx=0 comp rx=0 tx=0)._fault waiting 1.600000
2024-04-26T20:55:04.645 INFO:teuthology.orchestra.run.smithi055.stdout:/usr/bin/ceph: stderr
2024-04-26T20:55:00.306+0000 7f302ce00700 1 -- 172.21.15.55:0/3261287414 >> [v2:172.21.15.55:6800/4088155030,v1:172.21.15.55:6801/4088155030] conn(0x7f3010038770 msgr2=0x7f301003ac30 unknown :-1 s=STATE_CONNECTING_RE l=1).process reconnect failed to v2:172.21.15.55:6800/4088155030
2024-04-26T20:55:04.645 INFO:teuthology.orchestra.run.smithi055.stdout:/usr/bin/ceph: stderr
2024-04-26T20:55:00.306+0000 7f302ce00700 1 --2- 172.21.15.55:0/3261287414 >> [v2:172.21.15.55:6800/4088155030,v1:172.21.15.55:6801/4088155030] conn(0x7f3010038770 0x7f301003ac30 unknown :-1 s=START_CONNECT pgs=0 cs=0 l=1 rev1=0 crypto rx=0 tx=0 comp rx=0 tx=0)._fault waiting 3.200000
2024-04-26T20:55:04.645 INFO:teuthology.orchestra.run.smithi055.stdout:/usr/bin/ceph: stderr
2024-04-26T20:55:02.948+0000 7f3026000700 1 -- 172.21.15.55:0/3261287414 <== mon.0 v2:172.21.15.55:3300/0 6 ==== mgrmap(e 6) v1 ==== 45323+0+0 (secure 0 0 0) 0x7f301c01a3d0 con 0x7f30281070e0
2024-04-26T20:55:04.645 INFO:teuthology.orchestra.run.smithi055.stdout:/usr/bin/ceph: stderr
2024-04-26T20:55:02.948+0000 7f3026000700 1 -- 172.21.15.55:0/3261287414 >> [v2:172.21.15.55:6800/4088155030,v1:172.21.15.55:6801/4088155030] conn(0x7f3010038770 msgr2=0x7f301003ac30 unknown :-1 s=STATE_CONNECTING l=1).mark_down
2024-04-26T20:55:04.645 INFO:teuthology.orchestra.run.smithi055.stdout:/usr/bin/ceph: stderr
2024-04-26T20:55:02.948+0000 7f3026000700 1 --2- 172.21.15.55:0/3261287414 >> [v2:172.21.15.55:6800/4088155030,v1:172.21.15.55:6801/4088155030] conn(0x7f3010038770 0x7f301003ac30 unknown :-1 s=START_CONNECT pgs=0 cs=0 l=1 rev1=0 crypto rx=0 tx=0 comp rx=0 tx=0).stop
2024-04-26T20:55:04.645 INFO:teuthology.orchestra.run.smithi055.stdout:/usr/bin/ceph: stderr
2024-04-26T20:55:03.948+0000 7f3026000700 1 -- 172.21.15.55:0/3261287414 <== mon.0 v2:172.21.15.55:3300/0 7 ==== mgrmap(e 7) v1 ==== 45450+0+0 (secure 0 0 0) 0x7f301c018b30 con 0x7f30281070e0
2024-04-26T20:55:04.645 INFO:teuthology.orchestra.run.smithi055.stdout:/usr/bin/ceph: stderr
2024-04-26T20:55:03.948+0000 7f3026000700 1 --2- 172.21.15.55:0/3261287414 >> [v2:172.21.15.55:6800/2358731820,v1:172.21.15.55:6801/2358731820] conn(0x7f301003bfb0 0x7f301003e3a0 unknown :-1 s=NONE pgs=0 cs=0 l=1 rev1=0 crypto rx=0 tx=0 comp rx=0 tx=0).connect
2024-04-26T20:55:04.646 INFO:teuthology.orchestra.run.smithi055.stdout:/usr/bin/ceph: stderr
2024-04-26T20:55:03.948+0000 7f3026000700 1 -- 172.21.15.55:0/3261287414 --> [v2:172.21.15.55:6800/2358731820,v1:172.21.15.55:6801/2358731820] -- command(tid 0: {"prefix": "get_command_descriptions"}) v1 -- 0x7f301003b340 con 0x7f301003bfb0
2024-04-26T20:55:04.646 INFO:teuthology.orchestra.run.smithi055.stdout:/usr/bin/ceph: stderr
2024-04-26T20:55:03.950+0000 7f302ce00700 1 --2- 172.21.15.55:0/3261287414 >> [v2:172.21.15.55:6800/2358731820,v1:172.21.15.55:6801/2358731820] conn(0x7f301003bfb0 0x7f301003e3a0 unknown :-1 s=BANNER_CONNECTING pgs=0 cs=0 l=1 rev1=0 crypto rx=0 tx=0 comp rx=0 tx=0)._handle_peer_banner_payload supported=3 required=0
2024-04-26T20:55:04.646 INFO:teuthology.orchestra.run.smithi055.stdout:/usr/bin/ceph: stderr
2024-04-26T20:55:03.952+0000 7f302ce00700 1 --2- 172.21.15.55:0/3261287414 >> [v2:172.21.15.55:6800/2358731820,v1:172.21.15.55:6801/2358731820] conn(0x7f301003bfb0 0x7f301003e3a0 secure :-1 s=READY pgs=2 cs=0 l=1 rev1=1 crypto rx=0x7f3014003a10 tx=0x7f30140092b0 comp rx=0 tx=0).ready entity=mgr.14120 client_cookie=0 server_cookie=0 in_seq=0 out_seq=0
2024-04-26T20:55:04.646 INFO:teuthology.orchestra.run.smithi055.stdout:/usr/bin/ceph: stderr
2024-04-26T20:55:03.953+0000 7f3026000700 1 -- 172.21.15.55:0/3261287414 <== mgr.14120 v2:172.21.15.55:6800/2358731820 1 ==== command_reply(tid 0: 0 ) v1 ==== 8+0+6910 (secure 0 0 0) 0x7f301003b340 con 0x7f301003bfb0
2024-04-26T20:55:04.646 INFO:teuthology.orchestra.run.smithi055.stdout:/usr/bin/ceph: stderr
2024-04-26T20:55:03.961+0000 7f3030200700 1 -- 172.21.15.55:0/3261287414 --> [v2:172.21.15.55:6800/2358731820,v1:172.21.15.55:6801/2358731820] -- command(tid 1: {"prefix": "mgr_status"}) v1 -- 0x7f302810a6f0 con 0x7f301003bfb0
2024-04-26T20:55:04.646 INFO:teuthology.orchestra.run.smithi055.stdout:/usr/bin/ceph: stderr
2024-04-26T20:55:03.962+0000 7f3026000700 1 -- 172.21.15.55:0/3261287414 <== mgr.14120 v2:172.21.15.55:6800/2358731820 2 ==== command_reply(tid 1: 0 ) v1 ==== 8+0+51 (secure 0 0 0) 0x7f302810a6f0 con 0x7f301003bfb0
2024-04-26T20:55:04.646 INFO:teuthology.orchestra.run.smithi055.stdout:/usr/bin/ceph: stderr
2024-04-26T20:55:03.963+0000 7f3030200700 1 -- 172.21.15.55:0/3261287414 >> [v2:172.21.15.55:6800/2358731820,v1:172.21.15.55:6801/2358731820] conn(0x7f301003bfb0 msgr2=0x7f301003e3a0 secure :-1 s=STATE_CONNECTION_ESTABLISHED l=1).mark_down
2024-04-26T20:55:04.646 INFO:teuthology.orchestra.run.smithi055.stdout:/usr/bin/ceph: stderr
2024-04-26T20:55:03.963+0000 7f3030200700 1 --2- 172.21.15.55:0/3261287414 >> [v2:172.21.15.55:6800/2358731820,v1:172.21.15.55:6801/2358731820] conn(0x7f301003bfb0 0x7f301003e3a0 secure :-1 s=READY pgs=2 cs=0 l=1 rev1=1 crypto rx=0x7f3014003a10 tx=0x7f30140092b0 comp rx=0 tx=0).stop
2024-04-26T20:55:04.646 INFO:teuthology.orchestra.run.smithi055.stdout:/usr/bin/ceph: stderr
2024-04-26T20:55:03.963+0000 7f3030200700 1 -- 172.21.15.55:0/3261287414 >> [v2:172.21.15.55:3300/0,v1:172.21.15.55:6789/0] conn(0x7f30281070e0 msgr2=0x7f302819a2e0 secure :-1 s=STATE_CONNECTION_ESTABLISHED l=1).mark_down
2024-04-26T20:55:04.646 INFO:teuthology.orchestra.run.smithi055.stdout:/usr/bin/ceph: stderr
2024-04-26T20:55:03.963+0000 7f3030200700 1 --2- 172.21.15.55:0/3261287414 >> [v2:172.21.15.55:3300/0,v1:172.21.15.55:6789/0] conn(0x7f30281070e0 0x7f302819a2e0 secure :-1 s=READY pgs=29 cs=0 l=1 rev1=1 crypto rx=0x7f301c011710 tx=0x7f301c0047c0 comp rx=0 tx=0).stop
2024-04-26T20:55:04.646 INFO:teuthology.orchestra.run.smithi055.stdout:/usr/bin/ceph: stderr
2024-04-26T20:55:03.963+0000 7f3030200700 1 -- 172.21.15.55:0/3261287414 shutdown_connections
2024-04-26T20:55:04.646 INFO:teuthology.orchestra.run.smithi055.stdout:/usr/bin/ceph: stderr
2024-04-26T20:55:03.963+0000 7f3030200700 1 --2- 172.21.15.55:0/3261287414 >> [v2:172.21.15.55:6800/2358731820,v1:172.21.15.55:6801/2358731820] conn(0x7f301003bfb0 0x7f301003e3a0 unknown :-1 s=CLOSED pgs=2 cs=0 l=1 rev1=1 crypto rx=0 tx=0 comp rx=0 tx=0).stop
2024-04-26T20:55:04.646 INFO:teuthology.orchestra.run.smithi055.stdout:/usr/bin/ceph: stderr
2024-04-26T20:55:03.963+0000 7f3030200700 1 --2- 172.21.15.55:0/3261287414 >> [v2:172.21.15.55:3300/0,v1:172.21.15.55:6789/0] conn(0x7f30281070e0 0x7f302819a2e0 unknown :-1 s=CLOSED pgs=29 cs=0 l=1 rev1=1 crypto rx=0 tx=0 comp rx=0 tx=0).stop
2024-04-26T20:55:04.647 INFO:teuthology.orchestra.run.smithi055.stdout:/usr/bin/ceph: stderr
2024-04-26T20:55:03.963+0000 7f3030200700 1 --2- 172.21.15.55:0/3261287414 >> [v2:172.21.15.55:6800/4088155030,v1:172.21.15.55:6801/4088155030] conn(0x7f3010038770 0x7f301003ac30 unknown :-1 s=CLOSED pgs=0 cs=0 l=1 rev1=0 crypto rx=0 tx=0 comp rx=0 tx=0).stop
2024-04-26T20:55:04.647 INFO:teuthology.orchestra.run.smithi055.stdout:/usr/bin/ceph: stderr
2024-04-26T20:55:03.963+0000 7f3030200700 1 -- 172.21.15.55:0/3261287414 >> 172.21.15.55:0/3261287414 conn(0x7f3028100a50 msgr2=0x7f3028101630 unknown :-1 s=STATE_NONE l=0).mark_down
2024-04-26T20:55:04.647 INFO:teuthology.orchestra.run.smithi055.stdout:/usr/bin/ceph: stderr
2024-04-26T20:55:03.963+0000 7f3030200700 1 -- 172.21.15.55:0/3261287414 shutdown_connections
2024-04-26T20:55:04.647 INFO:teuthology.orchestra.run.smithi055.stdout:/usr/bin/ceph: stderr
2024-04-26T20:55:03.963+0000 7f3030200700 1 -- 172.21.15.55:0/3261287414 wait complete.
2024-04-26T20:55:04.647 INFO:teuthology.orchestra.run.smithi055.stdout:mgr epoch 5 is available
2024-04-26T20:55:04.647 INFO:teuthology.orchestra.run.smithi055.stdout:Setting orchestrator backend to cephadm...
2024-04-26T20:55:05.198 INFO:journalctl@ceph.mon.smithi055.smithi055.stdout:Apr 26 20:55:05 smithi055 ceph-mon[25475]: from='client.14124 -' entity='client.admin' cmd=[{"prefix": "get_command_descriptions"}]: dispatch
2024-04-26T20:55:05.199 INFO:journalctl@ceph.mon.smithi055.smithi055.stdout:Apr 26 20:55:05 smithi055 ceph-mon[25475]: from='client.14124 -' entity='client.admin' cmd=[{"prefix": "mgr_status"}]: dispatch
2024-04-26T20:55:06.222 INFO:journalctl@ceph.mon.smithi055.smithi055.stdout:Apr 26 20:55:06 smithi055 ceph-mon[25475]: mgrmap e8: smithi055.ybbowr(active, since 2s)
2024-04-26T20:55:06.222 INFO:journalctl@ceph.mon.smithi055.smithi055.stdout:Apr 26 20:55:06 smithi055 ceph-mon[25475]: from='mgr.14120 172.21.15.55:0/2512251818' entity='mgr.smithi055.ybbowr'
2024-04-26T20:55:06.222 INFO:journalctl@ceph.mon.smithi055.smithi055.stdout:Apr 26 20:55:06 smithi055 ceph-mon[25475]: from='mgr.14120 172.21.15.55:0/2512251818' entity='mgr.smithi055.ybbowr'
2024-04-26T20:55:06.222 INFO:journalctl@ceph.mon.smithi055.smithi055.stdout:Apr 26 20:55:06 smithi055 ceph-mon[25475]: from='client.14132 -' entity='client.admin' cmd=[{"prefix": "orch set backend", "module_name": "cephadm", "target": ["mon-mgr", ""]}]: dispatch
2024-04-26T20:55:06.222 INFO:journalctl@ceph.mon.smithi055.smithi055.stdout:Apr 26 20:55:06 smithi055 ceph-mon[25475]: from='mgr.14120 172.21.15.55:0/2512251818' entity='mgr.smithi055.ybbowr'
2024-04-26T20:55:06.222 INFO:journalctl@ceph.mon.smithi055.smithi055.stdout:Apr 26 20:55:06 smithi055 ceph-mon[25475]: from='mgr.14120 172.21.15.55:0/2512251818' entity='mgr.smithi055.ybbowr' cmd=[{"prefix": "config dump", "format": "json"}]: dispatch
2024-04-26T20:55:06.223 INFO:journalctl@ceph.mon.smithi055.smithi055.stdout:Apr 26 20:55:06 smithi055 ceph-mon[25475]: [26/Apr/2024:20:55:05] ENGINE Bus STARTING
2024-04-26T20:55:06.341 INFO:teuthology.orchestra.run.smithi055.stdout:/usr/bin/ceph: stderr
2024-04-26T20:55:05.274+0000 7fbc0f000700 1 Processor -- start
2024-04-26T20:55:06.346 INFO:teuthology.orchestra.run.smithi055.stdout:/usr/bin/ceph: stderr
2024-04-26T20:55:05.274+0000 7fbc0f000700 1 -- start start
2024-04-26T20:55:06.346 INFO:teuthology.orchestra.run.smithi055.stdout:/usr/bin/ceph: stderr
2024-04-26T20:55:05.275+0000 7fbc0f000700 1 --2- >> [v2:172.21.15.55:3300/0,v1:172.21.15.55:6789/0] conn(0x7fbc08106f00 0x7fbc081092f0 unknown :-1 s=NONE pgs=0 cs=0 l=0 rev1=0 crypto rx=0 tx=0 comp rx=0 tx=0).connect
2024-04-26T20:55:06.346 INFO:teuthology.orchestra.run.smithi055.stdout:/usr/bin/ceph: stderr
2024-04-26T20:55:05.275+0000 7fbc0f000700 1 -- --> [v2:172.21.15.55:3300/0,v1:172.21.15.55:6789/0] -- mon_getmap magic: 0 v1 -- 0x7fbc08074730 con 0x7fbc08106f00
2024-04-26T20:55:06.346 INFO:teuthology.orchestra.run.smithi055.stdout:/usr/bin/ceph: stderr
2024-04-26T20:55:05.275+0000 7fbc0dc00700 1 --2- >> [v2:172.21.15.55:3300/0,v1:172.21.15.55:6789/0] conn(0x7fbc08106f00 0x7fbc081092f0 unknown :-1 s=BANNER_CONNECTING pgs=0 cs=0 l=0 rev1=0 crypto rx=0 tx=0 comp rx=0 tx=0)._handle_peer_banner_payload supported=3 required=0
2024-04-26T20:55:06.346 INFO:teuthology.orchestra.run.smithi055.stdout:/usr/bin/ceph: stderr
2024-04-26T20:55:05.275+0000 7fbc0dc00700 1 --2- >> [v2:172.21.15.55:3300/0,v1:172.21.15.55:6789/0] conn(0x7fbc08106f00 0x7fbc081092f0 unknown :-1 s=HELLO_CONNECTING pgs=0 cs=0 l=0 rev1=1 crypto rx=0 tx=0 comp rx=0 tx=0).handle_hello peer v2:172.21.15.55:3300/0 says I am v2:172.21.15.55:36584/0 (socket says 172.21.15.55:36584)
2024-04-26T20:55:06.346 INFO:teuthology.orchestra.run.smithi055.stdout:/usr/bin/ceph: stderr
2024-04-26T20:55:05.275+0000 7fbc0dc00700 1 -- 172.21.15.55:0/1977630665 learned_addr learned my addr 172.21.15.55:0/1977630665 (peer_addr_for_me v2:172.21.15.55:0/0)
2024-04-26T20:55:06.346 INFO:teuthology.orchestra.run.smithi055.stdout:/usr/bin/ceph: stderr
2024-04-26T20:55:05.276+0000 7fbc0dc00700 1 -- 172.21.15.55:0/1977630665 --> [v2:172.21.15.55:3300/0,v1:172.21.15.55:6789/0] -- mon_subscribe({config=0+,monmap=0+}) v3 -- 0x7fbc08109830 con 0x7fbc08106f00
2024-04-26T20:55:06.346 INFO:teuthology.orchestra.run.smithi055.stdout:/usr/bin/ceph: stderr
2024-04-26T20:55:05.276+0000 7fbc0dc00700 1 --2- 172.21.15.55:0/1977630665 >> [v2:172.21.15.55:3300/0,v1:172.21.15.55:6789/0] conn(0x7fbc08106f00 0x7fbc081092f0 secure :-1 s=READY pgs=37 cs=0 l=1 rev1=1 crypto rx=0x7fbbfc0098a0 tx=0x7fbbfc009bb0 comp rx=0 tx=0).ready entity=mon.0 client_cookie=85bed2514eca9325 server_cookie=0 in_seq=0 out_seq=0
2024-04-26T20:55:06.346 INFO:teuthology.orchestra.run.smithi055.stdout:/usr/bin/ceph: stderr
2024-04-26T20:55:05.276+0000 7fbc07e00700 1 -- 172.21.15.55:0/1977630665 <== mon.0 v2:172.21.15.55:3300/0 1 ==== mon_map magic: 0 v1 ==== 229+0+0 (secure 0 0 0) 0x7fbbfc004180 con 0x7fbc08106f00
2024-04-26T20:55:06.347 INFO:teuthology.orchestra.run.smithi055.stdout:/usr/bin/ceph: stderr
2024-04-26T20:55:05.276+0000 7fbc07e00700 1 -- 172.21.15.55:0/1977630665 <== mon.0 v2:172.21.15.55:3300/0 2 ==== config(27 keys) v1 ==== 1042+0+0 (secure 0 0 0) 0x7fbbfc0042e0 con 0x7fbc08106f00
2024-04-26T20:55:06.347 INFO:teuthology.orchestra.run.smithi055.stdout:/usr/bin/ceph: stderr
2024-04-26T20:55:05.276+0000 7fbc07e00700 1 -- 172.21.15.55:0/1977630665 <== mon.0 v2:172.21.15.55:3300/0 3 ==== mon_map magic: 0 v1 ==== 229+0+0 (secure 0 0 0) 0x7fbbfc011a70 con 0x7fbc08106f00
2024-04-26T20:55:06.347 INFO:teuthology.orchestra.run.smithi055.stdout:/usr/bin/ceph: stderr
2024-04-26T20:55:05.277+0000 7fbc0f000700 1 -- 172.21.15.55:0/1977630665 >> [v2:172.21.15.55:3300/0,v1:172.21.15.55:6789/0] conn(0x7fbc08106f00 msgr2=0x7fbc081092f0 secure :-1 s=STATE_CONNECTION_ESTABLISHED l=1).mark_down
2024-04-26T20:55:06.347 INFO:teuthology.orchestra.run.smithi055.stdout:/usr/bin/ceph: stderr
2024-04-26T20:55:05.277+0000 7fbc0f000700 1 --2- 172.21.15.55:0/1977630665 >> [v2:172.21.15.55:3300/0,v1:172.21.15.55:6789/0] conn(0x7fbc08106f00 0x7fbc081092f0 secure :-1 s=READY pgs=37 cs=0 l=1 rev1=1 crypto rx=0x7fbbfc0098a0 tx=0x7fbbfc009bb0 comp rx=0 tx=0).stop
2024-04-26T20:55:06.347 INFO:teuthology.orchestra.run.smithi055.stdout:/usr/bin/ceph: stderr
2024-04-26T20:55:05.277+0000 7fbc0f000700 1 -- 172.21.15.55:0/1977630665 shutdown_connections
2024-04-26T20:55:06.347 INFO:teuthology.orchestra.run.smithi055.stdout:/usr/bin/ceph: stderr
2024-04-26T20:55:05.277+0000 7fbc0f000700 1 --2- 172.21.15.55:0/1977630665 >> [v2:172.21.15.55:3300/0,v1:172.21.15.55:6789/0] conn(0x7fbc08106f00 0x7fbc081092f0 unknown :-1 s=CLOSED pgs=37 cs=0 l=1 rev1=1 crypto rx=0 tx=0 comp rx=0 tx=0).stop
2024-04-26T20:55:06.347 INFO:teuthology.orchestra.run.smithi055.stdout:/usr/bin/ceph: stderr
2024-04-26T20:55:05.277+0000 7fbc0f000700 1 -- 172.21.15.55:0/1977630665 >> 172.21.15.55:0/1977630665 conn(0x7fbc081008f0 msgr2=0x7fbc08102d10 unknown :-1 s=STATE_NONE l=0).mark_down
2024-04-26T20:55:06.347 INFO:teuthology.orchestra.run.smithi055.stdout:/usr/bin/ceph: stderr
2024-04-26T20:55:05.277+0000 7fbc0f000700 1 -- 172.21.15.55:0/1977630665 shutdown_connections
2024-04-26T20:55:06.347 INFO:teuthology.orchestra.run.smithi055.stdout:/usr/bin/ceph: stderr
2024-04-26T20:55:05.277+0000 7fbc0f000700 1 -- 172.21.15.55:0/1977630665 wait complete.
2024-04-26T20:55:06.347 INFO:teuthology.orchestra.run.smithi055.stdout:/usr/bin/ceph: stderr
2024-04-26T20:55:05.278+0000 7fbc0f000700 1 Processor -- start
2024-04-26T20:55:06.347 INFO:teuthology.orchestra.run.smithi055.stdout:/usr/bin/ceph: stderr
2024-04-26T20:55:05.278+0000 7fbc0f000700 1 -- start start
2024-04-26T20:55:06.347 INFO:teuthology.orchestra.run.smithi055.stdout:/usr/bin/ceph: stderr
2024-04-26T20:55:05.279+0000 7fbc0f000700 1 --2- >> [v2:172.21.15.55:3300/0,v1:172.21.15.55:6789/0] conn(0x7fbc08106f00 0x7fbc0819a080 unknown :-1 s=NONE pgs=0 cs=0 l=1 rev1=0 crypto rx=0 tx=0 comp rx=0 tx=0).connect
2024-04-26T20:55:06.347 INFO:teuthology.orchestra.run.smithi055.stdout:/usr/bin/ceph: stderr
2024-04-26T20:55:05.279+0000 7fbc0f000700 1 -- --> [v2:172.21.15.55:3300/0,v1:172.21.15.55:6789/0] -- mon_getmap magic: 0 v1 -- 0x7fbc0819a5c0 con 0x7fbc08106f00
2024-04-26T20:55:06.347 INFO:teuthology.orchestra.run.smithi055.stdout:/usr/bin/ceph: stderr
2024-04-26T20:55:05.279+0000 7fbc0dc00700 1 --2- >> [v2:172.21.15.55:3300/0,v1:172.21.15.55:6789/0] conn(0x7fbc08106f00 0x7fbc0819a080 unknown :-1 s=BANNER_CONNECTING pgs=0 cs=0 l=1 rev1=0 crypto rx=0 tx=0 comp rx=0 tx=0)._handle_peer_banner_payload supported=3 required=0
2024-04-26T20:55:06.348 INFO:teuthology.orchestra.run.smithi055.stdout:/usr/bin/ceph: stderr
2024-04-26T20:55:05.279+0000 7fbc0dc00700 1 --2- >> [v2:172.21.15.55:3300/0,v1:172.21.15.55:6789/0] conn(0x7fbc08106f00 0x7fbc0819a080 unknown :-1 s=HELLO_CONNECTING pgs=0 cs=0 l=1 rev1=1 crypto rx=0 tx=0 comp rx=0 tx=0).handle_hello peer v2:172.21.15.55:3300/0 says I am v2:172.21.15.55:36596/0 (socket says 172.21.15.55:36596)
2024-04-26T20:55:06.348 INFO:teuthology.orchestra.run.smithi055.stdout:/usr/bin/ceph: stderr
2024-04-26T20:55:05.279+0000 7fbc0dc00700 1 -- 172.21.15.55:0/545567360 learned_addr learned my addr 172.21.15.55:0/545567360 (peer_addr_for_me v2:172.21.15.55:0/0)
2024-04-26T20:55:06.348 INFO:teuthology.orchestra.run.smithi055.stdout:/usr/bin/ceph: stderr
2024-04-26T20:55:05.279+0000 7fbc0dc00700 1 -- 172.21.15.55:0/545567360 --> [v2:172.21.15.55:3300/0,v1:172.21.15.55:6789/0] -- mon_subscribe({config=0+,monmap=0+}) v3 -- 0x7fbbfc009550 con 0x7fbc08106f00
2024-04-26T20:55:06.348 INFO:teuthology.orchestra.run.smithi055.stdout:/usr/bin/ceph: stderr
2024-04-26T20:55:05.280+0000 7fbc0dc00700 1 --2- 172.21.15.55:0/545567360 >> [v2:172.21.15.55:3300/0,v1:172.21.15.55:6789/0] conn(0x7fbc08106f00 0x7fbc0819a080 secure :-1 s=READY pgs=38 cs=0 l=1 rev1=1 crypto rx=0x7fbbfc011710 tx=0x7fbbfc0047c0 comp rx=0 tx=0).ready entity=mon.0 client_cookie=0 server_cookie=0 in_seq=0 out_seq=0
2024-04-26T20:55:06.348 INFO:teuthology.orchestra.run.smithi055.stdout:/usr/bin/ceph: stderr
2024-04-26T20:55:05.280+0000 7fbc06000700 1 -- 172.21.15.55:0/545567360 <== mon.0 v2:172.21.15.55:3300/0 1 ==== mon_map magic: 0 v1 ==== 229+0+0 (secure 0 0 0) 0x7fbbfc003b10 con 0x7fbc08106f00
2024-04-26T20:55:06.348 INFO:teuthology.orchestra.run.smithi055.stdout:/usr/bin/ceph: stderr
2024-04-26T20:55:05.280+0000 7fbc06000700 1 -- 172.21.15.55:0/545567360 <== mon.0 v2:172.21.15.55:3300/0 2 ==== config(27 keys) v1 ==== 1042+0+0 (secure 0 0 0) 0x7fbbfc01b8c0 con 0x7fbc08106f00
2024-04-26T20:55:06.348 INFO:teuthology.orchestra.run.smithi055.stdout:/usr/bin/ceph: stderr
2024-04-26T20:55:05.280+0000 7fbc0f000700 1 -- 172.21.15.55:0/545567360 --> [v2:172.21.15.55:3300/0,v1:172.21.15.55:6789/0] -- mon_subscribe({mgrmap=0+}) v3 -- 0x7fbc0819a7c0 con 0x7fbc08106f00
2024-04-26T20:55:06.348 INFO:teuthology.orchestra.run.smithi055.stdout:/usr/bin/ceph: stderr
2024-04-26T20:55:05.280+0000 7fbc06000700 1 -- 172.21.15.55:0/545567360 <== mon.0 v2:172.21.15.55:3300/0 3 ==== mon_map magic: 0 v1 ==== 229+0+0 (secure 0 0 0) 0x7fbbfc0197e0 con 0x7fbc08106f00
2024-04-26T20:55:06.348 INFO:teuthology.orchestra.run.smithi055.stdout:/usr/bin/ceph: stderr
2024-04-26T20:55:05.280+0000 7fbc0f000700 1 -- 172.21.15.55:0/545567360 --> [v2:172.21.15.55:3300/0,v1:172.21.15.55:6789/0] -- mon_subscribe({osdmap=0}) v3 -- 0x7fbc0819ac60 con 0x7fbc08106f00
2024-04-26T20:55:06.348 INFO:teuthology.orchestra.run.smithi055.stdout:/usr/bin/ceph: stderr
2024-04-26T20:55:05.281+0000 7fbc06000700 1 -- 172.21.15.55:0/545567360 <== mon.0 v2:172.21.15.55:3300/0 4 ==== mgrmap(e 8) v1 ==== 45556+0+0 (secure 0 0 0) 0x7fbbfc01b440 con 0x7fbc08106f00
2024-04-26T20:55:06.348 INFO:teuthology.orchestra.run.smithi055.stdout:/usr/bin/ceph: stderr
2024-04-26T20:55:05.281+0000 7fbc0f000700 1 -- 172.21.15.55:0/545567360 --> [v2:172.21.15.55:3300/0,v1:172.21.15.55:6789/0] -- mon_command({"prefix": "get_command_descriptions"} v 0) v1 -- 0x7fbc0810a550 con 0x7fbc08106f00
2024-04-26T20:55:06.348 INFO:teuthology.orchestra.run.smithi055.stdout:/usr/bin/ceph: stderr
2024-04-26T20:55:05.282+0000 7fbc06000700 1 --2- 172.21.15.55:0/545567360 >> [v2:172.21.15.55:6800/2358731820,v1:172.21.15.55:6801/2358731820] conn(0x7fbbf0038830 0x7fbbf003acf0 unknown :-1 s=NONE pgs=0 cs=0 l=1 rev1=0 crypto rx=0 tx=0 comp rx=0 tx=0).connect
2024-04-26T20:55:06.348 INFO:teuthology.orchestra.run.smithi055.stdout:/usr/bin/ceph: stderr
2024-04-26T20:55:05.282+0000 7fbc06000700 1 -- 172.21.15.55:0/545567360 <== mon.0 v2:172.21.15.55:3300/0 5 ==== osd_map(2..2 src has 1..2) v4 ==== 940+0+0 (secure 0 0 0) 0x7fbbfc04c950 con 0x7fbc08106f00
2024-04-26T20:55:06.348 INFO:teuthology.orchestra.run.smithi055.stdout:/usr/bin/ceph: stderr
2024-04-26T20:55:05.282+0000 7fbc0d200700 1 --2- 172.21.15.55:0/545567360 >> [v2:172.21.15.55:6800/2358731820,v1:172.21.15.55:6801/2358731820] conn(0x7fbbf0038830 0x7fbbf003acf0 unknown :-1 s=BANNER_CONNECTING pgs=0 cs=0 l=1 rev1=0 crypto rx=0 tx=0 comp rx=0 tx=0)._handle_peer_banner_payload supported=3 required=0
2024-04-26T20:55:06.349 INFO:teuthology.orchestra.run.smithi055.stdout:/usr/bin/ceph: stderr
2024-04-26T20:55:05.283+0000 7fbc0d200700 1 --2- 172.21.15.55:0/545567360 >> [v2:172.21.15.55:6800/2358731820,v1:172.21.15.55:6801/2358731820] conn(0x7fbbf0038830 0x7fbbf003acf0 secure :-1 s=READY pgs=7 cs=0 l=1 rev1=1 crypto rx=0x7fbbf4006fd0 tx=0x7fbbf4006e40 comp rx=0 tx=0).ready entity=mgr.14120 client_cookie=0 server_cookie=0 in_seq=0 out_seq=0
2024-04-26T20:55:06.349 INFO:teuthology.orchestra.run.smithi055.stdout:/usr/bin/ceph: stderr
2024-04-26T20:55:05.288+0000 7fbc06000700 1 -- 172.21.15.55:0/545567360 <== mon.0 v2:172.21.15.55:3300/0 6 ==== mon_command_ack([{"prefix": "get_command_descriptions"}]=0 v0) v1 ==== 72+0+183351 (secure 0 0 0) 0x7fbbfc018530 con 0x7fbc08106f00
2024-04-26T20:55:06.349 INFO:teuthology.orchestra.run.smithi055.stdout:/usr/bin/ceph: stderr
2024-04-26T20:55:05.520+0000 7fbc0f000700 1 -- 172.21.15.55:0/545567360 --> [v2:172.21.15.55:6800/2358731820,v1:172.21.15.55:6801/2358731820] -- mgr_command(tid 0: {"prefix": "orch set backend", "module_name": "cephadm", "target": ["mon-mgr", ""]}) v1 -- 0x7fbc08101a70 con 0x7fbbf0038830
2024-04-26T20:55:06.349 INFO:teuthology.orchestra.run.smithi055.stdout:/usr/bin/ceph: stderr
2024-04-26T20:55:05.540+0000 7fbc06000700 1 -- 172.21.15.55:0/545567360 <== mgr.14120 v2:172.21.15.55:6800/2358731820 1 ==== mgr_command_reply(tid 0: 0 ) v1 ==== 8+0+0 (secure 0 0 0) 0x7fbc08101a70 con 0x7fbbf0038830
2024-04-26T20:55:06.349 INFO:teuthology.orchestra.run.smithi055.stdout:/usr/bin/ceph: stderr
2024-04-26T20:55:05.543+0000 7fbc0f000700 1 -- 172.21.15.55:0/545567360 >> [v2:172.21.15.55:6800/2358731820,v1:172.21.15.55:6801/2358731820] conn(0x7fbbf0038830 msgr2=0x7fbbf003acf0 secure :-1 s=STATE_CONNECTION_ESTABLISHED l=1).mark_down
2024-04-26T20:55:06.349 INFO:teuthology.orchestra.run.smithi055.stdout:/usr/bin/ceph: stderr
2024-04-26T20:55:05.543+0000 7fbc0f000700 1 --2- 172.21.15.55:0/545567360 >> [v2:172.21.15.55:6800/2358731820,v1:172.21.15.55:6801/2358731820] conn(0x7fbbf0038830 0x7fbbf003acf0 secure :-1 s=READY pgs=7 cs=0 l=1 rev1=1 crypto rx=0x7fbbf4006fd0 tx=0x7fbbf4006e40 comp rx=0 tx=0).stop
2024-04-26T20:55:06.349 INFO:teuthology.orchestra.run.smithi055.stdout:/usr/bin/ceph: stderr
2024-04-26T20:55:05.543+0000 7fbc0f000700 1 -- 172.21.15.55:0/545567360 >> [v2:172.21.15.55:3300/0,v1:172.21.15.55:6789/0] conn(0x7fbc08106f00 msgr2=0x7fbc0819a080 secure :-1 s=STATE_CONNECTION_ESTABLISHED l=1).mark_down
2024-04-26T20:55:06.349 INFO:teuthology.orchestra.run.smithi055.stdout:/usr/bin/ceph: stderr
2024-04-26T20:55:05.543+0000 7fbc0f000700 1 --2- 172.21.15.55:0/545567360 >> [v2:172.21.15.55:3300/0,v1:172.21.15.55:6789/0] conn(0x7fbc08106f00 0x7fbc0819a080 secure :-1 s=READY pgs=38 cs=0 l=1 rev1=1 crypto rx=0x7fbbfc011710 tx=0x7fbbfc0047c0 comp rx=0 tx=0).stop
2024-04-26T20:55:06.349 INFO:teuthology.orchestra.run.smithi055.stdout:/usr/bin/ceph: stderr
2024-04-26T20:55:05.543+0000 7fbc0f000700 1 -- 172.21.15.55:0/545567360 shutdown_connections
2024-04-26T20:55:06.349 INFO:teuthology.orchestra.run.smithi055.stdout:/usr/bin/ceph: stderr
2024-04-26T20:55:05.543+0000 7fbc0f000700 1 --2- 172.21.15.55:0/545567360 >> [v2:172.21.15.55:6800/2358731820,v1:172.21.15.55:6801/2358731820] conn(0x7fbbf0038830 0x7fbbf003acf0 unknown :-1 s=CLOSED pgs=7 cs=0 l=1 rev1=1 crypto rx=0 tx=0 comp rx=0 tx=0).stop
2024-04-26T20:55:06.349 INFO:teuthology.orchestra.run.smithi055.stdout:/usr/bin/ceph: stderr
2024-04-26T20:55:05.543+0000 7fbc0f000700 1 --2- 172.21.15.55:0/545567360 >> [v2:172.21.15.55:3300/0,v1:172.21.15.55:6789/0] conn(0x7fbc08106f00 0x7fbc0819a080 unknown :-1 s=CLOSED pgs=38 cs=0 l=1 rev1=1 crypto rx=0 tx=0 comp rx=0 tx=0).stop
2024-04-26T20:55:06.349 INFO:teuthology.orchestra.run.smithi055.stdout:/usr/bin/ceph: stderr
2024-04-26T20:55:05.543+0000 7fbc0f000700 1 -- 172.21.15.55:0/545567360 >> 172.21.15.55:0/545567360 conn(0x7fbc081008f0 msgr2=0x7fbc08101360 unknown :-1 s=STATE_NONE l=0).mark_down
2024-04-26T20:55:06.349 INFO:teuthology.orchestra.run.smithi055.stdout:/usr/bin/ceph: stderr
2024-04-26T20:55:05.543+0000 7fbc0f000700 1 -- 172.21.15.55:0/545567360 shutdown_connections
2024-04-26T20:55:06.349 INFO:teuthology.orchestra.run.smithi055.stdout:/usr/bin/ceph: stderr
2024-04-26T20:55:05.543+0000 7fbc0f000700 1 -- 172.21.15.55:0/545567360 wait complete.
2024-04-26T20:55:07.158 INFO:journalctl@ceph.mon.smithi055.smithi055.stdout:Apr 26 20:55:07 smithi055 ceph-mon[25475]: [26/Apr/2024:20:55:05] ENGINE Serving on https://172.21.15.55:7150
2024-04-26T20:55:07.158 INFO:journalctl@ceph.mon.smithi055.smithi055.stdout:Apr 26 20:55:07 smithi055 ceph-mon[25475]: [26/Apr/2024:20:55:05] ENGINE Serving on http://172.21.15.55:8765
2024-04-26T20:55:07.158 INFO:journalctl@ceph.mon.smithi055.smithi055.stdout:Apr 26 20:55:07 smithi055 ceph-mon[25475]: [26/Apr/2024:20:55:05] ENGINE Bus STARTED
2024-04-26T20:55:07.158 INFO:journalctl@ceph.mon.smithi055.smithi055.stdout:Apr 26 20:55:07 smithi055 ceph-mon[25475]: from='mgr.14120 172.21.15.55:0/2512251818' entity='mgr.smithi055.ybbowr' cmd=[{"prefix": "config dump", "format": "json"}]: dispatch
2024-04-26T20:55:07.843 INFO:teuthology.orchestra.run.smithi055.stdout:/usr/bin/ceph: stdout value unchanged
2024-04-26T20:55:07.844 INFO:teuthology.orchestra.run.smithi055.stdout:/usr/bin/ceph: stderr
2024-04-26T20:55:06.940+0000 7f6f0b200700 1 Processor -- start
2024-04-26T20:55:07.844 INFO:teuthology.orchestra.run.smithi055.stdout:/usr/bin/ceph: stderr
2024-04-26T20:55:06.940+0000 7f6f0b200700 1 -- start start
2024-04-26T20:55:07.844 INFO:teuthology.orchestra.run.smithi055.stdout:/usr/bin/ceph: stderr
2024-04-26T20:55:06.941+0000 7f6f0b200700 1 --2- >> [v2:172.21.15.55:3300/0,v1:172.21.15.55:6789/0] conn(0x7f6f0c106410 0x7f6f0c106830 unknown :-1 s=NONE pgs=0 cs=0 l=0 rev1=0 crypto rx=0 tx=0 comp rx=0 tx=0).connect
2024-04-26T20:55:07.844 INFO:teuthology.orchestra.run.smithi055.stdout:/usr/bin/ceph: stderr
2024-04-26T20:55:06.941+0000 7f6f0b200700 1 -- --> [v2:172.21.15.55:3300/0,v1:172.21.15.55:6789/0] -- mon_getmap magic: 0 v1 -- 0x7f6f0c106e00 con 0x7f6f0c106410
2024-04-26T20:55:07.845 INFO:teuthology.orchestra.run.smithi055.stdout:/usr/bin/ceph: stderr
2024-04-26T20:55:06.941+0000 7f6f09e00700 1 --2- >> [v2:172.21.15.55:3300/0,v1:172.21.15.55:6789/0] conn(0x7f6f0c106410 0x7f6f0c106830 unknown :-1 s=BANNER_CONNECTING pgs=0 cs=0 l=0 rev1=0 crypto rx=0 tx=0 comp rx=0 tx=0)._handle_peer_banner_payload supported=3 required=0
2024-04-26T20:55:07.845 INFO:teuthology.orchestra.run.smithi055.stdout:/usr/bin/ceph: stderr
2024-04-26T20:55:06.941+0000 7f6f09e00700 1 --2- >> [v2:172.21.15.55:3300/0,v1:172.21.15.55:6789/0] conn(0x7f6f0c106410 0x7f6f0c106830 unknown :-1 s=HELLO_CONNECTING pgs=0 cs=0 l=0 rev1=1 crypto rx=0 tx=0 comp rx=0 tx=0).handle_hello peer v2:172.21.15.55:3300/0 says I am v2:172.21.15.55:36598/0 (socket says 172.21.15.55:36598)
2024-04-26T20:55:07.845 INFO:teuthology.orchestra.run.smithi055.stdout:/usr/bin/ceph: stderr
2024-04-26T20:55:06.941+0000 7f6f09e00700 1 -- 172.21.15.55:0/844443400 learned_addr learned my addr 172.21.15.55:0/844443400 (peer_addr_for_me v2:172.21.15.55:0/0)
2024-04-26T20:55:07.845 INFO:teuthology.orchestra.run.smithi055.stdout:/usr/bin/ceph: stderr
2024-04-26T20:55:06.941+0000 7f6f09e00700 1 -- 172.21.15.55:0/844443400 --> [v2:172.21.15.55:3300/0,v1:172.21.15.55:6789/0] -- mon_subscribe({config=0+,monmap=0+}) v3 -- 0x7f6f0c107610 con 0x7f6f0c106410
2024-04-26T20:55:07.846 INFO:teuthology.orchestra.run.smithi055.stdout:/usr/bin/ceph: stderr
2024-04-26T20:55:06.942+0000 7f6f09e00700 1 --2- 172.21.15.55:0/844443400 >> [v2:172.21.15.55:3300/0,v1:172.21.15.55:6789/0] conn(0x7f6f0c106410 0x7f6f0c106830 secure :-1 s=READY pgs=39 cs=0 l=1 rev1=1 crypto rx=0x7f6efc0098a0 tx=0x7f6efc009bb0 comp rx=0 tx=0).ready entity=mon.0 client_cookie=9715301803be9574 server_cookie=0 in_seq=0 out_seq=0
2024-04-26T20:55:07.846 INFO:teuthology.orchestra.run.smithi055.stdout:/usr/bin/ceph: stderr
2024-04-26T20:55:06.942+0000 7f6f08a00700 1 -- 172.21.15.55:0/844443400 <== mon.0 v2:172.21.15.55:3300/0 1 ==== mon_map magic: 0 v1 ==== 229+0+0 (secure 0 0 0) 0x7f6efc004180 con 0x7f6f0c106410
2024-04-26T20:55:07.847 INFO:teuthology.orchestra.run.smithi055.stdout:/usr/bin/ceph: stderr
2024-04-26T20:55:06.942+0000 7f6f08a00700 1 -- 172.21.15.55:0/844443400 <== mon.0 v2:172.21.15.55:3300/0 2 ==== config(27 keys) v1 ==== 1042+0+0 (secure 0 0 0) 0x7f6efc0042e0 con 0x7f6f0c106410
2024-04-26T20:55:07.847 INFO:teuthology.orchestra.run.smithi055.stdout:/usr/bin/ceph: stderr
2024-04-26T20:55:06.942+0000 7f6f08a00700 1 -- 172.21.15.55:0/844443400 <== mon.0 v2:172.21.15.55:3300/0 3 ==== mon_map magic: 0 v1 ==== 229+0+0 (secure 0 0 0) 0x7f6efc011a70 con 0x7f6f0c106410
2024-04-26T20:55:07.847 INFO:teuthology.orchestra.run.smithi055.stdout:/usr/bin/ceph: stderr
2024-04-26T20:55:06.943+0000 7f6f0b200700 1 -- 172.21.15.55:0/844443400 >> [v2:172.21.15.55:3300/0,v1:172.21.15.55:6789/0] conn(0x7f6f0c106410 msgr2=0x7f6f0c106830 secure :-1 s=STATE_CONNECTION_ESTABLISHED l=1).mark_down
2024-04-26T20:55:07.847 INFO:teuthology.orchestra.run.smithi055.stdout:/usr/bin/ceph: stderr
2024-04-26T20:55:06.943+0000 7f6f0b200700 1 --2- 172.21.15.55:0/844443400 >> [v2:172.21.15.55:3300/0,v1:172.21.15.55:6789/0] conn(0x7f6f0c106410 0x7f6f0c106830 secure :-1 s=READY pgs=39 cs=0 l=1 rev1=1 crypto rx=0x7f6efc0098a0 tx=0x7f6efc009bb0 comp rx=0 tx=0).stop
2024-04-26T20:55:07.847 INFO:teuthology.orchestra.run.smithi055.stdout:/usr/bin/ceph: stderr
2024-04-26T20:55:06.943+0000 7f6f0b200700 1 -- 172.21.15.55:0/844443400 shutdown_connections
2024-04-26T20:55:07.850 INFO:teuthology.orchestra.run.smithi055.stdout:/usr/bin/ceph: stderr
2024-04-26T20:55:06.943+0000 7f6f0b200700 1 --2- 172.21.15.55:0/844443400 >> [v2:172.21.15.55:3300/0,v1:172.21.15.55:6789/0] conn(0x7f6f0c106410 0x7f6f0c106830 unknown :-1 s=CLOSED pgs=39 cs=0 l=1 rev1=1 crypto rx=0 tx=0 comp rx=0 tx=0).stop
2024-04-26T20:55:07.851 INFO:teuthology.orchestra.run.smithi055.stdout:/usr/bin/ceph: stderr
2024-04-26T20:55:06.943+0000 7f6f0b200700 1 -- 172.21.15.55:0/844443400 >> 172.21.15.55:0/844443400 conn(0x7f6f0c101a30 msgr2=0x7f6f0c103e50 unknown :-1 s=STATE_NONE l=0).mark_down
2024-04-26T20:55:07.851 INFO:teuthology.orchestra.run.smithi055.stdout:/usr/bin/ceph: stderr
2024-04-26T20:55:06.943+0000 7f6f0b200700 1 -- 172.21.15.55:0/844443400 shutdown_connections
2024-04-26T20:55:07.851 INFO:teuthology.orchestra.run.smithi055.stdout:/usr/bin/ceph: stderr
2024-04-26T20:55:06.943+0000 7f6f0b200700 1 -- 172.21.15.55:0/844443400 wait complete.
2024-04-26T20:55:07.851 INFO:teuthology.orchestra.run.smithi055.stdout:/usr/bin/ceph: stderr
2024-04-26T20:55:06.944+0000 7f6f0b200700 1 Processor -- start
2024-04-26T20:55:07.851 INFO:teuthology.orchestra.run.smithi055.stdout:/usr/bin/ceph: stderr
2024-04-26T20:55:06.944+0000 7f6f0b200700 1 -- start start
2024-04-26T20:55:07.851 INFO:teuthology.orchestra.run.smithi055.stdout:/usr/bin/ceph: stderr
2024-04-26T20:55:06.944+0000 7f6f0b200700 1 --2- >> [v2:172.21.15.55:3300/0,v1:172.21.15.55:6789/0] conn(0x7f6f0c106410 0x7f6f0c19c2c0 unknown :-1 s=NONE pgs=0 cs=0 l=1 rev1=0 crypto rx=0 tx=0 comp rx=0 tx=0).connect
2024-04-26T20:55:07.851 INFO:teuthology.orchestra.run.smithi055.stdout:/usr/bin/ceph: stderr
2024-04-26T20:55:06.944+0000 7f6f0b200700 1 -- --> [v2:172.21.15.55:3300/0,v1:172.21.15.55:6789/0] -- mon_getmap magic: 0 v1 -- 0x7f6f0c19c800 con 0x7f6f0c106410
2024-04-26T20:55:07.851 INFO:teuthology.orchestra.run.smithi055.stdout:/usr/bin/ceph: stderr
2024-04-26T20:55:06.945+0000 7f6f09e00700 1 --2- >> [v2:172.21.15.55:3300/0,v1:172.21.15.55:6789/0] conn(0x7f6f0c106410 0x7f6f0c19c2c0 unknown :-1 s=BANNER_CONNECTING pgs=0 cs=0 l=1 rev1=0 crypto rx=0 tx=0 comp rx=0 tx=0)._handle_peer_banner_payload supported=3 required=0
2024-04-26T20:55:07.851 INFO:teuthology.orchestra.run.smithi055.stdout:/usr/bin/ceph: stderr
2024-04-26T20:55:06.945+0000 7f6f09e00700 1 --2- >> [v2:172.21.15.55:3300/0,v1:172.21.15.55:6789/0] conn(0x7f6f0c106410 0x7f6f0c19c2c0 unknown :-1 s=HELLO_CONNECTING pgs=0 cs=0 l=1 rev1=1 crypto rx=0 tx=0 comp rx=0 tx=0).handle_hello peer v2:172.21.15.55:3300/0 says I am v2:172.21.15.55:36610/0 (socket says 172.21.15.55:36610)
2024-04-26T20:55:07.852 INFO:teuthology.orchestra.run.smithi055.stdout:/usr/bin/ceph: stderr
2024-04-26T20:55:06.945+0000 7f6f09e00700 1 -- 172.21.15.55:0/3766675176 learned_addr learned my addr 172.21.15.55:0/3766675176 (peer_addr_for_me v2:172.21.15.55:0/0)
2024-04-26T20:55:07.852 INFO:teuthology.orchestra.run.smithi055.stdout:/usr/bin/ceph: stderr
2024-04-26T20:55:06.945+0000 7f6f09e00700 1 -- 172.21.15.55:0/3766675176 --> [v2:172.21.15.55:3300/0,v1:172.21.15.55:6789/0] -- mon_subscribe({config=0+,monmap=0+}) v3 -- 0x7f6efc009550 con 0x7f6f0c106410
2024-04-26T20:55:07.852 INFO:teuthology.orchestra.run.smithi055.stdout:/usr/bin/ceph: stderr
2024-04-26T20:55:06.945+0000 7f6f09e00700 1 --2- 172.21.15.55:0/3766675176 >> [v2:172.21.15.55:3300/0,v1:172.21.15.55:6789/0] conn(0x7f6f0c106410 0x7f6f0c19c2c0 secure :-1 s=READY pgs=40 cs=0 l=1 rev1=1 crypto rx=0x7f6efc011710 tx=0x7f6efc0047c0 comp rx=0 tx=0).ready entity=mon.0 client_cookie=0 server_cookie=0 in_seq=0 out_seq=0
2024-04-26T20:55:07.852 INFO:teuthology.orchestra.run.smithi055.stdout:/usr/bin/ceph: stderr
2024-04-26T20:55:06.946+0000 7f6f02a00700 1 -- 172.21.15.55:0/3766675176 <== mon.0 v2:172.21.15.55:3300/0 1 ==== mon_map magic: 0 v1 ==== 229+0+0 (secure 0 0 0) 0x7f6efc003b10 con 0x7f6f0c106410
2024-04-26T20:55:07.852 INFO:teuthology.orchestra.run.smithi055.stdout:/usr/bin/ceph: stderr
2024-04-26T20:55:06.946+0000 7f6f02a00700 1 -- 172.21.15.55:0/3766675176 <== mon.0 v2:172.21.15.55:3300/0 2 ==== config(27 keys) v1 ==== 1042+0+0 (secure 0 0 0) 0x7f6efc01b8c0 con 0x7f6f0c106410
2024-04-26T20:55:07.852 INFO:teuthology.orchestra.run.smithi055.stdout:/usr/bin/ceph: stderr
2024-04-26T20:55:06.946+0000 7f6f0b200700 1 -- 172.21.15.55:0/3766675176 --> [v2:172.21.15.55:3300/0,v1:172.21.15.55:6789/0] -- mon_subscribe({mgrmap=0+}) v3 -- 0x7f6f0c19ca00 con 0x7f6f0c106410
2024-04-26T20:55:07.852 INFO:teuthology.orchestra.run.smithi055.stdout:/usr/bin/ceph: stderr
2024-04-26T20:55:06.946+0000 7f6f02a00700 1 -- 172.21.15.55:0/3766675176 <== mon.0 v2:172.21.15.55:3300/0 3 ==== mon_map magic: 0 v1 ==== 229+0+0 (secure 0 0 0) 0x7f6efc019710 con 0x7f6f0c106410
2024-04-26T20:55:07.852 INFO:teuthology.orchestra.run.smithi055.stdout:/usr/bin/ceph: stderr
2024-04-26T20:55:06.946+0000 7f6f0b200700 1 -- 172.21.15.55:0/3766675176 --> [v2:172.21.15.55:3300/0,v1:172.21.15.55:6789/0] -- mon_subscribe({osdmap=0}) v3 -- 0x7f6f0c19cea0 con 0x7f6f0c106410
2024-04-26T20:55:07.852 INFO:teuthology.orchestra.run.smithi055.stdout:/usr/bin/ceph: stderr
2024-04-26T20:55:06.947+0000 7f6f0b200700 1 -- 172.21.15.55:0/3766675176 --> [v2:172.21.15.55:3300/0,v1:172.21.15.55:6789/0] -- mon_command({"prefix": "get_command_descriptions"} v 0) v1 -- 0x7f6f0c10a840 con 0x7f6f0c106410
2024-04-26T20:55:07.853 INFO:teuthology.orchestra.run.smithi055.stdout:/usr/bin/ceph: stderr
2024-04-26T20:55:06.947+0000 7f6f02a00700 1 -- 172.21.15.55:0/3766675176 <== mon.0 v2:172.21.15.55:3300/0 4 ==== mgrmap(e 8) v1 ==== 45556+0+0 (secure 0 0 0) 0x7f6efc01b440 con 0x7f6f0c106410
2024-04-26T20:55:07.853 INFO:teuthology.orchestra.run.smithi055.stdout:/usr/bin/ceph: stderr
2024-04-26T20:55:06.948+0000 7f6f02a00700 1 --2- 172.21.15.55:0/3766675176 >> [v2:172.21.15.55:6800/2358731820,v1:172.21.15.55:6801/2358731820] conn(0x7f6ef00387f0 0x7f6ef003acb0 unknown :-1 s=NONE pgs=0 cs=0 l=1 rev1=0 crypto rx=0 tx=0 comp rx=0 tx=0).connect
2024-04-26T20:55:07.853 INFO:teuthology.orchestra.run.smithi055.stdout:/usr/bin/ceph: stderr
2024-04-26T20:55:06.948+0000 7f6f02a00700 1 -- 172.21.15.55:0/3766675176 <== mon.0 v2:172.21.15.55:3300/0 5 ==== osd_map(2..2 src has 1..2) v4 ==== 940+0+0 (secure 0 0 0) 0x7f6efc04cb90 con 0x7f6f0c106410
2024-04-26T20:55:07.853 INFO:teuthology.orchestra.run.smithi055.stdout:/usr/bin/ceph: stderr
2024-04-26T20:55:06.948+0000 7f6f09400700 1 --2- 172.21.15.55:0/3766675176 >> [v2:172.21.15.55:6800/2358731820,v1:172.21.15.55:6801/2358731820] conn(0x7f6ef00387f0 0x7f6ef003acb0 unknown :-1 s=BANNER_CONNECTING pgs=0 cs=0 l=1 rev1=0 crypto rx=0 tx=0 comp rx=0 tx=0)._handle_peer_banner_payload supported=3 required=0
2024-04-26T20:55:07.853 INFO:teuthology.orchestra.run.smithi055.stdout:/usr/bin/ceph: stderr
2024-04-26T20:55:06.949+0000 7f6f09400700 1 --2- 172.21.15.55:0/3766675176 >> [v2:172.21.15.55:6800/2358731820,v1:172.21.15.55:6801/2358731820] conn(0x7f6ef00387f0 0x7f6ef003acb0 secure :-1 s=READY pgs=8 cs=0 l=1 rev1=1 crypto rx=0x7f6ef8006fd0 tx=0x7f6ef8006e40 comp rx=0 tx=0).ready entity=mgr.14120 client_cookie=0 server_cookie=0 in_seq=0 out_seq=0
2024-04-26T20:55:07.854 INFO:teuthology.orchestra.run.smithi055.stdout:/usr/bin/ceph: stderr
2024-04-26T20:55:06.954+0000 7f6f02a00700 1 -- 172.21.15.55:0/3766675176 <== mon.0 v2:172.21.15.55:3300/0 6 ==== mon_command_ack([{"prefix": "get_command_descriptions"}]=0 v0) v1 ==== 72+0+183351 (secure 0 0 0) 0x7f6efc018530 con 0x7f6f0c106410
2024-04-26T20:55:07.855 INFO:teuthology.orchestra.run.smithi055.stdout:/usr/bin/ceph: stderr
2024-04-26T20:55:07.198+0000 7f6f0b200700 1 -- 172.21.15.55:0/3766675176 --> [v2:172.21.15.55:6800/2358731820,v1:172.21.15.55:6801/2358731820] -- mgr_command(tid 0: {"prefix": "cephadm set-user", "user": "root", "target": ["mon-mgr", ""]}) v1 -- 0x7f6f0c19f790 con 0x7f6ef00387f0
2024-04-26T20:55:07.855 INFO:teuthology.orchestra.run.smithi055.stdout:/usr/bin/ceph: stderr
2024-04-26T20:55:07.200+0000 7f6f02a00700 1 -- 172.21.15.55:0/3766675176 <== mgr.14120 v2:172.21.15.55:6800/2358731820 1 ==== mgr_command_reply(tid 0: 0 ) v1 ==== 8+0+16 (secure 0 0 0) 0x7f6f0c19f790 con 0x7f6ef00387f0
2024-04-26T20:55:07.855 INFO:teuthology.orchestra.run.smithi055.stdout:/usr/bin/ceph: stderr
2024-04-26T20:55:07.203+0000 7f6f0b200700 1 -- 172.21.15.55:0/3766675176 >> [v2:172.21.15.55:6800/2358731820,v1:172.21.15.55:6801/2358731820] conn(0x7f6ef00387f0 msgr2=0x7f6ef003acb0 secure :-1 s=STATE_CONNECTION_ESTABLISHED l=1).mark_down
2024-04-26T20:55:07.855 INFO:teuthology.orchestra.run.smithi055.stdout:/usr/bin/ceph: stderr
2024-04-26T20:55:07.203+0000 7f6f0b200700 1 --2- 172.21.15.55:0/3766675176 >> [v2:172.21.15.55:6800/2358731820,v1:172.21.15.55:6801/2358731820] conn(0x7f6ef00387f0 0x7f6ef003acb0 secure :-1 s=READY pgs=8 cs=0 l=1 rev1=1 crypto rx=0x7f6ef8006fd0 tx=0x7f6ef8006e40 comp rx=0 tx=0).stop
2024-04-26T20:55:07.855 INFO:teuthology.orchestra.run.smithi055.stdout:/usr/bin/ceph: stderr
2024-04-26T20:55:07.203+0000 7f6f0b200700 1 -- 172.21.15.55:0/3766675176 >> [v2:172.21.15.55:3300/0,v1:172.21.15.55:6789/0] conn(0x7f6f0c106410 msgr2=0x7f6f0c19c2c0 secure :-1 s=STATE_CONNECTION_ESTABLISHED l=1).mark_down
2024-04-26T20:55:07.855 INFO:teuthology.orchestra.run.smithi055.stdout:/usr/bin/ceph: stderr
2024-04-26T20:55:07.203+0000 7f6f0b200700 1 --2- 172.21.15.55:0/3766675176 >> [v2:172.21.15.55:3300/0,v1:172.21.15.55:6789/0] conn(0x7f6f0c106410 0x7f6f0c19c2c0 secure :-1 s=READY pgs=40 cs=0 l=1 rev1=1 crypto rx=0x7f6efc011710 tx=0x7f6efc0047c0 comp rx=0 tx=0).stop
2024-04-26T20:55:07.855 INFO:teuthology.orchestra.run.smithi055.stdout:/usr/bin/ceph: stderr
2024-04-26T20:55:07.203+0000 7f6f0b200700 1 -- 172.21.15.55:0/3766675176 shutdown_connections
2024-04-26T20:55:07.855 INFO:teuthology.orchestra.run.smithi055.stdout:/usr/bin/ceph: stderr
2024-04-26T20:55:07.203+0000 7f6f0b200700 1 --2- 172.21.15.55:0/3766675176 >> [v2:172.21.15.55:6800/2358731820,v1:172.21.15.55:6801/2358731820] conn(0x7f6ef00387f0 0x7f6ef003acb0 unknown :-1 s=CLOSED pgs=8 cs=0 l=1 rev1=1 crypto rx=0 tx=0 comp rx=0 tx=0).stop
2024-04-26T20:55:07.855 INFO:teuthology.orchestra.run.smithi055.stdout:/usr/bin/ceph: stderr
2024-04-26T20:55:07.203+0000 7f6f0b200700 1 --2- 172.21.15.55:0/3766675176 >> [v2:172.21.15.55:3300/0,v1:172.21.15.55:6789/0] conn(0x7f6f0c106410 0x7f6f0c19c2c0 unknown :-1 s=CLOSED pgs=40 cs=0 l=1 rev1=1 crypto rx=0 tx=0 comp rx=0 tx=0).stop
2024-04-26T20:55:07.855 INFO:teuthology.orchestra.run.smithi055.stdout:/usr/bin/ceph: stderr
2024-04-26T20:55:07.203+0000 7f6f0b200700 1 -- 172.21.15.55:0/3766675176 >> 172.21.15.55:0/3766675176 conn(0x7f6f0c101a30 msgr2=0x7f6f0c1024f0 unknown :-1 s=STATE_NONE l=0).mark_down
2024-04-26T20:55:07.855 INFO:teuthology.orchestra.run.smithi055.stdout:/usr/bin/ceph: stderr
2024-04-26T20:55:07.203+0000 7f6f0b200700 1 -- 172.21.15.55:0/3766675176 shutdown_connections
2024-04-26T20:55:07.855 INFO:teuthology.orchestra.run.smithi055.stdout:/usr/bin/ceph: stderr
2024-04-26T20:55:07.203+0000 7f6f0b200700 1 -- 172.21.15.55:0/3766675176 wait complete.
2024-04-26T20:55:07.855 INFO:teuthology.orchestra.run.smithi055.stdout:Generating ssh key...
2024-04-26T20:55:08.181 INFO:journalctl@ceph.mon.smithi055.smithi055.stdout:Apr 26 20:55:08 smithi055 ceph-mon[25475]: from='client.14134 -' entity='client.admin' cmd=[{"prefix": "cephadm set-user", "user": "root", "target": ["mon-mgr", ""]}]: dispatch
2024-04-26T20:55:09.480 INFO:journalctl@ceph.mon.smithi055.smithi055.stdout:Apr 26 20:55:09 smithi055 ceph-mon[25475]: from='client.14136 -' entity='client.admin' cmd=[{"prefix": "cephadm generate-key", "target": ["mon-mgr", ""]}]: dispatch
2024-04-26T20:55:09.480 INFO:journalctl@ceph.mon.smithi055.smithi055.stdout:Apr 26 20:55:09 smithi055 ceph-mon[25475]: Generating ssh key...
2024-04-26T20:55:09.750 INFO:teuthology.orchestra.run.smithi055.stdout:/usr/bin/ceph: stderr
2024-04-26T20:55:08.505+0000 7f56db800700 1 Processor -- start
2024-04-26T20:55:09.750 INFO:teuthology.orchestra.run.smithi055.stdout:/usr/bin/ceph: stderr
2024-04-26T20:55:08.505+0000 7f56db800700 1 -- start start
2024-04-26T20:55:09.750 INFO:teuthology.orchestra.run.smithi055.stdout:/usr/bin/ceph: stderr
2024-04-26T20:55:08.505+0000 7f56db800700 1 --2- >> [v2:172.21.15.55:3300/0,v1:172.21.15.55:6789/0] conn(0x7f56d41070e0 0x7f56d41094d0 unknown :-1 s=NONE pgs=0 cs=0 l=0 rev1=0 crypto rx=0 tx=0 comp rx=0 tx=0).connect
2024-04-26T20:55:09.750 INFO:teuthology.orchestra.run.smithi055.stdout:/usr/bin/ceph: stderr
2024-04-26T20:55:08.505+0000 7f56db800700 1 -- --> [v2:172.21.15.55:3300/0,v1:172.21.15.55:6789/0] -- mon_getmap magic: 0 v1 -- 0x7f56d40746f0 con 0x7f56d41070e0
2024-04-26T20:55:09.750 INFO:teuthology.orchestra.run.smithi055.stdout:/usr/bin/ceph: stderr
2024-04-26T20:55:08.506+0000 7f56d8e00700 1 --2- >> [v2:172.21.15.55:3300/0,v1:172.21.15.55:6789/0] conn(0x7f56d41070e0 0x7f56d41094d0 unknown :-1 s=BANNER_CONNECTING pgs=0 cs=0 l=0 rev1=0 crypto rx=0 tx=0 comp rx=0 tx=0)._handle_peer_banner_payload supported=3 required=0
2024-04-26T20:55:09.750 INFO:teuthology.orchestra.run.smithi055.stdout:/usr/bin/ceph: stderr
2024-04-26T20:55:08.506+0000 7f56d8e00700 1 --2- >> [v2:172.21.15.55:3300/0,v1:172.21.15.55:6789/0] conn(0x7f56d41070e0 0x7f56d41094d0 unknown :-1 s=HELLO_CONNECTING pgs=0 cs=0 l=0 rev1=1 crypto rx=0 tx=0 comp rx=0 tx=0).handle_hello peer v2:172.21.15.55:3300/0 says I am v2:172.21.15.55:36614/0 (socket says 172.21.15.55:36614)
2024-04-26T20:55:09.750 INFO:teuthology.orchestra.run.smithi055.stdout:/usr/bin/ceph: stderr
2024-04-26T20:55:08.506+0000 7f56d8e00700 1 -- 172.21.15.55:0/688286750 learned_addr learned my addr 172.21.15.55:0/688286750 (peer_addr_for_me v2:172.21.15.55:0/0)
2024-04-26T20:55:09.750 INFO:teuthology.orchestra.run.smithi055.stdout:/usr/bin/ceph: stderr
2024-04-26T20:55:08.507+0000 7f56d8e00700 1 -- 172.21.15.55:0/688286750 --> [v2:172.21.15.55:3300/0,v1:172.21.15.55:6789/0] -- mon_subscribe({config=0+,monmap=0+}) v3 -- 0x7f56d4074830 con 0x7f56d41070e0
2024-04-26T20:55:09.750 INFO:teuthology.orchestra.run.smithi055.stdout:/usr/bin/ceph: stderr
2024-04-26T20:55:08.507+0000 7f56d8e00700 1 --2- 172.21.15.55:0/688286750 >> [v2:172.21.15.55:3300/0,v1:172.21.15.55:6789/0] conn(0x7f56d41070e0 0x7f56d41094d0 secure :-1 s=READY pgs=41 cs=0 l=1 rev1=1 crypto rx=0x7f56c80098a0 tx=0x7f56c8009bb0 comp rx=0 tx=0).ready entity=mon.0 client_cookie=a0d41c4787cb7554 server_cookie=0 in_seq=0 out_seq=0
2024-04-26T20:55:09.751 INFO:teuthology.orchestra.run.smithi055.stdout:/usr/bin/ceph: stderr
2024-04-26T20:55:08.507+0000 7f56d3400700 1 -- 172.21.15.55:0/688286750 <== mon.0 v2:172.21.15.55:3300/0 1 ==== mon_map magic: 0 v1 ==== 229+0+0 (secure 0 0 0) 0x7f56c8004180 con 0x7f56d41070e0
2024-04-26T20:55:09.751 INFO:teuthology.orchestra.run.smithi055.stdout:/usr/bin/ceph: stderr
2024-04-26T20:55:08.508+0000 7f56d3400700 1 -- 172.21.15.55:0/688286750 <== mon.0 v2:172.21.15.55:3300/0 2 ==== config(27 keys) v1 ==== 1042+0+0 (secure 0 0 0) 0x7f56c80042e0 con 0x7f56d41070e0
2024-04-26T20:55:09.751 INFO:teuthology.orchestra.run.smithi055.stdout:/usr/bin/ceph: stderr
2024-04-26T20:55:08.508+0000 7f56d3400700 1 -- 172.21.15.55:0/688286750 <== mon.0 v2:172.21.15.55:3300/0 3 ==== mon_map magic: 0 v1 ==== 229+0+0 (secure 0 0 0) 0x7f56c8011a70 con 0x7f56d41070e0
2024-04-26T20:55:09.751 INFO:teuthology.orchestra.run.smithi055.stdout:/usr/bin/ceph: stderr
2024-04-26T20:55:08.508+0000 7f56db800700 1 -- 172.21.15.55:0/688286750 >> [v2:172.21.15.55:3300/0,v1:172.21.15.55:6789/0] conn(0x7f56d41070e0 msgr2=0x7f56d41094d0 secure :-1 s=STATE_CONNECTION_ESTABLISHED l=1).mark_down
2024-04-26T20:55:09.751 INFO:teuthology.orchestra.run.smithi055.stdout:/usr/bin/ceph: stderr
2024-04-26T20:55:08.508+0000 7f56db800700 1 --2- 172.21.15.55:0/688286750 >> [v2:172.21.15.55:3300/0,v1:172.21.15.55:6789/0] conn(0x7f56d41070e0 0x7f56d41094d0 secure :-1 s=READY pgs=41 cs=0 l=1 rev1=1 crypto rx=0x7f56c80098a0 tx=0x7f56c8009bb0 comp rx=0 tx=0).stop
2024-04-26T20:55:09.751 INFO:teuthology.orchestra.run.smithi055.stdout:/usr/bin/ceph: stderr
2024-04-26T20:55:08.509+0000 7f56db800700 1 -- 172.21.15.55:0/688286750 shutdown_connections
2024-04-26T20:55:09.751 INFO:teuthology.orchestra.run.smithi055.stdout:/usr/bin/ceph: stderr
2024-04-26T20:55:08.509+0000 7f56db800700 1 --2- 172.21.15.55:0/688286750 >> [v2:172.21.15.55:3300/0,v1:172.21.15.55:6789/0] conn(0x7f56d41070e0 0x7f56d41094d0 unknown :-1 s=CLOSED pgs=41 cs=0 l=1 rev1=1 crypto rx=0 tx=0 comp rx=0 tx=0).stop
2024-04-26T20:55:09.751 INFO:teuthology.orchestra.run.smithi055.stdout:/usr/bin/ceph: stderr
2024-04-26T20:55:08.509+0000 7f56db800700 1 -- 172.21.15.55:0/688286750 >> 172.21.15.55:0/688286750 conn(0x7f56d4100a50 msgr2=0x7f56d4102e90 unknown :-1 s=STATE_NONE l=0).mark_down
2024-04-26T20:55:09.751 INFO:teuthology.orchestra.run.smithi055.stdout:/usr/bin/ceph: stderr
2024-04-26T20:55:08.509+0000 7f56db800700 1 -- 172.21.15.55:0/688286750 shutdown_connections
2024-04-26T20:55:09.751 INFO:teuthology.orchestra.run.smithi055.stdout:/usr/bin/ceph: stderr
2024-04-26T20:55:08.509+0000 7f56db800700 1 -- 172.21.15.55:0/688286750 wait complete.
2024-04-26T20:55:09.751 INFO:teuthology.orchestra.run.smithi055.stdout:/usr/bin/ceph: stderr
