2024-04-26T20:52:51.035 INFO:teuthology.orchestra.run.smithi043.stdout:/usr/bin/ceph: stderr
2024-04-26T20:52:50.472+0000 7f1040ff9700 1 -- 172.21.15.43:0/2634771858 --> [v2:172.21.15.43:6800/3155629105,v1:172.21.15.43:6801/3155629105] -- command(tid 0: {"prefix": "get_command_descriptions"}) -- 0x7f102c03c180 con 0x7f102c03cea0
2024-04-26T20:52:51.035 INFO:teuthology.orchestra.run.smithi043.stdout:/usr/bin/ceph: stderr
2024-04-26T20:52:50.472+0000 7f1042ffd700 1 --2- 172.21.15.43:0/2634771858 >> [v2:172.21.15.43:6800/3155629105,v1:172.21.15.43:6801/3155629105] conn(0x7f102c03cea0 0x7f102c03f290 unknown :-1 s=BANNER_CONNECTING pgs=0 cs=0 l=1 rev1=0 crypto rx=0 tx=0 comp rx=0 tx=0)._handle_peer_banner_payload supported=3 required=0
2024-04-26T20:52:51.035 INFO:teuthology.orchestra.run.smithi043.stdout:/usr/bin/ceph: stderr
2024-04-26T20:52:50.473+0000 7f1042ffd700 1 --2- 172.21.15.43:0/2634771858 >> [v2:172.21.15.43:6800/3155629105,v1:172.21.15.43:6801/3155629105] conn(0x7f102c03cea0 0x7f102c03f290 secure :-1 s=READY pgs=1 cs=0 l=1 rev1=1 crypto rx=0x7f1034003a10 tx=0x7f1034009290 comp rx=0 tx=0).ready entity=mgr.14120 client_cookie=0 server_cookie=0 in_seq=0 out_seq=0
2024-04-26T20:52:51.035 INFO:teuthology.orchestra.run.smithi043.stdout:/usr/bin/ceph: stderr
2024-04-26T20:52:50.474+0000 7f1040ff9700 1 -- 172.21.15.43:0/2634771858 <== mgr.14120 v2:172.21.15.43:6800/3155629105 1 ==== command_reply(tid 0: 0 ) ==== 8+0+9564 (secure 0 0 0) 0x7f102c03c180 con 0x7f102c03cea0
2024-04-26T20:52:51.035 INFO:teuthology.orchestra.run.smithi043.stdout:/usr/bin/ceph: stderr
2024-04-26T20:52:50.482+0000 7f1049ec1700 1 -- 172.21.15.43:0/2634771858 --> [v2:172.21.15.43:6800/3155629105,v1:172.21.15.43:6801/3155629105] -- command(tid 1: {"prefix": "mgr_status"}) -- 0x7f104410c360 con 0x7f102c03cea0
2024-04-26T20:52:51.035 INFO:teuthology.orchestra.run.smithi043.stdout:/usr/bin/ceph: stderr
2024-04-26T20:52:50.482+0000 7f1040ff9700 1 -- 172.21.15.43:0/2634771858 <== mgr.14120 v2:172.21.15.43:6800/3155629105 2 ==== command_reply(tid 1: 0 ) ==== 8+0+51 (secure 0 0 0) 0x7f104410c360 con 0x7f102c03cea0
2024-04-26T20:52:51.035 INFO:teuthology.orchestra.run.smithi043.stdout:/usr/bin/ceph: stderr
2024-04-26T20:52:50.482+0000 7f1049ec1700 1 -- 172.21.15.43:0/2634771858 >> [v2:172.21.15.43:6800/3155629105,v1:172.21.15.43:6801/3155629105] conn(0x7f102c03cea0 msgr2=0x7f102c03f290 secure :-1 s=STATE_CONNECTION_ESTABLISHED l=1).mark_down
2024-04-26T20:52:51.035 INFO:teuthology.orchestra.run.smithi043.stdout:/usr/bin/ceph: stderr
2024-04-26T20:52:50.482+0000 7f1049ec1700 1 --2- 172.21.15.43:0/2634771858 >> [v2:172.21.15.43:6800/3155629105,v1:172.21.15.43:6801/3155629105] conn(0x7f102c03cea0 0x7f102c03f290 secure :-1 s=READY pgs=1 cs=0 l=1 rev1=1 crypto rx=0x7f1034003a10 tx=0x7f1034009290 comp rx=0 tx=0).stop
2024-04-26T20:52:51.036 INFO:teuthology.orchestra.run.smithi043.stdout:/usr/bin/ceph: stderr
2024-04-26T20:52:50.483+0000 7f1049ec1700 1 -- 172.21.15.43:0/2634771858 >> [v2:172.21.15.43:3300/0,v1:172.21.15.43:6789/0] conn(0x7f1044107db0 msgr2=0x7f1044192ea0 secure :-1 s=STATE_CONNECTION_ESTABLISHED l=1).mark_down
2024-04-26T20:52:51.036 INFO:teuthology.orchestra.run.smithi043.stdout:/usr/bin/ceph: stderr
2024-04-26T20:52:50.483+0000 7f1049ec1700 1 --2- 172.21.15.43:0/2634771858 >> [v2:172.21.15.43:3300/0,v1:172.21.15.43:6789/0] conn(0x7f1044107db0 0x7f1044192ea0 secure :-1 s=READY pgs=29 cs=0 l=1 rev1=1 crypto rx=0x7f10380117b0 tx=0x7f1038011b70 comp rx=0 tx=0).stop
2024-04-26T20:52:51.036 INFO:teuthology.orchestra.run.smithi043.stdout:/usr/bin/ceph: stderr
2024-04-26T20:52:50.483+0000 7f1049ec1700 1 -- 172.21.15.43:0/2634771858 shutdown_connections
2024-04-26T20:52:51.036 INFO:teuthology.orchestra.run.smithi043.stdout:/usr/bin/ceph: stderr
2024-04-26T20:52:50.483+0000 7f1049ec1700 1 --2- 172.21.15.43:0/2634771858 >> [v2:172.21.15.43:6800/3155629105,v1:172.21.15.43:6801/3155629105] conn(0x7f102c03cea0 0x7f102c03f290 unknown :-1 s=CLOSED pgs=1 cs=0 l=1 rev1=1 crypto rx=0 tx=0 comp rx=0 tx=0).stop
2024-04-26T20:52:51.036 INFO:teuthology.orchestra.run.smithi043.stdout:/usr/bin/ceph: stderr
2024-04-26T20:52:50.483+0000 7f1049ec1700 1 --2- 172.21.15.43:0/2634771858 >> [v2:172.21.15.43:3300/0,v1:172.21.15.43:6789/0] conn(0x7f1044107db0 0x7f1044192ea0 unknown :-1 s=CLOSED pgs=29 cs=0 l=1 rev1=1 crypto rx=0 tx=0 comp rx=0 tx=0).stop
2024-04-26T20:52:51.036 INFO:teuthology.orchestra.run.smithi043.stdout:/usr/bin/ceph: stderr
2024-04-26T20:52:50.483+0000 7f1049ec1700 1 --2- 172.21.15.43:0/2634771858 >> [v2:172.21.15.43:6800/3786272856,v1:172.21.15.43:6801/3786272856] conn(0x7f102c0395b0 0x7f102c03ba70 unknown :-1 s=CLOSED pgs=0 cs=0 l=1 rev1=0 crypto rx=0 tx=0 comp rx=0 tx=0).stop
2024-04-26T20:52:51.036 INFO:teuthology.orchestra.run.smithi043.stdout:/usr/bin/ceph: stderr
2024-04-26T20:52:50.483+0000 7f1049ec1700 1 -- 172.21.15.43:0/2634771858 >> 172.21.15.43:0/2634771858 conn(0x7f1044103370 msgr2=0x7f1044104230 unknown :-1 s=STATE_NONE l=0).mark_down
2024-04-26T20:52:51.036 INFO:teuthology.orchestra.run.smithi043.stdout:/usr/bin/ceph: stderr
2024-04-26T20:52:50.483+0000 7f1049ec1700 1 -- 172.21.15.43:0/2634771858 shutdown_connections
2024-04-26T20:52:51.036 INFO:teuthology.orchestra.run.smithi043.stdout:/usr/bin/ceph: stderr
2024-04-26T20:52:50.483+0000 7f1049ec1700 1 -- 172.21.15.43:0/2634771858 wait complete.
2024-04-26T20:52:51.036 INFO:teuthology.orchestra.run.smithi043.stdout:mgr epoch 5 is available
2024-04-26T20:52:51.036 INFO:teuthology.orchestra.run.smithi043.stdout:Setting orchestrator backend to cephadm...
2024-04-26T20:52:52.246 INFO:teuthology.orchestra.run.smithi043.stdout:/usr/bin/ceph: stderr
2024-04-26T20:52:51.468+0000 7f86e0cf8700 1 Processor -- start
2024-04-26T20:52:52.246 INFO:teuthology.orchestra.run.smithi043.stdout:/usr/bin/ceph: stderr
2024-04-26T20:52:51.468+0000 7f86e0cf8700 1 -- start start
2024-04-26T20:52:52.246 INFO:teuthology.orchestra.run.smithi043.stdout:/usr/bin/ceph: stderr
2024-04-26T20:52:51.468+0000 7f86e0cf8700 1 --2- >> [v2:172.21.15.43:3300/0,v1:172.21.15.43:6789/0] conn(0x7f86dc109390 0x7f86dc1097b0 unknown :-1 s=NONE pgs=0 cs=0 l=0 rev1=0 crypto rx=0 tx=0 comp rx=0 tx=0).connect
2024-04-26T20:52:52.246 INFO:teuthology.orchestra.run.smithi043.stdout:/usr/bin/ceph: stderr
2024-04-26T20:52:51.468+0000 7f86e0cf8700 1 -- --> [v2:172.21.15.43:3300/0,v1:172.21.15.43:6789/0] -- mon_getmap magic: 0 -- 0x7f86dc109d80 con 0x7f86dc109390
2024-04-26T20:52:52.246 INFO:teuthology.orchestra.run.smithi043.stdout:/usr/bin/ceph: stderr
2024-04-26T20:52:51.469+0000 7f86da59c700 1 --2- >> [v2:172.21.15.43:3300/0,v1:172.21.15.43:6789/0] conn(0x7f86dc109390 0x7f86dc1097b0 unknown :-1 s=BANNER_CONNECTING pgs=0 cs=0 l=0 rev1=0 crypto rx=0 tx=0 comp rx=0 tx=0)._handle_peer_banner_payload supported=3 required=0
2024-04-26T20:52:52.246 INFO:teuthology.orchestra.run.smithi043.stdout:/usr/bin/ceph: stderr
2024-04-26T20:52:51.469+0000 7f86da59c700 1 --2- >> [v2:172.21.15.43:3300/0,v1:172.21.15.43:6789/0] conn(0x7f86dc109390 0x7f86dc1097b0 unknown :-1 s=HELLO_CONNECTING pgs=0 cs=0 l=0 rev1=1 crypto rx=0 tx=0 comp rx=0 tx=0).handle_hello peer v2:172.21.15.43:3300/0 says I am v2:172.21.15.43:34772/0 (socket says 172.21.15.43:34772)
2024-04-26T20:52:52.246 INFO:teuthology.orchestra.run.smithi043.stdout:/usr/bin/ceph: stderr
2024-04-26T20:52:51.469+0000 7f86da59c700 1 -- 172.21.15.43:0/2883377926 learned_addr learned my addr 172.21.15.43:0/2883377926 (peer_addr_for_me v2:172.21.15.43:0/0)
2024-04-26T20:52:52.246 INFO:teuthology.orchestra.run.smithi043.stdout:/usr/bin/ceph: stderr
2024-04-26T20:52:51.469+0000 7f86da59c700 1 -- 172.21.15.43:0/2883377926 --> [v2:172.21.15.43:3300/0,v1:172.21.15.43:6789/0] -- mon_subscribe({config=0+,monmap=0+}) -- 0x7f86dc108040 con 0x7f86dc109390
2024-04-26T20:52:52.247 INFO:teuthology.orchestra.run.smithi043.stdout:/usr/bin/ceph: stderr
2024-04-26T20:52:51.469+0000 7f86da59c700 1 --2- 172.21.15.43:0/2883377926 >> [v2:172.21.15.43:3300/0,v1:172.21.15.43:6789/0] conn(0x7f86dc109390 0x7f86dc1097b0 secure :-1 s=READY pgs=37 cs=0 l=1 rev1=1 crypto rx=0x7f86cc0098a0 tx=0x7f86cc009bb0 comp rx=0 tx=0).ready entity=mon.0 client_cookie=d3cdcfff8af1481a server_cookie=0 in_seq=0 out_seq=0
2024-04-26T20:52:52.247 INFO:teuthology.orchestra.run.smithi043.stdout:/usr/bin/ceph: stderr
2024-04-26T20:52:51.469+0000 7f86d959a700 1 -- 172.21.15.43:0/2883377926 <== mon.0 v2:172.21.15.43:3300/0 1 ==== mon_map magic: 0 ==== 205+0+0 (secure 0 0 0) 0x7f86cc004160 con 0x7f86dc109390
2024-04-26T20:52:52.247 INFO:teuthology.orchestra.run.smithi043.stdout:/usr/bin/ceph: stderr
2024-04-26T20:52:51.469+0000 7f86d959a700 1 -- 172.21.15.43:0/2883377926 <== mon.0 v2:172.21.15.43:3300/0 2 ==== config(26 keys) ==== 1070+0+0 (secure 0 0 0) 0x7f86cc004300 con 0x7f86dc109390
2024-04-26T20:52:52.247 INFO:teuthology.orchestra.run.smithi043.stdout:/usr/bin/ceph: stderr
2024-04-26T20:52:51.469+0000 7f86d959a700 1 -- 172.21.15.43:0/2883377926 <== mon.0 v2:172.21.15.43:3300/0 3 ==== mon_map magic: 0 ==== 205+0+0 (secure 0 0 0) 0x7f86cc011af0 con 0x7f86dc109390
2024-04-26T20:52:52.247 INFO:teuthology.orchestra.run.smithi043.stdout:/usr/bin/ceph: stderr
2024-04-26T20:52:51.470+0000 7f86e0cf8700 1 -- 172.21.15.43:0/2883377926 >> [v2:172.21.15.43:3300/0,v1:172.21.15.43:6789/0] conn(0x7f86dc109390 msgr2=0x7f86dc1097b0 secure :-1 s=STATE_CONNECTION_ESTABLISHED l=1).mark_down
2024-04-26T20:52:52.247 INFO:teuthology.orchestra.run.smithi043.stdout:/usr/bin/ceph: stderr
2024-04-26T20:52:51.470+0000 7f86e0cf8700 1 --2- 172.21.15.43:0/2883377926 >> [v2:172.21.15.43:3300/0,v1:172.21.15.43:6789/0] conn(0x7f86dc109390 0x7f86dc1097b0 secure :-1 s=READY pgs=37 cs=0 l=1 rev1=1 crypto rx=0x7f86cc0098a0 tx=0x7f86cc009bb0 comp rx=0 tx=0).stop
2024-04-26T20:52:52.247 INFO:teuthology.orchestra.run.smithi043.stdout:/usr/bin/ceph: stderr
2024-04-26T20:52:51.470+0000 7f86e0cf8700 1 -- 172.21.15.43:0/2883377926 shutdown_connections
2024-04-26T20:52:52.247 INFO:teuthology.orchestra.run.smithi043.stdout:/usr/bin/ceph: stderr
2024-04-26T20:52:51.470+0000 7f86e0cf8700 1 --2- 172.21.15.43:0/2883377926 >> [v2:172.21.15.43:3300/0,v1:172.21.15.43:6789/0] conn(0x7f86dc109390 0x7f86dc1097b0 unknown :-1 s=CLOSED pgs=37 cs=0 l=1 rev1=1 crypto rx=0 tx=0 comp rx=0 tx=0).stop
2024-04-26T20:52:52.247 INFO:teuthology.orchestra.run.smithi043.stdout:/usr/bin/ceph: stderr
2024-04-26T20:52:51.470+0000 7f86e0cf8700 1 -- 172.21.15.43:0/2883377926 >> 172.21.15.43:0/2883377926 conn(0x7f86dc102af0 msgr2=0x7f86dc104f10 unknown :-1 s=STATE_NONE l=0).mark_down
2024-04-26T20:52:52.247 INFO:teuthology.orchestra.run.smithi043.stdout:/usr/bin/ceph: stderr
2024-04-26T20:52:51.470+0000 7f86e0cf8700 1 -- 172.21.15.43:0/2883377926 shutdown_connections
2024-04-26T20:52:52.248 INFO:teuthology.orchestra.run.smithi043.stdout:/usr/bin/ceph: stderr
2024-04-26T20:52:51.470+0000 7f86e0cf8700 1 -- 172.21.15.43:0/2883377926 wait complete.
2024-04-26T20:52:52.248 INFO:teuthology.orchestra.run.smithi043.stdout:/usr/bin/ceph: stderr
2024-04-26T20:52:51.471+0000 7f86e0cf8700 1 Processor -- start
2024-04-26T20:52:52.248 INFO:teuthology.orchestra.run.smithi043.stdout:/usr/bin/ceph: stderr
2024-04-26T20:52:51.471+0000 7f86e0cf8700 1 -- start start
2024-04-26T20:52:52.248 INFO:teuthology.orchestra.run.smithi043.stdout:/usr/bin/ceph: stderr
2024-04-26T20:52:51.471+0000 7f86e0cf8700 1 --2- >> [v2:172.21.15.43:3300/0,v1:172.21.15.43:6789/0] conn(0x7f86dc109390 0x7f86dc19cdb0 unknown :-1 s=NONE pgs=0 cs=0 l=1 rev1=0 crypto rx=0 tx=0 comp rx=0 tx=0).connect
2024-04-26T20:52:52.248 INFO:teuthology.orchestra.run.smithi043.stdout:/usr/bin/ceph: stderr
2024-04-26T20:52:51.471+0000 7f86e0cf8700 1 -- --> [v2:172.21.15.43:3300/0,v1:172.21.15.43:6789/0] -- mon_getmap magic: 0 -- 0x7f86dc10c280 con 0x7f86dc109390
2024-04-26T20:52:52.248 INFO:teuthology.orchestra.run.smithi043.stdout:/usr/bin/ceph: stderr
2024-04-26T20:52:51.471+0000 7f86da59c700 1 --2- >> [v2:172.21.15.43:3300/0,v1:172.21.15.43:6789/0] conn(0x7f86dc109390 0x7f86dc19cdb0 unknown :-1 s=BANNER_CONNECTING pgs=0 cs=0 l=1 rev1=0 crypto rx=0 tx=0 comp rx=0 tx=0)._handle_peer_banner_payload supported=3 required=0
2024-04-26T20:52:52.248 INFO:teuthology.orchestra.run.smithi043.stdout:/usr/bin/ceph: stderr
2024-04-26T20:52:51.471+0000 7f86da59c700 1 --2- >> [v2:172.21.15.43:3300/0,v1:172.21.15.43:6789/0] conn(0x7f86dc109390 0x7f86dc19cdb0 unknown :-1 s=HELLO_CONNECTING pgs=0 cs=0 l=1 rev1=1 crypto rx=0 tx=0 comp rx=0 tx=0).handle_hello peer v2:172.21.15.43:3300/0 says I am v2:172.21.15.43:34780/0 (socket says 172.21.15.43:34780)
2024-04-26T20:52:52.248 INFO:teuthology.orchestra.run.smithi043.stdout:/usr/bin/ceph: stderr
2024-04-26T20:52:51.471+0000 7f86da59c700 1 -- 172.21.15.43:0/540402972 learned_addr learned my addr 172.21.15.43:0/540402972 (peer_addr_for_me v2:172.21.15.43:0/0)
2024-04-26T20:52:52.249 INFO:teuthology.orchestra.run.smithi043.stdout:/usr/bin/ceph: stderr
2024-04-26T20:52:51.472+0000 7f86da59c700 1 -- 172.21.15.43:0/540402972 --> [v2:172.21.15.43:3300/0,v1:172.21.15.43:6789/0] -- mon_subscribe({config=0+,monmap=0+}) -- 0x7f86dc19d2f0 con 0x7f86dc109390
2024-04-26T20:52:52.249 INFO:teuthology.orchestra.run.smithi043.stdout:/usr/bin/ceph: stderr
2024-04-26T20:52:51.472+0000 7f86da59c700 1 --2- 172.21.15.43:0/540402972 >> [v2:172.21.15.43:3300/0,v1:172.21.15.43:6789/0] conn(0x7f86dc109390 0x7f86dc19cdb0 secure :-1 s=READY pgs=38 cs=0 l=1 rev1=1 crypto rx=0x7f86cc0117b0 tx=0x7f86cc011b70 comp rx=0 tx=0).ready entity=mon.0 client_cookie=0 server_cookie=0 in_seq=0 out_seq=0
2024-04-26T20:52:52.249 INFO:teuthology.orchestra.run.smithi043.stdout:/usr/bin/ceph: stderr
2024-04-26T20:52:51.472+0000 7f86cb7fe700 1 -- 172.21.15.43:0/540402972 <== mon.0 v2:172.21.15.43:3300/0 1 ==== mon_map magic: 0 ==== 205+0+0 (secure 0 0 0) 0x7f86cc003af0 con 0x7f86dc109390
2024-04-26T20:52:52.249 INFO:teuthology.orchestra.run.smithi043.stdout:/usr/bin/ceph: stderr
2024-04-26T20:52:51.472+0000 7f86cb7fe700 1 -- 172.21.15.43:0/540402972 <== mon.0 v2:172.21.15.43:3300/0 2 ==== config(26 keys) ==== 1070+0+0 (secure 0 0 0) 0x7f86cc020070 con 0x7f86dc109390
2024-04-26T20:52:52.249 INFO:teuthology.orchestra.run.smithi043.stdout:/usr/bin/ceph: stderr
2024-04-26T20:52:51.472+0000 7f86e0cf8700 1 -- 172.21.15.43:0/540402972 --> [v2:172.21.15.43:3300/0,v1:172.21.15.43:6789/0] -- mon_subscribe({mgrmap=0+}) -- 0x7f86dc19d580 con 0x7f86dc109390
2024-04-26T20:52:52.249 INFO:teuthology.orchestra.run.smithi043.stdout:/usr/bin/ceph: stderr
2024-04-26T20:52:51.472+0000 7f86cb7fe700 1 -- 172.21.15.43:0/540402972 <== mon.0 v2:172.21.15.43:3300/0 3 ==== mon_map magic: 0 ==== 205+0+0 (secure 0 0 0) 0x7f86cc019630 con 0x7f86dc109390
2024-04-26T20:52:52.249 INFO:teuthology.orchestra.run.smithi043.stdout:/usr/bin/ceph: stderr
2024-04-26T20:52:51.472+0000 7f86e0cf8700 1 -- 172.21.15.43:0/540402972 --> [v2:172.21.15.43:3300/0,v1:172.21.15.43:6789/0] -- mon_subscribe({osdmap=0}) -- 0x7f86dc1a0270 con 0x7f86dc109390
2024-04-26T20:52:52.249 INFO:teuthology.orchestra.run.smithi043.stdout:/usr/bin/ceph: stderr
2024-04-26T20:52:51.473+0000 7f86cb7fe700 1 -- 172.21.15.43:0/540402972 <== mon.0 v2:172.21.15.43:3300/0 4 ==== mgrmap(e 7) ==== 46452+0+0 (secure 0 0 0) 0x7f86cc0198f0 con 0x7f86dc109390
2024-04-26T20:52:52.249 INFO:teuthology.orchestra.run.smithi043.stdout:/usr/bin/ceph: stderr
2024-04-26T20:52:51.473+0000 7f86e0cf8700 1 -- 172.21.15.43:0/540402972 --> [v2:172.21.15.43:3300/0,v1:172.21.15.43:6789/0] -- mon_command({"prefix": "get_command_descriptions"} v 0) -- 0x7f86dc064a80 con 0x7f86dc109390
2024-04-26T20:52:52.249 INFO:teuthology.orchestra.run.smithi043.stdout:/usr/bin/ceph: stderr
2024-04-26T20:52:51.473+0000 7f86cb7fe700 1 --2- 172.21.15.43:0/540402972 >> [v2:172.21.15.43:6800/3155629105,v1:172.21.15.43:6801/3155629105] conn(0x7f86c4039490 0x7f86c403b950 unknown :-1 s=NONE pgs=0 cs=0 l=1 rev1=0 crypto rx=0 tx=0 comp rx=0 tx=0).connect
2024-04-26T20:52:52.249 INFO:teuthology.orchestra.run.smithi043.stdout:/usr/bin/ceph: stderr
2024-04-26T20:52:51.473+0000 7f86cb7fe700 1 -- 172.21.15.43:0/540402972 <== mon.0 v2:172.21.15.43:3300/0 5 ==== osd_map(2..2 src has 1..2) ==== 940+0+0 (secure 0 0 0) 0x7f86cc04d9d0 con 0x7f86dc109390
2024-04-26T20:52:52.249 INFO:teuthology.orchestra.run.smithi043.stdout:/usr/bin/ceph: stderr
2024-04-26T20:52:51.473+0000 7f86d9d9b700 1 --2- 172.21.15.43:0/540402972 >> [v2:172.21.15.43:6800/3155629105,v1:172.21.15.43:6801/3155629105] conn(0x7f86c4039490 0x7f86c403b950 unknown :-1 s=BANNER_CONNECTING pgs=0 cs=0 l=1 rev1=0 crypto rx=0 tx=0 comp rx=0 tx=0)._handle_peer_banner_payload supported=3 required=0
2024-04-26T20:52:52.249 INFO:teuthology.orchestra.run.smithi043.stdout:/usr/bin/ceph: stderr
2024-04-26T20:52:51.474+0000 7f86d9d9b700 1 --2- 172.21.15.43:0/540402972 >> [v2:172.21.15.43:6800/3155629105,v1:172.21.15.43:6801/3155629105] conn(0x7f86c4039490 0x7f86c403b950 secure :-1 s=READY pgs=7 cs=0 l=1 rev1=1 crypto rx=0x7f86d0006fd0 tx=0x7f86d0006e40 comp rx=0 tx=0).ready entity=mgr.14120 client_cookie=0 server_cookie=0 in_seq=0 out_seq=0
2024-04-26T20:52:52.250 INFO:teuthology.orchestra.run.smithi043.stdout:/usr/bin/ceph: stderr
2024-04-26T20:52:51.479+0000 7f86cb7fe700 1 -- 172.21.15.43:0/540402972 <== mon.0 v2:172.21.15.43:3300/0 6 ==== mon_command_ack([{"prefix": "get_command_descriptions"}]=0 v0) ==== 72+0+188494 (secure 0 0 0) 0x7f86cc0042a0 con 0x7f86dc109390
2024-04-26T20:52:52.250 INFO:teuthology.orchestra.run.smithi043.stdout:/usr/bin/ceph: stderr
2024-04-26T20:52:51.704+0000 7f86e0cf8700 1 -- 172.21.15.43:0/540402972 --> [v2:172.21.15.43:6800/3155629105,v1:172.21.15.43:6801/3155629105] -- mgr_command(tid 0: {"prefix": "orch set backend", "module_name": "cephadm", "target": ["mon-mgr", ""]}) -- 0x7f86dc0008d0 con 0x7f86c4039490
2024-04-26T20:52:52.250 INFO:teuthology.orchestra.run.smithi043.stdout:/usr/bin/ceph: stderr
2024-04-26T20:52:51.709+0000 7f86cb7fe700 1 -- 172.21.15.43:0/540402972 <== mgr.14120 v2:172.21.15.43:6800/3155629105 1 ==== mgr_command_reply(tid 0: 0 ) ==== 8+0+0 (secure 0 0 0) 0x7f86dc0008d0 con 0x7f86c4039490
2024-04-26T20:52:52.250 INFO:teuthology.orchestra.run.smithi043.stdout:/usr/bin/ceph: stderr
2024-04-26T20:52:51.711+0000 7f86e0cf8700 1 -- 172.21.15.43:0/540402972 >> [v2:172.21.15.43:6800/3155629105,v1:172.21.15.43:6801/3155629105] conn(0x7f86c4039490 msgr2=0x7f86c403b950 secure :-1 s=STATE_CONNECTION_ESTABLISHED l=1).mark_down
2024-04-26T20:52:52.250 INFO:teuthology.orchestra.run.smithi043.stdout:/usr/bin/ceph: stderr
2024-04-26T20:52:51.711+0000 7f86e0cf8700 1 --2- 172.21.15.43:0/540402972 >> [v2:172.21.15.43:6800/3155629105,v1:172.21.15.43:6801/3155629105] conn(0x7f86c4039490 0x7f86c403b950 secure :-1 s=READY pgs=7 cs=0 l=1 rev1=1 crypto rx=0x7f86d0006fd0 tx=0x7f86d0006e40 comp rx=0 tx=0).stop
2024-04-26T20:52:52.250 INFO:teuthology.orchestra.run.smithi043.stdout:/usr/bin/ceph: stderr
2024-04-26T20:52:51.711+0000 7f86e0cf8700 1 -- 172.21.15.43:0/540402972 >> [v2:172.21.15.43:3300/0,v1:172.21.15.43:6789/0] conn(0x7f86dc109390 msgr2=0x7f86dc19cdb0 secure :-1 s=STATE_CONNECTION_ESTABLISHED l=1).mark_down
2024-04-26T20:52:52.250 INFO:teuthology.orchestra.run.smithi043.stdout:/usr/bin/ceph: stderr
2024-04-26T20:52:51.711+0000 7f86e0cf8700 1 --2- 172.21.15.43:0/540402972 >> [v2:172.21.15.43:3300/0,v1:172.21.15.43:6789/0] conn(0x7f86dc109390 0x7f86dc19cdb0 secure :-1 s=READY pgs=38 cs=0 l=1 rev1=1 crypto rx=0x7f86cc0117b0 tx=0x7f86cc011b70 comp rx=0 tx=0).stop
2024-04-26T20:52:52.250 INFO:teuthology.orchestra.run.smithi043.stdout:/usr/bin/ceph: stderr
2024-04-26T20:52:51.711+0000 7f86e0cf8700 1 -- 172.21.15.43:0/540402972 shutdown_connections
2024-04-26T20:52:52.250 INFO:teuthology.orchestra.run.smithi043.stdout:/usr/bin/ceph: stderr
2024-04-26T20:52:51.712+0000 7f86e0cf8700 1 --2- 172.21.15.43:0/540402972 >> [v2:172.21.15.43:6800/3155629105,v1:172.21.15.43:6801/3155629105] conn(0x7f86c4039490 0x7f86c403b950 unknown :-1 s=CLOSED pgs=7 cs=0 l=1 rev1=1 crypto rx=0 tx=0 comp rx=0 tx=0).stop
2024-04-26T20:52:52.250 INFO:teuthology.orchestra.run.smithi043.stdout:/usr/bin/ceph: stderr
2024-04-26T20:52:51.712+0000 7f86e0cf8700 1 --2- 172.21.15.43:0/540402972 >> [v2:172.21.15.43:3300/0,v1:172.21.15.43:6789/0] conn(0x7f86dc109390 0x7f86dc19cdb0 unknown :-1 s=CLOSED pgs=38 cs=0 l=1 rev1=1 crypto rx=0 tx=0 comp rx=0 tx=0).stop
2024-04-26T20:52:52.250 INFO:teuthology.orchestra.run.smithi043.stdout:/usr/bin/ceph: stderr
2024-04-26T20:52:51.712+0000 7f86e0cf8700 1 -- 172.21.15.43:0/540402972 >> 172.21.15.43:0/540402972 conn(0x7f86dc102af0 msgr2=0x7f86dc103920 unknown :-1 s=STATE_NONE l=0).mark_down
2024-04-26T20:52:52.250 INFO:teuthology.orchestra.run.smithi043.stdout:/usr/bin/ceph: stderr
2024-04-26T20:52:51.712+0000 7f86e0cf8700 1 -- 172.21.15.43:0/540402972 shutdown_connections
2024-04-26T20:52:52.250 INFO:teuthology.orchestra.run.smithi043.stdout:/usr/bin/ceph: stderr
2024-04-26T20:52:51.712+0000 7f86e0cf8700 1 -- 172.21.15.43:0/540402972 wait complete.
2024-04-26T20:52:52.549 INFO:journalctl@ceph.mon.a.smithi043.stdout:Apr 26 20:52:52 smithi043 ceph-mon[29239]: from='client.14124 -' entity='client.admin' cmd=[{"prefix": "get_command_descriptions"}]: dispatch
2024-04-26T20:52:52.549 INFO:journalctl@ceph.mon.a.smithi043.stdout:Apr 26 20:52:52 smithi043 ceph-mon[29239]: from='client.14124 -' entity='client.admin' cmd=[{"prefix": "mgr_status"}]: dispatch
2024-04-26T20:52:52.549 INFO:journalctl@ceph.mon.a.smithi043.stdout:Apr 26 20:52:52 smithi043 ceph-mon[29239]: from='mgr.14120 172.21.15.43:0/2366979792' entity='mgr.x'
2024-04-26T20:52:52.549 INFO:journalctl@ceph.mon.a.smithi043.stdout:Apr 26 20:52:52 smithi043 ceph-mon[29239]: from='mgr.14120 172.21.15.43:0/2366979792' entity='mgr.x'
2024-04-26T20:52:52.550 INFO:journalctl@ceph.mon.a.smithi043.stdout:Apr 26 20:52:52 smithi043 ceph-mon[29239]: from='mgr.14120 172.21.15.43:0/2366979792' entity='mgr.x'
2024-04-26T20:52:52.550 INFO:journalctl@ceph.mon.a.smithi043.stdout:Apr 26 20:52:52 smithi043 ceph-mon[29239]: from='mgr.14120 172.21.15.43:0/2366979792' entity='mgr.x' cmd=[{"prefix": "config dump", "format": "json"}]: dispatch
2024-04-26T20:52:52.550 INFO:journalctl@ceph.mon.a.smithi043.stdout:Apr 26 20:52:52 smithi043 ceph-mon[29239]: from='mgr.14120 172.21.15.43:0/2366979792' entity='mgr.x' cmd=[{"prefix": "config dump", "format": "json"}]: dispatch
2024-04-26T20:52:53.491 INFO:journalctl@ceph.mon.a.smithi043.stdout:Apr 26 20:52:53 smithi043 ceph-mon[29239]: [26/Apr/2024:20:52:51] ENGINE Bus STARTING
2024-04-26T20:52:53.491 INFO:journalctl@ceph.mon.a.smithi043.stdout:Apr 26 20:52:53 smithi043 ceph-mon[29239]: [26/Apr/2024:20:52:51] ENGINE Serving on https://172.21.15.43:7150
2024-04-26T20:52:53.492 INFO:journalctl@ceph.mon.a.smithi043.stdout:Apr 26 20:52:53 smithi043 ceph-mon[29239]: from='client.14132 -' entity='client.admin' cmd=[{"prefix": "orch set backend", "module_name": "cephadm", "target": ["mon-mgr", ""]}]: dispatch
2024-04-26T20:52:53.492 INFO:journalctl@ceph.mon.a.smithi043.stdout:Apr 26 20:52:53 smithi043 ceph-mon[29239]: [26/Apr/2024:20:52:51] ENGINE Serving on http://172.21.15.43:8765
2024-04-26T20:52:53.492 INFO:journalctl@ceph.mon.a.smithi043.stdout:Apr 26 20:52:53 smithi043 ceph-mon[29239]: [26/Apr/2024:20:52:51] ENGINE Bus STARTED
2024-04-26T20:52:53.492 INFO:journalctl@ceph.mon.a.smithi043.stdout:Apr 26 20:52:53 smithi043 ceph-mon[29239]: mgrmap e8: x(active, since 2s)
2024-04-26T20:52:53.500 INFO:teuthology.orchestra.run.smithi043.stdout:/usr/bin/ceph: stdout value unchanged
2024-04-26T20:52:53.500 INFO:teuthology.orchestra.run.smithi043.stdout:/usr/bin/ceph: stderr
2024-04-26T20:52:52.661+0000 7f741d8bb700 1 Processor -- start
2024-04-26T20:52:53.500 INFO:teuthology.orchestra.run.smithi043.stdout:/usr/bin/ceph: stderr
2024-04-26T20:52:52.661+0000 7f741d8bb700 1 -- start start
2024-04-26T20:52:53.500 INFO:teuthology.orchestra.run.smithi043.stdout:/usr/bin/ceph: stderr
2024-04-26T20:52:52.661+0000 7f741d8bb700 1 --2- >> [v2:172.21.15.43:3300/0,v1:172.21.15.43:6789/0] conn(0x7f74181093b0 0x7f74181097d0 unknown :-1 s=NONE pgs=0 cs=0 l=0 rev1=0 crypto rx=0 tx=0 comp rx=0 tx=0).connect
2024-04-26T20:52:53.500 INFO:teuthology.orchestra.run.smithi043.stdout:/usr/bin/ceph: stderr
2024-04-26T20:52:52.661+0000 7f741d8bb700 1 -- --> [v2:172.21.15.43:3300/0,v1:172.21.15.43:6789/0] -- mon_getmap magic: 0 -- 0x7f7418109da0 con 0x7f74181093b0
2024-04-26T20:52:53.500 INFO:teuthology.orchestra.run.smithi043.stdout:/usr/bin/ceph: stderr
2024-04-26T20:52:52.661+0000 7f7416ffd700 1 --2- >> [v2:172.21.15.43:3300/0,v1:172.21.15.43:6789/0] conn(0x7f74181093b0 0x7f74181097d0 unknown :-1 s=BANNER_CONNECTING pgs=0 cs=0 l=0 rev1=0 crypto rx=0 tx=0 comp rx=0 tx=0)._handle_peer_banner_payload supported=3 required=0
2024-04-26T20:52:53.500 INFO:teuthology.orchestra.run.smithi043.stdout:/usr/bin/ceph: stderr
2024-04-26T20:52:52.661+0000 7f7416ffd700 1 --2- >> [v2:172.21.15.43:3300/0,v1:172.21.15.43:6789/0] conn(0x7f74181093b0 0x7f74181097d0 unknown :-1 s=HELLO_CONNECTING pgs=0 cs=0 l=0 rev1=1 crypto rx=0 tx=0 comp rx=0 tx=0).handle_hello peer v2:172.21.15.43:3300/0 says I am v2:172.21.15.43:34796/0 (socket says 172.21.15.43:34796)
2024-04-26T20:52:53.500 INFO:teuthology.orchestra.run.smithi043.stdout:/usr/bin/ceph: stderr
2024-04-26T20:52:52.661+0000 7f7416ffd700 1 -- 172.21.15.43:0/3910556061 learned_addr learned my addr 172.21.15.43:0/3910556061 (peer_addr_for_me v2:172.21.15.43:0/0)
2024-04-26T20:52:53.500 INFO:teuthology.orchestra.run.smithi043.stdout:/usr/bin/ceph: stderr
2024-04-26T20:52:52.662+0000 7f7416ffd700 1 -- 172.21.15.43:0/3910556061 --> [v2:172.21.15.43:3300/0,v1:172.21.15.43:6789/0] -- mon_subscribe({config=0+,monmap=0+}) -- 0x7f7418108060 con 0x7f74181093b0
2024-04-26T20:52:53.500 INFO:teuthology.orchestra.run.smithi043.stdout:/usr/bin/ceph: stderr
2024-04-26T20:52:52.662+0000 7f7416ffd700 1 --2- 172.21.15.43:0/3910556061 >> [v2:172.21.15.43:3300/0,v1:172.21.15.43:6789/0] conn(0x7f74181093b0 0x7f74181097d0 secure :-1 s=READY pgs=39 cs=0 l=1 rev1=1 crypto rx=0x7f74100098a0 tx=0x7f7410009bb0 comp rx=0 tx=0).ready entity=mon.0 client_cookie=6ca522446846acfd server_cookie=0 in_seq=0 out_seq=0
2024-04-26T20:52:53.500 INFO:teuthology.orchestra.run.smithi043.stdout:/usr/bin/ceph: stderr
2024-04-26T20:52:52.662+0000 7f7415ffb700 1 -- 172.21.15.43:0/3910556061 <== mon.0 v2:172.21.15.43:3300/0 1 ==== mon_map magic: 0 ==== 205+0+0 (secure 0 0 0) 0x7f7410004160 con 0x7f74181093b0
2024-04-26T20:52:53.500 INFO:teuthology.orchestra.run.smithi043.stdout:/usr/bin/ceph: stderr
2024-04-26T20:52:52.662+0000 7f7415ffb700 1 -- 172.21.15.43:0/3910556061 <== mon.0 v2:172.21.15.43:3300/0 2 ==== config(26 keys) ==== 1070+0+0 (secure 0 0 0) 0x7f7410004300 con 0x7f74181093b0
2024-04-26T20:52:53.501 INFO:teuthology.orchestra.run.smithi043.stdout:/usr/bin/ceph: stderr
2024-04-26T20:52:52.662+0000 7f7415ffb700 1 -- 172.21.15.43:0/3910556061 <== mon.0 v2:172.21.15.43:3300/0 3 ==== mon_map magic: 0 ==== 205+0+0 (secure 0 0 0) 0x7f7410011af0 con 0x7f74181093b0
2024-04-26T20:52:53.501 INFO:teuthology.orchestra.run.smithi043.stdout:/usr/bin/ceph: stderr
2024-04-26T20:52:52.663+0000 7f741d8bb700 1 -- 172.21.15.43:0/3910556061 >> [v2:172.21.15.43:3300/0,v1:172.21.15.43:6789/0] conn(0x7f74181093b0 msgr2=0x7f74181097d0 secure :-1 s=STATE_CONNECTION_ESTABLISHED l=1).mark_down
2024-04-26T20:52:53.501 INFO:teuthology.orchestra.run.smithi043.stdout:/usr/bin/ceph: stderr
2024-04-26T20:52:52.663+0000 7f741d8bb700 1 --2- 172.21.15.43:0/3910556061 >> [v2:172.21.15.43:3300/0,v1:172.21.15.43:6789/0] conn(0x7f74181093b0 0x7f74181097d0 secure :-1 s=READY pgs=39 cs=0 l=1 rev1=1 crypto rx=0x7f74100098a0 tx=0x7f7410009bb0 comp rx=0 tx=0).stop
2024-04-26T20:52:53.501 INFO:teuthology.orchestra.run.smithi043.stdout:/usr/bin/ceph: stderr
2024-04-26T20:52:52.663+0000 7f741d8bb700 1 -- 172.21.15.43:0/3910556061 shutdown_connections
2024-04-26T20:52:53.501 INFO:teuthology.orchestra.run.smithi043.stdout:/usr/bin/ceph: stderr
2024-04-26T20:52:52.663+0000 7f741d8bb700 1 --2- 172.21.15.43:0/3910556061 >> [v2:172.21.15.43:3300/0,v1:172.21.15.43:6789/0] conn(0x7f74181093b0 0x7f74181097d0 unknown :-1 s=CLOSED pgs=39 cs=0 l=1 rev1=1 crypto rx=0 tx=0 comp rx=0 tx=0).stop
2024-04-26T20:52:53.501 INFO:teuthology.orchestra.run.smithi043.stdout:/usr/bin/ceph: stderr
2024-04-26T20:52:52.663+0000 7f741d8bb700 1 -- 172.21.15.43:0/3910556061 >> 172.21.15.43:0/3910556061 conn(0x7f7418102af0 msgr2=0x7f7418104f10 unknown :-1 s=STATE_NONE l=0).mark_down
2024-04-26T20:52:53.501 INFO:teuthology.orchestra.run.smithi043.stdout:/usr/bin/ceph: stderr
2024-04-26T20:52:52.663+0000 7f741d8bb700 1 -- 172.21.15.43:0/3910556061 shutdown_connections
2024-04-26T20:52:53.501 INFO:teuthology.orchestra.run.smithi043.stdout:/usr/bin/ceph: stderr
2024-04-26T20:52:52.663+0000 7f741d8bb700 1 -- 172.21.15.43:0/3910556061 wait complete.
2024-04-26T20:52:53.501 INFO:teuthology.orchestra.run.smithi043.stdout:/usr/bin/ceph: stderr
2024-04-26T20:52:52.663+0000 7f741d8bb700 1 Processor -- start
2024-04-26T20:52:53.501 INFO:teuthology.orchestra.run.smithi043.stdout:/usr/bin/ceph: stderr
2024-04-26T20:52:52.664+0000 7f741d8bb700 1 -- start start
2024-04-26T20:52:53.501 INFO:teuthology.orchestra.run.smithi043.stdout:/usr/bin/ceph: stderr
2024-04-26T20:52:52.664+0000 7f741d8bb700 1 --2- >> [v2:172.21.15.43:3300/0,v1:172.21.15.43:6789/0] conn(0x7f74181093b0 0x7f74181079d0 unknown :-1 s=NONE pgs=0 cs=0 l=1 rev1=0 crypto rx=0 tx=0 comp rx=0 tx=0).connect
2024-04-26T20:52:53.501 INFO:teuthology.orchestra.run.smithi043.stdout:/usr/bin/ceph: stderr
2024-04-26T20:52:52.664+0000 7f741d8bb700 1 -- --> [v2:172.21.15.43:3300/0,v1:172.21.15.43:6789/0] -- mon_getmap magic: 0 -- 0x7f741810c2a0 con 0x7f74181093b0
2024-04-26T20:52:53.501 INFO:teuthology.orchestra.run.smithi043.stdout:/usr/bin/ceph: stderr
2024-04-26T20:52:52.664+0000 7f7416ffd700 1 --2- >> [v2:172.21.15.43:3300/0,v1:172.21.15.43:6789/0] conn(0x7f74181093b0 0x7f74181079d0 unknown :-1 s=BANNER_CONNECTING pgs=0 cs=0 l=1 rev1=0 crypto rx=0 tx=0 comp rx=0 tx=0)._handle_peer_banner_payload supported=3 required=0
2024-04-26T20:52:53.501 INFO:teuthology.orchestra.run.smithi043.stdout:/usr/bin/ceph: stderr
2024-04-26T20:52:52.664+0000 7f7416ffd700 1 --2- >> [v2:172.21.15.43:3300/0,v1:172.21.15.43:6789/0] conn(0x7f74181093b0 0x7f74181079d0 unknown :-1 s=HELLO_CONNECTING pgs=0 cs=0 l=1 rev1=1 crypto rx=0 tx=0 comp rx=0 tx=0).handle_hello peer v2:172.21.15.43:3300/0 says I am v2:172.21.15.43:34810/0 (socket says 172.21.15.43:34810)
2024-04-26T20:52:53.502 INFO:teuthology.orchestra.run.smithi043.stdout:/usr/bin/ceph: stderr
2024-04-26T20:52:52.664+0000 7f7416ffd700 1 -- 172.21.15.43:0/213814606 learned_addr learned my addr 172.21.15.43:0/213814606 (peer_addr_for_me v2:172.21.15.43:0/0)
2024-04-26T20:52:53.502 INFO:teuthology.orchestra.run.smithi043.stdout:/usr/bin/ceph: stderr
2024-04-26T20:52:52.664+0000 7f7416ffd700 1 -- 172.21.15.43:0/213814606 --> [v2:172.21.15.43:3300/0,v1:172.21.15.43:6789/0] -- mon_subscribe({config=0+,monmap=0+}) -- 0x7f741819fad0 con 0x7f74181093b0
2024-04-26T20:52:53.502 INFO:teuthology.orchestra.run.smithi043.stdout:/usr/bin/ceph: stderr
2024-04-26T20:52:52.664+0000 7f7416ffd700 1 --2- 172.21.15.43:0/213814606 >> [v2:172.21.15.43:3300/0,v1:172.21.15.43:6789/0] conn(0x7f74181093b0 0x7f74181079d0 secure :-1 s=READY pgs=40 cs=0 l=1 rev1=1 crypto rx=0x7f7410009fb0 tx=0x7f7410011940 comp rx=0 tx=0).ready entity=mon.0 client_cookie=0 server_cookie=0 in_seq=0 out_seq=0
2024-04-26T20:52:53.502 INFO:teuthology.orchestra.run.smithi043.stdout:/usr/bin/ceph: stderr
2024-04-26T20:52:52.664+0000 7f741c8b9700 1 -- 172.21.15.43:0/213814606 <== mon.0 v2:172.21.15.43:3300/0 1 ==== mon_map magic: 0 ==== 205+0+0 (secure 0 0 0) 0x7f74100036a0 con 0x7f74181093b0
2024-04-26T20:52:53.502 INFO:teuthology.orchestra.run.smithi043.stdout:/usr/bin/ceph: stderr
2024-04-26T20:52:52.664+0000 7f741c8b9700 1 -- 172.21.15.43:0/213814606 <== mon.0 v2:172.21.15.43:3300/0 2 ==== config(26 keys) ==== 1070+0+0 (secure 0 0 0) 0x7f741001a430 con 0x7f74181093b0
2024-04-26T20:52:53.502 INFO:teuthology.orchestra.run.smithi043.stdout:/usr/bin/ceph: stderr
2024-04-26T20:52:52.664+0000 7f741d8bb700 1 -- 172.21.15.43:0/213814606 --> [v2:172.21.15.43:3300/0,v1:172.21.15.43:6789/0] -- mon_subscribe({mgrmap=0+}) -- 0x7f741819fca0 con 0x7f74181093b0
2024-04-26T20:52:53.502 INFO:teuthology.orchestra.run.smithi043.stdout:/usr/bin/ceph: stderr
2024-04-26T20:52:52.665+0000 7f741c8b9700 1 -- 172.21.15.43:0/213814606 <== mon.0 v2:172.21.15.43:3300/0 3 ==== mon_map magic: 0 ==== 205+0+0 (secure 0 0 0) 0x7f7410019550 con 0x7f74181093b0
2024-04-26T20:52:53.502 INFO:teuthology.orchestra.run.smithi043.stdout:/usr/bin/ceph: stderr
2024-04-26T20:52:52.665+0000 7f741d8bb700 1 -- 172.21.15.43:0/213814606 --> [v2:172.21.15.43:3300/0,v1:172.21.15.43:6789/0] -- mon_subscribe({osdmap=0}) -- 0x7f74181a0040 con 0x7f74181093b0
2024-04-26T20:52:53.502 INFO:teuthology.orchestra.run.smithi043.stdout:/usr/bin/ceph: stderr
2024-04-26T20:52:52.666+0000 7f741c8b9700 1 -- 172.21.15.43:0/213814606 <== mon.0 v2:172.21.15.43:3300/0 4 ==== mgrmap(e 8) ==== 46558+0+0 (secure 0 0 0) 0x7f7410019800 con 0x7f74181093b0
2024-04-26T20:52:53.502 INFO:teuthology.orchestra.run.smithi043.stdout:/usr/bin/ceph: stderr
2024-04-26T20:52:52.666+0000 7f741c8b9700 1 --2- 172.21.15.43:0/213814606 >> [v2:172.21.15.43:6800/3155629105,v1:172.21.15.43:6801/3155629105] conn(0x7f74040395b0 0x7f740403ba70 unknown :-1 s=NONE pgs=0 cs=0 l=1 rev1=0 crypto rx=0 tx=0 comp rx=0 tx=0).connect
2024-04-26T20:52:53.502 INFO:teuthology.orchestra.run.smithi043.stdout:/usr/bin/ceph: stderr
2024-04-26T20:52:52.666+0000 7f741c8b9700 1 -- 172.21.15.43:0/213814606 <== mon.0 v2:172.21.15.43:3300/0 5 ==== osd_map(2..2 src has 1..2) ==== 940+0+0 (secure 0 0 0) 0x7f741004da60 con 0x7f74181093b0
2024-04-26T20:52:53.502 INFO:teuthology.orchestra.run.smithi043.stdout:/usr/bin/ceph: stderr
2024-04-26T20:52:52.666+0000 7f741d8bb700 1 -- 172.21.15.43:0/213814606 --> [v2:172.21.15.43:3300/0,v1:172.21.15.43:6789/0] -- mon_command({"prefix": "get_command_descriptions"} v 0) -- 0x7f741806a560 con 0x7f74181093b0
2024-04-26T20:52:53.502 INFO:teuthology.orchestra.run.smithi043.stdout:/usr/bin/ceph: stderr
2024-04-26T20:52:52.666+0000 7f74167fc700 1 --2- 172.21.15.43:0/213814606 >> [v2:172.21.15.43:6800/3155629105,v1:172.21.15.43:6801/3155629105] conn(0x7f74040395b0 0x7f740403ba70 unknown :-1 s=BANNER_CONNECTING pgs=0 cs=0 l=1 rev1=0 crypto rx=0 tx=0 comp rx=0 tx=0)._handle_peer_banner_payload supported=3 required=0
2024-04-26T20:52:53.503 INFO:teuthology.orchestra.run.smithi043.stdout:/usr/bin/ceph: stderr
2024-04-26T20:52:52.666+0000 7f74167fc700 1 --2- 172.21.15.43:0/213814606 >> [v2:172.21.15.43:6800/3155629105,v1:172.21.15.43:6801/3155629105] conn(0x7f74040395b0 0x7f740403ba70 secure :-1 s=READY pgs=8 cs=0 l=1 rev1=1 crypto rx=0x7f7400006fd0 tx=0x7f7400006e40 comp rx=0 tx=0).ready entity=mgr.14120 client_cookie=0 server_cookie=0 in_seq=0 out_seq=0
2024-04-26T20:52:53.503 INFO:teuthology.orchestra.run.smithi043.stdout:/usr/bin/ceph: stderr
2024-04-26T20:52:52.671+0000 7f741c8b9700 1 -- 172.21.15.43:0/213814606 <== mon.0 v2:172.21.15.43:3300/0 6 ==== mon_command_ack([{"prefix": "get_command_descriptions"}]=0 v0) ==== 72+0+188494 (secure 0 0 0) 0x7f741000fda0 con 0x7f74181093b0
2024-04-26T20:52:53.503 INFO:teuthology.orchestra.run.smithi043.stdout:/usr/bin/ceph: stderr
2024-04-26T20:52:52.885+0000 7f741d8bb700 1 -- 172.21.15.43:0/213814606 --> [v2:172.21.15.43:6800/3155629105,v1:172.21.15.43:6801/3155629105] -- mgr_command(tid 0: {"prefix": "cephadm set-user", "user": "root", "target": ["mon-mgr", ""]}) -- 0x7f74181a0380 con 0x7f74040395b0
2024-04-26T20:52:53.503 INFO:teuthology.orchestra.run.smithi043.stdout:/usr/bin/ceph: stderr
2024-04-26T20:52:52.886+0000 7f741c8b9700 1 -- 172.21.15.43:0/213814606 <== mgr.14120 v2:172.21.15.43:6800/3155629105 1 ==== mgr_command_reply(tid 0: 0 ) ==== 8+0+16 (secure 0 0 0) 0x7f74181a0380 con 0x7f74040395b0
2024-04-26T20:52:53.503 INFO:teuthology.orchestra.run.smithi043.stdout:/usr/bin/ceph: stderr
2024-04-26T20:52:52.888+0000 7f741d8bb700 1 -- 172.21.15.43:0/213814606 >> [v2:172.21.15.43:6800/3155629105,v1:172.21.15.43:6801/3155629105] conn(0x7f74040395b0 msgr2=0x7f740403ba70 secure :-1 s=STATE_CONNECTION_ESTABLISHED l=1).mark_down
2024-04-26T20:52:53.503 INFO:teuthology.orchestra.run.smithi043.stdout:/usr/bin/ceph: stderr
2024-04-26T20:52:52.888+0000 7f741d8bb700 1 --2- 172.21.15.43:0/213814606 >> [v2:172.21.15.43:6800/3155629105,v1:172.21.15.43:6801/3155629105] conn(0x7f74040395b0 0x7f740403ba70 secure :-1 s=READY pgs=8 cs=0 l=1 rev1=1 crypto rx=0x7f7400006fd0 tx=0x7f7400006e40 comp rx=0 tx=0).stop
2024-04-26T20:52:53.503 INFO:teuthology.orchestra.run.smithi043.stdout:/usr/bin/ceph: stderr
2024-04-26T20:52:52.888+0000 7f741d8bb700 1 -- 172.21.15.43:0/213814606 >> [v2:172.21.15.43:3300/0,v1:172.21.15.43:6789/0] conn(0x7f74181093b0 msgr2=0x7f74181079d0 secure :-1 s=STATE_CONNECTION_ESTABLISHED l=1).mark_down
2024-04-26T20:52:53.503 INFO:teuthology.orchestra.run.smithi043.stdout:/usr/bin/ceph: stderr
2024-04-26T20:52:52.888+0000 7f741d8bb700 1 --2- 172.21.15.43:0/213814606 >> [v2:172.21.15.43:3300/0,v1:172.21.15.43:6789/0] conn(0x7f74181093b0 0x7f74181079d0 secure :-1 s=READY pgs=40 cs=0 l=1 rev1=1 crypto rx=0x7f7410009fb0 tx=0x7f7410011940 comp rx=0 tx=0).stop
2024-04-26T20:52:53.503 INFO:teuthology.orchestra.run.smithi043.stdout:/usr/bin/ceph: stderr
2024-04-26T20:52:52.889+0000 7f741d8bb700 1 -- 172.21.15.43:0/213814606 shutdown_connections
2024-04-26T20:52:53.503 INFO:teuthology.orchestra.run.smithi043.stdout:/usr/bin/ceph: stderr
2024-04-26T20:52:52.889+0000 7f741d8bb700 1 --2- 172.21.15.43:0/213814606 >> [v2:172.21.15.43:6800/3155629105,v1:172.21.15.43:6801/3155629105] conn(0x7f74040395b0 0x7f740403ba70 unknown :-1 s=CLOSED pgs=8 cs=0 l=1 rev1=1 crypto rx=0 tx=0 comp rx=0 tx=0).stop
2024-04-26T20:52:53.503 INFO:teuthology.orchestra.run.smithi043.stdout:/usr/bin/ceph: stderr
2024-04-26T20:52:52.889+0000 7f741d8bb700 1 --2- 172.21.15.43:0/213814606 >> [v2:172.21.15.43:3300/0,v1:172.21.15.43:6789/0] conn(0x7f74181093b0 0x7f74181079d0 unknown :-1 s=CLOSED pgs=40 cs=0 l=1 rev1=1 crypto rx=0 tx=0 comp rx=0 tx=0).stop
2024-04-26T20:52:53.503 INFO:teuthology.orchestra.run.smithi043.stdout:/usr/bin/ceph: stderr
2024-04-26T20:52:52.889+0000 7f741d8bb700 1 -- 172.21.15.43:0/213814606 >> 172.21.15.43:0/213814606 conn(0x7f7418102af0 msgr2=0x7f7418103580 unknown :-1 s=STATE_NONE l=0).mark_down
2024-04-26T20:52:53.503 INFO:teuthology.orchestra.run.smithi043.stdout:/usr/bin/ceph: stderr
2024-04-26T20:52:52.889+0000 7f741d8bb700 1 -- 172.21.15.43:0/213814606 shutdown_connections
2024-04-26T20:52:53.504 INFO:teuthology.orchestra.run.smithi043.stdout:/usr/bin/ceph: stderr
2024-04-26T20:52:52.889+0000 7f741d8bb700 1 -- 172.21.15.43:0/213814606 wait complete.
2024-04-26T20:52:53.504 INFO:teuthology.orchestra.run.smithi043.stdout:Generating ssh key...
2024-04-26T20:52:54.799 INFO:journalctl@ceph.mon.a.smithi043.stdout:Apr 26 20:52:54 smithi043 ceph-mon[29239]: from='client.14134 -' entity='client.admin' cmd=[{"prefix": "cephadm set-user", "user": "root", "target": ["mon-mgr", ""]}]: dispatch
2024-04-26T20:52:55.299 INFO:journalctl@ceph.mgr.x.smithi043.stdout:Apr 26 20:52:55 smithi043 ceph-b4d545fa-040e-11ef-bc93-c7b262605968-mgr-x[29471]: Generating public/private rsa key pair.
2024-04-26T20:52:55.300 INFO:journalctl@ceph.mgr.x.smithi043.stdout:Apr 26 20:52:55 smithi043 ceph-b4d545fa-040e-11ef-bc93-c7b262605968-mgr-x[29471]: Your identification has been saved in /tmp/tmpktri6sq4/key.
2024-04-26T20:52:55.300 INFO:journalctl@ceph.mgr.x.smithi043.stdout:Apr 26 20:52:55 smithi043 ceph-b4d545fa-040e-11ef-bc93-c7b262605968-mgr-x[29471]: Your public key has been saved in /tmp/tmpktri6sq4/key.pub.
2024-04-26T20:52:55.300 INFO:journalctl@ceph.mgr.x.smithi043.stdout:Apr 26 20:52:55 smithi043 ceph-b4d545fa-040e-11ef-bc93-c7b262605968-mgr-x[29471]: The key fingerprint is:
2024-04-26T20:52:55.300 INFO:journalctl@ceph.mgr.x.smithi043.stdout:Apr 26 20:52:55 smithi043 ceph-b4d545fa-040e-11ef-bc93-c7b262605968-mgr-x[29471]: SHA256:pwnmYPT/hSaNo6PD4phZvKi8Xf5wJCq9WNcC/DHcTpU ceph-b4d545fa-040e-11ef-bc93-c7b262605968
2024-04-26T20:52:55.300 INFO:journalctl@ceph.mgr.x.smithi043.stdout:Apr 26 20:52:55 smithi043 ceph-b4d545fa-040e-11ef-bc93-c7b262605968-mgr-x[29471]: The key's randomart image is:
2024-04-26T20:52:55.300 INFO:journalctl@ceph.mgr.x.smithi043.stdout:Apr 26 20:52:55 smithi043 ceph-b4d545fa-040e-11ef-bc93-c7b262605968-mgr-x[29471]: +---[RSA 3072]----+
2024-04-26T20:52:55.300 INFO:journalctl@ceph.mgr.x.smithi043.stdout:Apr 26 20:52:55 smithi043 ceph-b4d545fa-040e-11ef-bc93-c7b262605968-mgr-x[29471]: | |
2024-04-26T20:52:55.300 INFO:journalctl@ceph.mgr.x.smithi043.stdout:Apr 26 20:52:55 smithi043 ceph-b4d545fa-040e-11ef-bc93-c7b262605968-mgr-x[29471]: | . |
2024-04-26T20:52:55.300 INFO:journalctl@ceph.mgr.x.smithi043.stdout:Apr 26 20:52:55 smithi043 ceph-b4d545fa-040e-11ef-bc93-c7b262605968-mgr-x[29471]: | . E |
2024-04-26T20:52:55.300 INFO:journalctl@ceph.mgr.x.smithi043.stdout:Apr 26 20:52:55 smithi043 ceph-b4d545fa-040e-11ef-bc93-c7b262605968-mgr-x[29471]: | ..... . |
2024-04-26T20:52:55.300 INFO:journalctl@ceph.mgr.x.smithi043.stdout:Apr 26 20:52:55 smithi043 ceph-b4d545fa-040e-11ef-bc93-c7b262605968-mgr-x[29471]: | oo=++S . |
2024-04-26T20:52:55.300 INFO:journalctl@ceph.mgr.x.smithi043.stdout:Apr 26 20:52:55 smithi043 ceph-b4d545fa-040e-11ef-bc93-c7b262605968-mgr-x[29471]: | ...++Oo * . |
2024-04-26T20:52:55.300 INFO:journalctl@ceph.mgr.x.smithi043.stdout:Apr 26 20:52:55 smithi043 ceph-b4d545fa-040e-11ef-bc93-c7b262605968-mgr-x[29471]: | .o= *.+B + . |
2024-04-26T20:52:55.301 INFO:journalctl@ceph.mgr.x.smithi043.stdout:Apr 26 20:52:55 smithi043 ceph-b4d545fa-040e-11ef-bc93-c7b262605968-mgr-x[29471]: |.**.B =. = . |
2024-04-26T20:52:55.301 INFO:journalctl@ceph.mgr.x.smithi043.stdout:Apr 26 20:52:55 smithi043 ceph-b4d545fa-040e-11ef-bc93-c7b262605968-mgr-x[29471]: |B=++.+oo . |
2024-04-26T20:52:55.301 INFO:journalctl@ceph.mgr.x.smithi043.stdout:Apr 26 20:52:55 smithi043 ceph-b4d545fa-040e-11ef-bc93-c7b262605968-mgr-x[29471]: +----[SHA256]-----+
2024-04-26T20:52:55.575 INFO:journalctl@ceph.mon.a.smithi043.stdout:Apr 26 20:52:55 smithi043 ceph-mon[29239]: from='client.14136 -' entity='client.admin' cmd=[{"prefix": "cephadm generate-key", "target": ["mon-mgr", ""]}]: dispatch
2024-04-26T20:52:55.575 INFO:journalctl@ceph.mon.a.smithi043.stdout:Apr 26 20:52:55 smithi043 ceph-mon[29239]: Generating ssh key...
2024-04-26T20:52:55.575 INFO:journalctl@ceph.mon.a.smithi043.stdout:Apr 26 20:52:55 smithi043 ceph-mon[29239]: from='mgr.14120 172.21.15.43:0/2366979792' entity='mgr.x'
2024-04-26T20:52:55.575 INFO:journalctl@ceph.mon.a.smithi043.stdout:Apr 26 20:52:55 smithi043 ceph-mon[29239]: from='mgr.14120 172.21.15.43:0/2366979792' entity='mgr.x'
2024-04-26T20:52:55.581 INFO:teuthology.orchestra.run.smithi043.stdout:/usr/bin/ceph: stderr
2024-04-26T20:52:53.866+0000 7fa92c023700 1 Processor -- start
2024-04-26T20:52:55.581 INFO:teuthology.orchestra.run.smithi043.stdout:/usr/bin/ceph: stderr
2024-04-26T20:52:53.866+0000 7fa92c023700 1 -- start start
2024-04-26T20:52:55.581 INFO:teuthology.orchestra.run.smithi043.stdout:/usr/bin/ceph: stderr
2024-04-26T20:52:53.866+0000 7fa92c023700 1 --2- >> [v2:172.21.15.43:3300/0,v1:172.21.15.43:6789/0] conn(0x7fa924107700 0x7fa924107b20 unknown :-1 s=NONE pgs=0 cs=0 l=0 rev1=0 crypto rx=0 tx=0 comp rx=0 tx=0).connect
2024-04-26T20:52:55.581 INFO:teuthology.orchestra.run.smithi043.stdout:/usr/bin/ceph: stderr
2024-04-26T20:52:53.866+0000 7fa92c023700 1 -- --> [v2:172.21.15.43:3300/0,v1:172.21.15.43:6789/0] -- mon_getmap magic: 0 -- 0x7fa92407d6d0 con 0x7fa924107700
2024-04-26T20:52:55.581 INFO:teuthology.orchestra.run.smithi043.stdout:/usr/bin/ceph: stderr
2024-04-26T20:52:53.866+0000 7fa929dbf700 1 --2- >> [v2:172.21.15.43:3300/0,v1:172.21.15.43:6789/0] conn(0x7fa924107700 0x7fa924107b20 unknown :-1 s=BANNER_CONNECTING pgs=0 cs=0 l=0 rev1=0 crypto rx=0 tx=0 comp rx=0 tx=0)._handle_peer_banner_payload supported=3 required=0
2024-04-26T20:52:55.581 INFO:teuthology.orchestra.run.smithi043.stdout:/usr/bin/ceph: stderr
2024-04-26T20:52:53.866+0000 7fa929dbf700 1 --2- >> [v2:172.21.15.43:3300/0,v1:172.21.15.43:6789/0] conn(0x7fa924107700 0x7fa924107b20 unknown :-1 s=HELLO_CONNECTING pgs=0 cs=0 l=0 rev1=1 crypto rx=0 tx=0 comp rx=0 tx=0).handle_hello peer v2:172.21.15.43:3300/0 says I am v2:172.21.15.43:34812/0 (socket says 172.21.15.43:34812)
2024-04-26T20:52:55.581 INFO:teuthology.orchestra.run.smithi043.stdout:/usr/bin/ceph: stderr
2024-04-26T20:52:53.866+0000 7fa929dbf700 1 -- 172.21.15.43:0/2094408929 learned_addr learned my addr 172.21.15.43:0/2094408929 (peer_addr_for_me v2:172.21.15.43:0/0)
2024-04-26T20:52:55.581 INFO:teuthology.orchestra.run.smithi043.stdout:/usr/bin/ceph: stderr
2024-04-26T20:52:53.866+0000 7fa929dbf700 1 -- 172.21.15.43:0/2094408929 --> [v2:172.21.15.43:3300/0,v1:172.21.15.43:6789/0] -- mon_subscribe({config=0+,monmap=0+}) -- 0x7fa924108060 con 0x7fa924107700
2024-04-26T20:52:55.581 INFO:teuthology.orchestra.run.smithi043.stdout:/usr/bin/ceph: stderr
2024-04-26T20:52:53.867+0000 7fa929dbf700 1 --2- 172.21.15.43:0/2094408929 >> [v2:172.21.15.43:3300/0,v1:172.21.15.43:6789/0] conn(0x7fa924107700 0x7fa924107b20 secure :-1 s=READY pgs=41 cs=0 l=1 rev1=1 crypto rx=0x7fa9140098a0 tx=0x7fa914009bb0 comp rx=0 tx=0).ready entity=mon.0 client_cookie=f141661d342c24fc server_cookie=0 in_seq=0 out_seq=0
2024-04-26T20:52:55.581 INFO:teuthology.orchestra.run.smithi043.stdout:/usr/bin/ceph: stderr
2024-04-26T20:52:53.867+0000 7fa928dbd700 1 -- 172.21.15.43:0/2094408929 <== mon.0 v2:172.21.15.43:3300/0 1 ==== mon_map magic: 0 ==== 205+0+0 (secure 0 0 0) 0x7fa914004160 con 0x7fa924107700
2024-04-26T20:52:55.581 INFO:teuthology.orchestra.run.smithi043.stdout:/usr/bin/ceph: stderr
2024-04-26T20:52:53.867+0000 7fa928dbd700 1 -- 172.21.15.43:0/2094408929 <== mon.0 v2:172.21.15.43:3300/0 2 ==== config(26 keys) ==== 1070+0+0 (secure 0 0 0) 0x7fa914004300 con 0x7fa924107700
2024-04-26T20:52:55.581 INFO:teuthology.orchestra.run.smithi043.stdout:/usr/bin/ceph: stderr
2024-04-26T20:52:53.867+0000 7fa928dbd700 1 -- 172.21.15.43:0/2094408929 <== mon.0 v2:172.21.15.43:3300/0 3 ==== mon_map magic: 0 ==== 205+0+0 (secure 0 0 0) 0x7fa914011af0 con 0x7fa924107700
2024-04-26T20:52:55.582 INFO:teuthology.orchestra.run.smithi043.stdout:/usr/bin/ceph: stderr
2024-04-26T20:52:53.867+0000 7fa92c023700 1 -- 172.21.15.43:0/2094408929 >> [v2:172.21.15.43:3300/0,v1:172.21.15.43:6789/0] conn(0x7fa924107700 msgr2=0x7fa924107b20 secure :-1 s=STATE_CONNECTION_ESTABLISHED l=1).mark_down
2024-04-26T20:52:55.582 INFO:teuthology.orchestra.run.smithi043.stdout:/usr/bin/ceph: stderr
2024-04-26T20:52:53.867+0000 7fa92c023700 1 --2- 172.21.15.43:0/2094408929 >> [v2:172.21.15.43:3300/0,v1:172.21.15.43:6789/0] conn(0x7fa924107700 0x7fa924107b20 secure :-1 s=READY pgs=41 cs=0 l=1 rev1=1 crypto rx=0x7fa9140098a0 tx=0x7fa914009bb0 comp rx=0 tx=0).stop
2024-04-26T20:52:55.582 INFO:teuthology.orchestra.run.smithi043.stdout:/usr/bin/ceph: stderr
2024-04-26T20:52:53.867+0000 7fa92c023700 1 -- 172.21.15.43:0/2094408929 shutdown_connections
2024-04-26T20:52:55.582 INFO:teuthology.orchestra.run.smithi043.stdout:/usr/bin/ceph: stderr
2024-04-26T20:52:53.867+0000 7fa92c023700 1 --2- 172.21.15.43:0/2094408929 >> [v2:172.21.15.43:3300/0,v1:172.21.15.43:6789/0] conn(0x7fa924107700 0x7fa924107b20 unknown :-1 s=CLOSED pgs=41 cs=0 l=1 rev1=1 crypto rx=0 tx=0 comp rx=0 tx=0).stop
2024-04-26T20:52:55.582 INFO:teuthology.orchestra.run.smithi043.stdout:/usr/bin/ceph: stderr
2024-04-26T20:52:53.867+0000 7fa92c023700 1 -- 172.21.15.43:0/2094408929 >> 172.21.15.43:0/2094408929 conn(0x7fa924103360 msgr2=0x7fa924105780 unknown :-1 s=STATE_NONE l=0).mark_down
2024-04-26T20:52:55.582 INFO:teuthology.orchestra.run.smithi043.stdout:/usr/bin/ceph: stderr
2024-04-26T20:52:53.868+0000 7fa92c023700 1 -- 172.21.15.43:0/2094408929 shutdown_connections
2024-04-26T20:52:55.582 INFO:teuthology.orchestra.run.smithi043.stdout:/usr/bin/ceph: stderr
2024-04-26T20:52:53.868+0000 7fa92c023700 1 -- 172.21.15.43:0/2094408929 wait complete.
2024-04-26T20:52:55.582 INFO:teuthology.orchestra.run.smithi043.stdout:/usr/bin/ceph: stderr
2024-04-26T20:52:53.868+0000 7fa92c023700 1 Processor -- start
2024-04-26T20:52:55.582 INFO:teuthology.orchestra.run.smithi043.stdout:/usr/bin/ceph: stderr
2024-04-26T20:52:53.868+0000 7fa92c023700 1 -- start start
2024-04-26T20:52:55.582 INFO:teuthology.orchestra.run.smithi043.stdout:/usr/bin/ceph: stderr
2024-04-26T20:52:53.868+0000 7fa92c023700 1 --2- >> [v2:172.21.15.43:3300/0,v1:172.21.15.43:6789/0] conn(0x7fa924107700 0x7fa92419efe0 unknown :-1 s=NONE pgs=0 cs=0 l=1 rev1=0 crypto rx=0 tx=0 comp rx=0 tx=0).connect
2024-04-26T20:52:55.582 INFO:teuthology.orchestra.run.smithi043.stdout:/usr/bin/ceph: stderr
2024-04-26T20:52:53.868+0000 7fa92c023700 1 -- --> [v2:172.21.15.43:3300/0,v1:172.21.15.43:6789/0] -- mon_getmap magic: 0 -- 0x7fa924109020 con 0x7fa924107700
2024-04-26T20:52:55.582 INFO:teuthology.orchestra.run.smithi043.stdout:/usr/bin/ceph: stderr
2024-04-26T20:52:53.868+0000 7fa929dbf700 1 --2- >> [v2:172.21.15.43:3300/0,v1:172.21.15.43:6789/0] conn(0x7fa924107700 0x7fa92419efe0 unknown :-1 s=BANNER_CONNECTING pgs=0 cs=0 l=1 rev1=0 crypto rx=0 tx=0 comp rx=0 tx=0)._handle_peer_banner_payload supported=3 required=0
2024-04-26T20:52:55.582 INFO:teuthology.orchestra.run.smithi043.stdout:/usr/bin/ceph: stderr
2024-04-26T20:52:53.868+0000 7fa929dbf700 1 --2- >> [v2:172.21.15.43:3300/0,v1:172.21.15.43:6789/0] conn(0x7fa924107700 0x7fa92419efe0 unknown :-1 s=HELLO_CONNECTING pgs=0 cs=0 l=1 rev1=1 crypto rx=0 tx=0 comp rx=0 tx=0).handle_hello peer v2:172.21.15.43:3300/0 says I am v2:172.21.15.43:34824/0 (socket says 172.21.15.43:34824)
