2024-04-26T21:09:47.653 INFO:teuthology.orchestra.run.smithi080.stdout:/usr/bin/ceph: stderr
2024-04-26T21:09:46.745+0000 7f0409200700 1 --2- 172.21.15.80:0/3735507805 >> [v2:172.21.15.80:3300/0,v1:172.21.15.80:6789/0] conn(0x7f040410fce0 0x7f04041120d0 secure :-1 s=READY pgs=20 cs=0 l=1 rev1=1 crypto rx=0x7f03f80098a0 tx=0x7f03f8009bb0 comp rx=0 tx=0).ready entity=mon.0 client_cookie=8d19d99d83d6dc4e server_cookie=0 in_seq=0 out_seq=0
2024-04-26T21:09:47.653 INFO:teuthology.orchestra.run.smithi080.stdout:/usr/bin/ceph: stderr
2024-04-26T21:09:46.745+0000 7f0403400700 1 -- 172.21.15.80:0/3735507805 <== mon.0 v2:172.21.15.80:3300/0 1 ==== mon_map magic: 0 ==== 205+0+0 (secure 0 0 0) 0x7f03f8004160 con 0x7f040410fce0
2024-04-26T21:09:47.653 INFO:teuthology.orchestra.run.smithi080.stdout:/usr/bin/ceph: stderr
2024-04-26T21:09:46.745+0000 7f0403400700 1 -- 172.21.15.80:0/3735507805 <== mon.0 v2:172.21.15.80:3300/0 2 ==== config(25 keys) ==== 1032+0+0 (secure 0 0 0) 0x7f03f8004300 con 0x7f040410fce0
2024-04-26T21:09:47.653 INFO:teuthology.orchestra.run.smithi080.stdout:/usr/bin/ceph: stderr
2024-04-26T21:09:46.745+0000 7f0403400700 1 -- 172.21.15.80:0/3735507805 <== mon.0 v2:172.21.15.80:3300/0 3 ==== mon_map magic: 0 ==== 205+0+0 (secure 0 0 0) 0x7f03f80119e0 con 0x7f040410fce0
2024-04-26T21:09:47.653 INFO:teuthology.orchestra.run.smithi080.stdout:/usr/bin/ceph: stderr
2024-04-26T21:09:46.746+0000 7f040bc00700 1 -- 172.21.15.80:0/3735507805 >> [v2:172.21.15.80:3300/0,v1:172.21.15.80:6789/0] conn(0x7f040410fce0 msgr2=0x7f04041120d0 secure :-1 s=STATE_CONNECTION_ESTABLISHED l=1).mark_down
2024-04-26T21:09:47.653 INFO:teuthology.orchestra.run.smithi080.stdout:/usr/bin/ceph: stderr
2024-04-26T21:09:46.746+0000 7f040bc00700 1 --2- 172.21.15.80:0/3735507805 >> [v2:172.21.15.80:3300/0,v1:172.21.15.80:6789/0] conn(0x7f040410fce0 0x7f04041120d0 secure :-1 s=READY pgs=20 cs=0 l=1 rev1=1 crypto rx=0x7f03f80098a0 tx=0x7f03f8009bb0 comp rx=0 tx=0).stop
2024-04-26T21:09:47.653 INFO:teuthology.orchestra.run.smithi080.stdout:/usr/bin/ceph: stderr
2024-04-26T21:09:46.746+0000 7f040bc00700 1 -- 172.21.15.80:0/3735507805 shutdown_connections
2024-04-26T21:09:47.653 INFO:teuthology.orchestra.run.smithi080.stdout:/usr/bin/ceph: stderr
2024-04-26T21:09:46.746+0000 7f040bc00700 1 --2- 172.21.15.80:0/3735507805 >> [v2:172.21.15.80:3300/0,v1:172.21.15.80:6789/0] conn(0x7f040410fce0 0x7f04041120d0 unknown :-1 s=CLOSED pgs=20 cs=0 l=1 rev1=1 crypto rx=0 tx=0 comp rx=0 tx=0).stop
2024-04-26T21:09:47.653 INFO:teuthology.orchestra.run.smithi080.stdout:/usr/bin/ceph: stderr
2024-04-26T21:09:46.746+0000 7f040bc00700 1 -- 172.21.15.80:0/3735507805 >> 172.21.15.80:0/3735507805 conn(0x7f040407e4f0 msgr2=0x7f0404080910 unknown :-1 s=STATE_NONE l=0).mark_down
2024-04-26T21:09:47.653 INFO:teuthology.orchestra.run.smithi080.stdout:/usr/bin/ceph: stderr
2024-04-26T21:09:46.746+0000 7f040bc00700 1 -- 172.21.15.80:0/3735507805 shutdown_connections
2024-04-26T21:09:47.653 INFO:teuthology.orchestra.run.smithi080.stdout:/usr/bin/ceph: stderr
2024-04-26T21:09:46.746+0000 7f040bc00700 1 -- 172.21.15.80:0/3735507805 wait complete.
2024-04-26T21:09:47.653 INFO:teuthology.orchestra.run.smithi080.stdout:/usr/bin/ceph: stderr
2024-04-26T21:09:46.747+0000 7f040bc00700 1 Processor -- start
2024-04-26T21:09:47.653 INFO:teuthology.orchestra.run.smithi080.stdout:/usr/bin/ceph: stderr
2024-04-26T21:09:46.747+0000 7f040bc00700 1 -- start start
2024-04-26T21:09:47.654 INFO:teuthology.orchestra.run.smithi080.stdout:/usr/bin/ceph: stderr
2024-04-26T21:09:46.748+0000 7f040bc00700 1 --2- >> [v2:172.21.15.80:3300/0,v1:172.21.15.80:6789/0] conn(0x7f040410fce0 0x7f04041a3350 unknown :-1 s=NONE pgs=0 cs=0 l=1 rev1=0 crypto rx=0 tx=0 comp rx=0 tx=0).connect
2024-04-26T21:09:47.654 INFO:teuthology.orchestra.run.smithi080.stdout:/usr/bin/ceph: stderr
2024-04-26T21:09:46.748+0000 7f040bc00700 1 -- --> [v2:172.21.15.80:3300/0,v1:172.21.15.80:6789/0] -- mon_getmap magic: 0 -- 0x7f04041137b0 con 0x7f040410fce0
2024-04-26T21:09:47.654 INFO:teuthology.orchestra.run.smithi080.stdout:/usr/bin/ceph: stderr
2024-04-26T21:09:46.748+0000 7f0409200700 1 --2- >> [v2:172.21.15.80:3300/0,v1:172.21.15.80:6789/0] conn(0x7f040410fce0 0x7f04041a3350 unknown :-1 s=BANNER_CONNECTING pgs=0 cs=0 l=1 rev1=0 crypto rx=0 tx=0 comp rx=0 tx=0)._handle_peer_banner_payload supported=3 required=0
2024-04-26T21:09:47.654 INFO:teuthology.orchestra.run.smithi080.stdout:/usr/bin/ceph: stderr
2024-04-26T21:09:46.748+0000 7f0409200700 1 --2- >> [v2:172.21.15.80:3300/0,v1:172.21.15.80:6789/0] conn(0x7f040410fce0 0x7f04041a3350 unknown :-1 s=HELLO_CONNECTING pgs=0 cs=0 l=1 rev1=1 crypto rx=0 tx=0 comp rx=0 tx=0).handle_hello peer v2:172.21.15.80:3300/0 says I am v2:172.21.15.80:51162/0 (socket says 172.21.15.80:51162)
2024-04-26T21:09:47.654 INFO:teuthology.orchestra.run.smithi080.stdout:/usr/bin/ceph: stderr
2024-04-26T21:09:46.748+0000 7f0409200700 1 -- 172.21.15.80:0/3155515052 learned_addr learned my addr 172.21.15.80:0/3155515052 (peer_addr_for_me v2:172.21.15.80:0/0)
2024-04-26T21:09:47.654 INFO:teuthology.orchestra.run.smithi080.stdout:/usr/bin/ceph: stderr
2024-04-26T21:09:46.748+0000 7f0409200700 1 -- 172.21.15.80:0/3155515052 --> [v2:172.21.15.80:3300/0,v1:172.21.15.80:6789/0] -- mon_subscribe({config=0+,monmap=0+}) -- 0x7f04041a3890 con 0x7f040410fce0
2024-04-26T21:09:47.654 INFO:teuthology.orchestra.run.smithi080.stdout:/usr/bin/ceph: stderr
2024-04-26T21:09:46.749+0000 7f0409200700 1 --2- 172.21.15.80:0/3155515052 >> [v2:172.21.15.80:3300/0,v1:172.21.15.80:6789/0] conn(0x7f040410fce0 0x7f04041a3350 secure :-1 s=READY pgs=21 cs=0 l=1 rev1=1 crypto rx=0x7f03f80116a0 tx=0x7f03f80046a0 comp rx=0 tx=0).ready entity=mon.0 client_cookie=0 server_cookie=0 in_seq=0 out_seq=0
2024-04-26T21:09:47.654 INFO:teuthology.orchestra.run.smithi080.stdout:/usr/bin/ceph: stderr
2024-04-26T21:09:46.749+0000 7f0401600700 1 -- 172.21.15.80:0/3155515052 <== mon.0 v2:172.21.15.80:3300/0 1 ==== mon_map magic: 0 ==== 205+0+0 (secure 0 0 0) 0x7f03f8003b70 con 0x7f040410fce0
2024-04-26T21:09:47.654 INFO:teuthology.orchestra.run.smithi080.stdout:/usr/bin/ceph: stderr
2024-04-26T21:09:46.749+0000 7f0401600700 1 -- 172.21.15.80:0/3155515052 <== mon.0 v2:172.21.15.80:3300/0 2 ==== config(25 keys) ==== 1032+0+0 (secure 0 0 0) 0x7f03f801a8a0 con 0x7f040410fce0
2024-04-26T21:09:47.654 INFO:teuthology.orchestra.run.smithi080.stdout:/usr/bin/ceph: stderr
2024-04-26T21:09:46.749+0000 7f0401600700 1 -- 172.21.15.80:0/3155515052 <== mon.0 v2:172.21.15.80:3300/0 3 ==== mon_map magic: 0 ==== 205+0+0 (secure 0 0 0) 0x7f03f8024890 con 0x7f040410fce0
2024-04-26T21:09:47.654 INFO:teuthology.orchestra.run.smithi080.stdout:/usr/bin/ceph: stderr
2024-04-26T21:09:46.749+0000 7f040bc00700 1 -- 172.21.15.80:0/3155515052 --> [v2:172.21.15.80:3300/0,v1:172.21.15.80:6789/0] -- mon_subscribe({mgrmap=0+}) -- 0x7f04041a3b20 con 0x7f040410fce0
2024-04-26T21:09:47.654 INFO:teuthology.orchestra.run.smithi080.stdout:/usr/bin/ceph: stderr
2024-04-26T21:09:46.749+0000 7f040bc00700 1 -- 172.21.15.80:0/3155515052 --> [v2:172.21.15.80:3300/0,v1:172.21.15.80:6789/0] -- mon_subscribe({osdmap=0}) -- 0x7f04041a6810 con 0x7f040410fce0
2024-04-26T21:09:47.654 INFO:teuthology.orchestra.run.smithi080.stdout:/usr/bin/ceph: stderr
2024-04-26T21:09:46.750+0000 7f0401600700 1 -- 172.21.15.80:0/3155515052 <== mon.0 v2:172.21.15.80:3300/0 4 ==== mgrmap(e 4) ==== 46547+0+0 (secure 0 0 0) 0x7f03f8022020 con 0x7f040410fce0
2024-04-26T21:09:47.655 INFO:teuthology.orchestra.run.smithi080.stdout:/usr/bin/ceph: stderr
2024-04-26T21:09:46.750+0000 7f040bc00700 1 -- 172.21.15.80:0/3155515052 --> [v2:172.21.15.80:3300/0,v1:172.21.15.80:6789/0] -- mon_command({"prefix": "get_command_descriptions"} v 0) -- 0x7f0404064a80 con 0x7f040410fce0
2024-04-26T21:09:47.655 INFO:teuthology.orchestra.run.smithi080.stdout:/usr/bin/ceph: stderr
2024-04-26T21:09:46.751+0000 7f0401600700 1 --2- 172.21.15.80:0/3155515052 >> [v2:172.21.15.80:6800/2401954280,v1:172.21.15.80:6801/2401954280] conn(0x7f03ec0395b0 0x7f03ec03ba70 unknown :-1 s=NONE pgs=0 cs=0 l=1 rev1=0 crypto rx=0 tx=0 comp rx=0 tx=0).connect
2024-04-26T21:09:47.655 INFO:teuthology.orchestra.run.smithi080.stdout:/usr/bin/ceph: stderr
2024-04-26T21:09:46.751+0000 7f0401600700 1 -- 172.21.15.80:0/3155515052 <== mon.0 v2:172.21.15.80:3300/0 5 ==== osd_map(1..1 src has 1..1) ==== 725+0+0 (secure 0 0 0) 0x7f03f804d770 con 0x7f040410fce0
2024-04-26T21:09:47.655 INFO:teuthology.orchestra.run.smithi080.stdout:/usr/bin/ceph: stderr
2024-04-26T21:09:46.751+0000 7f0403e00700 1 --2- 172.21.15.80:0/3155515052 >> [v2:172.21.15.80:6800/2401954280,v1:172.21.15.80:6801/2401954280] conn(0x7f03ec0395b0 0x7f03ec03ba70 unknown :-1 s=BANNER_CONNECTING pgs=0 cs=0 l=1 rev1=0 crypto rx=0 tx=0 comp rx=0 tx=0)._handle_peer_banner_payload supported=3 required=0
2024-04-26T21:09:47.655 INFO:teuthology.orchestra.run.smithi080.stdout:/usr/bin/ceph: stderr
2024-04-26T21:09:46.751+0000 7f0403e00700 1 --2- 172.21.15.80:0/3155515052 >> [v2:172.21.15.80:6800/2401954280,v1:172.21.15.80:6801/2401954280] conn(0x7f03ec0395b0 0x7f03ec03ba70 secure :-1 s=READY pgs=7 cs=0 l=1 rev1=1 crypto rx=0x7f03f0006fd0 tx=0x7f03f0006e40 comp rx=0 tx=0).ready entity=mgr.14100 client_cookie=0 server_cookie=0 in_seq=0 out_seq=0
2024-04-26T21:09:47.655 INFO:teuthology.orchestra.run.smithi080.stdout:/usr/bin/ceph: stderr
2024-04-26T21:09:46.756+0000 7f0401600700 1 -- 172.21.15.80:0/3155515052 <== mon.0 v2:172.21.15.80:3300/0 6 ==== mon_command_ack([{"prefix": "get_command_descriptions"}]=0 v0) ==== 72+0+188494 (secure 0 0 0) 0x7f03f800f2e0 con 0x7f040410fce0
2024-04-26T21:09:47.655 INFO:teuthology.orchestra.run.smithi080.stdout:/usr/bin/ceph: stderr
2024-04-26T21:09:46.980+0000 7f040bc00700 1 -- 172.21.15.80:0/3155515052 --> [v2:172.21.15.80:3300/0,v1:172.21.15.80:6789/0] -- mon_command({"prefix": "config assimilate-conf"} v 0) -- 0x7f04041a69e0 con 0x7f040410fce0
2024-04-26T21:09:47.655 INFO:teuthology.orchestra.run.smithi080.stdout:/usr/bin/ceph: stderr
2024-04-26T21:09:46.982+0000 7f0401600700 1 -- 172.21.15.80:0/3155515052 <== mon.0 v2:172.21.15.80:3300/0 7 ==== mon_command_ack([{"prefix": "config assimilate-conf"}]=0 v3) ==== 70+0+436 (secure 0 0 0) 0x7f03f804d4d0 con 0x7f040410fce0
2024-04-26T21:09:47.655 INFO:teuthology.orchestra.run.smithi080.stdout:/usr/bin/ceph: stderr
2024-04-26T21:09:46.985+0000 7f040bc00700 1 -- 172.21.15.80:0/3155515052 >> [v2:172.21.15.80:6800/2401954280,v1:172.21.15.80:6801/2401954280] conn(0x7f03ec0395b0 msgr2=0x7f03ec03ba70 secure :-1 s=STATE_CONNECTION_ESTABLISHED l=1).mark_down
2024-04-26T21:09:47.655 INFO:teuthology.orchestra.run.smithi080.stdout:/usr/bin/ceph: stderr
2024-04-26T21:09:46.985+0000 7f040bc00700 1 --2- 172.21.15.80:0/3155515052 >> [v2:172.21.15.80:6800/2401954280,v1:172.21.15.80:6801/2401954280] conn(0x7f03ec0395b0 0x7f03ec03ba70 secure :-1 s=READY pgs=7 cs=0 l=1 rev1=1 crypto rx=0x7f03f0006fd0 tx=0x7f03f0006e40 comp rx=0 tx=0).stop
2024-04-26T21:09:47.655 INFO:teuthology.orchestra.run.smithi080.stdout:/usr/bin/ceph: stderr
2024-04-26T21:09:46.985+0000 7f040bc00700 1 -- 172.21.15.80:0/3155515052 >> [v2:172.21.15.80:3300/0,v1:172.21.15.80:6789/0] conn(0x7f040410fce0 msgr2=0x7f04041a3350 secure :-1 s=STATE_CONNECTION_ESTABLISHED l=1).mark_down
2024-04-26T21:09:47.655 INFO:teuthology.orchestra.run.smithi080.stdout:/usr/bin/ceph: stderr
2024-04-26T21:09:46.985+0000 7f040bc00700 1 --2- 172.21.15.80:0/3155515052 >> [v2:172.21.15.80:3300/0,v1:172.21.15.80:6789/0] conn(0x7f040410fce0 0x7f04041a3350 secure :-1 s=READY pgs=21 cs=0 l=1 rev1=1 crypto rx=0x7f03f80116a0 tx=0x7f03f80046a0 comp rx=0 tx=0).stop
2024-04-26T21:09:47.655 INFO:teuthology.orchestra.run.smithi080.stdout:/usr/bin/ceph: stderr
2024-04-26T21:09:46.985+0000 7f040bc00700 1 -- 172.21.15.80:0/3155515052 shutdown_connections
2024-04-26T21:09:47.656 INFO:teuthology.orchestra.run.smithi080.stdout:/usr/bin/ceph: stderr
2024-04-26T21:09:46.985+0000 7f040bc00700 1 --2- 172.21.15.80:0/3155515052 >> [v2:172.21.15.80:6800/2401954280,v1:172.21.15.80:6801/2401954280] conn(0x7f03ec0395b0 0x7f03ec03ba70 unknown :-1 s=CLOSED pgs=7 cs=0 l=1 rev1=1 crypto rx=0 tx=0 comp rx=0 tx=0).stop
2024-04-26T21:09:47.656 INFO:teuthology.orchestra.run.smithi080.stdout:/usr/bin/ceph: stderr
2024-04-26T21:09:46.985+0000 7f040bc00700 1 --2- 172.21.15.80:0/3155515052 >> [v2:172.21.15.80:3300/0,v1:172.21.15.80:6789/0] conn(0x7f040410fce0 0x7f04041a3350 unknown :-1 s=CLOSED pgs=21 cs=0 l=1 rev1=1 crypto rx=0 tx=0 comp rx=0 tx=0).stop
2024-04-26T21:09:47.656 INFO:teuthology.orchestra.run.smithi080.stdout:/usr/bin/ceph: stderr
2024-04-26T21:09:46.985+0000 7f040bc00700 1 -- 172.21.15.80:0/3155515052 >> 172.21.15.80:0/3155515052 conn(0x7f040407e4f0 msgr2=0x7f040407f000 unknown :-1 s=STATE_NONE l=0).mark_down
2024-04-26T21:09:47.656 INFO:teuthology.orchestra.run.smithi080.stdout:/usr/bin/ceph: stderr
2024-04-26T21:09:46.985+0000 7f040bc00700 1 -- 172.21.15.80:0/3155515052 shutdown_connections
2024-04-26T21:09:47.656 INFO:teuthology.orchestra.run.smithi080.stdout:/usr/bin/ceph: stderr
2024-04-26T21:09:46.985+0000 7f040bc00700 1 -- 172.21.15.80:0/3155515052 wait complete.
2024-04-26T21:09:47.656 INFO:teuthology.orchestra.run.smithi080.stdout:Enabling cephadm module...
2024-04-26T21:09:48.898 INFO:journalctl@ceph.mon.a.smithi080.stdout:Apr 26 21:09:48 smithi080 ceph-mon[27817]: from='client.? 172.21.15.80:0/3961481011' entity='client.admin' cmd=[{"prefix": "mgr module enable", "module": "cephadm"}]: dispatch
2024-04-26T21:09:48.899 INFO:journalctl@ceph.mgr.x.smithi080.stdout:Apr 26 21:09:48 smithi080 ceph-15462588-0411-11ef-bc93-c7b262605968-mgr-x[28056]: ignoring --setuser ceph since I am not root
2024-04-26T21:09:48.899 INFO:journalctl@ceph.mgr.x.smithi080.stdout:Apr 26 21:09:48 smithi080 ceph-15462588-0411-11ef-bc93-c7b262605968-mgr-x[28056]: ignoring --setgroup ceph since I am not root
2024-04-26T21:09:49.274 INFO:journalctl@ceph.mgr.x.smithi080.stdout:Apr 26 21:09:48 smithi080 ceph-15462588-0411-11ef-bc93-c7b262605968-mgr-x[28056]:
2024-04-26T21:09:48.901+0000 7ffac3825200 -1 mgr[py] Module balancer has missing NOTIFY_TYPES member
2024-04-26T21:09:49.274 INFO:journalctl@ceph.mgr.x.smithi080.stdout:Apr 26 21:09:49 smithi080 ceph-15462588-0411-11ef-bc93-c7b262605968-mgr-x[28056]:
2024-04-26T21:09:49.141+0000 7ffac3825200 -1 mgr[py] Module orchestrator has missing NOTIFY_TYPES member
2024-04-26T21:09:49.275 INFO:journalctl@ceph.mgr.x.smithi080.stdout:Apr 26 21:09:49 smithi080 ceph-15462588-0411-11ef-bc93-c7b262605968-mgr-x[28056]:
2024-04-26T21:09:49.272+0000 7ffac3825200 -1 mgr[py] Module snap_schedule has missing NOTIFY_TYPES member
2024-04-26T21:09:49.321 INFO:teuthology.orchestra.run.smithi080.stdout:/usr/bin/ceph: stderr
2024-04-26T21:09:48.258+0000 7f55dfa00700 1 Processor -- start
2024-04-26T21:09:49.321 INFO:teuthology.orchestra.run.smithi080.stdout:/usr/bin/ceph: stderr
2024-04-26T21:09:48.258+0000 7f55dfa00700 1 -- start start
2024-04-26T21:09:49.321 INFO:teuthology.orchestra.run.smithi080.stdout:/usr/bin/ceph: stderr
2024-04-26T21:09:48.259+0000 7f55dfa00700 1 --2- >> [v2:172.21.15.80:3300/0,v1:172.21.15.80:6789/0] conn(0x7f55d8108f00 0x7f55d8109320 unknown :-1 s=NONE pgs=0 cs=0 l=0 rev1=0 crypto rx=0 tx=0 comp rx=0 tx=0).connect
2024-04-26T21:09:49.322 INFO:teuthology.orchestra.run.smithi080.stdout:/usr/bin/ceph: stderr
2024-04-26T21:09:48.259+0000 7f55dfa00700 1 -- --> [v2:172.21.15.80:3300/0,v1:172.21.15.80:6789/0] -- mon_getmap magic: 0 -- 0x7f55d8109860 con 0x7f55d8108f00
2024-04-26T21:09:49.322 INFO:teuthology.orchestra.run.smithi080.stdout:/usr/bin/ceph: stderr
2024-04-26T21:09:48.259+0000 7f55dd000700 1 --2- >> [v2:172.21.15.80:3300/0,v1:172.21.15.80:6789/0] conn(0x7f55d8108f00 0x7f55d8109320 unknown :-1 s=BANNER_CONNECTING pgs=0 cs=0 l=0 rev1=0 crypto rx=0 tx=0 comp rx=0 tx=0)._handle_peer_banner_payload supported=3 required=0
2024-04-26T21:09:49.322 INFO:teuthology.orchestra.run.smithi080.stdout:/usr/bin/ceph: stderr
2024-04-26T21:09:48.259+0000 7f55dd000700 1 --2- >> [v2:172.21.15.80:3300/0,v1:172.21.15.80:6789/0] conn(0x7f55d8108f00 0x7f55d8109320 unknown :-1 s=HELLO_CONNECTING pgs=0 cs=0 l=0 rev1=1 crypto rx=0 tx=0 comp rx=0 tx=0).handle_hello peer v2:172.21.15.80:3300/0 says I am v2:172.21.15.80:51168/0 (socket says 172.21.15.80:51168)
2024-04-26T21:09:49.323 INFO:teuthology.orchestra.run.smithi080.stdout:/usr/bin/ceph: stderr
2024-04-26T21:09:48.259+0000 7f55dd000700 1 -- 172.21.15.80:0/3642416832 learned_addr learned my addr 172.21.15.80:0/3642416832 (peer_addr_for_me v2:172.21.15.80:0/0)
2024-04-26T21:09:49.323 INFO:teuthology.orchestra.run.smithi080.stdout:/usr/bin/ceph: stderr
2024-04-26T21:09:48.260+0000 7f55dd000700 1 -- 172.21.15.80:0/3642416832 --> [v2:172.21.15.80:3300/0,v1:172.21.15.80:6789/0] -- mon_subscribe({config=0+,monmap=0+}) -- 0x7f55d810a060 con 0x7f55d8108f00
2024-04-26T21:09:49.324 INFO:teuthology.orchestra.run.smithi080.stdout:/usr/bin/ceph: stderr
2024-04-26T21:09:48.260+0000 7f55dd000700 1 --2- 172.21.15.80:0/3642416832 >> [v2:172.21.15.80:3300/0,v1:172.21.15.80:6789/0] conn(0x7f55d8108f00 0x7f55d8109320 secure :-1 s=READY pgs=22 cs=0 l=1 rev1=1 crypto rx=0x7f55c80098a0 tx=0x7f55c8009bb0 comp rx=0 tx=0).ready entity=mon.0 client_cookie=f57b595b946574e3 server_cookie=0 in_seq=0 out_seq=0
2024-04-26T21:09:49.324 INFO:teuthology.orchestra.run.smithi080.stdout:/usr/bin/ceph: stderr
2024-04-26T21:09:48.260+0000 7f55d7e00700 1 -- 172.21.15.80:0/3642416832 <== mon.0 v2:172.21.15.80:3300/0 1 ==== mon_map magic: 0 ==== 205+0+0 (secure 0 0 0) 0x7f55c8004160 con 0x7f55d8108f00
2024-04-26T21:09:49.324 INFO:teuthology.orchestra.run.smithi080.stdout:/usr/bin/ceph: stderr
2024-04-26T21:09:48.260+0000 7f55d7e00700 1 -- 172.21.15.80:0/3642416832 <== mon.0 v2:172.21.15.80:3300/0 2 ==== config(25 keys) ==== 1032+0+0 (secure 0 0 0) 0x7f55c8004300 con 0x7f55d8108f00
2024-04-26T21:09:49.324 INFO:teuthology.orchestra.run.smithi080.stdout:/usr/bin/ceph: stderr
2024-04-26T21:09:48.260+0000 7f55d7e00700 1 -- 172.21.15.80:0/3642416832 <== mon.0 v2:172.21.15.80:3300/0 3 ==== mon_map magic: 0 ==== 205+0+0 (secure 0 0 0) 0x7f55c80119e0 con 0x7f55d8108f00
2024-04-26T21:09:49.326 INFO:teuthology.orchestra.run.smithi080.stdout:/usr/bin/ceph: stderr
2024-04-26T21:09:48.261+0000 7f55dfa00700 1 -- 172.21.15.80:0/3642416832 >> [v2:172.21.15.80:3300/0,v1:172.21.15.80:6789/0] conn(0x7f55d8108f00 msgr2=0x7f55d8109320 secure :-1 s=STATE_CONNECTION_ESTABLISHED l=1).mark_down
2024-04-26T21:09:49.326 INFO:teuthology.orchestra.run.smithi080.stdout:/usr/bin/ceph: stderr
2024-04-26T21:09:48.261+0000 7f55dfa00700 1 --2- 172.21.15.80:0/3642416832 >> [v2:172.21.15.80:3300/0,v1:172.21.15.80:6789/0] conn(0x7f55d8108f00 0x7f55d8109320 secure :-1 s=READY pgs=22 cs=0 l=1 rev1=1 crypto rx=0x7f55c80098a0 tx=0x7f55c8009bb0 comp rx=0 tx=0).stop
2024-04-26T21:09:49.326 INFO:teuthology.orchestra.run.smithi080.stdout:/usr/bin/ceph: stderr
2024-04-26T21:09:48.261+0000 7f55dfa00700 1 -- 172.21.15.80:0/3642416832 shutdown_connections
2024-04-26T21:09:49.326 INFO:teuthology.orchestra.run.smithi080.stdout:/usr/bin/ceph: stderr
2024-04-26T21:09:48.261+0000 7f55dfa00700 1 --2- 172.21.15.80:0/3642416832 >> [v2:172.21.15.80:3300/0,v1:172.21.15.80:6789/0] conn(0x7f55d8108f00 0x7f55d8109320 unknown :-1 s=CLOSED pgs=22 cs=0 l=1 rev1=1 crypto rx=0 tx=0 comp rx=0 tx=0).stop
2024-04-26T21:09:49.326 INFO:teuthology.orchestra.run.smithi080.stdout:/usr/bin/ceph: stderr
2024-04-26T21:09:48.261+0000 7f55dfa00700 1 -- 172.21.15.80:0/3642416832 >> 172.21.15.80:0/3642416832 conn(0x7f55d8104480 msgr2=0x7f55d81068e0 unknown :-1 s=STATE_NONE l=0).mark_down
2024-04-26T21:09:49.326 INFO:teuthology.orchestra.run.smithi080.stdout:/usr/bin/ceph: stderr
2024-04-26T21:09:48.261+0000 7f55dfa00700 1 -- 172.21.15.80:0/3642416832 shutdown_connections
2024-04-26T21:09:49.326 INFO:teuthology.orchestra.run.smithi080.stdout:/usr/bin/ceph: stderr
2024-04-26T21:09:48.261+0000 7f55dfa00700 1 -- 172.21.15.80:0/3642416832 wait complete.
2024-04-26T21:09:49.327 INFO:teuthology.orchestra.run.smithi080.stdout:/usr/bin/ceph: stderr
2024-04-26T21:09:48.262+0000 7f55dfa00700 1 Processor -- start
2024-04-26T21:09:49.327 INFO:teuthology.orchestra.run.smithi080.stdout:/usr/bin/ceph: stderr
2024-04-26T21:09:48.263+0000 7f55dfa00700 1 -- start start
2024-04-26T21:09:49.327 INFO:teuthology.orchestra.run.smithi080.stdout:/usr/bin/ceph: stderr
2024-04-26T21:09:48.263+0000 7f55dfa00700 1 --2- >> [v2:172.21.15.80:3300/0,v1:172.21.15.80:6789/0] conn(0x7f55d8108f00 0x7f55d819cd50 unknown :-1 s=NONE pgs=0 cs=0 l=1 rev1=0 crypto rx=0 tx=0 comp rx=0 tx=0).connect
2024-04-26T21:09:49.327 INFO:teuthology.orchestra.run.smithi080.stdout:/usr/bin/ceph: stderr
2024-04-26T21:09:48.263+0000 7f55dfa00700 1 -- --> [v2:172.21.15.80:3300/0,v1:172.21.15.80:6789/0] -- mon_getmap magic: 0 -- 0x7f55d810d320 con 0x7f55d8108f00
2024-04-26T21:09:49.327 INFO:teuthology.orchestra.run.smithi080.stdout:/usr/bin/ceph: stderr
2024-04-26T21:09:48.263+0000 7f55dd000700 1 --2- >> [v2:172.21.15.80:3300/0,v1:172.21.15.80:6789/0] conn(0x7f55d8108f00 0x7f55d819cd50 unknown :-1 s=BANNER_CONNECTING pgs=0 cs=0 l=1 rev1=0 crypto rx=0 tx=0 comp rx=0 tx=0)._handle_peer_banner_payload supported=3 required=0
2024-04-26T21:09:49.327 INFO:teuthology.orchestra.run.smithi080.stdout:/usr/bin/ceph: stderr
2024-04-26T21:09:48.263+0000 7f55dd000700 1 --2- >> [v2:172.21.15.80:3300/0,v1:172.21.15.80:6789/0] conn(0x7f55d8108f00 0x7f55d819cd50 unknown :-1 s=HELLO_CONNECTING pgs=0 cs=0 l=1 rev1=1 crypto rx=0 tx=0 comp rx=0 tx=0).handle_hello peer v2:172.21.15.80:3300/0 says I am v2:172.21.15.80:51184/0 (socket says 172.21.15.80:51184)
2024-04-26T21:09:49.330 INFO:teuthology.orchestra.run.smithi080.stdout:/usr/bin/ceph: stderr
2024-04-26T21:09:48.263+0000 7f55dd000700 1 -- 172.21.15.80:0/3961481011 learned_addr learned my addr 172.21.15.80:0/3961481011 (peer_addr_for_me v2:172.21.15.80:0/0)
2024-04-26T21:09:49.330 INFO:teuthology.orchestra.run.smithi080.stdout:/usr/bin/ceph: stderr
2024-04-26T21:09:48.264+0000 7f55dd000700 1 -- 172.21.15.80:0/3961481011 --> [v2:172.21.15.80:3300/0,v1:172.21.15.80:6789/0] -- mon_subscribe({config=0+,monmap=0+}) -- 0x7f55d819d290 con 0x7f55d8108f00
2024-04-26T21:09:49.331 INFO:teuthology.orchestra.run.smithi080.stdout:/usr/bin/ceph: stderr
2024-04-26T21:09:48.264+0000 7f55dd000700 1 --2- 172.21.15.80:0/3961481011 >> [v2:172.21.15.80:3300/0,v1:172.21.15.80:6789/0] conn(0x7f55d8108f00 0x7f55d819cd50 secure :-1 s=READY pgs=23 cs=0 l=1 rev1=1 crypto rx=0x7f55c80116a0 tx=0x7f55c80046a0 comp rx=0 tx=0).ready entity=mon.0 client_cookie=0 server_cookie=0 in_seq=0 out_seq=0
2024-04-26T21:09:49.331 INFO:teuthology.orchestra.run.smithi080.stdout:/usr/bin/ceph: stderr
2024-04-26T21:09:48.264+0000 7f55d6000700 1 -- 172.21.15.80:0/3961481011 <== mon.0 v2:172.21.15.80:3300/0 1 ==== mon_map magic: 0 ==== 205+0+0 (secure 0 0 0) 0x7f55c8003b70 con 0x7f55d8108f00
2024-04-26T21:09:49.331 INFO:teuthology.orchestra.run.smithi080.stdout:/usr/bin/ceph: stderr
2024-04-26T21:09:48.264+0000 7f55d6000700 1 -- 172.21.15.80:0/3961481011 <== mon.0 v2:172.21.15.80:3300/0 2 ==== config(25 keys) ==== 1032+0+0 (secure 0 0 0) 0x7f55c801a8a0 con 0x7f55d8108f00
2024-04-26T21:09:49.331 INFO:teuthology.orchestra.run.smithi080.stdout:/usr/bin/ceph: stderr
2024-04-26T21:09:48.264+0000 7f55dfa00700 1 -- 172.21.15.80:0/3961481011 --> [v2:172.21.15.80:3300/0,v1:172.21.15.80:6789/0] -- mon_subscribe({mgrmap=0+}) -- 0x7f55d819d520 con 0x7f55d8108f00
2024-04-26T21:09:49.331 INFO:teuthology.orchestra.run.smithi080.stdout:/usr/bin/ceph: stderr
2024-04-26T21:09:48.264+0000 7f55d6000700 1 -- 172.21.15.80:0/3961481011 <== mon.0 v2:172.21.15.80:3300/0 3 ==== mon_map magic: 0 ==== 205+0+0 (secure 0 0 0) 0x7f55c8024890 con 0x7f55d8108f00
2024-04-26T21:09:49.331 INFO:teuthology.orchestra.run.smithi080.stdout:/usr/bin/ceph: stderr
2024-04-26T21:09:48.264+0000 7f55dfa00700 1 -- 172.21.15.80:0/3961481011 --> [v2:172.21.15.80:3300/0,v1:172.21.15.80:6789/0] -- mon_subscribe({osdmap=0}) -- 0x7f55d81a0210 con 0x7f55d8108f00
2024-04-26T21:09:49.331 INFO:teuthology.orchestra.run.smithi080.stdout:/usr/bin/ceph: stderr
2024-04-26T21:09:48.265+0000 7f55d6000700 1 -- 172.21.15.80:0/3961481011 <== mon.0 v2:172.21.15.80:3300/0 4 ==== mgrmap(e 4) ==== 46547+0+0 (secure 0 0 0) 0x7f55c8022020 con 0x7f55d8108f00
2024-04-26T21:09:49.331 INFO:teuthology.orchestra.run.smithi080.stdout:/usr/bin/ceph: stderr
2024-04-26T21:09:48.265+0000 7f55dfa00700 1 -- 172.21.15.80:0/3961481011 --> [v2:172.21.15.80:3300/0,v1:172.21.15.80:6789/0] -- mon_command({"prefix": "get_command_descriptions"} v 0) -- 0x7f55d8064a80 con 0x7f55d8108f00
2024-04-26T21:09:49.331 INFO:teuthology.orchestra.run.smithi080.stdout:/usr/bin/ceph: stderr
2024-04-26T21:09:48.266+0000 7f55d6000700 1 --2- 172.21.15.80:0/3961481011 >> [v2:172.21.15.80:6800/2401954280,v1:172.21.15.80:6801/2401954280] conn(0x7f55bc039600 0x7f55bc03bac0 unknown :-1 s=NONE pgs=0 cs=0 l=1 rev1=0 crypto rx=0 tx=0 comp rx=0 tx=0).connect
2024-04-26T21:09:49.331 INFO:teuthology.orchestra.run.smithi080.stdout:/usr/bin/ceph: stderr
2024-04-26T21:09:48.266+0000 7f55d6000700 1 -- 172.21.15.80:0/3961481011 <== mon.0 v2:172.21.15.80:3300/0 5 ==== osd_map(1..1 src has 1..1) ==== 725+0+0 (secure 0 0 0) 0x7f55c804d740 con 0x7f55d8108f00
2024-04-26T21:09:49.331 INFO:teuthology.orchestra.run.smithi080.stdout:/usr/bin/ceph: stderr
2024-04-26T21:09:48.267+0000 7f55cfe00700 1 --2- 172.21.15.80:0/3961481011 >> [v2:172.21.15.80:6800/2401954280,v1:172.21.15.80:6801/2401954280] conn(0x7f55bc039600 0x7f55bc03bac0 unknown :-1 s=BANNER_CONNECTING pgs=0 cs=0 l=1 rev1=0 crypto rx=0 tx=0 comp rx=0 tx=0)._handle_peer_banner_payload supported=3 required=0
2024-04-26T21:09:49.332 INFO:teuthology.orchestra.run.smithi080.stdout:/usr/bin/ceph: stderr
2024-04-26T21:09:48.267+0000 7f55cfe00700 1 --2- 172.21.15.80:0/3961481011 >> [v2:172.21.15.80:6800/2401954280,v1:172.21.15.80:6801/2401954280] conn(0x7f55bc039600 0x7f55bc03bac0 secure :-1 s=READY pgs=8 cs=0 l=1 rev1=1 crypto rx=0x7f55c4006fd0 tx=0x7f55c4006e40 comp rx=0 tx=0).ready entity=mgr.14100 client_cookie=0 server_cookie=0 in_seq=0 out_seq=0
2024-04-26T21:09:49.332 INFO:teuthology.orchestra.run.smithi080.stdout:/usr/bin/ceph: stderr
2024-04-26T21:09:48.271+0000 7f55d6000700 1 -- 172.21.15.80:0/3961481011 <== mon.0 v2:172.21.15.80:3300/0 6 ==== mon_command_ack([{"prefix": "get_command_descriptions"}]=0 v0) ==== 72+0+188494 (secure 0 0 0) 0x7f55c802ad60 con 0x7f55d8108f00
2024-04-26T21:09:49.332 INFO:teuthology.orchestra.run.smithi080.stdout:/usr/bin/ceph: stderr
2024-04-26T21:09:48.560+0000 7f55dfa00700 1 -- 172.21.15.80:0/3961481011 --> [v2:172.21.15.80:3300/0,v1:172.21.15.80:6789/0] -- mon_command({"prefix": "mgr module enable", "module": "cephadm"} v 0) -- 0x7f55d81a03e0 con 0x7f55d8108f00
2024-04-26T21:09:49.332 INFO:teuthology.orchestra.run.smithi080.stdout:/usr/bin/ceph: stderr
2024-04-26T21:09:48.614+0000 7f55d6000700 1 -- 172.21.15.80:0/3961481011 <== mon.0 v2:172.21.15.80:3300/0 7 ==== mon_command_ack([{"prefix": "mgr module enable", "module": "cephadm"}]=0 v5) ==== 86+0+0 (secure 0 0 0) 0x7f55c8017ca0 con 0x7f55d8108f00
2024-04-26T21:09:49.332 INFO:teuthology.orchestra.run.smithi080.stdout:/usr/bin/ceph: stderr
2024-04-26T21:09:48.619+0000 7f55d6000700 1 -- 172.21.15.80:0/3961481011 <== mon.0 v2:172.21.15.80:3300/0 8 ==== mgrmap(e 5) ==== 46558+0+0 (secure 0 0 0) 0x7f55c802c3a0 con 0x7f55d8108f00
2024-04-26T21:09:49.332 INFO:teuthology.orchestra.run.smithi080.stdout:/usr/bin/ceph: stderr
2024-04-26T21:09:48.619+0000 7f55dfa00700 1 -- 172.21.15.80:0/3961481011 >> [v2:172.21.15.80:6800/2401954280,v1:172.21.15.80:6801/2401954280] conn(0x7f55bc039600 msgr2=0x7f55bc03bac0 secure :-1 s=STATE_CONNECTION_ESTABLISHED l=1).mark_down
2024-04-26T21:09:49.332 INFO:teuthology.orchestra.run.smithi080.stdout:/usr/bin/ceph: stderr
2024-04-26T21:09:48.619+0000 7f55dfa00700 1 --2- 172.21.15.80:0/3961481011 >> [v2:172.21.15.80:6800/2401954280,v1:172.21.15.80:6801/2401954280] conn(0x7f55bc039600 0x7f55bc03bac0 secure :-1 s=READY pgs=8 cs=0 l=1 rev1=1 crypto rx=0x7f55c4006fd0 tx=0x7f55c4006e40 comp rx=0 tx=0).stop
2024-04-26T21:09:49.332 INFO:teuthology.orchestra.run.smithi080.stdout:/usr/bin/ceph: stderr
2024-04-26T21:09:48.619+0000 7f55dfa00700 1 -- 172.21.15.80:0/3961481011 >> [v2:172.21.15.80:3300/0,v1:172.21.15.80:6789/0] conn(0x7f55d8108f00 msgr2=0x7f55d819cd50 secure :-1 s=STATE_CONNECTION_ESTABLISHED l=1).mark_down
2024-04-26T21:09:49.332 INFO:teuthology.orchestra.run.smithi080.stdout:/usr/bin/ceph: stderr
2024-04-26T21:09:48.619+0000 7f55dfa00700 1 --2- 172.21.15.80:0/3961481011 >> [v2:172.21.15.80:3300/0,v1:172.21.15.80:6789/0] conn(0x7f55d8108f00 0x7f55d819cd50 secure :-1 s=READY pgs=23 cs=0 l=1 rev1=1 crypto rx=0x7f55c80116a0 tx=0x7f55c80046a0 comp rx=0 tx=0).stop
2024-04-26T21:09:49.332 INFO:teuthology.orchestra.run.smithi080.stdout:/usr/bin/ceph: stderr
2024-04-26T21:09:48.620+0000 7f55dfa00700 1 -- 172.21.15.80:0/3961481011 shutdown_connections
2024-04-26T21:09:49.332 INFO:teuthology.orchestra.run.smithi080.stdout:/usr/bin/ceph: stderr
2024-04-26T21:09:48.620+0000 7f55dfa00700 1 --2- 172.21.15.80:0/3961481011 >> [v2:172.21.15.80:6800/2401954280,v1:172.21.15.80:6801/2401954280] conn(0x7f55bc039600 0x7f55bc03bac0 unknown :-1 s=CLOSED pgs=8 cs=0 l=1 rev1=1 crypto rx=0 tx=0 comp rx=0 tx=0).stop
2024-04-26T21:09:49.333 INFO:teuthology.orchestra.run.smithi080.stdout:/usr/bin/ceph: stderr
2024-04-26T21:09:48.620+0000 7f55dfa00700 1 --2- 172.21.15.80:0/3961481011 >> [v2:172.21.15.80:3300/0,v1:172.21.15.80:6789/0] conn(0x7f55d8108f00 0x7f55d819cd50 unknown :-1 s=CLOSED pgs=23 cs=0 l=1 rev1=1 crypto rx=0 tx=0 comp rx=0 tx=0).stop
2024-04-26T21:09:49.333 INFO:teuthology.orchestra.run.smithi080.stdout:/usr/bin/ceph: stderr
2024-04-26T21:09:48.620+0000 7f55dfa00700 1 -- 172.21.15.80:0/3961481011 >> 172.21.15.80:0/3961481011 conn(0x7f55d8104480 msgr2=0x7f55d8104f40 unknown :-1 s=STATE_NONE l=0).mark_down
2024-04-26T21:09:49.333 INFO:teuthology.orchestra.run.smithi080.stdout:/usr/bin/ceph: stderr
2024-04-26T21:09:48.620+0000 7f55dfa00700 1 -- 172.21.15.80:0/3961481011 shutdown_connections
2024-04-26T21:09:49.333 INFO:teuthology.orchestra.run.smithi080.stdout:/usr/bin/ceph: stderr
2024-04-26T21:09:48.620+0000 7f55dfa00700 1 -- 172.21.15.80:0/3961481011 wait complete.
2024-04-26T21:09:49.883 INFO:journalctl@ceph.mon.a.smithi080.stdout:Apr 26 21:09:49 smithi080 ceph-mon[27817]: from='client.? 172.21.15.80:0/3961481011' entity='client.admin' cmd='[{"prefix": "mgr module enable", "module": "cephadm"}]': finished
2024-04-26T21:09:49.884 INFO:journalctl@ceph.mon.a.smithi080.stdout:Apr 26 21:09:49 smithi080 ceph-mon[27817]: mgrmap e5: x(active, since 5s)
2024-04-26T21:09:49.884 INFO:journalctl@ceph.mgr.x.smithi080.stdout:Apr 26 21:09:49 smithi080 ceph-15462588-0411-11ef-bc93-c7b262605968-mgr-x[28056]:
2024-04-26T21:09:49.677+0000 7ffac3825200 -1 mgr[py] Module progress has missing NOTIFY_TYPES member
2024-04-26T21:09:49.884 INFO:journalctl@ceph.mgr.x.smithi080.stdout:Apr 26 21:09:49 smithi080 ceph-15462588-0411-11ef-bc93-c7b262605968-mgr-x[28056]:
2024-04-26T21:09:49.790+0000 7ffac3825200 -1 mgr[py] Module influx has missing NOTIFY_TYPES member
2024-04-26T21:09:50.898 INFO:journalctl@ceph.mon.a.smithi080.stdout:Apr 26 21:09:50 smithi080 ceph-mon[27817]: from='client.? 172.21.15.80:0/747764357' entity='client.admin' cmd=[{"prefix": "mgr stat"}]: dispatch
2024-04-26T21:09:50.964 INFO:teuthology.orchestra.run.smithi080.stdout:/usr/bin/ceph: stdout {
2024-04-26T21:09:50.964 INFO:teuthology.orchestra.run.smithi080.stdout:/usr/bin/ceph: stdout "epoch": 5,
2024-04-26T21:09:50.965 INFO:teuthology.orchestra.run.smithi080.stdout:/usr/bin/ceph: stdout "available": true,
2024-04-26T21:09:50.965 INFO:teuthology.orchestra.run.smithi080.stdout:/usr/bin/ceph: stdout "active_name": "x",
2024-04-26T21:09:50.965 INFO:teuthology.orchestra.run.smithi080.stdout:/usr/bin/ceph: stdout "num_standby": 0
2024-04-26T21:09:50.965 INFO:teuthology.orchestra.run.smithi080.stdout:/usr/bin/ceph: stdout }
2024-04-26T21:09:50.965 INFO:teuthology.orchestra.run.smithi080.stdout:/usr/bin/ceph: stderr
2024-04-26T21:09:49.928+0000 7f2e4be00700 1 Processor -- start
2024-04-26T21:09:50.965 INFO:teuthology.orchestra.run.smithi080.stdout:/usr/bin/ceph: stderr
2024-04-26T21:09:49.928+0000 7f2e4be00700 1 -- start start
2024-04-26T21:09:50.965 INFO:teuthology.orchestra.run.smithi080.stdout:/usr/bin/ceph: stderr
2024-04-26T21:09:49.928+0000 7f2e4be00700 1 --2- >> [v2:172.21.15.80:3300/0,v1:172.21.15.80:6789/0] conn(0x7f2e4407dd80 0x7f2e4407c1e0 unknown :-1 s=NONE pgs=0 cs=0 l=0 rev1=0 crypto rx=0 tx=0 comp rx=0 tx=0).connect
2024-04-26T21:09:50.965 INFO:teuthology.orchestra.run.smithi080.stdout:/usr/bin/ceph: stderr
2024-04-26T21:09:49.928+0000 7f2e4be00700 1 -- --> [v2:172.21.15.80:3300/0,v1:172.21.15.80:6789/0] -- mon_getmap magic: 0 -- 0x7f2e4407c7b0 con 0x7f2e4407dd80
2024-04-26T21:09:50.965 INFO:teuthology.orchestra.run.smithi080.stdout:/usr/bin/ceph: stderr
2024-04-26T21:09:49.929+0000 7f2e49400700 1 --2- >> [v2:172.21.15.80:3300/0,v1:172.21.15.80:6789/0] conn(0x7f2e4407dd80 0x7f2e4407c1e0 unknown :-1 s=BANNER_CONNECTING pgs=0 cs=0 l=0 rev1=0 crypto rx=0 tx=0 comp rx=0 tx=0)._handle_peer_banner_payload supported=3 required=0
2024-04-26T21:09:50.965 INFO:teuthology.orchestra.run.smithi080.stdout:/usr/bin/ceph: stderr
2024-04-26T21:09:49.929+0000 7f2e49400700 1 --2- >> [v2:172.21.15.80:3300/0,v1:172.21.15.80:6789/0] conn(0x7f2e4407dd80 0x7f2e4407c1e0 unknown :-1 s=HELLO_CONNECTING pgs=0 cs=0 l=0 rev1=1 crypto rx=0 tx=0 comp rx=0 tx=0).handle_hello peer v2:172.21.15.80:3300/0 says I am v2:172.21.15.80:51218/0 (socket says 172.21.15.80:51218)
2024-04-26T21:09:50.965 INFO:teuthology.orchestra.run.smithi080.stdout:/usr/bin/ceph: stderr
2024-04-26T21:09:49.929+0000 7f2e49400700 1 -- 172.21.15.80:0/1799653005 learned_addr learned my addr 172.21.15.80:0/1799653005 (peer_addr_for_me v2:172.21.15.80:0/0)
2024-04-26T21:09:50.965 INFO:teuthology.orchestra.run.smithi080.stdout:/usr/bin/ceph: stderr
2024-04-26T21:09:49.929+0000 7f2e49400700 1 -- 172.21.15.80:0/1799653005 --> [v2:172.21.15.80:3300/0,v1:172.21.15.80:6789/0] -- mon_subscribe({config=0+,monmap=0+}) -- 0x7f2e4407c930 con 0x7f2e4407dd80
2024-04-26T21:09:50.965 INFO:teuthology.orchestra.run.smithi080.stdout:/usr/bin/ceph: stderr
2024-04-26T21:09:49.929+0000 7f2e49400700 1 --2- 172.21.15.80:0/1799653005 >> [v2:172.21.15.80:3300/0,v1:172.21.15.80:6789/0] conn(0x7f2e4407dd80 0x7f2e4407c1e0 secure :-1 s=READY pgs=26 cs=0 l=1 rev1=1 crypto rx=0x7f2e380098a0 tx=0x7f2e38009bb0 comp rx=0 tx=0).ready entity=mon.0 client_cookie=63b2b7b445abe48a server_cookie=0 in_seq=0 out_seq=0
2024-04-26T21:09:50.966 INFO:teuthology.orchestra.run.smithi080.stdout:/usr/bin/ceph: stderr
2024-04-26T21:09:49.930+0000 7f2e43e00700 1 -- 172.21.15.80:0/1799653005 <== mon.0 v2:172.21.15.80:3300/0 1 ==== mon_map magic: 0 ==== 205+0+0 (secure 0 0 0) 0x7f2e38004160 con 0x7f2e4407dd80
2024-04-26T21:09:50.966 INFO:teuthology.orchestra.run.smithi080.stdout:/usr/bin/ceph: stderr
2024-04-26T21:09:49.930+0000 7f2e43e00700 1 -- 172.21.15.80:0/1799653005 <== mon.0 v2:172.21.15.80:3300/0 2 ==== config(25 keys) ==== 1032+0+0 (secure 0 0 0) 0x7f2e38004300 con 0x7f2e4407dd80
2024-04-26T21:09:50.966 INFO:teuthology.orchestra.run.smithi080.stdout:/usr/bin/ceph: stderr
2024-04-26T21:09:49.930+0000 7f2e43e00700 1 -- 172.21.15.80:0/1799653005 <== mon.0 v2:172.21.15.80:3300/0 3 ==== mon_map magic: 0 ==== 205+0+0 (secure 0 0 0) 0x7f2e380119e0 con 0x7f2e4407dd80
2024-04-26T21:09:50.966 INFO:teuthology.orchestra.run.smithi080.stdout:/usr/bin/ceph: stderr
2024-04-26T21:09:49.930+0000 7f2e4be00700 1 -- 172.21.15.80:0/1799653005 >> [v2:172.21.15.80:3300/0,v1:172.21.15.80:6789/0] conn(0x7f2e4407dd80 msgr2=0x7f2e4407c1e0 secure :-1 s=STATE_CONNECTION_ESTABLISHED l=1).mark_down
2024-04-26T21:09:50.966 INFO:teuthology.orchestra.run.smithi080.stdout:/usr/bin/ceph: stderr
2024-04-26T21:09:49.930+0000 7f2e4be00700 1 --2- 172.21.15.80:0/1799653005 >> [v2:172.21.15.80:3300/0,v1:172.21.15.80:6789/0] conn(0x7f2e4407dd80 0x7f2e4407c1e0 secure :-1 s=READY pgs=26 cs=0 l=1 rev1=1 crypto rx=0x7f2e380098a0 tx=0x7f2e38009bb0 comp rx=0 tx=0).stop
2024-04-26T21:09:50.966 INFO:teuthology.orchestra.run.smithi080.stdout:/usr/bin/ceph: stderr
2024-04-26T21:09:49.931+0000 7f2e4be00700 1 -- 172.21.15.80:0/1799653005 shutdown_connections
2024-04-26T21:09:50.966 INFO:teuthology.orchestra.run.smithi080.stdout:/usr/bin/ceph: stderr
2024-04-26T21:09:49.931+0000 7f2e4be00700 1 --2- 172.21.15.80:0/1799653005 >> [v2:172.21.15.80:3300/0,v1:172.21.15.80:6789/0] conn(0x7f2e4407dd80 0x7f2e4407c1e0 unknown :-1 s=CLOSED pgs=26 cs=0 l=1 rev1=1 crypto rx=0 tx=0 comp rx=0 tx=0).stop
2024-04-26T21:09:50.966 INFO:teuthology.orchestra.run.smithi080.stdout:/usr/bin/ceph: stderr
2024-04-26T21:09:49.931+0000 7f2e4be00700 1 -- 172.21.15.80:0/1799653005 >> 172.21.15.80:0/1799653005 conn(0x7f2e44104480 msgr2=0x7f2e441068e0 unknown :-1 s=STATE_NONE l=0).mark_down
2024-04-26T21:09:50.966 INFO:teuthology.orchestra.run.smithi080.stdout:/usr/bin/ceph: stderr
2024-04-26T21:09:49.931+0000 7f2e4be00700 1 -- 172.21.15.80:0/1799653005 shutdown_connections
2024-04-26T21:09:50.966 INFO:teuthology.orchestra.run.smithi080.stdout:/usr/bin/ceph: stderr
2024-04-26T21:09:49.931+0000 7f2e4be00700 1 -- 172.21.15.80:0/1799653005 wait complete.
2024-04-26T21:09:50.966 INFO:teuthology.orchestra.run.smithi080.stdout:/usr/bin/ceph: stderr
2024-04-26T21:09:49.932+0000 7f2e4be00700 1 Processor -- start
2024-04-26T21:09:50.966 INFO:teuthology.orchestra.run.smithi080.stdout:/usr/bin/ceph: stderr
2024-04-26T21:09:49.932+0000 7f2e4be00700 1 -- start start
2024-04-26T21:09:50.966 INFO:teuthology.orchestra.run.smithi080.stdout:/usr/bin/ceph: stderr
2024-04-26T21:09:49.932+0000 7f2e4be00700 1 --2- >> [v2:172.21.15.80:3300/0,v1:172.21.15.80:6789/0] conn(0x7f2e4407dd80 0x7f2e4419efc0 unknown :-1 s=NONE pgs=0 cs=0 l=1 rev1=0 crypto rx=0 tx=0 comp rx=0 tx=0).connect
2024-04-26T21:09:50.967 INFO:teuthology.orchestra.run.smithi080.stdout:/usr/bin/ceph: stderr
2024-04-26T21:09:49.932+0000 7f2e4be00700 1 -- --> [v2:172.21.15.80:3300/0,v1:172.21.15.80:6789/0] -- mon_getmap magic: 0 -- 0x7f2e4410f470 con 0x7f2e4407dd80
2024-04-26T21:09:50.967 INFO:teuthology.orchestra.run.smithi080.stdout:/usr/bin/ceph: stderr
2024-04-26T21:09:49.932+0000 7f2e49400700 1 --2- >> [v2:172.21.15.80:3300/0,v1:172.21.15.80:6789/0] conn(0x7f2e4407dd80 0x7f2e4419efc0 unknown :-1 s=BANNER_CONNECTING pgs=0 cs=0 l=1 rev1=0 crypto rx=0 tx=0 comp rx=0 tx=0)._handle_peer_banner_payload supported=3 required=0
2024-04-26T21:09:50.967 INFO:teuthology.orchestra.run.smithi080.stdout:/usr/bin/ceph: stderr
2024-04-26T21:09:49.933+0000 7f2e49400700 1 --2- >> [v2:172.21.15.80:3300/0,v1:172.21.15.80:6789/0] conn(0x7f2e4407dd80 0x7f2e4419efc0 unknown :-1 s=HELLO_CONNECTING pgs=0 cs=0 l=1 rev1=1 crypto rx=0 tx=0 comp rx=0 tx=0).handle_hello peer v2:172.21.15.80:3300/0 says I am v2:172.21.15.80:51224/0 (socket says 172.21.15.80:51224)
2024-04-26T21:09:50.967 INFO:teuthology.orchestra.run.smithi080.stdout:/usr/bin/ceph: stderr
2024-04-26T21:09:49.933+0000 7f2e49400700 1 -- 172.21.15.80:0/747764357 learned_addr learned my addr 172.21.15.80:0/747764357 (peer_addr_for_me v2:172.21.15.80:0/0)
2024-04-26T21:09:50.967 INFO:teuthology.orchestra.run.smithi080.stdout:/usr/bin/ceph: stderr
2024-04-26T21:09:49.933+0000 7f2e49400700 1 -- 172.21.15.80:0/747764357 --> [v2:172.21.15.80:3300/0,v1:172.21.15.80:6789/0] -- mon_subscribe({config=0+,monmap=0+}) -- 0x7f2e4419f500 con 0x7f2e4407dd80
2024-04-26T21:09:50.967 INFO:teuthology.orchestra.run.smithi080.stdout:/usr/bin/ceph: stderr
2024-04-26T21:09:49.933+0000 7f2e49400700 1 --2- 172.21.15.80:0/747764357 >> [v2:172.21.15.80:3300/0,v1:172.21.15.80:6789/0] conn(0x7f2e4407dd80 0x7f2e4419efc0 secure :-1 s=READY pgs=27 cs=0 l=1 rev1=1 crypto rx=0x7f2e380116a0 tx=0x7f2e380046a0 comp rx=0 tx=0).ready entity=mon.0 client_cookie=0 server_cookie=0 in_seq=0 out_seq=0
2024-04-26T21:09:50.967 INFO:teuthology.orchestra.run.smithi080.stdout:/usr/bin/ceph: stderr
2024-04-26T21:09:49.933+0000 7f2e42000700 1 -- 172.21.15.80:0/747764357 <== mon.0 v2:172.21.15.80:3300/0 1 ==== mon_map magic: 0 ==== 205+0+0 (secure 0 0 0) 0x7f2e38003b70 con 0x7f2e4407dd80
2024-04-26T21:09:50.967 INFO:teuthology.orchestra.run.smithi080.stdout:/usr/bin/ceph: stderr
2024-04-26T21:09:49.933+0000 7f2e42000700 1 -- 172.21.15.80:0/747764357 <== mon.0 v2:172.21.15.80:3300/0 2 ==== config(25 keys) ==== 1032+0+0 (secure 0 0 0) 0x7f2e3801a8a0 con 0x7f2e4407dd80
2024-04-26T21:09:50.968 INFO:teuthology.orchestra.run.smithi080.stdout:/usr/bin/ceph: stderr
2024-04-26T21:09:49.933+0000 7f2e4be00700 1 -- 172.21.15.80:0/747764357 --> [v2:172.21.15.80:3300/0,v1:172.21.15.80:6789/0] -- mon_subscribe({mgrmap=0+}) -- 0x7f2e4419f790 con 0x7f2e4407dd80
2024-04-26T21:09:50.968 INFO:teuthology.orchestra.run.smithi080.stdout:/usr/bin/ceph: stderr
2024-04-26T21:09:49.933+0000 7f2e42000700 1 -- 172.21.15.80:0/747764357 <== mon.0 v2:172.21.15.80:3300/0 3 ==== mon_map magic: 0 ==== 205+0+0 (secure 0 0 0) 0x7f2e38024890 con 0x7f2e4407dd80
2024-04-26T21:09:50.968 INFO:teuthology.orchestra.run.smithi080.stdout:/usr/bin/ceph: stderr
2024-04-26T21:09:49.934+0000 7f2e4be00700 1 -- 172.21.15.80:0/747764357 --> [v2:172.21.15.80:3300/0,v1:172.21.15.80:6789/0] -- mon_subscribe({osdmap=0}) -- 0x7f2e441a2480 con 0x7f2e4407dd80
2024-04-26T21:09:50.968 INFO:teuthology.orchestra.run.smithi080.stdout:/usr/bin/ceph: stderr
2024-04-26T21:09:49.935+0000 7f2e4be00700 1 -- 172.21.15.80:0/747764357 --> [v2:172.21.15.80:3300/0,v1:172.21.15.80:6789/0] -- mon_command({"prefix": "get_command_descriptions"} v 0) -- 0x7f2e44064a80 con 0x7f2e4407dd80
2024-04-26T21:09:50.968 INFO:teuthology.orchestra.run.smithi080.stdout:/usr/bin/ceph: stderr
2024-04-26T21:09:49.935+0000 7f2e42000700 1 -- 172.21.15.80:0/747764357 <== mon.0 v2:172.21.15.80:3300/0 4 ==== mgrmap(e 5) ==== 46558+0+0 (secure 0 0 0) 0x7f2e38022020 con 0x7f2e4407dd80
2024-04-26T21:09:50.968 INFO:teuthology.orchestra.run.smithi080.stdout:/usr/bin/ceph: stderr
2024-04-26T21:09:49.935+0000 7f2e42000700 1 --2- 172.21.15.80:0/747764357 >> [v2:172.21.15.80:6800/2401954280,v1:172.21.15.80:6801/2401954280] conn(0x7f2e2c039600 0x7f2e2c03bac0 unknown :-1 s=NONE pgs=0 cs=0 l=1 rev1=0 crypto rx=0 tx=0 comp rx=0 tx=0).connect
2024-04-26T21:09:50.968 INFO:teuthology.orchestra.run.smithi080.stdout:/usr/bin/ceph: stderr
2024-04-26T21:09:49.935+0000 7f2e42000700 1 -- 172.21.15.80:0/747764357 <== mon.0 v2:172.21.15.80:3300/0 5 ==== osd_map(1..1 src has 1..1) ==== 725+0+0 (secure 0 0 0) 0x7f2e3804d800 con 0x7f2e4407dd80
2024-04-26T21:09:50.969 INFO:teuthology.orchestra.run.smithi080.stdout:/usr/bin/ceph: stderr
2024-04-26T21:09:49.935+0000 7f2e48a00700 1 -- 172.21.15.80:0/747764357 >> [v2:172.21.15.80:6800/2401954280,v1:172.21.15.80:6801/2401954280] conn(0x7f2e2c039600 msgr2=0x7f2e2c03bac0 unknown :-1 s=STATE_CONNECTING_RE l=1).process reconnect failed to v2:172.21.15.80:6800/2401954280
2024-04-26T21:09:50.969 INFO:teuthology.orchestra.run.smithi080.stdout:/usr/bin/ceph: stderr
2024-04-26T21:09:49.936+0000 7f2e48a00700 1 --2- 172.21.15.80:0/747764357 >> [v2:172.21.15.80:6800/2401954280,v1:172.21.15.80:6801/2401954280] conn(0x7f2e2c039600 0x7f2e2c03bac0 unknown :-1 s=START_CONNECT pgs=0 cs=0 l=1 rev1=0 crypto rx=0 tx=0 comp rx=0 tx=0)._fault waiting 0.200000
2024-04-26T21:09:50.969 INFO:teuthology.orchestra.run.smithi080.stdout:/usr/bin/ceph: stderr
2024-04-26T21:09:49.941+0000 7f2e42000700 1 -- 172.21.15.80:0/747764357 <== mon.0 v2:172.21.15.80:3300/0 6 ==== mon_command_ack([{"prefix": "get_command_descriptions"}]=0 v0) ==== 72+0+188494 (secure 0 0 0) 0x7f2e3802c3a0 con 0x7f2e4407dd80
2024-04-26T21:09:50.969 INFO:teuthology.orchestra.run.smithi080.stdout:/usr/bin/ceph: stderr
2024-04-26T21:09:50.137+0000 7f2e48a00700 1 -- 172.21.15.80:0/747764357 >> [v2:172.21.15.80:6800/2401954280,v1:172.21.15.80:6801/2401954280] conn(0x7f2e2c039600 msgr2=0x7f2e2c03bac0 unknown :-1 s=STATE_CONNECTING_RE l=1).process reconnect failed to v2:172.21.15.80:6800/2401954280
2024-04-26T21:09:50.969 INFO:teuthology.orchestra.run.smithi080.stdout:/usr/bin/ceph: stderr
2024-04-26T21:09:50.137+0000 7f2e48a00700 1 --2- 172.21.15.80:0/747764357 >> [v2:172.21.15.80:6800/2401954280,v1:172.21.15.80:6801/2401954280] conn(0x7f2e2c039600 0x7f2e2c03bac0 unknown :-1 s=START_CONNECT pgs=0 cs=0 l=1 rev1=0 crypto rx=0 tx=0 comp rx=0 tx=0)._fault waiting 0.400000
2024-04-26T21:09:50.969 INFO:teuthology.orchestra.run.smithi080.stdout:/usr/bin/ceph: stderr
2024-04-26T21:09:50.226+0000 7f2e4be00700 1 -- 172.21.15.80:0/747764357 --> [v2:172.21.15.80:3300/0,v1:172.21.15.80:6789/0] -- mon_command({"prefix": "mgr stat"} v 0) -- 0x7f2e441a2650 con 0x7f2e4407dd80
2024-04-26T21:09:50.969 INFO:teuthology.orchestra.run.smithi080.stdout:/usr/bin/ceph: stderr
2024-04-26T21:09:50.227+0000 7f2e42000700 1 -- 172.21.15.80:0/747764357 <== mon.0 v2:172.21.15.80:3300/0 7 ==== mon_command_ack([{"prefix": "mgr stat"}]=0 v5) ==== 56+0+88 (secure 0 0 0) 0x7f2e3800f2e0 con 0x7f2e4407dd80
2024-04-26T21:09:50.969 INFO:teuthology.orchestra.run.smithi080.stdout:/usr/bin/ceph: stderr
2024-04-26T21:09:50.229+0000 7f2e4be00700 1 -- 172.21.15.80:0/747764357 >> [v2:172.21.15.80:6800/2401954280,v1:172.21.15.80:6801/2401954280] conn(0x7f2e2c039600 msgr2=0x7f2e2c03bac0 unknown :-1 s=STATE_CONNECTING l=1).mark_down
2024-04-26T21:09:50.969 INFO:teuthology.orchestra.run.smithi080.stdout:/usr/bin/ceph: stderr
2024-04-26T21:09:50.229+0000 7f2e4be00700 1 --2- 172.21.15.80:0/747764357 >> [v2:172.21.15.80:6800/2401954280,v1:172.21.15.80:6801/2401954280] conn(0x7f2e2c039600 0x7f2e2c03bac0 unknown :-1 s=START_CONNECT pgs=0 cs=0 l=1 rev1=0 crypto rx=0 tx=0 comp rx=0 tx=0).stop
2024-04-26T21:09:50.969 INFO:teuthology.orchestra.run.smithi080.stdout:/usr/bin/ceph: stderr
2024-04-26T21:09:50.229+0000 7f2e4be00700 1 -- 172.21.15.80:0/747764357 >> [v2:172.21.15.80:3300/0,v1:172.21.15.80:6789/0] conn(0x7f2e4407dd80 msgr2=0x7f2e4419efc0 secure :-1 s=STATE_CONNECTION_ESTABLISHED l=1).mark_down
2024-04-26T21:09:50.969 INFO:teuthology.orchestra.run.smithi080.stdout:/usr/bin/ceph: stderr
2024-04-26T21:09:50.229+0000 7f2e4be00700 1 --2- 172.21.15.80:0/747764357 >> [v2:172.21.15.80:3300/0,v1:172.21.15.80:6789/0] conn(0x7f2e4407dd80 0x7f2e4419efc0 secure :-1 s=READY pgs=27 cs=0 l=1 rev1=1 crypto rx=0x7f2e380116a0 tx=0x7f2e380046a0 comp rx=0 tx=0).stop
2024-04-26T21:09:50.969 INFO:teuthology.orchestra.run.smithi080.stdout:/usr/bin/ceph: stderr
2024-04-26T21:09:50.230+0000 7f2e4be00700 1 -- 172.21.15.80:0/747764357 shutdown_connections
2024-04-26T21:09:50.969 INFO:teuthology.orchestra.run.smithi080.stdout:/usr/bin/ceph: stderr
2024-04-26T21:09:50.230+0000 7f2e4be00700 1 --2- 172.21.15.80:0/747764357 >> [v2:172.21.15.80:6800/2401954280,v1:172.21.15.80:6801/2401954280] conn(0x7f2e2c039600 0x7f2e2c03bac0 unknown :-1 s=CLOSED pgs=0 cs=0 l=1 rev1=0 crypto rx=0 tx=0 comp rx=0 tx=0).stop
2024-04-26T21:09:50.969 INFO:teuthology.orchestra.run.smithi080.stdout:/usr/bin/ceph: stderr
2024-04-26T21:09:50.230+0000 7f2e4be00700 1 --2- 172.21.15.80:0/747764357 >> [v2:172.21.15.80:3300/0,v1:172.21.15.80:6789/0] conn(0x7f2e4407dd80 0x7f2e4419efc0 unknown :-1 s=CLOSED pgs=27 cs=0 l=1 rev1=1 crypto rx=0 tx=0 comp rx=0 tx=0).stop
2024-04-26T21:09:50.970 INFO:teuthology.orchestra.run.smithi080.stdout:/usr/bin/ceph: stderr
2024-04-26T21:09:50.230+0000 7f2e4be00700 1 -- 172.21.15.80:0/747764357 >> 172.21.15.80:0/747764357 conn(0x7f2e44104480 msgr2=0x7f2e44104fe0 unknown :-1 s=STATE_NONE l=0).mark_down
2024-04-26T21:09:50.970 INFO:teuthology.orchestra.run.smithi080.stdout:/usr/bin/ceph: stderr
2024-04-26T21:09:50.230+0000 7f2e4be00700 1 -- 172.21.15.80:0/747764357 shutdown_connections
2024-04-26T21:09:50.970 INFO:teuthology.orchestra.run.smithi080.stdout:/usr/bin/ceph: stderr
2024-04-26T21:09:50.230+0000 7f2e4be00700 1 -- 172.21.15.80:0/747764357 wait complete.
2024-04-26T21:09:50.970 INFO:teuthology.orchestra.run.smithi080.stdout:Waiting for the mgr to restart...
2024-04-26T21:09:50.970 INFO:teuthology.orchestra.run.smithi080.stdout:Waiting for mgr epoch 5...
2024-04-26T21:09:51.472 INFO:journalctl@ceph.mgr.x.smithi080.stdout:Apr 26 21:09:51 smithi080 ceph-15462588-0411-11ef-bc93-c7b262605968-mgr-x[28056]:
2024-04-26T21:09:51.358+0000 7ffac3825200 -1 mgr[py] Module telegraf has missing NOTIFY_TYPES member
2024-04-26T21:09:51.807 INFO:journalctl@ceph.mgr.x.smithi080.stdout:Apr 26 21:09:51 smithi080 ceph-15462588-0411-11ef-bc93-c7b262605968-mgr-x[28056]:
2024-04-26T21:09:51.592+0000 7ffac3825200 -1 mgr[py] Module osd_support has missing NOTIFY_TYPES member
2024-04-26T21:09:51.807 INFO:journalctl@ceph.mgr.x.smithi080.stdout:Apr 26 21:09:51 smithi080 ceph-15462588-0411-11ef-bc93-c7b262605968-mgr-x[28056]:
2024-04-26T21:09:51.805+0000 7ffac3825200 -1 mgr[py] Module iostat has missing NOTIFY_TYPES member
2024-04-26T21:09:52.398 INFO:journalctl@ceph.mgr.x.smithi080.stdout:Apr 26 21:09:52 smithi080 ceph-15462588-0411-11ef-bc93-c7b262605968-mgr-x[28056]:
2024-04-26T21:09:52.179+0000 7ffac3825200 -1 mgr[py] Module alerts has missing NOTIFY_TYPES member
2024-04-26T21:09:52.398 INFO:journalctl@ceph.mgr.x.smithi080.stdout:Apr 26 21:09:52 smithi080 ceph-15462588-0411-11ef-bc93-c7b262605968-mgr-x[28056]:
2024-04-26T21:09:52.300+0000 7ffac3825200 -1 mgr[py] Module selftest has missing NOTIFY_TYPES member
2024-04-26T21:09:52.898 INFO:journalctl@ceph.mgr.x.smithi080.stdout:Apr 26 21:09:52 smithi080 ceph-15462588-0411-11ef-bc93-c7b262605968-mgr-x[28056]:
2024-04-26T21:09:52.550+0000 7ffac3825200 -1 mgr[py] Module pg_autoscaler has missing NOTIFY_TYPES member
2024-04-26T21:09:52.898 INFO:journalctl@ceph.mgr.x.smithi080.stdout:Apr 26 21:09:52 smithi080 ceph-15462588-0411-11ef-bc93-c7b262605968-mgr-x[28056]:
