2024-04-26T21:12:05.043+0000 7f9e4cc00700 1 -- 172.21.15.8:0/4092219716 --> [v2:172.21.15.8:3300/0,v1:172.21.15.8:6789/0] -- mon_subscribe({mgrmap=0+}) -- 0x7f9e4819f610 con 0x7f9e48109780
2024-04-26T21:12:13.238 INFO:teuthology.orchestra.run.smithi008.stdout:/usr/bin/ceph: stderr
2024-04-26T21:12:05.043+0000 7f9e4cc00700 1 -- 172.21.15.8:0/4092219716 --> [v2:172.21.15.8:3300/0,v1:172.21.15.8:6789/0] -- mon_subscribe({osdmap=0}) -- 0x7f9e481a2300 con 0x7f9e48109780
2024-04-26T21:12:13.238 INFO:teuthology.orchestra.run.smithi008.stdout:/usr/bin/ceph: stderr
2024-04-26T21:12:05.045+0000 7f9e3ea00700 1 -- 172.21.15.8:0/4092219716 <== mon.0 v2:172.21.15.8:3300/0 4 ==== mgrmap(e 9) ==== 46571+0+0 (secure 0 0 0) 0x7f9e3801b440 con 0x7f9e48109780
2024-04-26T21:12:13.238 INFO:teuthology.orchestra.run.smithi008.stdout:/usr/bin/ceph: stderr
2024-04-26T21:12:05.046+0000 7f9e3ea00700 1 --2- 172.21.15.8:0/4092219716 >> [v2:172.21.15.8:6800/2596810887,v1:172.21.15.8:6801/2596810887] conn(0x7f9e2c039660 0x7f9e2c03bb20 unknown :-1 s=NONE pgs=0 cs=0 l=1 rev1=0 crypto rx=0 tx=0 comp rx=0 tx=0).connect
2024-04-26T21:12:13.246 INFO:teuthology.orchestra.run.smithi008.stdout:/usr/bin/ceph: stderr
2024-04-26T21:12:05.046+0000 7f9e3ea00700 1 -- 172.21.15.8:0/4092219716 --> [v2:172.21.15.8:6800/2596810887,v1:172.21.15.8:6801/2596810887] -- command(tid 0: {"prefix": "get_command_descriptions"}) -- 0x7f9e2c03c230 con 0x7f9e2c039660
2024-04-26T21:12:13.246 INFO:teuthology.orchestra.run.smithi008.stdout:/usr/bin/ceph: stderr
2024-04-26T21:12:05.046+0000 7f9e3ea00700 1 -- 172.21.15.8:0/4092219716 <== mon.0 v2:172.21.15.8:3300/0 5 ==== osd_map(2..2 src has 1..2) ==== 940+0+0 (secure 0 0 0) 0x7f9e3804df20 con 0x7f9e48109780
2024-04-26T21:12:13.247 INFO:teuthology.orchestra.run.smithi008.stdout:/usr/bin/ceph: stderr
2024-04-26T21:12:05.046+0000 7f9e45400700 1 -- 172.21.15.8:0/4092219716 >> [v2:172.21.15.8:6800/2596810887,v1:172.21.15.8:6801/2596810887] conn(0x7f9e2c039660 msgr2=0x7f9e2c03bb20 unknown :-1 s=STATE_CONNECTING_RE l=1).process reconnect failed to v2:172.21.15.8:6800/2596810887
2024-04-26T21:12:13.247 INFO:teuthology.orchestra.run.smithi008.stdout:/usr/bin/ceph: stderr
2024-04-26T21:12:05.046+0000 7f9e45400700 1 --2- 172.21.15.8:0/4092219716 >> [v2:172.21.15.8:6800/2596810887,v1:172.21.15.8:6801/2596810887] conn(0x7f9e2c039660 0x7f9e2c03bb20 unknown :-1 s=START_CONNECT pgs=0 cs=0 l=1 rev1=0 crypto rx=0 tx=0 comp rx=0 tx=0)._fault waiting 0.200000
2024-04-26T21:12:13.247 INFO:teuthology.orchestra.run.smithi008.stdout:/usr/bin/ceph: stderr
2024-04-26T21:12:05.247+0000 7f9e45400700 1 -- 172.21.15.8:0/4092219716 >> [v2:172.21.15.8:6800/2596810887,v1:172.21.15.8:6801/2596810887] conn(0x7f9e2c039660 msgr2=0x7f9e2c03bb20 unknown :-1 s=STATE_CONNECTING_RE l=1).process reconnect failed to v2:172.21.15.8:6800/2596810887
2024-04-26T21:12:13.247 INFO:teuthology.orchestra.run.smithi008.stdout:/usr/bin/ceph: stderr
2024-04-26T21:12:05.247+0000 7f9e45400700 1 --2- 172.21.15.8:0/4092219716 >> [v2:172.21.15.8:6800/2596810887,v1:172.21.15.8:6801/2596810887] conn(0x7f9e2c039660 0x7f9e2c03bb20 unknown :-1 s=START_CONNECT pgs=0 cs=0 l=1 rev1=0 crypto rx=0 tx=0 comp rx=0 tx=0)._fault waiting 0.400000
2024-04-26T21:12:13.247 INFO:teuthology.orchestra.run.smithi008.stdout:/usr/bin/ceph: stderr
2024-04-26T21:12:05.648+0000 7f9e45400700 1 -- 172.21.15.8:0/4092219716 >> [v2:172.21.15.8:6800/2596810887,v1:172.21.15.8:6801/2596810887] conn(0x7f9e2c039660 msgr2=0x7f9e2c03bb20 unknown :-1 s=STATE_CONNECTING_RE l=1).process reconnect failed to v2:172.21.15.8:6800/2596810887
2024-04-26T21:12:13.247 INFO:teuthology.orchestra.run.smithi008.stdout:/usr/bin/ceph: stderr
2024-04-26T21:12:05.648+0000 7f9e45400700 1 --2- 172.21.15.8:0/4092219716 >> [v2:172.21.15.8:6800/2596810887,v1:172.21.15.8:6801/2596810887] conn(0x7f9e2c039660 0x7f9e2c03bb20 unknown :-1 s=START_CONNECT pgs=0 cs=0 l=1 rev1=0 crypto rx=0 tx=0 comp rx=0 tx=0)._fault waiting 0.800000
2024-04-26T21:12:13.247 INFO:teuthology.orchestra.run.smithi008.stdout:/usr/bin/ceph: stderr
2024-04-26T21:12:06.449+0000 7f9e45400700 1 -- 172.21.15.8:0/4092219716 >> [v2:172.21.15.8:6800/2596810887,v1:172.21.15.8:6801/2596810887] conn(0x7f9e2c039660 msgr2=0x7f9e2c03bb20 unknown :-1 s=STATE_CONNECTING_RE l=1).process reconnect failed to v2:172.21.15.8:6800/2596810887
2024-04-26T21:12:13.247 INFO:teuthology.orchestra.run.smithi008.stdout:/usr/bin/ceph: stderr
2024-04-26T21:12:06.449+0000 7f9e45400700 1 --2- 172.21.15.8:0/4092219716 >> [v2:172.21.15.8:6800/2596810887,v1:172.21.15.8:6801/2596810887] conn(0x7f9e2c039660 0x7f9e2c03bb20 unknown :-1 s=START_CONNECT pgs=0 cs=0 l=1 rev1=0 crypto rx=0 tx=0 comp rx=0 tx=0)._fault waiting 1.600000
2024-04-26T21:12:13.247 INFO:teuthology.orchestra.run.smithi008.stdout:/usr/bin/ceph: stderr
2024-04-26T21:12:08.051+0000 7f9e45400700 1 -- 172.21.15.8:0/4092219716 >> [v2:172.21.15.8:6800/2596810887,v1:172.21.15.8:6801/2596810887] conn(0x7f9e2c039660 msgr2=0x7f9e2c03bb20 unknown :-1 s=STATE_CONNECTING_RE l=1).process reconnect failed to v2:172.21.15.8:6800/2596810887
2024-04-26T21:12:13.247 INFO:teuthology.orchestra.run.smithi008.stdout:/usr/bin/ceph: stderr
2024-04-26T21:12:08.051+0000 7f9e45400700 1 --2- 172.21.15.8:0/4092219716 >> [v2:172.21.15.8:6800/2596810887,v1:172.21.15.8:6801/2596810887] conn(0x7f9e2c039660 0x7f9e2c03bb20 unknown :-1 s=START_CONNECT pgs=0 cs=0 l=1 rev1=0 crypto rx=0 tx=0 comp rx=0 tx=0)._fault waiting 3.200000
2024-04-26T21:12:13.247 INFO:teuthology.orchestra.run.smithi008.stdout:/usr/bin/ceph: stderr
2024-04-26T21:12:11.255+0000 7f9e45400700 1 -- 172.21.15.8:0/4092219716 >> [v2:172.21.15.8:6800/2596810887,v1:172.21.15.8:6801/2596810887] conn(0x7f9e2c039660 msgr2=0x7f9e2c03bb20 unknown :-1 s=STATE_CONNECTING_RE l=1).process reconnect failed to v2:172.21.15.8:6800/2596810887
2024-04-26T21:12:13.247 INFO:teuthology.orchestra.run.smithi008.stdout:/usr/bin/ceph: stderr
2024-04-26T21:12:11.255+0000 7f9e45400700 1 --2- 172.21.15.8:0/4092219716 >> [v2:172.21.15.8:6800/2596810887,v1:172.21.15.8:6801/2596810887] conn(0x7f9e2c039660 0x7f9e2c03bb20 unknown :-1 s=START_CONNECT pgs=0 cs=0 l=1 rev1=0 crypto rx=0 tx=0 comp rx=0 tx=0)._fault waiting 6.400000
2024-04-26T21:12:13.248 INFO:teuthology.orchestra.run.smithi008.stdout:/usr/bin/ceph: stderr
2024-04-26T21:12:11.306+0000 7f9e3ea00700 1 -- 172.21.15.8:0/4092219716 <== mon.0 v2:172.21.15.8:3300/0 6 ==== mgrmap(e 10) ==== 46338+0+0 (secure 0 0 0) 0x7f9e3800b3e0 con 0x7f9e48109780
2024-04-26T21:12:13.248 INFO:teuthology.orchestra.run.smithi008.stdout:/usr/bin/ceph: stderr
2024-04-26T21:12:11.306+0000 7f9e3ea00700 1 -- 172.21.15.8:0/4092219716 >> [v2:172.21.15.8:6800/2596810887,v1:172.21.15.8:6801/2596810887] conn(0x7f9e2c039660 msgr2=0x7f9e2c03bb20 unknown :-1 s=STATE_CONNECTING l=1).mark_down
2024-04-26T21:12:13.248 INFO:teuthology.orchestra.run.smithi008.stdout:/usr/bin/ceph: stderr
2024-04-26T21:12:11.306+0000 7f9e3ea00700 1 --2- 172.21.15.8:0/4092219716 >> [v2:172.21.15.8:6800/2596810887,v1:172.21.15.8:6801/2596810887] conn(0x7f9e2c039660 0x7f9e2c03bb20 unknown :-1 s=START_CONNECT pgs=0 cs=0 l=1 rev1=0 crypto rx=0 tx=0 comp rx=0 tx=0).stop
2024-04-26T21:12:13.248 INFO:teuthology.orchestra.run.smithi008.stdout:/usr/bin/ceph: stderr
2024-04-26T21:12:12.309+0000 7f9e3ea00700 1 -- 172.21.15.8:0/4092219716 <== mon.0 v2:172.21.15.8:3300/0 7 ==== mgrmap(e 11) ==== 46465+0+0 (secure 0 0 0) 0x7f9e3804feb0 con 0x7f9e48109780
2024-04-26T21:12:13.248 INFO:teuthology.orchestra.run.smithi008.stdout:/usr/bin/ceph: stderr
2024-04-26T21:12:12.309+0000 7f9e3ea00700 1 --2- 172.21.15.8:0/4092219716 >> [v2:172.21.15.8:6800/3723089068,v1:172.21.15.8:6801/3723089068] conn(0x7f9e2c03cff0 0x7f9e2c03f3e0 unknown :-1 s=NONE pgs=0 cs=0 l=1 rev1=0 crypto rx=0 tx=0 comp rx=0 tx=0).connect
2024-04-26T21:12:13.248 INFO:teuthology.orchestra.run.smithi008.stdout:/usr/bin/ceph: stderr
2024-04-26T21:12:12.309+0000 7f9e3ea00700 1 -- 172.21.15.8:0/4092219716 --> [v2:172.21.15.8:6800/3723089068,v1:172.21.15.8:6801/3723089068] -- command(tid 0: {"prefix": "get_command_descriptions"}) -- 0x7f9e2c03c230 con 0x7f9e2c03cff0
2024-04-26T21:12:13.248 INFO:teuthology.orchestra.run.smithi008.stdout:/usr/bin/ceph: stderr
2024-04-26T21:12:12.311+0000 7f9e45400700 1 --2- 172.21.15.8:0/4092219716 >> [v2:172.21.15.8:6800/3723089068,v1:172.21.15.8:6801/3723089068] conn(0x7f9e2c03cff0 0x7f9e2c03f3e0 unknown :-1 s=BANNER_CONNECTING pgs=0 cs=0 l=1 rev1=0 crypto rx=0 tx=0 comp rx=0 tx=0)._handle_peer_banner_payload supported=3 required=0
2024-04-26T21:12:13.248 INFO:teuthology.orchestra.run.smithi008.stdout:/usr/bin/ceph: stderr
2024-04-26T21:12:12.313+0000 7f9e45400700 1 --2- 172.21.15.8:0/4092219716 >> [v2:172.21.15.8:6800/3723089068,v1:172.21.15.8:6801/3723089068] conn(0x7f9e2c03cff0 0x7f9e2c03f3e0 secure :-1 s=READY pgs=2 cs=0 l=1 rev1=1 crypto rx=0x7f9e34003a10 tx=0x7f9e34009270 comp rx=0 tx=0).ready entity=mgr.14152 client_cookie=0 server_cookie=0 in_seq=0 out_seq=0
2024-04-26T21:12:13.248 INFO:teuthology.orchestra.run.smithi008.stdout:/usr/bin/ceph: stderr
2024-04-26T21:12:12.314+0000 7f9e3ea00700 1 -- 172.21.15.8:0/4092219716 <== mgr.14152 v2:172.21.15.8:6800/3723089068 1 ==== command_reply(tid 0: 0 ) ==== 8+0+9564 (secure 0 0 0) 0x7f9e2c03c230 con 0x7f9e2c03cff0
2024-04-26T21:12:13.248 INFO:teuthology.orchestra.run.smithi008.stdout:/usr/bin/ceph: stderr
2024-04-26T21:12:12.325+0000 7f9e4cc00700 1 -- 172.21.15.8:0/4092219716 --> [v2:172.21.15.8:6800/3723089068,v1:172.21.15.8:6801/3723089068] -- command(tid 1: {"prefix": "mgr_status"}) -- 0x7f9e4806a530 con 0x7f9e2c03cff0
2024-04-26T21:12:13.248 INFO:teuthology.orchestra.run.smithi008.stdout:/usr/bin/ceph: stderr
2024-04-26T21:12:12.325+0000 7f9e3ea00700 1 -- 172.21.15.8:0/4092219716 <== mgr.14152 v2:172.21.15.8:6800/3723089068 2 ==== command_reply(tid 1: 0 ) ==== 8+0+52 (secure 0 0 0) 0x7f9e4806a530 con 0x7f9e2c03cff0
2024-04-26T21:12:13.248 INFO:teuthology.orchestra.run.smithi008.stdout:/usr/bin/ceph: stderr
2024-04-26T21:12:12.326+0000 7f9e4cc00700 1 -- 172.21.15.8:0/4092219716 >> [v2:172.21.15.8:6800/3723089068,v1:172.21.15.8:6801/3723089068] conn(0x7f9e2c03cff0 msgr2=0x7f9e2c03f3e0 secure :-1 s=STATE_CONNECTION_ESTABLISHED l=1).mark_down
2024-04-26T21:12:13.248 INFO:teuthology.orchestra.run.smithi008.stdout:/usr/bin/ceph: stderr
2024-04-26T21:12:12.326+0000 7f9e4cc00700 1 --2- 172.21.15.8:0/4092219716 >> [v2:172.21.15.8:6800/3723089068,v1:172.21.15.8:6801/3723089068] conn(0x7f9e2c03cff0 0x7f9e2c03f3e0 secure :-1 s=READY pgs=2 cs=0 l=1 rev1=1 crypto rx=0x7f9e34003a10 tx=0x7f9e34009270 comp rx=0 tx=0).stop
2024-04-26T21:12:13.248 INFO:teuthology.orchestra.run.smithi008.stdout:/usr/bin/ceph: stderr
2024-04-26T21:12:12.326+0000 7f9e4cc00700 1 -- 172.21.15.8:0/4092219716 >> [v2:172.21.15.8:3300/0,v1:172.21.15.8:6789/0] conn(0x7f9e48109780 msgr2=0x7f9e4819ee40 secure :-1 s=STATE_CONNECTION_ESTABLISHED l=1).mark_down
2024-04-26T21:12:13.249 INFO:teuthology.orchestra.run.smithi008.stdout:/usr/bin/ceph: stderr
2024-04-26T21:12:12.326+0000 7f9e4cc00700 1 --2- 172.21.15.8:0/4092219716 >> [v2:172.21.15.8:3300/0,v1:172.21.15.8:6789/0] conn(0x7f9e48109780 0x7f9e4819ee40 secure :-1 s=READY pgs=62 cs=0 l=1 rev1=1 crypto rx=0x7f9e38000c00 tx=0x7f9e38011aa0 comp rx=0 tx=0).stop
2024-04-26T21:12:13.249 INFO:teuthology.orchestra.run.smithi008.stdout:/usr/bin/ceph: stderr
2024-04-26T21:12:12.326+0000 7f9e4cc00700 1 -- 172.21.15.8:0/4092219716 shutdown_connections
2024-04-26T21:12:13.249 INFO:teuthology.orchestra.run.smithi008.stdout:/usr/bin/ceph: stderr
2024-04-26T21:12:12.326+0000 7f9e4cc00700 1 --2- 172.21.15.8:0/4092219716 >> [v2:172.21.15.8:3300/0,v1:172.21.15.8:6789/0] conn(0x7f9e48109780 0x7f9e4819ee40 unknown :-1 s=CLOSED pgs=62 cs=0 l=1 rev1=1 crypto rx=0 tx=0 comp rx=0 tx=0).stop
2024-04-26T21:12:13.249 INFO:teuthology.orchestra.run.smithi008.stdout:/usr/bin/ceph: stderr
2024-04-26T21:12:12.326+0000 7f9e4cc00700 1 --2- 172.21.15.8:0/4092219716 >> [v2:172.21.15.8:6800/3723089068,v1:172.21.15.8:6801/3723089068] conn(0x7f9e2c03cff0 0x7f9e2c03f3e0 unknown :-1 s=CLOSED pgs=2 cs=0 l=1 rev1=1 crypto rx=0 tx=0 comp rx=0 tx=0).stop
2024-04-26T21:12:13.249 INFO:teuthology.orchestra.run.smithi008.stdout:/usr/bin/ceph: stderr
2024-04-26T21:12:12.326+0000 7f9e4cc00700 1 --2- 172.21.15.8:0/4092219716 >> [v2:172.21.15.8:6800/2596810887,v1:172.21.15.8:6801/2596810887] conn(0x7f9e2c039660 0x7f9e2c03bb20 unknown :-1 s=CLOSED pgs=0 cs=0 l=1 rev1=0 crypto rx=0 tx=0 comp rx=0 tx=0).stop
2024-04-26T21:12:13.249 INFO:teuthology.orchestra.run.smithi008.stdout:/usr/bin/ceph: stderr
2024-04-26T21:12:12.326+0000 7f9e4cc00700 1 -- 172.21.15.8:0/4092219716 >> 172.21.15.8:0/4092219716 conn(0x7f9e48103210 msgr2=0x7f9e48103d00 unknown :-1 s=STATE_NONE l=0).mark_down
2024-04-26T21:12:13.249 INFO:teuthology.orchestra.run.smithi008.stdout:/usr/bin/ceph: stderr
2024-04-26T21:12:12.326+0000 7f9e4cc00700 1 -- 172.21.15.8:0/4092219716 shutdown_connections
2024-04-26T21:12:13.249 INFO:teuthology.orchestra.run.smithi008.stdout:/usr/bin/ceph: stderr
2024-04-26T21:12:12.326+0000 7f9e4cc00700 1 -- 172.21.15.8:0/4092219716 wait complete.
2024-04-26T21:12:13.249 INFO:teuthology.orchestra.run.smithi008.stdout:mgr epoch 9 is available
2024-04-26T21:12:13.249 INFO:teuthology.orchestra.run.smithi008.stdout:Generating a dashboard self-signed certificate...
2024-04-26T21:12:13.710 INFO:journalctl@ceph.mon.a.smithi008.stdout:Apr 26 21:12:13 smithi008 ceph-mon[28079]: from='client.14156 -' entity='client.admin' cmd=[{"prefix": "get_command_descriptions"}]: dispatch
2024-04-26T21:12:13.711 INFO:journalctl@ceph.mon.a.smithi008.stdout:Apr 26 21:12:13 smithi008 ceph-mon[28079]: from='client.14156 -' entity='client.admin' cmd=[{"prefix": "mgr_status"}]: dispatch
2024-04-26T21:12:14.460 INFO:journalctl@ceph.mon.a.smithi008.stdout:Apr 26 21:12:14 smithi008 ceph-mon[28079]: mgrmap e12: x(active, since 2s)
2024-04-26T21:12:14.460 INFO:journalctl@ceph.mon.a.smithi008.stdout:Apr 26 21:12:14 smithi008 ceph-mon[28079]: from='mgr.14152 172.21.15.8:0/156324688' entity='mgr.x'
2024-04-26T21:12:15.443 INFO:teuthology.orchestra.run.smithi008.stdout:/usr/bin/ceph: stdout Self-signed certificate created
2024-04-26T21:12:15.443 INFO:teuthology.orchestra.run.smithi008.stdout:/usr/bin/ceph: stderr
2024-04-26T21:12:14.346+0000 7f30aaa00700 1 Processor -- start
2024-04-26T21:12:15.443 INFO:teuthology.orchestra.run.smithi008.stdout:/usr/bin/ceph: stderr
2024-04-26T21:12:14.346+0000 7f30aaa00700 1 -- start start
2024-04-26T21:12:15.443 INFO:teuthology.orchestra.run.smithi008.stdout:/usr/bin/ceph: stderr
2024-04-26T21:12:14.346+0000 7f30aaa00700 1 --2- >> [v2:172.21.15.8:3300/0,v1:172.21.15.8:6789/0] conn(0x7f30a407ee90 0x7f30a407d340 unknown :-1 s=NONE pgs=0 cs=0 l=0 rev1=0 crypto rx=0 tx=0 comp rx=0 tx=0).connect
2024-04-26T21:12:15.443 INFO:teuthology.orchestra.run.smithi008.stdout:/usr/bin/ceph: stderr
2024-04-26T21:12:14.346+0000 7f30aaa00700 1 -- --> [v2:172.21.15.8:3300/0,v1:172.21.15.8:6789/0] -- mon_getmap magic: 0 -- 0x7f30a407d910 con 0x7f30a407ee90
2024-04-26T21:12:15.443 INFO:teuthology.orchestra.run.smithi008.stdout:/usr/bin/ceph: stderr
2024-04-26T21:12:14.347+0000 7f30a3e00700 1 --2- >> [v2:172.21.15.8:3300/0,v1:172.21.15.8:6789/0] conn(0x7f30a407ee90 0x7f30a407d340 unknown :-1 s=BANNER_CONNECTING pgs=0 cs=0 l=0 rev1=0 crypto rx=0 tx=0 comp rx=0 tx=0)._handle_peer_banner_payload supported=3 required=0
2024-04-26T21:12:15.443 INFO:teuthology.orchestra.run.smithi008.stdout:/usr/bin/ceph: stderr
2024-04-26T21:12:14.347+0000 7f30a3e00700 1 --2- >> [v2:172.21.15.8:3300/0,v1:172.21.15.8:6789/0] conn(0x7f30a407ee90 0x7f30a407d340 unknown :-1 s=HELLO_CONNECTING pgs=0 cs=0 l=0 rev1=1 crypto rx=0 tx=0 comp rx=0 tx=0).handle_hello peer v2:172.21.15.8:3300/0 says I am v2:172.21.15.8:57470/0 (socket says 172.21.15.8:57470)
2024-04-26T21:12:15.443 INFO:teuthology.orchestra.run.smithi008.stdout:/usr/bin/ceph: stderr
2024-04-26T21:12:14.347+0000 7f30a3e00700 1 -- 172.21.15.8:0/1869719158 learned_addr learned my addr 172.21.15.8:0/1869719158 (peer_addr_for_me v2:172.21.15.8:0/0)
2024-04-26T21:12:15.444 INFO:teuthology.orchestra.run.smithi008.stdout:/usr/bin/ceph: stderr
2024-04-26T21:12:14.348+0000 7f30a3e00700 1 -- 172.21.15.8:0/1869719158 --> [v2:172.21.15.8:3300/0,v1:172.21.15.8:6789/0] -- mon_subscribe({config=0+,monmap=0+}) -- 0x7f30a407da90 con 0x7f30a407ee90
2024-04-26T21:12:15.444 INFO:teuthology.orchestra.run.smithi008.stdout:/usr/bin/ceph: stderr
2024-04-26T21:12:14.348+0000 7f30a3e00700 1 --2- 172.21.15.8:0/1869719158 >> [v2:172.21.15.8:3300/0,v1:172.21.15.8:6789/0] conn(0x7f30a407ee90 0x7f30a407d340 secure :-1 s=READY pgs=70 cs=0 l=1 rev1=1 crypto rx=0x7f30940098a0 tx=0x7f3094009bb0 comp rx=0 tx=0).ready entity=mon.0 client_cookie=cd347b07ac23c9a5 server_cookie=0 in_seq=0 out_seq=0
2024-04-26T21:12:15.444 INFO:teuthology.orchestra.run.smithi008.stdout:/usr/bin/ceph: stderr
2024-04-26T21:12:14.348+0000 7f30a2a00700 1 -- 172.21.15.8:0/1869719158 <== mon.0 v2:172.21.15.8:3300/0 1 ==== mon_map magic: 0 ==== 205+0+0 (secure 0 0 0) 0x7f3094004160 con 0x7f30a407ee90
2024-04-26T21:12:15.444 INFO:teuthology.orchestra.run.smithi008.stdout:/usr/bin/ceph: stderr
2024-04-26T21:12:14.348+0000 7f30a2a00700 1 -- 172.21.15.8:0/1869719158 <== mon.0 v2:172.21.15.8:3300/0 2 ==== config(26 keys) ==== 1101+0+0 (secure 0 0 0) 0x7f3094004300 con 0x7f30a407ee90
2024-04-26T21:12:15.444 INFO:teuthology.orchestra.run.smithi008.stdout:/usr/bin/ceph: stderr
2024-04-26T21:12:14.348+0000 7f30a2a00700 1 -- 172.21.15.8:0/1869719158 <== mon.0 v2:172.21.15.8:3300/0 3 ==== mon_map magic: 0 ==== 205+0+0 (secure 0 0 0) 0x7f3094011a20 con 0x7f30a407ee90
2024-04-26T21:12:15.444 INFO:teuthology.orchestra.run.smithi008.stdout:/usr/bin/ceph: stderr
2024-04-26T21:12:14.349+0000 7f30aaa00700 1 -- 172.21.15.8:0/1869719158 >> [v2:172.21.15.8:3300/0,v1:172.21.15.8:6789/0] conn(0x7f30a407ee90 msgr2=0x7f30a407d340 secure :-1 s=STATE_CONNECTION_ESTABLISHED l=1).mark_down
2024-04-26T21:12:15.444 INFO:teuthology.orchestra.run.smithi008.stdout:/usr/bin/ceph: stderr
2024-04-26T21:12:14.349+0000 7f30aaa00700 1 --2- 172.21.15.8:0/1869719158 >> [v2:172.21.15.8:3300/0,v1:172.21.15.8:6789/0] conn(0x7f30a407ee90 0x7f30a407d340 secure :-1 s=READY pgs=70 cs=0 l=1 rev1=1 crypto rx=0x7f30940098a0 tx=0x7f3094009bb0 comp rx=0 tx=0).stop
2024-04-26T21:12:15.444 INFO:teuthology.orchestra.run.smithi008.stdout:/usr/bin/ceph: stderr
2024-04-26T21:12:14.349+0000 7f30aaa00700 1 -- 172.21.15.8:0/1869719158 shutdown_connections
2024-04-26T21:12:15.444 INFO:teuthology.orchestra.run.smithi008.stdout:/usr/bin/ceph: stderr
2024-04-26T21:12:14.349+0000 7f30aaa00700 1 --2- 172.21.15.8:0/1869719158 >> [v2:172.21.15.8:3300/0,v1:172.21.15.8:6789/0] conn(0x7f30a407ee90 0x7f30a407d340 unknown :-1 s=CLOSED pgs=70 cs=0 l=1 rev1=1 crypto rx=0 tx=0 comp rx=0 tx=0).stop
2024-04-26T21:12:15.444 INFO:teuthology.orchestra.run.smithi008.stdout:/usr/bin/ceph: stderr
2024-04-26T21:12:14.349+0000 7f30aaa00700 1 -- 172.21.15.8:0/1869719158 >> 172.21.15.8:0/1869719158 conn(0x7f30a4104300 msgr2=0x7f30a4106720 unknown :-1 s=STATE_NONE l=0).mark_down
2024-04-26T21:12:15.444 INFO:teuthology.orchestra.run.smithi008.stdout:/usr/bin/ceph: stderr
2024-04-26T21:12:14.349+0000 7f30aaa00700 1 -- 172.21.15.8:0/1869719158 shutdown_connections
2024-04-26T21:12:15.444 INFO:teuthology.orchestra.run.smithi008.stdout:/usr/bin/ceph: stderr
2024-04-26T21:12:14.350+0000 7f30aaa00700 1 -- 172.21.15.8:0/1869719158 wait complete.
2024-04-26T21:12:15.444 INFO:teuthology.orchestra.run.smithi008.stdout:/usr/bin/ceph: stderr
2024-04-26T21:12:14.351+0000 7f30aaa00700 1 Processor -- start
2024-04-26T21:12:15.445 INFO:teuthology.orchestra.run.smithi008.stdout:/usr/bin/ceph: stderr
2024-04-26T21:12:14.351+0000 7f30aaa00700 1 -- start start
2024-04-26T21:12:15.445 INFO:teuthology.orchestra.run.smithi008.stdout:/usr/bin/ceph: stderr
2024-04-26T21:12:14.351+0000 7f30aaa00700 1 --2- >> [v2:172.21.15.8:3300/0,v1:172.21.15.8:6789/0] conn(0x7f30a407ee90 0x7f30a419ede0 unknown :-1 s=NONE pgs=0 cs=0 l=1 rev1=0 crypto rx=0 tx=0 comp rx=0 tx=0).connect
2024-04-26T21:12:15.445 INFO:teuthology.orchestra.run.smithi008.stdout:/usr/bin/ceph: stderr
2024-04-26T21:12:14.351+0000 7f30aaa00700 1 -- --> [v2:172.21.15.8:3300/0,v1:172.21.15.8:6789/0] -- mon_getmap magic: 0 -- 0x7f30a410f2c0 con 0x7f30a407ee90
2024-04-26T21:12:15.445 INFO:teuthology.orchestra.run.smithi008.stdout:/usr/bin/ceph: stderr
2024-04-26T21:12:14.351+0000 7f30a3e00700 1 --2- >> [v2:172.21.15.8:3300/0,v1:172.21.15.8:6789/0] conn(0x7f30a407ee90 0x7f30a419ede0 unknown :-1 s=BANNER_CONNECTING pgs=0 cs=0 l=1 rev1=0 crypto rx=0 tx=0 comp rx=0 tx=0)._handle_peer_banner_payload supported=3 required=0
2024-04-26T21:12:15.445 INFO:teuthology.orchestra.run.smithi008.stdout:/usr/bin/ceph: stderr
2024-04-26T21:12:14.352+0000 7f30a3e00700 1 --2- >> [v2:172.21.15.8:3300/0,v1:172.21.15.8:6789/0] conn(0x7f30a407ee90 0x7f30a419ede0 unknown :-1 s=HELLO_CONNECTING pgs=0 cs=0 l=1 rev1=1 crypto rx=0 tx=0 comp rx=0 tx=0).handle_hello peer v2:172.21.15.8:3300/0 says I am v2:172.21.15.8:57478/0 (socket says 172.21.15.8:57478)
2024-04-26T21:12:15.445 INFO:teuthology.orchestra.run.smithi008.stdout:/usr/bin/ceph: stderr
2024-04-26T21:12:14.352+0000 7f30a3e00700 1 -- 172.21.15.8:0/1085722601 learned_addr learned my addr 172.21.15.8:0/1085722601 (peer_addr_for_me v2:172.21.15.8:0/0)
2024-04-26T21:12:15.445 INFO:teuthology.orchestra.run.smithi008.stdout:/usr/bin/ceph: stderr
2024-04-26T21:12:14.352+0000 7f30a3e00700 1 -- 172.21.15.8:0/1085722601 --> [v2:172.21.15.8:3300/0,v1:172.21.15.8:6789/0] -- mon_subscribe({config=0+,monmap=0+}) -- 0x7f30a419f320 con 0x7f30a407ee90
2024-04-26T21:12:15.445 INFO:teuthology.orchestra.run.smithi008.stdout:/usr/bin/ceph: stderr
2024-04-26T21:12:14.352+0000 7f30a3e00700 1 --2- 172.21.15.8:0/1085722601 >> [v2:172.21.15.8:3300/0,v1:172.21.15.8:6789/0] conn(0x7f30a407ee90 0x7f30a419ede0 secure :-1 s=READY pgs=71 cs=0 l=1 rev1=1 crypto rx=0x7f3094000c00 tx=0x7f3094011aa0 comp rx=0 tx=0).ready entity=mon.0 client_cookie=0 server_cookie=0 in_seq=0 out_seq=0
2024-04-26T21:12:15.445 INFO:teuthology.orchestra.run.smithi008.stdout:/usr/bin/ceph: stderr
2024-04-26T21:12:14.353+0000 7f30a0c00700 1 -- 172.21.15.8:0/1085722601 <== mon.0 v2:172.21.15.8:3300/0 1 ==== mon_map magic: 0 ==== 205+0+0 (secure 0 0 0) 0x7f3094003aa0 con 0x7f30a407ee90
2024-04-26T21:12:15.445 INFO:teuthology.orchestra.run.smithi008.stdout:/usr/bin/ceph: stderr
2024-04-26T21:12:14.353+0000 7f30a0c00700 1 -- 172.21.15.8:0/1085722601 <== mon.0 v2:172.21.15.8:3300/0 2 ==== config(26 keys) ==== 1101+0+0 (secure 0 0 0) 0x7f309401b8f0 con 0x7f30a407ee90
2024-04-26T21:12:15.445 INFO:teuthology.orchestra.run.smithi008.stdout:/usr/bin/ceph: stderr
2024-04-26T21:12:14.353+0000 7f30aaa00700 1 -- 172.21.15.8:0/1085722601 --> [v2:172.21.15.8:3300/0,v1:172.21.15.8:6789/0] -- mon_subscribe({mgrmap=0+}) -- 0x7f30a419f5b0 con 0x7f30a407ee90
2024-04-26T21:12:15.445 INFO:teuthology.orchestra.run.smithi008.stdout:/usr/bin/ceph: stderr
2024-04-26T21:12:14.353+0000 7f30a0c00700 1 -- 172.21.15.8:0/1085722601 <== mon.0 v2:172.21.15.8:3300/0 3 ==== mon_map magic: 0 ==== 205+0+0 (secure 0 0 0) 0x7f3094023870 con 0x7f30a407ee90
2024-04-26T21:12:15.446 INFO:teuthology.orchestra.run.smithi008.stdout:/usr/bin/ceph: stderr
2024-04-26T21:12:14.353+0000 7f30aaa00700 1 -- 172.21.15.8:0/1085722601 --> [v2:172.21.15.8:3300/0,v1:172.21.15.8:6789/0] -- mon_subscribe({osdmap=0}) -- 0x7f30a41a22a0 con 0x7f30a407ee90
2024-04-26T21:12:15.446 INFO:teuthology.orchestra.run.smithi008.stdout:/usr/bin/ceph: stderr
2024-04-26T21:12:14.354+0000 7f30a0c00700 1 -- 172.21.15.8:0/1085722601 <== mon.0 v2:172.21.15.8:3300/0 4 ==== mgrmap(e 12) ==== 46571+0+0 (secure 0 0 0) 0x7f3094023b70 con 0x7f30a407ee90
2024-04-26T21:12:15.446 INFO:teuthology.orchestra.run.smithi008.stdout:/usr/bin/ceph: stderr
2024-04-26T21:12:14.354+0000 7f309a000700 1 -- 172.21.15.8:0/1085722601 --> [v2:172.21.15.8:3300/0,v1:172.21.15.8:6789/0] -- mon_command({"prefix": "get_command_descriptions"} v 0) -- 0x7f307c005330 con 0x7f30a407ee90
2024-04-26T21:12:15.446 INFO:teuthology.orchestra.run.smithi008.stdout:/usr/bin/ceph: stderr
2024-04-26T21:12:14.354+0000 7f30a0c00700 1 --2- 172.21.15.8:0/1085722601 >> [v2:172.21.15.8:6800/3723089068,v1:172.21.15.8:6801/3723089068] conn(0x7f3088039600 0x7f308803bac0 unknown :-1 s=NONE pgs=0 cs=0 l=1 rev1=0 crypto rx=0 tx=0 comp rx=0 tx=0).connect
2024-04-26T21:12:15.446 INFO:teuthology.orchestra.run.smithi008.stdout:/usr/bin/ceph: stderr
2024-04-26T21:12:14.355+0000 7f30a0c00700 1 -- 172.21.15.8:0/1085722601 <== mon.0 v2:172.21.15.8:3300/0 5 ==== osd_map(3..3 src has 1..3) ==== 1155+0+0 (secure 0 0 0) 0x7f309404e0c0 con 0x7f30a407ee90
2024-04-26T21:12:15.446 INFO:teuthology.orchestra.run.smithi008.stdout:/usr/bin/ceph: stderr
2024-04-26T21:12:14.355+0000 7f30a3400700 1 --2- 172.21.15.8:0/1085722601 >> [v2:172.21.15.8:6800/3723089068,v1:172.21.15.8:6801/3723089068] conn(0x7f3088039600 0x7f308803bac0 unknown :-1 s=BANNER_CONNECTING pgs=0 cs=0 l=1 rev1=0 crypto rx=0 tx=0 comp rx=0 tx=0)._handle_peer_banner_payload supported=3 required=0
2024-04-26T21:12:15.446 INFO:teuthology.orchestra.run.smithi008.stdout:/usr/bin/ceph: stderr
2024-04-26T21:12:14.356+0000 7f30a3400700 1 --2- 172.21.15.8:0/1085722601 >> [v2:172.21.15.8:6800/3723089068,v1:172.21.15.8:6801/3723089068] conn(0x7f3088039600 0x7f308803bac0 secure :-1 s=READY pgs=7 cs=0 l=1 rev1=1 crypto rx=0x7f3090006fd0 tx=0x7f3090006e40 comp rx=0 tx=0).ready entity=mgr.14152 client_cookie=0 server_cookie=0 in_seq=0 out_seq=0
2024-04-26T21:12:15.446 INFO:teuthology.orchestra.run.smithi008.stdout:/usr/bin/ceph: stderr
2024-04-26T21:12:14.361+0000 7f30a0c00700 1 -- 172.21.15.8:0/1085722601 <== mon.0 v2:172.21.15.8:3300/0 6 ==== mon_command_ack([{"prefix": "get_command_descriptions"}]=0 v0) ==== 72+0+188494 (secure 0 0 0) 0x7f309401f030 con 0x7f30a407ee90
2024-04-26T21:12:15.446 INFO:teuthology.orchestra.run.smithi008.stdout:/usr/bin/ceph: stderr
2024-04-26T21:12:14.598+0000 7f309a000700 1 -- 172.21.15.8:0/1085722601 --> [v2:172.21.15.8:6800/3723089068,v1:172.21.15.8:6801/3723089068] -- mgr_command(tid 0: {"prefix": "dashboard create-self-signed-cert", "target": ["mon-mgr", ""]}) -- 0x7f307c000bc0 con 0x7f3088039600
2024-04-26T21:12:15.446 INFO:teuthology.orchestra.run.smithi008.stdout:/usr/bin/ceph: stderr
2024-04-26T21:12:14.690+0000 7f30a0c00700 1 -- 172.21.15.8:0/1085722601 <== mgr.14152 v2:172.21.15.8:6800/3723089068 1 ==== mgr_command_reply(tid 0: 0 ) ==== 8+0+32 (secure 0 0 0) 0x7f307c000bc0 con 0x7f3088039600
2024-04-26T21:12:15.446 INFO:teuthology.orchestra.run.smithi008.stdout:/usr/bin/ceph: stderr
2024-04-26T21:12:14.693+0000 7f309a000700 1 -- 172.21.15.8:0/1085722601 >> [v2:172.21.15.8:6800/3723089068,v1:172.21.15.8:6801/3723089068] conn(0x7f3088039600 msgr2=0x7f308803bac0 secure :-1 s=STATE_CONNECTION_ESTABLISHED l=1).mark_down
2024-04-26T21:12:15.446 INFO:teuthology.orchestra.run.smithi008.stdout:/usr/bin/ceph: stderr
2024-04-26T21:12:14.693+0000 7f309a000700 1 --2- 172.21.15.8:0/1085722601 >> [v2:172.21.15.8:6800/3723089068,v1:172.21.15.8:6801/3723089068] conn(0x7f3088039600 0x7f308803bac0 secure :-1 s=READY pgs=7 cs=0 l=1 rev1=1 crypto rx=0x7f3090006fd0 tx=0x7f3090006e40 comp rx=0 tx=0).stop
2024-04-26T21:12:15.446 INFO:teuthology.orchestra.run.smithi008.stdout:/usr/bin/ceph: stderr
2024-04-26T21:12:14.693+0000 7f309a000700 1 -- 172.21.15.8:0/1085722601 >> [v2:172.21.15.8:3300/0,v1:172.21.15.8:6789/0] conn(0x7f30a407ee90 msgr2=0x7f30a419ede0 secure :-1 s=STATE_CONNECTION_ESTABLISHED l=1).mark_down
2024-04-26T21:12:15.447 INFO:teuthology.orchestra.run.smithi008.stdout:/usr/bin/ceph: stderr
2024-04-26T21:12:14.693+0000 7f309a000700 1 --2- 172.21.15.8:0/1085722601 >> [v2:172.21.15.8:3300/0,v1:172.21.15.8:6789/0] conn(0x7f30a407ee90 0x7f30a419ede0 secure :-1 s=READY pgs=71 cs=0 l=1 rev1=1 crypto rx=0x7f3094000c00 tx=0x7f3094011aa0 comp rx=0 tx=0).stop
2024-04-26T21:12:15.447 INFO:teuthology.orchestra.run.smithi008.stdout:/usr/bin/ceph: stderr
2024-04-26T21:12:14.693+0000 7f309a000700 1 -- 172.21.15.8:0/1085722601 shutdown_connections
2024-04-26T21:12:15.447 INFO:teuthology.orchestra.run.smithi008.stdout:/usr/bin/ceph: stderr
2024-04-26T21:12:14.693+0000 7f309a000700 1 --2- 172.21.15.8:0/1085722601 >> [v2:172.21.15.8:6800/3723089068,v1:172.21.15.8:6801/3723089068] conn(0x7f3088039600 0x7f308803bac0 unknown :-1 s=CLOSED pgs=7 cs=0 l=1 rev1=1 crypto rx=0 tx=0 comp rx=0 tx=0).stop
2024-04-26T21:12:15.447 INFO:teuthology.orchestra.run.smithi008.stdout:/usr/bin/ceph: stderr
2024-04-26T21:12:14.693+0000 7f309a000700 1 --2- 172.21.15.8:0/1085722601 >> [v2:172.21.15.8:3300/0,v1:172.21.15.8:6789/0] conn(0x7f30a407ee90 0x7f30a419ede0 unknown :-1 s=CLOSED pgs=71 cs=0 l=1 rev1=1 crypto rx=0 tx=0 comp rx=0 tx=0).stop
2024-04-26T21:12:15.447 INFO:teuthology.orchestra.run.smithi008.stdout:/usr/bin/ceph: stderr
2024-04-26T21:12:14.693+0000 7f309a000700 1 -- 172.21.15.8:0/1085722601 >> 172.21.15.8:0/1085722601 conn(0x7f30a4104300 msgr2=0x7f30a4104dd0 unknown :-1 s=STATE_NONE l=0).mark_down
2024-04-26T21:12:15.447 INFO:teuthology.orchestra.run.smithi008.stdout:/usr/bin/ceph: stderr
2024-04-26T21:12:14.694+0000 7f309a000700 1 -- 172.21.15.8:0/1085722601 shutdown_connections
2024-04-26T21:12:15.447 INFO:teuthology.orchestra.run.smithi008.stdout:/usr/bin/ceph: stderr
2024-04-26T21:12:14.694+0000 7f309a000700 1 -- 172.21.15.8:0/1085722601 wait complete.
2024-04-26T21:12:15.447 INFO:teuthology.orchestra.run.smithi008.stdout:Creating initial admin user...
2024-04-26T21:12:15.958 INFO:journalctl@ceph.mon.a.smithi008.stdout:Apr 26 21:12:15 smithi008 ceph-mon[28079]: from='client.14164 -' entity='client.admin' cmd=[{"prefix": "dashboard create-self-signed-cert", "target": ["mon-mgr", ""]}]: dispatch
2024-04-26T21:12:15.958 INFO:journalctl@ceph.mon.a.smithi008.stdout:Apr 26 21:12:15 smithi008 ceph-mon[28079]: from='mgr.14152 172.21.15.8:0/156324688' entity='mgr.x'
2024-04-26T21:12:15.958 INFO:journalctl@ceph.mon.a.smithi008.stdout:Apr 26 21:12:15 smithi008 ceph-mon[28079]: from='mgr.14152 172.21.15.8:0/156324688' entity='mgr.x'
2024-04-26T21:12:17.334 INFO:teuthology.orchestra.run.smithi008.stdout:/usr/bin/ceph: stdout {"username": "admin", "password": "$2b$12$W9bvCf.LaGuf7TDVH4r6M.RFCpz670Ju09VMTSRgbso0bZ6PYzQIy", "roles": ["administrator"], "name": null, "email": null, "lastUpdate": 1714165936, "enabled": true, "pwdExpirationDate": null, "pwdUpdateRequired": true}
2024-04-26T21:12:17.335 INFO:teuthology.orchestra.run.smithi008.stdout:/usr/bin/ceph: stderr
2024-04-26T21:12:16.055+0000 7f2b3cc00700 1 Processor -- start
2024-04-26T21:12:17.335 INFO:teuthology.orchestra.run.smithi008.stdout:/usr/bin/ceph: stderr
2024-04-26T21:12:16.056+0000 7f2b3cc00700 1 -- start start
2024-04-26T21:12:17.335 INFO:teuthology.orchestra.run.smithi008.stdout:/usr/bin/ceph: stderr
2024-04-26T21:12:16.056+0000 7f2b3cc00700 1 --2- >> [v2:172.21.15.8:3300/0,v1:172.21.15.8:6789/0] conn(0x7f2b38107610 0x7f2b38107a30 unknown :-1 s=NONE pgs=0 cs=0 l=0 rev1=0 crypto rx=0 tx=0 comp rx=0 tx=0).connect
2024-04-26T21:12:17.336 INFO:teuthology.orchestra.run.smithi008.stdout:/usr/bin/ceph: stderr
2024-04-26T21:12:16.056+0000 7f2b3cc00700 1 -- --> [v2:172.21.15.8:3300/0,v1:172.21.15.8:6789/0] -- mon_getmap magic: 0 -- 0x7f2b3807ce30 con 0x7f2b38107610
2024-04-26T21:12:17.336 INFO:teuthology.orchestra.run.smithi008.stdout:/usr/bin/ceph: stderr
2024-04-26T21:12:16.057+0000 7f2b35e00700 1 --2- >> [v2:172.21.15.8:3300/0,v1:172.21.15.8:6789/0] conn(0x7f2b38107610 0x7f2b38107a30 unknown :-1 s=BANNER_CONNECTING pgs=0 cs=0 l=0 rev1=0 crypto rx=0 tx=0 comp rx=0 tx=0)._handle_peer_banner_payload supported=3 required=0
2024-04-26T21:12:17.336 INFO:teuthology.orchestra.run.smithi008.stdout:/usr/bin/ceph: stderr
2024-04-26T21:12:16.057+0000 7f2b35e00700 1 --2- >> [v2:172.21.15.8:3300/0,v1:172.21.15.8:6789/0] conn(0x7f2b38107610 0x7f2b38107a30 unknown :-1 s=HELLO_CONNECTING pgs=0 cs=0 l=0 rev1=1 crypto rx=0 tx=0 comp rx=0 tx=0).handle_hello peer v2:172.21.15.8:3300/0 says I am v2:172.21.15.8:57492/0 (socket says 172.21.15.8:57492)
2024-04-26T21:12:17.336 INFO:teuthology.orchestra.run.smithi008.stdout:/usr/bin/ceph: stderr
2024-04-26T21:12:16.057+0000 7f2b35e00700 1 -- 172.21.15.8:0/3441255959 learned_addr learned my addr 172.21.15.8:0/3441255959 (peer_addr_for_me v2:172.21.15.8:0/0)
2024-04-26T21:12:17.336 INFO:teuthology.orchestra.run.smithi008.stdout:/usr/bin/ceph: stderr
2024-04-26T21:12:16.057+0000 7f2b35e00700 1 -- 172.21.15.8:0/3441255959 --> [v2:172.21.15.8:3300/0,v1:172.21.15.8:6789/0] -- mon_subscribe({config=0+,monmap=0+}) -- 0x7f2b38107f70 con 0x7f2b38107610
2024-04-26T21:12:17.336 INFO:teuthology.orchestra.run.smithi008.stdout:/usr/bin/ceph: stderr
2024-04-26T21:12:16.058+0000 7f2b35e00700 1 --2- 172.21.15.8:0/3441255959 >> [v2:172.21.15.8:3300/0,v1:172.21.15.8:6789/0] conn(0x7f2b38107610 0x7f2b38107a30 secure :-1 s=READY pgs=72 cs=0 l=1 rev1=1 crypto rx=0x7f2b280098a0 tx=0x7f2b28009bb0 comp rx=0 tx=0).ready entity=mon.0 client_cookie=4604d1c6b4be854c server_cookie=0 in_seq=0 out_seq=0
2024-04-26T21:12:17.336 INFO:teuthology.orchestra.run.smithi008.stdout:/usr/bin/ceph: stderr
2024-04-26T21:12:16.058+0000 7f2b34a00700 1 -- 172.21.15.8:0/3441255959 <== mon.0 v2:172.21.15.8:3300/0 1 ==== mon_map magic: 0 ==== 205+0+0 (secure 0 0 0) 0x7f2b28004160 con 0x7f2b38107610
2024-04-26T21:12:17.336 INFO:teuthology.orchestra.run.smithi008.stdout:/usr/bin/ceph: stderr
2024-04-26T21:12:16.058+0000 7f2b34a00700 1 -- 172.21.15.8:0/3441255959 <== mon.0 v2:172.21.15.8:3300/0 2 ==== config(26 keys) ==== 1101+0+0 (secure 0 0 0) 0x7f2b28004300 con 0x7f2b38107610
2024-04-26T21:12:17.337 INFO:teuthology.orchestra.run.smithi008.stdout:/usr/bin/ceph: stderr
2024-04-26T21:12:16.058+0000 7f2b34a00700 1 -- 172.21.15.8:0/3441255959 <== mon.0 v2:172.21.15.8:3300/0 3 ==== mon_map magic: 0 ==== 205+0+0 (secure 0 0 0) 0x7f2b28011a20 con 0x7f2b38107610
2024-04-26T21:12:17.338 INFO:teuthology.orchestra.run.smithi008.stdout:/usr/bin/ceph: stderr
2024-04-26T21:12:16.059+0000 7f2b3cc00700 1 -- 172.21.15.8:0/3441255959 >> [v2:172.21.15.8:3300/0,v1:172.21.15.8:6789/0] conn(0x7f2b38107610 msgr2=0x7f2b38107a30 secure :-1 s=STATE_CONNECTION_ESTABLISHED l=1).mark_down
2024-04-26T21:12:17.339 INFO:teuthology.orchestra.run.smithi008.stdout:/usr/bin/ceph: stderr
2024-04-26T21:12:16.059+0000 7f2b3cc00700 1 --2- 172.21.15.8:0/3441255959 >> [v2:172.21.15.8:3300/0,v1:172.21.15.8:6789/0] conn(0x7f2b38107610 0x7f2b38107a30 secure :-1 s=READY pgs=72 cs=0 l=1 rev1=1 crypto rx=0x7f2b280098a0 tx=0x7f2b28009bb0 comp rx=0 tx=0).stop
2024-04-26T21:12:17.339 INFO:teuthology.orchestra.run.smithi008.stdout:/usr/bin/ceph: stderr
2024-04-26T21:12:16.059+0000 7f2b3cc00700 1 -- 172.21.15.8:0/3441255959 shutdown_connections
2024-04-26T21:12:17.339 INFO:teuthology.orchestra.run.smithi008.stdout:/usr/bin/ceph: stderr
2024-04-26T21:12:16.059+0000 7f2b3cc00700 1 --2- 172.21.15.8:0/3441255959 >> [v2:172.21.15.8:3300/0,v1:172.21.15.8:6789/0] conn(0x7f2b38107610 0x7f2b38107a30 unknown :-1 s=CLOSED pgs=72 cs=0 l=1 rev1=1 crypto rx=0 tx=0 comp rx=0 tx=0).stop
2024-04-26T21:12:17.339 INFO:teuthology.orchestra.run.smithi008.stdout:/usr/bin/ceph: stderr
2024-04-26T21:12:16.059+0000 7f2b3cc00700 1 -- 172.21.15.8:0/3441255959 >> 172.21.15.8:0/3441255959 conn(0x7f2b38103210 msgr2=0x7f2b38105630 unknown :-1 s=STATE_NONE l=0).mark_down
2024-04-26T21:12:17.339 INFO:teuthology.orchestra.run.smithi008.stdout:/usr/bin/ceph: stderr
2024-04-26T21:12:16.059+0000 7f2b3cc00700 1 -- 172.21.15.8:0/3441255959 shutdown_connections
2024-04-26T21:12:17.339 INFO:teuthology.orchestra.run.smithi008.stdout:/usr/bin/ceph: stderr
2024-04-26T21:12:16.059+0000 7f2b3cc00700 1 -- 172.21.15.8:0/3441255959 wait complete.
2024-04-26T21:12:17.339 INFO:teuthology.orchestra.run.smithi008.stdout:/usr/bin/ceph: stderr
2024-04-26T21:12:16.060+0000 7f2b3cc00700 1 Processor -- start
2024-04-26T21:12:17.339 INFO:teuthology.orchestra.run.smithi008.stdout:/usr/bin/ceph: stderr
2024-04-26T21:12:16.060+0000 7f2b3cc00700 1 -- start start
2024-04-26T21:12:17.339 INFO:teuthology.orchestra.run.smithi008.stdout:/usr/bin/ceph: stderr
2024-04-26T21:12:16.061+0000 7f2b3cc00700 1 --2- >> [v2:172.21.15.8:3300/0,v1:172.21.15.8:6789/0] conn(0x7f2b38107610 0x7f2b3819edf0 unknown :-1 s=NONE pgs=0 cs=0 l=1 rev1=0 crypto rx=0 tx=0 comp rx=0 tx=0).connect
2024-04-26T21:12:17.339 INFO:teuthology.orchestra.run.smithi008.stdout:/usr/bin/ceph: stderr
2024-04-26T21:12:16.061+0000 7f2b3cc00700 1 -- --> [v2:172.21.15.8:3300/0,v1:172.21.15.8:6789/0] -- mon_getmap magic: 0 -- 0x7f2b38108fe0 con 0x7f2b38107610
2024-04-26T21:12:17.339 INFO:teuthology.orchestra.run.smithi008.stdout:/usr/bin/ceph: stderr
2024-04-26T21:12:16.061+0000 7f2b35e00700 1 --2- >> [v2:172.21.15.8:3300/0,v1:172.21.15.8:6789/0] conn(0x7f2b38107610 0x7f2b3819edf0 unknown :-1 s=BANNER_CONNECTING pgs=0 cs=0 l=1 rev1=0 crypto rx=0 tx=0 comp rx=0 tx=0)._handle_peer_banner_payload supported=3 required=0
2024-04-26T21:12:17.339 INFO:teuthology.orchestra.run.smithi008.stdout:/usr/bin/ceph: stderr
2024-04-26T21:12:16.061+0000 7f2b35e00700 1 --2- >> [v2:172.21.15.8:3300/0,v1:172.21.15.8:6789/0] conn(0x7f2b38107610 0x7f2b3819edf0 unknown :-1 s=HELLO_CONNECTING pgs=0 cs=0 l=1 rev1=1 crypto rx=0 tx=0 comp rx=0 tx=0).handle_hello peer v2:172.21.15.8:3300/0 says I am v2:172.21.15.8:57498/0 (socket says 172.21.15.8:57498)
2024-04-26T21:12:17.339 INFO:teuthology.orchestra.run.smithi008.stdout:/usr/bin/ceph: stderr
2024-04-26T21:12:16.061+0000 7f2b35e00700 1 -- 172.21.15.8:0/3363148162 learned_addr learned my addr 172.21.15.8:0/3363148162 (peer_addr_for_me v2:172.21.15.8:0/0)
2024-04-26T21:12:17.340 INFO:teuthology.orchestra.run.smithi008.stdout:/usr/bin/ceph: stderr
2024-04-26T21:12:16.061+0000 7f2b35e00700 1 -- 172.21.15.8:0/3363148162 --> [v2:172.21.15.8:3300/0,v1:172.21.15.8:6789/0] -- mon_subscribe({config=0+,monmap=0+}) -- 0x7f2b3819f330 con 0x7f2b38107610
2024-04-26T21:12:17.340 INFO:teuthology.orchestra.run.smithi008.stdout:/usr/bin/ceph: stderr
2024-04-26T21:12:16.062+0000 7f2b35e00700 1 --2- 172.21.15.8:0/3363148162 >> [v2:172.21.15.8:3300/0,v1:172.21.15.8:6789/0] conn(0x7f2b38107610 0x7f2b3819edf0 secure :-1 s=READY pgs=73 cs=0 l=1 rev1=1 crypto rx=0x7f2b28000c00 tx=0x7f2b28011aa0 comp rx=0 tx=0).ready entity=mon.0 client_cookie=0 server_cookie=0 in_seq=0 out_seq=0
2024-04-26T21:12:17.341 INFO:teuthology.orchestra.run.smithi008.stdout:/usr/bin/ceph: stderr
2024-04-26T21:12:16.062+0000 7f2b2ea00700 1 -- 172.21.15.8:0/3363148162 <== mon.0 v2:172.21.15.8:3300/0 1 ==== mon_map magic: 0 ==== 205+0+0 (secure 0 0 0) 0x7f2b28003aa0 con 0x7f2b38107610
2024-04-26T21:12:17.342 INFO:teuthology.orchestra.run.smithi008.stdout:/usr/bin/ceph: stderr
2024-04-26T21:12:16.062+0000 7f2b2ea00700 1 -- 172.21.15.8:0/3363148162 <== mon.0 v2:172.21.15.8:3300/0 2 ==== config(26 keys) ==== 1101+0+0 (secure 0 0 0) 0x7f2b2801b8f0 con 0x7f2b38107610
2024-04-26T21:12:17.342 INFO:teuthology.orchestra.run.smithi008.stdout:/usr/bin/ceph: stderr
2024-04-26T21:12:16.062+0000 7f2b3cc00700 1 -- 172.21.15.8:0/3363148162 --> [v2:172.21.15.8:3300/0,v1:172.21.15.8:6789/0] -- mon_subscribe({mgrmap=0+}) -- 0x7f2b3819f5c0 con 0x7f2b38107610
2024-04-26T21:12:17.342 INFO:teuthology.orchestra.run.smithi008.stdout:/usr/bin/ceph: stderr
2024-04-26T21:12:16.062+0000 7f2b2ea00700 1 -- 172.21.15.8:0/3363148162 <== mon.0 v2:172.21.15.8:3300/0 3 ==== mon_map magic: 0 ==== 205+0+0 (secure 0 0 0) 0x7f2b28023870 con 0x7f2b38107610
2024-04-26T21:12:17.342 INFO:teuthology.orchestra.run.smithi008.stdout:/usr/bin/ceph: stderr
2024-04-26T21:12:16.062+0000 7f2b3cc00700 1 -- 172.21.15.8:0/3363148162 --> [v2:172.21.15.8:3300/0,v1:172.21.15.8:6789/0] -- mon_subscribe({osdmap=0}) -- 0x7f2b381a22b0 con 0x7f2b38107610
2024-04-26T21:12:17.342 INFO:teuthology.orchestra.run.smithi008.stdout:/usr/bin/ceph: stderr
2024-04-26T21:12:16.063+0000 7f2b2ea00700 1 -- 172.21.15.8:0/3363148162 <== mon.0 v2:172.21.15.8:3300/0 4 ==== mgrmap(e 12) ==== 46571+0+0 (secure 0 0 0) 0x7f2b28023b70 con 0x7f2b38107610
2024-04-26T21:12:17.342 INFO:teuthology.orchestra.run.smithi008.stdout:/usr/bin/ceph: stderr
2024-04-26T21:12:16.064+0000 7f2b3cc00700 1 -- 172.21.15.8:0/3363148162 --> [v2:172.21.15.8:3300/0,v1:172.21.15.8:6789/0] -- mon_command({"prefix": "get_command_descriptions"} v 0) -- 0x7f2b38064a80 con 0x7f2b38107610
2024-04-26T21:12:17.342 INFO:teuthology.orchestra.run.smithi008.stdout:/usr/bin/ceph: stderr
2024-04-26T21:12:16.064+0000 7f2b2ea00700 1 --2- 172.21.15.8:0/3363148162 >> [v2:172.21.15.8:6800/3723089068,v1:172.21.15.8:6801/3723089068] conn(0x7f2b1c039600 0x7f2b1c03bac0 unknown :-1 s=NONE pgs=0 cs=0 l=1 rev1=0 crypto rx=0 tx=0 comp rx=0 tx=0).connect
2024-04-26T21:12:17.342 INFO:teuthology.orchestra.run.smithi008.stdout:/usr/bin/ceph: stderr
2024-04-26T21:12:16.064+0000 7f2b2ea00700 1 -- 172.21.15.8:0/3363148162 <== mon.0 v2:172.21.15.8:3300/0 5 ==== osd_map(3..3 src has 1..3) ==== 1155+0+0 (secure 0 0 0) 0x7f2b2804e290 con 0x7f2b38107610
2024-04-26T21:12:17.342 INFO:teuthology.orchestra.run.smithi008.stdout:/usr/bin/ceph: stderr
2024-04-26T21:12:16.064+0000 7f2b35400700 1 --2- 172.21.15.8:0/3363148162 >> [v2:172.21.15.8:6800/3723089068,v1:172.21.15.8:6801/3723089068] conn(0x7f2b1c039600 0x7f2b1c03bac0 unknown :-1 s=BANNER_CONNECTING pgs=0 cs=0 l=1 rev1=0 crypto rx=0 tx=0 comp rx=0 tx=0)._handle_peer_banner_payload supported=3 required=0
2024-04-26T21:12:17.342 INFO:teuthology.orchestra.run.smithi008.stdout:/usr/bin/ceph: stderr
2024-04-26T21:12:16.065+0000 7f2b35400700 1 --2- 172.21.15.8:0/3363148162 >> [v2:172.21.15.8:6800/3723089068,v1:172.21.15.8:6801/3723089068] conn(0x7f2b1c039600 0x7f2b1c03bac0 secure :-1 s=READY pgs=8 cs=0 l=1 rev1=1 crypto rx=0x7f2b24006fd0 tx=0x7f2b24006e40 comp rx=0 tx=0).ready entity=mgr.14152 client_cookie=0 server_cookie=0 in_seq=0 out_seq=0
2024-04-26T21:12:17.342 INFO:teuthology.orchestra.run.smithi008.stdout:/usr/bin/ceph: stderr
2024-04-26T21:12:16.070+0000 7f2b2ea00700 1 -- 172.21.15.8:0/3363148162 <== mon.0 v2:172.21.15.8:3300/0 6 ==== mon_command_ack([{"prefix": "get_command_descriptions"}]=0 v0) ==== 72+0+188494 (secure 0 0 0) 0x7f2b2801f030 con 0x7f2b38107610
2024-04-26T21:12:17.342 INFO:teuthology.orchestra.run.smithi008.stdout:/usr/bin/ceph: stderr
2024-04-26T21:12:16.327+0000 7f2b3cc00700 1 -- 172.21.15.8:0/3363148162 --> [v2:172.21.15.8:6800/3723089068,v1:172.21.15.8:6801/3723089068] -- mgr_command(tid 0: {"prefix": "dashboard ac-user-create", "username": "admin", "rolename": "administrator", "force_password": true, "pwd_update_required": true, "target": ["mon-mgr", ""]}) -- 0x7f2b3819faa0 con 0x7f2b1c039600
2024-04-26T21:12:17.343 INFO:teuthology.orchestra.run.smithi008.stdout:/usr/bin/ceph: stderr
2024-04-26T21:12:16.602+0000 7f2b2ea00700 1 -- 172.21.15.8:0/3363148162 <== mgr.14152 v2:172.21.15.8:6800/3723089068 1 ==== mgr_command_reply(tid 0: 0 ) ==== 8+0+252 (secure 0 0 0) 0x7f2b3819faa0 con 0x7f2b1c039600
2024-04-26T21:12:17.343 INFO:teuthology.orchestra.run.smithi008.stdout:/usr/bin/ceph: stderr
2024-04-26T21:12:16.605+0000 7f2b3cc00700 1 -- 172.21.15.8:0/3363148162 >> [v2:172.21.15.8:6800/3723089068,v1:172.21.15.8:6801/3723089068] conn(0x7f2b1c039600 msgr2=0x7f2b1c03bac0 secure :-1 s=STATE_CONNECTION_ESTABLISHED l=1).mark_down
2024-04-26T21:12:17.343 INFO:teuthology.orchestra.run.smithi008.stdout:/usr/bin/ceph: stderr
2024-04-26T21:12:16.605+0000 7f2b3cc00700 1 --2- 172.21.15.8:0/3363148162 >> [v2:172.21.15.8:6800/3723089068,v1:172.21.15.8:6801/3723089068] conn(0x7f2b1c039600 0x7f2b1c03bac0 secure :-1 s=READY pgs=8 cs=0 l=1 rev1=1 crypto rx=0x7f2b24006fd0 tx=0x7f2b24006e40 comp rx=0 tx=0).stop
2024-04-26T21:12:17.344 INFO:teuthology.orchestra.run.smithi008.stdout:/usr/bin/ceph: stderr
2024-04-26T21:12:16.605+0000 7f2b3cc00700 1 -- 172.21.15.8:0/3363148162 >> [v2:172.21.15.8:3300/0,v1:172.21.15.8:6789/0] conn(0x7f2b38107610 msgr2=0x7f2b3819edf0 secure :-1 s=STATE_CONNECTION_ESTABLISHED l=1).mark_down
2024-04-26T21:12:17.344 INFO:teuthology.orchestra.run.smithi008.stdout:/usr/bin/ceph: stderr
2024-04-26T21:12:16.605+0000 7f2b3cc00700 1 --2- 172.21.15.8:0/3363148162 >> [v2:172.21.15.8:3300/0,v1:172.21.15.8:6789/0] conn(0x7f2b38107610 0x7f2b3819edf0 secure :-1 s=READY pgs=73 cs=0 l=1 rev1=1 crypto rx=0x7f2b28000c00 tx=0x7f2b28011aa0 comp rx=0 tx=0).stop
2024-04-26T21:12:17.344 INFO:teuthology.orchestra.run.smithi008.stdout:/usr/bin/ceph: stderr
2024-04-26T21:12:16.605+0000 7f2b3cc00700 1 -- 172.21.15.8:0/3363148162 shutdown_connections
2024-04-26T21:12:17.344 INFO:teuthology.orchestra.run.smithi008.stdout:/usr/bin/ceph: stderr
2024-04-26T21:12:16.605+0000 7f2b3cc00700 1 --2- 172.21.15.8:0/3363148162 >> [v2:172.21.15.8:6800/3723089068,v1:172.21.15.8:6801/3723089068] conn(0x7f2b1c039600 0x7f2b1c03bac0 unknown :-1 s=CLOSED pgs=8 cs=0 l=1 rev1=1 crypto rx=0 tx=0 comp rx=0 tx=0).stop
2024-04-26T21:12:17.344 INFO:teuthology.orchestra.run.smithi008.stdout:/usr/bin/ceph: stderr
2024-04-26T21:12:16.605+0000 7f2b3cc00700 1 --2- 172.21.15.8:0/3363148162 >> [v2:172.21.15.8:3300/0,v1:172.21.15.8:6789/0] conn(0x7f2b38107610 0x7f2b3819edf0 unknown :-1 s=CLOSED pgs=73 cs=0 l=1 rev1=1 crypto rx=0 tx=0 comp rx=0 tx=0).stop
2024-04-26T21:12:17.344 INFO:teuthology.orchestra.run.smithi008.stdout:/usr/bin/ceph: stderr
2024-04-26T21:12:16.605+0000 7f2b3cc00700 1 -- 172.21.15.8:0/3363148162 >> 172.21.15.8:0/3363148162 conn(0x7f2b38103210 msgr2=0x7f2b38195ad0 unknown :-1 s=STATE_NONE l=0).mark_down
2024-04-26T21:12:17.344 INFO:teuthology.orchestra.run.smithi008.stdout:/usr/bin/ceph: stderr
2024-04-26T21:12:16.605+0000 7f2b3cc00700 1 -- 172.21.15.8:0/3363148162 shutdown_connections
2024-04-26T21:12:17.344 INFO:teuthology.orchestra.run.smithi008.stdout:/usr/bin/ceph: stderr
2024-04-26T21:12:16.605+0000 7f2b3cc00700 1 -- 172.21.15.8:0/3363148162 wait complete.
2024-04-26T21:12:17.344 INFO:teuthology.orchestra.run.smithi008.stdout:Fetching dashboard port number...
2024-04-26T21:12:17.551 INFO:journalctl@ceph.mon.a.smithi008.stdout:Apr 26 21:12:17 smithi008 ceph-mon[28079]: from='mgr.14152 172.21.15.8:0/156324688' entity='mgr.x'
2024-04-26T21:12:17.552 INFO:journalctl@ceph.mon.a.smithi008.stdout:Apr 26 21:12:17 smithi008 ceph-mon[28079]: from='client.14166 -' entity='client.admin' cmd=[{"prefix": "dashboard ac-user-create", "username": "admin", "rolename": "administrator", "force_password": true, "pwd_update_required": true, "target": ["mon-mgr", ""]}]: dispatch
2024-04-26T21:12:17.552 INFO:journalctl@ceph.mon.a.smithi008.stdout:Apr 26 21:12:17 smithi008 ceph-mon[28079]: from='mgr.14152 172.21.15.8:0/156324688' entity='mgr.x'
2024-04-26T21:12:18.460 INFO:journalctl@ceph.mon.a.smithi008.stdout:Apr 26 21:12:18 smithi008 ceph-mon[28079]: from='client.? 172.21.15.8:0/3914341024' entity='client.admin' cmd=[{"prefix": "config get", "who": "mgr", "key": "mgr/dashboard/ssl_server_port"}]: dispatch
2024-04-26T21:12:19.224 INFO:teuthology.orchestra.run.smithi008.stdout:/usr/bin/ceph: stdout 8443
2024-04-26T21:12:19.224 INFO:teuthology.orchestra.run.smithi008.stdout:/usr/bin/ceph: stderr
2024-04-26T21:12:17.979+0000 7f81c5a00700 1 Processor -- start
2024-04-26T21:12:19.224 INFO:teuthology.orchestra.run.smithi008.stdout:/usr/bin/ceph: stderr
2024-04-26T21:12:17.979+0000 7f81c5a00700 1 -- start start
2024-04-26T21:12:19.224 INFO:teuthology.orchestra.run.smithi008.stdout:/usr/bin/ceph: stderr
2024-04-26T21:12:17.980+0000 7f81c5a00700 1 --2- >> [v2:172.21.15.8:3300/0,v1:172.21.15.8:6789/0] conn(0x7f81c007ee50 0x7f81c007d300 unknown :-1 s=NONE pgs=0 cs=0 l=0 rev1=0 crypto rx=0 tx=0 comp rx=0 tx=0).connect
2024-04-26T21:12:19.225 INFO:teuthology.orchestra.run.smithi008.stdout:/usr/bin/ceph: stderr
2024-04-26T21:12:17.980+0000 7f81c5a00700 1 -- --> [v2:172.21.15.8:3300/0,v1:172.21.15.8:6789/0] -- mon_getmap magic: 0 -- 0x7f81c007d840 con 0x7f81c007ee50
2024-04-26T21:12:19.225 INFO:teuthology.orchestra.run.smithi008.stdout:/usr/bin/ceph: stderr
2024-04-26T21:12:17.980+0000 7f81bea00700 1 --2- >> [v2:172.21.15.8:3300/0,v1:172.21.15.8:6789/0] conn(0x7f81c007ee50 0x7f81c007d300 unknown :-1 s=BANNER_CONNECTING pgs=0 cs=0 l=0 rev1=0 crypto rx=0 tx=0 comp rx=0 tx=0)._handle_peer_banner_payload supported=3 required=0
2024-04-26T21:12:19.225 INFO:teuthology.orchestra.run.smithi008.stdout:/usr/bin/ceph: stderr
2024-04-26T21:12:17.980+0000 7f81bea00700 1 --2- >> [v2:172.21.15.8:3300/0,v1:172.21.15.8:6789/0] conn(0x7f81c007ee50 0x7f81c007d300 unknown :-1 s=HELLO_CONNECTING pgs=0 cs=0 l=0 rev1=1 crypto rx=0 tx=0 comp rx=0 tx=0).handle_hello peer v2:172.21.15.8:3300/0 says I am v2:172.21.15.8:57508/0 (socket says 172.21.15.8:57508)
2024-04-26T21:12:19.225 INFO:teuthology.orchestra.run.smithi008.stdout:/usr/bin/ceph: stderr
2024-04-26T21:12:17.980+0000 7f81bea00700 1 -- 172.21.15.8:0/2521349472 learned_addr learned my addr 172.21.15.8:0/2521349472 (peer_addr_for_me v2:172.21.15.8:0/0)
2024-04-26T21:12:19.225 INFO:teuthology.orchestra.run.smithi008.stdout:/usr/bin/ceph: stderr
2024-04-26T21:12:17.980+0000 7f81bea00700 1 -- 172.21.15.8:0/2521349472 --> [v2:172.21.15.8:3300/0,v1:172.21.15.8:6789/0] -- mon_subscribe({config=0+,monmap=0+}) -- 0x7f81c007d9c0 con 0x7f81c007ee50
2024-04-26T21:12:19.225 INFO:teuthology.orchestra.run.smithi008.stdout:/usr/bin/ceph: stderr
2024-04-26T21:12:17.981+0000 7f81bea00700 1 --2- 172.21.15.8:0/2521349472 >> [v2:172.21.15.8:3300/0,v1:172.21.15.8:6789/0] conn(0x7f81c007ee50 0x7f81c007d300 secure :-1 s=READY pgs=74 cs=0 l=1 rev1=1 crypto rx=0x7f81b00098a0 tx=0x7f81b0009bb0 comp rx=0 tx=0).ready entity=mon.0 client_cookie=743f7fd918c8bf36 server_cookie=0 in_seq=0 out_seq=0
2024-04-26T21:12:19.225 INFO:teuthology.orchestra.run.smithi008.stdout:/usr/bin/ceph: stderr
