2024-04-26T21:11:39.383+0000 7fab11800700 1 -- start start
2024-04-26T21:11:40.287 INFO:teuthology.orchestra.run.smithi008.stdout:/usr/bin/ceph: stderr
2024-04-26T21:11:39.384+0000 7fab11800700 1 --2- >> [v2:172.21.15.8:3300/0,v1:172.21.15.8:6789/0] conn(0x7fab0c10fcf0 0x7fab0c1120e0 unknown :-1 s=NONE pgs=0 cs=0 l=0 rev1=0 crypto rx=0 tx=0 comp rx=0 tx=0).connect
2024-04-26T21:11:40.287 INFO:teuthology.orchestra.run.smithi008.stdout:/usr/bin/ceph: stderr
2024-04-26T21:11:39.384+0000 7fab11800700 1 -- --> [v2:172.21.15.8:3300/0,v1:172.21.15.8:6789/0] -- mon_getmap magic: 0 -- 0x7fab0c112620 con 0x7fab0c10fcf0
2024-04-26T21:11:40.287 INFO:teuthology.orchestra.run.smithi008.stdout:/usr/bin/ceph: stderr
2024-04-26T21:11:39.384+0000 7fab0aa00700 1 --2- >> [v2:172.21.15.8:3300/0,v1:172.21.15.8:6789/0] conn(0x7fab0c10fcf0 0x7fab0c1120e0 unknown :-1 s=BANNER_CONNECTING pgs=0 cs=0 l=0 rev1=0 crypto rx=0 tx=0 comp rx=0 tx=0)._handle_peer_banner_payload supported=3 required=0
2024-04-26T21:11:40.287 INFO:teuthology.orchestra.run.smithi008.stdout:/usr/bin/ceph: stderr
2024-04-26T21:11:39.384+0000 7fab0aa00700 1 --2- >> [v2:172.21.15.8:3300/0,v1:172.21.15.8:6789/0] conn(0x7fab0c10fcf0 0x7fab0c1120e0 unknown :-1 s=HELLO_CONNECTING pgs=0 cs=0 l=0 rev1=1 crypto rx=0 tx=0 comp rx=0 tx=0).handle_hello peer v2:172.21.15.8:3300/0 says I am v2:172.21.15.8:59602/0 (socket says 172.21.15.8:59602)
2024-04-26T21:11:40.287 INFO:teuthology.orchestra.run.smithi008.stdout:/usr/bin/ceph: stderr
2024-04-26T21:11:39.384+0000 7fab0aa00700 1 -- 172.21.15.8:0/4190288461 learned_addr learned my addr 172.21.15.8:0/4190288461 (peer_addr_for_me v2:172.21.15.8:0/0)
2024-04-26T21:11:40.288 INFO:teuthology.orchestra.run.smithi008.stdout:/usr/bin/ceph: stderr
2024-04-26T21:11:39.385+0000 7fab0aa00700 1 -- 172.21.15.8:0/4190288461 --> [v2:172.21.15.8:3300/0,v1:172.21.15.8:6789/0] -- mon_subscribe({config=0+,monmap=0+}) -- 0x7fab0c1127a0 con 0x7fab0c10fcf0
2024-04-26T21:11:40.288 INFO:teuthology.orchestra.run.smithi008.stdout:/usr/bin/ceph: stderr
2024-04-26T21:11:39.385+0000 7fab0aa00700 1 --2- 172.21.15.8:0/4190288461 >> [v2:172.21.15.8:3300/0,v1:172.21.15.8:6789/0] conn(0x7fab0c10fcf0 0x7fab0c1120e0 secure :-1 s=READY pgs=37 cs=0 l=1 rev1=1 crypto rx=0x7faafc0098a0 tx=0x7faafc009bb0 comp rx=0 tx=0).ready entity=mon.0 client_cookie=c1293d0170267be9 server_cookie=0 in_seq=0 out_seq=0
2024-04-26T21:11:40.288 INFO:teuthology.orchestra.run.smithi008.stdout:/usr/bin/ceph: stderr
2024-04-26T21:11:39.385+0000 7fab0a000700 1 -- 172.21.15.8:0/4190288461 <== mon.0 v2:172.21.15.8:3300/0 1 ==== mon_map magic: 0 ==== 205+0+0 (secure 0 0 0) 0x7faafc004160 con 0x7fab0c10fcf0
2024-04-26T21:11:40.288 INFO:teuthology.orchestra.run.smithi008.stdout:/usr/bin/ceph: stderr
2024-04-26T21:11:39.385+0000 7fab0a000700 1 -- 172.21.15.8:0/4190288461 <== mon.0 v2:172.21.15.8:3300/0 2 ==== config(26 keys) ==== 1070+0+0 (secure 0 0 0) 0x7faafc004300 con 0x7fab0c10fcf0
2024-04-26T21:11:40.288 INFO:teuthology.orchestra.run.smithi008.stdout:/usr/bin/ceph: stderr
2024-04-26T21:11:39.385+0000 7fab0a000700 1 -- 172.21.15.8:0/4190288461 <== mon.0 v2:172.21.15.8:3300/0 3 ==== mon_map magic: 0 ==== 205+0+0 (secure 0 0 0) 0x7faafc011af0 con 0x7fab0c10fcf0
2024-04-26T21:11:40.288 INFO:teuthology.orchestra.run.smithi008.stdout:/usr/bin/ceph: stderr
2024-04-26T21:11:39.386+0000 7fab11800700 1 -- 172.21.15.8:0/4190288461 >> [v2:172.21.15.8:3300/0,v1:172.21.15.8:6789/0] conn(0x7fab0c10fcf0 msgr2=0x7fab0c1120e0 secure :-1 s=STATE_CONNECTION_ESTABLISHED l=1).mark_down
2024-04-26T21:11:40.288 INFO:teuthology.orchestra.run.smithi008.stdout:/usr/bin/ceph: stderr
2024-04-26T21:11:39.386+0000 7fab11800700 1 --2- 172.21.15.8:0/4190288461 >> [v2:172.21.15.8:3300/0,v1:172.21.15.8:6789/0] conn(0x7fab0c10fcf0 0x7fab0c1120e0 secure :-1 s=READY pgs=37 cs=0 l=1 rev1=1 crypto rx=0x7faafc0098a0 tx=0x7faafc009bb0 comp rx=0 tx=0).stop
2024-04-26T21:11:40.288 INFO:teuthology.orchestra.run.smithi008.stdout:/usr/bin/ceph: stderr
2024-04-26T21:11:39.386+0000 7fab11800700 1 -- 172.21.15.8:0/4190288461 shutdown_connections
2024-04-26T21:11:40.292 INFO:teuthology.orchestra.run.smithi008.stdout:/usr/bin/ceph: stderr
2024-04-26T21:11:39.386+0000 7fab11800700 1 --2- 172.21.15.8:0/4190288461 >> [v2:172.21.15.8:3300/0,v1:172.21.15.8:6789/0] conn(0x7fab0c10fcf0 0x7fab0c1120e0 unknown :-1 s=CLOSED pgs=37 cs=0 l=1 rev1=1 crypto rx=0 tx=0 comp rx=0 tx=0).stop
2024-04-26T21:11:40.292 INFO:teuthology.orchestra.run.smithi008.stdout:/usr/bin/ceph: stderr
2024-04-26T21:11:39.386+0000 7fab11800700 1 -- 172.21.15.8:0/4190288461 >> 172.21.15.8:0/4190288461 conn(0x7fab0c07e300 msgr2=0x7fab0c080760 unknown :-1 s=STATE_NONE l=0).mark_down
2024-04-26T21:11:40.292 INFO:teuthology.orchestra.run.smithi008.stdout:/usr/bin/ceph: stderr
2024-04-26T21:11:39.386+0000 7fab11800700 1 -- 172.21.15.8:0/4190288461 shutdown_connections
2024-04-26T21:11:40.292 INFO:teuthology.orchestra.run.smithi008.stdout:/usr/bin/ceph: stderr
2024-04-26T21:11:39.386+0000 7fab11800700 1 -- 172.21.15.8:0/4190288461 wait complete.
2024-04-26T21:11:40.292 INFO:teuthology.orchestra.run.smithi008.stdout:/usr/bin/ceph: stderr
2024-04-26T21:11:39.387+0000 7fab11800700 1 Processor -- start
2024-04-26T21:11:40.292 INFO:teuthology.orchestra.run.smithi008.stdout:/usr/bin/ceph: stderr
2024-04-26T21:11:39.387+0000 7fab11800700 1 -- start start
2024-04-26T21:11:40.292 INFO:teuthology.orchestra.run.smithi008.stdout:/usr/bin/ceph: stderr
2024-04-26T21:11:39.388+0000 7fab11800700 1 --2- >> [v2:172.21.15.8:3300/0,v1:172.21.15.8:6789/0] conn(0x7fab0c10fcf0 0x7fab0c1a3350 unknown :-1 s=NONE pgs=0 cs=0 l=1 rev1=0 crypto rx=0 tx=0 comp rx=0 tx=0).connect
2024-04-26T21:11:40.293 INFO:teuthology.orchestra.run.smithi008.stdout:/usr/bin/ceph: stderr
2024-04-26T21:11:39.388+0000 7fab11800700 1 -- --> [v2:172.21.15.8:3300/0,v1:172.21.15.8:6789/0] -- mon_getmap magic: 0 -- 0x7fab0c113700 con 0x7fab0c10fcf0
2024-04-26T21:11:40.293 INFO:teuthology.orchestra.run.smithi008.stdout:/usr/bin/ceph: stderr
2024-04-26T21:11:39.388+0000 7fab0aa00700 1 --2- >> [v2:172.21.15.8:3300/0,v1:172.21.15.8:6789/0] conn(0x7fab0c10fcf0 0x7fab0c1a3350 unknown :-1 s=BANNER_CONNECTING pgs=0 cs=0 l=1 rev1=0 crypto rx=0 tx=0 comp rx=0 tx=0)._handle_peer_banner_payload supported=3 required=0
2024-04-26T21:11:40.293 INFO:teuthology.orchestra.run.smithi008.stdout:/usr/bin/ceph: stderr
2024-04-26T21:11:39.388+0000 7fab0aa00700 1 --2- >> [v2:172.21.15.8:3300/0,v1:172.21.15.8:6789/0] conn(0x7fab0c10fcf0 0x7fab0c1a3350 unknown :-1 s=HELLO_CONNECTING pgs=0 cs=0 l=1 rev1=1 crypto rx=0 tx=0 comp rx=0 tx=0).handle_hello peer v2:172.21.15.8:3300/0 says I am v2:172.21.15.8:59612/0 (socket says 172.21.15.8:59612)
2024-04-26T21:11:40.293 INFO:teuthology.orchestra.run.smithi008.stdout:/usr/bin/ceph: stderr
2024-04-26T21:11:39.388+0000 7fab0aa00700 1 -- 172.21.15.8:0/2621764461 learned_addr learned my addr 172.21.15.8:0/2621764461 (peer_addr_for_me v2:172.21.15.8:0/0)
2024-04-26T21:11:40.293 INFO:teuthology.orchestra.run.smithi008.stdout:/usr/bin/ceph: stderr
2024-04-26T21:11:39.388+0000 7fab0aa00700 1 -- 172.21.15.8:0/2621764461 --> [v2:172.21.15.8:3300/0,v1:172.21.15.8:6789/0] -- mon_subscribe({config=0+,monmap=0+}) -- 0x7fab0c1a3890 con 0x7fab0c10fcf0
2024-04-26T21:11:40.293 INFO:teuthology.orchestra.run.smithi008.stdout:/usr/bin/ceph: stderr
2024-04-26T21:11:39.389+0000 7fab0aa00700 1 --2- 172.21.15.8:0/2621764461 >> [v2:172.21.15.8:3300/0,v1:172.21.15.8:6789/0] conn(0x7fab0c10fcf0 0x7fab0c1a3350 secure :-1 s=READY pgs=38 cs=0 l=1 rev1=1 crypto rx=0x7faafc011ac0 tx=0x7faafc011ba0 comp rx=0 tx=0).ready entity=mon.0 client_cookie=0 server_cookie=0 in_seq=0 out_seq=0
2024-04-26T21:11:40.293 INFO:teuthology.orchestra.run.smithi008.stdout:/usr/bin/ceph: stderr
2024-04-26T21:11:39.389+0000 7fab03e00700 1 -- 172.21.15.8:0/2621764461 <== mon.0 v2:172.21.15.8:3300/0 1 ==== mon_map magic: 0 ==== 205+0+0 (secure 0 0 0) 0x7faafc003970 con 0x7fab0c10fcf0
2024-04-26T21:11:40.293 INFO:teuthology.orchestra.run.smithi008.stdout:/usr/bin/ceph: stderr
2024-04-26T21:11:39.389+0000 7fab03e00700 1 -- 172.21.15.8:0/2621764461 <== mon.0 v2:172.21.15.8:3300/0 2 ==== config(26 keys) ==== 1070+0+0 (secure 0 0 0) 0x7faafc003b10 con 0x7fab0c10fcf0
2024-04-26T21:11:40.293 INFO:teuthology.orchestra.run.smithi008.stdout:/usr/bin/ceph: stderr
2024-04-26T21:11:39.389+0000 7fab03e00700 1 -- 172.21.15.8:0/2621764461 <== mon.0 v2:172.21.15.8:3300/0 3 ==== mon_map magic: 0 ==== 205+0+0 (secure 0 0 0) 0x7faafc024610 con 0x7fab0c10fcf0
2024-04-26T21:11:40.293 INFO:teuthology.orchestra.run.smithi008.stdout:/usr/bin/ceph: stderr
2024-04-26T21:11:39.389+0000 7fab11800700 1 -- 172.21.15.8:0/2621764461 --> [v2:172.21.15.8:3300/0,v1:172.21.15.8:6789/0] -- mon_subscribe({mgrmap=0+}) -- 0x7fab0c1a3b20 con 0x7fab0c10fcf0
2024-04-26T21:11:40.293 INFO:teuthology.orchestra.run.smithi008.stdout:/usr/bin/ceph: stderr
2024-04-26T21:11:39.389+0000 7fab11800700 1 -- 172.21.15.8:0/2621764461 --> [v2:172.21.15.8:3300/0,v1:172.21.15.8:6789/0] -- mon_subscribe({osdmap=0}) -- 0x7fab0c1a67c0 con 0x7fab0c10fcf0
2024-04-26T21:11:40.293 INFO:teuthology.orchestra.run.smithi008.stdout:/usr/bin/ceph: stderr
2024-04-26T21:11:39.390+0000 7fab03e00700 1 -- 172.21.15.8:0/2621764461 <== mon.0 v2:172.21.15.8:3300/0 4 ==== mgrmap(e 8) ==== 46558+0+0 (secure 0 0 0) 0x7faafc01a9e0 con 0x7fab0c10fcf0
2024-04-26T21:11:40.293 INFO:teuthology.orchestra.run.smithi008.stdout:/usr/bin/ceph: stderr
2024-04-26T21:11:39.390+0000 7fab11800700 1 -- 172.21.15.8:0/2621764461 --> [v2:172.21.15.8:3300/0,v1:172.21.15.8:6789/0] -- mon_command({"prefix": "get_command_descriptions"} v 0) -- 0x7fab0c064a80 con 0x7fab0c10fcf0
2024-04-26T21:11:40.294 INFO:teuthology.orchestra.run.smithi008.stdout:/usr/bin/ceph: stderr
2024-04-26T21:11:39.391+0000 7fab03e00700 1 --2- 172.21.15.8:0/2621764461 >> [v2:172.21.15.8:6800/2596810887,v1:172.21.15.8:6801/2596810887] conn(0x7faaf0039600 0x7faaf003bac0 unknown :-1 s=NONE pgs=0 cs=0 l=1 rev1=0 crypto rx=0 tx=0 comp rx=0 tx=0).connect
2024-04-26T21:11:40.294 INFO:teuthology.orchestra.run.smithi008.stdout:/usr/bin/ceph: stderr
2024-04-26T21:11:39.391+0000 7fab03e00700 1 -- 172.21.15.8:0/2621764461 <== mon.0 v2:172.21.15.8:3300/0 5 ==== osd_map(2..2 src has 1..2) ==== 940+0+0 (secure 0 0 0) 0x7faafc04d980 con 0x7fab0c10fcf0
2024-04-26T21:11:40.294 INFO:teuthology.orchestra.run.smithi008.stdout:/usr/bin/ceph: stderr
2024-04-26T21:11:39.391+0000 7fab02000700 1 --2- 172.21.15.8:0/2621764461 >> [v2:172.21.15.8:6800/2596810887,v1:172.21.15.8:6801/2596810887] conn(0x7faaf0039600 0x7faaf003bac0 unknown :-1 s=BANNER_CONNECTING pgs=0 cs=0 l=1 rev1=0 crypto rx=0 tx=0 comp rx=0 tx=0)._handle_peer_banner_payload supported=3 required=0
2024-04-26T21:11:40.294 INFO:teuthology.orchestra.run.smithi008.stdout:/usr/bin/ceph: stderr
2024-04-26T21:11:39.392+0000 7fab02000700 1 --2- 172.21.15.8:0/2621764461 >> [v2:172.21.15.8:6800/2596810887,v1:172.21.15.8:6801/2596810887] conn(0x7faaf0039600 0x7faaf003bac0 secure :-1 s=READY pgs=7 cs=0 l=1 rev1=1 crypto rx=0x7faaf4006fd0 tx=0x7faaf4006e40 comp rx=0 tx=0).ready entity=mgr.14120 client_cookie=0 server_cookie=0 in_seq=0 out_seq=0
2024-04-26T21:11:40.294 INFO:teuthology.orchestra.run.smithi008.stdout:/usr/bin/ceph: stderr
2024-04-26T21:11:39.397+0000 7fab03e00700 1 -- 172.21.15.8:0/2621764461 <== mon.0 v2:172.21.15.8:3300/0 6 ==== mon_command_ack([{"prefix": "get_command_descriptions"}]=0 v0) ==== 72+0+188494 (secure 0 0 0) 0x7faafc00b3e0 con 0x7fab0c10fcf0
2024-04-26T21:11:40.294 INFO:teuthology.orchestra.run.smithi008.stdout:/usr/bin/ceph: stderr
2024-04-26T21:11:39.643+0000 7fab11800700 1 -- 172.21.15.8:0/2621764461 --> [v2:172.21.15.8:6800/2596810887,v1:172.21.15.8:6801/2596810887] -- mgr_command(tid 0: {"prefix": "orch set backend", "module_name": "cephadm", "target": ["mon-mgr", ""]}) -- 0x7fab0c07f590 con 0x7faaf0039600
2024-04-26T21:11:40.294 INFO:teuthology.orchestra.run.smithi008.stdout:/usr/bin/ceph: stderr
2024-04-26T21:11:39.659+0000 7fab03e00700 1 -- 172.21.15.8:0/2621764461 <== mgr.14120 v2:172.21.15.8:6800/2596810887 1 ==== mgr_command_reply(tid 0: 0 ) ==== 8+0+0 (secure 0 0 0) 0x7fab0c07f590 con 0x7faaf0039600
2024-04-26T21:11:40.294 INFO:teuthology.orchestra.run.smithi008.stdout:/usr/bin/ceph: stderr
2024-04-26T21:11:39.663+0000 7fab11800700 1 -- 172.21.15.8:0/2621764461 >> [v2:172.21.15.8:6800/2596810887,v1:172.21.15.8:6801/2596810887] conn(0x7faaf0039600 msgr2=0x7faaf003bac0 secure :-1 s=STATE_CONNECTION_ESTABLISHED l=1).mark_down
2024-04-26T21:11:40.294 INFO:teuthology.orchestra.run.smithi008.stdout:/usr/bin/ceph: stderr
2024-04-26T21:11:39.663+0000 7fab11800700 1 --2- 172.21.15.8:0/2621764461 >> [v2:172.21.15.8:6800/2596810887,v1:172.21.15.8:6801/2596810887] conn(0x7faaf0039600 0x7faaf003bac0 secure :-1 s=READY pgs=7 cs=0 l=1 rev1=1 crypto rx=0x7faaf4006fd0 tx=0x7faaf4006e40 comp rx=0 tx=0).stop
2024-04-26T21:11:40.294 INFO:teuthology.orchestra.run.smithi008.stdout:/usr/bin/ceph: stderr
2024-04-26T21:11:39.663+0000 7fab11800700 1 -- 172.21.15.8:0/2621764461 >> [v2:172.21.15.8:3300/0,v1:172.21.15.8:6789/0] conn(0x7fab0c10fcf0 msgr2=0x7fab0c1a3350 secure :-1 s=STATE_CONNECTION_ESTABLISHED l=1).mark_down
2024-04-26T21:11:40.294 INFO:teuthology.orchestra.run.smithi008.stdout:/usr/bin/ceph: stderr
2024-04-26T21:11:39.663+0000 7fab11800700 1 --2- 172.21.15.8:0/2621764461 >> [v2:172.21.15.8:3300/0,v1:172.21.15.8:6789/0] conn(0x7fab0c10fcf0 0x7fab0c1a3350 secure :-1 s=READY pgs=38 cs=0 l=1 rev1=1 crypto rx=0x7faafc011ac0 tx=0x7faafc011ba0 comp rx=0 tx=0).stop
2024-04-26T21:11:40.294 INFO:teuthology.orchestra.run.smithi008.stdout:/usr/bin/ceph: stderr
2024-04-26T21:11:39.663+0000 7fab11800700 1 -- 172.21.15.8:0/2621764461 shutdown_connections
2024-04-26T21:11:40.294 INFO:teuthology.orchestra.run.smithi008.stdout:/usr/bin/ceph: stderr
2024-04-26T21:11:39.663+0000 7fab11800700 1 --2- 172.21.15.8:0/2621764461 >> [v2:172.21.15.8:6800/2596810887,v1:172.21.15.8:6801/2596810887] conn(0x7faaf0039600 0x7faaf003bac0 unknown :-1 s=CLOSED pgs=7 cs=0 l=1 rev1=1 crypto rx=0 tx=0 comp rx=0 tx=0).stop
2024-04-26T21:11:40.294 INFO:teuthology.orchestra.run.smithi008.stdout:/usr/bin/ceph: stderr
2024-04-26T21:11:39.663+0000 7fab11800700 1 --2- 172.21.15.8:0/2621764461 >> [v2:172.21.15.8:3300/0,v1:172.21.15.8:6789/0] conn(0x7fab0c10fcf0 0x7fab0c1a3350 unknown :-1 s=CLOSED pgs=38 cs=0 l=1 rev1=1 crypto rx=0 tx=0 comp rx=0 tx=0).stop
2024-04-26T21:11:40.295 INFO:teuthology.orchestra.run.smithi008.stdout:/usr/bin/ceph: stderr
2024-04-26T21:11:39.663+0000 7fab11800700 1 -- 172.21.15.8:0/2621764461 >> 172.21.15.8:0/2621764461 conn(0x7fab0c07e300 msgr2=0x7fab0c07ee80 unknown :-1 s=STATE_NONE l=0).mark_down
2024-04-26T21:11:40.295 INFO:teuthology.orchestra.run.smithi008.stdout:/usr/bin/ceph: stderr
2024-04-26T21:11:39.663+0000 7fab11800700 1 -- 172.21.15.8:0/2621764461 shutdown_connections
2024-04-26T21:11:40.295 INFO:teuthology.orchestra.run.smithi008.stdout:/usr/bin/ceph: stderr
2024-04-26T21:11:39.664+0000 7fab11800700 1 -- 172.21.15.8:0/2621764461 wait complete.
2024-04-26T21:11:41.819 INFO:teuthology.orchestra.run.smithi008.stdout:/usr/bin/ceph: stdout value unchanged
2024-04-26T21:11:41.819 INFO:teuthology.orchestra.run.smithi008.stdout:/usr/bin/ceph: stderr
2024-04-26T21:11:40.903+0000 7fb673600700 1 Processor -- start
2024-04-26T21:11:41.819 INFO:teuthology.orchestra.run.smithi008.stdout:/usr/bin/ceph: stderr
2024-04-26T21:11:40.903+0000 7fb673600700 1 -- start start
2024-04-26T21:11:41.819 INFO:teuthology.orchestra.run.smithi008.stdout:/usr/bin/ceph: stderr
2024-04-26T21:11:40.904+0000 7fb673600700 1 --2- >> [v2:172.21.15.8:3300/0,v1:172.21.15.8:6789/0] conn(0x7fb66c10fcf0 0x7fb66c1120e0 unknown :-1 s=NONE pgs=0 cs=0 l=0 rev1=0 crypto rx=0 tx=0 comp rx=0 tx=0).connect
2024-04-26T21:11:41.819 INFO:teuthology.orchestra.run.smithi008.stdout:/usr/bin/ceph: stderr
2024-04-26T21:11:40.904+0000 7fb673600700 1 -- --> [v2:172.21.15.8:3300/0,v1:172.21.15.8:6789/0] -- mon_getmap magic: 0 -- 0x7fb66c112620 con 0x7fb66c10fcf0
2024-04-26T21:11:41.820 INFO:teuthology.orchestra.run.smithi008.stdout:/usr/bin/ceph: stderr
2024-04-26T21:11:40.904+0000 7fb670c00700 1 --2- >> [v2:172.21.15.8:3300/0,v1:172.21.15.8:6789/0] conn(0x7fb66c10fcf0 0x7fb66c1120e0 unknown :-1 s=BANNER_CONNECTING pgs=0 cs=0 l=0 rev1=0 crypto rx=0 tx=0 comp rx=0 tx=0)._handle_peer_banner_payload supported=3 required=0
2024-04-26T21:11:41.820 INFO:teuthology.orchestra.run.smithi008.stdout:/usr/bin/ceph: stderr
2024-04-26T21:11:40.904+0000 7fb670c00700 1 --2- >> [v2:172.21.15.8:3300/0,v1:172.21.15.8:6789/0] conn(0x7fb66c10fcf0 0x7fb66c1120e0 unknown :-1 s=HELLO_CONNECTING pgs=0 cs=0 l=0 rev1=1 crypto rx=0 tx=0 comp rx=0 tx=0).handle_hello peer v2:172.21.15.8:3300/0 says I am v2:172.21.15.8:34084/0 (socket says 172.21.15.8:34084)
2024-04-26T21:11:41.820 INFO:teuthology.orchestra.run.smithi008.stdout:/usr/bin/ceph: stderr
2024-04-26T21:11:40.904+0000 7fb670c00700 1 -- 172.21.15.8:0/1313081576 learned_addr learned my addr 172.21.15.8:0/1313081576 (peer_addr_for_me v2:172.21.15.8:0/0)
2024-04-26T21:11:41.820 INFO:teuthology.orchestra.run.smithi008.stdout:/usr/bin/ceph: stderr
2024-04-26T21:11:40.905+0000 7fb670c00700 1 -- 172.21.15.8:0/1313081576 --> [v2:172.21.15.8:3300/0,v1:172.21.15.8:6789/0] -- mon_subscribe({config=0+,monmap=0+}) -- 0x7fb66c1127a0 con 0x7fb66c10fcf0
2024-04-26T21:11:41.820 INFO:teuthology.orchestra.run.smithi008.stdout:/usr/bin/ceph: stderr
2024-04-26T21:11:40.905+0000 7fb670c00700 1 --2- 172.21.15.8:0/1313081576 >> [v2:172.21.15.8:3300/0,v1:172.21.15.8:6789/0] conn(0x7fb66c10fcf0 0x7fb66c1120e0 secure :-1 s=READY pgs=39 cs=0 l=1 rev1=1 crypto rx=0x7fb6600098a0 tx=0x7fb660009bb0 comp rx=0 tx=0).ready entity=mon.0 client_cookie=ec9cc1729c514770 server_cookie=0 in_seq=0 out_seq=0
2024-04-26T21:11:41.820 INFO:teuthology.orchestra.run.smithi008.stdout:/usr/bin/ceph: stderr
2024-04-26T21:11:40.905+0000 7fb66b400700 1 -- 172.21.15.8:0/1313081576 <== mon.0 v2:172.21.15.8:3300/0 1 ==== mon_map magic: 0 ==== 205+0+0 (secure 0 0 0) 0x7fb660004160 con 0x7fb66c10fcf0
2024-04-26T21:11:41.820 INFO:teuthology.orchestra.run.smithi008.stdout:/usr/bin/ceph: stderr
2024-04-26T21:11:40.905+0000 7fb66b400700 1 -- 172.21.15.8:0/1313081576 <== mon.0 v2:172.21.15.8:3300/0 2 ==== config(26 keys) ==== 1070+0+0 (secure 0 0 0) 0x7fb660004300 con 0x7fb66c10fcf0
2024-04-26T21:11:41.820 INFO:teuthology.orchestra.run.smithi008.stdout:/usr/bin/ceph: stderr
2024-04-26T21:11:40.905+0000 7fb66b400700 1 -- 172.21.15.8:0/1313081576 <== mon.0 v2:172.21.15.8:3300/0 3 ==== mon_map magic: 0 ==== 205+0+0 (secure 0 0 0) 0x7fb660011af0 con 0x7fb66c10fcf0
2024-04-26T21:11:41.825 INFO:teuthology.orchestra.run.smithi008.stdout:/usr/bin/ceph: stderr
2024-04-26T21:11:40.906+0000 7fb673600700 1 -- 172.21.15.8:0/1313081576 >> [v2:172.21.15.8:3300/0,v1:172.21.15.8:6789/0] conn(0x7fb66c10fcf0 msgr2=0x7fb66c1120e0 secure :-1 s=STATE_CONNECTION_ESTABLISHED l=1).mark_down
2024-04-26T21:11:41.825 INFO:teuthology.orchestra.run.smithi008.stdout:/usr/bin/ceph: stderr
2024-04-26T21:11:40.906+0000 7fb673600700 1 --2- 172.21.15.8:0/1313081576 >> [v2:172.21.15.8:3300/0,v1:172.21.15.8:6789/0] conn(0x7fb66c10fcf0 0x7fb66c1120e0 secure :-1 s=READY pgs=39 cs=0 l=1 rev1=1 crypto rx=0x7fb6600098a0 tx=0x7fb660009bb0 comp rx=0 tx=0).stop
2024-04-26T21:11:41.825 INFO:teuthology.orchestra.run.smithi008.stdout:/usr/bin/ceph: stderr
2024-04-26T21:11:40.906+0000 7fb673600700 1 -- 172.21.15.8:0/1313081576 shutdown_connections
2024-04-26T21:11:41.825 INFO:teuthology.orchestra.run.smithi008.stdout:/usr/bin/ceph: stderr
2024-04-26T21:11:40.906+0000 7fb673600700 1 --2- 172.21.15.8:0/1313081576 >> [v2:172.21.15.8:3300/0,v1:172.21.15.8:6789/0] conn(0x7fb66c10fcf0 0x7fb66c1120e0 unknown :-1 s=CLOSED pgs=39 cs=0 l=1 rev1=1 crypto rx=0 tx=0 comp rx=0 tx=0).stop
2024-04-26T21:11:41.826 INFO:teuthology.orchestra.run.smithi008.stdout:/usr/bin/ceph: stderr
2024-04-26T21:11:40.906+0000 7fb673600700 1 -- 172.21.15.8:0/1313081576 >> 172.21.15.8:0/1313081576 conn(0x7fb66c07e300 msgr2=0x7fb66c080760 unknown :-1 s=STATE_NONE l=0).mark_down
2024-04-26T21:11:41.826 INFO:teuthology.orchestra.run.smithi008.stdout:/usr/bin/ceph: stderr
2024-04-26T21:11:40.906+0000 7fb673600700 1 -- 172.21.15.8:0/1313081576 shutdown_connections
2024-04-26T21:11:41.826 INFO:teuthology.orchestra.run.smithi008.stdout:/usr/bin/ceph: stderr
2024-04-26T21:11:40.906+0000 7fb673600700 1 -- 172.21.15.8:0/1313081576 wait complete.
2024-04-26T21:11:41.826 INFO:teuthology.orchestra.run.smithi008.stdout:/usr/bin/ceph: stderr
2024-04-26T21:11:40.908+0000 7fb673600700 1 Processor -- start
2024-04-26T21:11:41.826 INFO:teuthology.orchestra.run.smithi008.stdout:/usr/bin/ceph: stderr
2024-04-26T21:11:40.908+0000 7fb673600700 1 -- start start
2024-04-26T21:11:41.826 INFO:teuthology.orchestra.run.smithi008.stdout:/usr/bin/ceph: stderr
2024-04-26T21:11:40.908+0000 7fb673600700 1 --2- >> [v2:172.21.15.8:3300/0,v1:172.21.15.8:6789/0] conn(0x7fb66c10fcf0 0x7fb66c1a3350 unknown :-1 s=NONE pgs=0 cs=0 l=1 rev1=0 crypto rx=0 tx=0 comp rx=0 tx=0).connect
2024-04-26T21:11:41.826 INFO:teuthology.orchestra.run.smithi008.stdout:/usr/bin/ceph: stderr
2024-04-26T21:11:40.908+0000 7fb673600700 1 -- --> [v2:172.21.15.8:3300/0,v1:172.21.15.8:6789/0] -- mon_getmap magic: 0 -- 0x7fb66c113700 con 0x7fb66c10fcf0
2024-04-26T21:11:41.826 INFO:teuthology.orchestra.run.smithi008.stdout:/usr/bin/ceph: stderr
2024-04-26T21:11:40.909+0000 7fb670c00700 1 --2- >> [v2:172.21.15.8:3300/0,v1:172.21.15.8:6789/0] conn(0x7fb66c10fcf0 0x7fb66c1a3350 unknown :-1 s=BANNER_CONNECTING pgs=0 cs=0 l=1 rev1=0 crypto rx=0 tx=0 comp rx=0 tx=0)._handle_peer_banner_payload supported=3 required=0
2024-04-26T21:11:41.826 INFO:teuthology.orchestra.run.smithi008.stdout:/usr/bin/ceph: stderr
2024-04-26T21:11:40.909+0000 7fb670c00700 1 --2- >> [v2:172.21.15.8:3300/0,v1:172.21.15.8:6789/0] conn(0x7fb66c10fcf0 0x7fb66c1a3350 unknown :-1 s=HELLO_CONNECTING pgs=0 cs=0 l=1 rev1=1 crypto rx=0 tx=0 comp rx=0 tx=0).handle_hello peer v2:172.21.15.8:3300/0 says I am v2:172.21.15.8:34088/0 (socket says 172.21.15.8:34088)
2024-04-26T21:11:41.826 INFO:teuthology.orchestra.run.smithi008.stdout:/usr/bin/ceph: stderr
2024-04-26T21:11:40.909+0000 7fb670c00700 1 -- 172.21.15.8:0/3319438273 learned_addr learned my addr 172.21.15.8:0/3319438273 (peer_addr_for_me v2:172.21.15.8:0/0)
2024-04-26T21:11:41.826 INFO:teuthology.orchestra.run.smithi008.stdout:/usr/bin/ceph: stderr
2024-04-26T21:11:40.909+0000 7fb670c00700 1 -- 172.21.15.8:0/3319438273 --> [v2:172.21.15.8:3300/0,v1:172.21.15.8:6789/0] -- mon_subscribe({config=0+,monmap=0+}) -- 0x7fb66c1a3890 con 0x7fb66c10fcf0
2024-04-26T21:11:41.827 INFO:teuthology.orchestra.run.smithi008.stdout:/usr/bin/ceph: stderr
2024-04-26T21:11:40.909+0000 7fb670c00700 1 --2- 172.21.15.8:0/3319438273 >> [v2:172.21.15.8:3300/0,v1:172.21.15.8:6789/0] conn(0x7fb66c10fcf0 0x7fb66c1a3350 secure :-1 s=READY pgs=40 cs=0 l=1 rev1=1 crypto rx=0x7fb660009fb0 tx=0x7fb660011940 comp rx=0 tx=0).ready entity=mon.0 client_cookie=0 server_cookie=0 in_seq=0 out_seq=0
2024-04-26T21:11:41.827 INFO:teuthology.orchestra.run.smithi008.stdout:/usr/bin/ceph: stderr
2024-04-26T21:11:40.910+0000 7fb669600700 1 -- 172.21.15.8:0/3319438273 <== mon.0 v2:172.21.15.8:3300/0 1 ==== mon_map magic: 0 ==== 205+0+0 (secure 0 0 0) 0x7fb6600036a0 con 0x7fb66c10fcf0
2024-04-26T21:11:41.827 INFO:teuthology.orchestra.run.smithi008.stdout:/usr/bin/ceph: stderr
2024-04-26T21:11:40.910+0000 7fb669600700 1 -- 172.21.15.8:0/3319438273 <== mon.0 v2:172.21.15.8:3300/0 2 ==== config(26 keys) ==== 1070+0+0 (secure 0 0 0) 0x7fb66001a430 con 0x7fb66c10fcf0
2024-04-26T21:11:41.827 INFO:teuthology.orchestra.run.smithi008.stdout:/usr/bin/ceph: stderr
2024-04-26T21:11:40.910+0000 7fb669600700 1 -- 172.21.15.8:0/3319438273 <== mon.0 v2:172.21.15.8:3300/0 3 ==== mon_map magic: 0 ==== 205+0+0 (secure 0 0 0) 0x7fb660019550 con 0x7fb66c10fcf0
2024-04-26T21:11:41.827 INFO:teuthology.orchestra.run.smithi008.stdout:/usr/bin/ceph: stderr
2024-04-26T21:11:40.910+0000 7fb673600700 1 -- 172.21.15.8:0/3319438273 --> [v2:172.21.15.8:3300/0,v1:172.21.15.8:6789/0] -- mon_subscribe({mgrmap=0+}) -- 0x7fb66c1a3b20 con 0x7fb66c10fcf0
2024-04-26T21:11:41.827 INFO:teuthology.orchestra.run.smithi008.stdout:/usr/bin/ceph: stderr
2024-04-26T21:11:40.910+0000 7fb673600700 1 -- 172.21.15.8:0/3319438273 --> [v2:172.21.15.8:3300/0,v1:172.21.15.8:6789/0] -- mon_subscribe({osdmap=0}) -- 0x7fb66c1a67c0 con 0x7fb66c10fcf0
2024-04-26T21:11:41.827 INFO:teuthology.orchestra.run.smithi008.stdout:/usr/bin/ceph: stderr
2024-04-26T21:11:40.911+0000 7fb669600700 1 -- 172.21.15.8:0/3319438273 <== mon.0 v2:172.21.15.8:3300/0 4 ==== mgrmap(e 8) ==== 46558+0+0 (secure 0 0 0) 0x7fb66001a8e0 con 0x7fb66c10fcf0
2024-04-26T21:11:41.827 INFO:teuthology.orchestra.run.smithi008.stdout:/usr/bin/ceph: stderr
2024-04-26T21:11:40.911+0000 7fb673600700 1 -- 172.21.15.8:0/3319438273 --> [v2:172.21.15.8:3300/0,v1:172.21.15.8:6789/0] -- mon_command({"prefix": "get_command_descriptions"} v 0) -- 0x7fb66c06a530 con 0x7fb66c10fcf0
2024-04-26T21:11:41.827 INFO:teuthology.orchestra.run.smithi008.stdout:/usr/bin/ceph: stderr
2024-04-26T21:11:40.912+0000 7fb669600700 1 --2- 172.21.15.8:0/3319438273 >> [v2:172.21.15.8:6800/2596810887,v1:172.21.15.8:6801/2596810887] conn(0x7fb6540395b0 0x7fb65403ba70 unknown :-1 s=NONE pgs=0 cs=0 l=1 rev1=0 crypto rx=0 tx=0 comp rx=0 tx=0).connect
2024-04-26T21:11:41.827 INFO:teuthology.orchestra.run.smithi008.stdout:/usr/bin/ceph: stderr
2024-04-26T21:11:40.912+0000 7fb669600700 1 -- 172.21.15.8:0/3319438273 <== mon.0 v2:172.21.15.8:3300/0 5 ==== osd_map(2..2 src has 1..2) ==== 940+0+0 (secure 0 0 0) 0x7fb66004d8d0 con 0x7fb66c10fcf0
2024-04-26T21:11:41.827 INFO:teuthology.orchestra.run.smithi008.stdout:/usr/bin/ceph: stderr
2024-04-26T21:11:40.912+0000 7fb66be00700 1 --2- 172.21.15.8:0/3319438273 >> [v2:172.21.15.8:6800/2596810887,v1:172.21.15.8:6801/2596810887] conn(0x7fb6540395b0 0x7fb65403ba70 unknown :-1 s=BANNER_CONNECTING pgs=0 cs=0 l=1 rev1=0 crypto rx=0 tx=0 comp rx=0 tx=0)._handle_peer_banner_payload supported=3 required=0
2024-04-26T21:11:41.827 INFO:teuthology.orchestra.run.smithi008.stdout:/usr/bin/ceph: stderr
2024-04-26T21:11:40.913+0000 7fb66be00700 1 --2- 172.21.15.8:0/3319438273 >> [v2:172.21.15.8:6800/2596810887,v1:172.21.15.8:6801/2596810887] conn(0x7fb6540395b0 0x7fb65403ba70 secure :-1 s=READY pgs=8 cs=0 l=1 rev1=1 crypto rx=0x7fb658006fd0 tx=0x7fb658006e40 comp rx=0 tx=0).ready entity=mgr.14120 client_cookie=0 server_cookie=0 in_seq=0 out_seq=0
2024-04-26T21:11:41.827 INFO:teuthology.orchestra.run.smithi008.stdout:/usr/bin/ceph: stderr
2024-04-26T21:11:40.920+0000 7fb669600700 1 -- 172.21.15.8:0/3319438273 <== mon.0 v2:172.21.15.8:3300/0 6 ==== mon_command_ack([{"prefix": "get_command_descriptions"}]=0 v0) ==== 72+0+188494 (secure 0 0 0) 0x7fb66000b3e0 con 0x7fb66c10fcf0
2024-04-26T21:11:41.828 INFO:teuthology.orchestra.run.smithi008.stdout:/usr/bin/ceph: stderr
2024-04-26T21:11:41.152+0000 7fb673600700 1 -- 172.21.15.8:0/3319438273 --> [v2:172.21.15.8:6800/2596810887,v1:172.21.15.8:6801/2596810887] -- mgr_command(tid 0: {"prefix": "cephadm set-user", "user": "root", "target": ["mon-mgr", ""]}) -- 0x7fb66c07f590 con 0x7fb6540395b0
2024-04-26T21:11:41.828 INFO:teuthology.orchestra.run.smithi008.stdout:/usr/bin/ceph: stderr
2024-04-26T21:11:41.154+0000 7fb669600700 1 -- 172.21.15.8:0/3319438273 <== mgr.14120 v2:172.21.15.8:6800/2596810887 1 ==== mgr_command_reply(tid 0: 0 ) ==== 8+0+16 (secure 0 0 0) 0x7fb66c07f590 con 0x7fb6540395b0
2024-04-26T21:11:41.828 INFO:teuthology.orchestra.run.smithi008.stdout:/usr/bin/ceph: stderr
2024-04-26T21:11:41.157+0000 7fb673600700 1 -- 172.21.15.8:0/3319438273 >> [v2:172.21.15.8:6800/2596810887,v1:172.21.15.8:6801/2596810887] conn(0x7fb6540395b0 msgr2=0x7fb65403ba70 secure :-1 s=STATE_CONNECTION_ESTABLISHED l=1).mark_down
2024-04-26T21:11:41.828 INFO:teuthology.orchestra.run.smithi008.stdout:/usr/bin/ceph: stderr
2024-04-26T21:11:41.157+0000 7fb673600700 1 --2- 172.21.15.8:0/3319438273 >> [v2:172.21.15.8:6800/2596810887,v1:172.21.15.8:6801/2596810887] conn(0x7fb6540395b0 0x7fb65403ba70 secure :-1 s=READY pgs=8 cs=0 l=1 rev1=1 crypto rx=0x7fb658006fd0 tx=0x7fb658006e40 comp rx=0 tx=0).stop
2024-04-26T21:11:41.828 INFO:teuthology.orchestra.run.smithi008.stdout:/usr/bin/ceph: stderr
2024-04-26T21:11:41.157+0000 7fb673600700 1 -- 172.21.15.8:0/3319438273 >> [v2:172.21.15.8:3300/0,v1:172.21.15.8:6789/0] conn(0x7fb66c10fcf0 msgr2=0x7fb66c1a3350 secure :-1 s=STATE_CONNECTION_ESTABLISHED l=1).mark_down
2024-04-26T21:11:41.828 INFO:teuthology.orchestra.run.smithi008.stdout:/usr/bin/ceph: stderr
2024-04-26T21:11:41.157+0000 7fb673600700 1 --2- 172.21.15.8:0/3319438273 >> [v2:172.21.15.8:3300/0,v1:172.21.15.8:6789/0] conn(0x7fb66c10fcf0 0x7fb66c1a3350 secure :-1 s=READY pgs=40 cs=0 l=1 rev1=1 crypto rx=0x7fb660009fb0 tx=0x7fb660011940 comp rx=0 tx=0).stop
2024-04-26T21:11:41.828 INFO:teuthology.orchestra.run.smithi008.stdout:/usr/bin/ceph: stderr
2024-04-26T21:11:41.157+0000 7fb673600700 1 -- 172.21.15.8:0/3319438273 shutdown_connections
2024-04-26T21:11:41.828 INFO:teuthology.orchestra.run.smithi008.stdout:/usr/bin/ceph: stderr
2024-04-26T21:11:41.157+0000 7fb673600700 1 --2- 172.21.15.8:0/3319438273 >> [v2:172.21.15.8:6800/2596810887,v1:172.21.15.8:6801/2596810887] conn(0x7fb6540395b0 0x7fb65403ba70 unknown :-1 s=CLOSED pgs=8 cs=0 l=1 rev1=1 crypto rx=0 tx=0 comp rx=0 tx=0).stop
2024-04-26T21:11:41.828 INFO:teuthology.orchestra.run.smithi008.stdout:/usr/bin/ceph: stderr
2024-04-26T21:11:41.157+0000 7fb673600700 1 --2- 172.21.15.8:0/3319438273 >> [v2:172.21.15.8:3300/0,v1:172.21.15.8:6789/0] conn(0x7fb66c10fcf0 0x7fb66c1a3350 unknown :-1 s=CLOSED pgs=40 cs=0 l=1 rev1=1 crypto rx=0 tx=0 comp rx=0 tx=0).stop
2024-04-26T21:11:41.828 INFO:teuthology.orchestra.run.smithi008.stdout:/usr/bin/ceph: stderr
2024-04-26T21:11:41.158+0000 7fb673600700 1 -- 172.21.15.8:0/3319438273 >> 172.21.15.8:0/3319438273 conn(0x7fb66c07e300 msgr2=0x7fb66c07ee80 unknown :-1 s=STATE_NONE l=0).mark_down
2024-04-26T21:11:41.828 INFO:teuthology.orchestra.run.smithi008.stdout:/usr/bin/ceph: stderr
2024-04-26T21:11:41.158+0000 7fb673600700 1 -- 172.21.15.8:0/3319438273 shutdown_connections
2024-04-26T21:11:41.828 INFO:teuthology.orchestra.run.smithi008.stdout:/usr/bin/ceph: stderr
2024-04-26T21:11:41.158+0000 7fb673600700 1 -- 172.21.15.8:0/3319438273 wait complete.
2024-04-26T21:11:41.829 INFO:teuthology.orchestra.run.smithi008.stdout:Generating ssh key...
2024-04-26T21:11:42.143 INFO:journalctl@ceph.mon.a.smithi008.stdout:Apr 26 21:11:41 smithi008 ceph-mon[28079]: from='client.14134 -' entity='client.admin' cmd=[{"prefix": "cephadm set-user", "user": "root", "target": ["mon-mgr", ""]}]: dispatch
2024-04-26T21:11:43.190 INFO:journalctl@ceph.mgr.x.smithi008.stdout:Apr 26 21:11:42 smithi008 ceph-50751718-0411-11ef-bc93-c7b262605968-mgr-x[28304]: Generating public/private rsa key pair.
2024-04-26T21:11:43.190 INFO:journalctl@ceph.mgr.x.smithi008.stdout:Apr 26 21:11:42 smithi008 ceph-50751718-0411-11ef-bc93-c7b262605968-mgr-x[28304]: Your identification has been saved in /tmp/tmp6_k6il_c/key.
2024-04-26T21:11:43.190 INFO:journalctl@ceph.mgr.x.smithi008.stdout:Apr 26 21:11:42 smithi008 ceph-50751718-0411-11ef-bc93-c7b262605968-mgr-x[28304]: Your public key has been saved in /tmp/tmp6_k6il_c/key.pub.
2024-04-26T21:11:43.190 INFO:journalctl@ceph.mgr.x.smithi008.stdout:Apr 26 21:11:42 smithi008 ceph-50751718-0411-11ef-bc93-c7b262605968-mgr-x[28304]: The key fingerprint is:
2024-04-26T21:11:43.190 INFO:journalctl@ceph.mgr.x.smithi008.stdout:Apr 26 21:11:42 smithi008 ceph-50751718-0411-11ef-bc93-c7b262605968-mgr-x[28304]: SHA256:ZIxamTxptJywDwV7hEbB5EnN4s7etNMsfrkZm4sPER0 ceph-50751718-0411-11ef-bc93-c7b262605968
2024-04-26T21:11:43.190 INFO:journalctl@ceph.mgr.x.smithi008.stdout:Apr 26 21:11:42 smithi008 ceph-50751718-0411-11ef-bc93-c7b262605968-mgr-x[28304]: The key's randomart image is:
2024-04-26T21:11:43.191 INFO:journalctl@ceph.mgr.x.smithi008.stdout:Apr 26 21:11:42 smithi008 ceph-50751718-0411-11ef-bc93-c7b262605968-mgr-x[28304]: +---[RSA 3072]----+
2024-04-26T21:11:43.191 INFO:journalctl@ceph.mgr.x.smithi008.stdout:Apr 26 21:11:42 smithi008 ceph-50751718-0411-11ef-bc93-c7b262605968-mgr-x[28304]: | +B*+ E |
2024-04-26T21:11:43.191 INFO:journalctl@ceph.mgr.x.smithi008.stdout:Apr 26 21:11:42 smithi008 ceph-50751718-0411-11ef-bc93-c7b262605968-mgr-x[28304]: | o=@oX . |
2024-04-26T21:11:43.191 INFO:journalctl@ceph.mgr.x.smithi008.stdout:Apr 26 21:11:42 smithi008 ceph-50751718-0411-11ef-bc93-c7b262605968-mgr-x[28304]: | o*./ = |
2024-04-26T21:11:43.191 INFO:journalctl@ceph.mgr.x.smithi008.stdout:Apr 26 21:11:42 smithi008 ceph-50751718-0411-11ef-bc93-c7b262605968-mgr-x[28304]: | .B = |
2024-04-26T21:11:43.191 INFO:journalctl@ceph.mgr.x.smithi008.stdout:Apr 26 21:11:42 smithi008 ceph-50751718-0411-11ef-bc93-c7b262605968-mgr-x[28304]: | o. o S |
2024-04-26T21:11:43.191 INFO:journalctl@ceph.mgr.x.smithi008.stdout:Apr 26 21:11:42 smithi008 ceph-50751718-0411-11ef-bc93-c7b262605968-mgr-x[28304]: | o .. |
2024-04-26T21:11:43.191 INFO:journalctl@ceph.mgr.x.smithi008.stdout:Apr 26 21:11:42 smithi008 ceph-50751718-0411-11ef-bc93-c7b262605968-mgr-x[28304]: | . o.+.. |
2024-04-26T21:11:43.191 INFO:journalctl@ceph.mgr.x.smithi008.stdout:Apr 26 21:11:42 smithi008 ceph-50751718-0411-11ef-bc93-c7b262605968-mgr-x[28304]: | . =o== |
2024-04-26T21:11:43.191 INFO:journalctl@ceph.mgr.x.smithi008.stdout:Apr 26 21:11:42 smithi008 ceph-50751718-0411-11ef-bc93-c7b262605968-mgr-x[28304]: | .o=Bo |
2024-04-26T21:11:43.191 INFO:journalctl@ceph.mgr.x.smithi008.stdout:Apr 26 21:11:42 smithi008 ceph-50751718-0411-11ef-bc93-c7b262605968-mgr-x[28304]: +----[SHA256]-----+
2024-04-26T21:11:43.533 INFO:teuthology.orchestra.run.smithi008.stdout:/usr/bin/ceph: stderr
2024-04-26T21:11:42.439+0000 7fc8c5400700 1 Processor -- start
2024-04-26T21:11:43.537 INFO:teuthology.orchestra.run.smithi008.stdout:/usr/bin/ceph: stderr
2024-04-26T21:11:42.439+0000 7fc8c5400700 1 -- start start
2024-04-26T21:11:43.537 INFO:teuthology.orchestra.run.smithi008.stdout:/usr/bin/ceph: stderr
2024-04-26T21:11:42.439+0000 7fc8c5400700 1 --2- >> [v2:172.21.15.8:3300/0,v1:172.21.15.8:6789/0] conn(0x7fc8c010af00 0x7fc8c010b340 unknown :-1 s=NONE pgs=0 cs=0 l=0 rev1=0 crypto rx=0 tx=0 comp rx=0 tx=0).connect
2024-04-26T21:11:43.537 INFO:teuthology.orchestra.run.smithi008.stdout:/usr/bin/ceph: stderr
2024-04-26T21:11:42.439+0000 7fc8c5400700 1 -- --> [v2:172.21.15.8:3300/0,v1:172.21.15.8:6789/0] -- mon_getmap magic: 0 -- 0x7fc8c010b880 con 0x7fc8c010af00
2024-04-26T21:11:43.537 INFO:teuthology.orchestra.run.smithi008.stdout:/usr/bin/ceph: stderr
2024-04-26T21:11:42.440+0000 7fc8be800700 1 --2- >> [v2:172.21.15.8:3300/0,v1:172.21.15.8:6789/0] conn(0x7fc8c010af00 0x7fc8c010b340 unknown :-1 s=BANNER_CONNECTING pgs=0 cs=0 l=0 rev1=0 crypto rx=0 tx=0 comp rx=0 tx=0)._handle_peer_banner_payload supported=3 required=0
2024-04-26T21:11:43.537 INFO:teuthology.orchestra.run.smithi008.stdout:/usr/bin/ceph: stderr
2024-04-26T21:11:42.440+0000 7fc8be800700 1 --2- >> [v2:172.21.15.8:3300/0,v1:172.21.15.8:6789/0] conn(0x7fc8c010af00 0x7fc8c010b340 unknown :-1 s=HELLO_CONNECTING pgs=0 cs=0 l=0 rev1=1 crypto rx=0 tx=0 comp rx=0 tx=0).handle_hello peer v2:172.21.15.8:3300/0 says I am v2:172.21.15.8:34094/0 (socket says 172.21.15.8:34094)
2024-04-26T21:11:43.537 INFO:teuthology.orchestra.run.smithi008.stdout:/usr/bin/ceph: stderr
2024-04-26T21:11:42.440+0000 7fc8be800700 1 -- 172.21.15.8:0/630707369 learned_addr learned my addr 172.21.15.8:0/630707369 (peer_addr_for_me v2:172.21.15.8:0/0)
2024-04-26T21:11:43.538 INFO:teuthology.orchestra.run.smithi008.stdout:/usr/bin/ceph: stderr
2024-04-26T21:11:42.440+0000 7fc8be800700 1 -- 172.21.15.8:0/630707369 --> [v2:172.21.15.8:3300/0,v1:172.21.15.8:6789/0] -- mon_subscribe({config=0+,monmap=0+}) -- 0x7fc8c010c0e0 con 0x7fc8c010af00
2024-04-26T21:11:43.538 INFO:teuthology.orchestra.run.smithi008.stdout:/usr/bin/ceph: stderr
2024-04-26T21:11:42.441+0000 7fc8be800700 1 --2- 172.21.15.8:0/630707369 >> [v2:172.21.15.8:3300/0,v1:172.21.15.8:6789/0] conn(0x7fc8c010af00 0x7fc8c010b340 secure :-1 s=READY pgs=41 cs=0 l=1 rev1=1 crypto rx=0x7fc8b0009e80 tx=0x7fc8b000b330 comp rx=0 tx=0).ready entity=mon.0 client_cookie=8537be1f08692627 server_cookie=0 in_seq=0 out_seq=0
2024-04-26T21:11:43.538 INFO:teuthology.orchestra.run.smithi008.stdout:/usr/bin/ceph: stderr
2024-04-26T21:11:42.441+0000 7fc8bde00700 1 -- 172.21.15.8:0/630707369 <== mon.0 v2:172.21.15.8:3300/0 1 ==== mon_map magic: 0 ==== 205+0+0 (secure 0 0 0) 0x7fc8b0017070 con 0x7fc8c010af00
2024-04-26T21:11:43.538 INFO:teuthology.orchestra.run.smithi008.stdout:/usr/bin/ceph: stderr
2024-04-26T21:11:42.441+0000 7fc8bde00700 1 -- 172.21.15.8:0/630707369 <== mon.0 v2:172.21.15.8:3300/0 2 ==== config(26 keys) ==== 1070+0+0 (secure 0 0 0) 0x7fc8b000b8c0 con 0x7fc8c010af00
2024-04-26T21:11:43.538 INFO:teuthology.orchestra.run.smithi008.stdout:/usr/bin/ceph: stderr
2024-04-26T21:11:42.441+0000 7fc8bde00700 1 -- 172.21.15.8:0/630707369 <== mon.0 v2:172.21.15.8:3300/0 3 ==== mon_map magic: 0 ==== 205+0+0 (secure 0 0 0) 0x7fc8b0004490 con 0x7fc8c010af00
2024-04-26T21:11:43.538 INFO:teuthology.orchestra.run.smithi008.stdout:/usr/bin/ceph: stderr
2024-04-26T21:11:42.442+0000 7fc8c5400700 1 -- 172.21.15.8:0/630707369 >> [v2:172.21.15.8:3300/0,v1:172.21.15.8:6789/0] conn(0x7fc8c010af00 msgr2=0x7fc8c010b340 secure :-1 s=STATE_CONNECTION_ESTABLISHED l=1).mark_down
2024-04-26T21:11:43.538 INFO:teuthology.orchestra.run.smithi008.stdout:/usr/bin/ceph: stderr
2024-04-26T21:11:42.442+0000 7fc8c5400700 1 --2- 172.21.15.8:0/630707369 >> [v2:172.21.15.8:3300/0,v1:172.21.15.8:6789/0] conn(0x7fc8c010af00 0x7fc8c010b340 secure :-1 s=READY pgs=41 cs=0 l=1 rev1=1 crypto rx=0x7fc8b0009e80 tx=0x7fc8b000b330 comp rx=0 tx=0).stop
2024-04-26T21:11:43.538 INFO:teuthology.orchestra.run.smithi008.stdout:/usr/bin/ceph: stderr
2024-04-26T21:11:42.442+0000 7fc8c5400700 1 -- 172.21.15.8:0/630707369 shutdown_connections
2024-04-26T21:11:43.538 INFO:teuthology.orchestra.run.smithi008.stdout:/usr/bin/ceph: stderr
2024-04-26T21:11:42.442+0000 7fc8c5400700 1 --2- 172.21.15.8:0/630707369 >> [v2:172.21.15.8:3300/0,v1:172.21.15.8:6789/0] conn(0x7fc8c010af00 0x7fc8c010b340 unknown :-1 s=CLOSED pgs=41 cs=0 l=1 rev1=1 crypto rx=0 tx=0 comp rx=0 tx=0).stop
2024-04-26T21:11:43.538 INFO:teuthology.orchestra.run.smithi008.stdout:/usr/bin/ceph: stderr
2024-04-26T21:11:42.442+0000 7fc8c5400700 1 -- 172.21.15.8:0/630707369 >> 172.21.15.8:0/630707369 conn(0x7fc8c007e300 msgr2=0x7fc8c007e750 unknown :-1 s=STATE_NONE l=0).mark_down
2024-04-26T21:11:43.538 INFO:teuthology.orchestra.run.smithi008.stdout:/usr/bin/ceph: stderr
2024-04-26T21:11:42.442+0000 7fc8c5400700 1 -- 172.21.15.8:0/630707369 shutdown_connections
2024-04-26T21:11:43.538 INFO:teuthology.orchestra.run.smithi008.stdout:/usr/bin/ceph: stderr
2024-04-26T21:11:42.442+0000 7fc8c5400700 1 -- 172.21.15.8:0/630707369 wait complete.
2024-04-26T21:11:43.538 INFO:teuthology.orchestra.run.smithi008.stdout:/usr/bin/ceph: stderr
2024-04-26T21:11:42.443+0000 7fc8c5400700 1 Processor -- start
2024-04-26T21:11:43.538 INFO:teuthology.orchestra.run.smithi008.stdout:/usr/bin/ceph: stderr
2024-04-26T21:11:42.443+0000 7fc8c5400700 1 -- start start
2024-04-26T21:11:43.539 INFO:teuthology.orchestra.run.smithi008.stdout:/usr/bin/ceph: stderr
2024-04-26T21:11:42.444+0000 7fc8c5400700 1 --2- >> [v2:172.21.15.8:3300/0,v1:172.21.15.8:6789/0] conn(0x7fc8c010af00 0x7fc8c019eec0 unknown :-1 s=NONE pgs=0 cs=0 l=1 rev1=0 crypto rx=0 tx=0 comp rx=0 tx=0).connect
2024-04-26T21:11:43.539 INFO:teuthology.orchestra.run.smithi008.stdout:/usr/bin/ceph: stderr
2024-04-26T21:11:42.444+0000 7fc8c5400700 1 -- --> [v2:172.21.15.8:3300/0,v1:172.21.15.8:6789/0] -- mon_getmap magic: 0 -- 0x7fc8c010cf70 con 0x7fc8c010af00
2024-04-26T21:11:43.539 INFO:teuthology.orchestra.run.smithi008.stdout:/usr/bin/ceph: stderr
2024-04-26T21:11:42.444+0000 7fc8be800700 1 --2- >> [v2:172.21.15.8:3300/0,v1:172.21.15.8:6789/0] conn(0x7fc8c010af00 0x7fc8c019eec0 unknown :-1 s=BANNER_CONNECTING pgs=0 cs=0 l=1 rev1=0 crypto rx=0 tx=0 comp rx=0 tx=0)._handle_peer_banner_payload supported=3 required=0
2024-04-26T21:11:43.539 INFO:teuthology.orchestra.run.smithi008.stdout:/usr/bin/ceph: stderr
2024-04-26T21:11:42.444+0000 7fc8be800700 1 --2- >> [v2:172.21.15.8:3300/0,v1:172.21.15.8:6789/0] conn(0x7fc8c010af00 0x7fc8c019eec0 unknown :-1 s=HELLO_CONNECTING pgs=0 cs=0 l=1 rev1=1 crypto rx=0 tx=0 comp rx=0 tx=0).handle_hello peer v2:172.21.15.8:3300/0 says I am v2:172.21.15.8:34110/0 (socket says 172.21.15.8:34110)
2024-04-26T21:11:43.539 INFO:teuthology.orchestra.run.smithi008.stdout:/usr/bin/ceph: stderr
2024-04-26T21:11:42.444+0000 7fc8be800700 1 -- 172.21.15.8:0/2690402028 learned_addr learned my addr 172.21.15.8:0/2690402028 (peer_addr_for_me v2:172.21.15.8:0/0)
2024-04-26T21:11:43.539 INFO:teuthology.orchestra.run.smithi008.stdout:/usr/bin/ceph: stderr
2024-04-26T21:11:42.444+0000 7fc8be800700 1 -- 172.21.15.8:0/2690402028 --> [v2:172.21.15.8:3300/0,v1:172.21.15.8:6789/0] -- mon_subscribe({config=0+,monmap=0+}) -- 0x7fc8c019f400 con 0x7fc8c010af00
2024-04-26T21:11:43.539 INFO:teuthology.orchestra.run.smithi008.stdout:/usr/bin/ceph: stderr
2024-04-26T21:11:42.445+0000 7fc8be800700 1 --2- 172.21.15.8:0/2690402028 >> [v2:172.21.15.8:3300/0,v1:172.21.15.8:6789/0] conn(0x7fc8c010af00 0x7fc8c019eec0 secure :-1 s=READY pgs=42 cs=0 l=1 rev1=1 crypto rx=0x7fc8b000b7b0 tx=0x7fc8b000be20 comp rx=0 tx=0).ready entity=mon.0 client_cookie=0 server_cookie=0 in_seq=0 out_seq=0
2024-04-26T21:11:43.539 INFO:teuthology.orchestra.run.smithi008.stdout:/usr/bin/ceph: stderr
2024-04-26T21:11:42.445+0000 7fc8b7e00700 1 -- 172.21.15.8:0/2690402028 <== mon.0 v2:172.21.15.8:3300/0 1 ==== mon_map magic: 0 ==== 205+0+0 (secure 0 0 0) 0x7fc8b0020020 con 0x7fc8c010af00
2024-04-26T21:11:43.539 INFO:teuthology.orchestra.run.smithi008.stdout:/usr/bin/ceph: stderr
2024-04-26T21:11:42.445+0000 7fc8b7e00700 1 -- 172.21.15.8:0/2690402028 <== mon.0 v2:172.21.15.8:3300/0 2 ==== config(26 keys) ==== 1070+0+0 (secure 0 0 0) 0x7fc8b0012430 con 0x7fc8c010af00
2024-04-26T21:11:43.539 INFO:teuthology.orchestra.run.smithi008.stdout:/usr/bin/ceph: stderr
2024-04-26T21:11:42.445+0000 7fc8b7e00700 1 -- 172.21.15.8:0/2690402028 <== mon.0 v2:172.21.15.8:3300/0 3 ==== mon_map magic: 0 ==== 205+0+0 (secure 0 0 0) 0x7fc8b0017040 con 0x7fc8c010af00
2024-04-26T21:11:43.539 INFO:teuthology.orchestra.run.smithi008.stdout:/usr/bin/ceph: stderr
2024-04-26T21:11:42.445+0000 7fc8c5400700 1 -- 172.21.15.8:0/2690402028 --> [v2:172.21.15.8:3300/0,v1:172.21.15.8:6789/0] -- mon_subscribe({mgrmap=0+}) -- 0x7fc8c019f690 con 0x7fc8c010af00
2024-04-26T21:11:43.539 INFO:teuthology.orchestra.run.smithi008.stdout:/usr/bin/ceph: stderr
2024-04-26T21:11:42.445+0000 7fc8c5400700 1 -- 172.21.15.8:0/2690402028 --> [v2:172.21.15.8:3300/0,v1:172.21.15.8:6789/0] -- mon_subscribe({osdmap=0}) -- 0x7fc8c01a2380 con 0x7fc8c010af00
2024-04-26T21:11:43.539 INFO:teuthology.orchestra.run.smithi008.stdout:/usr/bin/ceph: stderr
2024-04-26T21:11:42.446+0000 7fc8b7e00700 1 -- 172.21.15.8:0/2690402028 <== mon.0 v2:172.21.15.8:3300/0 4 ==== mgrmap(e 8) ==== 46558+0+0 (secure 0 0 0) 0x7fc8b0023020 con 0x7fc8c010af00
2024-04-26T21:11:43.541 INFO:teuthology.orchestra.run.smithi008.stdout:/usr/bin/ceph: stderr
2024-04-26T21:11:42.446+0000 7fc8c5400700 1 -- 172.21.15.8:0/2690402028 --> [v2:172.21.15.8:3300/0,v1:172.21.15.8:6789/0] -- mon_command({"prefix": "get_command_descriptions"} v 0) -- 0x7fc8c0064a80 con 0x7fc8c010af00
2024-04-26T21:11:43.542 INFO:teuthology.orchestra.run.smithi008.stdout:/usr/bin/ceph: stderr
2024-04-26T21:11:42.447+0000 7fc8b7e00700 1 --2- 172.21.15.8:0/2690402028 >> [v2:172.21.15.8:6800/2596810887,v1:172.21.15.8:6801/2596810887] conn(0x7fc8a40395b0 0x7fc8a403ba70 unknown :-1 s=NONE pgs=0 cs=0 l=1 rev1=0 crypto rx=0 tx=0 comp rx=0 tx=0).connect
2024-04-26T21:11:43.542 INFO:teuthology.orchestra.run.smithi008.stdout:/usr/bin/ceph: stderr
2024-04-26T21:11:42.447+0000 7fc8b7e00700 1 -- 172.21.15.8:0/2690402028 <== mon.0 v2:172.21.15.8:3300/0 5 ==== osd_map(2..2 src has 1..2) ==== 940+0+0 (secure 0 0 0) 0x7fc8b000f050 con 0x7fc8c010af00
2024-04-26T21:11:43.542 INFO:teuthology.orchestra.run.smithi008.stdout:/usr/bin/ceph: stderr
2024-04-26T21:11:42.448+0000 7fc8b5e00700 1 --2- 172.21.15.8:0/2690402028 >> [v2:172.21.15.8:6800/2596810887,v1:172.21.15.8:6801/2596810887] conn(0x7fc8a40395b0 0x7fc8a403ba70 unknown :-1 s=BANNER_CONNECTING pgs=0 cs=0 l=1 rev1=0 crypto rx=0 tx=0 comp rx=0 tx=0)._handle_peer_banner_payload supported=3 required=0
2024-04-26T21:11:43.542 INFO:teuthology.orchestra.run.smithi008.stdout:/usr/bin/ceph: stderr
2024-04-26T21:11:42.448+0000 7fc8b5e00700 1 --2- 172.21.15.8:0/2690402028 >> [v2:172.21.15.8:6800/2596810887,v1:172.21.15.8:6801/2596810887] conn(0x7fc8a40395b0 0x7fc8a403ba70 secure :-1 s=READY pgs=9 cs=0 l=1 rev1=1 crypto rx=0x7fc8a8006fd0 tx=0x7fc8a8006e40 comp rx=0 tx=0).ready entity=mgr.14120 client_cookie=0 server_cookie=0 in_seq=0 out_seq=0
2024-04-26T21:11:43.542 INFO:teuthology.orchestra.run.smithi008.stdout:/usr/bin/ceph: stderr
2024-04-26T21:11:42.452+0000 7fc8b7e00700 1 -- 172.21.15.8:0/2690402028 <== mon.0 v2:172.21.15.8:3300/0 6 ==== mon_command_ack([{"prefix": "get_command_descriptions"}]=0 v0) ==== 72+0+188494 (secure 0 0 0) 0x7fc8b002a020 con 0x7fc8c010af00
2024-04-26T21:11:43.542 INFO:teuthology.orchestra.run.smithi008.stdout:/usr/bin/ceph: stderr
2024-04-26T21:11:42.683+0000 7fc8c5400700 1 -- 172.21.15.8:0/2690402028 --> [v2:172.21.15.8:6800/2596810887,v1:172.21.15.8:6801/2596810887] -- mgr_command(tid 0: {"prefix": "cephadm generate-key", "target": ["mon-mgr", ""]}) -- 0x7fc8c0108c10 con 0x7fc8a40395b0
2024-04-26T21:11:43.542 INFO:teuthology.orchestra.run.smithi008.stdout:/usr/bin/ceph: stderr
2024-04-26T21:11:42.812+0000 7fc8b7e00700 1 -- 172.21.15.8:0/2690402028 <== mgr.14120 v2:172.21.15.8:6800/2596810887 1 ==== mgr_command_reply(tid 0: 0 ) ==== 8+0+0 (secure 0 0 0) 0x7fc8c0108c10 con 0x7fc8a40395b0
2024-04-26T21:11:43.542 INFO:teuthology.orchestra.run.smithi008.stdout:/usr/bin/ceph: stderr
2024-04-26T21:11:42.815+0000 7fc8c5400700 1 -- 172.21.15.8:0/2690402028 >> [v2:172.21.15.8:6800/2596810887,v1:172.21.15.8:6801/2596810887] conn(0x7fc8a40395b0 msgr2=0x7fc8a403ba70 secure :-1 s=STATE_CONNECTION_ESTABLISHED l=1).mark_down
2024-04-26T21:11:43.542 INFO:teuthology.orchestra.run.smithi008.stdout:/usr/bin/ceph: stderr
2024-04-26T21:11:42.815+0000 7fc8c5400700 1 --2- 172.21.15.8:0/2690402028 >> [v2:172.21.15.8:6800/2596810887,v1:172.21.15.8:6801/2596810887] conn(0x7fc8a40395b0 0x7fc8a403ba70 secure :-1 s=READY pgs=9 cs=0 l=1 rev1=1 crypto rx=0x7fc8a8006fd0 tx=0x7fc8a8006e40 comp rx=0 tx=0).stop
2024-04-26T21:11:43.542 INFO:teuthology.orchestra.run.smithi008.stdout:/usr/bin/ceph: stderr
2024-04-26T21:11:42.815+0000 7fc8c5400700 1 -- 172.21.15.8:0/2690402028 >> [v2:172.21.15.8:3300/0,v1:172.21.15.8:6789/0] conn(0x7fc8c010af00 msgr2=0x7fc8c019eec0 secure :-1 s=STATE_CONNECTION_ESTABLISHED l=1).mark_down
2024-04-26T21:11:43.542 INFO:teuthology.orchestra.run.smithi008.stdout:/usr/bin/ceph: stderr
2024-04-26T21:11:42.815+0000 7fc8c5400700 1 --2- 172.21.15.8:0/2690402028 >> [v2:172.21.15.8:3300/0,v1:172.21.15.8:6789/0] conn(0x7fc8c010af00 0x7fc8c019eec0 secure :-1 s=READY pgs=42 cs=0 l=1 rev1=1 crypto rx=0x7fc8b000b7b0 tx=0x7fc8b000be20 comp rx=0 tx=0).stop
2024-04-26T21:11:43.542 INFO:teuthology.orchestra.run.smithi008.stdout:/usr/bin/ceph: stderr
2024-04-26T21:11:42.815+0000 7fc8c5400700 1 -- 172.21.15.8:0/2690402028 shutdown_connections
2024-04-26T21:11:43.542 INFO:teuthology.orchestra.run.smithi008.stdout:/usr/bin/ceph: stderr
2024-04-26T21:11:42.815+0000 7fc8c5400700 1 --2- 172.21.15.8:0/2690402028 >> [v2:172.21.15.8:6800/2596810887,v1:172.21.15.8:6801/2596810887] conn(0x7fc8a40395b0 0x7fc8a403ba70 unknown :-1 s=CLOSED pgs=9 cs=0 l=1 rev1=1 crypto rx=0 tx=0 comp rx=0 tx=0).stop
2024-04-26T21:11:43.543 INFO:teuthology.orchestra.run.smithi008.stdout:/usr/bin/ceph: stderr
2024-04-26T21:11:42.815+0000 7fc8c5400700 1 --2- 172.21.15.8:0/2690402028 >> [v2:172.21.15.8:3300/0,v1:172.21.15.8:6789/0] conn(0x7fc8c010af00 0x7fc8c019eec0 unknown :-1 s=CLOSED pgs=42 cs=0 l=1 rev1=1 crypto rx=0 tx=0 comp rx=0 tx=0).stop
2024-04-26T21:11:43.543 INFO:teuthology.orchestra.run.smithi008.stdout:/usr/bin/ceph: stderr
2024-04-26T21:11:42.815+0000 7fc8c5400700 1 -- 172.21.15.8:0/2690402028 >> 172.21.15.8:0/2690402028 conn(0x7fc8c007e300 msgr2=0x7fc8c0108500 unknown :-1 s=STATE_NONE l=0).mark_down
2024-04-26T21:11:43.543 INFO:teuthology.orchestra.run.smithi008.stdout:/usr/bin/ceph: stderr
2024-04-26T21:11:42.815+0000 7fc8c5400700 1 -- 172.21.15.8:0/2690402028 shutdown_connections
2024-04-26T21:11:43.543 INFO:teuthology.orchestra.run.smithi008.stdout:/usr/bin/ceph: stderr
2024-04-26T21:11:42.815+0000 7fc8c5400700 1 -- 172.21.15.8:0/2690402028 wait complete.
2024-04-26T21:11:44.069 INFO:journalctl@ceph.mon.a.smithi008.stdout:Apr 26 21:11:43 smithi008 ceph-mon[28079]: from='client.14136 -' entity='client.admin' cmd=[{"prefix": "cephadm generate-key", "target": ["mon-mgr", ""]}]: dispatch
2024-04-26T21:11:44.069 INFO:journalctl@ceph.mon.a.smithi008.stdout:Apr 26 21:11:43 smithi008 ceph-mon[28079]: Generating ssh key...
2024-04-26T21:11:44.069 INFO:journalctl@ceph.mon.a.smithi008.stdout:Apr 26 21:11:43 smithi008 ceph-mon[28079]: from='mgr.14120 172.21.15.8:0/3667850151' entity='mgr.x'
2024-04-26T21:11:44.069 INFO:journalctl@ceph.mon.a.smithi008.stdout:Apr 26 21:11:43 smithi008 ceph-mon[28079]: from='mgr.14120 172.21.15.8:0/3667850151' entity='mgr.x'
