2024-04-26T21:13:45.441+0000 7fc5f7e00700 1 -- 172.21.15.84:0/3298386323 learned_addr learned my addr 172.21.15.84:0/3298386323 (peer_addr_for_me v2:172.21.15.84:0/0)
2024-04-26T21:13:46.449 INFO:teuthology.orchestra.run.smithi084.stdout:/usr/bin/ceph: stderr
2024-04-26T21:13:45.442+0000 7fc5f7e00700 1 -- 172.21.15.84:0/3298386323 --> [v2:172.21.15.84:3300/0,v1:172.21.15.84:6789/0] -- mon_subscribe({config=0+,monmap=0+}) v3 -- 0x7fc5f81056d0 con 0x7fc5f8104bb0
2024-04-26T21:13:46.449 INFO:teuthology.orchestra.run.smithi084.stdout:/usr/bin/ceph: stderr
2024-04-26T21:13:45.442+0000 7fc5f7e00700 1 --2- 172.21.15.84:0/3298386323 >> [v2:172.21.15.84:3300/0,v1:172.21.15.84:6789/0] conn(0x7fc5f8104bb0 0x7fc5f8104fc0 secure :-1 s=READY pgs=80 cs=0 l=1 rev1=1 crypto rx=0x7fc5e80098e0 tx=0x7fc5e8009250 comp rx=0 tx=0).ready entity=mon.0 client_cookie=2db13a8ce631c5ed server_cookie=0 in_seq=0 out_seq=0
2024-04-26T21:13:46.449 INFO:teuthology.orchestra.run.smithi084.stdout:/usr/bin/ceph: stderr
2024-04-26T21:13:45.442+0000 7fc5f6a00700 1 -- 172.21.15.84:0/3298386323 <== mon.0 v2:172.21.15.84:3300/0 1 ==== mon_map magic: 0 v1 ==== 229+0+0 (secure 0 0 0) 0x7fc5e800b860 con 0x7fc5f8104bb0
2024-04-26T21:13:46.450 INFO:teuthology.orchestra.run.smithi084.stdout:/usr/bin/ceph: stderr
2024-04-26T21:13:45.442+0000 7fc5f6a00700 1 -- 172.21.15.84:0/3298386323 <== mon.0 v2:172.21.15.84:3300/0 2 ==== config(27 keys) v1 ==== 1109+0+0 (secure 0 0 0) 0x7fc5e800be90 con 0x7fc5f8104bb0
2024-04-26T21:13:46.450 INFO:teuthology.orchestra.run.smithi084.stdout:/usr/bin/ceph: stderr
2024-04-26T21:13:45.442+0000 7fc5f6a00700 1 -- 172.21.15.84:0/3298386323 <== mon.0 v2:172.21.15.84:3300/0 3 ==== mon_map magic: 0 v1 ==== 229+0+0 (secure 0 0 0) 0x7fc5e80103c0 con 0x7fc5f8104bb0
2024-04-26T21:13:46.450 INFO:teuthology.orchestra.run.smithi084.stdout:/usr/bin/ceph: stderr
2024-04-26T21:13:45.443+0000 7fc5ff000700 1 -- 172.21.15.84:0/3298386323 >> [v2:172.21.15.84:3300/0,v1:172.21.15.84:6789/0] conn(0x7fc5f8104bb0 msgr2=0x7fc5f8104fc0 secure :-1 s=STATE_CONNECTION_ESTABLISHED l=1).mark_down
2024-04-26T21:13:46.450 INFO:teuthology.orchestra.run.smithi084.stdout:/usr/bin/ceph: stderr
2024-04-26T21:13:45.443+0000 7fc5ff000700 1 --2- 172.21.15.84:0/3298386323 >> [v2:172.21.15.84:3300/0,v1:172.21.15.84:6789/0] conn(0x7fc5f8104bb0 0x7fc5f8104fc0 secure :-1 s=READY pgs=80 cs=0 l=1 rev1=1 crypto rx=0x7fc5e80098e0 tx=0x7fc5e8009250 comp rx=0 tx=0).stop
2024-04-26T21:13:46.451 INFO:teuthology.orchestra.run.smithi084.stdout:/usr/bin/ceph: stderr
2024-04-26T21:13:45.443+0000 7fc5ff000700 1 -- 172.21.15.84:0/3298386323 shutdown_connections
2024-04-26T21:13:46.451 INFO:teuthology.orchestra.run.smithi084.stdout:/usr/bin/ceph: stderr
2024-04-26T21:13:45.443+0000 7fc5ff000700 1 --2- 172.21.15.84:0/3298386323 >> [v2:172.21.15.84:3300/0,v1:172.21.15.84:6789/0] conn(0x7fc5f8104bb0 0x7fc5f8104fc0 unknown :-1 s=CLOSED pgs=80 cs=0 l=1 rev1=1 crypto rx=0 tx=0 comp rx=0 tx=0).stop
2024-04-26T21:13:46.451 INFO:teuthology.orchestra.run.smithi084.stdout:/usr/bin/ceph: stderr
2024-04-26T21:13:45.443+0000 7fc5ff000700 1 -- 172.21.15.84:0/3298386323 >> 172.21.15.84:0/3298386323 conn(0x7fc5f8078300 msgr2=0x7fc5f8078700 unknown :-1 s=STATE_NONE l=0).mark_down
2024-04-26T21:13:46.451 INFO:teuthology.orchestra.run.smithi084.stdout:/usr/bin/ceph: stderr
2024-04-26T21:13:45.444+0000 7fc5ff000700 1 -- 172.21.15.84:0/3298386323 shutdown_connections
2024-04-26T21:13:46.452 INFO:teuthology.orchestra.run.smithi084.stdout:/usr/bin/ceph: stderr
2024-04-26T21:13:45.444+0000 7fc5ff000700 1 -- 172.21.15.84:0/3298386323 wait complete.
2024-04-26T21:13:46.452 INFO:teuthology.orchestra.run.smithi084.stdout:/usr/bin/ceph: stderr
2024-04-26T21:13:45.444+0000 7fc5ff000700 1 Processor -- start
2024-04-26T21:13:46.452 INFO:teuthology.orchestra.run.smithi084.stdout:/usr/bin/ceph: stderr
2024-04-26T21:13:45.444+0000 7fc5ff000700 1 -- start start
2024-04-26T21:13:46.452 INFO:teuthology.orchestra.run.smithi084.stdout:/usr/bin/ceph: stderr
2024-04-26T21:13:45.445+0000 7fc5ff000700 1 --2- >> [v2:172.21.15.84:3300/0,v1:172.21.15.84:6789/0] conn(0x7fc5f8104bb0 0x7fc5f81137d0 unknown :-1 s=NONE pgs=0 cs=0 l=1 rev1=0 crypto rx=0 tx=0 comp rx=0 tx=0).connect
2024-04-26T21:13:46.452 INFO:teuthology.orchestra.run.smithi084.stdout:/usr/bin/ceph: stderr
2024-04-26T21:13:45.445+0000 7fc5ff000700 1 -- --> [v2:172.21.15.84:3300/0,v1:172.21.15.84:6789/0] -- mon_getmap magic: 0 v1 -- 0x7fc5f8113d10 con 0x7fc5f8104bb0
2024-04-26T21:13:46.452 INFO:teuthology.orchestra.run.smithi084.stdout:/usr/bin/ceph: stderr
2024-04-26T21:13:45.445+0000 7fc5f7e00700 1 --2- >> [v2:172.21.15.84:3300/0,v1:172.21.15.84:6789/0] conn(0x7fc5f8104bb0 0x7fc5f81137d0 unknown :-1 s=BANNER_CONNECTING pgs=0 cs=0 l=1 rev1=0 crypto rx=0 tx=0 comp rx=0 tx=0)._handle_peer_banner_payload supported=3 required=0
2024-04-26T21:13:46.453 INFO:teuthology.orchestra.run.smithi084.stdout:/usr/bin/ceph: stderr
2024-04-26T21:13:45.445+0000 7fc5f7e00700 1 --2- >> [v2:172.21.15.84:3300/0,v1:172.21.15.84:6789/0] conn(0x7fc5f8104bb0 0x7fc5f81137d0 unknown :-1 s=HELLO_CONNECTING pgs=0 cs=0 l=1 rev1=1 crypto rx=0 tx=0 comp rx=0 tx=0).handle_hello peer v2:172.21.15.84:3300/0 says I am v2:172.21.15.84:50620/0 (socket says 172.21.15.84:50620)
2024-04-26T21:13:46.453 INFO:teuthology.orchestra.run.smithi084.stdout:/usr/bin/ceph: stderr
2024-04-26T21:13:45.445+0000 7fc5f7e00700 1 -- 172.21.15.84:0/679223624 learned_addr learned my addr 172.21.15.84:0/679223624 (peer_addr_for_me v2:172.21.15.84:0/0)
2024-04-26T21:13:46.453 INFO:teuthology.orchestra.run.smithi084.stdout:/usr/bin/ceph: stderr
2024-04-26T21:13:45.445+0000 7fc5f7e00700 1 -- 172.21.15.84:0/679223624 --> [v2:172.21.15.84:3300/0,v1:172.21.15.84:6789/0] -- mon_subscribe({config=0+,monmap=0+}) v3 -- 0x7fc5e80094f0 con 0x7fc5f8104bb0
2024-04-26T21:13:46.453 INFO:teuthology.orchestra.run.smithi084.stdout:/usr/bin/ceph: stderr
2024-04-26T21:13:45.446+0000 7fc5f7e00700 1 --2- 172.21.15.84:0/679223624 >> [v2:172.21.15.84:3300/0,v1:172.21.15.84:6789/0] conn(0x7fc5f8104bb0 0x7fc5f81137d0 secure :-1 s=READY pgs=81 cs=0 l=1 rev1=1 crypto rx=0x7fc5e8006d40 tx=0x7fc5e8009250 comp rx=0 tx=0).ready entity=mon.0 client_cookie=0 server_cookie=0 in_seq=0 out_seq=0
2024-04-26T21:13:46.454 INFO:teuthology.orchestra.run.smithi084.stdout:/usr/bin/ceph: stderr
2024-04-26T21:13:45.446+0000 7fc5efe00700 1 -- 172.21.15.84:0/679223624 <== mon.0 v2:172.21.15.84:3300/0 1 ==== mon_map magic: 0 v1 ==== 229+0+0 (secure 0 0 0) 0x7fc5e8010840 con 0x7fc5f8104bb0
2024-04-26T21:13:46.454 INFO:teuthology.orchestra.run.smithi084.stdout:/usr/bin/ceph: stderr
2024-04-26T21:13:45.446+0000 7fc5efe00700 1 -- 172.21.15.84:0/679223624 <== mon.0 v2:172.21.15.84:3300/0 2 ==== config(27 keys) v1 ==== 1109+0+0 (secure 0 0 0) 0x7fc5e8010e70 con 0x7fc5f8104bb0
2024-04-26T21:13:46.454 INFO:teuthology.orchestra.run.smithi084.stdout:/usr/bin/ceph: stderr
2024-04-26T21:13:45.446+0000 7fc5efe00700 1 -- 172.21.15.84:0/679223624 <== mon.0 v2:172.21.15.84:3300/0 3 ==== mon_map magic: 0 v1 ==== 229+0+0 (secure 0 0 0) 0x7fc5e8024ea0 con 0x7fc5f8104bb0
2024-04-26T21:13:46.454 INFO:teuthology.orchestra.run.smithi084.stdout:/usr/bin/ceph: stderr
2024-04-26T21:13:45.446+0000 7fc5ff000700 1 -- 172.21.15.84:0/679223624 --> [v2:172.21.15.84:3300/0,v1:172.21.15.84:6789/0] -- mon_subscribe({mgrmap=0+}) v3 -- 0x7fc5f8113f10 con 0x7fc5f8104bb0
2024-04-26T21:13:46.455 INFO:teuthology.orchestra.run.smithi084.stdout:/usr/bin/ceph: stderr
2024-04-26T21:13:45.446+0000 7fc5ff000700 1 -- 172.21.15.84:0/679223624 --> [v2:172.21.15.84:3300/0,v1:172.21.15.84:6789/0] -- mon_subscribe({osdmap=0}) v3 -- 0x7fc5f8114a80 con 0x7fc5f8104bb0
2024-04-26T21:13:46.455 INFO:teuthology.orchestra.run.smithi084.stdout:/usr/bin/ceph: stderr
2024-04-26T21:13:45.448+0000 7fc5ed600700 1 -- 172.21.15.84:0/679223624 --> [v2:172.21.15.84:3300/0,v1:172.21.15.84:6789/0] -- mon_command({"prefix": "get_command_descriptions"} v 0) v1 -- 0x7fc5d00052b0 con 0x7fc5f8104bb0
2024-04-26T21:13:46.455 INFO:teuthology.orchestra.run.smithi084.stdout:/usr/bin/ceph: stderr
2024-04-26T21:13:45.448+0000 7fc5efe00700 1 -- 172.21.15.84:0/679223624 <== mon.0 v2:172.21.15.84:3300/0 4 ==== mgrmap(e 11) v1 ==== 43283+0+0 (secure 0 0 0) 0x7fc5e8024780 con 0x7fc5f8104bb0
2024-04-26T21:13:46.455 INFO:teuthology.orchestra.run.smithi084.stdout:/usr/bin/ceph: stderr
2024-04-26T21:13:45.449+0000 7fc5efe00700 1 --2- 172.21.15.84:0/679223624 >> [v2:172.21.15.84:6800/3446199945,v1:172.21.15.84:6801/3446199945] conn(0x7fc5dc036770 0x7fc5dc038c20 unknown :-1 s=NONE pgs=0 cs=0 l=1 rev1=0 crypto rx=0 tx=0 comp rx=0 tx=0).connect
2024-04-26T21:13:46.455 INFO:teuthology.orchestra.run.smithi084.stdout:/usr/bin/ceph: stderr
2024-04-26T21:13:45.449+0000 7fc5efe00700 1 -- 172.21.15.84:0/679223624 <== mon.0 v2:172.21.15.84:3300/0 5 ==== osd_map(3..3 src has 1..3) v4 ==== 1151+0+0 (secure 0 0 0) 0x7fc5e804a5e0 con 0x7fc5f8104bb0
2024-04-26T21:13:46.455 INFO:teuthology.orchestra.run.smithi084.stdout:/usr/bin/ceph: stderr
2024-04-26T21:13:45.449+0000 7fc5f7400700 1 --2- 172.21.15.84:0/679223624 >> [v2:172.21.15.84:6800/3446199945,v1:172.21.15.84:6801/3446199945] conn(0x7fc5dc036770 0x7fc5dc038c20 unknown :-1 s=BANNER_CONNECTING pgs=0 cs=0 l=1 rev1=0 crypto rx=0 tx=0 comp rx=0 tx=0)._handle_peer_banner_payload supported=3 required=0
2024-04-26T21:13:46.455 INFO:teuthology.orchestra.run.smithi084.stdout:/usr/bin/ceph: stderr
2024-04-26T21:13:45.450+0000 7fc5f7400700 1 --2- 172.21.15.84:0/679223624 >> [v2:172.21.15.84:6800/3446199945,v1:172.21.15.84:6801/3446199945] conn(0x7fc5dc036770 0x7fc5dc038c20 secure :-1 s=READY pgs=7 cs=0 l=1 rev1=1 crypto rx=0x7fc5e4009990 tx=0x7fc5e4006e40 comp rx=0 tx=0).ready entity=mgr.14162 client_cookie=0 server_cookie=0 in_seq=0 out_seq=0
2024-04-26T21:13:46.456 INFO:teuthology.orchestra.run.smithi084.stdout:/usr/bin/ceph: stderr
2024-04-26T21:13:45.454+0000 7fc5efe00700 1 -- 172.21.15.84:0/679223624 <== mon.0 v2:172.21.15.84:3300/0 6 ==== mon_command_ack([{"prefix": "get_command_descriptions"}]=0 v0) v1 ==== 72+0+176702 (secure 0 0 0) 0x7fc5e802c930 con 0x7fc5f8104bb0
2024-04-26T21:13:46.457 INFO:teuthology.orchestra.run.smithi084.stdout:/usr/bin/ceph: stderr
2024-04-26T21:13:45.600+0000 7fc5efe00700 1 -- 172.21.15.84:0/679223624 <== mon.0 v2:172.21.15.84:3300/0 7 ==== mgrmap(e 12) v1 ==== 43389+0+0 (secure 0 0 0) 0x7fc5e802e440 con 0x7fc5f8104bb0
2024-04-26T21:13:46.457 INFO:teuthology.orchestra.run.smithi084.stdout:/usr/bin/ceph: stderr
2024-04-26T21:13:45.688+0000 7fc5ed600700 1 -- 172.21.15.84:0/679223624 --> [v2:172.21.15.84:6800/3446199945,v1:172.21.15.84:6801/3446199945] -- mgr_command(tid 0: {"prefix": "dashboard create-self-signed-cert", "target": ["mon-mgr", ""]}) v1 -- 0x7fc5d0000bc0 con 0x7fc5dc036770
2024-04-26T21:13:46.457 INFO:teuthology.orchestra.run.smithi084.stdout:/usr/bin/ceph: stderr
2024-04-26T21:13:45.786+0000 7fc5efe00700 1 -- 172.21.15.84:0/679223624 <== mgr.14162 v2:172.21.15.84:6800/3446199945 1 ==== mgr_command_reply(tid 0: 0 ) v1 ==== 8+0+32 (secure 0 0 0) 0x7fc5d0000bc0 con 0x7fc5dc036770
2024-04-26T21:13:46.457 INFO:teuthology.orchestra.run.smithi084.stdout:/usr/bin/ceph: stderr
2024-04-26T21:13:45.790+0000 7fc5ed600700 1 -- 172.21.15.84:0/679223624 >> [v2:172.21.15.84:6800/3446199945,v1:172.21.15.84:6801/3446199945] conn(0x7fc5dc036770 msgr2=0x7fc5dc038c20 secure :-1 s=STATE_CONNECTION_ESTABLISHED l=1).mark_down
2024-04-26T21:13:46.457 INFO:teuthology.orchestra.run.smithi084.stdout:/usr/bin/ceph: stderr
2024-04-26T21:13:45.790+0000 7fc5ed600700 1 --2- 172.21.15.84:0/679223624 >> [v2:172.21.15.84:6800/3446199945,v1:172.21.15.84:6801/3446199945] conn(0x7fc5dc036770 0x7fc5dc038c20 secure :-1 s=READY pgs=7 cs=0 l=1 rev1=1 crypto rx=0x7fc5e4009990 tx=0x7fc5e4006e40 comp rx=0 tx=0).stop
2024-04-26T21:13:46.457 INFO:teuthology.orchestra.run.smithi084.stdout:/usr/bin/ceph: stderr
2024-04-26T21:13:45.790+0000 7fc5ed600700 1 -- 172.21.15.84:0/679223624 >> [v2:172.21.15.84:3300/0,v1:172.21.15.84:6789/0] conn(0x7fc5f8104bb0 msgr2=0x7fc5f81137d0 secure :-1 s=STATE_CONNECTION_ESTABLISHED l=1).mark_down
2024-04-26T21:13:46.457 INFO:teuthology.orchestra.run.smithi084.stdout:/usr/bin/ceph: stderr
2024-04-26T21:13:45.790+0000 7fc5ed600700 1 --2- 172.21.15.84:0/679223624 >> [v2:172.21.15.84:3300/0,v1:172.21.15.84:6789/0] conn(0x7fc5f8104bb0 0x7fc5f81137d0 secure :-1 s=READY pgs=81 cs=0 l=1 rev1=1 crypto rx=0x7fc5e8006d40 tx=0x7fc5e8009250 comp rx=0 tx=0).stop
2024-04-26T21:13:46.457 INFO:teuthology.orchestra.run.smithi084.stdout:/usr/bin/ceph: stderr
2024-04-26T21:13:45.791+0000 7fc5ed600700 1 -- 172.21.15.84:0/679223624 shutdown_connections
2024-04-26T21:13:46.457 INFO:teuthology.orchestra.run.smithi084.stdout:/usr/bin/ceph: stderr
2024-04-26T21:13:45.791+0000 7fc5ed600700 1 --2- 172.21.15.84:0/679223624 >> [v2:172.21.15.84:6800/3446199945,v1:172.21.15.84:6801/3446199945] conn(0x7fc5dc036770 0x7fc5dc038c20 unknown :-1 s=CLOSED pgs=7 cs=0 l=1 rev1=1 crypto rx=0 tx=0 comp rx=0 tx=0).stop
2024-04-26T21:13:46.457 INFO:teuthology.orchestra.run.smithi084.stdout:/usr/bin/ceph: stderr
2024-04-26T21:13:45.791+0000 7fc5ed600700 1 --2- 172.21.15.84:0/679223624 >> [v2:172.21.15.84:3300/0,v1:172.21.15.84:6789/0] conn(0x7fc5f8104bb0 0x7fc5f81137d0 unknown :-1 s=CLOSED pgs=81 cs=0 l=1 rev1=1 crypto rx=0 tx=0 comp rx=0 tx=0).stop
2024-04-26T21:13:46.457 INFO:teuthology.orchestra.run.smithi084.stdout:/usr/bin/ceph: stderr
2024-04-26T21:13:45.791+0000 7fc5ed600700 1 -- 172.21.15.84:0/679223624 >> 172.21.15.84:0/679223624 conn(0x7fc5f8078300 msgr2=0x7fc5f8102450 unknown :-1 s=STATE_NONE l=0).mark_down
2024-04-26T21:13:46.458 INFO:teuthology.orchestra.run.smithi084.stdout:/usr/bin/ceph: stderr
2024-04-26T21:13:45.791+0000 7fc5ed600700 1 -- 172.21.15.84:0/679223624 shutdown_connections
2024-04-26T21:13:46.458 INFO:teuthology.orchestra.run.smithi084.stdout:/usr/bin/ceph: stderr
2024-04-26T21:13:45.791+0000 7fc5ed600700 1 -- 172.21.15.84:0/679223624 wait complete.
2024-04-26T21:13:46.458 INFO:teuthology.orchestra.run.smithi084.stdout:Creating initial admin user...
2024-04-26T21:13:46.769 INFO:journalctl@ceph.mon.smithi084.smithi084.stdout:Apr 26 21:13:46 smithi084 ceph-mon[25539]: mgrmap e12: smithi084.gyasul(active, since 2s)
2024-04-26T21:13:46.769 INFO:journalctl@ceph.mon.smithi084.smithi084.stdout:Apr 26 21:13:46 smithi084 ceph-mon[25539]: from='client.14174 -' entity='client.admin' cmd=[{"prefix": "dashboard create-self-signed-cert", "target": ["mon-mgr", ""]}]: dispatch
2024-04-26T21:13:46.769 INFO:journalctl@ceph.mon.smithi084.smithi084.stdout:Apr 26 21:13:46 smithi084 ceph-mon[25539]: from='mgr.14162 172.21.15.84:0/3797916019' entity='mgr.smithi084.gyasul'
2024-04-26T21:13:46.769 INFO:journalctl@ceph.mon.smithi084.smithi084.stdout:Apr 26 21:13:46 smithi084 ceph-mon[25539]: from='mgr.14162 172.21.15.84:0/3797916019' entity='mgr.smithi084.gyasul'
2024-04-26T21:13:46.769 INFO:journalctl@ceph.mon.smithi084.smithi084.stdout:Apr 26 21:13:46 smithi084 ceph-mon[25539]: from='mgr.14162 172.21.15.84:0/3797916019' entity='mgr.smithi084.gyasul'
2024-04-26T21:13:48.662 INFO:journalctl@ceph.mon.smithi084.smithi084.stdout:Apr 26 21:13:48 smithi084 ceph-mon[25539]: from='client.14176 -' entity='client.admin' cmd=[{"prefix": "dashboard ac-user-create", "username": "admin", "rolename": "administrator", "force_password": true, "pwd_update_required": true, "target": ["mon-mgr", ""]}]: dispatch
2024-04-26T21:13:48.662 INFO:journalctl@ceph.mon.smithi084.smithi084.stdout:Apr 26 21:13:48 smithi084 ceph-mon[25539]: from='mgr.14162 172.21.15.84:0/3797916019' entity='mgr.smithi084.gyasul'
2024-04-26T21:13:48.862 INFO:teuthology.orchestra.run.smithi084.stdout:/usr/bin/ceph: stdout {"username": "admin", "password": "$2b$12$r1p52igEQ0KqVlINo7IMMOGRCRW8L45X.DrszJCunPAySyoT6KMQy", "roles": ["administrator"], "name": null, "email": null, "lastUpdate": 1714166027, "enabled": true, "pwdExpirationDate": null, "pwdUpdateRequired": true}
2024-04-26T21:13:48.862 INFO:teuthology.orchestra.run.smithi084.stdout:/usr/bin/ceph: stderr
2024-04-26T21:13:47.102+0000 7fee96800700 1 Processor -- start
2024-04-26T21:13:48.862 INFO:teuthology.orchestra.run.smithi084.stdout:/usr/bin/ceph: stderr
2024-04-26T21:13:47.103+0000 7fee96800700 1 -- start start
2024-04-26T21:13:48.863 INFO:teuthology.orchestra.run.smithi084.stdout:/usr/bin/ceph: stderr
2024-04-26T21:13:47.103+0000 7fee96800700 1 --2- >> [v2:172.21.15.84:3300/0,v1:172.21.15.84:6789/0] conn(0x7fee90101740 0x7fee90101b50 unknown :-1 s=NONE pgs=0 cs=0 l=0 rev1=0 crypto rx=0 tx=0 comp rx=0 tx=0).connect
2024-04-26T21:13:48.863 INFO:teuthology.orchestra.run.smithi084.stdout:/usr/bin/ceph: stderr
2024-04-26T21:13:47.103+0000 7fee96800700 1 -- --> [v2:172.21.15.84:3300/0,v1:172.21.15.84:6789/0] -- mon_getmap magic: 0 v1 -- 0x7fee90102090 con 0x7fee90101740
2024-04-26T21:13:48.863 INFO:teuthology.orchestra.run.smithi084.stdout:/usr/bin/ceph: stderr
2024-04-26T21:13:47.103+0000 7fee8f400700 1 --2- >> [v2:172.21.15.84:3300/0,v1:172.21.15.84:6789/0] conn(0x7fee90101740 0x7fee90101b50 unknown :-1 s=BANNER_CONNECTING pgs=0 cs=0 l=0 rev1=0 crypto rx=0 tx=0 comp rx=0 tx=0)._handle_peer_banner_payload supported=3 required=0
2024-04-26T21:13:48.863 INFO:teuthology.orchestra.run.smithi084.stdout:/usr/bin/ceph: stderr
2024-04-26T21:13:47.103+0000 7fee8f400700 1 --2- >> [v2:172.21.15.84:3300/0,v1:172.21.15.84:6789/0] conn(0x7fee90101740 0x7fee90101b50 unknown :-1 s=HELLO_CONNECTING pgs=0 cs=0 l=0 rev1=1 crypto rx=0 tx=0 comp rx=0 tx=0).handle_hello peer v2:172.21.15.84:3300/0 says I am v2:172.21.15.84:50624/0 (socket says 172.21.15.84:50624)
2024-04-26T21:13:48.863 INFO:teuthology.orchestra.run.smithi084.stdout:/usr/bin/ceph: stderr
2024-04-26T21:13:47.103+0000 7fee8f400700 1 -- 172.21.15.84:0/4092869011 learned_addr learned my addr 172.21.15.84:0/4092869011 (peer_addr_for_me v2:172.21.15.84:0/0)
2024-04-26T21:13:48.863 INFO:teuthology.orchestra.run.smithi084.stdout:/usr/bin/ceph: stderr
2024-04-26T21:13:47.104+0000 7fee8f400700 1 -- 172.21.15.84:0/4092869011 --> [v2:172.21.15.84:3300/0,v1:172.21.15.84:6789/0] -- mon_subscribe({config=0+,monmap=0+}) v3 -- 0x7fee901021d0 con 0x7fee90101740
2024-04-26T21:13:48.863 INFO:teuthology.orchestra.run.smithi084.stdout:/usr/bin/ceph: stderr
2024-04-26T21:13:47.104+0000 7fee8f400700 1 --2- 172.21.15.84:0/4092869011 >> [v2:172.21.15.84:3300/0,v1:172.21.15.84:6789/0] conn(0x7fee90101740 0x7fee90101b50 secure :-1 s=READY pgs=82 cs=0 l=1 rev1=1 crypto rx=0x7fee800098e0 tx=0x7fee80009250 comp rx=0 tx=0).ready entity=mon.0 client_cookie=8486426702cc3a41 server_cookie=0 in_seq=0 out_seq=0
2024-04-26T21:13:48.863 INFO:teuthology.orchestra.run.smithi084.stdout:/usr/bin/ceph: stderr
2024-04-26T21:13:47.104+0000 7fee8e000700 1 -- 172.21.15.84:0/4092869011 <== mon.0 v2:172.21.15.84:3300/0 1 ==== mon_map magic: 0 v1 ==== 229+0+0 (secure 0 0 0) 0x7fee8000b860 con 0x7fee90101740
2024-04-26T21:13:48.863 INFO:teuthology.orchestra.run.smithi084.stdout:/usr/bin/ceph: stderr
2024-04-26T21:13:47.105+0000 7fee8e000700 1 -- 172.21.15.84:0/4092869011 <== mon.0 v2:172.21.15.84:3300/0 2 ==== config(27 keys) v1 ==== 1109+0+0 (secure 0 0 0) 0x7fee8000be90 con 0x7fee90101740
2024-04-26T21:13:48.863 INFO:teuthology.orchestra.run.smithi084.stdout:/usr/bin/ceph: stderr
2024-04-26T21:13:47.105+0000 7fee8e000700 1 -- 172.21.15.84:0/4092869011 <== mon.0 v2:172.21.15.84:3300/0 3 ==== mon_map magic: 0 v1 ==== 229+0+0 (secure 0 0 0) 0x7fee800103c0 con 0x7fee90101740
2024-04-26T21:13:48.863 INFO:teuthology.orchestra.run.smithi084.stdout:/usr/bin/ceph: stderr
2024-04-26T21:13:47.105+0000 7fee96800700 1 -- 172.21.15.84:0/4092869011 >> [v2:172.21.15.84:3300/0,v1:172.21.15.84:6789/0] conn(0x7fee90101740 msgr2=0x7fee90101b50 secure :-1 s=STATE_CONNECTION_ESTABLISHED l=1).mark_down
2024-04-26T21:13:48.863 INFO:teuthology.orchestra.run.smithi084.stdout:/usr/bin/ceph: stderr
2024-04-26T21:13:47.105+0000 7fee96800700 1 --2- 172.21.15.84:0/4092869011 >> [v2:172.21.15.84:3300/0,v1:172.21.15.84:6789/0] conn(0x7fee90101740 0x7fee90101b50 secure :-1 s=READY pgs=82 cs=0 l=1 rev1=1 crypto rx=0x7fee800098e0 tx=0x7fee80009250 comp rx=0 tx=0).stop
2024-04-26T21:13:48.863 INFO:teuthology.orchestra.run.smithi084.stdout:/usr/bin/ceph: stderr
2024-04-26T21:13:47.105+0000 7fee96800700 1 -- 172.21.15.84:0/4092869011 shutdown_connections
2024-04-26T21:13:48.864 INFO:teuthology.orchestra.run.smithi084.stdout:/usr/bin/ceph: stderr
2024-04-26T21:13:47.105+0000 7fee96800700 1 --2- 172.21.15.84:0/4092869011 >> [v2:172.21.15.84:3300/0,v1:172.21.15.84:6789/0] conn(0x7fee90101740 0x7fee90101b50 unknown :-1 s=CLOSED pgs=82 cs=0 l=1 rev1=1 crypto rx=0 tx=0 comp rx=0 tx=0).stop
2024-04-26T21:13:48.864 INFO:teuthology.orchestra.run.smithi084.stdout:/usr/bin/ceph: stderr
2024-04-26T21:13:47.105+0000 7fee96800700 1 -- 172.21.15.84:0/4092869011 >> 172.21.15.84:0/4092869011 conn(0x7fee900fcec0 msgr2=0x7fee900ff2d0 unknown :-1 s=STATE_NONE l=0).mark_down
2024-04-26T21:13:48.864 INFO:teuthology.orchestra.run.smithi084.stdout:/usr/bin/ceph: stderr
2024-04-26T21:13:47.106+0000 7fee96800700 1 -- 172.21.15.84:0/4092869011 shutdown_connections
2024-04-26T21:13:48.864 INFO:teuthology.orchestra.run.smithi084.stdout:/usr/bin/ceph: stderr
2024-04-26T21:13:47.106+0000 7fee96800700 1 -- 172.21.15.84:0/4092869011 wait complete.
2024-04-26T21:13:48.864 INFO:teuthology.orchestra.run.smithi084.stdout:/usr/bin/ceph: stderr
2024-04-26T21:13:47.106+0000 7fee96800700 1 Processor -- start
2024-04-26T21:13:48.864 INFO:teuthology.orchestra.run.smithi084.stdout:/usr/bin/ceph: stderr
2024-04-26T21:13:47.107+0000 7fee96800700 1 -- start start
2024-04-26T21:13:48.864 INFO:teuthology.orchestra.run.smithi084.stdout:/usr/bin/ceph: stderr
2024-04-26T21:13:47.107+0000 7fee96800700 1 --2- >> [v2:172.21.15.84:3300/0,v1:172.21.15.84:6789/0] conn(0x7fee90101740 0x7fee901079b0 unknown :-1 s=NONE pgs=0 cs=0 l=1 rev1=0 crypto rx=0 tx=0 comp rx=0 tx=0).connect
2024-04-26T21:13:48.864 INFO:teuthology.orchestra.run.smithi084.stdout:/usr/bin/ceph: stderr
2024-04-26T21:13:47.107+0000 7fee96800700 1 -- --> [v2:172.21.15.84:3300/0,v1:172.21.15.84:6789/0] -- mon_getmap magic: 0 v1 -- 0x7fee90107ef0 con 0x7fee90101740
2024-04-26T21:13:48.864 INFO:teuthology.orchestra.run.smithi084.stdout:/usr/bin/ceph: stderr
2024-04-26T21:13:47.107+0000 7fee8f400700 1 --2- >> [v2:172.21.15.84:3300/0,v1:172.21.15.84:6789/0] conn(0x7fee90101740 0x7fee901079b0 unknown :-1 s=BANNER_CONNECTING pgs=0 cs=0 l=1 rev1=0 crypto rx=0 tx=0 comp rx=0 tx=0)._handle_peer_banner_payload supported=3 required=0
2024-04-26T21:13:48.864 INFO:teuthology.orchestra.run.smithi084.stdout:/usr/bin/ceph: stderr
2024-04-26T21:13:47.107+0000 7fee8f400700 1 --2- >> [v2:172.21.15.84:3300/0,v1:172.21.15.84:6789/0] conn(0x7fee90101740 0x7fee901079b0 unknown :-1 s=HELLO_CONNECTING pgs=0 cs=0 l=1 rev1=1 crypto rx=0 tx=0 comp rx=0 tx=0).handle_hello peer v2:172.21.15.84:3300/0 says I am v2:172.21.15.84:50638/0 (socket says 172.21.15.84:50638)
2024-04-26T21:13:48.864 INFO:teuthology.orchestra.run.smithi084.stdout:/usr/bin/ceph: stderr
2024-04-26T21:13:47.107+0000 7fee8f400700 1 -- 172.21.15.84:0/1581193730 learned_addr learned my addr 172.21.15.84:0/1581193730 (peer_addr_for_me v2:172.21.15.84:0/0)
2024-04-26T21:13:48.864 INFO:teuthology.orchestra.run.smithi084.stdout:/usr/bin/ceph: stderr
2024-04-26T21:13:47.108+0000 7fee8f400700 1 -- 172.21.15.84:0/1581193730 --> [v2:172.21.15.84:3300/0,v1:172.21.15.84:6789/0] -- mon_subscribe({config=0+,monmap=0+}) v3 -- 0x7fee800094f0 con 0x7fee90101740
2024-04-26T21:13:48.864 INFO:teuthology.orchestra.run.smithi084.stdout:/usr/bin/ceph: stderr
2024-04-26T21:13:47.108+0000 7fee8f400700 1 --2- 172.21.15.84:0/1581193730 >> [v2:172.21.15.84:3300/0,v1:172.21.15.84:6789/0] conn(0x7fee90101740 0x7fee901079b0 secure :-1 s=READY pgs=83 cs=0 l=1 rev1=1 crypto rx=0x7fee80011680 tx=0x7fee80009250 comp rx=0 tx=0).ready entity=mon.0 client_cookie=0 server_cookie=0 in_seq=0 out_seq=0
2024-04-26T21:13:48.864 INFO:teuthology.orchestra.run.smithi084.stdout:/usr/bin/ceph: stderr
2024-04-26T21:13:47.108+0000 7fee87400700 1 -- 172.21.15.84:0/1581193730 <== mon.0 v2:172.21.15.84:3300/0 1 ==== mon_map magic: 0 v1 ==== 229+0+0 (secure 0 0 0) 0x7fee80010890 con 0x7fee90101740
2024-04-26T21:13:48.865 INFO:teuthology.orchestra.run.smithi084.stdout:/usr/bin/ceph: stderr
2024-04-26T21:13:47.108+0000 7fee87400700 1 -- 172.21.15.84:0/1581193730 <== mon.0 v2:172.21.15.84:3300/0 2 ==== config(27 keys) v1 ==== 1109+0+0 (secure 0 0 0) 0x7fee80010ec0 con 0x7fee90101740
2024-04-26T21:13:48.865 INFO:teuthology.orchestra.run.smithi084.stdout:/usr/bin/ceph: stderr
2024-04-26T21:13:47.108+0000 7fee96800700 1 -- 172.21.15.84:0/1581193730 --> [v2:172.21.15.84:3300/0,v1:172.21.15.84:6789/0] -- mon_subscribe({mgrmap=0+}) v3 -- 0x7fee90105f60 con 0x7fee90101740
2024-04-26T21:13:48.865 INFO:teuthology.orchestra.run.smithi084.stdout:/usr/bin/ceph: stderr
2024-04-26T21:13:47.108+0000 7fee87400700 1 -- 172.21.15.84:0/1581193730 <== mon.0 v2:172.21.15.84:3300/0 3 ==== mon_map magic: 0 v1 ==== 229+0+0 (secure 0 0 0) 0x7fee800243f0 con 0x7fee90101740
2024-04-26T21:13:48.865 INFO:teuthology.orchestra.run.smithi084.stdout:/usr/bin/ceph: stderr
2024-04-26T21:13:47.109+0000 7fee96800700 1 -- 172.21.15.84:0/1581193730 --> [v2:172.21.15.84:3300/0,v1:172.21.15.84:6789/0] -- mon_subscribe({osdmap=0}) v3 -- 0x7fee90106450 con 0x7fee90101740
2024-04-26T21:13:48.865 INFO:teuthology.orchestra.run.smithi084.stdout:/usr/bin/ceph: stderr
2024-04-26T21:13:47.109+0000 7fee87400700 1 -- 172.21.15.84:0/1581193730 <== mon.0 v2:172.21.15.84:3300/0 4 ==== mgrmap(e 12) v1 ==== 43389+0+0 (secure 0 0 0) 0x7fee8002d3f0 con 0x7fee90101740
2024-04-26T21:13:48.865 INFO:teuthology.orchestra.run.smithi084.stdout:/usr/bin/ceph: stderr
2024-04-26T21:13:47.110+0000 7fee87400700 1 --2- 172.21.15.84:0/1581193730 >> [v2:172.21.15.84:6800/3446199945,v1:172.21.15.84:6801/3446199945] conn(0x7fee740368a0 0x7fee74038d50 unknown :-1 s=NONE pgs=0 cs=0 l=1 rev1=0 crypto rx=0 tx=0 comp rx=0 tx=0).connect
2024-04-26T21:13:48.865 INFO:teuthology.orchestra.run.smithi084.stdout:/usr/bin/ceph: stderr
2024-04-26T21:13:47.110+0000 7fee87400700 1 -- 172.21.15.84:0/1581193730 <== mon.0 v2:172.21.15.84:3300/0 5 ==== osd_map(3..3 src has 1..3) v4 ==== 1151+0+0 (secure 0 0 0) 0x7fee8004a670 con 0x7fee90101740
2024-04-26T21:13:48.865 INFO:teuthology.orchestra.run.smithi084.stdout:/usr/bin/ceph: stderr
2024-04-26T21:13:47.110+0000 7fee96800700 1 -- 172.21.15.84:0/1581193730 --> [v2:172.21.15.84:3300/0,v1:172.21.15.84:6789/0] -- mon_command({"prefix": "get_command_descriptions"} v 0) v1 -- 0x7fee9004bed0 con 0x7fee90101740
2024-04-26T21:13:48.865 INFO:teuthology.orchestra.run.smithi084.stdout:/usr/bin/ceph: stderr
2024-04-26T21:13:47.110+0000 7fee8ea00700 1 --2- 172.21.15.84:0/1581193730 >> [v2:172.21.15.84:6800/3446199945,v1:172.21.15.84:6801/3446199945] conn(0x7fee740368a0 0x7fee74038d50 unknown :-1 s=BANNER_CONNECTING pgs=0 cs=0 l=1 rev1=0 crypto rx=0 tx=0 comp rx=0 tx=0)._handle_peer_banner_payload supported=3 required=0
2024-04-26T21:13:48.865 INFO:teuthology.orchestra.run.smithi084.stdout:/usr/bin/ceph: stderr
2024-04-26T21:13:47.111+0000 7fee8ea00700 1 --2- 172.21.15.84:0/1581193730 >> [v2:172.21.15.84:6800/3446199945,v1:172.21.15.84:6801/3446199945] conn(0x7fee740368a0 0x7fee74038d50 secure :-1 s=READY pgs=8 cs=0 l=1 rev1=1 crypto rx=0x7fee7c009990 tx=0x7fee7c006e40 comp rx=0 tx=0).ready entity=mgr.14162 client_cookie=0 server_cookie=0 in_seq=0 out_seq=0
2024-04-26T21:13:48.865 INFO:teuthology.orchestra.run.smithi084.stdout:/usr/bin/ceph: stderr
2024-04-26T21:13:47.116+0000 7fee87400700 1 -- 172.21.15.84:0/1581193730 <== mon.0 v2:172.21.15.84:3300/0 6 ==== mon_command_ack([{"prefix": "get_command_descriptions"}]=0 v0) v1 ==== 72+0+176702 (secure 0 0 0) 0x7fee8002b8e0 con 0x7fee90101740
2024-04-26T21:13:48.865 INFO:teuthology.orchestra.run.smithi084.stdout:/usr/bin/ceph: stderr
2024-04-26T21:13:47.356+0000 7fee96800700 1 -- 172.21.15.84:0/1581193730 --> [v2:172.21.15.84:6800/3446199945,v1:172.21.15.84:6801/3446199945] -- mgr_command(tid 0: {"prefix": "dashboard ac-user-create", "username": "admin", "rolename": "administrator", "force_password": true, "pwd_update_required": true, "target": ["mon-mgr", ""]}) v1 -- 0x7fee901034e0 con 0x7fee740368a0
2024-04-26T21:13:48.865 INFO:teuthology.orchestra.run.smithi084.stdout:/usr/bin/ceph: stderr
2024-04-26T21:13:47.613+0000 7fee87400700 1 -- 172.21.15.84:0/1581193730 <== mgr.14162 v2:172.21.15.84:6800/3446199945 1 ==== mgr_command_reply(tid 0: 0 ) v1 ==== 8+0+252 (secure 0 0 0) 0x7fee901034e0 con 0x7fee740368a0
2024-04-26T21:13:48.867 INFO:teuthology.orchestra.run.smithi084.stdout:/usr/bin/ceph: stderr
2024-04-26T21:13:47.617+0000 7fee96800700 1 -- 172.21.15.84:0/1581193730 >> [v2:172.21.15.84:6800/3446199945,v1:172.21.15.84:6801/3446199945] conn(0x7fee740368a0 msgr2=0x7fee74038d50 secure :-1 s=STATE_CONNECTION_ESTABLISHED l=1).mark_down
2024-04-26T21:13:48.867 INFO:teuthology.orchestra.run.smithi084.stdout:/usr/bin/ceph: stderr
2024-04-26T21:13:47.617+0000 7fee96800700 1 --2- 172.21.15.84:0/1581193730 >> [v2:172.21.15.84:6800/3446199945,v1:172.21.15.84:6801/3446199945] conn(0x7fee740368a0 0x7fee74038d50 secure :-1 s=READY pgs=8 cs=0 l=1 rev1=1 crypto rx=0x7fee7c009990 tx=0x7fee7c006e40 comp rx=0 tx=0).stop
2024-04-26T21:13:48.867 INFO:teuthology.orchestra.run.smithi084.stdout:/usr/bin/ceph: stderr
2024-04-26T21:13:47.617+0000 7fee96800700 1 -- 172.21.15.84:0/1581193730 >> [v2:172.21.15.84:3300/0,v1:172.21.15.84:6789/0] conn(0x7fee90101740 msgr2=0x7fee901079b0 secure :-1 s=STATE_CONNECTION_ESTABLISHED l=1).mark_down
2024-04-26T21:13:48.867 INFO:teuthology.orchestra.run.smithi084.stdout:/usr/bin/ceph: stderr
2024-04-26T21:13:47.617+0000 7fee96800700 1 --2- 172.21.15.84:0/1581193730 >> [v2:172.21.15.84:3300/0,v1:172.21.15.84:6789/0] conn(0x7fee90101740 0x7fee901079b0 secure :-1 s=READY pgs=83 cs=0 l=1 rev1=1 crypto rx=0x7fee80011680 tx=0x7fee80009250 comp rx=0 tx=0).stop
2024-04-26T21:13:48.867 INFO:teuthology.orchestra.run.smithi084.stdout:/usr/bin/ceph: stderr
2024-04-26T21:13:47.617+0000 7fee96800700 1 -- 172.21.15.84:0/1581193730 shutdown_connections
2024-04-26T21:13:48.867 INFO:teuthology.orchestra.run.smithi084.stdout:/usr/bin/ceph: stderr
2024-04-26T21:13:47.617+0000 7fee96800700 1 --2- 172.21.15.84:0/1581193730 >> [v2:172.21.15.84:6800/3446199945,v1:172.21.15.84:6801/3446199945] conn(0x7fee740368a0 0x7fee74038d50 unknown :-1 s=CLOSED pgs=8 cs=0 l=1 rev1=1 crypto rx=0 tx=0 comp rx=0 tx=0).stop
2024-04-26T21:13:48.867 INFO:teuthology.orchestra.run.smithi084.stdout:/usr/bin/ceph: stderr
2024-04-26T21:13:47.617+0000 7fee96800700 1 --2- 172.21.15.84:0/1581193730 >> [v2:172.21.15.84:3300/0,v1:172.21.15.84:6789/0] conn(0x7fee90101740 0x7fee901079b0 unknown :-1 s=CLOSED pgs=83 cs=0 l=1 rev1=1 crypto rx=0 tx=0 comp rx=0 tx=0).stop
2024-04-26T21:13:48.867 INFO:teuthology.orchestra.run.smithi084.stdout:/usr/bin/ceph: stderr
2024-04-26T21:13:47.617+0000 7fee96800700 1 -- 172.21.15.84:0/1581193730 >> 172.21.15.84:0/1581193730 conn(0x7fee900fcec0 msgr2=0x7fee900fdcc0 unknown :-1 s=STATE_NONE l=0).mark_down
2024-04-26T21:13:48.868 INFO:teuthology.orchestra.run.smithi084.stdout:/usr/bin/ceph: stderr
2024-04-26T21:13:47.617+0000 7fee96800700 1 -- 172.21.15.84:0/1581193730 shutdown_connections
2024-04-26T21:13:48.868 INFO:teuthology.orchestra.run.smithi084.stdout:/usr/bin/ceph: stderr
2024-04-26T21:13:47.618+0000 7fee96800700 1 -- 172.21.15.84:0/1581193730 wait complete.
2024-04-26T21:13:48.868 INFO:teuthology.orchestra.run.smithi084.stdout:Fetching dashboard port number...
2024-04-26T21:13:50.340 INFO:teuthology.orchestra.run.smithi084.stdout:/usr/bin/ceph: stdout 8443
2024-04-26T21:13:50.340 INFO:teuthology.orchestra.run.smithi084.stdout:/usr/bin/ceph: stderr
2024-04-26T21:13:49.454+0000 7f236da00700 1 Processor -- start
2024-04-26T21:13:50.341 INFO:teuthology.orchestra.run.smithi084.stdout:/usr/bin/ceph: stderr
2024-04-26T21:13:49.454+0000 7f236da00700 1 -- start start
2024-04-26T21:13:50.341 INFO:teuthology.orchestra.run.smithi084.stdout:/usr/bin/ceph: stderr
2024-04-26T21:13:49.454+0000 7f236da00700 1 --2- >> [v2:172.21.15.84:3300/0,v1:172.21.15.84:6789/0] conn(0x7f2368104bb0 0x7f2368104fc0 unknown :-1 s=NONE pgs=0 cs=0 l=0 rev1=0 crypto rx=0 tx=0 comp rx=0 tx=0).connect
2024-04-26T21:13:50.341 INFO:teuthology.orchestra.run.smithi084.stdout:/usr/bin/ceph: stderr
2024-04-26T21:13:49.454+0000 7f236da00700 1 -- --> [v2:172.21.15.84:3300/0,v1:172.21.15.84:6789/0] -- mon_getmap magic: 0 v1 -- 0x7f2368105590 con 0x7f2368104bb0
2024-04-26T21:13:50.341 INFO:teuthology.orchestra.run.smithi084.stdout:/usr/bin/ceph: stderr
2024-04-26T21:13:49.455+0000 7f2366a00700 1 --2- >> [v2:172.21.15.84:3300/0,v1:172.21.15.84:6789/0] conn(0x7f2368104bb0 0x7f2368104fc0 unknown :-1 s=BANNER_CONNECTING pgs=0 cs=0 l=0 rev1=0 crypto rx=0 tx=0 comp rx=0 tx=0)._handle_peer_banner_payload supported=3 required=0
2024-04-26T21:13:50.341 INFO:teuthology.orchestra.run.smithi084.stdout:/usr/bin/ceph: stderr
2024-04-26T21:13:49.455+0000 7f2366a00700 1 --2- >> [v2:172.21.15.84:3300/0,v1:172.21.15.84:6789/0] conn(0x7f2368104bb0 0x7f2368104fc0 unknown :-1 s=HELLO_CONNECTING pgs=0 cs=0 l=0 rev1=1 crypto rx=0 tx=0 comp rx=0 tx=0).handle_hello peer v2:172.21.15.84:3300/0 says I am v2:172.21.15.84:50644/0 (socket says 172.21.15.84:50644)
2024-04-26T21:13:50.341 INFO:teuthology.orchestra.run.smithi084.stdout:/usr/bin/ceph: stderr
2024-04-26T21:13:49.455+0000 7f2366a00700 1 -- 172.21.15.84:0/3062306349 learned_addr learned my addr 172.21.15.84:0/3062306349 (peer_addr_for_me v2:172.21.15.84:0/0)
2024-04-26T21:13:50.341 INFO:teuthology.orchestra.run.smithi084.stdout:/usr/bin/ceph: stderr
2024-04-26T21:13:49.455+0000 7f2366a00700 1 -- 172.21.15.84:0/3062306349 --> [v2:172.21.15.84:3300/0,v1:172.21.15.84:6789/0] -- mon_subscribe({config=0+,monmap=0+}) v3 -- 0x7f23681056d0 con 0x7f2368104bb0
2024-04-26T21:13:50.341 INFO:teuthology.orchestra.run.smithi084.stdout:/usr/bin/ceph: stderr
2024-04-26T21:13:49.456+0000 7f2366a00700 1 --2- 172.21.15.84:0/3062306349 >> [v2:172.21.15.84:3300/0,v1:172.21.15.84:6789/0] conn(0x7f2368104bb0 0x7f2368104fc0 secure :-1 s=READY pgs=84 cs=0 l=1 rev1=1 crypto rx=0x7f23580098e0 tx=0x7f2358009250 comp rx=0 tx=0).ready entity=mon.0 client_cookie=bf1cb0a86cb41b6e server_cookie=0 in_seq=0 out_seq=0
2024-04-26T21:13:50.341 INFO:teuthology.orchestra.run.smithi084.stdout:/usr/bin/ceph: stderr
2024-04-26T21:13:49.456+0000 7f2365600700 1 -- 172.21.15.84:0/3062306349 <== mon.0 v2:172.21.15.84:3300/0 1 ==== mon_map magic: 0 v1 ==== 229+0+0 (secure 0 0 0) 0x7f235800b860 con 0x7f2368104bb0
2024-04-26T21:13:50.341 INFO:teuthology.orchestra.run.smithi084.stdout:/usr/bin/ceph: stderr
2024-04-26T21:13:49.456+0000 7f2365600700 1 -- 172.21.15.84:0/3062306349 <== mon.0 v2:172.21.15.84:3300/0 2 ==== config(27 keys) v1 ==== 1109+0+0 (secure 0 0 0) 0x7f235800be90 con 0x7f2368104bb0
2024-04-26T21:13:50.342 INFO:teuthology.orchestra.run.smithi084.stdout:/usr/bin/ceph: stderr
2024-04-26T21:13:49.456+0000 7f2365600700 1 -- 172.21.15.84:0/3062306349 <== mon.0 v2:172.21.15.84:3300/0 3 ==== mon_map magic: 0 v1 ==== 229+0+0 (secure 0 0 0) 0x7f23580103c0 con 0x7f2368104bb0
2024-04-26T21:13:50.342 INFO:teuthology.orchestra.run.smithi084.stdout:/usr/bin/ceph: stderr
2024-04-26T21:13:49.457+0000 7f236da00700 1 -- 172.21.15.84:0/3062306349 >> [v2:172.21.15.84:3300/0,v1:172.21.15.84:6789/0] conn(0x7f2368104bb0 msgr2=0x7f2368104fc0 secure :-1 s=STATE_CONNECTION_ESTABLISHED l=1).mark_down
2024-04-26T21:13:50.342 INFO:teuthology.orchestra.run.smithi084.stdout:/usr/bin/ceph: stderr
2024-04-26T21:13:49.457+0000 7f236da00700 1 --2- 172.21.15.84:0/3062306349 >> [v2:172.21.15.84:3300/0,v1:172.21.15.84:6789/0] conn(0x7f2368104bb0 0x7f2368104fc0 secure :-1 s=READY pgs=84 cs=0 l=1 rev1=1 crypto rx=0x7f23580098e0 tx=0x7f2358009250 comp rx=0 tx=0).stop
2024-04-26T21:13:50.342 INFO:teuthology.orchestra.run.smithi084.stdout:/usr/bin/ceph: stderr
2024-04-26T21:13:49.457+0000 7f236da00700 1 -- 172.21.15.84:0/3062306349 shutdown_connections
2024-04-26T21:13:50.342 INFO:teuthology.orchestra.run.smithi084.stdout:/usr/bin/ceph: stderr
2024-04-26T21:13:49.457+0000 7f236da00700 1 --2- 172.21.15.84:0/3062306349 >> [v2:172.21.15.84:3300/0,v1:172.21.15.84:6789/0] conn(0x7f2368104bb0 0x7f2368104fc0 unknown :-1 s=CLOSED pgs=84 cs=0 l=1 rev1=1 crypto rx=0 tx=0 comp rx=0 tx=0).stop
2024-04-26T21:13:50.342 INFO:teuthology.orchestra.run.smithi084.stdout:/usr/bin/ceph: stderr
2024-04-26T21:13:49.457+0000 7f236da00700 1 -- 172.21.15.84:0/3062306349 >> 172.21.15.84:0/3062306349 conn(0x7f2368078300 msgr2=0x7f2368078700 unknown :-1 s=STATE_NONE l=0).mark_down
2024-04-26T21:13:50.342 INFO:teuthology.orchestra.run.smithi084.stdout:/usr/bin/ceph: stderr
2024-04-26T21:13:49.457+0000 7f236da00700 1 -- 172.21.15.84:0/3062306349 shutdown_connections
2024-04-26T21:13:50.342 INFO:teuthology.orchestra.run.smithi084.stdout:/usr/bin/ceph: stderr
2024-04-26T21:13:49.457+0000 7f236da00700 1 -- 172.21.15.84:0/3062306349 wait complete.
2024-04-26T21:13:50.342 INFO:teuthology.orchestra.run.smithi084.stdout:/usr/bin/ceph: stderr
2024-04-26T21:13:49.458+0000 7f236da00700 1 Processor -- start
2024-04-26T21:13:50.342 INFO:teuthology.orchestra.run.smithi084.stdout:/usr/bin/ceph: stderr
2024-04-26T21:13:49.458+0000 7f236da00700 1 -- start start
2024-04-26T21:13:50.342 INFO:teuthology.orchestra.run.smithi084.stdout:/usr/bin/ceph: stderr
2024-04-26T21:13:49.459+0000 7f236da00700 1 --2- >> [v2:172.21.15.84:3300/0,v1:172.21.15.84:6789/0] conn(0x7f2368104bb0 0x7f2368113820 unknown :-1 s=NONE pgs=0 cs=0 l=1 rev1=0 crypto rx=0 tx=0 comp rx=0 tx=0).connect
2024-04-26T21:13:50.342 INFO:teuthology.orchestra.run.smithi084.stdout:/usr/bin/ceph: stderr
2024-04-26T21:13:49.459+0000 7f236da00700 1 -- --> [v2:172.21.15.84:3300/0,v1:172.21.15.84:6789/0] -- mon_getmap magic: 0 v1 -- 0x7f2368113d60 con 0x7f2368104bb0
2024-04-26T21:13:50.343 INFO:teuthology.orchestra.run.smithi084.stdout:/usr/bin/ceph: stderr
2024-04-26T21:13:49.459+0000 7f2366a00700 1 --2- >> [v2:172.21.15.84:3300/0,v1:172.21.15.84:6789/0] conn(0x7f2368104bb0 0x7f2368113820 unknown :-1 s=BANNER_CONNECTING pgs=0 cs=0 l=1 rev1=0 crypto rx=0 tx=0 comp rx=0 tx=0)._handle_peer_banner_payload supported=3 required=0
2024-04-26T21:13:50.343 INFO:teuthology.orchestra.run.smithi084.stdout:/usr/bin/ceph: stderr
2024-04-26T21:13:49.459+0000 7f2366a00700 1 --2- >> [v2:172.21.15.84:3300/0,v1:172.21.15.84:6789/0] conn(0x7f2368104bb0 0x7f2368113820 unknown :-1 s=HELLO_CONNECTING pgs=0 cs=0 l=1 rev1=1 crypto rx=0 tx=0 comp rx=0 tx=0).handle_hello peer v2:172.21.15.84:3300/0 says I am v2:172.21.15.84:50658/0 (socket says 172.21.15.84:50658)
2024-04-26T21:13:50.343 INFO:teuthology.orchestra.run.smithi084.stdout:/usr/bin/ceph: stderr
2024-04-26T21:13:49.459+0000 7f2366a00700 1 -- 172.21.15.84:0/1017090303 learned_addr learned my addr 172.21.15.84:0/1017090303 (peer_addr_for_me v2:172.21.15.84:0/0)
2024-04-26T21:13:50.343 INFO:teuthology.orchestra.run.smithi084.stdout:/usr/bin/ceph: stderr
2024-04-26T21:13:49.459+0000 7f2366a00700 1 -- 172.21.15.84:0/1017090303 --> [v2:172.21.15.84:3300/0,v1:172.21.15.84:6789/0] -- mon_subscribe({config=0+,monmap=0+}) v3 -- 0x7f23580094f0 con 0x7f2368104bb0
2024-04-26T21:13:50.343 INFO:teuthology.orchestra.run.smithi084.stdout:/usr/bin/ceph: stderr
2024-04-26T21:13:49.459+0000 7f2366a00700 1 --2- 172.21.15.84:0/1017090303 >> [v2:172.21.15.84:3300/0,v1:172.21.15.84:6789/0] conn(0x7f2368104bb0 0x7f2368113820 secure :-1 s=READY pgs=85 cs=0 l=1 rev1=1 crypto rx=0x7f2358006d40 tx=0x7f2358009250 comp rx=0 tx=0).ready entity=mon.0 client_cookie=0 server_cookie=0 in_seq=0 out_seq=0
2024-04-26T21:13:50.343 INFO:teuthology.orchestra.run.smithi084.stdout:/usr/bin/ceph: stderr
2024-04-26T21:13:49.460+0000 7f235ea00700 1 -- 172.21.15.84:0/1017090303 <== mon.0 v2:172.21.15.84:3300/0 1 ==== mon_map magic: 0 v1 ==== 229+0+0 (secure 0 0 0) 0x7f2358010840 con 0x7f2368104bb0
2024-04-26T21:13:50.343 INFO:teuthology.orchestra.run.smithi084.stdout:/usr/bin/ceph: stderr
2024-04-26T21:13:49.460+0000 7f235ea00700 1 -- 172.21.15.84:0/1017090303 <== mon.0 v2:172.21.15.84:3300/0 2 ==== config(27 keys) v1 ==== 1109+0+0 (secure 0 0 0) 0x7f2358010e70 con 0x7f2368104bb0
2024-04-26T21:13:50.343 INFO:teuthology.orchestra.run.smithi084.stdout:/usr/bin/ceph: stderr
2024-04-26T21:13:49.460+0000 7f235ea00700 1 -- 172.21.15.84:0/1017090303 <== mon.0 v2:172.21.15.84:3300/0 3 ==== mon_map magic: 0 v1 ==== 229+0+0 (secure 0 0 0) 0x7f2358024ea0 con 0x7f2368104bb0
2024-04-26T21:13:50.343 INFO:teuthology.orchestra.run.smithi084.stdout:/usr/bin/ceph: stderr
2024-04-26T21:13:49.460+0000 7f236da00700 1 -- 172.21.15.84:0/1017090303 --> [v2:172.21.15.84:3300/0,v1:172.21.15.84:6789/0] -- mon_subscribe({mgrmap=0+}) v3 -- 0x7f2368113f60 con 0x7f2368104bb0
2024-04-26T21:13:50.343 INFO:teuthology.orchestra.run.smithi084.stdout:/usr/bin/ceph: stderr
2024-04-26T21:13:49.460+0000 7f236da00700 1 -- 172.21.15.84:0/1017090303 --> [v2:172.21.15.84:3300/0,v1:172.21.15.84:6789/0] -- mon_subscribe({osdmap=0}) v3 -- 0x7f2368114ad0 con 0x7f2368104bb0
2024-04-26T21:13:50.343 INFO:teuthology.orchestra.run.smithi084.stdout:/usr/bin/ceph: stderr
2024-04-26T21:13:49.461+0000 7f235ea00700 1 -- 172.21.15.84:0/1017090303 <== mon.0 v2:172.21.15.84:3300/0 4 ==== mgrmap(e 12) v1 ==== 43389+0+0 (secure 0 0 0) 0x7f2358024780 con 0x7f2368104bb0
2024-04-26T21:13:50.343 INFO:teuthology.orchestra.run.smithi084.stdout:/usr/bin/ceph: stderr
2024-04-26T21:13:49.461+0000 7f236da00700 1 -- 172.21.15.84:0/1017090303 --> [v2:172.21.15.84:3300/0,v1:172.21.15.84:6789/0] -- mon_command({"prefix": "get_command_descriptions"} v 0) v1 -- 0x7f236805f5c0 con 0x7f2368104bb0
2024-04-26T21:13:50.343 INFO:teuthology.orchestra.run.smithi084.stdout:/usr/bin/ceph: stderr
2024-04-26T21:13:49.461+0000 7f235ea00700 1 --2- 172.21.15.84:0/1017090303 >> [v2:172.21.15.84:6800/3446199945,v1:172.21.15.84:6801/3446199945] conn(0x7f234c0368a0 0x7f234c038d50 unknown :-1 s=NONE pgs=0 cs=0 l=1 rev1=0 crypto rx=0 tx=0 comp rx=0 tx=0).connect
2024-04-26T21:13:50.343 INFO:teuthology.orchestra.run.smithi084.stdout:/usr/bin/ceph: stderr
2024-04-26T21:13:49.461+0000 7f235ea00700 1 -- 172.21.15.84:0/1017090303 <== mon.0 v2:172.21.15.84:3300/0 5 ==== osd_map(3..3 src has 1..3) v4 ==== 1151+0+0 (secure 0 0 0) 0x7f235804a7a0 con 0x7f2368104bb0
2024-04-26T21:13:50.343 INFO:teuthology.orchestra.run.smithi084.stdout:/usr/bin/ceph: stderr
2024-04-26T21:13:49.462+0000 7f2366000700 1 --2- 172.21.15.84:0/1017090303 >> [v2:172.21.15.84:6800/3446199945,v1:172.21.15.84:6801/3446199945] conn(0x7f234c0368a0 0x7f234c038d50 unknown :-1 s=BANNER_CONNECTING pgs=0 cs=0 l=1 rev1=0 crypto rx=0 tx=0 comp rx=0 tx=0)._handle_peer_banner_payload supported=3 required=0
2024-04-26T21:13:50.344 INFO:teuthology.orchestra.run.smithi084.stdout:/usr/bin/ceph: stderr
2024-04-26T21:13:49.462+0000 7f2366000700 1 --2- 172.21.15.84:0/1017090303 >> [v2:172.21.15.84:6800/3446199945,v1:172.21.15.84:6801/3446199945] conn(0x7f234c0368a0 0x7f234c038d50 secure :-1 s=READY pgs=9 cs=0 l=1 rev1=1 crypto rx=0x7f2354009990 tx=0x7f2354006e40 comp rx=0 tx=0).ready entity=mgr.14162 client_cookie=0 server_cookie=0 in_seq=0 out_seq=0
2024-04-26T21:13:50.344 INFO:teuthology.orchestra.run.smithi084.stdout:/usr/bin/ceph: stderr
2024-04-26T21:13:49.467+0000 7f235ea00700 1 -- 172.21.15.84:0/1017090303 <== mon.0 v2:172.21.15.84:3300/0 6 ==== mon_command_ack([{"prefix": "get_command_descriptions"}]=0 v0) v1 ==== 72+0+176702 (secure 0 0 0) 0x7f235802c930 con 0x7f2368104bb0
2024-04-26T21:13:50.344 INFO:teuthology.orchestra.run.smithi084.stdout:/usr/bin/ceph: stderr
2024-04-26T21:13:49.617+0000 7f235ea00700 1 -- 172.21.15.84:0/1017090303 <== mon.0 v2:172.21.15.84:3300/0 7 ==== mgrmap(e 13) v1 ==== 43432+0+0 (secure 0 0 0) 0x7f235802e440 con 0x7f2368104bb0
2024-04-26T21:13:50.344 INFO:teuthology.orchestra.run.smithi084.stdout:/usr/bin/ceph: stderr
2024-04-26T21:13:49.679+0000 7f236da00700 1 -- 172.21.15.84:0/1017090303 --> [v2:172.21.15.84:3300/0,v1:172.21.15.84:6789/0] -- mon_command({"prefix": "config get", "who": "mgr", "key": "mgr/dashboard/ssl_server_port"} v 0) v1 -- 0x7f236804bed0 con 0x7f2368104bb0
2024-04-26T21:13:50.344 INFO:teuthology.orchestra.run.smithi084.stdout:/usr/bin/ceph: stderr
2024-04-26T21:13:49.680+0000 7f235ea00700 1 -- 172.21.15.84:0/1017090303 <== mon.0 v2:172.21.15.84:3300/0 8 ==== mon_command_ack([{"prefix": "config get", "who": "mgr", "key": "mgr/dashboard/ssl_server_port"}]=0 v8) v1 ==== 112+0+5 (secure 0 0 0) 0x7f23580244f0 con 0x7f2368104bb0
2024-04-26T21:13:50.344 INFO:teuthology.orchestra.run.smithi084.stdout:/usr/bin/ceph: stderr
2024-04-26T21:13:49.682+0000 7f236da00700 1 -- 172.21.15.84:0/1017090303 >> [v2:172.21.15.84:6800/3446199945,v1:172.21.15.84:6801/3446199945] conn(0x7f234c0368a0 msgr2=0x7f234c038d50 secure :-1 s=STATE_CONNECTION_ESTABLISHED l=1).mark_down
2024-04-26T21:13:50.344 INFO:teuthology.orchestra.run.smithi084.stdout:/usr/bin/ceph: stderr
2024-04-26T21:13:49.682+0000 7f236da00700 1 --2- 172.21.15.84:0/1017090303 >> [v2:172.21.15.84:6800/3446199945,v1:172.21.15.84:6801/3446199945] conn(0x7f234c0368a0 0x7f234c038d50 secure :-1 s=READY pgs=9 cs=0 l=1 rev1=1 crypto rx=0x7f2354009990 tx=0x7f2354006e40 comp rx=0 tx=0).stop
2024-04-26T21:13:50.344 INFO:teuthology.orchestra.run.smithi084.stdout:/usr/bin/ceph: stderr
2024-04-26T21:13:49.682+0000 7f236da00700 1 -- 172.21.15.84:0/1017090303 >> [v2:172.21.15.84:3300/0,v1:172.21.15.84:6789/0] conn(0x7f2368104bb0 msgr2=0x7f2368113820 secure :-1 s=STATE_CONNECTION_ESTABLISHED l=1).mark_down
2024-04-26T21:13:50.344 INFO:teuthology.orchestra.run.smithi084.stdout:/usr/bin/ceph: stderr
2024-04-26T21:13:49.682+0000 7f236da00700 1 --2- 172.21.15.84:0/1017090303 >> [v2:172.21.15.84:3300/0,v1:172.21.15.84:6789/0] conn(0x7f2368104bb0 0x7f2368113820 secure :-1 s=READY pgs=85 cs=0 l=1 rev1=1 crypto rx=0x7f2358006d40 tx=0x7f2358009250 comp rx=0 tx=0).stop
2024-04-26T21:13:50.344 INFO:teuthology.orchestra.run.smithi084.stdout:/usr/bin/ceph: stderr
2024-04-26T21:13:49.682+0000 7f236da00700 1 -- 172.21.15.84:0/1017090303 shutdown_connections
2024-04-26T21:13:50.344 INFO:teuthology.orchestra.run.smithi084.stdout:/usr/bin/ceph: stderr
2024-04-26T21:13:49.682+0000 7f236da00700 1 --2- 172.21.15.84:0/1017090303 >> [v2:172.21.15.84:6800/3446199945,v1:172.21.15.84:6801/3446199945] conn(0x7f234c0368a0 0x7f234c038d50 unknown :-1 s=CLOSED pgs=9 cs=0 l=1 rev1=1 crypto rx=0 tx=0 comp rx=0 tx=0).stop
2024-04-26T21:13:50.344 INFO:teuthology.orchestra.run.smithi084.stdout:/usr/bin/ceph: stderr
2024-04-26T21:13:49.682+0000 7f236da00700 1 --2- 172.21.15.84:0/1017090303 >> [v2:172.21.15.84:3300/0,v1:172.21.15.84:6789/0] conn(0x7f2368104bb0 0x7f2368113820 unknown :-1 s=CLOSED pgs=85 cs=0 l=1 rev1=1 crypto rx=0 tx=0 comp rx=0 tx=0).stop
2024-04-26T21:13:50.345 INFO:teuthology.orchestra.run.smithi084.stdout:/usr/bin/ceph: stderr
2024-04-26T21:13:49.682+0000 7f236da00700 1 -- 172.21.15.84:0/1017090303 >> 172.21.15.84:0/1017090303 conn(0x7f2368078300 msgr2=0x7f23681024d0 unknown :-1 s=STATE_NONE l=0).mark_down
2024-04-26T21:13:50.345 INFO:teuthology.orchestra.run.smithi084.stdout:/usr/bin/ceph: stderr
2024-04-26T21:13:49.683+0000 7f236da00700 1 -- 172.21.15.84:0/1017090303 shutdown_connections
2024-04-26T21:13:50.345 INFO:teuthology.orchestra.run.smithi084.stdout:/usr/bin/ceph: stderr
2024-04-26T21:13:49.683+0000 7f236da00700 1 -- 172.21.15.84:0/1017090303 wait complete.
2024-04-26T21:13:50.373 INFO:teuthology.orchestra.run.smithi084.stdout:Non-zero exit code 1 from systemctl is-enabled firewalld.service
2024-04-26T21:13:50.374 INFO:teuthology.orchestra.run.smithi084.stdout:systemctl: stdout disabled
2024-04-26T21:13:50.400 INFO:teuthology.orchestra.run.smithi084.stdout:Non-zero exit code 3 from systemctl is-active firewalld.service
2024-04-26T21:13:50.400 INFO:teuthology.orchestra.run.smithi084.stdout:systemctl: stdout inactive
2024-04-26T21:13:50.400 INFO:teuthology.orchestra.run.smithi084.stdout:firewalld.service is not enabled
2024-04-26T21:13:50.400 INFO:teuthology.orchestra.run.smithi084.stdout:Not possible to open ports <[8443]>. firewalld.service is not available
2024-04-26T21:13:50.408 INFO:teuthology.orchestra.run.smithi084.stdout:Ceph Dashboard is now available at:
2024-04-26T21:13:50.408 INFO:teuthology.orchestra.run.smithi084.stdout:
2024-04-26T21:13:50.408 INFO:teuthology.orchestra.run.smithi084.stdout: URL: https://smithi084.front.sepia.ceph.com:8443/
2024-04-26T21:13:50.409 INFO:teuthology.orchestra.run.smithi084.stdout: User: admin
2024-04-26T21:13:50.409 INFO:teuthology.orchestra.run.smithi084.stdout: Password: vcdyn8dqxj
2024-04-26T21:13:50.409 INFO:teuthology.orchestra.run.smithi084.stdout:
2024-04-26T21:13:50.409 INFO:teuthology.orchestra.run.smithi084.stdout:Saving cluster configuration to /var/lib/ceph/8bb44d26-0411-11ef-bc93-c7b262605968/config directory
2024-04-26T21:13:50.412 INFO:teuthology.orchestra.run.smithi084.stdout:Enabling autotune for osd_memory_target
2024-04-26T21:13:50.852 INFO:journalctl@ceph.mon.smithi084.smithi084.stdout:Apr 26 21:13:50 smithi084 ceph-mon[25539]: mgrmap e13: smithi084.gyasul(active, since 6s)
2024-04-26T21:13:50.852 INFO:journalctl@ceph.mon.smithi084.smithi084.stdout:Apr 26 21:13:50 smithi084 ceph-mon[25539]: from='client.? 172.21.15.84:0/1017090303' entity='client.admin' cmd=[{"prefix": "config get", "who": "mgr", "key": "mgr/dashboard/ssl_server_port"}]: dispatch
2024-04-26T21:13:51.876 INFO:teuthology.orchestra.run.smithi084.stdout:/usr/bin/ceph: stderr
2024-04-26T21:13:51.012+0000 7f1f1b800700 1 Processor -- start
2024-04-26T21:13:51.876 INFO:teuthology.orchestra.run.smithi084.stdout:/usr/bin/ceph: stderr
2024-04-26T21:13:51.012+0000 7f1f1b800700 1 -- start start
2024-04-26T21:13:51.876 INFO:teuthology.orchestra.run.smithi084.stdout:/usr/bin/ceph: stderr
