2024-04-26T21:08:46.027+0000 7fa969588700 1 -- 172.21.15.129:0/4005451684 >> 172.21.15.129:0/4005451684 conn(0x7fa9641042e0 msgr2=0x7fa964106700 unknown :-1 s=STATE_NONE l=0).mark_down
2024-04-26T21:08:47.284 INFO:teuthology.orchestra.run.smithi129.stdout:/usr/bin/ceph: stderr
2024-04-26T21:08:46.027+0000 7fa969588700 1 -- 172.21.15.129:0/4005451684 shutdown_connections
2024-04-26T21:08:47.284 INFO:teuthology.orchestra.run.smithi129.stdout:/usr/bin/ceph: stderr
2024-04-26T21:08:46.027+0000 7fa969588700 1 -- 172.21.15.129:0/4005451684 wait complete.
2024-04-26T21:08:47.284 INFO:teuthology.orchestra.run.smithi129.stdout:/usr/bin/ceph: stderr
2024-04-26T21:08:46.028+0000 7fa969588700 1 Processor -- start
2024-04-26T21:08:47.284 INFO:teuthology.orchestra.run.smithi129.stdout:/usr/bin/ceph: stderr
2024-04-26T21:08:46.028+0000 7fa969588700 1 -- start start
2024-04-26T21:08:47.284 INFO:teuthology.orchestra.run.smithi129.stdout:/usr/bin/ceph: stderr
2024-04-26T21:08:46.028+0000 7fa969588700 1 --2- >> [v2:172.21.15.129:3300/0,v1:172.21.15.129:6789/0] conn(0x7fa964108d20 0x7fa96419cbb0 unknown :-1 s=NONE pgs=0 cs=0 l=1 rev1=0 crypto rx=0 tx=0 comp rx=0 tx=0).connect
2024-04-26T21:08:47.284 INFO:teuthology.orchestra.run.smithi129.stdout:/usr/bin/ceph: stderr
2024-04-26T21:08:46.028+0000 7fa969588700 1 -- --> [v2:172.21.15.129:3300/0,v1:172.21.15.129:6789/0] -- mon_getmap magic: 0 -- 0x7fa96410d230 con 0x7fa964108d20
2024-04-26T21:08:47.284 INFO:teuthology.orchestra.run.smithi129.stdout:/usr/bin/ceph: stderr
2024-04-26T21:08:46.028+0000 7fa962ffd700 1 --2- >> [v2:172.21.15.129:3300/0,v1:172.21.15.129:6789/0] conn(0x7fa964108d20 0x7fa96419cbb0 unknown :-1 s=BANNER_CONNECTING pgs=0 cs=0 l=1 rev1=0 crypto rx=0 tx=0 comp rx=0 tx=0)._handle_peer_banner_payload supported=3 required=0
2024-04-26T21:08:47.284 INFO:teuthology.orchestra.run.smithi129.stdout:/usr/bin/ceph: stderr
2024-04-26T21:08:46.028+0000 7fa962ffd700 1 --2- >> [v2:172.21.15.129:3300/0,v1:172.21.15.129:6789/0] conn(0x7fa964108d20 0x7fa96419cbb0 unknown :-1 s=HELLO_CONNECTING pgs=0 cs=0 l=1 rev1=1 crypto rx=0 tx=0 comp rx=0 tx=0).handle_hello peer v2:172.21.15.129:3300/0 says I am v2:172.21.15.129:45176/0 (socket says 172.21.15.129:45176)
2024-04-26T21:08:47.285 INFO:teuthology.orchestra.run.smithi129.stdout:/usr/bin/ceph: stderr
2024-04-26T21:08:46.028+0000 7fa962ffd700 1 -- 172.21.15.129:0/1914220933 learned_addr learned my addr 172.21.15.129:0/1914220933 (peer_addr_for_me v2:172.21.15.129:0/0)
2024-04-26T21:08:47.285 INFO:teuthology.orchestra.run.smithi129.stdout:/usr/bin/ceph: stderr
2024-04-26T21:08:46.029+0000 7fa962ffd700 1 -- 172.21.15.129:0/1914220933 --> [v2:172.21.15.129:3300/0,v1:172.21.15.129:6789/0] -- mon_subscribe({config=0+,monmap=0+}) -- 0x7fa96419d0f0 con 0x7fa964108d20
2024-04-26T21:08:47.285 INFO:teuthology.orchestra.run.smithi129.stdout:/usr/bin/ceph: stderr
2024-04-26T21:08:46.029+0000 7fa962ffd700 1 --2- 172.21.15.129:0/1914220933 >> [v2:172.21.15.129:3300/0,v1:172.21.15.129:6789/0] conn(0x7fa964108d20 0x7fa96419cbb0 secure :-1 s=READY pgs=54 cs=0 l=1 rev1=1 crypto rx=0x7fa9540116e0 tx=0x7fa954011aa0 comp rx=0 tx=0).ready entity=mon.0 client_cookie=0 server_cookie=0 in_seq=0 out_seq=0
2024-04-26T21:08:47.285 INFO:teuthology.orchestra.run.smithi129.stdout:/usr/bin/ceph: stderr
2024-04-26T21:08:46.029+0000 7fa94bfff700 1 -- 172.21.15.129:0/1914220933 <== mon.0 v2:172.21.15.129:3300/0 1 ==== mon_map magic: 0 ==== 205+0+0 (secure 0 0 0) 0x7fa9540039e0 con 0x7fa964108d20
2024-04-26T21:08:47.285 INFO:teuthology.orchestra.run.smithi129.stdout:/usr/bin/ceph: stderr
2024-04-26T21:08:46.029+0000 7fa94bfff700 1 -- 172.21.15.129:0/1914220933 <== mon.0 v2:172.21.15.129:3300/0 2 ==== config(26 keys) ==== 1101+0+0 (secure 0 0 0) 0x7fa95401b8f0 con 0x7fa964108d20
2024-04-26T21:08:47.285 INFO:teuthology.orchestra.run.smithi129.stdout:/usr/bin/ceph: stderr
2024-04-26T21:08:46.029+0000 7fa94bfff700 1 -- 172.21.15.129:0/1914220933 <== mon.0 v2:172.21.15.129:3300/0 3 ==== mon_map magic: 0 ==== 205+0+0 (secure 0 0 0) 0x7fa954023760 con 0x7fa964108d20
2024-04-26T21:08:47.285 INFO:teuthology.orchestra.run.smithi129.stdout:/usr/bin/ceph: stderr
2024-04-26T21:08:46.029+0000 7fa969588700 1 -- 172.21.15.129:0/1914220933 --> [v2:172.21.15.129:3300/0,v1:172.21.15.129:6789/0] -- mon_subscribe({mgrmap=0+}) -- 0x7fa96419d380 con 0x7fa964108d20
2024-04-26T21:08:47.285 INFO:teuthology.orchestra.run.smithi129.stdout:/usr/bin/ceph: stderr
2024-04-26T21:08:46.029+0000 7fa969588700 1 -- 172.21.15.129:0/1914220933 --> [v2:172.21.15.129:3300/0,v1:172.21.15.129:6789/0] -- mon_subscribe({osdmap=0}) -- 0x7fa9641a0070 con 0x7fa964108d20
2024-04-26T21:08:47.285 INFO:teuthology.orchestra.run.smithi129.stdout:/usr/bin/ceph: stderr
2024-04-26T21:08:46.030+0000 7fa94bfff700 1 -- 172.21.15.129:0/1914220933 <== mon.0 v2:172.21.15.129:3300/0 4 ==== mgrmap(e 8) ==== 46558+0+0 (secure 0 0 0) 0x7fa954023920 con 0x7fa964108d20
2024-04-26T21:08:47.285 INFO:teuthology.orchestra.run.smithi129.stdout:/usr/bin/ceph: stderr
2024-04-26T21:08:46.030+0000 7fa94bfff700 1 --2- 172.21.15.129:0/1914220933 >> [v2:172.21.15.129:6800/948723446,v1:172.21.15.129:6801/948723446] conn(0x7fa94c0395b0 0x7fa94c03ba70 unknown :-1 s=NONE pgs=0 cs=0 l=1 rev1=0 crypto rx=0 tx=0 comp rx=0 tx=0).connect
2024-04-26T21:08:47.285 INFO:teuthology.orchestra.run.smithi129.stdout:/usr/bin/ceph: stderr
2024-04-26T21:08:46.030+0000 7fa94bfff700 1 -- 172.21.15.129:0/1914220933 <== mon.0 v2:172.21.15.129:3300/0 5 ==== osd_map(2..2 src has 1..2) ==== 940+0+0 (secure 0 0 0) 0x7fa95404edc0 con 0x7fa964108d20
2024-04-26T21:08:47.285 INFO:teuthology.orchestra.run.smithi129.stdout:/usr/bin/ceph: stderr
2024-04-26T21:08:46.030+0000 7fa9627fc700 1 --2- 172.21.15.129:0/1914220933 >> [v2:172.21.15.129:6800/948723446,v1:172.21.15.129:6801/948723446] conn(0x7fa94c0395b0 0x7fa94c03ba70 unknown :-1 s=BANNER_CONNECTING pgs=0 cs=0 l=1 rev1=0 crypto rx=0 tx=0 comp rx=0 tx=0)._handle_peer_banner_payload supported=3 required=0
2024-04-26T21:08:47.286 INFO:teuthology.orchestra.run.smithi129.stdout:/usr/bin/ceph: stderr
2024-04-26T21:08:46.030+0000 7fa969588700 1 -- 172.21.15.129:0/1914220933 --> [v2:172.21.15.129:3300/0,v1:172.21.15.129:6789/0] -- mon_command({"prefix": "get_command_descriptions"} v 0) -- 0x7fa964064a80 con 0x7fa964108d20
2024-04-26T21:08:47.286 INFO:teuthology.orchestra.run.smithi129.stdout:/usr/bin/ceph: stderr
2024-04-26T21:08:46.030+0000 7fa9627fc700 1 --2- 172.21.15.129:0/1914220933 >> [v2:172.21.15.129:6800/948723446,v1:172.21.15.129:6801/948723446] conn(0x7fa94c0395b0 0x7fa94c03ba70 secure :-1 s=READY pgs=15 cs=0 l=1 rev1=1 crypto rx=0x7fa958006fd0 tx=0x7fa958006e40 comp rx=0 tx=0).ready entity=mgr.14120 client_cookie=0 server_cookie=0 in_seq=0 out_seq=0
2024-04-26T21:08:47.286 INFO:teuthology.orchestra.run.smithi129.stdout:/usr/bin/ceph: stderr
2024-04-26T21:08:46.036+0000 7fa94bfff700 1 -- 172.21.15.129:0/1914220933 <== mon.0 v2:172.21.15.129:3300/0 6 ==== mon_command_ack([{"prefix": "get_command_descriptions"}]=0 v0) ==== 72+0+188494 (secure 0 0 0) 0x7fa95401f030 con 0x7fa964108d20
2024-04-26T21:08:47.286 INFO:teuthology.orchestra.run.smithi129.stdout:/usr/bin/ceph: stderr
2024-04-26T21:08:46.237+0000 7fa969588700 1 -- 172.21.15.129:0/1914220933 --> [v2:172.21.15.129:3300/0,v1:172.21.15.129:6789/0] -- mon_command([{prefix=config set, name=mgr/dashboard/ssl_server_port}] v 0) -- 0x7fa9641a0240 con 0x7fa964108d20
2024-04-26T21:08:47.286 INFO:teuthology.orchestra.run.smithi129.stdout:/usr/bin/ceph: stderr
2024-04-26T21:08:46.240+0000 7fa94bfff700 1 -- 172.21.15.129:0/1914220933 <== mon.0 v2:172.21.15.129:3300/0 7 ==== mon_command_ack([{prefix=config set, name=mgr/dashboard/ssl_server_port}]=0 v8)=0 v8) ==== 130+0+0 (secure 0 0 0) 0x7fa954018e30 con 0x7fa964108d20
2024-04-26T21:08:47.286 INFO:teuthology.orchestra.run.smithi129.stdout:/usr/bin/ceph: stderr
2024-04-26T21:08:46.244+0000 7fa969588700 1 -- 172.21.15.129:0/1914220933 >> [v2:172.21.15.129:6800/948723446,v1:172.21.15.129:6801/948723446] conn(0x7fa94c0395b0 msgr2=0x7fa94c03ba70 secure :-1 s=STATE_CONNECTION_ESTABLISHED l=1).mark_down
2024-04-26T21:08:47.286 INFO:teuthology.orchestra.run.smithi129.stdout:/usr/bin/ceph: stderr
2024-04-26T21:08:46.244+0000 7fa969588700 1 --2- 172.21.15.129:0/1914220933 >> [v2:172.21.15.129:6800/948723446,v1:172.21.15.129:6801/948723446] conn(0x7fa94c0395b0 0x7fa94c03ba70 secure :-1 s=READY pgs=15 cs=0 l=1 rev1=1 crypto rx=0x7fa958006fd0 tx=0x7fa958006e40 comp rx=0 tx=0).stop
2024-04-26T21:08:47.286 INFO:teuthology.orchestra.run.smithi129.stdout:/usr/bin/ceph: stderr
2024-04-26T21:08:46.244+0000 7fa969588700 1 -- 172.21.15.129:0/1914220933 >> [v2:172.21.15.129:3300/0,v1:172.21.15.129:6789/0] conn(0x7fa964108d20 msgr2=0x7fa96419cbb0 secure :-1 s=STATE_CONNECTION_ESTABLISHED l=1).mark_down
2024-04-26T21:08:47.287 INFO:teuthology.orchestra.run.smithi129.stdout:/usr/bin/ceph: stderr
2024-04-26T21:08:46.244+0000 7fa969588700 1 --2- 172.21.15.129:0/1914220933 >> [v2:172.21.15.129:3300/0,v1:172.21.15.129:6789/0] conn(0x7fa964108d20 0x7fa96419cbb0 secure :-1 s=READY pgs=54 cs=0 l=1 rev1=1 crypto rx=0x7fa9540116e0 tx=0x7fa954011aa0 comp rx=0 tx=0).stop
2024-04-26T21:08:47.287 INFO:teuthology.orchestra.run.smithi129.stdout:/usr/bin/ceph: stderr
2024-04-26T21:08:46.244+0000 7fa969588700 1 -- 172.21.15.129:0/1914220933 shutdown_connections
2024-04-26T21:08:47.287 INFO:teuthology.orchestra.run.smithi129.stdout:/usr/bin/ceph: stderr
2024-04-26T21:08:46.244+0000 7fa969588700 1 --2- 172.21.15.129:0/1914220933 >> [v2:172.21.15.129:6800/948723446,v1:172.21.15.129:6801/948723446] conn(0x7fa94c0395b0 0x7fa94c03ba70 unknown :-1 s=CLOSED pgs=15 cs=0 l=1 rev1=1 crypto rx=0 tx=0 comp rx=0 tx=0).stop
2024-04-26T21:08:47.287 INFO:teuthology.orchestra.run.smithi129.stdout:/usr/bin/ceph: stderr
2024-04-26T21:08:46.244+0000 7fa969588700 1 --2- 172.21.15.129:0/1914220933 >> [v2:172.21.15.129:3300/0,v1:172.21.15.129:6789/0] conn(0x7fa964108d20 0x7fa96419cbb0 unknown :-1 s=CLOSED pgs=54 cs=0 l=1 rev1=1 crypto rx=0 tx=0 comp rx=0 tx=0).stop
2024-04-26T21:08:47.287 INFO:teuthology.orchestra.run.smithi129.stdout:/usr/bin/ceph: stderr
2024-04-26T21:08:46.244+0000 7fa969588700 1 -- 172.21.15.129:0/1914220933 >> 172.21.15.129:0/1914220933 conn(0x7fa9641042e0 msgr2=0x7fa964104dd0 unknown :-1 s=STATE_NONE l=0).mark_down
2024-04-26T21:08:47.287 INFO:teuthology.orchestra.run.smithi129.stdout:/usr/bin/ceph: stderr
2024-04-26T21:08:46.245+0000 7fa969588700 1 -- 172.21.15.129:0/1914220933 shutdown_connections
2024-04-26T21:08:47.287 INFO:teuthology.orchestra.run.smithi129.stdout:/usr/bin/ceph: stderr
2024-04-26T21:08:46.245+0000 7fa969588700 1 -- 172.21.15.129:0/1914220933 wait complete.
2024-04-26T21:08:47.287 INFO:teuthology.orchestra.run.smithi129.stdout:Enabling the dashboard module...
2024-04-26T21:08:48.261 INFO:journalctl@ceph.mon.a.smithi129.stdout:Apr 26 21:08:48 smithi129 ceph-mon[29237]: from='client.? 172.21.15.129:0/1678575901' entity='client.admin' cmd=[{"prefix": "mgr module enable", "module": "dashboard"}]: dispatch
2024-04-26T21:08:48.262 INFO:journalctl@ceph.mon.a.smithi129.stdout:Apr 26 21:08:48 smithi129 ceph-mon[29237]: from='mgr.14120 172.21.15.129:0/2131505744' entity='mgr.x'
2024-04-26T21:08:48.631 INFO:journalctl@ceph.mgr.x.smithi129.stdout:Apr 26 21:08:48 smithi129 ceph-eccca2b2-0410-11ef-bc93-c7b262605968-mgr-x[29464]: ignoring --setuser ceph since I am not root
2024-04-26T21:08:48.631 INFO:journalctl@ceph.mgr.x.smithi129.stdout:Apr 26 21:08:48 smithi129 ceph-eccca2b2-0410-11ef-bc93-c7b262605968-mgr-x[29464]: ignoring --setgroup ceph since I am not root
2024-04-26T21:08:48.631 INFO:journalctl@ceph.mgr.x.smithi129.stdout:Apr 26 21:08:48 smithi129 ceph-eccca2b2-0410-11ef-bc93-c7b262605968-mgr-x[29464]:
2024-04-26T21:08:48.440+0000 7f2812758200 -1 mgr[py] Module balancer has missing NOTIFY_TYPES member
2024-04-26T21:08:48.965 INFO:journalctl@ceph.mgr.x.smithi129.stdout:Apr 26 21:08:48 smithi129 ceph-eccca2b2-0410-11ef-bc93-c7b262605968-mgr-x[29464]:
2024-04-26T21:08:48.637+0000 7f2812758200 -1 mgr[py] Module orchestrator has missing NOTIFY_TYPES member
2024-04-26T21:08:48.966 INFO:journalctl@ceph.mgr.x.smithi129.stdout:Apr 26 21:08:48 smithi129 ceph-eccca2b2-0410-11ef-bc93-c7b262605968-mgr-x[29464]:
2024-04-26T21:08:48.740+0000 7f2812758200 -1 mgr[py] Module snap_schedule has missing NOTIFY_TYPES member
2024-04-26T21:08:48.979 INFO:teuthology.orchestra.run.smithi129.stdout:/usr/bin/ceph: stderr
2024-04-26T21:08:47.723+0000 7f5ea4fde700 1 Processor -- start
2024-04-26T21:08:48.979 INFO:teuthology.orchestra.run.smithi129.stdout:/usr/bin/ceph: stderr
2024-04-26T21:08:47.723+0000 7f5ea4fde700 1 -- start start
2024-04-26T21:08:48.980 INFO:teuthology.orchestra.run.smithi129.stdout:/usr/bin/ceph: stderr
2024-04-26T21:08:47.724+0000 7f5ea4fde700 1 --2- >> [v2:172.21.15.129:3300/0,v1:172.21.15.129:6789/0] conn(0x7f5ea0108cc0 0x7f5ea01090e0 unknown :-1 s=NONE pgs=0 cs=0 l=0 rev1=0 crypto rx=0 tx=0 comp rx=0 tx=0).connect
2024-04-26T21:08:48.980 INFO:teuthology.orchestra.run.smithi129.stdout:/usr/bin/ceph: stderr
2024-04-26T21:08:47.724+0000 7f5ea4fde700 1 -- --> [v2:172.21.15.129:3300/0,v1:172.21.15.129:6789/0] -- mon_getmap magic: 0 -- 0x7f5ea01096b0 con 0x7f5ea0108cc0
2024-04-26T21:08:48.980 INFO:teuthology.orchestra.run.smithi129.stdout:/usr/bin/ceph: stderr
2024-04-26T21:08:47.724+0000 7f5e9e59c700 1 --2- >> [v2:172.21.15.129:3300/0,v1:172.21.15.129:6789/0] conn(0x7f5ea0108cc0 0x7f5ea01090e0 unknown :-1 s=BANNER_CONNECTING pgs=0 cs=0 l=0 rev1=0 crypto rx=0 tx=0 comp rx=0 tx=0)._handle_peer_banner_payload supported=3 required=0
2024-04-26T21:08:48.980 INFO:teuthology.orchestra.run.smithi129.stdout:/usr/bin/ceph: stderr
2024-04-26T21:08:47.724+0000 7f5e9e59c700 1 --2- >> [v2:172.21.15.129:3300/0,v1:172.21.15.129:6789/0] conn(0x7f5ea0108cc0 0x7f5ea01090e0 unknown :-1 s=HELLO_CONNECTING pgs=0 cs=0 l=0 rev1=1 crypto rx=0 tx=0 comp rx=0 tx=0).handle_hello peer v2:172.21.15.129:3300/0 says I am v2:172.21.15.129:45178/0 (socket says 172.21.15.129:45178)
2024-04-26T21:08:48.980 INFO:teuthology.orchestra.run.smithi129.stdout:/usr/bin/ceph: stderr
2024-04-26T21:08:47.724+0000 7f5e9e59c700 1 -- 172.21.15.129:0/2464786437 learned_addr learned my addr 172.21.15.129:0/2464786437 (peer_addr_for_me v2:172.21.15.129:0/0)
2024-04-26T21:08:48.980 INFO:teuthology.orchestra.run.smithi129.stdout:/usr/bin/ceph: stderr
2024-04-26T21:08:47.724+0000 7f5e9e59c700 1 -- 172.21.15.129:0/2464786437 --> [v2:172.21.15.129:3300/0,v1:172.21.15.129:6789/0] -- mon_subscribe({config=0+,monmap=0+}) -- 0x7f5ea0109e70 con 0x7f5ea0108cc0
2024-04-26T21:08:48.980 INFO:teuthology.orchestra.run.smithi129.stdout:/usr/bin/ceph: stderr
2024-04-26T21:08:47.724+0000 7f5e9e59c700 1 --2- 172.21.15.129:0/2464786437 >> [v2:172.21.15.129:3300/0,v1:172.21.15.129:6789/0] conn(0x7f5ea0108cc0 0x7f5ea01090e0 secure :-1 s=READY pgs=55 cs=0 l=1 rev1=1 crypto rx=0x7f5e98009e80 tx=0x7f5e9800b330 comp rx=0 tx=0).ready entity=mon.0 client_cookie=15299af76853c967 server_cookie=0 in_seq=0 out_seq=0
2024-04-26T21:08:48.981 INFO:teuthology.orchestra.run.smithi129.stdout:/usr/bin/ceph: stderr
2024-04-26T21:08:47.725+0000 7f5e9d59a700 1 -- 172.21.15.129:0/2464786437 <== mon.0 v2:172.21.15.129:3300/0 1 ==== mon_map magic: 0 ==== 205+0+0 (secure 0 0 0) 0x7f5e98017070 con 0x7f5ea0108cc0
2024-04-26T21:08:48.981 INFO:teuthology.orchestra.run.smithi129.stdout:/usr/bin/ceph: stderr
2024-04-26T21:08:47.725+0000 7f5e9d59a700 1 -- 172.21.15.129:0/2464786437 <== mon.0 v2:172.21.15.129:3300/0 2 ==== config(26 keys) ==== 1101+0+0 (secure 0 0 0) 0x7f5e9800b8c0 con 0x7f5ea0108cc0
2024-04-26T21:08:48.981 INFO:teuthology.orchestra.run.smithi129.stdout:/usr/bin/ceph: stderr
2024-04-26T21:08:47.725+0000 7f5e9d59a700 1 -- 172.21.15.129:0/2464786437 <== mon.0 v2:172.21.15.129:3300/0 3 ==== mon_map magic: 0 ==== 205+0+0 (secure 0 0 0) 0x7f5e98004490 con 0x7f5ea0108cc0
2024-04-26T21:08:48.981 INFO:teuthology.orchestra.run.smithi129.stdout:/usr/bin/ceph: stderr
2024-04-26T21:08:47.725+0000 7f5ea4fde700 1 -- 172.21.15.129:0/2464786437 >> [v2:172.21.15.129:3300/0,v1:172.21.15.129:6789/0] conn(0x7f5ea0108cc0 msgr2=0x7f5ea01090e0 secure :-1 s=STATE_CONNECTION_ESTABLISHED l=1).mark_down
2024-04-26T21:08:48.981 INFO:teuthology.orchestra.run.smithi129.stdout:/usr/bin/ceph: stderr
2024-04-26T21:08:47.725+0000 7f5ea4fde700 1 --2- 172.21.15.129:0/2464786437 >> [v2:172.21.15.129:3300/0,v1:172.21.15.129:6789/0] conn(0x7f5ea0108cc0 0x7f5ea01090e0 secure :-1 s=READY pgs=55 cs=0 l=1 rev1=1 crypto rx=0x7f5e98009e80 tx=0x7f5e9800b330 comp rx=0 tx=0).stop
2024-04-26T21:08:48.981 INFO:teuthology.orchestra.run.smithi129.stdout:/usr/bin/ceph: stderr
2024-04-26T21:08:47.725+0000 7f5ea4fde700 1 -- 172.21.15.129:0/2464786437 shutdown_connections
2024-04-26T21:08:48.981 INFO:teuthology.orchestra.run.smithi129.stdout:/usr/bin/ceph: stderr
2024-04-26T21:08:47.725+0000 7f5ea4fde700 1 --2- 172.21.15.129:0/2464786437 >> [v2:172.21.15.129:3300/0,v1:172.21.15.129:6789/0] conn(0x7f5ea0108cc0 0x7f5ea01090e0 unknown :-1 s=CLOSED pgs=55 cs=0 l=1 rev1=1 crypto rx=0 tx=0 comp rx=0 tx=0).stop
2024-04-26T21:08:48.982 INFO:teuthology.orchestra.run.smithi129.stdout:/usr/bin/ceph: stderr
2024-04-26T21:08:47.725+0000 7f5ea4fde700 1 -- 172.21.15.129:0/2464786437 >> 172.21.15.129:0/2464786437 conn(0x7f5ea0104280 msgr2=0x7f5ea01066a0 unknown :-1 s=STATE_NONE l=0).mark_down
2024-04-26T21:08:48.982 INFO:teuthology.orchestra.run.smithi129.stdout:/usr/bin/ceph: stderr
2024-04-26T21:08:47.725+0000 7f5ea4fde700 1 -- 172.21.15.129:0/2464786437 shutdown_connections
2024-04-26T21:08:48.982 INFO:teuthology.orchestra.run.smithi129.stdout:/usr/bin/ceph: stderr
2024-04-26T21:08:47.725+0000 7f5ea4fde700 1 -- 172.21.15.129:0/2464786437 wait complete.
2024-04-26T21:08:48.982 INFO:teuthology.orchestra.run.smithi129.stdout:/usr/bin/ceph: stderr
2024-04-26T21:08:47.726+0000 7f5ea4fde700 1 Processor -- start
2024-04-26T21:08:48.982 INFO:teuthology.orchestra.run.smithi129.stdout:/usr/bin/ceph: stderr
2024-04-26T21:08:47.726+0000 7f5ea4fde700 1 -- start start
2024-04-26T21:08:48.982 INFO:teuthology.orchestra.run.smithi129.stdout:/usr/bin/ceph: stderr
2024-04-26T21:08:47.726+0000 7f5ea4fde700 1 --2- >> [v2:172.21.15.129:3300/0,v1:172.21.15.129:6789/0] conn(0x7f5ea0108cc0 0x7f5ea019cc00 unknown :-1 s=NONE pgs=0 cs=0 l=1 rev1=0 crypto rx=0 tx=0 comp rx=0 tx=0).connect
2024-04-26T21:08:48.982 INFO:teuthology.orchestra.run.smithi129.stdout:/usr/bin/ceph: stderr
2024-04-26T21:08:47.726+0000 7f5ea4fde700 1 -- --> [v2:172.21.15.129:3300/0,v1:172.21.15.129:6789/0] -- mon_getmap magic: 0 -- 0x7f5ea010d220 con 0x7f5ea0108cc0
2024-04-26T21:08:48.983 INFO:teuthology.orchestra.run.smithi129.stdout:/usr/bin/ceph: stderr
2024-04-26T21:08:47.726+0000 7f5e9e59c700 1 --2- >> [v2:172.21.15.129:3300/0,v1:172.21.15.129:6789/0] conn(0x7f5ea0108cc0 0x7f5ea019cc00 unknown :-1 s=BANNER_CONNECTING pgs=0 cs=0 l=1 rev1=0 crypto rx=0 tx=0 comp rx=0 tx=0)._handle_peer_banner_payload supported=3 required=0
2024-04-26T21:08:48.983 INFO:teuthology.orchestra.run.smithi129.stdout:/usr/bin/ceph: stderr
2024-04-26T21:08:47.726+0000 7f5e9e59c700 1 --2- >> [v2:172.21.15.129:3300/0,v1:172.21.15.129:6789/0] conn(0x7f5ea0108cc0 0x7f5ea019cc00 unknown :-1 s=HELLO_CONNECTING pgs=0 cs=0 l=1 rev1=1 crypto rx=0 tx=0 comp rx=0 tx=0).handle_hello peer v2:172.21.15.129:3300/0 says I am v2:172.21.15.129:45180/0 (socket says 172.21.15.129:45180)
2024-04-26T21:08:48.983 INFO:teuthology.orchestra.run.smithi129.stdout:/usr/bin/ceph: stderr
2024-04-26T21:08:47.726+0000 7f5e9e59c700 1 -- 172.21.15.129:0/1678575901 learned_addr learned my addr 172.21.15.129:0/1678575901 (peer_addr_for_me v2:172.21.15.129:0/0)
2024-04-26T21:08:48.983 INFO:teuthology.orchestra.run.smithi129.stdout:/usr/bin/ceph: stderr
2024-04-26T21:08:47.727+0000 7f5e9e59c700 1 -- 172.21.15.129:0/1678575901 --> [v2:172.21.15.129:3300/0,v1:172.21.15.129:6789/0] -- mon_subscribe({config=0+,monmap=0+}) -- 0x7f5ea019d140 con 0x7f5ea0108cc0
2024-04-26T21:08:48.983 INFO:teuthology.orchestra.run.smithi129.stdout:/usr/bin/ceph: stderr
2024-04-26T21:08:47.727+0000 7f5e9e59c700 1 --2- 172.21.15.129:0/1678575901 >> [v2:172.21.15.129:3300/0,v1:172.21.15.129:6789/0] conn(0x7f5ea0108cc0 0x7f5ea019cc00 secure :-1 s=READY pgs=56 cs=0 l=1 rev1=1 crypto rx=0x7f5e9800b7b0 tx=0x7f5e9800bd30 comp rx=0 tx=0).ready entity=mon.0 client_cookie=0 server_cookie=0 in_seq=0 out_seq=0
2024-04-26T21:08:48.983 INFO:teuthology.orchestra.run.smithi129.stdout:/usr/bin/ceph: stderr
2024-04-26T21:08:47.727+0000 7f5e977fe700 1 -- 172.21.15.129:0/1678575901 <== mon.0 v2:172.21.15.129:3300/0 1 ==== mon_map magic: 0 ==== 205+0+0 (secure 0 0 0) 0x7f5e98020020 con 0x7f5ea0108cc0
2024-04-26T21:08:48.983 INFO:teuthology.orchestra.run.smithi129.stdout:/usr/bin/ceph: stderr
2024-04-26T21:08:47.727+0000 7f5ea4fde700 1 -- 172.21.15.129:0/1678575901 --> [v2:172.21.15.129:3300/0,v1:172.21.15.129:6789/0] -- mon_subscribe({mgrmap=0+}) -- 0x7f5ea019d3d0 con 0x7f5ea0108cc0
2024-04-26T21:08:48.984 INFO:teuthology.orchestra.run.smithi129.stdout:/usr/bin/ceph: stderr
2024-04-26T21:08:47.727+0000 7f5e977fe700 1 -- 172.21.15.129:0/1678575901 <== mon.0 v2:172.21.15.129:3300/0 2 ==== config(26 keys) ==== 1101+0+0 (secure 0 0 0) 0x7f5e98003b50 con 0x7f5ea0108cc0
2024-04-26T21:08:48.984 INFO:teuthology.orchestra.run.smithi129.stdout:/usr/bin/ceph: stderr
2024-04-26T21:08:47.727+0000 7f5e977fe700 1 -- 172.21.15.129:0/1678575901 <== mon.0 v2:172.21.15.129:3300/0 3 ==== mon_map magic: 0 ==== 205+0+0 (secure 0 0 0) 0x7f5e98017040 con 0x7f5ea0108cc0
2024-04-26T21:08:48.984 INFO:teuthology.orchestra.run.smithi129.stdout:/usr/bin/ceph: stderr
2024-04-26T21:08:47.727+0000 7f5ea4fde700 1 -- 172.21.15.129:0/1678575901 --> [v2:172.21.15.129:3300/0,v1:172.21.15.129:6789/0] -- mon_subscribe({osdmap=0}) -- 0x7f5ea01a00c0 con 0x7f5ea0108cc0
2024-04-26T21:08:48.984 INFO:teuthology.orchestra.run.smithi129.stdout:/usr/bin/ceph: stderr
2024-04-26T21:08:47.728+0000 7f5e977fe700 1 -- 172.21.15.129:0/1678575901 <== mon.0 v2:172.21.15.129:3300/0 4 ==== mgrmap(e 8) ==== 46558+0+0 (secure 0 0 0) 0x7f5e98023020 con 0x7f5ea0108cc0
2024-04-26T21:08:48.984 INFO:teuthology.orchestra.run.smithi129.stdout:/usr/bin/ceph: stderr
2024-04-26T21:08:47.728+0000 7f5e977fe700 1 --2- 172.21.15.129:0/1678575901 >> [v2:172.21.15.129:6800/948723446,v1:172.21.15.129:6801/948723446] conn(0x7f5e8c0395b0 0x7f5e8c03ba70 unknown :-1 s=NONE pgs=0 cs=0 l=1 rev1=0 crypto rx=0 tx=0 comp rx=0 tx=0).connect
2024-04-26T21:08:48.984 INFO:teuthology.orchestra.run.smithi129.stdout:/usr/bin/ceph: stderr
2024-04-26T21:08:47.728+0000 7f5e977fe700 1 -- 172.21.15.129:0/1678575901 <== mon.0 v2:172.21.15.129:3300/0 5 ==== osd_map(2..2 src has 1..2) ==== 940+0+0 (secure 0 0 0) 0x7f5e9800f050 con 0x7f5ea0108cc0
2024-04-26T21:08:48.984 INFO:teuthology.orchestra.run.smithi129.stdout:/usr/bin/ceph: stderr
2024-04-26T21:08:47.728+0000 7f5e9dd9b700 1 --2- 172.21.15.129:0/1678575901 >> [v2:172.21.15.129:6800/948723446,v1:172.21.15.129:6801/948723446] conn(0x7f5e8c0395b0 0x7f5e8c03ba70 unknown :-1 s=BANNER_CONNECTING pgs=0 cs=0 l=1 rev1=0 crypto rx=0 tx=0 comp rx=0 tx=0)._handle_peer_banner_payload supported=3 required=0
2024-04-26T21:08:48.985 INFO:teuthology.orchestra.run.smithi129.stdout:/usr/bin/ceph: stderr
2024-04-26T21:08:47.728+0000 7f5ea4fde700 1 -- 172.21.15.129:0/1678575901 --> [v2:172.21.15.129:3300/0,v1:172.21.15.129:6789/0] -- mon_command({"prefix": "get_command_descriptions"} v 0) -- 0x7f5ea0064a80 con 0x7f5ea0108cc0
2024-04-26T21:08:48.985 INFO:teuthology.orchestra.run.smithi129.stdout:/usr/bin/ceph: stderr
2024-04-26T21:08:47.729+0000 7f5e9dd9b700 1 --2- 172.21.15.129:0/1678575901 >> [v2:172.21.15.129:6800/948723446,v1:172.21.15.129:6801/948723446] conn(0x7f5e8c0395b0 0x7f5e8c03ba70 secure :-1 s=READY pgs=16 cs=0 l=1 rev1=1 crypto rx=0x7f5e88006fd0 tx=0x7f5e88006e40 comp rx=0 tx=0).ready entity=mgr.14120 client_cookie=0 server_cookie=0 in_seq=0 out_seq=0
2024-04-26T21:08:48.985 INFO:teuthology.orchestra.run.smithi129.stdout:/usr/bin/ceph: stderr
2024-04-26T21:08:47.733+0000 7f5e977fe700 1 -- 172.21.15.129:0/1678575901 <== mon.0 v2:172.21.15.129:3300/0 6 ==== mon_command_ack([{"prefix": "get_command_descriptions"}]=0 v0) ==== 72+0+188494 (secure 0 0 0) 0x7f5e9802a020 con 0x7f5ea0108cc0
2024-04-26T21:08:48.985 INFO:teuthology.orchestra.run.smithi129.stdout:/usr/bin/ceph: stderr
2024-04-26T21:08:47.998+0000 7f5ea4fde700 1 -- 172.21.15.129:0/1678575901 --> [v2:172.21.15.129:3300/0,v1:172.21.15.129:6789/0] -- mon_command({"prefix": "mgr module enable", "module": "dashboard"} v 0) -- 0x7f5ea01a0520 con 0x7f5ea0108cc0
2024-04-26T21:08:48.985 INFO:teuthology.orchestra.run.smithi129.stdout:/usr/bin/ceph: stderr
2024-04-26T21:08:48.244+0000 7f5e977fe700 1 -- 172.21.15.129:0/1678575901 <== mon.0 v2:172.21.15.129:3300/0 7 ==== mon_command_ack([{"prefix": "mgr module enable", "module": "dashboard"}]=0 v9) ==== 88+0+0 (secure 0 0 0) 0x7f5e98003d00 con 0x7f5ea0108cc0
2024-04-26T21:08:48.985 INFO:teuthology.orchestra.run.smithi129.stdout:/usr/bin/ceph: stderr
2024-04-26T21:08:48.246+0000 7f5e977fe700 1 -- 172.21.15.129:0/1678575901 <== mon.0 v2:172.21.15.129:3300/0 8 ==== mgrmap(e 9) ==== 46571+0+0 (secure 0 0 0) 0x7f5e98025400 con 0x7f5ea0108cc0
2024-04-26T21:08:48.986 INFO:teuthology.orchestra.run.smithi129.stdout:/usr/bin/ceph: stderr
2024-04-26T21:08:48.247+0000 7f5ea4fde700 1 -- 172.21.15.129:0/1678575901 >> [v2:172.21.15.129:6800/948723446,v1:172.21.15.129:6801/948723446] conn(0x7f5e8c0395b0 msgr2=0x7f5e8c03ba70 secure :-1 s=STATE_CONNECTION_ESTABLISHED l=1).mark_down
2024-04-26T21:08:48.986 INFO:teuthology.orchestra.run.smithi129.stdout:/usr/bin/ceph: stderr
2024-04-26T21:08:48.247+0000 7f5ea4fde700 1 --2- 172.21.15.129:0/1678575901 >> [v2:172.21.15.129:6800/948723446,v1:172.21.15.129:6801/948723446] conn(0x7f5e8c0395b0 0x7f5e8c03ba70 secure :-1 s=READY pgs=16 cs=0 l=1 rev1=1 crypto rx=0x7f5e88006fd0 tx=0x7f5e88006e40 comp rx=0 tx=0).stop
2024-04-26T21:08:48.986 INFO:teuthology.orchestra.run.smithi129.stdout:/usr/bin/ceph: stderr
2024-04-26T21:08:48.247+0000 7f5ea4fde700 1 -- 172.21.15.129:0/1678575901 >> [v2:172.21.15.129:3300/0,v1:172.21.15.129:6789/0] conn(0x7f5ea0108cc0 msgr2=0x7f5ea019cc00 secure :-1 s=STATE_CONNECTION_ESTABLISHED l=1).mark_down
2024-04-26T21:08:48.986 INFO:teuthology.orchestra.run.smithi129.stdout:/usr/bin/ceph: stderr
2024-04-26T21:08:48.247+0000 7f5ea4fde700 1 --2- 172.21.15.129:0/1678575901 >> [v2:172.21.15.129:3300/0,v1:172.21.15.129:6789/0] conn(0x7f5ea0108cc0 0x7f5ea019cc00 secure :-1 s=READY pgs=56 cs=0 l=1 rev1=1 crypto rx=0x7f5e9800b7b0 tx=0x7f5e9800bd30 comp rx=0 tx=0).stop
2024-04-26T21:08:48.986 INFO:teuthology.orchestra.run.smithi129.stdout:/usr/bin/ceph: stderr
2024-04-26T21:08:48.248+0000 7f5ea4fde700 1 -- 172.21.15.129:0/1678575901 shutdown_connections
2024-04-26T21:08:48.986 INFO:teuthology.orchestra.run.smithi129.stdout:/usr/bin/ceph: stderr
2024-04-26T21:08:48.248+0000 7f5ea4fde700 1 --2- 172.21.15.129:0/1678575901 >> [v2:172.21.15.129:6800/948723446,v1:172.21.15.129:6801/948723446] conn(0x7f5e8c0395b0 0x7f5e8c03ba70 unknown :-1 s=CLOSED pgs=16 cs=0 l=1 rev1=1 crypto rx=0 tx=0 comp rx=0 tx=0).stop
2024-04-26T21:08:48.987 INFO:teuthology.orchestra.run.smithi129.stdout:/usr/bin/ceph: stderr
2024-04-26T21:08:48.248+0000 7f5ea4fde700 1 --2- 172.21.15.129:0/1678575901 >> [v2:172.21.15.129:3300/0,v1:172.21.15.129:6789/0] conn(0x7f5ea0108cc0 0x7f5ea019cc00 unknown :-1 s=CLOSED pgs=56 cs=0 l=1 rev1=1 crypto rx=0 tx=0 comp rx=0 tx=0).stop
2024-04-26T21:08:48.987 INFO:teuthology.orchestra.run.smithi129.stdout:/usr/bin/ceph: stderr
2024-04-26T21:08:48.248+0000 7f5ea4fde700 1 -- 172.21.15.129:0/1678575901 >> 172.21.15.129:0/1678575901 conn(0x7f5ea0104280 msgr2=0x7f5ea0104d90 unknown :-1 s=STATE_NONE l=0).mark_down
2024-04-26T21:08:48.987 INFO:teuthology.orchestra.run.smithi129.stdout:/usr/bin/ceph: stderr
2024-04-26T21:08:48.248+0000 7f5ea4fde700 1 -- 172.21.15.129:0/1678575901 shutdown_connections
2024-04-26T21:08:48.987 INFO:teuthology.orchestra.run.smithi129.stdout:/usr/bin/ceph: stderr
2024-04-26T21:08:48.248+0000 7f5ea4fde700 1 -- 172.21.15.129:0/1678575901 wait complete.
2024-04-26T21:08:49.217 INFO:journalctl@ceph.mgr.x.smithi129.stdout:Apr 26 21:08:49 smithi129 ceph-eccca2b2-0410-11ef-bc93-c7b262605968-mgr-x[29464]:
2024-04-26T21:08:49.054+0000 7f2812758200 -1 mgr[py] Module progress has missing NOTIFY_TYPES member
2024-04-26T21:08:49.217 INFO:journalctl@ceph.mgr.x.smithi129.stdout:Apr 26 21:08:49 smithi129 ceph-eccca2b2-0410-11ef-bc93-c7b262605968-mgr-x[29464]:
2024-04-26T21:08:49.139+0000 7f2812758200 -1 mgr[py] Module influx has missing NOTIFY_TYPES member
2024-04-26T21:08:49.591 INFO:journalctl@ceph.mon.a.smithi129.stdout:Apr 26 21:08:49 smithi129 ceph-mon[29237]: from='client.? 172.21.15.129:0/1678575901' entity='client.admin' cmd='[{"prefix": "mgr module enable", "module": "dashboard"}]': finished
2024-04-26T21:08:49.591 INFO:journalctl@ceph.mon.a.smithi129.stdout:Apr 26 21:08:49 smithi129 ceph-mon[29237]: mgrmap e9: x(active, since 19s)
2024-04-26T21:08:50.373 INFO:journalctl@ceph.mon.a.smithi129.stdout:Apr 26 21:08:50 smithi129 ceph-mon[29237]: from='client.? 172.21.15.129:0/2796653818' entity='client.admin' cmd=[{"prefix": "mgr stat"}]: dispatch
2024-04-26T21:08:50.721 INFO:journalctl@ceph.mgr.x.smithi129.stdout:Apr 26 21:08:50 smithi129 ceph-eccca2b2-0410-11ef-bc93-c7b262605968-mgr-x[29464]:
2024-04-26T21:08:50.372+0000 7f2812758200 -1 mgr[py] Module telegraf has missing NOTIFY_TYPES member
2024-04-26T21:08:50.722 INFO:journalctl@ceph.mgr.x.smithi129.stdout:Apr 26 21:08:50 smithi129 ceph-eccca2b2-0410-11ef-bc93-c7b262605968-mgr-x[29464]:
2024-04-26T21:08:50.546+0000 7f2812758200 -1 mgr[py] Module osd_support has missing NOTIFY_TYPES member
2024-04-26T21:08:51.016 INFO:journalctl@ceph.mgr.x.smithi129.stdout:Apr 26 21:08:50 smithi129 ceph-eccca2b2-0410-11ef-bc93-c7b262605968-mgr-x[29464]:
2024-04-26T21:08:50.720+0000 7f2812758200 -1 mgr[py] Module iostat has missing NOTIFY_TYPES member
2024-04-26T21:08:51.016 INFO:journalctl@ceph.mgr.x.smithi129.stdout:Apr 26 21:08:51 smithi129 ceph-eccca2b2-0410-11ef-bc93-c7b262605968-mgr-x[29464]:
2024-04-26T21:08:51.015+0000 7f2812758200 -1 mgr[py] Module alerts has missing NOTIFY_TYPES member
2024-04-26T21:08:51.295 INFO:journalctl@ceph.mgr.x.smithi129.stdout:Apr 26 21:08:51 smithi129 ceph-eccca2b2-0410-11ef-bc93-c7b262605968-mgr-x[29464]:
2024-04-26T21:08:51.110+0000 7f2812758200 -1 mgr[py] Module selftest has missing NOTIFY_TYPES member
2024-04-26T21:08:51.304 INFO:teuthology.orchestra.run.smithi129.stdout:/usr/bin/ceph: stdout {
2024-04-26T21:08:51.304 INFO:teuthology.orchestra.run.smithi129.stdout:/usr/bin/ceph: stdout "epoch": 9,
2024-04-26T21:08:51.304 INFO:teuthology.orchestra.run.smithi129.stdout:/usr/bin/ceph: stdout "available": true,
2024-04-26T21:08:51.304 INFO:teuthology.orchestra.run.smithi129.stdout:/usr/bin/ceph: stdout "active_name": "x",
2024-04-26T21:08:51.304 INFO:teuthology.orchestra.run.smithi129.stdout:/usr/bin/ceph: stdout "num_standby": 0
2024-04-26T21:08:51.304 INFO:teuthology.orchestra.run.smithi129.stdout:/usr/bin/ceph: stdout }
2024-04-26T21:08:51.304 INFO:teuthology.orchestra.run.smithi129.stdout:/usr/bin/ceph: stderr
2024-04-26T21:08:49.440+0000 7f5e9225a700 1 Processor -- start
2024-04-26T21:08:51.304 INFO:teuthology.orchestra.run.smithi129.stdout:/usr/bin/ceph: stderr
2024-04-26T21:08:49.440+0000 7f5e9225a700 1 -- start start
2024-04-26T21:08:51.304 INFO:teuthology.orchestra.run.smithi129.stdout:/usr/bin/ceph: stderr
2024-04-26T21:08:49.441+0000 7f5e9225a700 1 --2- >> [v2:172.21.15.129:3300/0,v1:172.21.15.129:6789/0] conn(0x7f5e8c106f40 0x7f5e8c107360 unknown :-1 s=NONE pgs=0 cs=0 l=0 rev1=0 crypto rx=0 tx=0 comp rx=0 tx=0).connect
2024-04-26T21:08:51.304 INFO:teuthology.orchestra.run.smithi129.stdout:/usr/bin/ceph: stderr
2024-04-26T21:08:49.441+0000 7f5e9225a700 1 -- --> [v2:172.21.15.129:3300/0,v1:172.21.15.129:6789/0] -- mon_getmap magic: 0 -- 0x7f5e8c107930 con 0x7f5e8c106f40
2024-04-26T21:08:51.304 INFO:teuthology.orchestra.run.smithi129.stdout:/usr/bin/ceph: stderr
2024-04-26T21:08:49.441+0000 7f5e8b7fe700 1 --2- >> [v2:172.21.15.129:3300/0,v1:172.21.15.129:6789/0] conn(0x7f5e8c106f40 0x7f5e8c107360 unknown :-1 s=BANNER_CONNECTING pgs=0 cs=0 l=0 rev1=0 crypto rx=0 tx=0 comp rx=0 tx=0)._handle_peer_banner_payload supported=3 required=0
2024-04-26T21:08:51.305 INFO:teuthology.orchestra.run.smithi129.stdout:/usr/bin/ceph: stderr
2024-04-26T21:08:49.441+0000 7f5e8b7fe700 1 --2- >> [v2:172.21.15.129:3300/0,v1:172.21.15.129:6789/0] conn(0x7f5e8c106f40 0x7f5e8c107360 unknown :-1 s=HELLO_CONNECTING pgs=0 cs=0 l=0 rev1=1 crypto rx=0 tx=0 comp rx=0 tx=0).handle_hello peer v2:172.21.15.129:3300/0 says I am v2:172.21.15.129:45210/0 (socket says 172.21.15.129:45210)
2024-04-26T21:08:51.305 INFO:teuthology.orchestra.run.smithi129.stdout:/usr/bin/ceph: stderr
2024-04-26T21:08:49.441+0000 7f5e8b7fe700 1 -- 172.21.15.129:0/2422384717 learned_addr learned my addr 172.21.15.129:0/2422384717 (peer_addr_for_me v2:172.21.15.129:0/0)
2024-04-26T21:08:51.305 INFO:teuthology.orchestra.run.smithi129.stdout:/usr/bin/ceph: stderr
2024-04-26T21:08:49.441+0000 7f5e8b7fe700 1 -- 172.21.15.129:0/2422384717 --> [v2:172.21.15.129:3300/0,v1:172.21.15.129:6789/0] -- mon_subscribe({config=0+,monmap=0+}) -- 0x7f5e8c109ed0 con 0x7f5e8c106f40
2024-04-26T21:08:51.305 INFO:teuthology.orchestra.run.smithi129.stdout:/usr/bin/ceph: stderr
2024-04-26T21:08:49.441+0000 7f5e8b7fe700 1 --2- 172.21.15.129:0/2422384717 >> [v2:172.21.15.129:3300/0,v1:172.21.15.129:6789/0] conn(0x7f5e8c106f40 0x7f5e8c107360 secure :-1 s=READY pgs=59 cs=0 l=1 rev1=1 crypto rx=0x7f5e800098a0 tx=0x7f5e80009bb0 comp rx=0 tx=0).ready entity=mon.0 client_cookie=4e3cc38eb5a3c98a server_cookie=0 in_seq=0 out_seq=0
2024-04-26T21:08:51.305 INFO:teuthology.orchestra.run.smithi129.stdout:/usr/bin/ceph: stderr
2024-04-26T21:08:49.441+0000 7f5e8a7fc700 1 -- 172.21.15.129:0/2422384717 <== mon.0 v2:172.21.15.129:3300/0 1 ==== mon_map magic: 0 ==== 205+0+0 (secure 0 0 0) 0x7f5e80004160 con 0x7f5e8c106f40
2024-04-26T21:08:51.305 INFO:teuthology.orchestra.run.smithi129.stdout:/usr/bin/ceph: stderr
2024-04-26T21:08:49.442+0000 7f5e8a7fc700 1 -- 172.21.15.129:0/2422384717 <== mon.0 v2:172.21.15.129:3300/0 2 ==== config(26 keys) ==== 1101+0+0 (secure 0 0 0) 0x7f5e80004300 con 0x7f5e8c106f40
2024-04-26T21:08:51.305 INFO:teuthology.orchestra.run.smithi129.stdout:/usr/bin/ceph: stderr
2024-04-26T21:08:49.442+0000 7f5e8a7fc700 1 -- 172.21.15.129:0/2422384717 <== mon.0 v2:172.21.15.129:3300/0 3 ==== mon_map magic: 0 ==== 205+0+0 (secure 0 0 0) 0x7f5e80011a20 con 0x7f5e8c106f40
2024-04-26T21:08:51.305 INFO:teuthology.orchestra.run.smithi129.stdout:/usr/bin/ceph: stderr
2024-04-26T21:08:49.442+0000 7f5e9225a700 1 -- 172.21.15.129:0/2422384717 >> [v2:172.21.15.129:3300/0,v1:172.21.15.129:6789/0] conn(0x7f5e8c106f40 msgr2=0x7f5e8c107360 secure :-1 s=STATE_CONNECTION_ESTABLISHED l=1).mark_down
2024-04-26T21:08:51.305 INFO:teuthology.orchestra.run.smithi129.stdout:/usr/bin/ceph: stderr
2024-04-26T21:08:49.442+0000 7f5e9225a700 1 --2- 172.21.15.129:0/2422384717 >> [v2:172.21.15.129:3300/0,v1:172.21.15.129:6789/0] conn(0x7f5e8c106f40 0x7f5e8c107360 secure :-1 s=READY pgs=59 cs=0 l=1 rev1=1 crypto rx=0x7f5e800098a0 tx=0x7f5e80009bb0 comp rx=0 tx=0).stop
2024-04-26T21:08:51.305 INFO:teuthology.orchestra.run.smithi129.stdout:/usr/bin/ceph: stderr
2024-04-26T21:08:49.442+0000 7f5e9225a700 1 -- 172.21.15.129:0/2422384717 shutdown_connections
2024-04-26T21:08:51.305 INFO:teuthology.orchestra.run.smithi129.stdout:/usr/bin/ceph: stderr
2024-04-26T21:08:49.442+0000 7f5e9225a700 1 --2- 172.21.15.129:0/2422384717 >> [v2:172.21.15.129:3300/0,v1:172.21.15.129:6789/0] conn(0x7f5e8c106f40 0x7f5e8c107360 unknown :-1 s=CLOSED pgs=59 cs=0 l=1 rev1=1 crypto rx=0 tx=0 comp rx=0 tx=0).stop
2024-04-26T21:08:51.305 INFO:teuthology.orchestra.run.smithi129.stdout:/usr/bin/ceph: stderr
2024-04-26T21:08:49.442+0000 7f5e9225a700 1 -- 172.21.15.129:0/2422384717 >> 172.21.15.129:0/2422384717 conn(0x7f5e8c1028d0 msgr2=0x7f5e8c104cf0 unknown :-1 s=STATE_NONE l=0).mark_down
2024-04-26T21:08:51.305 INFO:teuthology.orchestra.run.smithi129.stdout:/usr/bin/ceph: stderr
2024-04-26T21:08:49.443+0000 7f5e9225a700 1 -- 172.21.15.129:0/2422384717 shutdown_connections
2024-04-26T21:08:51.305 INFO:teuthology.orchestra.run.smithi129.stdout:/usr/bin/ceph: stderr
2024-04-26T21:08:49.443+0000 7f5e9225a700 1 -- 172.21.15.129:0/2422384717 wait complete.
2024-04-26T21:08:51.305 INFO:teuthology.orchestra.run.smithi129.stdout:/usr/bin/ceph: stderr
2024-04-26T21:08:49.443+0000 7f5e9225a700 1 Processor -- start
2024-04-26T21:08:51.306 INFO:teuthology.orchestra.run.smithi129.stdout:/usr/bin/ceph: stderr
2024-04-26T21:08:49.443+0000 7f5e9225a700 1 -- start start
2024-04-26T21:08:51.306 INFO:teuthology.orchestra.run.smithi129.stdout:/usr/bin/ceph: stderr
2024-04-26T21:08:49.443+0000 7f5e9225a700 1 --2- >> [v2:172.21.15.129:3300/0,v1:172.21.15.129:6789/0] conn(0x7f5e8c106f40 0x7f5e8c19cbc0 unknown :-1 s=NONE pgs=0 cs=0 l=1 rev1=0 crypto rx=0 tx=0 comp rx=0 tx=0).connect
2024-04-26T21:08:51.306 INFO:teuthology.orchestra.run.smithi129.stdout:/usr/bin/ceph: stderr
2024-04-26T21:08:49.443+0000 7f5e9225a700 1 -- --> [v2:172.21.15.129:3300/0,v1:172.21.15.129:6789/0] -- mon_getmap magic: 0 -- 0x7f5e8c10d280 con 0x7f5e8c106f40
2024-04-26T21:08:51.306 INFO:teuthology.orchestra.run.smithi129.stdout:/usr/bin/ceph: stderr
2024-04-26T21:08:49.444+0000 7f5e8b7fe700 1 --2- >> [v2:172.21.15.129:3300/0,v1:172.21.15.129:6789/0] conn(0x7f5e8c106f40 0x7f5e8c19cbc0 unknown :-1 s=BANNER_CONNECTING pgs=0 cs=0 l=1 rev1=0 crypto rx=0 tx=0 comp rx=0 tx=0)._handle_peer_banner_payload supported=3 required=0
2024-04-26T21:08:51.306 INFO:teuthology.orchestra.run.smithi129.stdout:/usr/bin/ceph: stderr
2024-04-26T21:08:49.444+0000 7f5e8b7fe700 1 --2- >> [v2:172.21.15.129:3300/0,v1:172.21.15.129:6789/0] conn(0x7f5e8c106f40 0x7f5e8c19cbc0 unknown :-1 s=HELLO_CONNECTING pgs=0 cs=0 l=1 rev1=1 crypto rx=0 tx=0 comp rx=0 tx=0).handle_hello peer v2:172.21.15.129:3300/0 says I am v2:172.21.15.129:45216/0 (socket says 172.21.15.129:45216)
2024-04-26T21:08:51.306 INFO:teuthology.orchestra.run.smithi129.stdout:/usr/bin/ceph: stderr
2024-04-26T21:08:49.444+0000 7f5e8b7fe700 1 -- 172.21.15.129:0/2796653818 learned_addr learned my addr 172.21.15.129:0/2796653818 (peer_addr_for_me v2:172.21.15.129:0/0)
2024-04-26T21:08:51.306 INFO:teuthology.orchestra.run.smithi129.stdout:/usr/bin/ceph: stderr
2024-04-26T21:08:49.444+0000 7f5e8b7fe700 1 -- 172.21.15.129:0/2796653818 --> [v2:172.21.15.129:3300/0,v1:172.21.15.129:6789/0] -- mon_subscribe({config=0+,monmap=0+}) -- 0x7f5e8c19d100 con 0x7f5e8c106f40
2024-04-26T21:08:51.306 INFO:teuthology.orchestra.run.smithi129.stdout:/usr/bin/ceph: stderr
2024-04-26T21:08:49.444+0000 7f5e8b7fe700 1 --2- 172.21.15.129:0/2796653818 >> [v2:172.21.15.129:3300/0,v1:172.21.15.129:6789/0] conn(0x7f5e8c106f40 0x7f5e8c19cbc0 secure :-1 s=READY pgs=60 cs=0 l=1 rev1=1 crypto rx=0x7f5e800116e0 tx=0x7f5e80011aa0 comp rx=0 tx=0).ready entity=mon.0 client_cookie=0 server_cookie=0 in_seq=0 out_seq=0
2024-04-26T21:08:51.306 INFO:teuthology.orchestra.run.smithi129.stdout:/usr/bin/ceph: stderr
2024-04-26T21:08:49.444+0000 7f5e88ff9700 1 -- 172.21.15.129:0/2796653818 <== mon.0 v2:172.21.15.129:3300/0 1 ==== mon_map magic: 0 ==== 205+0+0 (secure 0 0 0) 0x7f5e800039e0 con 0x7f5e8c106f40
2024-04-26T21:08:51.306 INFO:teuthology.orchestra.run.smithi129.stdout:/usr/bin/ceph: stderr
2024-04-26T21:08:49.444+0000 7f5e88ff9700 1 -- 172.21.15.129:0/2796653818 <== mon.0 v2:172.21.15.129:3300/0 2 ==== config(26 keys) ==== 1101+0+0 (secure 0 0 0) 0x7f5e8001b8f0 con 0x7f5e8c106f40
2024-04-26T21:08:51.306 INFO:teuthology.orchestra.run.smithi129.stdout:/usr/bin/ceph: stderr
2024-04-26T21:08:49.444+0000 7f5e9225a700 1 -- 172.21.15.129:0/2796653818 --> [v2:172.21.15.129:3300/0,v1:172.21.15.129:6789/0] -- mon_subscribe({mgrmap=0+}) -- 0x7f5e8c19d390 con 0x7f5e8c106f40
2024-04-26T21:08:51.306 INFO:teuthology.orchestra.run.smithi129.stdout:/usr/bin/ceph: stderr
2024-04-26T21:08:49.444+0000 7f5e88ff9700 1 -- 172.21.15.129:0/2796653818 <== mon.0 v2:172.21.15.129:3300/0 3 ==== mon_map magic: 0 ==== 205+0+0 (secure 0 0 0) 0x7f5e80023760 con 0x7f5e8c106f40
2024-04-26T21:08:51.306 INFO:teuthology.orchestra.run.smithi129.stdout:/usr/bin/ceph: stderr
2024-04-26T21:08:49.444+0000 7f5e9225a700 1 -- 172.21.15.129:0/2796653818 --> [v2:172.21.15.129:3300/0,v1:172.21.15.129:6789/0] -- mon_subscribe({osdmap=0}) -- 0x7f5e8c1a0080 con 0x7f5e8c106f40
2024-04-26T21:08:51.307 INFO:teuthology.orchestra.run.smithi129.stdout:/usr/bin/ceph: stderr
2024-04-26T21:08:49.445+0000 7f5e9225a700 1 -- 172.21.15.129:0/2796653818 --> [v2:172.21.15.129:3300/0,v1:172.21.15.129:6789/0] -- mon_command({"prefix": "get_command_descriptions"} v 0) -- 0x7f5e8c064a80 con 0x7f5e8c106f40
2024-04-26T21:08:51.307 INFO:teuthology.orchestra.run.smithi129.stdout:/usr/bin/ceph: stderr
2024-04-26T21:08:49.445+0000 7f5e88ff9700 1 -- 172.21.15.129:0/2796653818 <== mon.0 v2:172.21.15.129:3300/0 4 ==== mgrmap(e 9) ==== 46571+0+0 (secure 0 0 0) 0x7f5e8001b440 con 0x7f5e8c106f40
2024-04-26T21:08:51.307 INFO:teuthology.orchestra.run.smithi129.stdout:/usr/bin/ceph: stderr
2024-04-26T21:08:49.445+0000 7f5e88ff9700 1 --2- 172.21.15.129:0/2796653818 >> [v2:172.21.15.129:6800/948723446,v1:172.21.15.129:6801/948723446] conn(0x7f5e74039610 0x7f5e7403bad0 unknown :-1 s=NONE pgs=0 cs=0 l=1 rev1=0 crypto rx=0 tx=0 comp rx=0 tx=0).connect
2024-04-26T21:08:51.307 INFO:teuthology.orchestra.run.smithi129.stdout:/usr/bin/ceph: stderr
2024-04-26T21:08:49.445+0000 7f5e88ff9700 1 -- 172.21.15.129:0/2796653818 <== mon.0 v2:172.21.15.129:3300/0 5 ==== osd_map(2..2 src has 1..2) ==== 940+0+0 (secure 0 0 0) 0x7f5e8004df30 con 0x7f5e8c106f40
2024-04-26T21:08:51.307 INFO:teuthology.orchestra.run.smithi129.stdout:/usr/bin/ceph: stderr
2024-04-26T21:08:49.445+0000 7f5e8affd700 1 -- 172.21.15.129:0/2796653818 >> [v2:172.21.15.129:6800/948723446,v1:172.21.15.129:6801/948723446] conn(0x7f5e74039610 msgr2=0x7f5e7403bad0 unknown :-1 s=STATE_CONNECTING_RE l=1).process reconnect failed to v2:172.21.15.129:6800/948723446
2024-04-26T21:08:51.307 INFO:teuthology.orchestra.run.smithi129.stdout:/usr/bin/ceph: stderr
2024-04-26T21:08:49.446+0000 7f5e8affd700 1 --2- 172.21.15.129:0/2796653818 >> [v2:172.21.15.129:6800/948723446,v1:172.21.15.129:6801/948723446] conn(0x7f5e74039610 0x7f5e7403bad0 unknown :-1 s=START_CONNECT pgs=0 cs=0 l=1 rev1=0 crypto rx=0 tx=0 comp rx=0 tx=0)._fault waiting 0.200000
2024-04-26T21:08:51.307 INFO:teuthology.orchestra.run.smithi129.stdout:/usr/bin/ceph: stderr
2024-04-26T21:08:49.450+0000 7f5e88ff9700 1 -- 172.21.15.129:0/2796653818 <== mon.0 v2:172.21.15.129:3300/0 6 ==== mon_command_ack([{"prefix": "get_command_descriptions"}]=0 v0) ==== 72+0+188494 (secure 0 0 0) 0x7f5e8001f030 con 0x7f5e8c106f40
2024-04-26T21:08:51.307 INFO:teuthology.orchestra.run.smithi129.stdout:/usr/bin/ceph: stderr
2024-04-26T21:08:49.647+0000 7f5e8affd700 1 -- 172.21.15.129:0/2796653818 >> [v2:172.21.15.129:6800/948723446,v1:172.21.15.129:6801/948723446] conn(0x7f5e74039610 msgr2=0x7f5e7403bad0 unknown :-1 s=STATE_CONNECTING_RE l=1).process reconnect failed to v2:172.21.15.129:6800/948723446
2024-04-26T21:08:51.307 INFO:teuthology.orchestra.run.smithi129.stdout:/usr/bin/ceph: stderr
2024-04-26T21:08:49.647+0000 7f5e8affd700 1 --2- 172.21.15.129:0/2796653818 >> [v2:172.21.15.129:6800/948723446,v1:172.21.15.129:6801/948723446] conn(0x7f5e74039610 0x7f5e7403bad0 unknown :-1 s=START_CONNECT pgs=0 cs=0 l=1 rev1=0 crypto rx=0 tx=0 comp rx=0 tx=0)._fault waiting 0.400000
2024-04-26T21:08:51.307 INFO:teuthology.orchestra.run.smithi129.stdout:/usr/bin/ceph: stderr
2024-04-26T21:08:49.762+0000 7f5e9225a700 1 -- 172.21.15.129:0/2796653818 --> [v2:172.21.15.129:3300/0,v1:172.21.15.129:6789/0] -- mon_command({"prefix": "mgr stat"} v 0) -- 0x7f5e8c1a0630 con 0x7f5e8c106f40
2024-04-26T21:08:51.307 INFO:teuthology.orchestra.run.smithi129.stdout:/usr/bin/ceph: stderr
2024-04-26T21:08:49.762+0000 7f5e88ff9700 1 -- 172.21.15.129:0/2796653818 <== mon.0 v2:172.21.15.129:3300/0 7 ==== mon_command_ack([{"prefix": "mgr stat"}]=0 v9) ==== 56+0+88 (secure 0 0 0) 0x7f5e8002c3f0 con 0x7f5e8c106f40
2024-04-26T21:08:51.307 INFO:teuthology.orchestra.run.smithi129.stdout:/usr/bin/ceph: stderr
2024-04-26T21:08:49.764+0000 7f5e9225a700 1 -- 172.21.15.129:0/2796653818 >> [v2:172.21.15.129:6800/948723446,v1:172.21.15.129:6801/948723446] conn(0x7f5e74039610 msgr2=0x7f5e7403bad0 unknown :-1 s=STATE_CONNECTING l=1).mark_down
2024-04-26T21:08:51.307 INFO:teuthology.orchestra.run.smithi129.stdout:/usr/bin/ceph: stderr
2024-04-26T21:08:49.764+0000 7f5e9225a700 1 --2- 172.21.15.129:0/2796653818 >> [v2:172.21.15.129:6800/948723446,v1:172.21.15.129:6801/948723446] conn(0x7f5e74039610 0x7f5e7403bad0 unknown :-1 s=START_CONNECT pgs=0 cs=0 l=1 rev1=0 crypto rx=0 tx=0 comp rx=0 tx=0).stop
2024-04-26T21:08:51.307 INFO:teuthology.orchestra.run.smithi129.stdout:/usr/bin/ceph: stderr
2024-04-26T21:08:49.764+0000 7f5e9225a700 1 -- 172.21.15.129:0/2796653818 >> [v2:172.21.15.129:3300/0,v1:172.21.15.129:6789/0] conn(0x7f5e8c106f40 msgr2=0x7f5e8c19cbc0 secure :-1 s=STATE_CONNECTION_ESTABLISHED l=1).mark_down
2024-04-26T21:08:51.308 INFO:teuthology.orchestra.run.smithi129.stdout:/usr/bin/ceph: stderr
2024-04-26T21:08:49.764+0000 7f5e9225a700 1 --2- 172.21.15.129:0/2796653818 >> [v2:172.21.15.129:3300/0,v1:172.21.15.129:6789/0] conn(0x7f5e8c106f40 0x7f5e8c19cbc0 secure :-1 s=READY pgs=60 cs=0 l=1 rev1=1 crypto rx=0x7f5e800116e0 tx=0x7f5e80011aa0 comp rx=0 tx=0).stop
2024-04-26T21:08:51.308 INFO:teuthology.orchestra.run.smithi129.stdout:/usr/bin/ceph: stderr
2024-04-26T21:08:49.764+0000 7f5e9225a700 1 -- 172.21.15.129:0/2796653818 shutdown_connections
2024-04-26T21:08:51.308 INFO:teuthology.orchestra.run.smithi129.stdout:/usr/bin/ceph: stderr
2024-04-26T21:08:49.764+0000 7f5e9225a700 1 --2- 172.21.15.129:0/2796653818 >> [v2:172.21.15.129:6800/948723446,v1:172.21.15.129:6801/948723446] conn(0x7f5e74039610 0x7f5e7403bad0 unknown :-1 s=CLOSED pgs=0 cs=0 l=1 rev1=0 crypto rx=0 tx=0 comp rx=0 tx=0).stop
2024-04-26T21:08:51.308 INFO:teuthology.orchestra.run.smithi129.stdout:/usr/bin/ceph: stderr
2024-04-26T21:08:49.764+0000 7f5e9225a700 1 --2- 172.21.15.129:0/2796653818 >> [v2:172.21.15.129:3300/0,v1:172.21.15.129:6789/0] conn(0x7f5e8c106f40 0x7f5e8c19cbc0 unknown :-1 s=CLOSED pgs=60 cs=0 l=1 rev1=1 crypto rx=0 tx=0 comp rx=0 tx=0).stop
2024-04-26T21:08:51.308 INFO:teuthology.orchestra.run.smithi129.stdout:/usr/bin/ceph: stderr
2024-04-26T21:08:49.764+0000 7f5e9225a700 1 -- 172.21.15.129:0/2796653818 >> 172.21.15.129:0/2796653818 conn(0x7f5e8c1028d0 msgr2=0x7f5e8c1033c0 unknown :-1 s=STATE_NONE l=0).mark_down
2024-04-26T21:08:51.308 INFO:teuthology.orchestra.run.smithi129.stdout:/usr/bin/ceph: stderr
2024-04-26T21:08:49.765+0000 7f5e9225a700 1 -- 172.21.15.129:0/2796653818 shutdown_connections
2024-04-26T21:08:51.308 INFO:teuthology.orchestra.run.smithi129.stdout:/usr/bin/ceph: stderr
2024-04-26T21:08:49.765+0000 7f5e9225a700 1 -- 172.21.15.129:0/2796653818 wait complete.
2024-04-26T21:08:51.308 INFO:teuthology.orchestra.run.smithi129.stdout:Waiting for the mgr to restart...
2024-04-26T21:08:51.308 INFO:teuthology.orchestra.run.smithi129.stdout:Waiting for mgr epoch 9...
2024-04-26T21:08:51.565 INFO:journalctl@ceph.mgr.x.smithi129.stdout:Apr 26 21:08:51 smithi129 ceph-eccca2b2-0410-11ef-bc93-c7b262605968-mgr-x[29464]:
2024-04-26T21:08:51.319+0000 7f2812758200 -1 mgr[py] Module pg_autoscaler has missing NOTIFY_TYPES member
2024-04-26T21:08:51.565 INFO:journalctl@ceph.mgr.x.smithi129.stdout:Apr 26 21:08:51 smithi129 ceph-eccca2b2-0410-11ef-bc93-c7b262605968-mgr-x[29464]:
2024-04-26T21:08:51.517+0000 7f2812758200 -1 mgr[py] Module test_orchestrator has missing NOTIFY_TYPES member
2024-04-26T21:08:52.372 INFO:journalctl@ceph.mgr.x.smithi129.stdout:Apr 26 21:08:52 smithi129 ceph-eccca2b2-0410-11ef-bc93-c7b262605968-mgr-x[29464]:
2024-04-26T21:08:52.132+0000 7f2812758200 -1 mgr[py] Module rook has missing NOTIFY_TYPES member
2024-04-26T21:08:52.650 INFO:journalctl@ceph.mgr.x.smithi129.stdout:Apr 26 21:08:52 smithi129 ceph-eccca2b2-0410-11ef-bc93-c7b262605968-mgr-x[29464]:
2024-04-26T21:08:52.553+0000 7f2812758200 -1 mgr[py] Module volumes has missing NOTIFY_TYPES member
2024-04-26T21:08:52.650 INFO:journalctl@ceph.mgr.x.smithi129.stdout:Apr 26 21:08:52 smithi129 ceph-eccca2b2-0410-11ef-bc93-c7b262605968-mgr-x[29464]:
2024-04-26T21:08:52.649+0000 7f2812758200 -1 mgr[py] Module crash has missing NOTIFY_TYPES member
2024-04-26T21:08:52.970 INFO:journalctl@ceph.mgr.x.smithi129.stdout:Apr 26 21:08:52 smithi129 ceph-eccca2b2-0410-11ef-bc93-c7b262605968-mgr-x[29464]:
2024-04-26T21:08:52.852+0000 7f2812758200 -1 mgr[py] Module rgw has missing NOTIFY_TYPES member
2024-04-26T21:08:53.466 INFO:journalctl@ceph.mgr.x.smithi129.stdout:Apr 26 21:08:53 smithi129 ceph-eccca2b2-0410-11ef-bc93-c7b262605968-mgr-x[29464]:
2024-04-26T21:08:53.373+0000 7f2812758200 -1 mgr[py] Module prometheus has missing NOTIFY_TYPES member
2024-04-26T21:08:53.720 INFO:journalctl@ceph.mgr.x.smithi129.stdout:Apr 26 21:08:53 smithi129 ceph-eccca2b2-0410-11ef-bc93-c7b262605968-mgr-x[29464]:
2024-04-26T21:08:53.465+0000 7f2812758200 -1 mgr[py] Module devicehealth has missing NOTIFY_TYPES member
2024-04-26T21:08:53.720 INFO:journalctl@ceph.mgr.x.smithi129.stdout:Apr 26 21:08:53 smithi129 ceph-eccca2b2-0410-11ef-bc93-c7b262605968-mgr-x[29464]:
2024-04-26T21:08:53.706+0000 7f2812758200 -1 mgr[py] Module telemetry has missing NOTIFY_TYPES member
2024-04-26T21:08:54.220 INFO:journalctl@ceph.mgr.x.smithi129.stdout:Apr 26 21:08:53 smithi129 ceph-eccca2b2-0410-11ef-bc93-c7b262605968-mgr-x[29464]:
