2024-04-26T21:18:27.173 INFO:journalctl@ceph.mon.a.smithi001.stdout:Apr 26 21:18:26 smithi001 ceph-mon[28054]: Generating ssh key...
2024-04-26T21:18:27.173 INFO:journalctl@ceph.mon.a.smithi001.stdout:Apr 26 21:18:26 smithi001 ceph-mon[28054]: from='mgr.14120 172.21.15.1:0/475536812' entity='mgr.x'
2024-04-26T21:18:27.173 INFO:journalctl@ceph.mon.a.smithi001.stdout:Apr 26 21:18:26 smithi001 ceph-mon[28054]: from='mgr.14120 172.21.15.1:0/475536812' entity='mgr.x'
2024-04-26T21:18:28.103 INFO:journalctl@ceph.mon.a.smithi001.stdout:Apr 26 21:18:28 smithi001 ceph-mon[28054]: from='client.14138 -' entity='client.admin' cmd=[{"prefix": "cephadm get-pub-key", "target": ["mon-mgr", ""]}]: dispatch
2024-04-26T21:18:28.410 INFO:teuthology.orchestra.run.smithi001.stdout:/usr/bin/ceph: stdout ssh-rsa AAAAB3NzaC1yc2EAAAADAQABAAABgQCePt3ZKYGfsJpFkEgl6aRIKOdWMdEvJyJbwOefZ4nno7pSW2D3F1hKbgwvuuYk1lCyJjgseVOa9NWmWdEca54tzKrCVlva9tk7EbhjkTNGHPKID58mJotEku2LIFqoCNfxvzVroj2+mNyKaIKctSnS1dl/U6pGrWDQQyfObCXDiZ+9oYPTLG8tlCE92JBz+q4KXKAqyxqNqHqjhUJDOnw1EXInSUcFNMd15AZpc1Fi/lXycteCcBMXK24zyuUiu1vwvgDvuHhFRKGbJo7O1pnPeUVuGA0+iby0qkPNBVxwuXMeYMNyJOqTzYwm8qBS5UUMWaEjUt62RpCFllD+8I8cw9DdXgfn4O7YqX7WMpQ14GsefERhgvYPv4s+h+9rUgFXOJsolkCzHLnvmTwsRWTOOBMS1TN0Ku6uknmfaYWnxEFvDCWE9aiD8rwxjjKPTHzPZmRn7DDFuU+N3zLXXKv2109sp/QTiKb+gSrTNjD9VVneIEkilh6MsiIh2RsxtrU= ceph-44ef3d6e-0412-11ef-bc93-c7b262605968
2024-04-26T21:18:28.411 INFO:teuthology.orchestra.run.smithi001.stdout:/usr/bin/ceph: stderr
2024-04-26T21:18:27.254+0000 7f924f200700 1 Processor -- start
2024-04-26T21:18:28.411 INFO:teuthology.orchestra.run.smithi001.stdout:/usr/bin/ceph: stderr
2024-04-26T21:18:27.254+0000 7f924f200700 1 -- start start
2024-04-26T21:18:28.411 INFO:teuthology.orchestra.run.smithi001.stdout:/usr/bin/ceph: stderr
2024-04-26T21:18:27.255+0000 7f924f200700 1 --2- >> [v2:172.21.15.1:3300/0,v1:172.21.15.1:6789/0] conn(0x7f924810fc70 0x7f9248112060 unknown :-1 s=NONE pgs=0 cs=0 l=0 rev1=0 crypto rx=0 tx=0 comp rx=0 tx=0).connect
2024-04-26T21:18:28.412 INFO:teuthology.orchestra.run.smithi001.stdout:/usr/bin/ceph: stderr
2024-04-26T21:18:27.255+0000 7f924f200700 1 -- --> [v2:172.21.15.1:3300/0,v1:172.21.15.1:6789/0] -- mon_getmap magic: 0 -- 0x7f9248112630 con 0x7f924810fc70
2024-04-26T21:18:28.412 INFO:teuthology.orchestra.run.smithi001.stdout:/usr/bin/ceph: stderr
2024-04-26T21:18:27.255+0000 7f9247e00700 1 --2- >> [v2:172.21.15.1:3300/0,v1:172.21.15.1:6789/0] conn(0x7f924810fc70 0x7f9248112060 unknown :-1 s=BANNER_CONNECTING pgs=0 cs=0 l=0 rev1=0 crypto rx=0 tx=0 comp rx=0 tx=0)._handle_peer_banner_payload supported=3 required=0
2024-04-26T21:18:28.412 INFO:teuthology.orchestra.run.smithi001.stdout:/usr/bin/ceph: stderr
2024-04-26T21:18:27.255+0000 7f9247e00700 1 --2- >> [v2:172.21.15.1:3300/0,v1:172.21.15.1:6789/0] conn(0x7f924810fc70 0x7f9248112060 unknown :-1 s=HELLO_CONNECTING pgs=0 cs=0 l=0 rev1=1 crypto rx=0 tx=0 comp rx=0 tx=0).handle_hello peer v2:172.21.15.1:3300/0 says I am v2:172.21.15.1:53844/0 (socket says 172.21.15.1:53844)
2024-04-26T21:18:28.412 INFO:teuthology.orchestra.run.smithi001.stdout:/usr/bin/ceph: stderr
2024-04-26T21:18:27.255+0000 7f9247e00700 1 -- 172.21.15.1:0/1930863656 learned_addr learned my addr 172.21.15.1:0/1930863656 (peer_addr_for_me v2:172.21.15.1:0/0)
2024-04-26T21:18:28.415 INFO:teuthology.orchestra.run.smithi001.stdout:/usr/bin/ceph: stderr
2024-04-26T21:18:27.256+0000 7f9247e00700 1 -- 172.21.15.1:0/1930863656 --> [v2:172.21.15.1:3300/0,v1:172.21.15.1:6789/0] -- mon_subscribe({config=0+,monmap=0+}) -- 0x7f92481127b0 con 0x7f924810fc70
2024-04-26T21:18:28.415 INFO:teuthology.orchestra.run.smithi001.stdout:/usr/bin/ceph: stderr
2024-04-26T21:18:27.256+0000 7f9247e00700 1 --2- 172.21.15.1:0/1930863656 >> [v2:172.21.15.1:3300/0,v1:172.21.15.1:6789/0] conn(0x7f924810fc70 0x7f9248112060 secure :-1 s=READY pgs=43 cs=0 l=1 rev1=1 crypto rx=0x7f92380098a0 tx=0x7f9238009bb0 comp rx=0 tx=0).ready entity=mon.0 client_cookie=f711c4430294d3ef server_cookie=0 in_seq=0 out_seq=0
2024-04-26T21:18:28.416 INFO:teuthology.orchestra.run.smithi001.stdout:/usr/bin/ceph: stderr
2024-04-26T21:18:27.256+0000 7f9247400700 1 -- 172.21.15.1:0/1930863656 <== mon.0 v2:172.21.15.1:3300/0 1 ==== mon_map magic: 0 ==== 205+0+0 (secure 0 0 0) 0x7f9238004160 con 0x7f924810fc70
2024-04-26T21:18:28.416 INFO:teuthology.orchestra.run.smithi001.stdout:/usr/bin/ceph: stderr
2024-04-26T21:18:27.256+0000 7f9247400700 1 -- 172.21.15.1:0/1930863656 <== mon.0 v2:172.21.15.1:3300/0 2 ==== config(26 keys) ==== 1070+0+0 (secure 0 0 0) 0x7f9238004300 con 0x7f924810fc70
2024-04-26T21:18:28.416 INFO:teuthology.orchestra.run.smithi001.stdout:/usr/bin/ceph: stderr
2024-04-26T21:18:27.256+0000 7f9247400700 1 -- 172.21.15.1:0/1930863656 <== mon.0 v2:172.21.15.1:3300/0 3 ==== mon_map magic: 0 ==== 205+0+0 (secure 0 0 0) 0x7f9238011af0 con 0x7f924810fc70
2024-04-26T21:18:28.416 INFO:teuthology.orchestra.run.smithi001.stdout:/usr/bin/ceph: stderr
2024-04-26T21:18:27.257+0000 7f924f200700 1 -- 172.21.15.1:0/1930863656 >> [v2:172.21.15.1:3300/0,v1:172.21.15.1:6789/0] conn(0x7f924810fc70 msgr2=0x7f9248112060 secure :-1 s=STATE_CONNECTION_ESTABLISHED l=1).mark_down
2024-04-26T21:18:28.416 INFO:teuthology.orchestra.run.smithi001.stdout:/usr/bin/ceph: stderr
2024-04-26T21:18:27.257+0000 7f924f200700 1 --2- 172.21.15.1:0/1930863656 >> [v2:172.21.15.1:3300/0,v1:172.21.15.1:6789/0] conn(0x7f924810fc70 0x7f9248112060 secure :-1 s=READY pgs=43 cs=0 l=1 rev1=1 crypto rx=0x7f92380098a0 tx=0x7f9238009bb0 comp rx=0 tx=0).stop
2024-04-26T21:18:28.416 INFO:teuthology.orchestra.run.smithi001.stdout:/usr/bin/ceph: stderr
2024-04-26T21:18:27.257+0000 7f924f200700 1 -- 172.21.15.1:0/1930863656 shutdown_connections
2024-04-26T21:18:28.416 INFO:teuthology.orchestra.run.smithi001.stdout:/usr/bin/ceph: stderr
2024-04-26T21:18:27.257+0000 7f924f200700 1 --2- 172.21.15.1:0/1930863656 >> [v2:172.21.15.1:3300/0,v1:172.21.15.1:6789/0] conn(0x7f924810fc70 0x7f9248112060 unknown :-1 s=CLOSED pgs=43 cs=0 l=1 rev1=1 crypto rx=0 tx=0 comp rx=0 tx=0).stop
2024-04-26T21:18:28.416 INFO:teuthology.orchestra.run.smithi001.stdout:/usr/bin/ceph: stderr
2024-04-26T21:18:27.257+0000 7f924f200700 1 -- 172.21.15.1:0/1930863656 >> 172.21.15.1:0/1930863656 conn(0x7f924807e460 msgr2=0x7f9248080880 unknown :-1 s=STATE_NONE l=0).mark_down
2024-04-26T21:18:28.416 INFO:teuthology.orchestra.run.smithi001.stdout:/usr/bin/ceph: stderr
2024-04-26T21:18:27.257+0000 7f924f200700 1 -- 172.21.15.1:0/1930863656 shutdown_connections
2024-04-26T21:18:28.416 INFO:teuthology.orchestra.run.smithi001.stdout:/usr/bin/ceph: stderr
2024-04-26T21:18:27.258+0000 7f924f200700 1 -- 172.21.15.1:0/1930863656 wait complete.
2024-04-26T21:18:28.416 INFO:teuthology.orchestra.run.smithi001.stdout:/usr/bin/ceph: stderr
2024-04-26T21:18:27.259+0000 7f924f200700 1 Processor -- start
2024-04-26T21:18:28.416 INFO:teuthology.orchestra.run.smithi001.stdout:/usr/bin/ceph: stderr
2024-04-26T21:18:27.259+0000 7f924f200700 1 -- start start
2024-04-26T21:18:28.416 INFO:teuthology.orchestra.run.smithi001.stdout:/usr/bin/ceph: stderr
2024-04-26T21:18:27.259+0000 7f924f200700 1 --2- >> [v2:172.21.15.1:3300/0,v1:172.21.15.1:6789/0] conn(0x7f924810fc70 0x7f92481a3280 unknown :-1 s=NONE pgs=0 cs=0 l=1 rev1=0 crypto rx=0 tx=0 comp rx=0 tx=0).connect
2024-04-26T21:18:28.416 INFO:teuthology.orchestra.run.smithi001.stdout:/usr/bin/ceph: stderr
2024-04-26T21:18:27.259+0000 7f924f200700 1 -- --> [v2:172.21.15.1:3300/0,v1:172.21.15.1:6789/0] -- mon_getmap magic: 0 -- 0x7f9248113760 con 0x7f924810fc70
2024-04-26T21:18:28.417 INFO:teuthology.orchestra.run.smithi001.stdout:/usr/bin/ceph: stderr
2024-04-26T21:18:27.259+0000 7f9247e00700 1 --2- >> [v2:172.21.15.1:3300/0,v1:172.21.15.1:6789/0] conn(0x7f924810fc70 0x7f92481a3280 unknown :-1 s=BANNER_CONNECTING pgs=0 cs=0 l=1 rev1=0 crypto rx=0 tx=0 comp rx=0 tx=0)._handle_peer_banner_payload supported=3 required=0
2024-04-26T21:18:28.417 INFO:teuthology.orchestra.run.smithi001.stdout:/usr/bin/ceph: stderr
2024-04-26T21:18:27.259+0000 7f9247e00700 1 --2- >> [v2:172.21.15.1:3300/0,v1:172.21.15.1:6789/0] conn(0x7f924810fc70 0x7f92481a3280 unknown :-1 s=HELLO_CONNECTING pgs=0 cs=0 l=1 rev1=1 crypto rx=0 tx=0 comp rx=0 tx=0).handle_hello peer v2:172.21.15.1:3300/0 says I am v2:172.21.15.1:53848/0 (socket says 172.21.15.1:53848)
2024-04-26T21:18:28.417 INFO:teuthology.orchestra.run.smithi001.stdout:/usr/bin/ceph: stderr
2024-04-26T21:18:27.259+0000 7f9247e00700 1 -- 172.21.15.1:0/1325690079 learned_addr learned my addr 172.21.15.1:0/1325690079 (peer_addr_for_me v2:172.21.15.1:0/0)
2024-04-26T21:18:28.417 INFO:teuthology.orchestra.run.smithi001.stdout:/usr/bin/ceph: stderr
2024-04-26T21:18:27.260+0000 7f9247e00700 1 -- 172.21.15.1:0/1325690079 --> [v2:172.21.15.1:3300/0,v1:172.21.15.1:6789/0] -- mon_subscribe({config=0+,monmap=0+}) -- 0x7f92481a37c0 con 0x7f924810fc70
2024-04-26T21:18:28.417 INFO:teuthology.orchestra.run.smithi001.stdout:/usr/bin/ceph: stderr
2024-04-26T21:18:27.260+0000 7f9247e00700 1 --2- 172.21.15.1:0/1325690079 >> [v2:172.21.15.1:3300/0,v1:172.21.15.1:6789/0] conn(0x7f924810fc70 0x7f92481a3280 secure :-1 s=READY pgs=44 cs=0 l=1 rev1=1 crypto rx=0x7f9238011ac0 tx=0x7f9238011ba0 comp rx=0 tx=0).ready entity=mon.0 client_cookie=0 server_cookie=0 in_seq=0 out_seq=0
2024-04-26T21:18:28.417 INFO:teuthology.orchestra.run.smithi001.stdout:/usr/bin/ceph: stderr
2024-04-26T21:18:27.260+0000 7f9245600700 1 -- 172.21.15.1:0/1325690079 <== mon.0 v2:172.21.15.1:3300/0 1 ==== mon_map magic: 0 ==== 205+0+0 (secure 0 0 0) 0x7f9238003b20 con 0x7f924810fc70
2024-04-26T21:18:28.417 INFO:teuthology.orchestra.run.smithi001.stdout:/usr/bin/ceph: stderr
2024-04-26T21:18:27.260+0000 7f9245600700 1 -- 172.21.15.1:0/1325690079 <== mon.0 v2:172.21.15.1:3300/0 2 ==== config(26 keys) ==== 1070+0+0 (secure 0 0 0) 0x7f923801a8c0 con 0x7f924810fc70
2024-04-26T21:18:28.418 INFO:teuthology.orchestra.run.smithi001.stdout:/usr/bin/ceph: stderr
2024-04-26T21:18:27.260+0000 7f9245600700 1 -- 172.21.15.1:0/1325690079 <== mon.0 v2:172.21.15.1:3300/0 3 ==== mon_map magic: 0 ==== 205+0+0 (secure 0 0 0) 0x7f92380248d0 con 0x7f924810fc70
2024-04-26T21:18:28.418 INFO:teuthology.orchestra.run.smithi001.stdout:/usr/bin/ceph: stderr
2024-04-26T21:18:27.261+0000 7f924f200700 1 -- 172.21.15.1:0/1325690079 --> [v2:172.21.15.1:3300/0,v1:172.21.15.1:6789/0] -- mon_subscribe({mgrmap=0+}) -- 0x7f92481a3ab0 con 0x7f924810fc70
2024-04-26T21:18:28.418 INFO:teuthology.orchestra.run.smithi001.stdout:/usr/bin/ceph: stderr
2024-04-26T21:18:27.261+0000 7f924f200700 1 -- 172.21.15.1:0/1325690079 --> [v2:172.21.15.1:3300/0,v1:172.21.15.1:6789/0] -- mon_subscribe({osdmap=0}) -- 0x7f92481a6740 con 0x7f924810fc70
2024-04-26T21:18:28.418 INFO:teuthology.orchestra.run.smithi001.stdout:/usr/bin/ceph: stderr
2024-04-26T21:18:27.262+0000 7f924f200700 1 -- 172.21.15.1:0/1325690079 --> [v2:172.21.15.1:3300/0,v1:172.21.15.1:6789/0] -- mon_command({"prefix": "get_command_descriptions"} v 0) -- 0x7f9248064a80 con 0x7f924810fc70
2024-04-26T21:18:28.418 INFO:teuthology.orchestra.run.smithi001.stdout:/usr/bin/ceph: stderr
2024-04-26T21:18:27.262+0000 7f9245600700 1 -- 172.21.15.1:0/1325690079 <== mon.0 v2:172.21.15.1:3300/0 4 ==== mgrmap(e 8) ==== 46558+0+0 (secure 0 0 0) 0x7f9238022020 con 0x7f924810fc70
2024-04-26T21:18:28.418 INFO:teuthology.orchestra.run.smithi001.stdout:/usr/bin/ceph: stderr
2024-04-26T21:18:27.263+0000 7f9245600700 1 --2- 172.21.15.1:0/1325690079 >> [v2:172.21.15.1:6800/3159681858,v1:172.21.15.1:6801/3159681858] conn(0x7f922c039600 0x7f922c03bac0 unknown :-1 s=NONE pgs=0 cs=0 l=1 rev1=0 crypto rx=0 tx=0 comp rx=0 tx=0).connect
2024-04-26T21:18:28.418 INFO:teuthology.orchestra.run.smithi001.stdout:/usr/bin/ceph: stderr
2024-04-26T21:18:27.263+0000 7f9245600700 1 -- 172.21.15.1:0/1325690079 <== mon.0 v2:172.21.15.1:3300/0 5 ==== osd_map(2..2 src has 1..2) ==== 940+0+0 (secure 0 0 0) 0x7f923804d8b0 con 0x7f924810fc70
2024-04-26T21:18:28.419 INFO:teuthology.orchestra.run.smithi001.stdout:/usr/bin/ceph: stderr
2024-04-26T21:18:27.263+0000 7f923f400700 1 --2- 172.21.15.1:0/1325690079 >> [v2:172.21.15.1:6800/3159681858,v1:172.21.15.1:6801/3159681858] conn(0x7f922c039600 0x7f922c03bac0 unknown :-1 s=BANNER_CONNECTING pgs=0 cs=0 l=1 rev1=0 crypto rx=0 tx=0 comp rx=0 tx=0)._handle_peer_banner_payload supported=3 required=0
2024-04-26T21:18:28.422 INFO:teuthology.orchestra.run.smithi001.stdout:/usr/bin/ceph: stderr
2024-04-26T21:18:27.264+0000 7f923f400700 1 --2- 172.21.15.1:0/1325690079 >> [v2:172.21.15.1:6800/3159681858,v1:172.21.15.1:6801/3159681858] conn(0x7f922c039600 0x7f922c03bac0 secure :-1 s=READY pgs=10 cs=0 l=1 rev1=1 crypto rx=0x7f9230006fd0 tx=0x7f9230006e40 comp rx=0 tx=0).ready entity=mgr.14120 client_cookie=0 server_cookie=0 in_seq=0 out_seq=0
2024-04-26T21:18:28.422 INFO:teuthology.orchestra.run.smithi001.stdout:/usr/bin/ceph: stderr
2024-04-26T21:18:27.268+0000 7f9245600700 1 -- 172.21.15.1:0/1325690079 <== mon.0 v2:172.21.15.1:3300/0 6 ==== mon_command_ack([{"prefix": "get_command_descriptions"}]=0 v0) ==== 72+0+188494 (secure 0 0 0) 0x7f923801ab20 con 0x7f924810fc70
2024-04-26T21:18:28.423 INFO:teuthology.orchestra.run.smithi001.stdout:/usr/bin/ceph: stderr
2024-04-26T21:18:27.498+0000 7f924f200700 1 -- 172.21.15.1:0/1325690079 --> [v2:172.21.15.1:6800/3159681858,v1:172.21.15.1:6801/3159681858] -- mgr_command(tid 0: {"prefix": "cephadm get-pub-key", "target": ["mon-mgr", ""]}) -- 0x7f924807f610 con 0x7f922c039600
2024-04-26T21:18:28.423 INFO:teuthology.orchestra.run.smithi001.stdout:/usr/bin/ceph: stderr
2024-04-26T21:18:27.499+0000 7f9245600700 1 -- 172.21.15.1:0/1325690079 <== mgr.14120 v2:172.21.15.1:6800/3159681858 1 ==== mgr_command_reply(tid 0: 0 ) ==== 8+0+595 (secure 0 0 0) 0x7f924807f610 con 0x7f922c039600
2024-04-26T21:18:28.423 INFO:teuthology.orchestra.run.smithi001.stdout:/usr/bin/ceph: stderr
2024-04-26T21:18:27.502+0000 7f924f200700 1 -- 172.21.15.1:0/1325690079 >> [v2:172.21.15.1:6800/3159681858,v1:172.21.15.1:6801/3159681858] conn(0x7f922c039600 msgr2=0x7f922c03bac0 secure :-1 s=STATE_CONNECTION_ESTABLISHED l=1).mark_down
2024-04-26T21:18:28.423 INFO:teuthology.orchestra.run.smithi001.stdout:/usr/bin/ceph: stderr
2024-04-26T21:18:27.502+0000 7f924f200700 1 --2- 172.21.15.1:0/1325690079 >> [v2:172.21.15.1:6800/3159681858,v1:172.21.15.1:6801/3159681858] conn(0x7f922c039600 0x7f922c03bac0 secure :-1 s=READY pgs=10 cs=0 l=1 rev1=1 crypto rx=0x7f9230006fd0 tx=0x7f9230006e40 comp rx=0 tx=0).stop
2024-04-26T21:18:28.423 INFO:teuthology.orchestra.run.smithi001.stdout:/usr/bin/ceph: stderr
2024-04-26T21:18:27.502+0000 7f924f200700 1 -- 172.21.15.1:0/1325690079 >> [v2:172.21.15.1:3300/0,v1:172.21.15.1:6789/0] conn(0x7f924810fc70 msgr2=0x7f92481a3280 secure :-1 s=STATE_CONNECTION_ESTABLISHED l=1).mark_down
2024-04-26T21:18:28.423 INFO:teuthology.orchestra.run.smithi001.stdout:/usr/bin/ceph: stderr
2024-04-26T21:18:27.502+0000 7f924f200700 1 --2- 172.21.15.1:0/1325690079 >> [v2:172.21.15.1:3300/0,v1:172.21.15.1:6789/0] conn(0x7f924810fc70 0x7f92481a3280 secure :-1 s=READY pgs=44 cs=0 l=1 rev1=1 crypto rx=0x7f9238011ac0 tx=0x7f9238011ba0 comp rx=0 tx=0).stop
2024-04-26T21:18:28.423 INFO:teuthology.orchestra.run.smithi001.stdout:/usr/bin/ceph: stderr
2024-04-26T21:18:27.502+0000 7f924f200700 1 -- 172.21.15.1:0/1325690079 shutdown_connections
2024-04-26T21:18:28.424 INFO:teuthology.orchestra.run.smithi001.stdout:/usr/bin/ceph: stderr
2024-04-26T21:18:27.502+0000 7f924f200700 1 --2- 172.21.15.1:0/1325690079 >> [v2:172.21.15.1:6800/3159681858,v1:172.21.15.1:6801/3159681858] conn(0x7f922c039600 0x7f922c03bac0 unknown :-1 s=CLOSED pgs=10 cs=0 l=1 rev1=1 crypto rx=0 tx=0 comp rx=0 tx=0).stop
2024-04-26T21:18:28.424 INFO:teuthology.orchestra.run.smithi001.stdout:/usr/bin/ceph: stderr
2024-04-26T21:18:27.502+0000 7f924f200700 1 --2- 172.21.15.1:0/1325690079 >> [v2:172.21.15.1:3300/0,v1:172.21.15.1:6789/0] conn(0x7f924810fc70 0x7f92481a3280 unknown :-1 s=CLOSED pgs=44 cs=0 l=1 rev1=1 crypto rx=0 tx=0 comp rx=0 tx=0).stop
2024-04-26T21:18:28.424 INFO:teuthology.orchestra.run.smithi001.stdout:/usr/bin/ceph: stderr
2024-04-26T21:18:27.502+0000 7f924f200700 1 -- 172.21.15.1:0/1325690079 >> 172.21.15.1:0/1325690079 conn(0x7f924807e460 msgr2=0x7f924807ef00 unknown :-1 s=STATE_NONE l=0).mark_down
2024-04-26T21:18:28.424 INFO:teuthology.orchestra.run.smithi001.stdout:/usr/bin/ceph: stderr
2024-04-26T21:18:27.503+0000 7f924f200700 1 -- 172.21.15.1:0/1325690079 shutdown_connections
2024-04-26T21:18:28.424 INFO:teuthology.orchestra.run.smithi001.stdout:/usr/bin/ceph: stderr
2024-04-26T21:18:27.503+0000 7f924f200700 1 -- 172.21.15.1:0/1325690079 wait complete.
2024-04-26T21:18:28.424 INFO:teuthology.orchestra.run.smithi001.stdout:Wrote public SSH key to /home/ubuntu/cephtest/ceph.pub
2024-04-26T21:18:28.425 INFO:teuthology.orchestra.run.smithi001.stdout:Adding key to root@localhost authorized_keys...
2024-04-26T21:18:28.429 INFO:teuthology.orchestra.run.smithi001.stdout:Adding host smithi001...
2024-04-26T21:18:30.317 INFO:journalctl@ceph.mon.a.smithi001.stdout:Apr 26 21:18:30 smithi001 ceph-mon[28054]: from='client.14140 -' entity='client.admin' cmd=[{"prefix": "orch host add", "hostname": "smithi001", "addr": "172.21.15.1", "target": ["mon-mgr", ""]}]: dispatch
2024-04-26T21:18:31.317 INFO:journalctl@ceph.mon.a.smithi001.stdout:Apr 26 21:18:31 smithi001 ceph-mon[28054]: Deploying cephadm binary to smithi001
2024-04-26T21:18:36.630 INFO:teuthology.orchestra.run.smithi001.stdout:/usr/bin/ceph: stdout Added host 'smithi001' with addr '172.21.15.1'
2024-04-26T21:18:36.630 INFO:teuthology.orchestra.run.smithi001.stdout:/usr/bin/ceph: stderr
2024-04-26T21:18:29.087+0000 7f3178400700 1 Processor -- start
2024-04-26T21:18:36.631 INFO:teuthology.orchestra.run.smithi001.stdout:/usr/bin/ceph: stderr
2024-04-26T21:18:29.087+0000 7f3178400700 1 -- start start
2024-04-26T21:18:36.631 INFO:teuthology.orchestra.run.smithi001.stdout:/usr/bin/ceph: stderr
2024-04-26T21:18:29.087+0000 7f3178400700 1 --2- >> [v2:172.21.15.1:3300/0,v1:172.21.15.1:6789/0] conn(0x7f317010b050 0x7f317010b470 unknown :-1 s=NONE pgs=0 cs=0 l=0 rev1=0 crypto rx=0 tx=0 comp rx=0 tx=0).connect
2024-04-26T21:18:36.631 INFO:teuthology.orchestra.run.smithi001.stdout:/usr/bin/ceph: stderr
2024-04-26T21:18:29.087+0000 7f3178400700 1 -- --> [v2:172.21.15.1:3300/0,v1:172.21.15.1:6789/0] -- mon_getmap magic: 0 -- 0x7f317010ba40 con 0x7f317010b050
2024-04-26T21:18:36.631 INFO:teuthology.orchestra.run.smithi001.stdout:/usr/bin/ceph: stderr
2024-04-26T21:18:29.088+0000 7f3175a00700 1 --2- >> [v2:172.21.15.1:3300/0,v1:172.21.15.1:6789/0] conn(0x7f317010b050 0x7f317010b470 unknown :-1 s=BANNER_CONNECTING pgs=0 cs=0 l=0 rev1=0 crypto rx=0 tx=0 comp rx=0 tx=0)._handle_peer_banner_payload supported=3 required=0
2024-04-26T21:18:36.631 INFO:teuthology.orchestra.run.smithi001.stdout:/usr/bin/ceph: stderr
2024-04-26T21:18:29.088+0000 7f3175a00700 1 --2- >> [v2:172.21.15.1:3300/0,v1:172.21.15.1:6789/0] conn(0x7f317010b050 0x7f317010b470 unknown :-1 s=HELLO_CONNECTING pgs=0 cs=0 l=0 rev1=1 crypto rx=0 tx=0 comp rx=0 tx=0).handle_hello peer v2:172.21.15.1:3300/0 says I am v2:172.21.15.1:33864/0 (socket says 172.21.15.1:33864)
2024-04-26T21:18:36.631 INFO:teuthology.orchestra.run.smithi001.stdout:/usr/bin/ceph: stderr
2024-04-26T21:18:29.088+0000 7f3175a00700 1 -- 172.21.15.1:0/370661904 learned_addr learned my addr 172.21.15.1:0/370661904 (peer_addr_for_me v2:172.21.15.1:0/0)
2024-04-26T21:18:36.631 INFO:teuthology.orchestra.run.smithi001.stdout:/usr/bin/ceph: stderr
2024-04-26T21:18:29.088+0000 7f3175a00700 1 -- 172.21.15.1:0/370661904 --> [v2:172.21.15.1:3300/0,v1:172.21.15.1:6789/0] -- mon_subscribe({config=0+,monmap=0+}) -- 0x7f317010c250 con 0x7f317010b050
2024-04-26T21:18:36.631 INFO:teuthology.orchestra.run.smithi001.stdout:/usr/bin/ceph: stderr
2024-04-26T21:18:29.089+0000 7f3175a00700 1 --2- 172.21.15.1:0/370661904 >> [v2:172.21.15.1:3300/0,v1:172.21.15.1:6789/0] conn(0x7f317010b050 0x7f317010b470 secure :-1 s=READY pgs=45 cs=0 l=1 rev1=1 crypto rx=0x7f3164009e80 tx=0x7f316400b330 comp rx=0 tx=0).ready entity=mon.0 client_cookie=f1ece32da6bdbdf1 server_cookie=0 in_seq=0 out_seq=0
2024-04-26T21:18:36.631 INFO:teuthology.orchestra.run.smithi001.stdout:/usr/bin/ceph: stderr
2024-04-26T21:18:29.089+0000 7f316fe00700 1 -- 172.21.15.1:0/370661904 <== mon.0 v2:172.21.15.1:3300/0 1 ==== mon_map magic: 0 ==== 205+0+0 (secure 0 0 0) 0x7f3164017070 con 0x7f317010b050
2024-04-26T21:18:36.631 INFO:teuthology.orchestra.run.smithi001.stdout:/usr/bin/ceph: stderr
2024-04-26T21:18:29.089+0000 7f316fe00700 1 -- 172.21.15.1:0/370661904 <== mon.0 v2:172.21.15.1:3300/0 2 ==== config(26 keys) ==== 1070+0+0 (secure 0 0 0) 0x7f316400b8c0 con 0x7f317010b050
2024-04-26T21:18:36.631 INFO:teuthology.orchestra.run.smithi001.stdout:/usr/bin/ceph: stderr
2024-04-26T21:18:29.089+0000 7f316fe00700 1 -- 172.21.15.1:0/370661904 <== mon.0 v2:172.21.15.1:3300/0 3 ==== mon_map magic: 0 ==== 205+0+0 (secure 0 0 0) 0x7f3164004490 con 0x7f317010b050
2024-04-26T21:18:36.632 INFO:teuthology.orchestra.run.smithi001.stdout:/usr/bin/ceph: stderr
2024-04-26T21:18:29.089+0000 7f3178400700 1 -- 172.21.15.1:0/370661904 >> [v2:172.21.15.1:3300/0,v1:172.21.15.1:6789/0] conn(0x7f317010b050 msgr2=0x7f317010b470 secure :-1 s=STATE_CONNECTION_ESTABLISHED l=1).mark_down
2024-04-26T21:18:36.632 INFO:teuthology.orchestra.run.smithi001.stdout:/usr/bin/ceph: stderr
2024-04-26T21:18:29.089+0000 7f3178400700 1 --2- 172.21.15.1:0/370661904 >> [v2:172.21.15.1:3300/0,v1:172.21.15.1:6789/0] conn(0x7f317010b050 0x7f317010b470 secure :-1 s=READY pgs=45 cs=0 l=1 rev1=1 crypto rx=0x7f3164009e80 tx=0x7f316400b330 comp rx=0 tx=0).stop
2024-04-26T21:18:36.632 INFO:teuthology.orchestra.run.smithi001.stdout:/usr/bin/ceph: stderr
2024-04-26T21:18:29.090+0000 7f3178400700 1 -- 172.21.15.1:0/370661904 shutdown_connections
2024-04-26T21:18:36.632 INFO:teuthology.orchestra.run.smithi001.stdout:/usr/bin/ceph: stderr
2024-04-26T21:18:29.090+0000 7f3178400700 1 --2- 172.21.15.1:0/370661904 >> [v2:172.21.15.1:3300/0,v1:172.21.15.1:6789/0] conn(0x7f317010b050 0x7f317010b470 unknown :-1 s=CLOSED pgs=45 cs=0 l=1 rev1=1 crypto rx=0 tx=0 comp rx=0 tx=0).stop
2024-04-26T21:18:36.632 INFO:teuthology.orchestra.run.smithi001.stdout:/usr/bin/ceph: stderr
2024-04-26T21:18:29.090+0000 7f3178400700 1 -- 172.21.15.1:0/370661904 >> 172.21.15.1:0/370661904 conn(0x7f317007e430 msgr2=0x7f317007e840 unknown :-1 s=STATE_NONE l=0).mark_down
2024-04-26T21:18:36.632 INFO:teuthology.orchestra.run.smithi001.stdout:/usr/bin/ceph: stderr
2024-04-26T21:18:29.090+0000 7f3178400700 1 -- 172.21.15.1:0/370661904 shutdown_connections
2024-04-26T21:18:36.632 INFO:teuthology.orchestra.run.smithi001.stdout:/usr/bin/ceph: stderr
2024-04-26T21:18:29.090+0000 7f3178400700 1 -- 172.21.15.1:0/370661904 wait complete.
2024-04-26T21:18:36.632 INFO:teuthology.orchestra.run.smithi001.stdout:/usr/bin/ceph: stderr
2024-04-26T21:18:29.091+0000 7f3178400700 1 Processor -- start
2024-04-26T21:18:36.632 INFO:teuthology.orchestra.run.smithi001.stdout:/usr/bin/ceph: stderr
2024-04-26T21:18:29.091+0000 7f3178400700 1 -- start start
2024-04-26T21:18:36.632 INFO:teuthology.orchestra.run.smithi001.stdout:/usr/bin/ceph: stderr
2024-04-26T21:18:29.091+0000 7f3178400700 1 --2- >> [v2:172.21.15.1:3300/0,v1:172.21.15.1:6789/0] conn(0x7f317010b050 0x7f317019eef0 unknown :-1 s=NONE pgs=0 cs=0 l=1 rev1=0 crypto rx=0 tx=0 comp rx=0 tx=0).connect
2024-04-26T21:18:36.632 INFO:teuthology.orchestra.run.smithi001.stdout:/usr/bin/ceph: stderr
2024-04-26T21:18:29.091+0000 7f3178400700 1 -- --> [v2:172.21.15.1:3300/0,v1:172.21.15.1:6789/0] -- mon_getmap magic: 0 -- 0x7f317010f600 con 0x7f317010b050
2024-04-26T21:18:36.632 INFO:teuthology.orchestra.run.smithi001.stdout:/usr/bin/ceph: stderr
2024-04-26T21:18:29.092+0000 7f3175a00700 1 --2- >> [v2:172.21.15.1:3300/0,v1:172.21.15.1:6789/0] conn(0x7f317010b050 0x7f317019eef0 unknown :-1 s=BANNER_CONNECTING pgs=0 cs=0 l=1 rev1=0 crypto rx=0 tx=0 comp rx=0 tx=0)._handle_peer_banner_payload supported=3 required=0
2024-04-26T21:18:36.632 INFO:teuthology.orchestra.run.smithi001.stdout:/usr/bin/ceph: stderr
2024-04-26T21:18:29.092+0000 7f3175a00700 1 --2- >> [v2:172.21.15.1:3300/0,v1:172.21.15.1:6789/0] conn(0x7f317010b050 0x7f317019eef0 unknown :-1 s=HELLO_CONNECTING pgs=0 cs=0 l=1 rev1=1 crypto rx=0 tx=0 comp rx=0 tx=0).handle_hello peer v2:172.21.15.1:3300/0 says I am v2:172.21.15.1:33880/0 (socket says 172.21.15.1:33880)
2024-04-26T21:18:36.633 INFO:teuthology.orchestra.run.smithi001.stdout:/usr/bin/ceph: stderr
2024-04-26T21:18:29.092+0000 7f3175a00700 1 -- 172.21.15.1:0/3525607996 learned_addr learned my addr 172.21.15.1:0/3525607996 (peer_addr_for_me v2:172.21.15.1:0/0)
2024-04-26T21:18:36.633 INFO:teuthology.orchestra.run.smithi001.stdout:/usr/bin/ceph: stderr
2024-04-26T21:18:29.092+0000 7f3175a00700 1 -- 172.21.15.1:0/3525607996 --> [v2:172.21.15.1:3300/0,v1:172.21.15.1:6789/0] -- mon_subscribe({config=0+,monmap=0+}) -- 0x7f317019f430 con 0x7f317010b050
2024-04-26T21:18:36.633 INFO:teuthology.orchestra.run.smithi001.stdout:/usr/bin/ceph: stderr
2024-04-26T21:18:29.092+0000 7f3175a00700 1 --2- 172.21.15.1:0/3525607996 >> [v2:172.21.15.1:3300/0,v1:172.21.15.1:6789/0] conn(0x7f317010b050 0x7f317019eef0 secure :-1 s=READY pgs=46 cs=0 l=1 rev1=1 crypto rx=0x7f3164004a60 tx=0x7f316400bd50 comp rx=0 tx=0).ready entity=mon.0 client_cookie=0 server_cookie=0 in_seq=0 out_seq=0
2024-04-26T21:18:36.633 INFO:teuthology.orchestra.run.smithi001.stdout:/usr/bin/ceph: stderr
2024-04-26T21:18:29.093+0000 7f316e000700 1 -- 172.21.15.1:0/3525607996 <== mon.0 v2:172.21.15.1:3300/0 1 ==== mon_map magic: 0 ==== 205+0+0 (secure 0 0 0) 0x7f3164020020 con 0x7f317010b050
2024-04-26T21:18:36.633 INFO:teuthology.orchestra.run.smithi001.stdout:/usr/bin/ceph: stderr
2024-04-26T21:18:29.093+0000 7f316e000700 1 -- 172.21.15.1:0/3525607996 <== mon.0 v2:172.21.15.1:3300/0 2 ==== config(26 keys) ==== 1070+0+0 (secure 0 0 0) 0x7f3164003c60 con 0x7f317010b050
2024-04-26T21:18:36.633 INFO:teuthology.orchestra.run.smithi001.stdout:/usr/bin/ceph: stderr
2024-04-26T21:18:29.093+0000 7f3178400700 1 -- 172.21.15.1:0/3525607996 --> [v2:172.21.15.1:3300/0,v1:172.21.15.1:6789/0] -- mon_subscribe({mgrmap=0+}) -- 0x7f317019f6c0 con 0x7f317010b050
2024-04-26T21:18:36.633 INFO:teuthology.orchestra.run.smithi001.stdout:/usr/bin/ceph: stderr
2024-04-26T21:18:29.093+0000 7f316e000700 1 -- 172.21.15.1:0/3525607996 <== mon.0 v2:172.21.15.1:3300/0 3 ==== mon_map magic: 0 ==== 205+0+0 (secure 0 0 0) 0x7f3164017040 con 0x7f317010b050
2024-04-26T21:18:36.633 INFO:teuthology.orchestra.run.smithi001.stdout:/usr/bin/ceph: stderr
2024-04-26T21:18:29.093+0000 7f3178400700 1 -- 172.21.15.1:0/3525607996 --> [v2:172.21.15.1:3300/0,v1:172.21.15.1:6789/0] -- mon_subscribe({osdmap=0}) -- 0x7f31701a23b0 con 0x7f317010b050
2024-04-26T21:18:36.633 INFO:teuthology.orchestra.run.smithi001.stdout:/usr/bin/ceph: stderr
2024-04-26T21:18:29.094+0000 7f316e000700 1 -- 172.21.15.1:0/3525607996 <== mon.0 v2:172.21.15.1:3300/0 4 ==== mgrmap(e 8) ==== 46558+0+0 (secure 0 0 0) 0x7f3164023020 con 0x7f317010b050
2024-04-26T21:18:36.633 INFO:teuthology.orchestra.run.smithi001.stdout:/usr/bin/ceph: stderr
2024-04-26T21:18:29.094+0000 7f3178400700 1 -- 172.21.15.1:0/3525607996 --> [v2:172.21.15.1:3300/0,v1:172.21.15.1:6789/0] -- mon_command({"prefix": "get_command_descriptions"} v 0) -- 0x7f3170064a80 con 0x7f317010b050
2024-04-26T21:18:36.633 INFO:teuthology.orchestra.run.smithi001.stdout:/usr/bin/ceph: stderr
2024-04-26T21:18:29.095+0000 7f316e000700 1 --2- 172.21.15.1:0/3525607996 >> [v2:172.21.15.1:6800/3159681858,v1:172.21.15.1:6801/3159681858] conn(0x7f3158039600 0x7f315803bac0 unknown :-1 s=NONE pgs=0 cs=0 l=1 rev1=0 crypto rx=0 tx=0 comp rx=0 tx=0).connect
2024-04-26T21:18:36.634 INFO:teuthology.orchestra.run.smithi001.stdout:/usr/bin/ceph: stderr
2024-04-26T21:18:29.095+0000 7f316e000700 1 -- 172.21.15.1:0/3525607996 <== mon.0 v2:172.21.15.1:3300/0 5 ==== osd_map(2..2 src has 1..2) ==== 940+0+0 (secure 0 0 0) 0x7f316400f050 con 0x7f317010b050
2024-04-26T21:18:36.634 INFO:teuthology.orchestra.run.smithi001.stdout:/usr/bin/ceph: stderr
2024-04-26T21:18:29.095+0000 7f3175000700 1 --2- 172.21.15.1:0/3525607996 >> [v2:172.21.15.1:6800/3159681858,v1:172.21.15.1:6801/3159681858] conn(0x7f3158039600 0x7f315803bac0 unknown :-1 s=BANNER_CONNECTING pgs=0 cs=0 l=1 rev1=0 crypto rx=0 tx=0 comp rx=0 tx=0)._handle_peer_banner_payload supported=3 required=0
2024-04-26T21:18:36.634 INFO:teuthology.orchestra.run.smithi001.stdout:/usr/bin/ceph: stderr
2024-04-26T21:18:29.096+0000 7f3175000700 1 --2- 172.21.15.1:0/3525607996 >> [v2:172.21.15.1:6800/3159681858,v1:172.21.15.1:6801/3159681858] conn(0x7f3158039600 0x7f315803bac0 secure :-1 s=READY pgs=11 cs=0 l=1 rev1=1 crypto rx=0x7f315c006fd0 tx=0x7f315c006e40 comp rx=0 tx=0).ready entity=mgr.14120 client_cookie=0 server_cookie=0 in_seq=0 out_seq=0
2024-04-26T21:18:36.634 INFO:teuthology.orchestra.run.smithi001.stdout:/usr/bin/ceph: stderr
2024-04-26T21:18:29.100+0000 7f316e000700 1 -- 172.21.15.1:0/3525607996 <== mon.0 v2:172.21.15.1:3300/0 6 ==== mon_command_ack([{"prefix": "get_command_descriptions"}]=0 v0) ==== 72+0+188494 (secure 0 0 0) 0x7f316402a020 con 0x7f317010b050
2024-04-26T21:18:36.634 INFO:teuthology.orchestra.run.smithi001.stdout:/usr/bin/ceph: stderr
2024-04-26T21:18:29.334+0000 7f3178400700 1 -- 172.21.15.1:0/3525607996 --> [v2:172.21.15.1:6800/3159681858,v1:172.21.15.1:6801/3159681858] -- mgr_command(tid 0: {"prefix": "orch host add", "hostname": "smithi001", "addr": "172.21.15.1", "target": ["mon-mgr", ""]}) -- 0x7f3170108a50 con 0x7f3158039600
2024-04-26T21:18:36.634 INFO:teuthology.orchestra.run.smithi001.stdout:/usr/bin/ceph: stderr
2024-04-26T21:18:35.916+0000 7f316e000700 1 -- 172.21.15.1:0/3525607996 <== mgr.14120 v2:172.21.15.1:6800/3159681858 1 ==== mgr_command_reply(tid 0: 0 ) ==== 8+0+47 (secure 0 0 0) 0x7f3170108a50 con 0x7f3158039600
2024-04-26T21:18:36.634 INFO:teuthology.orchestra.run.smithi001.stdout:/usr/bin/ceph: stderr
2024-04-26T21:18:35.920+0000 7f3178400700 1 -- 172.21.15.1:0/3525607996 >> [v2:172.21.15.1:6800/3159681858,v1:172.21.15.1:6801/3159681858] conn(0x7f3158039600 msgr2=0x7f315803bac0 secure :-1 s=STATE_CONNECTION_ESTABLISHED l=1).mark_down
2024-04-26T21:18:36.634 INFO:teuthology.orchestra.run.smithi001.stdout:/usr/bin/ceph: stderr
2024-04-26T21:18:35.920+0000 7f3178400700 1 --2- 172.21.15.1:0/3525607996 >> [v2:172.21.15.1:6800/3159681858,v1:172.21.15.1:6801/3159681858] conn(0x7f3158039600 0x7f315803bac0 secure :-1 s=READY pgs=11 cs=0 l=1 rev1=1 crypto rx=0x7f315c006fd0 tx=0x7f315c006e40 comp rx=0 tx=0).stop
2024-04-26T21:18:36.634 INFO:teuthology.orchestra.run.smithi001.stdout:/usr/bin/ceph: stderr
2024-04-26T21:18:35.920+0000 7f3178400700 1 -- 172.21.15.1:0/3525607996 >> [v2:172.21.15.1:3300/0,v1:172.21.15.1:6789/0] conn(0x7f317010b050 msgr2=0x7f317019eef0 secure :-1 s=STATE_CONNECTION_ESTABLISHED l=1).mark_down
2024-04-26T21:18:36.634 INFO:teuthology.orchestra.run.smithi001.stdout:/usr/bin/ceph: stderr
2024-04-26T21:18:35.920+0000 7f3178400700 1 --2- 172.21.15.1:0/3525607996 >> [v2:172.21.15.1:3300/0,v1:172.21.15.1:6789/0] conn(0x7f317010b050 0x7f317019eef0 secure :-1 s=READY pgs=46 cs=0 l=1 rev1=1 crypto rx=0x7f3164004a60 tx=0x7f316400bd50 comp rx=0 tx=0).stop
2024-04-26T21:18:36.634 INFO:teuthology.orchestra.run.smithi001.stdout:/usr/bin/ceph: stderr
2024-04-26T21:18:35.921+0000 7f3178400700 1 -- 172.21.15.1:0/3525607996 shutdown_connections
2024-04-26T21:18:36.634 INFO:teuthology.orchestra.run.smithi001.stdout:/usr/bin/ceph: stderr
2024-04-26T21:18:35.921+0000 7f3178400700 1 --2- 172.21.15.1:0/3525607996 >> [v2:172.21.15.1:6800/3159681858,v1:172.21.15.1:6801/3159681858] conn(0x7f3158039600 0x7f315803bac0 unknown :-1 s=CLOSED pgs=11 cs=0 l=1 rev1=1 crypto rx=0 tx=0 comp rx=0 tx=0).stop
2024-04-26T21:18:36.635 INFO:teuthology.orchestra.run.smithi001.stdout:/usr/bin/ceph: stderr
2024-04-26T21:18:35.921+0000 7f3178400700 1 --2- 172.21.15.1:0/3525607996 >> [v2:172.21.15.1:3300/0,v1:172.21.15.1:6789/0] conn(0x7f317010b050 0x7f317019eef0 unknown :-1 s=CLOSED pgs=46 cs=0 l=1 rev1=1 crypto rx=0 tx=0 comp rx=0 tx=0).stop
2024-04-26T21:18:36.635 INFO:teuthology.orchestra.run.smithi001.stdout:/usr/bin/ceph: stderr
2024-04-26T21:18:35.921+0000 7f3178400700 1 -- 172.21.15.1:0/3525607996 >> 172.21.15.1:0/3525607996 conn(0x7f317007e430 msgr2=0x7f3170108340 unknown :-1 s=STATE_NONE l=0).mark_down
2024-04-26T21:18:36.635 INFO:teuthology.orchestra.run.smithi001.stdout:/usr/bin/ceph: stderr
2024-04-26T21:18:35.921+0000 7f3178400700 1 -- 172.21.15.1:0/3525607996 shutdown_connections
2024-04-26T21:18:36.635 INFO:teuthology.orchestra.run.smithi001.stdout:/usr/bin/ceph: stderr
2024-04-26T21:18:35.921+0000 7f3178400700 1 -- 172.21.15.1:0/3525607996 wait complete.
2024-04-26T21:18:36.635 INFO:teuthology.orchestra.run.smithi001.stdout:Deploying unmanaged mon service...
2024-04-26T21:18:37.318 INFO:journalctl@ceph.mon.a.smithi001.stdout:Apr 26 21:18:36 smithi001 ceph-mon[28054]: from='mgr.14120 172.21.15.1:0/475536812' entity='mgr.x'
2024-04-26T21:18:37.318 INFO:journalctl@ceph.mon.a.smithi001.stdout:Apr 26 21:18:36 smithi001 ceph-mon[28054]: Added host smithi001
2024-04-26T21:18:37.318 INFO:journalctl@ceph.mon.a.smithi001.stdout:Apr 26 21:18:36 smithi001 ceph-mon[28054]: from='mgr.14120 172.21.15.1:0/475536812' entity='mgr.x' cmd=[{"prefix": "config dump", "format": "json"}]: dispatch
2024-04-26T21:18:38.858 INFO:teuthology.orchestra.run.smithi001.stdout:/usr/bin/ceph: stdout Scheduled mon update...
2024-04-26T21:18:38.859 INFO:teuthology.orchestra.run.smithi001.stdout:/usr/bin/ceph: stderr
2024-04-26T21:18:37.379+0000 7fafc4200700 1 Processor -- start
2024-04-26T21:18:38.859 INFO:teuthology.orchestra.run.smithi001.stdout:/usr/bin/ceph: stderr
2024-04-26T21:18:37.379+0000 7fafc4200700 1 -- start start
2024-04-26T21:18:38.859 INFO:teuthology.orchestra.run.smithi001.stdout:/usr/bin/ceph: stderr
2024-04-26T21:18:37.380+0000 7fafc4200700 1 --2- >> [v2:172.21.15.1:3300/0,v1:172.21.15.1:6789/0] conn(0x7fafbc1076e0 0x7fafbc109b10 unknown :-1 s=NONE pgs=0 cs=0 l=0 rev1=0 crypto rx=0 tx=0 comp rx=0 tx=0).connect
2024-04-26T21:18:38.859 INFO:teuthology.orchestra.run.smithi001.stdout:/usr/bin/ceph: stderr
2024-04-26T21:18:37.380+0000 7fafc4200700 1 -- --> [v2:172.21.15.1:3300/0,v1:172.21.15.1:6789/0] -- mon_getmap magic: 0 -- 0x7fafbc07ce50 con 0x7fafbc1076e0
2024-04-26T21:18:38.859 INFO:teuthology.orchestra.run.smithi001.stdout:/usr/bin/ceph: stderr
2024-04-26T21:18:37.380+0000 7fafc1800700 1 --2- >> [v2:172.21.15.1:3300/0,v1:172.21.15.1:6789/0] conn(0x7fafbc1076e0 0x7fafbc109b10 unknown :-1 s=BANNER_CONNECTING pgs=0 cs=0 l=0 rev1=0 crypto rx=0 tx=0 comp rx=0 tx=0)._handle_peer_banner_payload supported=3 required=0
2024-04-26T21:18:38.859 INFO:teuthology.orchestra.run.smithi001.stdout:/usr/bin/ceph: stderr
2024-04-26T21:18:37.380+0000 7fafc1800700 1 --2- >> [v2:172.21.15.1:3300/0,v1:172.21.15.1:6789/0] conn(0x7fafbc1076e0 0x7fafbc109b10 unknown :-1 s=HELLO_CONNECTING pgs=0 cs=0 l=0 rev1=1 crypto rx=0 tx=0 comp rx=0 tx=0).handle_hello peer v2:172.21.15.1:3300/0 says I am v2:172.21.15.1:33888/0 (socket says 172.21.15.1:33888)
2024-04-26T21:18:38.859 INFO:teuthology.orchestra.run.smithi001.stdout:/usr/bin/ceph: stderr
2024-04-26T21:18:37.380+0000 7fafc1800700 1 -- 172.21.15.1:0/3761595050 learned_addr learned my addr 172.21.15.1:0/3761595050 (peer_addr_for_me v2:172.21.15.1:0/0)
2024-04-26T21:18:38.859 INFO:teuthology.orchestra.run.smithi001.stdout:/usr/bin/ceph: stderr
2024-04-26T21:18:37.381+0000 7fafc1800700 1 -- 172.21.15.1:0/3761595050 --> [v2:172.21.15.1:3300/0,v1:172.21.15.1:6789/0] -- mon_subscribe({config=0+,monmap=0+}) -- 0x7fafbc10a050 con 0x7fafbc1076e0
2024-04-26T21:18:38.859 INFO:teuthology.orchestra.run.smithi001.stdout:/usr/bin/ceph: stderr
2024-04-26T21:18:37.381+0000 7fafc1800700 1 --2- 172.21.15.1:0/3761595050 >> [v2:172.21.15.1:3300/0,v1:172.21.15.1:6789/0] conn(0x7fafbc1076e0 0x7fafbc109b10 secure :-1 s=READY pgs=47 cs=0 l=1 rev1=1 crypto rx=0x7fafb00098a0 tx=0x7fafb0009bb0 comp rx=0 tx=0).ready entity=mon.0 client_cookie=42a06b3bd93fbca3 server_cookie=0 in_seq=0 out_seq=0
2024-04-26T21:18:38.859 INFO:teuthology.orchestra.run.smithi001.stdout:/usr/bin/ceph: stderr
2024-04-26T21:18:37.381+0000 7fafbbe00700 1 -- 172.21.15.1:0/3761595050 <== mon.0 v2:172.21.15.1:3300/0 1 ==== mon_map magic: 0 ==== 205+0+0 (secure 0 0 0) 0x7fafb0004160 con 0x7fafbc1076e0
2024-04-26T21:18:38.859 INFO:teuthology.orchestra.run.smithi001.stdout:/usr/bin/ceph: stderr
2024-04-26T21:18:37.381+0000 7fafbbe00700 1 -- 172.21.15.1:0/3761595050 <== mon.0 v2:172.21.15.1:3300/0 2 ==== config(26 keys) ==== 1070+0+0 (secure 0 0 0) 0x7fafb0004300 con 0x7fafbc1076e0
2024-04-26T21:18:38.859 INFO:teuthology.orchestra.run.smithi001.stdout:/usr/bin/ceph: stderr
2024-04-26T21:18:37.381+0000 7fafbbe00700 1 -- 172.21.15.1:0/3761595050 <== mon.0 v2:172.21.15.1:3300/0 3 ==== mon_map magic: 0 ==== 205+0+0 (secure 0 0 0) 0x7fafb0011af0 con 0x7fafbc1076e0
2024-04-26T21:18:38.859 INFO:teuthology.orchestra.run.smithi001.stdout:/usr/bin/ceph: stderr
2024-04-26T21:18:37.382+0000 7fafc4200700 1 -- 172.21.15.1:0/3761595050 >> [v2:172.21.15.1:3300/0,v1:172.21.15.1:6789/0] conn(0x7fafbc1076e0 msgr2=0x7fafbc109b10 secure :-1 s=STATE_CONNECTION_ESTABLISHED l=1).mark_down
2024-04-26T21:18:38.860 INFO:teuthology.orchestra.run.smithi001.stdout:/usr/bin/ceph: stderr
2024-04-26T21:18:37.382+0000 7fafc4200700 1 --2- 172.21.15.1:0/3761595050 >> [v2:172.21.15.1:3300/0,v1:172.21.15.1:6789/0] conn(0x7fafbc1076e0 0x7fafbc109b10 secure :-1 s=READY pgs=47 cs=0 l=1 rev1=1 crypto rx=0x7fafb00098a0 tx=0x7fafb0009bb0 comp rx=0 tx=0).stop
2024-04-26T21:18:38.860 INFO:teuthology.orchestra.run.smithi001.stdout:/usr/bin/ceph: stderr
2024-04-26T21:18:37.382+0000 7fafc4200700 1 -- 172.21.15.1:0/3761595050 shutdown_connections
2024-04-26T21:18:38.860 INFO:teuthology.orchestra.run.smithi001.stdout:/usr/bin/ceph: stderr
2024-04-26T21:18:37.382+0000 7fafc4200700 1 --2- 172.21.15.1:0/3761595050 >> [v2:172.21.15.1:3300/0,v1:172.21.15.1:6789/0] conn(0x7fafbc1076e0 0x7fafbc109b10 unknown :-1 s=CLOSED pgs=47 cs=0 l=1 rev1=1 crypto rx=0 tx=0 comp rx=0 tx=0).stop
2024-04-26T21:18:38.860 INFO:teuthology.orchestra.run.smithi001.stdout:/usr/bin/ceph: stderr
2024-04-26T21:18:37.382+0000 7fafc4200700 1 -- 172.21.15.1:0/3761595050 >> 172.21.15.1:0/3761595050 conn(0x7fafbc103340 msgr2=0x7fafbc105760 unknown :-1 s=STATE_NONE l=0).mark_down
2024-04-26T21:18:38.860 INFO:teuthology.orchestra.run.smithi001.stdout:/usr/bin/ceph: stderr
2024-04-26T21:18:37.383+0000 7fafc4200700 1 -- 172.21.15.1:0/3761595050 shutdown_connections
2024-04-26T21:18:38.860 INFO:teuthology.orchestra.run.smithi001.stdout:/usr/bin/ceph: stderr
2024-04-26T21:18:37.383+0000 7fafc4200700 1 -- 172.21.15.1:0/3761595050 wait complete.
2024-04-26T21:18:38.860 INFO:teuthology.orchestra.run.smithi001.stdout:/usr/bin/ceph: stderr
2024-04-26T21:18:37.384+0000 7fafc4200700 1 Processor -- start
2024-04-26T21:18:38.860 INFO:teuthology.orchestra.run.smithi001.stdout:/usr/bin/ceph: stderr
2024-04-26T21:18:37.384+0000 7fafc4200700 1 -- start start
2024-04-26T21:18:38.860 INFO:teuthology.orchestra.run.smithi001.stdout:/usr/bin/ceph: stderr
2024-04-26T21:18:37.385+0000 7fafc4200700 1 --2- >> [v2:172.21.15.1:3300/0,v1:172.21.15.1:6789/0] conn(0x7fafbc1a34a0 0x7fafbc1a38c0 unknown :-1 s=NONE pgs=0 cs=0 l=1 rev1=0 crypto rx=0 tx=0 comp rx=0 tx=0).connect
2024-04-26T21:18:38.860 INFO:teuthology.orchestra.run.smithi001.stdout:/usr/bin/ceph: stderr
2024-04-26T21:18:37.385+0000 7fafc4200700 1 -- --> [v2:172.21.15.1:3300/0,v1:172.21.15.1:6789/0] -- mon_getmap magic: 0 -- 0x7fafbc10b080 con 0x7fafbc1a34a0
2024-04-26T21:18:38.860 INFO:teuthology.orchestra.run.smithi001.stdout:/usr/bin/ceph: stderr
2024-04-26T21:18:37.385+0000 7fafc1800700 1 --2- >> [v2:172.21.15.1:3300/0,v1:172.21.15.1:6789/0] conn(0x7fafbc1a34a0 0x7fafbc1a38c0 unknown :-1 s=BANNER_CONNECTING pgs=0 cs=0 l=1 rev1=0 crypto rx=0 tx=0 comp rx=0 tx=0)._handle_peer_banner_payload supported=3 required=0
2024-04-26T21:18:38.860 INFO:teuthology.orchestra.run.smithi001.stdout:/usr/bin/ceph: stderr
2024-04-26T21:18:37.385+0000 7fafc1800700 1 --2- >> [v2:172.21.15.1:3300/0,v1:172.21.15.1:6789/0] conn(0x7fafbc1a34a0 0x7fafbc1a38c0 unknown :-1 s=HELLO_CONNECTING pgs=0 cs=0 l=1 rev1=1 crypto rx=0 tx=0 comp rx=0 tx=0).handle_hello peer v2:172.21.15.1:3300/0 says I am v2:172.21.15.1:33890/0 (socket says 172.21.15.1:33890)
2024-04-26T21:18:38.860 INFO:teuthology.orchestra.run.smithi001.stdout:/usr/bin/ceph: stderr
2024-04-26T21:18:37.385+0000 7fafc1800700 1 -- 172.21.15.1:0/453723523 learned_addr learned my addr 172.21.15.1:0/453723523 (peer_addr_for_me v2:172.21.15.1:0/0)
2024-04-26T21:18:38.861 INFO:teuthology.orchestra.run.smithi001.stdout:/usr/bin/ceph: stderr
2024-04-26T21:18:37.386+0000 7fafc1800700 1 -- 172.21.15.1:0/453723523 --> [v2:172.21.15.1:3300/0,v1:172.21.15.1:6789/0] -- mon_subscribe({config=0+,monmap=0+}) -- 0x7fafbc1a3e00 con 0x7fafbc1a34a0
2024-04-26T21:18:38.861 INFO:teuthology.orchestra.run.smithi001.stdout:/usr/bin/ceph: stderr
2024-04-26T21:18:37.386+0000 7fafc1800700 1 --2- 172.21.15.1:0/453723523 >> [v2:172.21.15.1:3300/0,v1:172.21.15.1:6789/0] conn(0x7fafbc1a34a0 0x7fafbc1a38c0 secure :-1 s=READY pgs=48 cs=0 l=1 rev1=1 crypto rx=0x7fafb0015000 tx=0x7fafb0011940 comp rx=0 tx=0).ready entity=mon.0 client_cookie=0 server_cookie=0 in_seq=0 out_seq=0
2024-04-26T21:18:38.861 INFO:teuthology.orchestra.run.smithi001.stdout:/usr/bin/ceph: stderr
2024-04-26T21:18:37.386+0000 7fafba000700 1 -- 172.21.15.1:0/453723523 <== mon.0 v2:172.21.15.1:3300/0 1 ==== mon_map magic: 0 ==== 205+0+0 (secure 0 0 0) 0x7fafb00036a0 con 0x7fafbc1a34a0
2024-04-26T21:18:38.861 INFO:teuthology.orchestra.run.smithi001.stdout:/usr/bin/ceph: stderr
2024-04-26T21:18:37.386+0000 7fafba000700 1 -- 172.21.15.1:0/453723523 <== mon.0 v2:172.21.15.1:3300/0 2 ==== config(26 keys) ==== 1070+0+0 (secure 0 0 0) 0x7fafb001a460 con 0x7fafbc1a34a0
2024-04-26T21:18:38.861 INFO:teuthology.orchestra.run.smithi001.stdout:/usr/bin/ceph: stderr
2024-04-26T21:18:37.386+0000 7fafc4200700 1 -- 172.21.15.1:0/453723523 --> [v2:172.21.15.1:3300/0,v1:172.21.15.1:6789/0] -- mon_subscribe({mgrmap=0+}) -- 0x7fafbc1a4090 con 0x7fafbc1a34a0
2024-04-26T21:18:38.861 INFO:teuthology.orchestra.run.smithi001.stdout:/usr/bin/ceph: stderr
2024-04-26T21:18:37.386+0000 7fafba000700 1 -- 172.21.15.1:0/453723523 <== mon.0 v2:172.21.15.1:3300/0 3 ==== mon_map magic: 0 ==== 205+0+0 (secure 0 0 0) 0x7fafb001b5d0 con 0x7fafbc1a34a0
2024-04-26T21:18:38.861 INFO:teuthology.orchestra.run.smithi001.stdout:/usr/bin/ceph: stderr
2024-04-26T21:18:37.387+0000 7fafc4200700 1 -- 172.21.15.1:0/453723523 --> [v2:172.21.15.1:3300/0,v1:172.21.15.1:6789/0] -- mon_subscribe({osdmap=0}) -- 0x7fafbc1a6b70 con 0x7fafbc1a34a0
2024-04-26T21:18:38.861 INFO:teuthology.orchestra.run.smithi001.stdout:/usr/bin/ceph: stderr
2024-04-26T21:18:37.388+0000 7fafba000700 1 -- 172.21.15.1:0/453723523 <== mon.0 v2:172.21.15.1:3300/0 4 ==== mgrmap(e 8) ==== 46558+0+0 (secure 0 0 0) 0x7fafb001a610 con 0x7fafbc1a34a0
2024-04-26T21:18:38.861 INFO:teuthology.orchestra.run.smithi001.stdout:/usr/bin/ceph: stderr
2024-04-26T21:18:37.388+0000 7fafc4200700 1 -- 172.21.15.1:0/453723523 --> [v2:172.21.15.1:3300/0,v1:172.21.15.1:6789/0] -- mon_command({"prefix": "get_command_descriptions"} v 0) -- 0x7fafbc064a80 con 0x7fafbc1a34a0
2024-04-26T21:18:38.861 INFO:teuthology.orchestra.run.smithi001.stdout:/usr/bin/ceph: stderr
2024-04-26T21:18:37.388+0000 7fafba000700 1 --2- 172.21.15.1:0/453723523 >> [v2:172.21.15.1:6800/3159681858,v1:172.21.15.1:6801/3159681858] conn(0x7fafa4039600 0x7fafa403bac0 unknown :-1 s=NONE pgs=0 cs=0 l=1 rev1=0 crypto rx=0 tx=0 comp rx=0 tx=0).connect
2024-04-26T21:18:38.861 INFO:teuthology.orchestra.run.smithi001.stdout:/usr/bin/ceph: stderr
2024-04-26T21:18:37.389+0000 7fafba000700 1 -- 172.21.15.1:0/453723523 <== mon.0 v2:172.21.15.1:3300/0 5 ==== osd_map(2..2 src has 1..2) ==== 940+0+0 (secure 0 0 0) 0x7fafb004dce0 con 0x7fafbc1a34a0
2024-04-26T21:18:38.861 INFO:teuthology.orchestra.run.smithi001.stdout:/usr/bin/ceph: stderr
2024-04-26T21:18:37.389+0000 7fafc0e00700 1 --2- 172.21.15.1:0/453723523 >> [v2:172.21.15.1:6800/3159681858,v1:172.21.15.1:6801/3159681858] conn(0x7fafa4039600 0x7fafa403bac0 unknown :-1 s=BANNER_CONNECTING pgs=0 cs=0 l=1 rev1=0 crypto rx=0 tx=0 comp rx=0 tx=0)._handle_peer_banner_payload supported=3 required=0
2024-04-26T21:18:38.861 INFO:teuthology.orchestra.run.smithi001.stdout:/usr/bin/ceph: stderr
2024-04-26T21:18:37.390+0000 7fafc0e00700 1 --2- 172.21.15.1:0/453723523 >> [v2:172.21.15.1:6800/3159681858,v1:172.21.15.1:6801/3159681858] conn(0x7fafa4039600 0x7fafa403bac0 secure :-1 s=READY pgs=12 cs=0 l=1 rev1=1 crypto rx=0x7fafa8006fd0 tx=0x7fafa8006e40 comp rx=0 tx=0).ready entity=mgr.14120 client_cookie=0 server_cookie=0 in_seq=0 out_seq=0
2024-04-26T21:18:38.862 INFO:teuthology.orchestra.run.smithi001.stdout:/usr/bin/ceph: stderr
2024-04-26T21:18:37.395+0000 7fafba000700 1 -- 172.21.15.1:0/453723523 <== mon.0 v2:172.21.15.1:3300/0 6 ==== mon_command_ack([{"prefix": "get_command_descriptions"}]=0 v0) ==== 72+0+188494 (secure 0 0 0) 0x7fafb002c3a0 con 0x7fafbc1a34a0
2024-04-26T21:18:38.862 INFO:teuthology.orchestra.run.smithi001.stdout:/usr/bin/ceph: stderr
2024-04-26T21:18:37.649+0000 7fafc4200700 1 -- 172.21.15.1:0/453723523 --> [v2:172.21.15.1:6800/3159681858,v1:172.21.15.1:6801/3159681858] -- mgr_command(tid 0: {"prefix": "orch apply", "service_type": "mon", "unmanaged": true, "target": ["mon-mgr", ""]}) -- 0x7fafbc063860 con 0x7fafa4039600
2024-04-26T21:18:38.862 INFO:teuthology.orchestra.run.smithi001.stdout:/usr/bin/ceph: stderr
2024-04-26T21:18:37.661+0000 7fafba000700 1 -- 172.21.15.1:0/453723523 <== mgr.14120 v2:172.21.15.1:6800/3159681858 1 ==== mgr_command_reply(tid 0: 0 ) ==== 8+0+24 (secure 0 0 0) 0x7fafbc063860 con 0x7fafa4039600
2024-04-26T21:18:38.862 INFO:teuthology.orchestra.run.smithi001.stdout:/usr/bin/ceph: stderr
2024-04-26T21:18:37.664+0000 7fafc4200700 1 -- 172.21.15.1:0/453723523 >> [v2:172.21.15.1:6800/3159681858,v1:172.21.15.1:6801/3159681858] conn(0x7fafa4039600 msgr2=0x7fafa403bac0 secure :-1 s=STATE_CONNECTION_ESTABLISHED l=1).mark_down
2024-04-26T21:18:38.862 INFO:teuthology.orchestra.run.smithi001.stdout:/usr/bin/ceph: stderr
2024-04-26T21:18:37.664+0000 7fafc4200700 1 --2- 172.21.15.1:0/453723523 >> [v2:172.21.15.1:6800/3159681858,v1:172.21.15.1:6801/3159681858] conn(0x7fafa4039600 0x7fafa403bac0 secure :-1 s=READY pgs=12 cs=0 l=1 rev1=1 crypto rx=0x7fafa8006fd0 tx=0x7fafa8006e40 comp rx=0 tx=0).stop
2024-04-26T21:18:38.862 INFO:teuthology.orchestra.run.smithi001.stdout:/usr/bin/ceph: stderr
2024-04-26T21:18:37.664+0000 7fafc4200700 1 -- 172.21.15.1:0/453723523 >> [v2:172.21.15.1:3300/0,v1:172.21.15.1:6789/0] conn(0x7fafbc1a34a0 msgr2=0x7fafbc1a38c0 secure :-1 s=STATE_CONNECTION_ESTABLISHED l=1).mark_down
2024-04-26T21:18:38.862 INFO:teuthology.orchestra.run.smithi001.stdout:/usr/bin/ceph: stderr
2024-04-26T21:18:37.664+0000 7fafc4200700 1 --2- 172.21.15.1:0/453723523 >> [v2:172.21.15.1:3300/0,v1:172.21.15.1:6789/0] conn(0x7fafbc1a34a0 0x7fafbc1a38c0 secure :-1 s=READY pgs=48 cs=0 l=1 rev1=1 crypto rx=0x7fafb0015000 tx=0x7fafb0011940 comp rx=0 tx=0).stop
2024-04-26T21:18:38.862 INFO:teuthology.orchestra.run.smithi001.stdout:/usr/bin/ceph: stderr
2024-04-26T21:18:37.664+0000 7fafc4200700 1 -- 172.21.15.1:0/453723523 shutdown_connections
2024-04-26T21:18:38.862 INFO:teuthology.orchestra.run.smithi001.stdout:/usr/bin/ceph: stderr
2024-04-26T21:18:37.664+0000 7fafc4200700 1 --2- 172.21.15.1:0/453723523 >> [v2:172.21.15.1:6800/3159681858,v1:172.21.15.1:6801/3159681858] conn(0x7fafa4039600 0x7fafa403bac0 unknown :-1 s=CLOSED pgs=12 cs=0 l=1 rev1=1 crypto rx=0 tx=0 comp rx=0 tx=0).stop
2024-04-26T21:18:38.862 INFO:teuthology.orchestra.run.smithi001.stdout:/usr/bin/ceph: stderr
2024-04-26T21:18:37.664+0000 7fafc4200700 1 --2- 172.21.15.1:0/453723523 >> [v2:172.21.15.1:3300/0,v1:172.21.15.1:6789/0] conn(0x7fafbc1a34a0 0x7fafbc1a38c0 unknown :-1 s=CLOSED pgs=48 cs=0 l=1 rev1=1 crypto rx=0 tx=0 comp rx=0 tx=0).stop
2024-04-26T21:18:38.862 INFO:teuthology.orchestra.run.smithi001.stdout:/usr/bin/ceph: stderr
2024-04-26T21:18:37.664+0000 7fafc4200700 1 -- 172.21.15.1:0/453723523 >> 172.21.15.1:0/453723523 conn(0x7fafbc103340 msgr2=0x7fafbc105730 unknown :-1 s=STATE_NONE l=0).mark_down
2024-04-26T21:18:38.862 INFO:teuthology.orchestra.run.smithi001.stdout:/usr/bin/ceph: stderr
2024-04-26T21:18:37.664+0000 7fafc4200700 1 -- 172.21.15.1:0/453723523 shutdown_connections
2024-04-26T21:18:38.862 INFO:teuthology.orchestra.run.smithi001.stdout:/usr/bin/ceph: stderr
2024-04-26T21:18:37.664+0000 7fafc4200700 1 -- 172.21.15.1:0/453723523 wait complete.
2024-04-26T21:18:38.863 INFO:teuthology.orchestra.run.smithi001.stdout:Deploying unmanaged mgr service...
2024-04-26T21:18:39.013 INFO:journalctl@ceph.mon.a.smithi001.stdout:Apr 26 21:18:38 smithi001 ceph-mon[28054]: from='client.14142 -' entity='client.admin' cmd=[{"prefix": "orch apply", "service_type": "mon", "unmanaged": true, "target": ["mon-mgr", ""]}]: dispatch
2024-04-26T21:18:39.013 INFO:journalctl@ceph.mon.a.smithi001.stdout:Apr 26 21:18:38 smithi001 ceph-mon[28054]: Saving service mon spec with placement count:5
2024-04-26T21:18:39.014 INFO:journalctl@ceph.mon.a.smithi001.stdout:Apr 26 21:18:38 smithi001 ceph-mon[28054]: from='mgr.14120 172.21.15.1:0/475536812' entity='mgr.x'
2024-04-26T21:18:40.501 INFO:teuthology.orchestra.run.smithi001.stdout:/usr/bin/ceph: stdout Scheduled mgr update...
2024-04-26T21:18:40.501 INFO:teuthology.orchestra.run.smithi001.stdout:/usr/bin/ceph: stderr
2024-04-26T21:18:39.596+0000 7f3fa6c00700 1 Processor -- start
