2024-04-26T21:21:12.814 INFO:journalctl@ceph.mgr.x.smithi097.stdout:Apr 26 21:21:12 smithi097 ceph-9ce681f8-0412-11ef-bc93-c7b262605968-mgr-x[28368]:
2024-04-26T21:21:12.657+0000 7f3b19a7a200 -1 mgr[py] Module progress has missing NOTIFY_TYPES member
2024-04-26T21:21:12.814 INFO:journalctl@ceph.mgr.x.smithi097.stdout:Apr 26 21:21:12 smithi097 ceph-9ce681f8-0412-11ef-bc93-c7b262605968-mgr-x[28368]:
2024-04-26T21:21:12.771+0000 7f3b19a7a200 -1 mgr[py] Module influx has missing NOTIFY_TYPES member
2024-04-26T21:21:14.267 INFO:journalctl@ceph.mon.a.smithi097.stdout:Apr 26 21:21:13 smithi097 ceph-mon[28127]: from='client.? 172.21.15.97:0/1115955330' entity='client.admin' cmd=[{"prefix": "mgr stat"}]: dispatch
2024-04-26T21:21:14.564 INFO:journalctl@ceph.mgr.x.smithi097.stdout:Apr 26 21:21:14 smithi097 ceph-9ce681f8-0412-11ef-bc93-c7b262605968-mgr-x[28368]:
2024-04-26T21:21:14.342+0000 7f3b19a7a200 -1 mgr[py] Module telegraf has missing NOTIFY_TYPES member
2024-04-26T21:21:14.602 INFO:teuthology.orchestra.run.smithi097.stdout:/usr/bin/ceph: stdout {
2024-04-26T21:21:14.602 INFO:teuthology.orchestra.run.smithi097.stdout:/usr/bin/ceph: stdout "epoch": 9,
2024-04-26T21:21:14.602 INFO:teuthology.orchestra.run.smithi097.stdout:/usr/bin/ceph: stdout "available": true,
2024-04-26T21:21:14.603 INFO:teuthology.orchestra.run.smithi097.stdout:/usr/bin/ceph: stdout "active_name": "x",
2024-04-26T21:21:14.603 INFO:teuthology.orchestra.run.smithi097.stdout:/usr/bin/ceph: stdout "num_standby": 0
2024-04-26T21:21:14.603 INFO:teuthology.orchestra.run.smithi097.stdout:/usr/bin/ceph: stdout }
2024-04-26T21:21:14.603 INFO:teuthology.orchestra.run.smithi097.stdout:/usr/bin/ceph: stderr
2024-04-26T21:21:13.635+0000 7f16bf800700 1 Processor -- start
2024-04-26T21:21:14.603 INFO:teuthology.orchestra.run.smithi097.stdout:/usr/bin/ceph: stderr
2024-04-26T21:21:13.635+0000 7f16bf800700 1 -- start start
2024-04-26T21:21:14.603 INFO:teuthology.orchestra.run.smithi097.stdout:/usr/bin/ceph: stderr
2024-04-26T21:21:13.636+0000 7f16bf800700 1 --2- >> [v2:172.21.15.97:3300/0,v1:172.21.15.97:6789/0] conn(0x7f16b8108ed0 0x7f16b81092f0 unknown :-1 s=NONE pgs=0 cs=0 l=0 rev1=0 crypto rx=0 tx=0 comp rx=0 tx=0).connect
2024-04-26T21:21:14.603 INFO:teuthology.orchestra.run.smithi097.stdout:/usr/bin/ceph: stderr
2024-04-26T21:21:13.636+0000 7f16bf800700 1 -- --> [v2:172.21.15.97:3300/0,v1:172.21.15.97:6789/0] -- mon_getmap magic: 0 -- 0x7f16b8109830 con 0x7f16b8108ed0
2024-04-26T21:21:14.603 INFO:teuthology.orchestra.run.smithi097.stdout:/usr/bin/ceph: stderr
2024-04-26T21:21:13.636+0000 7f16bce00700 1 --2- >> [v2:172.21.15.97:3300/0,v1:172.21.15.97:6789/0] conn(0x7f16b8108ed0 0x7f16b81092f0 unknown :-1 s=BANNER_CONNECTING pgs=0 cs=0 l=0 rev1=0 crypto rx=0 tx=0 comp rx=0 tx=0)._handle_peer_banner_payload supported=3 required=0
2024-04-26T21:21:14.603 INFO:teuthology.orchestra.run.smithi097.stdout:/usr/bin/ceph: stderr
2024-04-26T21:21:13.636+0000 7f16bce00700 1 --2- >> [v2:172.21.15.97:3300/0,v1:172.21.15.97:6789/0] conn(0x7f16b8108ed0 0x7f16b81092f0 unknown :-1 s=HELLO_CONNECTING pgs=0 cs=0 l=0 rev1=1 crypto rx=0 tx=0 comp rx=0 tx=0).handle_hello peer v2:172.21.15.97:3300/0 says I am v2:172.21.15.97:52876/0 (socket says 172.21.15.97:52876)
2024-04-26T21:21:14.603 INFO:teuthology.orchestra.run.smithi097.stdout:/usr/bin/ceph: stderr
2024-04-26T21:21:13.636+0000 7f16bce00700 1 -- 172.21.15.97:0/3082589502 learned_addr learned my addr 172.21.15.97:0/3082589502 (peer_addr_for_me v2:172.21.15.97:0/0)
2024-04-26T21:21:14.603 INFO:teuthology.orchestra.run.smithi097.stdout:/usr/bin/ceph: stderr
2024-04-26T21:21:13.637+0000 7f16bce00700 1 -- 172.21.15.97:0/3082589502 --> [v2:172.21.15.97:3300/0,v1:172.21.15.97:6789/0] -- mon_subscribe({config=0+,monmap=0+}) -- 0x7f16b8109f90 con 0x7f16b8108ed0
2024-04-26T21:21:14.603 INFO:teuthology.orchestra.run.smithi097.stdout:/usr/bin/ceph: stderr
2024-04-26T21:21:13.637+0000 7f16bce00700 1 --2- 172.21.15.97:0/3082589502 >> [v2:172.21.15.97:3300/0,v1:172.21.15.97:6789/0] conn(0x7f16b8108ed0 0x7f16b81092f0 secure :-1 s=READY pgs=59 cs=0 l=1 rev1=1 crypto rx=0x7f16ac0098a0 tx=0x7f16ac009bb0 comp rx=0 tx=0).ready entity=mon.0 client_cookie=99fef7da7c8ade2a server_cookie=0 in_seq=0 out_seq=0
2024-04-26T21:21:14.603 INFO:teuthology.orchestra.run.smithi097.stdout:/usr/bin/ceph: stderr
2024-04-26T21:21:13.637+0000 7f16b7400700 1 -- 172.21.15.97:0/3082589502 <== mon.0 v2:172.21.15.97:3300/0 1 ==== mon_map magic: 0 ==== 205+0+0 (secure 0 0 0) 0x7f16ac004160 con 0x7f16b8108ed0
2024-04-26T21:21:14.604 INFO:teuthology.orchestra.run.smithi097.stdout:/usr/bin/ceph: stderr
2024-04-26T21:21:13.637+0000 7f16b7400700 1 -- 172.21.15.97:0/3082589502 <== mon.0 v2:172.21.15.97:3300/0 2 ==== config(25 keys) ==== 1063+0+0 (secure 0 0 0) 0x7f16ac004300 con 0x7f16b8108ed0
2024-04-26T21:21:14.604 INFO:teuthology.orchestra.run.smithi097.stdout:/usr/bin/ceph: stderr
2024-04-26T21:21:13.637+0000 7f16b7400700 1 -- 172.21.15.97:0/3082589502 <== mon.0 v2:172.21.15.97:3300/0 3 ==== mon_map magic: 0 ==== 205+0+0 (secure 0 0 0) 0x7f16ac011960 con 0x7f16b8108ed0
2024-04-26T21:21:14.604 INFO:teuthology.orchestra.run.smithi097.stdout:/usr/bin/ceph: stderr
2024-04-26T21:21:13.638+0000 7f16bf800700 1 -- 172.21.15.97:0/3082589502 >> [v2:172.21.15.97:3300/0,v1:172.21.15.97:6789/0] conn(0x7f16b8108ed0 msgr2=0x7f16b81092f0 secure :-1 s=STATE_CONNECTION_ESTABLISHED l=1).mark_down
2024-04-26T21:21:14.604 INFO:teuthology.orchestra.run.smithi097.stdout:/usr/bin/ceph: stderr
2024-04-26T21:21:13.638+0000 7f16bf800700 1 --2- 172.21.15.97:0/3082589502 >> [v2:172.21.15.97:3300/0,v1:172.21.15.97:6789/0] conn(0x7f16b8108ed0 0x7f16b81092f0 secure :-1 s=READY pgs=59 cs=0 l=1 rev1=1 crypto rx=0x7f16ac0098a0 tx=0x7f16ac009bb0 comp rx=0 tx=0).stop
2024-04-26T21:21:14.604 INFO:teuthology.orchestra.run.smithi097.stdout:/usr/bin/ceph: stderr
2024-04-26T21:21:13.638+0000 7f16bf800700 1 -- 172.21.15.97:0/3082589502 shutdown_connections
2024-04-26T21:21:14.604 INFO:teuthology.orchestra.run.smithi097.stdout:/usr/bin/ceph: stderr
2024-04-26T21:21:13.638+0000 7f16bf800700 1 --2- 172.21.15.97:0/3082589502 >> [v2:172.21.15.97:3300/0,v1:172.21.15.97:6789/0] conn(0x7f16b8108ed0 0x7f16b81092f0 unknown :-1 s=CLOSED pgs=59 cs=0 l=1 rev1=1 crypto rx=0 tx=0 comp rx=0 tx=0).stop
2024-04-26T21:21:14.604 INFO:teuthology.orchestra.run.smithi097.stdout:/usr/bin/ceph: stderr
2024-04-26T21:21:13.638+0000 7f16bf800700 1 -- 172.21.15.97:0/3082589502 >> 172.21.15.97:0/3082589502 conn(0x7f16b8104490 msgr2=0x7f16b81068b0 unknown :-1 s=STATE_NONE l=0).mark_down
2024-04-26T21:21:14.604 INFO:teuthology.orchestra.run.smithi097.stdout:/usr/bin/ceph: stderr
2024-04-26T21:21:13.638+0000 7f16bf800700 1 -- 172.21.15.97:0/3082589502 shutdown_connections
2024-04-26T21:21:14.604 INFO:teuthology.orchestra.run.smithi097.stdout:/usr/bin/ceph: stderr
2024-04-26T21:21:13.638+0000 7f16bf800700 1 -- 172.21.15.97:0/3082589502 wait complete.
2024-04-26T21:21:14.604 INFO:teuthology.orchestra.run.smithi097.stdout:/usr/bin/ceph: stderr
2024-04-26T21:21:13.639+0000 7f16bf800700 1 Processor -- start
2024-04-26T21:21:14.604 INFO:teuthology.orchestra.run.smithi097.stdout:/usr/bin/ceph: stderr
2024-04-26T21:21:13.639+0000 7f16bf800700 1 -- start start
2024-04-26T21:21:14.605 INFO:teuthology.orchestra.run.smithi097.stdout:/usr/bin/ceph: stderr
2024-04-26T21:21:13.640+0000 7f16bf800700 1 --2- >> [v2:172.21.15.97:3300/0,v1:172.21.15.97:6789/0] conn(0x7f16b8108ed0 0x7f16b807eaf0 unknown :-1 s=NONE pgs=0 cs=0 l=1 rev1=0 crypto rx=0 tx=0 comp rx=0 tx=0).connect
2024-04-26T21:21:14.605 INFO:teuthology.orchestra.run.smithi097.stdout:/usr/bin/ceph: stderr
2024-04-26T21:21:13.640+0000 7f16bf800700 1 -- --> [v2:172.21.15.97:3300/0,v1:172.21.15.97:6789/0] -- mon_getmap magic: 0 -- 0x7f16b810d250 con 0x7f16b8108ed0
2024-04-26T21:21:14.605 INFO:teuthology.orchestra.run.smithi097.stdout:/usr/bin/ceph: stderr
2024-04-26T21:21:13.640+0000 7f16bce00700 1 --2- >> [v2:172.21.15.97:3300/0,v1:172.21.15.97:6789/0] conn(0x7f16b8108ed0 0x7f16b807eaf0 unknown :-1 s=BANNER_CONNECTING pgs=0 cs=0 l=1 rev1=0 crypto rx=0 tx=0 comp rx=0 tx=0)._handle_peer_banner_payload supported=3 required=0
2024-04-26T21:21:14.605 INFO:teuthology.orchestra.run.smithi097.stdout:/usr/bin/ceph: stderr
2024-04-26T21:21:13.640+0000 7f16bce00700 1 --2- >> [v2:172.21.15.97:3300/0,v1:172.21.15.97:6789/0] conn(0x7f16b8108ed0 0x7f16b807eaf0 unknown :-1 s=HELLO_CONNECTING pgs=0 cs=0 l=1 rev1=1 crypto rx=0 tx=0 comp rx=0 tx=0).handle_hello peer v2:172.21.15.97:3300/0 says I am v2:172.21.15.97:52886/0 (socket says 172.21.15.97:52886)
2024-04-26T21:21:14.605 INFO:teuthology.orchestra.run.smithi097.stdout:/usr/bin/ceph: stderr
2024-04-26T21:21:13.640+0000 7f16bce00700 1 -- 172.21.15.97:0/1115955330 learned_addr learned my addr 172.21.15.97:0/1115955330 (peer_addr_for_me v2:172.21.15.97:0/0)
2024-04-26T21:21:14.605 INFO:teuthology.orchestra.run.smithi097.stdout:/usr/bin/ceph: stderr
2024-04-26T21:21:13.640+0000 7f16bce00700 1 -- 172.21.15.97:0/1115955330 --> [v2:172.21.15.97:3300/0,v1:172.21.15.97:6789/0] -- mon_subscribe({config=0+,monmap=0+}) -- 0x7f16b807f030 con 0x7f16b8108ed0
2024-04-26T21:21:14.605 INFO:teuthology.orchestra.run.smithi097.stdout:/usr/bin/ceph: stderr
2024-04-26T21:21:13.641+0000 7f16bce00700 1 --2- 172.21.15.97:0/1115955330 >> [v2:172.21.15.97:3300/0,v1:172.21.15.97:6789/0] conn(0x7f16b8108ed0 0x7f16b807eaf0 secure :-1 s=READY pgs=60 cs=0 l=1 rev1=1 crypto rx=0x7f16ac011670 tx=0x7f16ac011a30 comp rx=0 tx=0).ready entity=mon.0 client_cookie=0 server_cookie=0 in_seq=0 out_seq=0
2024-04-26T21:21:14.605 INFO:teuthology.orchestra.run.smithi097.stdout:/usr/bin/ceph: stderr
2024-04-26T21:21:13.641+0000 7f16b5600700 1 -- 172.21.15.97:0/1115955330 <== mon.0 v2:172.21.15.97:3300/0 1 ==== mon_map magic: 0 ==== 205+0+0 (secure 0 0 0) 0x7f16ac01f070 con 0x7f16b8108ed0
2024-04-26T21:21:14.605 INFO:teuthology.orchestra.run.smithi097.stdout:/usr/bin/ceph: stderr
2024-04-26T21:21:13.641+0000 7f16b5600700 1 -- 172.21.15.97:0/1115955330 <== mon.0 v2:172.21.15.97:3300/0 2 ==== config(25 keys) ==== 1063+0+0 (secure 0 0 0) 0x7f16ac003b20 con 0x7f16b8108ed0
2024-04-26T21:21:14.605 INFO:teuthology.orchestra.run.smithi097.stdout:/usr/bin/ceph: stderr
2024-04-26T21:21:13.641+0000 7f16bf800700 1 -- 172.21.15.97:0/1115955330 --> [v2:172.21.15.97:3300/0,v1:172.21.15.97:6789/0] -- mon_subscribe({mgrmap=0+}) -- 0x7f16b807d220 con 0x7f16b8108ed0
2024-04-26T21:21:14.605 INFO:teuthology.orchestra.run.smithi097.stdout:/usr/bin/ceph: stderr
2024-04-26T21:21:13.641+0000 7f16b5600700 1 -- 172.21.15.97:0/1115955330 <== mon.0 v2:172.21.15.97:3300/0 3 ==== mon_map magic: 0 ==== 205+0+0 (secure 0 0 0) 0x7f16ac0195f0 con 0x7f16b8108ed0
2024-04-26T21:21:14.605 INFO:teuthology.orchestra.run.smithi097.stdout:/usr/bin/ceph: stderr
2024-04-26T21:21:13.641+0000 7f16bf800700 1 -- 172.21.15.97:0/1115955330 --> [v2:172.21.15.97:3300/0,v1:172.21.15.97:6789/0] -- mon_subscribe({osdmap=0}) -- 0x7f16b807d760 con 0x7f16b8108ed0
2024-04-26T21:21:14.605 INFO:teuthology.orchestra.run.smithi097.stdout:/usr/bin/ceph: stderr
2024-04-26T21:21:13.642+0000 7f16bf800700 1 -- 172.21.15.97:0/1115955330 --> [v2:172.21.15.97:3300/0,v1:172.21.15.97:6789/0] -- mon_command({"prefix": "get_command_descriptions"} v 0) -- 0x7f16b8064a80 con 0x7f16b8108ed0
2024-04-26T21:21:14.606 INFO:teuthology.orchestra.run.smithi097.stdout:/usr/bin/ceph: stderr
2024-04-26T21:21:13.643+0000 7f16b5600700 1 -- 172.21.15.97:0/1115955330 <== mon.0 v2:172.21.15.97:3300/0 4 ==== mgrmap(e 9) ==== 46571+0+0 (secure 0 0 0) 0x7f16ac022070 con 0x7f16b8108ed0
2024-04-26T21:21:14.606 INFO:teuthology.orchestra.run.smithi097.stdout:/usr/bin/ceph: stderr
2024-04-26T21:21:13.643+0000 7f16b5600700 1 --2- 172.21.15.97:0/1115955330 >> [v2:172.21.15.97:6800/1403922799,v1:172.21.15.97:6801/1403922799] conn(0x7f16a0039660 0x7f16a003bb20 unknown :-1 s=NONE pgs=0 cs=0 l=1 rev1=0 crypto rx=0 tx=0 comp rx=0 tx=0).connect
2024-04-26T21:21:14.606 INFO:teuthology.orchestra.run.smithi097.stdout:/usr/bin/ceph: stderr
2024-04-26T21:21:13.643+0000 7f16b5600700 1 -- 172.21.15.97:0/1115955330 <== mon.0 v2:172.21.15.97:3300/0 5 ==== osd_map(2..2 src has 1..2) ==== 940+0+0 (secure 0 0 0) 0x7f16ac04dd10 con 0x7f16b8108ed0
2024-04-26T21:21:14.606 INFO:teuthology.orchestra.run.smithi097.stdout:/usr/bin/ceph: stderr
2024-04-26T21:21:13.643+0000 7f16b7e00700 1 -- 172.21.15.97:0/1115955330 >> [v2:172.21.15.97:6800/1403922799,v1:172.21.15.97:6801/1403922799] conn(0x7f16a0039660 msgr2=0x7f16a003bb20 unknown :-1 s=STATE_CONNECTING_RE l=1).process reconnect failed to v2:172.21.15.97:6800/1403922799
2024-04-26T21:21:14.606 INFO:teuthology.orchestra.run.smithi097.stdout:/usr/bin/ceph: stderr
2024-04-26T21:21:13.643+0000 7f16b7e00700 1 --2- 172.21.15.97:0/1115955330 >> [v2:172.21.15.97:6800/1403922799,v1:172.21.15.97:6801/1403922799] conn(0x7f16a0039660 0x7f16a003bb20 unknown :-1 s=START_CONNECT pgs=0 cs=0 l=1 rev1=0 crypto rx=0 tx=0 comp rx=0 tx=0)._fault waiting 0.200000
2024-04-26T21:21:14.606 INFO:teuthology.orchestra.run.smithi097.stdout:/usr/bin/ceph: stderr
2024-04-26T21:21:13.649+0000 7f16b5600700 1 -- 172.21.15.97:0/1115955330 <== mon.0 v2:172.21.15.97:3300/0 6 ==== mon_command_ack([{"prefix": "get_command_descriptions"}]=0 v0) ==== 72+0+188494 (secure 0 0 0) 0x7f16ac04d660 con 0x7f16b8108ed0
2024-04-26T21:21:14.606 INFO:teuthology.orchestra.run.smithi097.stdout:/usr/bin/ceph: stderr
2024-04-26T21:21:13.844+0000 7f16b7e00700 1 -- 172.21.15.97:0/1115955330 >> [v2:172.21.15.97:6800/1403922799,v1:172.21.15.97:6801/1403922799] conn(0x7f16a0039660 msgr2=0x7f16a003bb20 unknown :-1 s=STATE_CONNECTING_RE l=1).process reconnect failed to v2:172.21.15.97:6800/1403922799
2024-04-26T21:21:14.606 INFO:teuthology.orchestra.run.smithi097.stdout:/usr/bin/ceph: stderr
2024-04-26T21:21:13.844+0000 7f16b7e00700 1 --2- 172.21.15.97:0/1115955330 >> [v2:172.21.15.97:6800/1403922799,v1:172.21.15.97:6801/1403922799] conn(0x7f16a0039660 0x7f16a003bb20 unknown :-1 s=START_CONNECT pgs=0 cs=0 l=1 rev1=0 crypto rx=0 tx=0 comp rx=0 tx=0)._fault waiting 0.400000
2024-04-26T21:21:14.606 INFO:teuthology.orchestra.run.smithi097.stdout:/usr/bin/ceph: stderr
2024-04-26T21:21:13.925+0000 7f16bf800700 1 -- 172.21.15.97:0/1115955330 --> [v2:172.21.15.97:3300/0,v1:172.21.15.97:6789/0] -- mon_command({"prefix": "mgr stat"} v 0) -- 0x7f16b807dd50 con 0x7f16b8108ed0
2024-04-26T21:21:14.606 INFO:teuthology.orchestra.run.smithi097.stdout:/usr/bin/ceph: stderr
2024-04-26T21:21:13.926+0000 7f16b5600700 1 -- 172.21.15.97:0/1115955330 <== mon.0 v2:172.21.15.97:3300/0 7 ==== mon_command_ack([{"prefix": "mgr stat"}]=0 v9) ==== 56+0+88 (secure 0 0 0) 0x7f16ac019cf0 con 0x7f16b8108ed0
2024-04-26T21:21:14.606 INFO:teuthology.orchestra.run.smithi097.stdout:/usr/bin/ceph: stderr
2024-04-26T21:21:13.928+0000 7f16bf800700 1 -- 172.21.15.97:0/1115955330 >> [v2:172.21.15.97:6800/1403922799,v1:172.21.15.97:6801/1403922799] conn(0x7f16a0039660 msgr2=0x7f16a003bb20 unknown :-1 s=STATE_CONNECTING l=1).mark_down
2024-04-26T21:21:14.606 INFO:teuthology.orchestra.run.smithi097.stdout:/usr/bin/ceph: stderr
2024-04-26T21:21:13.928+0000 7f16bf800700 1 --2- 172.21.15.97:0/1115955330 >> [v2:172.21.15.97:6800/1403922799,v1:172.21.15.97:6801/1403922799] conn(0x7f16a0039660 0x7f16a003bb20 unknown :-1 s=START_CONNECT pgs=0 cs=0 l=1 rev1=0 crypto rx=0 tx=0 comp rx=0 tx=0).stop
2024-04-26T21:21:14.606 INFO:teuthology.orchestra.run.smithi097.stdout:/usr/bin/ceph: stderr
2024-04-26T21:21:13.928+0000 7f16bf800700 1 -- 172.21.15.97:0/1115955330 >> [v2:172.21.15.97:3300/0,v1:172.21.15.97:6789/0] conn(0x7f16b8108ed0 msgr2=0x7f16b807eaf0 secure :-1 s=STATE_CONNECTION_ESTABLISHED l=1).mark_down
2024-04-26T21:21:14.607 INFO:teuthology.orchestra.run.smithi097.stdout:/usr/bin/ceph: stderr
2024-04-26T21:21:13.928+0000 7f16bf800700 1 --2- 172.21.15.97:0/1115955330 >> [v2:172.21.15.97:3300/0,v1:172.21.15.97:6789/0] conn(0x7f16b8108ed0 0x7f16b807eaf0 secure :-1 s=READY pgs=60 cs=0 l=1 rev1=1 crypto rx=0x7f16ac011670 tx=0x7f16ac011a30 comp rx=0 tx=0).stop
2024-04-26T21:21:14.607 INFO:teuthology.orchestra.run.smithi097.stdout:/usr/bin/ceph: stderr
2024-04-26T21:21:13.929+0000 7f16bf800700 1 -- 172.21.15.97:0/1115955330 shutdown_connections
2024-04-26T21:21:14.607 INFO:teuthology.orchestra.run.smithi097.stdout:/usr/bin/ceph: stderr
2024-04-26T21:21:13.929+0000 7f16bf800700 1 --2- 172.21.15.97:0/1115955330 >> [v2:172.21.15.97:6800/1403922799,v1:172.21.15.97:6801/1403922799] conn(0x7f16a0039660 0x7f16a003bb20 unknown :-1 s=CLOSED pgs=0 cs=0 l=1 rev1=0 crypto rx=0 tx=0 comp rx=0 tx=0).stop
2024-04-26T21:21:14.607 INFO:teuthology.orchestra.run.smithi097.stdout:/usr/bin/ceph: stderr
2024-04-26T21:21:13.929+0000 7f16bf800700 1 --2- 172.21.15.97:0/1115955330 >> [v2:172.21.15.97:3300/0,v1:172.21.15.97:6789/0] conn(0x7f16b8108ed0 0x7f16b807eaf0 unknown :-1 s=CLOSED pgs=60 cs=0 l=1 rev1=1 crypto rx=0 tx=0 comp rx=0 tx=0).stop
2024-04-26T21:21:14.607 INFO:teuthology.orchestra.run.smithi097.stdout:/usr/bin/ceph: stderr
2024-04-26T21:21:13.929+0000 7f16bf800700 1 -- 172.21.15.97:0/1115955330 >> 172.21.15.97:0/1115955330 conn(0x7f16b8104490 msgr2=0x7f16b8104f80 unknown :-1 s=STATE_NONE l=0).mark_down
2024-04-26T21:21:14.607 INFO:teuthology.orchestra.run.smithi097.stdout:/usr/bin/ceph: stderr
2024-04-26T21:21:13.929+0000 7f16bf800700 1 -- 172.21.15.97:0/1115955330 shutdown_connections
2024-04-26T21:21:14.607 INFO:teuthology.orchestra.run.smithi097.stdout:/usr/bin/ceph: stderr
2024-04-26T21:21:13.929+0000 7f16bf800700 1 -- 172.21.15.97:0/1115955330 wait complete.
2024-04-26T21:21:14.607 INFO:teuthology.orchestra.run.smithi097.stdout:Waiting for the mgr to restart...
2024-04-26T21:21:14.607 INFO:teuthology.orchestra.run.smithi097.stdout:Waiting for mgr epoch 9...
2024-04-26T21:21:14.952 INFO:journalctl@ceph.mgr.x.smithi097.stdout:Apr 26 21:21:14 smithi097 ceph-9ce681f8-0412-11ef-bc93-c7b262605968-mgr-x[28368]:
2024-04-26T21:21:14.570+0000 7f3b19a7a200 -1 mgr[py] Module osd_support has missing NOTIFY_TYPES member
2024-04-26T21:21:14.953 INFO:journalctl@ceph.mgr.x.smithi097.stdout:Apr 26 21:21:14 smithi097 ceph-9ce681f8-0412-11ef-bc93-c7b262605968-mgr-x[28368]:
2024-04-26T21:21:14.794+0000 7f3b19a7a200 -1 mgr[py] Module iostat has missing NOTIFY_TYPES member
2024-04-26T21:21:15.242 INFO:journalctl@ceph.mgr.x.smithi097.stdout:Apr 26 21:21:15 smithi097 ceph-9ce681f8-0412-11ef-bc93-c7b262605968-mgr-x[28368]:
2024-04-26T21:21:15.192+0000 7f3b19a7a200 -1 mgr[py] Module alerts has missing NOTIFY_TYPES member
2024-04-26T21:21:15.564 INFO:journalctl@ceph.mgr.x.smithi097.stdout:Apr 26 21:21:15 smithi097 ceph-9ce681f8-0412-11ef-bc93-c7b262605968-mgr-x[28368]:
2024-04-26T21:21:15.318+0000 7f3b19a7a200 -1 mgr[py] Module selftest has missing NOTIFY_TYPES member
2024-04-26T21:21:15.824 INFO:journalctl@ceph.mgr.x.smithi097.stdout:Apr 26 21:21:15 smithi097 ceph-9ce681f8-0412-11ef-bc93-c7b262605968-mgr-x[28368]:
2024-04-26T21:21:15.572+0000 7f3b19a7a200 -1 mgr[py] Module pg_autoscaler has missing NOTIFY_TYPES member
2024-04-26T21:21:15.824 INFO:journalctl@ceph.mgr.x.smithi097.stdout:Apr 26 21:21:15 smithi097 ceph-9ce681f8-0412-11ef-bc93-c7b262605968-mgr-x[28368]:
2024-04-26T21:21:15.822+0000 7f3b19a7a200 -1 mgr[py] Module test_orchestrator has missing NOTIFY_TYPES member
2024-04-26T21:21:17.063 INFO:journalctl@ceph.mgr.x.smithi097.stdout:Apr 26 21:21:16 smithi097 ceph-9ce681f8-0412-11ef-bc93-c7b262605968-mgr-x[28368]:
2024-04-26T21:21:16.604+0000 7f3b19a7a200 -1 mgr[py] Module rook has missing NOTIFY_TYPES member
2024-04-26T21:21:17.539 INFO:journalctl@ceph.mgr.x.smithi097.stdout:Apr 26 21:21:17 smithi097 ceph-9ce681f8-0412-11ef-bc93-c7b262605968-mgr-x[28368]:
2024-04-26T21:21:17.145+0000 7f3b19a7a200 -1 mgr[py] Module volumes has missing NOTIFY_TYPES member
2024-04-26T21:21:17.539 INFO:journalctl@ceph.mgr.x.smithi097.stdout:Apr 26 21:21:17 smithi097 ceph-9ce681f8-0412-11ef-bc93-c7b262605968-mgr-x[28368]:
2024-04-26T21:21:17.273+0000 7f3b19a7a200 -1 mgr[py] Module crash has missing NOTIFY_TYPES member
2024-04-26T21:21:17.539 INFO:journalctl@ceph.mgr.x.smithi097.stdout:Apr 26 21:21:17 smithi097 ceph-9ce681f8-0412-11ef-bc93-c7b262605968-mgr-x[28368]:
2024-04-26T21:21:17.537+0000 7f3b19a7a200 -1 mgr[py] Module rgw has missing NOTIFY_TYPES member
2024-04-26T21:21:18.564 INFO:journalctl@ceph.mgr.x.smithi097.stdout:Apr 26 21:21:18 smithi097 ceph-9ce681f8-0412-11ef-bc93-c7b262605968-mgr-x[28368]:
2024-04-26T21:21:18.179+0000 7f3b19a7a200 -1 mgr[py] Module prometheus has missing NOTIFY_TYPES member
2024-04-26T21:21:18.564 INFO:journalctl@ceph.mgr.x.smithi097.stdout:Apr 26 21:21:18 smithi097 ceph-9ce681f8-0412-11ef-bc93-c7b262605968-mgr-x[28368]:
2024-04-26T21:21:18.303+0000 7f3b19a7a200 -1 mgr[py] Module devicehealth has missing NOTIFY_TYPES member
2024-04-26T21:21:18.923 INFO:journalctl@ceph.mgr.x.smithi097.stdout:Apr 26 21:21:18 smithi097 ceph-9ce681f8-0412-11ef-bc93-c7b262605968-mgr-x[28368]:
2024-04-26T21:21:18.620+0000 7f3b19a7a200 -1 mgr[py] Module telemetry has missing NOTIFY_TYPES member
2024-04-26T21:21:18.923 INFO:journalctl@ceph.mgr.x.smithi097.stdout:Apr 26 21:21:18 smithi097 ceph-9ce681f8-0412-11ef-bc93-c7b262605968-mgr-x[28368]:
2024-04-26T21:21:18.796+0000 7f3b19a7a200 -1 mgr[py] Module diskprediction_local has missing NOTIFY_TYPES member
2024-04-26T21:21:18.923 INFO:journalctl@ceph.mgr.x.smithi097.stdout:Apr 26 21:21:18 smithi097 ceph-9ce681f8-0412-11ef-bc93-c7b262605968-mgr-x[28368]:
2024-04-26T21:21:18.921+0000 7f3b19a7a200 -1 mgr[py] Module osd_perf_query has missing NOTIFY_TYPES member
2024-04-26T21:21:19.314 INFO:journalctl@ceph.mgr.x.smithi097.stdout:Apr 26 21:21:19 smithi097 ceph-9ce681f8-0412-11ef-bc93-c7b262605968-mgr-x[28368]:
2024-04-26T21:21:19.070+0000 7f3b19a7a200 -1 mgr[py] Module rbd_support has missing NOTIFY_TYPES member
2024-04-26T21:21:19.814 INFO:journalctl@ceph.mgr.x.smithi097.stdout:Apr 26 21:21:19 smithi097 ceph-9ce681f8-0412-11ef-bc93-c7b262605968-mgr-x[28368]:
2024-04-26T21:21:19.437+0000 7f3b19a7a200 -1 mgr[py] Module zabbix has missing NOTIFY_TYPES member
2024-04-26T21:21:20.480 INFO:journalctl@ceph.mgr.x.smithi097.stdout:Apr 26 21:21:20 smithi097 ceph-9ce681f8-0412-11ef-bc93-c7b262605968-mgr-x[28368]:
2024-04-26T21:21:20.184+0000 7f3b19a7a200 -1 mgr[py] Module status has missing NOTIFY_TYPES member
2024-04-26T21:21:20.813 INFO:journalctl@ceph.mgr.x.smithi097.stdout:Apr 26 21:21:20 smithi097 ceph-9ce681f8-0412-11ef-bc93-c7b262605968-mgr-x[28368]:
2024-04-26T21:21:20.478+0000 7f3b19a7a200 -1 mgr[py] Module nfs has missing NOTIFY_TYPES member
2024-04-26T21:21:20.814 INFO:journalctl@ceph.mon.a.smithi097.stdout:Apr 26 21:21:20 smithi097 ceph-mon[28127]: Active manager daemon x restarted
2024-04-26T21:21:20.814 INFO:journalctl@ceph.mon.a.smithi097.stdout:Apr 26 21:21:20 smithi097 ceph-mon[28127]: Activating manager daemon x
2024-04-26T21:21:20.814 INFO:journalctl@ceph.mon.a.smithi097.stdout:Apr 26 21:21:20 smithi097 ceph-mon[28127]: osdmap e3: 0 total, 0 up, 0 in
2024-04-26T21:21:20.814 INFO:journalctl@ceph.mon.a.smithi097.stdout:Apr 26 21:21:20 smithi097 ceph-mon[28127]: mgrmap e10: x(active, starting, since 0.00659404s)
2024-04-26T21:21:20.814 INFO:journalctl@ceph.mon.a.smithi097.stdout:Apr 26 21:21:20 smithi097 ceph-mon[28127]: from='mgr.14152 172.21.15.97:0/1711266405' entity='mgr.x' cmd=[{"prefix": "mon metadata", "id": "a"}]: dispatch
2024-04-26T21:21:20.814 INFO:journalctl@ceph.mon.a.smithi097.stdout:Apr 26 21:21:20 smithi097 ceph-mon[28127]: from='mgr.14152 172.21.15.97:0/1711266405' entity='mgr.x' cmd=[{"prefix": "mgr metadata", "who": "x", "id": "x"}]: dispatch
2024-04-26T21:21:20.814 INFO:journalctl@ceph.mon.a.smithi097.stdout:Apr 26 21:21:20 smithi097 ceph-mon[28127]: from='mgr.14152 172.21.15.97:0/1711266405' entity='mgr.x' cmd=[{"prefix": "mds metadata"}]: dispatch
2024-04-26T21:21:20.814 INFO:journalctl@ceph.mon.a.smithi097.stdout:Apr 26 21:21:20 smithi097 ceph-mon[28127]: from='mgr.14152 172.21.15.97:0/1711266405' entity='mgr.x' cmd=[{"prefix": "osd metadata"}]: dispatch
2024-04-26T21:21:20.814 INFO:journalctl@ceph.mon.a.smithi097.stdout:Apr 26 21:21:20 smithi097 ceph-mon[28127]: from='mgr.14152 172.21.15.97:0/1711266405' entity='mgr.x' cmd=[{"prefix": "mon metadata"}]: dispatch
2024-04-26T21:21:20.814 INFO:journalctl@ceph.mon.a.smithi097.stdout:Apr 26 21:21:20 smithi097 ceph-mon[28127]: Manager daemon x is now available
2024-04-26T21:21:21.814 INFO:journalctl@ceph.mon.a.smithi097.stdout:Apr 26 21:21:21 smithi097 ceph-mon[28127]: from='mgr.14152 172.21.15.97:0/1711266405' entity='mgr.x' cmd=[{"prefix": "config dump", "format": "json"}]: dispatch
2024-04-26T21:21:21.814 INFO:journalctl@ceph.mon.a.smithi097.stdout:Apr 26 21:21:21 smithi097 ceph-mon[28127]: from='mgr.14152 172.21.15.97:0/1711266405' entity='mgr.x' cmd=[{"prefix":"config rm","who":"mgr","name":"mgr/rbd_support/x/mirror_snapshot_schedule"}]: dispatch
2024-04-26T21:21:21.814 INFO:journalctl@ceph.mon.a.smithi097.stdout:Apr 26 21:21:21 smithi097 ceph-mon[28127]: from='mgr.14152 172.21.15.97:0/1711266405' entity='mgr.x' cmd=[{"prefix":"config rm","who":"mgr","name":"mgr/rbd_support/x/trash_purge_schedule"}]: dispatch
2024-04-26T21:21:21.814 INFO:journalctl@ceph.mon.a.smithi097.stdout:Apr 26 21:21:21 smithi097 ceph-mon[28127]: mgrmap e11: x(active, since 1.01748s)
2024-04-26T21:21:22.175 INFO:teuthology.orchestra.run.smithi097.stdout:/usr/bin/ceph: stdout {
2024-04-26T21:21:22.175 INFO:teuthology.orchestra.run.smithi097.stdout:/usr/bin/ceph: stdout "mgrmap_epoch": 11,
2024-04-26T21:21:22.175 INFO:teuthology.orchestra.run.smithi097.stdout:/usr/bin/ceph: stdout "initialized": true
2024-04-26T21:21:22.175 INFO:teuthology.orchestra.run.smithi097.stdout:/usr/bin/ceph: stdout }
2024-04-26T21:21:22.175 INFO:teuthology.orchestra.run.smithi097.stdout:/usr/bin/ceph: stderr
2024-04-26T21:21:15.240+0000 7f6a5be00700 1 Processor -- start
2024-04-26T21:21:22.175 INFO:teuthology.orchestra.run.smithi097.stdout:/usr/bin/ceph: stderr
2024-04-26T21:21:15.241+0000 7f6a5be00700 1 -- start start
2024-04-26T21:21:22.177 INFO:teuthology.orchestra.run.smithi097.stdout:/usr/bin/ceph: stderr
2024-04-26T21:21:15.241+0000 7f6a5be00700 1 --2- >> [v2:172.21.15.97:3300/0,v1:172.21.15.97:6789/0] conn(0x7f6a5c07ede0 0x7f6a5c07d240 unknown :-1 s=NONE pgs=0 cs=0 l=0 rev1=0 crypto rx=0 tx=0 comp rx=0 tx=0).connect
2024-04-26T21:21:22.177 INFO:teuthology.orchestra.run.smithi097.stdout:/usr/bin/ceph: stderr
2024-04-26T21:21:15.241+0000 7f6a5be00700 1 -- --> [v2:172.21.15.97:3300/0,v1:172.21.15.97:6789/0] -- mon_getmap magic: 0 -- 0x7f6a5c07d810 con 0x7f6a5c07ede0
2024-04-26T21:21:22.177 INFO:teuthology.orchestra.run.smithi097.stdout:/usr/bin/ceph: stderr
2024-04-26T21:21:15.241+0000 7f6a5aa00700 1 --2- >> [v2:172.21.15.97:3300/0,v1:172.21.15.97:6789/0] conn(0x7f6a5c07ede0 0x7f6a5c07d240 unknown :-1 s=BANNER_CONNECTING pgs=0 cs=0 l=0 rev1=0 crypto rx=0 tx=0 comp rx=0 tx=0)._handle_peer_banner_payload supported=3 required=0
2024-04-26T21:21:22.177 INFO:teuthology.orchestra.run.smithi097.stdout:/usr/bin/ceph: stderr
2024-04-26T21:21:15.241+0000 7f6a5aa00700 1 --2- >> [v2:172.21.15.97:3300/0,v1:172.21.15.97:6789/0] conn(0x7f6a5c07ede0 0x7f6a5c07d240 unknown :-1 s=HELLO_CONNECTING pgs=0 cs=0 l=0 rev1=1 crypto rx=0 tx=0 comp rx=0 tx=0).handle_hello peer v2:172.21.15.97:3300/0 says I am v2:172.21.15.97:52894/0 (socket says 172.21.15.97:52894)
2024-04-26T21:21:22.177 INFO:teuthology.orchestra.run.smithi097.stdout:/usr/bin/ceph: stderr
2024-04-26T21:21:15.241+0000 7f6a5aa00700 1 -- 172.21.15.97:0/1836505259 learned_addr learned my addr 172.21.15.97:0/1836505259 (peer_addr_for_me v2:172.21.15.97:0/0)
2024-04-26T21:21:22.177 INFO:teuthology.orchestra.run.smithi097.stdout:/usr/bin/ceph: stderr
2024-04-26T21:21:15.242+0000 7f6a5aa00700 1 -- 172.21.15.97:0/1836505259 --> [v2:172.21.15.97:3300/0,v1:172.21.15.97:6789/0] -- mon_subscribe({config=0+,monmap=0+}) -- 0x7f6a5c07d990 con 0x7f6a5c07ede0
2024-04-26T21:21:22.177 INFO:teuthology.orchestra.run.smithi097.stdout:/usr/bin/ceph: stderr
2024-04-26T21:21:15.242+0000 7f6a5aa00700 1 --2- 172.21.15.97:0/1836505259 >> [v2:172.21.15.97:3300/0,v1:172.21.15.97:6789/0] conn(0x7f6a5c07ede0 0x7f6a5c07d240 secure :-1 s=READY pgs=61 cs=0 l=1 rev1=1 crypto rx=0x7f6a4c0098a0 tx=0x7f6a4c009bb0 comp rx=0 tx=0).ready entity=mon.0 client_cookie=9591b648cc687111 server_cookie=0 in_seq=0 out_seq=0
2024-04-26T21:21:22.177 INFO:teuthology.orchestra.run.smithi097.stdout:/usr/bin/ceph: stderr
2024-04-26T21:21:15.242+0000 7f6a59600700 1 -- 172.21.15.97:0/1836505259 <== mon.0 v2:172.21.15.97:3300/0 1 ==== mon_map magic: 0 ==== 205+0+0 (secure 0 0 0) 0x7f6a4c004160 con 0x7f6a5c07ede0
2024-04-26T21:21:22.177 INFO:teuthology.orchestra.run.smithi097.stdout:/usr/bin/ceph: stderr
2024-04-26T21:21:15.243+0000 7f6a59600700 1 -- 172.21.15.97:0/1836505259 <== mon.0 v2:172.21.15.97:3300/0 2 ==== config(25 keys) ==== 1063+0+0 (secure 0 0 0) 0x7f6a4c004300 con 0x7f6a5c07ede0
2024-04-26T21:21:22.177 INFO:teuthology.orchestra.run.smithi097.stdout:/usr/bin/ceph: stderr
2024-04-26T21:21:15.243+0000 7f6a59600700 1 -- 172.21.15.97:0/1836505259 <== mon.0 v2:172.21.15.97:3300/0 3 ==== mon_map magic: 0 ==== 205+0+0 (secure 0 0 0) 0x7f6a4c011960 con 0x7f6a5c07ede0
2024-04-26T21:21:22.178 INFO:teuthology.orchestra.run.smithi097.stdout:/usr/bin/ceph: stderr
2024-04-26T21:21:15.243+0000 7f6a5be00700 1 -- 172.21.15.97:0/1836505259 >> [v2:172.21.15.97:3300/0,v1:172.21.15.97:6789/0] conn(0x7f6a5c07ede0 msgr2=0x7f6a5c07d240 secure :-1 s=STATE_CONNECTION_ESTABLISHED l=1).mark_down
2024-04-26T21:21:22.180 INFO:teuthology.orchestra.run.smithi097.stdout:/usr/bin/ceph: stderr
2024-04-26T21:21:15.243+0000 7f6a5be00700 1 --2- 172.21.15.97:0/1836505259 >> [v2:172.21.15.97:3300/0,v1:172.21.15.97:6789/0] conn(0x7f6a5c07ede0 0x7f6a5c07d240 secure :-1 s=READY pgs=61 cs=0 l=1 rev1=1 crypto rx=0x7f6a4c0098a0 tx=0x7f6a4c009bb0 comp rx=0 tx=0).stop
2024-04-26T21:21:22.180 INFO:teuthology.orchestra.run.smithi097.stdout:/usr/bin/ceph: stderr
2024-04-26T21:21:15.243+0000 7f6a5be00700 1 -- 172.21.15.97:0/1836505259 shutdown_connections
2024-04-26T21:21:22.180 INFO:teuthology.orchestra.run.smithi097.stdout:/usr/bin/ceph: stderr
2024-04-26T21:21:15.243+0000 7f6a5be00700 1 --2- 172.21.15.97:0/1836505259 >> [v2:172.21.15.97:3300/0,v1:172.21.15.97:6789/0] conn(0x7f6a5c07ede0 0x7f6a5c07d240 unknown :-1 s=CLOSED pgs=61 cs=0 l=1 rev1=1 crypto rx=0 tx=0 comp rx=0 tx=0).stop
2024-04-26T21:21:22.180 INFO:teuthology.orchestra.run.smithi097.stdout:/usr/bin/ceph: stderr
2024-04-26T21:21:15.243+0000 7f6a5be00700 1 -- 172.21.15.97:0/1836505259 >> 172.21.15.97:0/1836505259 conn(0x7f6a5c1041c0 msgr2=0x7f6a5c106620 unknown :-1 s=STATE_NONE l=0).mark_down
2024-04-26T21:21:22.180 INFO:teuthology.orchestra.run.smithi097.stdout:/usr/bin/ceph: stderr
2024-04-26T21:21:15.244+0000 7f6a5be00700 1 -- 172.21.15.97:0/1836505259 shutdown_connections
2024-04-26T21:21:22.180 INFO:teuthology.orchestra.run.smithi097.stdout:/usr/bin/ceph: stderr
2024-04-26T21:21:15.244+0000 7f6a5be00700 1 -- 172.21.15.97:0/1836505259 wait complete.
2024-04-26T21:21:22.180 INFO:teuthology.orchestra.run.smithi097.stdout:/usr/bin/ceph: stderr
2024-04-26T21:21:15.244+0000 7f6a5be00700 1 Processor -- start
2024-04-26T21:21:22.180 INFO:teuthology.orchestra.run.smithi097.stdout:/usr/bin/ceph: stderr
2024-04-26T21:21:15.245+0000 7f6a5be00700 1 -- start start
2024-04-26T21:21:22.181 INFO:teuthology.orchestra.run.smithi097.stdout:/usr/bin/ceph: stderr
2024-04-26T21:21:15.245+0000 7f6a5be00700 1 --2- >> [v2:172.21.15.97:3300/0,v1:172.21.15.97:6789/0] conn(0x7f6a5c07ede0 0x7f6a5c19ed10 unknown :-1 s=NONE pgs=0 cs=0 l=1 rev1=0 crypto rx=0 tx=0 comp rx=0 tx=0).connect
2024-04-26T21:21:22.181 INFO:teuthology.orchestra.run.smithi097.stdout:/usr/bin/ceph: stderr
2024-04-26T21:21:15.245+0000 7f6a5be00700 1 -- --> [v2:172.21.15.97:3300/0,v1:172.21.15.97:6789/0] -- mon_getmap magic: 0 -- 0x7f6a5c10f1c0 con 0x7f6a5c07ede0
2024-04-26T21:21:22.181 INFO:teuthology.orchestra.run.smithi097.stdout:/usr/bin/ceph: stderr
2024-04-26T21:21:15.245+0000 7f6a5aa00700 1 --2- >> [v2:172.21.15.97:3300/0,v1:172.21.15.97:6789/0] conn(0x7f6a5c07ede0 0x7f6a5c19ed10 unknown :-1 s=BANNER_CONNECTING pgs=0 cs=0 l=1 rev1=0 crypto rx=0 tx=0 comp rx=0 tx=0)._handle_peer_banner_payload supported=3 required=0
2024-04-26T21:21:22.181 INFO:teuthology.orchestra.run.smithi097.stdout:/usr/bin/ceph: stderr
2024-04-26T21:21:15.245+0000 7f6a5aa00700 1 --2- >> [v2:172.21.15.97:3300/0,v1:172.21.15.97:6789/0] conn(0x7f6a5c07ede0 0x7f6a5c19ed10 unknown :-1 s=HELLO_CONNECTING pgs=0 cs=0 l=1 rev1=1 crypto rx=0 tx=0 comp rx=0 tx=0).handle_hello peer v2:172.21.15.97:3300/0 says I am v2:172.21.15.97:52908/0 (socket says 172.21.15.97:52908)
2024-04-26T21:21:22.181 INFO:teuthology.orchestra.run.smithi097.stdout:/usr/bin/ceph: stderr
2024-04-26T21:21:15.245+0000 7f6a5aa00700 1 -- 172.21.15.97:0/2971075247 learned_addr learned my addr 172.21.15.97:0/2971075247 (peer_addr_for_me v2:172.21.15.97:0/0)
2024-04-26T21:21:22.181 INFO:teuthology.orchestra.run.smithi097.stdout:/usr/bin/ceph: stderr
2024-04-26T21:21:15.246+0000 7f6a5aa00700 1 -- 172.21.15.97:0/2971075247 --> [v2:172.21.15.97:3300/0,v1:172.21.15.97:6789/0] -- mon_subscribe({config=0+,monmap=0+}) -- 0x7f6a5c19f250 con 0x7f6a5c07ede0
2024-04-26T21:21:22.181 INFO:teuthology.orchestra.run.smithi097.stdout:/usr/bin/ceph: stderr
2024-04-26T21:21:15.246+0000 7f6a5aa00700 1 --2- 172.21.15.97:0/2971075247 >> [v2:172.21.15.97:3300/0,v1:172.21.15.97:6789/0] conn(0x7f6a5c07ede0 0x7f6a5c19ed10 secure :-1 s=READY pgs=62 cs=0 l=1 rev1=1 crypto rx=0x7f6a4c011670 tx=0x7f6a4c011a30 comp rx=0 tx=0).ready entity=mon.0 client_cookie=0 server_cookie=0 in_seq=0 out_seq=0
2024-04-26T21:21:22.181 INFO:teuthology.orchestra.run.smithi097.stdout:/usr/bin/ceph: stderr
2024-04-26T21:21:15.246+0000 7f6a53400700 1 -- 172.21.15.97:0/2971075247 <== mon.0 v2:172.21.15.97:3300/0 1 ==== mon_map magic: 0 ==== 205+0+0 (secure 0 0 0) 0x7f6a4c01f070 con 0x7f6a5c07ede0
2024-04-26T21:21:22.181 INFO:teuthology.orchestra.run.smithi097.stdout:/usr/bin/ceph: stderr
2024-04-26T21:21:15.246+0000 7f6a53400700 1 -- 172.21.15.97:0/2971075247 <== mon.0 v2:172.21.15.97:3300/0 2 ==== config(25 keys) ==== 1063+0+0 (secure 0 0 0) 0x7f6a4c003b20 con 0x7f6a5c07ede0
2024-04-26T21:21:22.181 INFO:teuthology.orchestra.run.smithi097.stdout:/usr/bin/ceph: stderr
2024-04-26T21:21:15.246+0000 7f6a5be00700 1 -- 172.21.15.97:0/2971075247 --> [v2:172.21.15.97:3300/0,v1:172.21.15.97:6789/0] -- mon_subscribe({mgrmap=0+}) -- 0x7f6a5c19f4e0 con 0x7f6a5c07ede0
2024-04-26T21:21:22.181 INFO:teuthology.orchestra.run.smithi097.stdout:/usr/bin/ceph: stderr
2024-04-26T21:21:15.246+0000 7f6a53400700 1 -- 172.21.15.97:0/2971075247 <== mon.0 v2:172.21.15.97:3300/0 3 ==== mon_map magic: 0 ==== 205+0+0 (secure 0 0 0) 0x7f6a4c0195f0 con 0x7f6a5c07ede0
2024-04-26T21:21:22.181 INFO:teuthology.orchestra.run.smithi097.stdout:/usr/bin/ceph: stderr
2024-04-26T21:21:15.246+0000 7f6a5be00700 1 -- 172.21.15.97:0/2971075247 --> [v2:172.21.15.97:3300/0,v1:172.21.15.97:6789/0] -- mon_subscribe({osdmap=0}) -- 0x7f6a5c1a21c0 con 0x7f6a5c07ede0
2024-04-26T21:21:22.181 INFO:teuthology.orchestra.run.smithi097.stdout:/usr/bin/ceph: stderr
2024-04-26T21:21:15.248+0000 7f6a53400700 1 -- 172.21.15.97:0/2971075247 <== mon.0 v2:172.21.15.97:3300/0 4 ==== mgrmap(e 9) ==== 46571+0+0 (secure 0 0 0) 0x7f6a4c022070 con 0x7f6a5c07ede0
2024-04-26T21:21:22.185 INFO:teuthology.orchestra.run.smithi097.stdout:/usr/bin/ceph: stderr
2024-04-26T21:21:15.248+0000 7f6a53400700 1 --2- 172.21.15.97:0/2971075247 >> [v2:172.21.15.97:6800/1403922799,v1:172.21.15.97:6801/1403922799] conn(0x7f6a40039660 0x7f6a4003bb20 unknown :-1 s=NONE pgs=0 cs=0 l=1 rev1=0 crypto rx=0 tx=0 comp rx=0 tx=0).connect
2024-04-26T21:21:22.185 INFO:teuthology.orchestra.run.smithi097.stdout:/usr/bin/ceph: stderr
2024-04-26T21:21:15.248+0000 7f6a53400700 1 -- 172.21.15.97:0/2971075247 --> [v2:172.21.15.97:6800/1403922799,v1:172.21.15.97:6801/1403922799] -- command(tid 0: {"prefix": "get_command_descriptions"}) -- 0x7f6a4003c230 con 0x7f6a40039660
2024-04-26T21:21:22.186 INFO:teuthology.orchestra.run.smithi097.stdout:/usr/bin/ceph: stderr
2024-04-26T21:21:15.248+0000 7f6a53400700 1 -- 172.21.15.97:0/2971075247 <== mon.0 v2:172.21.15.97:3300/0 5 ==== osd_map(2..2 src has 1..2) ==== 940+0+0 (secure 0 0 0) 0x7f6a4c04dad0 con 0x7f6a5c07ede0
2024-04-26T21:21:22.186 INFO:teuthology.orchestra.run.smithi097.stdout:/usr/bin/ceph: stderr
2024-04-26T21:21:15.248+0000 7f6a5a000700 1 -- 172.21.15.97:0/2971075247 >> [v2:172.21.15.97:6800/1403922799,v1:172.21.15.97:6801/1403922799] conn(0x7f6a40039660 msgr2=0x7f6a4003bb20 unknown :-1 s=STATE_CONNECTING_RE l=1).process reconnect failed to v2:172.21.15.97:6800/1403922799
2024-04-26T21:21:22.186 INFO:teuthology.orchestra.run.smithi097.stdout:/usr/bin/ceph: stderr
2024-04-26T21:21:15.248+0000 7f6a5a000700 1 --2- 172.21.15.97:0/2971075247 >> [v2:172.21.15.97:6800/1403922799,v1:172.21.15.97:6801/1403922799] conn(0x7f6a40039660 0x7f6a4003bb20 unknown :-1 s=START_CONNECT pgs=0 cs=0 l=1 rev1=0 crypto rx=0 tx=0 comp rx=0 tx=0)._fault waiting 0.200000
2024-04-26T21:21:22.186 INFO:teuthology.orchestra.run.smithi097.stdout:/usr/bin/ceph: stderr
2024-04-26T21:21:15.449+0000 7f6a5a000700 1 -- 172.21.15.97:0/2971075247 >> [v2:172.21.15.97:6800/1403922799,v1:172.21.15.97:6801/1403922799] conn(0x7f6a40039660 msgr2=0x7f6a4003bb20 unknown :-1 s=STATE_CONNECTING_RE l=1).process reconnect failed to v2:172.21.15.97:6800/1403922799
2024-04-26T21:21:22.186 INFO:teuthology.orchestra.run.smithi097.stdout:/usr/bin/ceph: stderr
2024-04-26T21:21:15.449+0000 7f6a5a000700 1 --2- 172.21.15.97:0/2971075247 >> [v2:172.21.15.97:6800/1403922799,v1:172.21.15.97:6801/1403922799] conn(0x7f6a40039660 0x7f6a4003bb20 unknown :-1 s=START_CONNECT pgs=0 cs=0 l=1 rev1=0 crypto rx=0 tx=0 comp rx=0 tx=0)._fault waiting 0.400000
2024-04-26T21:21:22.186 INFO:teuthology.orchestra.run.smithi097.stdout:/usr/bin/ceph: stderr
2024-04-26T21:21:15.850+0000 7f6a5a000700 1 -- 172.21.15.97:0/2971075247 >> [v2:172.21.15.97:6800/1403922799,v1:172.21.15.97:6801/1403922799] conn(0x7f6a40039660 msgr2=0x7f6a4003bb20 unknown :-1 s=STATE_CONNECTING_RE l=1).process reconnect failed to v2:172.21.15.97:6800/1403922799
2024-04-26T21:21:22.186 INFO:teuthology.orchestra.run.smithi097.stdout:/usr/bin/ceph: stderr
2024-04-26T21:21:15.850+0000 7f6a5a000700 1 --2- 172.21.15.97:0/2971075247 >> [v2:172.21.15.97:6800/1403922799,v1:172.21.15.97:6801/1403922799] conn(0x7f6a40039660 0x7f6a4003bb20 unknown :-1 s=START_CONNECT pgs=0 cs=0 l=1 rev1=0 crypto rx=0 tx=0 comp rx=0 tx=0)._fault waiting 0.800000
2024-04-26T21:21:22.186 INFO:teuthology.orchestra.run.smithi097.stdout:/usr/bin/ceph: stderr
2024-04-26T21:21:16.651+0000 7f6a5a000700 1 -- 172.21.15.97:0/2971075247 >> [v2:172.21.15.97:6800/1403922799,v1:172.21.15.97:6801/1403922799] conn(0x7f6a40039660 msgr2=0x7f6a4003bb20 unknown :-1 s=STATE_CONNECTING_RE l=1).process reconnect failed to v2:172.21.15.97:6800/1403922799
2024-04-26T21:21:22.186 INFO:teuthology.orchestra.run.smithi097.stdout:/usr/bin/ceph: stderr
2024-04-26T21:21:16.651+0000 7f6a5a000700 1 --2- 172.21.15.97:0/2971075247 >> [v2:172.21.15.97:6800/1403922799,v1:172.21.15.97:6801/1403922799] conn(0x7f6a40039660 0x7f6a4003bb20 unknown :-1 s=START_CONNECT pgs=0 cs=0 l=1 rev1=0 crypto rx=0 tx=0 comp rx=0 tx=0)._fault waiting 1.600000
2024-04-26T21:21:22.186 INFO:teuthology.orchestra.run.smithi097.stdout:/usr/bin/ceph: stderr
2024-04-26T21:21:18.253+0000 7f6a5a000700 1 -- 172.21.15.97:0/2971075247 >> [v2:172.21.15.97:6800/1403922799,v1:172.21.15.97:6801/1403922799] conn(0x7f6a40039660 msgr2=0x7f6a4003bb20 unknown :-1 s=STATE_CONNECTING_RE l=1).process reconnect failed to v2:172.21.15.97:6800/1403922799
2024-04-26T21:21:22.186 INFO:teuthology.orchestra.run.smithi097.stdout:/usr/bin/ceph: stderr
2024-04-26T21:21:18.253+0000 7f6a5a000700 1 --2- 172.21.15.97:0/2971075247 >> [v2:172.21.15.97:6800/1403922799,v1:172.21.15.97:6801/1403922799] conn(0x7f6a40039660 0x7f6a4003bb20 unknown :-1 s=START_CONNECT pgs=0 cs=0 l=1 rev1=0 crypto rx=0 tx=0 comp rx=0 tx=0)._fault waiting 3.200000
2024-04-26T21:21:22.186 INFO:teuthology.orchestra.run.smithi097.stdout:/usr/bin/ceph: stderr
2024-04-26T21:21:20.487+0000 7f6a53400700 1 -- 172.21.15.97:0/2971075247 <== mon.0 v2:172.21.15.97:3300/0 6 ==== mgrmap(e 10) ==== 46338+0+0 (secure 0 0 0) 0x7f6a4c01b490 con 0x7f6a5c07ede0
2024-04-26T21:21:22.186 INFO:teuthology.orchestra.run.smithi097.stdout:/usr/bin/ceph: stderr
2024-04-26T21:21:20.487+0000 7f6a53400700 1 -- 172.21.15.97:0/2971075247 >> [v2:172.21.15.97:6800/1403922799,v1:172.21.15.97:6801/1403922799] conn(0x7f6a40039660 msgr2=0x7f6a4003bb20 unknown :-1 s=STATE_CONNECTING l=1).mark_down
2024-04-26T21:21:22.187 INFO:teuthology.orchestra.run.smithi097.stdout:/usr/bin/ceph: stderr
2024-04-26T21:21:20.487+0000 7f6a53400700 1 --2- 172.21.15.97:0/2971075247 >> [v2:172.21.15.97:6800/1403922799,v1:172.21.15.97:6801/1403922799] conn(0x7f6a40039660 0x7f6a4003bb20 unknown :-1 s=START_CONNECT pgs=0 cs=0 l=1 rev1=0 crypto rx=0 tx=0 comp rx=0 tx=0).stop
2024-04-26T21:21:22.187 INFO:teuthology.orchestra.run.smithi097.stdout:/usr/bin/ceph: stderr
2024-04-26T21:21:21.491+0000 7f6a53400700 1 -- 172.21.15.97:0/2971075247 <== mon.0 v2:172.21.15.97:3300/0 7 ==== mgrmap(e 11) ==== 46465+0+0 (secure 0 0 0) 0x7f6a4c02cd00 con 0x7f6a5c07ede0
2024-04-26T21:21:22.187 INFO:teuthology.orchestra.run.smithi097.stdout:/usr/bin/ceph: stderr
2024-04-26T21:21:21.491+0000 7f6a53400700 1 --2- 172.21.15.97:0/2971075247 >> [v2:172.21.15.97:6800/3172837618,v1:172.21.15.97:6801/3172837618] conn(0x7f6a4003cff0 0x7f6a4003f3e0 unknown :-1 s=NONE pgs=0 cs=0 l=1 rev1=0 crypto rx=0 tx=0 comp rx=0 tx=0).connect
2024-04-26T21:21:22.187 INFO:teuthology.orchestra.run.smithi097.stdout:/usr/bin/ceph: stderr
2024-04-26T21:21:21.492+0000 7f6a53400700 1 -- 172.21.15.97:0/2971075247 --> [v2:172.21.15.97:6800/3172837618,v1:172.21.15.97:6801/3172837618] -- command(tid 0: {"prefix": "get_command_descriptions"}) -- 0x7f6a4003c230 con 0x7f6a4003cff0
2024-04-26T21:21:22.187 INFO:teuthology.orchestra.run.smithi097.stdout:/usr/bin/ceph: stderr
2024-04-26T21:21:21.493+0000 7f6a5a000700 1 --2- 172.21.15.97:0/2971075247 >> [v2:172.21.15.97:6800/3172837618,v1:172.21.15.97:6801/3172837618] conn(0x7f6a4003cff0 0x7f6a4003f3e0 unknown :-1 s=BANNER_CONNECTING pgs=0 cs=0 l=1 rev1=0 crypto rx=0 tx=0 comp rx=0 tx=0)._handle_peer_banner_payload supported=3 required=0
2024-04-26T21:21:22.187 INFO:teuthology.orchestra.run.smithi097.stdout:/usr/bin/ceph: stderr
2024-04-26T21:21:21.494+0000 7f6a5a000700 1 --2- 172.21.15.97:0/2971075247 >> [v2:172.21.15.97:6800/3172837618,v1:172.21.15.97:6801/3172837618] conn(0x7f6a4003cff0 0x7f6a4003f3e0 secure :-1 s=READY pgs=3 cs=0 l=1 rev1=1 crypto rx=0x7f6a48003a10 tx=0x7f6a48009270 comp rx=0 tx=0).ready entity=mgr.14152 client_cookie=0 server_cookie=0 in_seq=0 out_seq=0
2024-04-26T21:21:22.187 INFO:teuthology.orchestra.run.smithi097.stdout:/usr/bin/ceph: stderr
2024-04-26T21:21:21.495+0000 7f6a53400700 1 -- 172.21.15.97:0/2971075247 <== mgr.14152 v2:172.21.15.97:6800/3172837618 1 ==== command_reply(tid 0: 0 ) ==== 8+0+9564 (secure 0 0 0) 0x7f6a4003c230 con 0x7f6a4003cff0
2024-04-26T21:21:22.187 INFO:teuthology.orchestra.run.smithi097.stdout:/usr/bin/ceph: stderr
2024-04-26T21:21:21.505+0000 7f6a5be00700 1 -- 172.21.15.97:0/2971075247 --> [v2:172.21.15.97:6800/3172837618,v1:172.21.15.97:6801/3172837618] -- command(tid 1: {"prefix": "mgr_status"}) -- 0x7f6a5c064a80 con 0x7f6a4003cff0
2024-04-26T21:21:22.187 INFO:teuthology.orchestra.run.smithi097.stdout:/usr/bin/ceph: stderr
2024-04-26T21:21:21.506+0000 7f6a53400700 1 -- 172.21.15.97:0/2971075247 <== mgr.14152 v2:172.21.15.97:6800/3172837618 2 ==== command_reply(tid 1: 0 ) ==== 8+0+52 (secure 0 0 0) 0x7f6a5c064a80 con 0x7f6a4003cff0
2024-04-26T21:21:22.187 INFO:teuthology.orchestra.run.smithi097.stdout:/usr/bin/ceph: stderr
2024-04-26T21:21:21.507+0000 7f6a5be00700 1 -- 172.21.15.97:0/2971075247 >> [v2:172.21.15.97:6800/3172837618,v1:172.21.15.97:6801/3172837618] conn(0x7f6a4003cff0 msgr2=0x7f6a4003f3e0 secure :-1 s=STATE_CONNECTION_ESTABLISHED l=1).mark_down
2024-04-26T21:21:22.187 INFO:teuthology.orchestra.run.smithi097.stdout:/usr/bin/ceph: stderr
2024-04-26T21:21:21.507+0000 7f6a5be00700 1 --2- 172.21.15.97:0/2971075247 >> [v2:172.21.15.97:6800/3172837618,v1:172.21.15.97:6801/3172837618] conn(0x7f6a4003cff0 0x7f6a4003f3e0 secure :-1 s=READY pgs=3 cs=0 l=1 rev1=1 crypto rx=0x7f6a48003a10 tx=0x7f6a48009270 comp rx=0 tx=0).stop
2024-04-26T21:21:22.187 INFO:teuthology.orchestra.run.smithi097.stdout:/usr/bin/ceph: stderr
2024-04-26T21:21:21.507+0000 7f6a5be00700 1 -- 172.21.15.97:0/2971075247 >> [v2:172.21.15.97:3300/0,v1:172.21.15.97:6789/0] conn(0x7f6a5c07ede0 msgr2=0x7f6a5c19ed10 secure :-1 s=STATE_CONNECTION_ESTABLISHED l=1).mark_down
2024-04-26T21:21:22.187 INFO:teuthology.orchestra.run.smithi097.stdout:/usr/bin/ceph: stderr
2024-04-26T21:21:21.507+0000 7f6a5be00700 1 --2- 172.21.15.97:0/2971075247 >> [v2:172.21.15.97:3300/0,v1:172.21.15.97:6789/0] conn(0x7f6a5c07ede0 0x7f6a5c19ed10 secure :-1 s=READY pgs=62 cs=0 l=1 rev1=1 crypto rx=0x7f6a4c011670 tx=0x7f6a4c011a30 comp rx=0 tx=0).stop
2024-04-26T21:21:22.187 INFO:teuthology.orchestra.run.smithi097.stdout:/usr/bin/ceph: stderr
2024-04-26T21:21:21.507+0000 7f6a5be00700 1 -- 172.21.15.97:0/2971075247 shutdown_connections
2024-04-26T21:21:22.188 INFO:teuthology.orchestra.run.smithi097.stdout:/usr/bin/ceph: stderr
2024-04-26T21:21:21.507+0000 7f6a5be00700 1 --2- 172.21.15.97:0/2971075247 >> [v2:172.21.15.97:6800/3172837618,v1:172.21.15.97:6801/3172837618] conn(0x7f6a4003cff0 0x7f6a4003f3e0 unknown :-1 s=CLOSED pgs=3 cs=0 l=1 rev1=1 crypto rx=0 tx=0 comp rx=0 tx=0).stop
2024-04-26T21:21:22.188 INFO:teuthology.orchestra.run.smithi097.stdout:/usr/bin/ceph: stderr
2024-04-26T21:21:21.507+0000 7f6a5be00700 1 --2- 172.21.15.97:0/2971075247 >> [v2:172.21.15.97:3300/0,v1:172.21.15.97:6789/0] conn(0x7f6a5c07ede0 0x7f6a5c19ed10 unknown :-1 s=CLOSED pgs=62 cs=0 l=1 rev1=1 crypto rx=0 tx=0 comp rx=0 tx=0).stop
2024-04-26T21:21:22.188 INFO:teuthology.orchestra.run.smithi097.stdout:/usr/bin/ceph: stderr
2024-04-26T21:21:21.507+0000 7f6a5be00700 1 --2- 172.21.15.97:0/2971075247 >> [v2:172.21.15.97:6800/1403922799,v1:172.21.15.97:6801/1403922799] conn(0x7f6a40039660 0x7f6a4003bb20 unknown :-1 s=CLOSED pgs=0 cs=0 l=1 rev1=0 crypto rx=0 tx=0 comp rx=0 tx=0).stop
2024-04-26T21:21:22.188 INFO:teuthology.orchestra.run.smithi097.stdout:/usr/bin/ceph: stderr
2024-04-26T21:21:21.507+0000 7f6a5be00700 1 -- 172.21.15.97:0/2971075247 >> 172.21.15.97:0/2971075247 conn(0x7f6a5c1041c0 msgr2=0x7f6a5c104ce0 unknown :-1 s=STATE_NONE l=0).mark_down
2024-04-26T21:21:22.188 INFO:teuthology.orchestra.run.smithi097.stdout:/usr/bin/ceph: stderr
2024-04-26T21:21:21.507+0000 7f6a5be00700 1 -- 172.21.15.97:0/2971075247 shutdown_connections
2024-04-26T21:21:22.188 INFO:teuthology.orchestra.run.smithi097.stdout:/usr/bin/ceph: stderr
2024-04-26T21:21:21.507+0000 7f6a5be00700 1 -- 172.21.15.97:0/2971075247 wait complete.
2024-04-26T21:21:22.188 INFO:teuthology.orchestra.run.smithi097.stdout:mgr epoch 9 is available
2024-04-26T21:21:22.188 INFO:teuthology.orchestra.run.smithi097.stdout:Generating a dashboard self-signed certificate...
2024-04-26T21:21:22.778 INFO:journalctl@ceph.mon.a.smithi097.stdout:Apr 26 21:21:22 smithi097 ceph-mon[28127]: [26/Apr/2024:21:21:21] ENGINE Bus STARTING
2024-04-26T21:21:22.778 INFO:journalctl@ceph.mon.a.smithi097.stdout:Apr 26 21:21:22 smithi097 ceph-mon[28127]: [26/Apr/2024:21:21:21] ENGINE Serving on https://172.21.15.97:7150
2024-04-26T21:21:22.778 INFO:journalctl@ceph.mon.a.smithi097.stdout:Apr 26 21:21:22 smithi097 ceph-mon[28127]: [26/Apr/2024:21:21:21] ENGINE Serving on http://172.21.15.97:8765
2024-04-26T21:21:22.778 INFO:journalctl@ceph.mon.a.smithi097.stdout:Apr 26 21:21:22 smithi097 ceph-mon[28127]: [26/Apr/2024:21:21:21] ENGINE Bus STARTED
2024-04-26T21:21:22.778 INFO:journalctl@ceph.mon.a.smithi097.stdout:Apr 26 21:21:22 smithi097 ceph-mon[28127]: from='client.14156 -' entity='client.admin' cmd=[{"prefix": "get_command_descriptions"}]: dispatch
2024-04-26T21:21:22.778 INFO:journalctl@ceph.mon.a.smithi097.stdout:Apr 26 21:21:22 smithi097 ceph-mon[28127]: from='client.14156 -' entity='client.admin' cmd=[{"prefix": "mgr_status"}]: dispatch
2024-04-26T21:21:23.708 INFO:journalctl@ceph.mon.a.smithi097.stdout:Apr 26 21:21:23 smithi097 ceph-mon[28127]: mgrmap e12: x(active, since 2s)
2024-04-26T21:21:23.708 INFO:journalctl@ceph.mon.a.smithi097.stdout:Apr 26 21:21:23 smithi097 ceph-mon[28127]: from='mgr.14152 172.21.15.97:0/1711266405' entity='mgr.x'
2024-04-26T21:21:23.708 INFO:journalctl@ceph.mon.a.smithi097.stdout:Apr 26 21:21:23 smithi097 ceph-mon[28127]: from='mgr.14152 172.21.15.97:0/1711266405' entity='mgr.x'
2024-04-26T21:21:24.017 INFO:teuthology.orchestra.run.smithi097.stdout:/usr/bin/ceph: stdout Self-signed certificate created
2024-04-26T21:21:24.022 INFO:teuthology.orchestra.run.smithi097.stdout:/usr/bin/ceph: stderr
2024-04-26T21:21:22.931+0000 7fbba0a00700 1 Processor -- start
2024-04-26T21:21:24.022 INFO:teuthology.orchestra.run.smithi097.stdout:/usr/bin/ceph: stderr
2024-04-26T21:21:22.931+0000 7fbba0a00700 1 -- start start
2024-04-26T21:21:24.022 INFO:teuthology.orchestra.run.smithi097.stdout:/usr/bin/ceph: stderr
2024-04-26T21:21:22.931+0000 7fbba0a00700 1 --2- >> [v2:172.21.15.97:3300/0,v1:172.21.15.97:6789/0] conn(0x7fbb9c108e80 0x7fbb9c1092a0 unknown :-1 s=NONE pgs=0 cs=0 l=0 rev1=0 crypto rx=0 tx=0 comp rx=0 tx=0).connect
2024-04-26T21:21:24.022 INFO:teuthology.orchestra.run.smithi097.stdout:/usr/bin/ceph: stderr
2024-04-26T21:21:22.931+0000 7fbba0a00700 1 -- --> [v2:172.21.15.97:3300/0,v1:172.21.15.97:6789/0] -- mon_getmap magic: 0 -- 0x7fbb9c1097e0 con 0x7fbb9c108e80
