2024-04-26T21:25:36.195 INFO:teuthology.orchestra.run.smithi046.stdout:/usr/bin/ceph: stderr
2024-04-26T21:25:35.462+0000 7fe7f5f08700 1 --2- 172.21.15.46:0/1927040270 >> [v2:172.21.15.46:3300/0,v1:172.21.15.46:6789/0] conn(0x7fe7f0107c50 0x7fe7f019cca0 unknown :-1 s=CLOSED pgs=73 cs=0 l=1 rev1=1 crypto rx=0 tx=0 comp rx=0 tx=0).stop
2024-04-26T21:25:36.195 INFO:teuthology.orchestra.run.smithi046.stdout:/usr/bin/ceph: stderr
2024-04-26T21:25:35.462+0000 7fe7f5f08700 1 -- 172.21.15.46:0/1927040270 >> 172.21.15.46:0/1927040270 conn(0x7fe7f01031f0 msgr2=0x7fe7f0104040 unknown :-1 s=STATE_NONE l=0).mark_down
2024-04-26T21:25:36.195 INFO:teuthology.orchestra.run.smithi046.stdout:/usr/bin/ceph: stderr
2024-04-26T21:25:35.462+0000 7fe7f5f08700 1 -- 172.21.15.46:0/1927040270 shutdown_connections
2024-04-26T21:25:36.195 INFO:teuthology.orchestra.run.smithi046.stdout:/usr/bin/ceph: stderr
2024-04-26T21:25:35.462+0000 7fe7f5f08700 1 -- 172.21.15.46:0/1927040270 wait complete.
2024-04-26T21:25:36.200 INFO:teuthology.orchestra.run.smithi046.stdout:Non-zero exit code 1 from systemctl is-enabled firewalld.service
2024-04-26T21:25:36.200 INFO:teuthology.orchestra.run.smithi046.stdout:systemctl: stdout disabled
2024-04-26T21:25:36.208 INFO:teuthology.orchestra.run.smithi046.stdout:Non-zero exit code 3 from systemctl is-active firewalld.service
2024-04-26T21:25:36.208 INFO:teuthology.orchestra.run.smithi046.stdout:systemctl: stdout inactive
2024-04-26T21:25:36.208 INFO:teuthology.orchestra.run.smithi046.stdout:firewalld.service is not enabled
2024-04-26T21:25:36.208 INFO:teuthology.orchestra.run.smithi046.stdout:Not possible to open ports <[8443]>. firewalld.service is not available
2024-04-26T21:25:36.210 INFO:teuthology.orchestra.run.smithi046.stdout:Ceph Dashboard is now available at:
2024-04-26T21:25:36.210 INFO:teuthology.orchestra.run.smithi046.stdout:
2024-04-26T21:25:36.210 INFO:teuthology.orchestra.run.smithi046.stdout: URL: https://smithi046:8443/
2024-04-26T21:25:36.210 INFO:teuthology.orchestra.run.smithi046.stdout: User: admin
2024-04-26T21:25:36.210 INFO:teuthology.orchestra.run.smithi046.stdout: Password: zgbw3umoru
2024-04-26T21:25:36.210 INFO:teuthology.orchestra.run.smithi046.stdout:
2024-04-26T21:25:36.211 INFO:teuthology.orchestra.run.smithi046.stdout:Saving cluster configuration to /var/lib/ceph/36c7013a-0413-11ef-bc93-c7b262605968/config directory
2024-04-26T21:25:36.211 INFO:teuthology.orchestra.run.smithi046.stdout:Enabling autotune for osd_memory_target
2024-04-26T21:25:37.803 INFO:journalctl@ceph.mon.a.smithi046.stdout:Apr 26 21:25:37 smithi046 ceph-mon[29201]: mgrmap e13: x(active, since 6s)
2024-04-26T21:25:37.909 INFO:teuthology.orchestra.run.smithi046.stdout:/usr/bin/ceph: stderr
2024-04-26T21:25:36.983+0000 7f09f7090700 1 Processor -- start
2024-04-26T21:25:37.909 INFO:teuthology.orchestra.run.smithi046.stdout:/usr/bin/ceph: stderr
2024-04-26T21:25:36.983+0000 7f09f7090700 1 -- start start
2024-04-26T21:25:37.909 INFO:teuthology.orchestra.run.smithi046.stdout:/usr/bin/ceph: stderr
2024-04-26T21:25:36.984+0000 7f09f7090700 1 --2- >> [v2:172.21.15.46:3300/0,v1:172.21.15.46:6789/0] conn(0x7f09f0109840 0x7f09f010bc30 unknown :-1 s=NONE pgs=0 cs=0 l=0 rev1=0 crypto rx=0 tx=0 comp rx=0 tx=0).connect
2024-04-26T21:25:37.909 INFO:teuthology.orchestra.run.smithi046.stdout:/usr/bin/ceph: stderr
2024-04-26T21:25:36.984+0000 7f09f7090700 1 -- --> [v2:172.21.15.46:3300/0,v1:172.21.15.46:6789/0] -- mon_getmap magic: 0 -- 0x7f09f007d6d0 con 0x7f09f0109840
2024-04-26T21:25:37.909 INFO:teuthology.orchestra.run.smithi046.stdout:/usr/bin/ceph: stderr
2024-04-26T21:25:36.984+0000 7f09f4e2c700 1 --2- >> [v2:172.21.15.46:3300/0,v1:172.21.15.46:6789/0] conn(0x7f09f0109840 0x7f09f010bc30 unknown :-1 s=BANNER_CONNECTING pgs=0 cs=0 l=0 rev1=0 crypto rx=0 tx=0 comp rx=0 tx=0)._handle_peer_banner_payload supported=3 required=0
2024-04-26T21:25:37.909 INFO:teuthology.orchestra.run.smithi046.stdout:/usr/bin/ceph: stderr
2024-04-26T21:25:36.984+0000 7f09f4e2c700 1 --2- >> [v2:172.21.15.46:3300/0,v1:172.21.15.46:6789/0] conn(0x7f09f0109840 0x7f09f010bc30 unknown :-1 s=HELLO_CONNECTING pgs=0 cs=0 l=0 rev1=1 crypto rx=0 tx=0 comp rx=0 tx=0).handle_hello peer v2:172.21.15.46:3300/0 says I am v2:172.21.15.46:48056/0 (socket says 172.21.15.46:48056)
2024-04-26T21:25:37.909 INFO:teuthology.orchestra.run.smithi046.stdout:/usr/bin/ceph: stderr
2024-04-26T21:25:36.984+0000 7f09f4e2c700 1 -- 172.21.15.46:0/1692952689 learned_addr learned my addr 172.21.15.46:0/1692952689 (peer_addr_for_me v2:172.21.15.46:0/0)
2024-04-26T21:25:37.909 INFO:teuthology.orchestra.run.smithi046.stdout:/usr/bin/ceph: stderr
2024-04-26T21:25:36.984+0000 7f09f4e2c700 1 -- 172.21.15.46:0/1692952689 --> [v2:172.21.15.46:3300/0,v1:172.21.15.46:6789/0] -- mon_subscribe({config=0+,monmap=0+}) -- 0x7f09f010c170 con 0x7f09f0109840
2024-04-26T21:25:37.909 INFO:teuthology.orchestra.run.smithi046.stdout:/usr/bin/ceph: stderr
2024-04-26T21:25:36.984+0000 7f09f4e2c700 1 --2- 172.21.15.46:0/1692952689 >> [v2:172.21.15.46:3300/0,v1:172.21.15.46:6789/0] conn(0x7f09f0109840 0x7f09f010bc30 secure :-1 s=READY pgs=74 cs=0 l=1 rev1=1 crypto rx=0x7f09e40098a0 tx=0x7f09e4009bb0 comp rx=0 tx=0).ready entity=mon.0 client_cookie=28b1d746c4923ca server_cookie=0 in_seq=0 out_seq=0
2024-04-26T21:25:37.909 INFO:teuthology.orchestra.run.smithi046.stdout:/usr/bin/ceph: stderr
2024-04-26T21:25:36.984+0000 7f09ef7fe700 1 -- 172.21.15.46:0/1692952689 <== mon.0 v2:172.21.15.46:3300/0 1 ==== mon_map magic: 0 ==== 205+0+0 (secure 0 0 0) 0x7f09e4004160 con 0x7f09f0109840
2024-04-26T21:25:37.909 INFO:teuthology.orchestra.run.smithi046.stdout:/usr/bin/ceph: stderr
2024-04-26T21:25:36.985+0000 7f09ef7fe700 1 -- 172.21.15.46:0/1692952689 <== mon.0 v2:172.21.15.46:3300/0 2 ==== config(26 keys) ==== 1101+0+0 (secure 0 0 0) 0x7f09e4004300 con 0x7f09f0109840
2024-04-26T21:25:37.910 INFO:teuthology.orchestra.run.smithi046.stdout:/usr/bin/ceph: stderr
2024-04-26T21:25:36.985+0000 7f09ef7fe700 1 -- 172.21.15.46:0/1692952689 <== mon.0 v2:172.21.15.46:3300/0 3 ==== mon_map magic: 0 ==== 205+0+0 (secure 0 0 0) 0x7f09e4011a20 con 0x7f09f0109840
2024-04-26T21:25:37.910 INFO:teuthology.orchestra.run.smithi046.stdout:/usr/bin/ceph: stderr
2024-04-26T21:25:36.985+0000 7f09f7090700 1 -- 172.21.15.46:0/1692952689 >> [v2:172.21.15.46:3300/0,v1:172.21.15.46:6789/0] conn(0x7f09f0109840 msgr2=0x7f09f010bc30 secure :-1 s=STATE_CONNECTION_ESTABLISHED l=1).mark_down
2024-04-26T21:25:37.910 INFO:teuthology.orchestra.run.smithi046.stdout:/usr/bin/ceph: stderr
2024-04-26T21:25:36.985+0000 7f09f7090700 1 --2- 172.21.15.46:0/1692952689 >> [v2:172.21.15.46:3300/0,v1:172.21.15.46:6789/0] conn(0x7f09f0109840 0x7f09f010bc30 secure :-1 s=READY pgs=74 cs=0 l=1 rev1=1 crypto rx=0x7f09e40098a0 tx=0x7f09e4009bb0 comp rx=0 tx=0).stop
2024-04-26T21:25:37.910 INFO:teuthology.orchestra.run.smithi046.stdout:/usr/bin/ceph: stderr
2024-04-26T21:25:36.985+0000 7f09f7090700 1 -- 172.21.15.46:0/1692952689 shutdown_connections
2024-04-26T21:25:37.910 INFO:teuthology.orchestra.run.smithi046.stdout:/usr/bin/ceph: stderr
2024-04-26T21:25:36.985+0000 7f09f7090700 1 --2- 172.21.15.46:0/1692952689 >> [v2:172.21.15.46:3300/0,v1:172.21.15.46:6789/0] conn(0x7f09f0109840 0x7f09f010bc30 unknown :-1 s=CLOSED pgs=74 cs=0 l=1 rev1=1 crypto rx=0 tx=0 comp rx=0 tx=0).stop
2024-04-26T21:25:37.910 INFO:teuthology.orchestra.run.smithi046.stdout:/usr/bin/ceph: stderr
2024-04-26T21:25:36.985+0000 7f09f7090700 1 -- 172.21.15.46:0/1692952689 >> 172.21.15.46:0/1692952689 conn(0x7f09f01031d0 msgr2=0x7f09f0105650 unknown :-1 s=STATE_NONE l=0).mark_down
2024-04-26T21:25:37.910 INFO:teuthology.orchestra.run.smithi046.stdout:/usr/bin/ceph: stderr
2024-04-26T21:25:36.985+0000 7f09f7090700 1 -- 172.21.15.46:0/1692952689 shutdown_connections
2024-04-26T21:25:37.910 INFO:teuthology.orchestra.run.smithi046.stdout:/usr/bin/ceph: stderr
2024-04-26T21:25:36.985+0000 7f09f7090700 1 -- 172.21.15.46:0/1692952689 wait complete.
2024-04-26T21:25:37.910 INFO:teuthology.orchestra.run.smithi046.stdout:/usr/bin/ceph: stderr
2024-04-26T21:25:36.986+0000 7f09f7090700 1 Processor -- start
2024-04-26T21:25:37.910 INFO:teuthology.orchestra.run.smithi046.stdout:/usr/bin/ceph: stderr
2024-04-26T21:25:36.986+0000 7f09f7090700 1 -- start start
2024-04-26T21:25:37.910 INFO:teuthology.orchestra.run.smithi046.stdout:/usr/bin/ceph: stderr
2024-04-26T21:25:36.986+0000 7f09f7090700 1 --2- >> [v2:172.21.15.46:3300/0,v1:172.21.15.46:6789/0] conn(0x7f09f0109840 0x7f09f019cc40 unknown :-1 s=NONE pgs=0 cs=0 l=1 rev1=0 crypto rx=0 tx=0 comp rx=0 tx=0).connect
2024-04-26T21:25:37.910 INFO:teuthology.orchestra.run.smithi046.stdout:/usr/bin/ceph: stderr
2024-04-26T21:25:36.986+0000 7f09f7090700 1 -- --> [v2:172.21.15.46:3300/0,v1:172.21.15.46:6789/0] -- mon_getmap magic: 0 -- 0x7f09f010d120 con 0x7f09f0109840
2024-04-26T21:25:37.910 INFO:teuthology.orchestra.run.smithi046.stdout:/usr/bin/ceph: stderr
2024-04-26T21:25:36.986+0000 7f09f4e2c700 1 --2- >> [v2:172.21.15.46:3300/0,v1:172.21.15.46:6789/0] conn(0x7f09f0109840 0x7f09f019cc40 unknown :-1 s=BANNER_CONNECTING pgs=0 cs=0 l=1 rev1=0 crypto rx=0 tx=0 comp rx=0 tx=0)._handle_peer_banner_payload supported=3 required=0
2024-04-26T21:25:37.911 INFO:teuthology.orchestra.run.smithi046.stdout:/usr/bin/ceph: stderr
2024-04-26T21:25:36.986+0000 7f09f4e2c700 1 --2- >> [v2:172.21.15.46:3300/0,v1:172.21.15.46:6789/0] conn(0x7f09f0109840 0x7f09f019cc40 unknown :-1 s=HELLO_CONNECTING pgs=0 cs=0 l=1 rev1=1 crypto rx=0 tx=0 comp rx=0 tx=0).handle_hello peer v2:172.21.15.46:3300/0 says I am v2:172.21.15.46:48064/0 (socket says 172.21.15.46:48064)
2024-04-26T21:25:37.911 INFO:teuthology.orchestra.run.smithi046.stdout:/usr/bin/ceph: stderr
2024-04-26T21:25:36.986+0000 7f09f4e2c700 1 -- 172.21.15.46:0/975641292 learned_addr learned my addr 172.21.15.46:0/975641292 (peer_addr_for_me v2:172.21.15.46:0/0)
2024-04-26T21:25:37.911 INFO:teuthology.orchestra.run.smithi046.stdout:/usr/bin/ceph: stderr
2024-04-26T21:25:36.987+0000 7f09f4e2c700 1 -- 172.21.15.46:0/975641292 --> [v2:172.21.15.46:3300/0,v1:172.21.15.46:6789/0] -- mon_subscribe({config=0+,monmap=0+}) -- 0x7f09f019d180 con 0x7f09f0109840
2024-04-26T21:25:37.911 INFO:teuthology.orchestra.run.smithi046.stdout:/usr/bin/ceph: stderr
2024-04-26T21:25:36.987+0000 7f09f4e2c700 1 --2- 172.21.15.46:0/975641292 >> [v2:172.21.15.46:3300/0,v1:172.21.15.46:6789/0] conn(0x7f09f0109840 0x7f09f019cc40 secure :-1 s=READY pgs=75 cs=0 l=1 rev1=1 crypto rx=0x7f09e4004660 tx=0x7f09e4011aa0 comp rx=0 tx=0).ready entity=mon.0 client_cookie=0 server_cookie=0 in_seq=0 out_seq=0
2024-04-26T21:25:37.911 INFO:teuthology.orchestra.run.smithi046.stdout:/usr/bin/ceph: stderr
2024-04-26T21:25:36.987+0000 7f09edffb700 1 -- 172.21.15.46:0/975641292 <== mon.0 v2:172.21.15.46:3300/0 1 ==== mon_map magic: 0 ==== 205+0+0 (secure 0 0 0) 0x7f09e4003aa0 con 0x7f09f0109840
2024-04-26T21:25:37.911 INFO:teuthology.orchestra.run.smithi046.stdout:/usr/bin/ceph: stderr
2024-04-26T21:25:36.987+0000 7f09edffb700 1 -- 172.21.15.46:0/975641292 <== mon.0 v2:172.21.15.46:3300/0 2 ==== config(26 keys) ==== 1101+0+0 (secure 0 0 0) 0x7f09e401b8f0 con 0x7f09f0109840
2024-04-26T21:25:37.911 INFO:teuthology.orchestra.run.smithi046.stdout:/usr/bin/ceph: stderr
2024-04-26T21:25:36.987+0000 7f09f7090700 1 -- 172.21.15.46:0/975641292 --> [v2:172.21.15.46:3300/0,v1:172.21.15.46:6789/0] -- mon_subscribe({mgrmap=0+}) -- 0x7f09f019d410 con 0x7f09f0109840
2024-04-26T21:25:37.911 INFO:teuthology.orchestra.run.smithi046.stdout:/usr/bin/ceph: stderr
2024-04-26T21:25:36.987+0000 7f09edffb700 1 -- 172.21.15.46:0/975641292 <== mon.0 v2:172.21.15.46:3300/0 3 ==== mon_map magic: 0 ==== 205+0+0 (secure 0 0 0) 0x7f09e4023900 con 0x7f09f0109840
2024-04-26T21:25:37.911 INFO:teuthology.orchestra.run.smithi046.stdout:/usr/bin/ceph: stderr
2024-04-26T21:25:36.987+0000 7f09f7090700 1 -- 172.21.15.46:0/975641292 --> [v2:172.21.15.46:3300/0,v1:172.21.15.46:6789/0] -- mon_subscribe({osdmap=0}) -- 0x7f09f01a0100 con 0x7f09f0109840
2024-04-26T21:25:37.911 INFO:teuthology.orchestra.run.smithi046.stdout:/usr/bin/ceph: stderr
2024-04-26T21:25:36.988+0000 7f09edffb700 1 -- 172.21.15.46:0/975641292 <== mon.0 v2:172.21.15.46:3300/0 4 ==== mgrmap(e 13) ==== 46614+0+0 (secure 0 0 0) 0x7f09e4023bc0 con 0x7f09f0109840
2024-04-26T21:25:37.911 INFO:teuthology.orchestra.run.smithi046.stdout:/usr/bin/ceph: stderr
2024-04-26T21:25:36.988+0000 7f09f7090700 1 -- 172.21.15.46:0/975641292 --> [v2:172.21.15.46:3300/0,v1:172.21.15.46:6789/0] -- mon_command({"prefix": "get_command_descriptions"} v 0) -- 0x7f09f0064a80 con 0x7f09f0109840
2024-04-26T21:25:37.911 INFO:teuthology.orchestra.run.smithi046.stdout:/usr/bin/ceph: stderr
2024-04-26T21:25:36.988+0000 7f09edffb700 1 --2- 172.21.15.46:0/975641292 >> [v2:172.21.15.46:6800/4004175376,v1:172.21.15.46:6801/4004175376] conn(0x7f09e00396a0 0x7f09e003bb60 unknown :-1 s=NONE pgs=0 cs=0 l=1 rev1=0 crypto rx=0 tx=0 comp rx=0 tx=0).connect
2024-04-26T21:25:37.911 INFO:teuthology.orchestra.run.smithi046.stdout:/usr/bin/ceph: stderr
2024-04-26T21:25:36.988+0000 7f09edffb700 1 -- 172.21.15.46:0/975641292 <== mon.0 v2:172.21.15.46:3300/0 5 ==== osd_map(3..3 src has 1..3) ==== 1155+0+0 (secure 0 0 0) 0x7f09e404e1f0 con 0x7f09f0109840
2024-04-26T21:25:37.911 INFO:teuthology.orchestra.run.smithi046.stdout:/usr/bin/ceph: stderr
2024-04-26T21:25:36.988+0000 7f09effff700 1 --2- 172.21.15.46:0/975641292 >> [v2:172.21.15.46:6800/4004175376,v1:172.21.15.46:6801/4004175376] conn(0x7f09e00396a0 0x7f09e003bb60 unknown :-1 s=BANNER_CONNECTING pgs=0 cs=0 l=1 rev1=0 crypto rx=0 tx=0 comp rx=0 tx=0)._handle_peer_banner_payload supported=3 required=0
2024-04-26T21:25:37.912 INFO:teuthology.orchestra.run.smithi046.stdout:/usr/bin/ceph: stderr
2024-04-26T21:25:36.989+0000 7f09effff700 1 --2- 172.21.15.46:0/975641292 >> [v2:172.21.15.46:6800/4004175376,v1:172.21.15.46:6801/4004175376] conn(0x7f09e00396a0 0x7f09e003bb60 secure :-1 s=READY pgs=10 cs=0 l=1 rev1=1 crypto rx=0x7f09dc006fd0 tx=0x7f09dc006e40 comp rx=0 tx=0).ready entity=mgr.14150 client_cookie=0 server_cookie=0 in_seq=0 out_seq=0
2024-04-26T21:25:37.912 INFO:teuthology.orchestra.run.smithi046.stdout:/usr/bin/ceph: stderr
2024-04-26T21:25:36.993+0000 7f09edffb700 1 -- 172.21.15.46:0/975641292 <== mon.0 v2:172.21.15.46:3300/0 6 ==== mon_command_ack([{"prefix": "get_command_descriptions"}]=0 v0) ==== 72+0+188494 (secure 0 0 0) 0x7f09e401f030 con 0x7f09f0109840
2024-04-26T21:25:37.912 INFO:teuthology.orchestra.run.smithi046.stdout:/usr/bin/ceph: stderr
2024-04-26T21:25:37.201+0000 7f09f7090700 1 -- 172.21.15.46:0/975641292 --> [v2:172.21.15.46:3300/0,v1:172.21.15.46:6789/0] -- mon_command([{prefix=config set, name=osd_memory_target_autotune}] v 0) -- 0x7f09f01a0760 con 0x7f09f0109840
2024-04-26T21:25:37.912 INFO:teuthology.orchestra.run.smithi046.stdout:/usr/bin/ceph: stderr
2024-04-26T21:25:37.201+0000 7f09edffb700 1 -- 172.21.15.46:0/975641292 <== mon.0 v2:172.21.15.46:3300/0 7 ==== mon_command_ack([{prefix=config set, name=osd_memory_target_autotune}]=0 v8)=0 v8) ==== 127+0+0 (secure 0 0 0) 0x7f09e401b440 con 0x7f09f0109840
2024-04-26T21:25:37.912 INFO:teuthology.orchestra.run.smithi046.stdout:/usr/bin/ceph: stderr
2024-04-26T21:25:37.203+0000 7f09f7090700 1 -- 172.21.15.46:0/975641292 >> [v2:172.21.15.46:6800/4004175376,v1:172.21.15.46:6801/4004175376] conn(0x7f09e00396a0 msgr2=0x7f09e003bb60 secure :-1 s=STATE_CONNECTION_ESTABLISHED l=1).mark_down
2024-04-26T21:25:37.912 INFO:teuthology.orchestra.run.smithi046.stdout:/usr/bin/ceph: stderr
2024-04-26T21:25:37.203+0000 7f09f7090700 1 --2- 172.21.15.46:0/975641292 >> [v2:172.21.15.46:6800/4004175376,v1:172.21.15.46:6801/4004175376] conn(0x7f09e00396a0 0x7f09e003bb60 secure :-1 s=READY pgs=10 cs=0 l=1 rev1=1 crypto rx=0x7f09dc006fd0 tx=0x7f09dc006e40 comp rx=0 tx=0).stop
2024-04-26T21:25:37.912 INFO:teuthology.orchestra.run.smithi046.stdout:/usr/bin/ceph: stderr
2024-04-26T21:25:37.203+0000 7f09f7090700 1 -- 172.21.15.46:0/975641292 >> [v2:172.21.15.46:3300/0,v1:172.21.15.46:6789/0] conn(0x7f09f0109840 msgr2=0x7f09f019cc40 secure :-1 s=STATE_CONNECTION_ESTABLISHED l=1).mark_down
2024-04-26T21:25:37.912 INFO:teuthology.orchestra.run.smithi046.stdout:/usr/bin/ceph: stderr
2024-04-26T21:25:37.203+0000 7f09f7090700 1 --2- 172.21.15.46:0/975641292 >> [v2:172.21.15.46:3300/0,v1:172.21.15.46:6789/0] conn(0x7f09f0109840 0x7f09f019cc40 secure :-1 s=READY pgs=75 cs=0 l=1 rev1=1 crypto rx=0x7f09e4004660 tx=0x7f09e4011aa0 comp rx=0 tx=0).stop
2024-04-26T21:25:37.912 INFO:teuthology.orchestra.run.smithi046.stdout:/usr/bin/ceph: stderr
2024-04-26T21:25:37.203+0000 7f09f7090700 1 -- 172.21.15.46:0/975641292 shutdown_connections
2024-04-26T21:25:37.912 INFO:teuthology.orchestra.run.smithi046.stdout:/usr/bin/ceph: stderr
2024-04-26T21:25:37.203+0000 7f09f7090700 1 --2- 172.21.15.46:0/975641292 >> [v2:172.21.15.46:6800/4004175376,v1:172.21.15.46:6801/4004175376] conn(0x7f09e00396a0 0x7f09e003bb60 unknown :-1 s=CLOSED pgs=10 cs=0 l=1 rev1=1 crypto rx=0 tx=0 comp rx=0 tx=0).stop
2024-04-26T21:25:37.912 INFO:teuthology.orchestra.run.smithi046.stdout:/usr/bin/ceph: stderr
2024-04-26T21:25:37.203+0000 7f09f7090700 1 --2- 172.21.15.46:0/975641292 >> [v2:172.21.15.46:3300/0,v1:172.21.15.46:6789/0] conn(0x7f09f0109840 0x7f09f019cc40 unknown :-1 s=CLOSED pgs=75 cs=0 l=1 rev1=1 crypto rx=0 tx=0 comp rx=0 tx=0).stop
2024-04-26T21:25:37.912 INFO:teuthology.orchestra.run.smithi046.stdout:/usr/bin/ceph: stderr
2024-04-26T21:25:37.203+0000 7f09f7090700 1 -- 172.21.15.46:0/975641292 >> 172.21.15.46:0/975641292 conn(0x7f09f01031d0 msgr2=0x7f09f0103cb0 unknown :-1 s=STATE_NONE l=0).mark_down
2024-04-26T21:25:37.912 INFO:teuthology.orchestra.run.smithi046.stdout:/usr/bin/ceph: stderr
2024-04-26T21:25:37.204+0000 7f09f7090700 1 -- 172.21.15.46:0/975641292 shutdown_connections
2024-04-26T21:25:37.912 INFO:teuthology.orchestra.run.smithi046.stdout:/usr/bin/ceph: stderr
2024-04-26T21:25:37.204+0000 7f09f7090700 1 -- 172.21.15.46:0/975641292 wait complete.
2024-04-26T21:25:39.206 INFO:teuthology.orchestra.run.smithi046.stdout:/usr/bin/ceph: stderr
2024-04-26T21:25:38.307+0000 7f550cf05700 1 Processor -- start
2024-04-26T21:25:39.206 INFO:teuthology.orchestra.run.smithi046.stdout:/usr/bin/ceph: stderr
2024-04-26T21:25:38.307+0000 7f550cf05700 1 -- start start
2024-04-26T21:25:39.206 INFO:teuthology.orchestra.run.smithi046.stdout:/usr/bin/ceph: stderr
2024-04-26T21:25:38.307+0000 7f550cf05700 1 --2- >> [v2:172.21.15.46:3300/0,v1:172.21.15.46:6789/0] conn(0x7f550807f690 0x7f550807db40 unknown :-1 s=NONE pgs=0 cs=0 l=0 rev1=0 crypto rx=0 tx=0 comp rx=0 tx=0).connect
2024-04-26T21:25:39.206 INFO:teuthology.orchestra.run.smithi046.stdout:/usr/bin/ceph: stderr
2024-04-26T21:25:38.307+0000 7f550cf05700 1 -- --> [v2:172.21.15.46:3300/0,v1:172.21.15.46:6789/0] -- mon_getmap magic: 0 -- 0x7f550807e080 con 0x7f550807f690
2024-04-26T21:25:39.206 INFO:teuthology.orchestra.run.smithi046.stdout:/usr/bin/ceph: stderr
2024-04-26T21:25:38.307+0000 7f550659c700 1 --2- >> [v2:172.21.15.46:3300/0,v1:172.21.15.46:6789/0] conn(0x7f550807f690 0x7f550807db40 unknown :-1 s=BANNER_CONNECTING pgs=0 cs=0 l=0 rev1=0 crypto rx=0 tx=0 comp rx=0 tx=0)._handle_peer_banner_payload supported=3 required=0
2024-04-26T21:25:39.206 INFO:teuthology.orchestra.run.smithi046.stdout:/usr/bin/ceph: stderr
2024-04-26T21:25:38.307+0000 7f550659c700 1 --2- >> [v2:172.21.15.46:3300/0,v1:172.21.15.46:6789/0] conn(0x7f550807f690 0x7f550807db40 unknown :-1 s=HELLO_CONNECTING pgs=0 cs=0 l=0 rev1=1 crypto rx=0 tx=0 comp rx=0 tx=0).handle_hello peer v2:172.21.15.46:3300/0 says I am v2:172.21.15.46:48072/0 (socket says 172.21.15.46:48072)
2024-04-26T21:25:39.206 INFO:teuthology.orchestra.run.smithi046.stdout:/usr/bin/ceph: stderr
2024-04-26T21:25:38.307+0000 7f550659c700 1 -- 172.21.15.46:0/2088543629 learned_addr learned my addr 172.21.15.46:0/2088543629 (peer_addr_for_me v2:172.21.15.46:0/0)
2024-04-26T21:25:39.207 INFO:teuthology.orchestra.run.smithi046.stdout:/usr/bin/ceph: stderr
2024-04-26T21:25:38.308+0000 7f550659c700 1 -- 172.21.15.46:0/2088543629 --> [v2:172.21.15.46:3300/0,v1:172.21.15.46:6789/0] -- mon_subscribe({config=0+,monmap=0+}) -- 0x7f550807e200 con 0x7f550807f690
2024-04-26T21:25:39.207 INFO:teuthology.orchestra.run.smithi046.stdout:/usr/bin/ceph: stderr
2024-04-26T21:25:38.308+0000 7f550659c700 1 --2- 172.21.15.46:0/2088543629 >> [v2:172.21.15.46:3300/0,v1:172.21.15.46:6789/0] conn(0x7f550807f690 0x7f550807db40 secure :-1 s=READY pgs=76 cs=0 l=1 rev1=1 crypto rx=0x7f54f80098a0 tx=0x7f54f8009bb0 comp rx=0 tx=0).ready entity=mon.0 client_cookie=e15ddf40ae644373 server_cookie=0 in_seq=0 out_seq=0
2024-04-26T21:25:39.207 INFO:teuthology.orchestra.run.smithi046.stdout:/usr/bin/ceph: stderr
2024-04-26T21:25:38.308+0000 7f550559a700 1 -- 172.21.15.46:0/2088543629 <== mon.0 v2:172.21.15.46:3300/0 1 ==== mon_map magic: 0 ==== 205+0+0 (secure 0 0 0) 0x7f54f8004160 con 0x7f550807f690
2024-04-26T21:25:39.207 INFO:teuthology.orchestra.run.smithi046.stdout:/usr/bin/ceph: stderr
2024-04-26T21:25:38.308+0000 7f550559a700 1 -- 172.21.15.46:0/2088543629 <== mon.0 v2:172.21.15.46:3300/0 2 ==== config(26 keys) ==== 1101+0+0 (secure 0 0 0) 0x7f54f8004300 con 0x7f550807f690
2024-04-26T21:25:39.207 INFO:teuthology.orchestra.run.smithi046.stdout:/usr/bin/ceph: stderr
2024-04-26T21:25:38.308+0000 7f550559a700 1 -- 172.21.15.46:0/2088543629 <== mon.0 v2:172.21.15.46:3300/0 3 ==== mon_map magic: 0 ==== 205+0+0 (secure 0 0 0) 0x7f54f8011a20 con 0x7f550807f690
2024-04-26T21:25:39.207 INFO:teuthology.orchestra.run.smithi046.stdout:/usr/bin/ceph: stderr
2024-04-26T21:25:38.309+0000 7f550cf05700 1 -- 172.21.15.46:0/2088543629 >> [v2:172.21.15.46:3300/0,v1:172.21.15.46:6789/0] conn(0x7f550807f690 msgr2=0x7f550807db40 secure :-1 s=STATE_CONNECTION_ESTABLISHED l=1).mark_down
2024-04-26T21:25:39.207 INFO:teuthology.orchestra.run.smithi046.stdout:/usr/bin/ceph: stderr
2024-04-26T21:25:38.309+0000 7f550cf05700 1 --2- 172.21.15.46:0/2088543629 >> [v2:172.21.15.46:3300/0,v1:172.21.15.46:6789/0] conn(0x7f550807f690 0x7f550807db40 secure :-1 s=READY pgs=76 cs=0 l=1 rev1=1 crypto rx=0x7f54f80098a0 tx=0x7f54f8009bb0 comp rx=0 tx=0).stop
2024-04-26T21:25:39.207 INFO:teuthology.orchestra.run.smithi046.stdout:/usr/bin/ceph: stderr
2024-04-26T21:25:38.309+0000 7f550cf05700 1 -- 172.21.15.46:0/2088543629 shutdown_connections
2024-04-26T21:25:39.207 INFO:teuthology.orchestra.run.smithi046.stdout:/usr/bin/ceph: stderr
2024-04-26T21:25:38.309+0000 7f550cf05700 1 --2- 172.21.15.46:0/2088543629 >> [v2:172.21.15.46:3300/0,v1:172.21.15.46:6789/0] conn(0x7f550807f690 0x7f550807db40 unknown :-1 s=CLOSED pgs=76 cs=0 l=1 rev1=1 crypto rx=0 tx=0 comp rx=0 tx=0).stop
2024-04-26T21:25:39.207 INFO:teuthology.orchestra.run.smithi046.stdout:/usr/bin/ceph: stderr
2024-04-26T21:25:38.309+0000 7f550cf05700 1 -- 172.21.15.46:0/2088543629 >> 172.21.15.46:0/2088543629 conn(0x7f5508104370 msgr2=0x7f55081067b0 unknown :-1 s=STATE_NONE l=0).mark_down
2024-04-26T21:25:39.207 INFO:teuthology.orchestra.run.smithi046.stdout:/usr/bin/ceph: stderr
2024-04-26T21:25:38.309+0000 7f550cf05700 1 -- 172.21.15.46:0/2088543629 shutdown_connections
2024-04-26T21:25:39.207 INFO:teuthology.orchestra.run.smithi046.stdout:/usr/bin/ceph: stderr
2024-04-26T21:25:38.309+0000 7f550cf05700 1 -- 172.21.15.46:0/2088543629 wait complete.
2024-04-26T21:25:39.208 INFO:teuthology.orchestra.run.smithi046.stdout:/usr/bin/ceph: stderr
2024-04-26T21:25:38.310+0000 7f550cf05700 1 Processor -- start
2024-04-26T21:25:39.208 INFO:teuthology.orchestra.run.smithi046.stdout:/usr/bin/ceph: stderr
2024-04-26T21:25:38.310+0000 7f550cf05700 1 -- start start
2024-04-26T21:25:39.208 INFO:teuthology.orchestra.run.smithi046.stdout:/usr/bin/ceph: stderr
2024-04-26T21:25:38.310+0000 7f550cf05700 1 --2- >> [v2:172.21.15.46:3300/0,v1:172.21.15.46:6789/0] conn(0x7f550807f690 0x7f550819ee40 unknown :-1 s=NONE pgs=0 cs=0 l=1 rev1=0 crypto rx=0 tx=0 comp rx=0 tx=0).connect
2024-04-26T21:25:39.208 INFO:teuthology.orchestra.run.smithi046.stdout:/usr/bin/ceph: stderr
2024-04-26T21:25:38.310+0000 7f550cf05700 1 -- --> [v2:172.21.15.46:3300/0,v1:172.21.15.46:6789/0] -- mon_getmap magic: 0 -- 0x7f550810f350 con 0x7f550807f690
2024-04-26T21:25:39.208 INFO:teuthology.orchestra.run.smithi046.stdout:/usr/bin/ceph: stderr
2024-04-26T21:25:38.310+0000 7f550659c700 1 --2- >> [v2:172.21.15.46:3300/0,v1:172.21.15.46:6789/0] conn(0x7f550807f690 0x7f550819ee40 unknown :-1 s=BANNER_CONNECTING pgs=0 cs=0 l=1 rev1=0 crypto rx=0 tx=0 comp rx=0 tx=0)._handle_peer_banner_payload supported=3 required=0
2024-04-26T21:25:39.208 INFO:teuthology.orchestra.run.smithi046.stdout:/usr/bin/ceph: stderr
2024-04-26T21:25:38.310+0000 7f550659c700 1 --2- >> [v2:172.21.15.46:3300/0,v1:172.21.15.46:6789/0] conn(0x7f550807f690 0x7f550819ee40 unknown :-1 s=HELLO_CONNECTING pgs=0 cs=0 l=1 rev1=1 crypto rx=0 tx=0 comp rx=0 tx=0).handle_hello peer v2:172.21.15.46:3300/0 says I am v2:172.21.15.46:48084/0 (socket says 172.21.15.46:48084)
2024-04-26T21:25:39.208 INFO:teuthology.orchestra.run.smithi046.stdout:/usr/bin/ceph: stderr
2024-04-26T21:25:38.310+0000 7f550659c700 1 -- 172.21.15.46:0/2475781766 learned_addr learned my addr 172.21.15.46:0/2475781766 (peer_addr_for_me v2:172.21.15.46:0/0)
2024-04-26T21:25:39.208 INFO:teuthology.orchestra.run.smithi046.stdout:/usr/bin/ceph: stderr
2024-04-26T21:25:38.310+0000 7f550659c700 1 -- 172.21.15.46:0/2475781766 --> [v2:172.21.15.46:3300/0,v1:172.21.15.46:6789/0] -- mon_subscribe({config=0+,monmap=0+}) -- 0x7f550819f380 con 0x7f550807f690
2024-04-26T21:25:39.208 INFO:teuthology.orchestra.run.smithi046.stdout:/usr/bin/ceph: stderr
2024-04-26T21:25:38.310+0000 7f550659c700 1 --2- 172.21.15.46:0/2475781766 >> [v2:172.21.15.46:3300/0,v1:172.21.15.46:6789/0] conn(0x7f550807f690 0x7f550819ee40 secure :-1 s=READY pgs=77 cs=0 l=1 rev1=1 crypto rx=0x7f54f8004660 tx=0x7f54f8011aa0 comp rx=0 tx=0).ready entity=mon.0 client_cookie=0 server_cookie=0 in_seq=0 out_seq=0
2024-04-26T21:25:39.208 INFO:teuthology.orchestra.run.smithi046.stdout:/usr/bin/ceph: stderr
2024-04-26T21:25:38.311+0000 7f54f77fe700 1 -- 172.21.15.46:0/2475781766 <== mon.0 v2:172.21.15.46:3300/0 1 ==== mon_map magic: 0 ==== 205+0+0 (secure 0 0 0) 0x7f54f8003aa0 con 0x7f550807f690
2024-04-26T21:25:39.208 INFO:teuthology.orchestra.run.smithi046.stdout:/usr/bin/ceph: stderr
2024-04-26T21:25:38.311+0000 7f54f77fe700 1 -- 172.21.15.46:0/2475781766 <== mon.0 v2:172.21.15.46:3300/0 2 ==== config(26 keys) ==== 1101+0+0 (secure 0 0 0) 0x7f54f801b8f0 con 0x7f550807f690
2024-04-26T21:25:39.208 INFO:teuthology.orchestra.run.smithi046.stdout:/usr/bin/ceph: stderr
2024-04-26T21:25:38.311+0000 7f550cf05700 1 -- 172.21.15.46:0/2475781766 --> [v2:172.21.15.46:3300/0,v1:172.21.15.46:6789/0] -- mon_subscribe({mgrmap=0+}) -- 0x7f550819f610 con 0x7f550807f690
2024-04-26T21:25:39.208 INFO:teuthology.orchestra.run.smithi046.stdout:/usr/bin/ceph: stderr
2024-04-26T21:25:38.311+0000 7f54f77fe700 1 -- 172.21.15.46:0/2475781766 <== mon.0 v2:172.21.15.46:3300/0 3 ==== mon_map magic: 0 ==== 205+0+0 (secure 0 0 0) 0x7f54f8023900 con 0x7f550807f690
2024-04-26T21:25:39.208 INFO:teuthology.orchestra.run.smithi046.stdout:/usr/bin/ceph: stderr
2024-04-26T21:25:38.311+0000 7f550cf05700 1 -- 172.21.15.46:0/2475781766 --> [v2:172.21.15.46:3300/0,v1:172.21.15.46:6789/0] -- mon_subscribe({osdmap=0}) -- 0x7f55081a2300 con 0x7f550807f690
2024-04-26T21:25:39.209 INFO:teuthology.orchestra.run.smithi046.stdout:/usr/bin/ceph: stderr
2024-04-26T21:25:38.311+0000 7f54f77fe700 1 -- 172.21.15.46:0/2475781766 <== mon.0 v2:172.21.15.46:3300/0 4 ==== mgrmap(e 13) ==== 46614+0+0 (secure 0 0 0) 0x7f54f8023b70 con 0x7f550807f690
2024-04-26T21:25:39.209 INFO:teuthology.orchestra.run.smithi046.stdout:/usr/bin/ceph: stderr
2024-04-26T21:25:38.312+0000 7f54f77fe700 1 --2- 172.21.15.46:0/2475781766 >> [v2:172.21.15.46:6800/4004175376,v1:172.21.15.46:6801/4004175376] conn(0x7f54f0039700 0x7f54f003bbc0 unknown :-1 s=NONE pgs=0 cs=0 l=1 rev1=0 crypto rx=0 tx=0 comp rx=0 tx=0).connect
2024-04-26T21:25:39.209 INFO:teuthology.orchestra.run.smithi046.stdout:/usr/bin/ceph: stderr
2024-04-26T21:25:38.312+0000 7f54f77fe700 1 -- 172.21.15.46:0/2475781766 <== mon.0 v2:172.21.15.46:3300/0 5 ==== osd_map(3..3 src has 1..3) ==== 1155+0+0 (secure 0 0 0) 0x7f54f804e010 con 0x7f550807f690
2024-04-26T21:25:39.209 INFO:teuthology.orchestra.run.smithi046.stdout:/usr/bin/ceph: stderr
2024-04-26T21:25:38.312+0000 7f5505d9b700 1 --2- 172.21.15.46:0/2475781766 >> [v2:172.21.15.46:6800/4004175376,v1:172.21.15.46:6801/4004175376] conn(0x7f54f0039700 0x7f54f003bbc0 unknown :-1 s=BANNER_CONNECTING pgs=0 cs=0 l=1 rev1=0 crypto rx=0 tx=0 comp rx=0 tx=0)._handle_peer_banner_payload supported=3 required=0
2024-04-26T21:25:39.209 INFO:teuthology.orchestra.run.smithi046.stdout:/usr/bin/ceph: stderr
2024-04-26T21:25:38.312+0000 7f550cf05700 1 -- 172.21.15.46:0/2475781766 --> [v2:172.21.15.46:3300/0,v1:172.21.15.46:6789/0] -- mon_command({"prefix": "get_command_descriptions"} v 0) -- 0x7f5508064a80 con 0x7f550807f690
2024-04-26T21:25:39.209 INFO:teuthology.orchestra.run.smithi046.stdout:/usr/bin/ceph: stderr
2024-04-26T21:25:38.312+0000 7f5505d9b700 1 --2- 172.21.15.46:0/2475781766 >> [v2:172.21.15.46:6800/4004175376,v1:172.21.15.46:6801/4004175376] conn(0x7f54f0039700 0x7f54f003bbc0 secure :-1 s=READY pgs=11 cs=0 l=1 rev1=1 crypto rx=0x7f54fc006fd0 tx=0x7f54fc006e40 comp rx=0 tx=0).ready entity=mgr.14150 client_cookie=0 server_cookie=0 in_seq=0 out_seq=0
2024-04-26T21:25:39.209 INFO:teuthology.orchestra.run.smithi046.stdout:/usr/bin/ceph: stderr
2024-04-26T21:25:38.317+0000 7f54f77fe700 1 -- 172.21.15.46:0/2475781766 <== mon.0 v2:172.21.15.46:3300/0 6 ==== mon_command_ack([{"prefix": "get_command_descriptions"}]=0 v0) ==== 72+0+188494 (secure 0 0 0) 0x7f54f801f030 con 0x7f550807f690
2024-04-26T21:25:39.209 INFO:teuthology.orchestra.run.smithi046.stdout:/usr/bin/ceph: stderr
2024-04-26T21:25:38.643+0000 7f550cf05700 1 -- 172.21.15.46:0/2475781766 --> [v2:172.21.15.46:3300/0,v1:172.21.15.46:6789/0] -- mon_command([{prefix=config-key set, key=mgr/dashboard/cluster/status}] v 0) -- 0x7f55081a24d0 con 0x7f550807f690
2024-04-26T21:25:39.209 INFO:teuthology.orchestra.run.smithi046.stdout:/usr/bin/ceph: stderr
2024-04-26T21:25:38.646+0000 7f54f77fe700 1 -- 172.21.15.46:0/2475781766 <== mon.0 v2:172.21.15.46:3300/0 7 ==== mon_command_ack([{prefix=config-key set, key=mgr/dashboard/cluster/status}]=0 set mgr/dashboard/cluster/status v28)=0 set mgr/dashboard/cluster/status v28) ==== 153+0+0 (secure 0 0 0) 0x7f54f8010380 con 0x7f550807f690
2024-04-26T21:25:39.209 INFO:teuthology.orchestra.run.smithi046.stdout:/usr/bin/ceph: stderr
2024-04-26T21:25:38.647+0000 7f550cf05700 1 -- 172.21.15.46:0/2475781766 >> [v2:172.21.15.46:6800/4004175376,v1:172.21.15.46:6801/4004175376] conn(0x7f54f0039700 msgr2=0x7f54f003bbc0 secure :-1 s=STATE_CONNECTION_ESTABLISHED l=1).mark_down
2024-04-26T21:25:39.209 INFO:teuthology.orchestra.run.smithi046.stdout:/usr/bin/ceph: stderr
2024-04-26T21:25:38.647+0000 7f550cf05700 1 --2- 172.21.15.46:0/2475781766 >> [v2:172.21.15.46:6800/4004175376,v1:172.21.15.46:6801/4004175376] conn(0x7f54f0039700 0x7f54f003bbc0 secure :-1 s=READY pgs=11 cs=0 l=1 rev1=1 crypto rx=0x7f54fc006fd0 tx=0x7f54fc006e40 comp rx=0 tx=0).stop
2024-04-26T21:25:39.209 INFO:teuthology.orchestra.run.smithi046.stdout:/usr/bin/ceph: stderr
2024-04-26T21:25:38.648+0000 7f550cf05700 1 -- 172.21.15.46:0/2475781766 >> [v2:172.21.15.46:3300/0,v1:172.21.15.46:6789/0] conn(0x7f550807f690 msgr2=0x7f550819ee40 secure :-1 s=STATE_CONNECTION_ESTABLISHED l=1).mark_down
2024-04-26T21:25:39.209 INFO:teuthology.orchestra.run.smithi046.stdout:/usr/bin/ceph: stderr
2024-04-26T21:25:38.648+0000 7f550cf05700 1 --2- 172.21.15.46:0/2475781766 >> [v2:172.21.15.46:3300/0,v1:172.21.15.46:6789/0] conn(0x7f550807f690 0x7f550819ee40 secure :-1 s=READY pgs=77 cs=0 l=1 rev1=1 crypto rx=0x7f54f8004660 tx=0x7f54f8011aa0 comp rx=0 tx=0).stop
2024-04-26T21:25:39.209 INFO:teuthology.orchestra.run.smithi046.stdout:/usr/bin/ceph: stderr
2024-04-26T21:25:38.648+0000 7f550cf05700 1 -- 172.21.15.46:0/2475781766 shutdown_connections
2024-04-26T21:25:39.210 INFO:teuthology.orchestra.run.smithi046.stdout:/usr/bin/ceph: stderr
2024-04-26T21:25:38.648+0000 7f550cf05700 1 --2- 172.21.15.46:0/2475781766 >> [v2:172.21.15.46:6800/4004175376,v1:172.21.15.46:6801/4004175376] conn(0x7f54f0039700 0x7f54f003bbc0 unknown :-1 s=CLOSED pgs=11 cs=0 l=1 rev1=1 crypto rx=0 tx=0 comp rx=0 tx=0).stop
2024-04-26T21:25:39.210 INFO:teuthology.orchestra.run.smithi046.stdout:/usr/bin/ceph: stderr
2024-04-26T21:25:38.648+0000 7f550cf05700 1 --2- 172.21.15.46:0/2475781766 >> [v2:172.21.15.46:3300/0,v1:172.21.15.46:6789/0] conn(0x7f550807f690 0x7f550819ee40 unknown :-1 s=CLOSED pgs=77 cs=0 l=1 rev1=1 crypto rx=0 tx=0 comp rx=0 tx=0).stop
2024-04-26T21:25:39.210 INFO:teuthology.orchestra.run.smithi046.stdout:/usr/bin/ceph: stderr
2024-04-26T21:25:38.648+0000 7f550cf05700 1 -- 172.21.15.46:0/2475781766 >> 172.21.15.46:0/2475781766 conn(0x7f5508104370 msgr2=0x7f5508104e10 unknown :-1 s=STATE_NONE l=0).mark_down
2024-04-26T21:25:39.210 INFO:teuthology.orchestra.run.smithi046.stdout:/usr/bin/ceph: stderr
2024-04-26T21:25:38.648+0000 7f550cf05700 1 -- 172.21.15.46:0/2475781766 shutdown_connections
2024-04-26T21:25:39.210 INFO:teuthology.orchestra.run.smithi046.stdout:/usr/bin/ceph: stderr
2024-04-26T21:25:38.648+0000 7f550cf05700 1 -- 172.21.15.46:0/2475781766 wait complete.
2024-04-26T21:25:39.210 INFO:teuthology.orchestra.run.smithi046.stdout:/usr/bin/ceph: stderr set mgr/dashboard/cluster/status
2024-04-26T21:25:39.210 INFO:teuthology.orchestra.run.smithi046.stdout:You can access the Ceph CLI as following in case of multi-cluster or non-default config:
2024-04-26T21:25:39.210 INFO:teuthology.orchestra.run.smithi046.stdout:
2024-04-26T21:25:39.210 INFO:teuthology.orchestra.run.smithi046.stdout: sudo /home/ubuntu/cephtest/cephadm shell --fsid 36c7013a-0413-11ef-bc93-c7b262605968 -c /etc/ceph/ceph.conf -k /etc/ceph/ceph.client.admin.keyring
2024-04-26T21:25:39.210 INFO:teuthology.orchestra.run.smithi046.stdout:
2024-04-26T21:25:39.210 INFO:teuthology.orchestra.run.smithi046.stdout:Or, if you are only running a single cluster on this host:
2024-04-26T21:25:39.210 INFO:teuthology.orchestra.run.smithi046.stdout:
2024-04-26T21:25:39.210 INFO:teuthology.orchestra.run.smithi046.stdout: sudo /home/ubuntu/cephtest/cephadm shell
2024-04-26T21:25:39.210 INFO:teuthology.orchestra.run.smithi046.stdout:
2024-04-26T21:25:39.211 INFO:teuthology.orchestra.run.smithi046.stdout:Please consider enabling telemetry to help improve Ceph:
2024-04-26T21:25:39.211 INFO:teuthology.orchestra.run.smithi046.stdout:
2024-04-26T21:25:39.211 INFO:teuthology.orchestra.run.smithi046.stdout: ceph telemetry on
2024-04-26T21:25:39.211 INFO:teuthology.orchestra.run.smithi046.stdout:
2024-04-26T21:25:39.211 INFO:teuthology.orchestra.run.smithi046.stdout:For more information see:
2024-04-26T21:25:39.211 INFO:teuthology.orchestra.run.smithi046.stdout:
2024-04-26T21:25:39.211 INFO:teuthology.orchestra.run.smithi046.stdout: https://docs.ceph.com/en/latest/mgr/telemetry/
2024-04-26T21:25:39.211 INFO:teuthology.orchestra.run.smithi046.stdout:
2024-04-26T21:25:39.211 INFO:teuthology.orchestra.run.smithi046.stdout:Bootstrap complete.
2024-04-26T21:25:39.246 INFO:tasks.cephadm:Fetching config...
2024-04-26T21:25:39.246 DEBUG:teuthology.orchestra.run.smithi046:> set -ex
2024-04-26T21:25:39.247 DEBUG:teuthology.orchestra.run.smithi046:> dd if=/etc/ceph/ceph.conf of=/dev/stdout
2024-04-26T21:25:39.263 INFO:tasks.cephadm:Fetching client.admin keyring...
2024-04-26T21:25:39.263 DEBUG:teuthology.orchestra.run.smithi046:> set -ex
2024-04-26T21:25:39.263 DEBUG:teuthology.orchestra.run.smithi046:> dd if=/etc/ceph/ceph.client.admin.keyring of=/dev/stdout
2024-04-26T21:25:39.319 INFO:tasks.cephadm:Fetching mon keyring...
2024-04-26T21:25:39.320 DEBUG:teuthology.orchestra.run.smithi046:> set -ex
2024-04-26T21:25:39.320 DEBUG:teuthology.orchestra.run.smithi046:> sudo dd if=/var/lib/ceph/36c7013a-0413-11ef-bc93-c7b262605968/mon.a/keyring of=/dev/stdout
2024-04-26T21:25:39.384 INFO:tasks.cephadm:Fetching pub ssh key...
2024-04-26T21:25:39.385 DEBUG:teuthology.orchestra.run.smithi046:> set -ex
2024-04-26T21:25:39.385 DEBUG:teuthology.orchestra.run.smithi046:> dd if=/home/ubuntu/cephtest/ceph.pub of=/dev/stdout
2024-04-26T21:25:39.441 INFO:tasks.cephadm:Installing pub ssh key for root users...
2024-04-26T21:25:39.441 DEBUG:teuthology.orchestra.run.smithi046:> sudo install -d -m 0700 /root/.ssh && echo 'ssh-rsa AAAAB3NzaC1yc2EAAAADAQABAAABgQC+sTE3O9pA8MQ+f+aP4yoPABL5ao5Aejrieq1oKNxiyF5H7Sjxh6lYDvd0gIdnSN73uPMMrJq1tBmlvswAku33BVejwwYDyCrlkRRwQG4IOfPg6mi8/nOtAXBz1Ur2yjtJ7IvB4C7LB5w6gwsMJcklqaBWvHboIeHWo6XAjJwNkrCA2DLIRsGMcDihYMMJiLuu+k/Fed1k9MdAKDxj9Uz7kcIz8DyA7WA2F7lSVaX4YKvo0vS8IcGEinmZ5Hih0E4V/q3JWSJ5ujDwYdKyElxeIeUhMpmrLX8fQ3tXHlJw3IJy/9cDYkrCDuKpUp9GYYQDbLuEGDzaLxrYCJMabgvVdqdH0td9yQvIiTjxcdO00N0LcemrfMTX9OkJvW9CVVl+KEWnJyL3T2bJ4d5Fgo4r8eA4WXgWgBNNwxTl8vIpMpLZCCaVzfIysKXF9k6H5mz8jBZ37JDMl0CNjQThqYe++e1MICbcV/yAx0CtEeSS1Ew9PXpf3FVccU7VOdvZ85s= ceph-36c7013a-0413-11ef-bc93-c7b262605968' | sudo tee -a /root/.ssh/authorized_keys && sudo chmod 0600 /root/.ssh/authorized_keys
2024-04-26T21:25:39.519 INFO:teuthology.orchestra.run.smithi046.stdout:ssh-rsa AAAAB3NzaC1yc2EAAAADAQABAAABgQC+sTE3O9pA8MQ+f+aP4yoPABL5ao5Aejrieq1oKNxiyF5H7Sjxh6lYDvd0gIdnSN73uPMMrJq1tBmlvswAku33BVejwwYDyCrlkRRwQG4IOfPg6mi8/nOtAXBz1Ur2yjtJ7IvB4C7LB5w6gwsMJcklqaBWvHboIeHWo6XAjJwNkrCA2DLIRsGMcDihYMMJiLuu+k/Fed1k9MdAKDxj9Uz7kcIz8DyA7WA2F7lSVaX4YKvo0vS8IcGEinmZ5Hih0E4V/q3JWSJ5ujDwYdKyElxeIeUhMpmrLX8fQ3tXHlJw3IJy/9cDYkrCDuKpUp9GYYQDbLuEGDzaLxrYCJMabgvVdqdH0td9yQvIiTjxcdO00N0LcemrfMTX9OkJvW9CVVl+KEWnJyL3T2bJ4d5Fgo4r8eA4WXgWgBNNwxTl8vIpMpLZCCaVzfIysKXF9k6H5mz8jBZ37JDMl0CNjQThqYe++e1MICbcV/yAx0CtEeSS1Ew9PXpf3FVccU7VOdvZ85s= ceph-36c7013a-0413-11ef-bc93-c7b262605968
2024-04-26T21:25:39.539 DEBUG:teuthology.orchestra.run.smithi050:> sudo install -d -m 0700 /root/.ssh && echo 'ssh-rsa AAAAB3NzaC1yc2EAAAADAQABAAABgQC+sTE3O9pA8MQ+f+aP4yoPABL5ao5Aejrieq1oKNxiyF5H7Sjxh6lYDvd0gIdnSN73uPMMrJq1tBmlvswAku33BVejwwYDyCrlkRRwQG4IOfPg6mi8/nOtAXBz1Ur2yjtJ7IvB4C7LB5w6gwsMJcklqaBWvHboIeHWo6XAjJwNkrCA2DLIRsGMcDihYMMJiLuu+k/Fed1k9MdAKDxj9Uz7kcIz8DyA7WA2F7lSVaX4YKvo0vS8IcGEinmZ5Hih0E4V/q3JWSJ5ujDwYdKyElxeIeUhMpmrLX8fQ3tXHlJw3IJy/9cDYkrCDuKpUp9GYYQDbLuEGDzaLxrYCJMabgvVdqdH0td9yQvIiTjxcdO00N0LcemrfMTX9OkJvW9CVVl+KEWnJyL3T2bJ4d5Fgo4r8eA4WXgWgBNNwxTl8vIpMpLZCCaVzfIysKXF9k6H5mz8jBZ37JDMl0CNjQThqYe++e1MICbcV/yAx0CtEeSS1Ew9PXpf3FVccU7VOdvZ85s= ceph-36c7013a-0413-11ef-bc93-c7b262605968' | sudo tee -a /root/.ssh/authorized_keys && sudo chmod 0600 /root/.ssh/authorized_keys
2024-04-26T21:25:39.579 INFO:teuthology.orchestra.run.smithi050.stdout:ssh-rsa AAAAB3NzaC1yc2EAAAADAQABAAABgQC+sTE3O9pA8MQ+f+aP4yoPABL5ao5Aejrieq1oKNxiyF5H7Sjxh6lYDvd0gIdnSN73uPMMrJq1tBmlvswAku33BVejwwYDyCrlkRRwQG4IOfPg6mi8/nOtAXBz1Ur2yjtJ7IvB4C7LB5w6gwsMJcklqaBWvHboIeHWo6XAjJwNkrCA2DLIRsGMcDihYMMJiLuu+k/Fed1k9MdAKDxj9Uz7kcIz8DyA7WA2F7lSVaX4YKvo0vS8IcGEinmZ5Hih0E4V/q3JWSJ5ujDwYdKyElxeIeUhMpmrLX8fQ3tXHlJw3IJy/9cDYkrCDuKpUp9GYYQDbLuEGDzaLxrYCJMabgvVdqdH0td9yQvIiTjxcdO00N0LcemrfMTX9OkJvW9CVVl+KEWnJyL3T2bJ4d5Fgo4r8eA4WXgWgBNNwxTl8vIpMpLZCCaVzfIysKXF9k6H5mz8jBZ37JDMl0CNjQThqYe++e1MICbcV/yAx0CtEeSS1Ew9PXpf3FVccU7VOdvZ85s= ceph-36c7013a-0413-11ef-bc93-c7b262605968
2024-04-26T21:25:39.591 DEBUG:teuthology.orchestra.run.smithi142:> sudo install -d -m 0700 /root/.ssh && echo 'ssh-rsa AAAAB3NzaC1yc2EAAAADAQABAAABgQC+sTE3O9pA8MQ+f+aP4yoPABL5ao5Aejrieq1oKNxiyF5H7Sjxh6lYDvd0gIdnSN73uPMMrJq1tBmlvswAku33BVejwwYDyCrlkRRwQG4IOfPg6mi8/nOtAXBz1Ur2yjtJ7IvB4C7LB5w6gwsMJcklqaBWvHboIeHWo6XAjJwNkrCA2DLIRsGMcDihYMMJiLuu+k/Fed1k9MdAKDxj9Uz7kcIz8DyA7WA2F7lSVaX4YKvo0vS8IcGEinmZ5Hih0E4V/q3JWSJ5ujDwYdKyElxeIeUhMpmrLX8fQ3tXHlJw3IJy/9cDYkrCDuKpUp9GYYQDbLuEGDzaLxrYCJMabgvVdqdH0td9yQvIiTjxcdO00N0LcemrfMTX9OkJvW9CVVl+KEWnJyL3T2bJ4d5Fgo4r8eA4WXgWgBNNwxTl8vIpMpLZCCaVzfIysKXF9k6H5mz8jBZ37JDMl0CNjQThqYe++e1MICbcV/yAx0CtEeSS1Ew9PXpf3FVccU7VOdvZ85s= ceph-36c7013a-0413-11ef-bc93-c7b262605968' | sudo tee -a /root/.ssh/authorized_keys && sudo chmod 0600 /root/.ssh/authorized_keys
2024-04-26T21:25:39.630 INFO:teuthology.orchestra.run.smithi142.stdout:ssh-rsa AAAAB3NzaC1yc2EAAAADAQABAAABgQC+sTE3O9pA8MQ+f+aP4yoPABL5ao5Aejrieq1oKNxiyF5H7Sjxh6lYDvd0gIdnSN73uPMMrJq1tBmlvswAku33BVejwwYDyCrlkRRwQG4IOfPg6mi8/nOtAXBz1Ur2yjtJ7IvB4C7LB5w6gwsMJcklqaBWvHboIeHWo6XAjJwNkrCA2DLIRsGMcDihYMMJiLuu+k/Fed1k9MdAKDxj9Uz7kcIz8DyA7WA2F7lSVaX4YKvo0vS8IcGEinmZ5Hih0E4V/q3JWSJ5ujDwYdKyElxeIeUhMpmrLX8fQ3tXHlJw3IJy/9cDYkrCDuKpUp9GYYQDbLuEGDzaLxrYCJMabgvVdqdH0td9yQvIiTjxcdO00N0LcemrfMTX9OkJvW9CVVl+KEWnJyL3T2bJ4d5Fgo4r8eA4WXgWgBNNwxTl8vIpMpLZCCaVzfIysKXF9k6H5mz8jBZ37JDMl0CNjQThqYe++e1MICbcV/yAx0CtEeSS1Ew9PXpf3FVccU7VOdvZ85s= ceph-36c7013a-0413-11ef-bc93-c7b262605968
2024-04-26T21:25:39.641 DEBUG:teuthology.orchestra.run.smithi046:> sudo /home/ubuntu/cephtest/cephadm --image quay-quay-quay.apps.os.sepia.ceph.com/ceph-ci/ceph:bc612ffb9c1d5bc27536bc917a705262a36d4387 shell -c /etc/ceph/ceph.conf -k /etc/ceph/ceph.client.admin.keyring --fsid 36c7013a-0413-11ef-bc93-c7b262605968 -- ceph config set mgr mgr/cephadm/allow_ptrace true
2024-04-26T21:25:39.803 INFO:journalctl@ceph.mon.a.smithi046.stdout:Apr 26 21:25:39 smithi046 ceph-mon[29201]: from='client.? 172.21.15.46:0/2475781766' entity='client.admin'
2024-04-26T21:25:39.885 INFO:teuthology.orchestra.run.smithi046.stderr:Inferring config /var/lib/ceph/36c7013a-0413-11ef-bc93-c7b262605968/mon.a/config
2024-04-26T21:25:42.175 INFO:teuthology.orchestra.run.smithi046.stderr:2024-04-26T21:25:42.171+0000 7f59648b6700 1 -- 172.21.15.46:0/3835166281 >> [v2:172.21.15.46:3300/0,v1:172.21.15.46:6789/0] conn(0x7f5960103930 msgr2=0x7f5960105d20 secure :-1 s=STATE_CONNECTION_ESTABLISHED l=1).mark_down
2024-04-26T21:25:42.176 INFO:teuthology.orchestra.run.smithi046.stderr:2024-04-26T21:25:42.171+0000 7f59648b6700 1 --2- 172.21.15.46:0/3835166281 >> [v2:172.21.15.46:3300/0,v1:172.21.15.46:6789/0] conn(0x7f5960103930 0x7f5960105d20 secure :-1 s=READY pgs=78 cs=0 l=1 rev1=1 crypto rx=0x7f5950009910 tx=0x7f5950009c20 comp rx=0 tx=0).stop
2024-04-26T21:25:42.176 INFO:teuthology.orchestra.run.smithi046.stderr:2024-04-26T21:25:42.171+0000 7f59648b6700 1 -- 172.21.15.46:0/3835166281 shutdown_connections
2024-04-26T21:25:42.176 INFO:teuthology.orchestra.run.smithi046.stderr:2024-04-26T21:25:42.171+0000 7f59648b6700 1 --2- 172.21.15.46:0/3835166281 >> [v2:172.21.15.46:3300/0,v1:172.21.15.46:6789/0] conn(0x7f5960103930 0x7f5960105d20 unknown :-1 s=CLOSED pgs=78 cs=0 l=1 rev1=1 crypto rx=0 tx=0 comp rx=0 tx=0).stop
2024-04-26T21:25:42.176 INFO:teuthology.orchestra.run.smithi046.stderr:2024-04-26T21:25:42.171+0000 7f59648b6700 1 -- 172.21.15.46:0/3835166281 >> 172.21.15.46:0/3835166281 conn(0x7f59600fd360 msgr2=0x7f59600ff780 unknown :-1 s=STATE_NONE l=0).mark_down
2024-04-26T21:25:42.176 INFO:teuthology.orchestra.run.smithi046.stderr:2024-04-26T21:25:42.171+0000 7f59648b6700 1 -- 172.21.15.46:0/3835166281 shutdown_connections
2024-04-26T21:25:42.176 INFO:teuthology.orchestra.run.smithi046.stderr:2024-04-26T21:25:42.171+0000 7f59648b6700 1 -- 172.21.15.46:0/3835166281 wait complete.
2024-04-26T21:25:42.176 INFO:teuthology.orchestra.run.smithi046.stderr:2024-04-26T21:25:42.172+0000 7f59648b6700 1 Processor -- start
2024-04-26T21:25:42.176 INFO:teuthology.orchestra.run.smithi046.stderr:2024-04-26T21:25:42.172+0000 7f59648b6700 1 -- start start
2024-04-26T21:25:42.176 INFO:teuthology.orchestra.run.smithi046.stderr:2024-04-26T21:25:42.172+0000 7f59648b6700 1 --2- >> [v2:172.21.15.46:3300/0,v1:172.21.15.46:6789/0] conn(0x7f5960103930 0x7f59601031b0 unknown :-1 s=NONE pgs=0 cs=0 l=1 rev1=0 crypto rx=0 tx=0 comp rx=0 tx=0).connect
2024-04-26T21:25:42.176 INFO:teuthology.orchestra.run.smithi046.stderr:2024-04-26T21:25:42.172+0000 7f59648b6700 1 -- --> [v2:172.21.15.46:3300/0,v1:172.21.15.46:6789/0] -- mon_getmap magic: 0 -- 0x7f5960108d80 con 0x7f5960103930
2024-04-26T21:25:42.176 INFO:teuthology.orchestra.run.smithi046.stderr:2024-04-26T21:25:42.172+0000 7f595e59c700 1 --2- >> [v2:172.21.15.46:3300/0,v1:172.21.15.46:6789/0] conn(0x7f5960103930 0x7f59601031b0 unknown :-1 s=BANNER_CONNECTING pgs=0 cs=0 l=1 rev1=0 crypto rx=0 tx=0 comp rx=0 tx=0)._handle_peer_banner_payload supported=3 required=0
2024-04-26T21:25:42.176 INFO:teuthology.orchestra.run.smithi046.stderr:2024-04-26T21:25:42.172+0000 7f595e59c700 1 --2- >> [v2:172.21.15.46:3300/0,v1:172.21.15.46:6789/0] conn(0x7f5960103930 0x7f59601031b0 unknown :-1 s=HELLO_CONNECTING pgs=0 cs=0 l=1 rev1=1 crypto rx=0 tx=0 comp rx=0 tx=0).handle_hello peer v2:172.21.15.46:3300/0 says I am v2:172.21.15.46:48108/0 (socket says 172.21.15.46:48108)
2024-04-26T21:25:42.177 INFO:teuthology.orchestra.run.smithi046.stderr:2024-04-26T21:25:42.172+0000 7f595e59c700 1 -- 172.21.15.46:0/342988311 learned_addr learned my addr 172.21.15.46:0/342988311 (peer_addr_for_me v2:172.21.15.46:0/0)
2024-04-26T21:25:42.177 INFO:teuthology.orchestra.run.smithi046.stderr:2024-04-26T21:25:42.172+0000 7f595e59c700 1 -- 172.21.15.46:0/342988311 --> [v2:172.21.15.46:3300/0,v1:172.21.15.46:6789/0] -- mon_subscribe({config=0+,monmap=0+}) -- 0x7f59601036f0 con 0x7f5960103930
2024-04-26T21:25:42.177 INFO:teuthology.orchestra.run.smithi046.stderr:2024-04-26T21:25:42.173+0000 7f595e59c700 1 --2- 172.21.15.46:0/342988311 >> [v2:172.21.15.46:3300/0,v1:172.21.15.46:6789/0] conn(0x7f5960103930 0x7f59601031b0 secure :-1 s=READY pgs=79 cs=0 l=1 rev1=1 crypto rx=0x7f5950005b40 tx=0x7f5950004f80 comp rx=0 tx=0).ready entity=mon.0 client_cookie=0 server_cookie=0 in_seq=0 out_seq=0
2024-04-26T21:25:42.177 INFO:teuthology.orchestra.run.smithi046.stderr:2024-04-26T21:25:42.173+0000 7f594f7fe700 1 -- 172.21.15.46:0/342988311 <== mon.0 v2:172.21.15.46:3300/0 1 ==== mon_map magic: 0 ==== 205+0+0 (secure 0 0 0) 0x7f5950027070 con 0x7f5960103930
2024-04-26T21:25:42.177 INFO:teuthology.orchestra.run.smithi046.stderr:2024-04-26T21:25:42.173+0000 7f594f7fe700 1 -- 172.21.15.46:0/342988311 <== mon.0 v2:172.21.15.46:3300/0 2 ==== config(26 keys) ==== 1101+0+0 (secure 0 0 0) 0x7f595000be10 con 0x7f5960103930
2024-04-26T21:25:42.177 INFO:teuthology.orchestra.run.smithi046.stderr:2024-04-26T21:25:42.173+0000 7f59648b6700 1 -- 172.21.15.46:0/342988311 --> [v2:172.21.15.46:3300/0,v1:172.21.15.46:6789/0] -- mon_subscribe({mgrmap=0+}) -- 0x7f59601018e0 con 0x7f5960103930
2024-04-26T21:25:42.177 INFO:teuthology.orchestra.run.smithi046.stderr:2024-04-26T21:25:42.173+0000 7f594f7fe700 1 -- 172.21.15.46:0/342988311 <== mon.0 v2:172.21.15.46:3300/0 3 ==== mon_map magic: 0 ==== 205+0+0 (secure 0 0 0) 0x7f5950022d80 con 0x7f5960103930
2024-04-26T21:25:42.177 INFO:teuthology.orchestra.run.smithi046.stderr:2024-04-26T21:25:42.173+0000 7f59648b6700 1 -- 172.21.15.46:0/342988311 --> [v2:172.21.15.46:3300/0,v1:172.21.15.46:6789/0] -- mon_subscribe({osdmap=0}) -- 0x7f5960101e20 con 0x7f5960103930
2024-04-26T21:25:42.177 INFO:teuthology.orchestra.run.smithi046.stderr:2024-04-26T21:25:42.174+0000 7f594f7fe700 1 -- 172.21.15.46:0/342988311 <== mon.0 v2:172.21.15.46:3300/0 4 ==== mgrmap(e 13) ==== 46614+0+0 (secure 0 0 0) 0x7f595002a070 con 0x7f5960103930
2024-04-26T21:25:42.177 INFO:teuthology.orchestra.run.smithi046.stderr:2024-04-26T21:25:42.174+0000 7f594f7fe700 1 --2- 172.21.15.46:0/342988311 >> [v2:172.21.15.46:6800/4004175376,v1:172.21.15.46:6801/4004175376] conn(0x7f5948039650 0x7f594803bb10 unknown :-1 s=NONE pgs=0 cs=0 l=1 rev1=0 crypto rx=0 tx=0 comp rx=0 tx=0).connect
2024-04-26T21:25:42.177 INFO:teuthology.orchestra.run.smithi046.stderr:2024-04-26T21:25:42.174+0000 7f594f7fe700 1 -- 172.21.15.46:0/342988311 <== mon.0 v2:172.21.15.46:3300/0 5 ==== osd_map(3..3 src has 1..3) ==== 1155+0+0 (secure 0 0 0) 0x7f595001e030 con 0x7f5960103930
2024-04-26T21:25:42.177 INFO:teuthology.orchestra.run.smithi046.stderr:2024-04-26T21:25:42.174+0000 7f59648b6700 1 -- 172.21.15.46:0/342988311 --> [v2:172.21.15.46:3300/0,v1:172.21.15.46:6789/0] -- mon_command({"prefix": "get_command_descriptions"} v 0) -- 0x7f5960109500 con 0x7f5960103930
2024-04-26T21:25:42.177 INFO:teuthology.orchestra.run.smithi046.stderr:2024-04-26T21:25:42.174+0000 7f595dd9b700 1 --2- 172.21.15.46:0/342988311 >> [v2:172.21.15.46:6800/4004175376,v1:172.21.15.46:6801/4004175376] conn(0x7f5948039650 0x7f594803bb10 unknown :-1 s=BANNER_CONNECTING pgs=0 cs=0 l=1 rev1=0 crypto rx=0 tx=0 comp rx=0 tx=0)._handle_peer_banner_payload supported=3 required=0
2024-04-26T21:25:42.177 INFO:teuthology.orchestra.run.smithi046.stderr:2024-04-26T21:25:42.174+0000 7f595dd9b700 1 --2- 172.21.15.46:0/342988311 >> [v2:172.21.15.46:6800/4004175376,v1:172.21.15.46:6801/4004175376] conn(0x7f5948039650 0x7f594803bb10 secure :-1 s=READY pgs=12 cs=0 l=1 rev1=1 crypto rx=0x7f5954006fd0 tx=0x7f5954006e40 comp rx=0 tx=0).ready entity=mgr.14150 client_cookie=0 server_cookie=0 in_seq=0 out_seq=0
2024-04-26T21:25:42.180 INFO:teuthology.orchestra.run.smithi046.stderr:2024-04-26T21:25:42.179+0000 7f594f7fe700 1 -- 172.21.15.46:0/342988311 <== mon.0 v2:172.21.15.46:3300/0 6 ==== mon_command_ack([{"prefix": "get_command_descriptions"}]=0 v0) ==== 72+0+188494 (secure 0 0 0) 0x7f5950013070 con 0x7f5960103930
2024-04-26T21:25:42.391 INFO:teuthology.orchestra.run.smithi046.stderr:2024-04-26T21:25:42.389+0000 7f59648b6700 1 -- 172.21.15.46:0/342988311 --> [v2:172.21.15.46:3300/0,v1:172.21.15.46:6789/0] -- mon_command([{prefix=config set, name=mgr/cephadm/allow_ptrace}] v 0) -- 0x7f59601917a0 con 0x7f5960103930
