2024-04-26T21:25:08.188+0000 7f99ddd9b700 1 --2- 172.21.15.46:0/437829926 >> [v2:172.21.15.46:6800/2053782984,v1:172.21.15.46:6801/2053782984] conn(0x7f99c8039600 0x7f99c803bac0 secure :-1 s=READY pgs=10 cs=0 l=1 rev1=1 crypto rx=0x7f99d4006fd0 tx=0x7f99d4006e40 comp rx=0 tx=0).ready entity=mgr.14118 client_cookie=0 server_cookie=0 in_seq=0 out_seq=0
2024-04-26T21:25:08.973 INFO:teuthology.orchestra.run.smithi046.stdout:/usr/bin/ceph: stderr
2024-04-26T21:25:08.193+0000 7f99cf7fe700 1 -- 172.21.15.46:0/437829926 <== mon.0 v2:172.21.15.46:3300/0 6 ==== mon_command_ack([{"prefix": "get_command_descriptions"}]=0 v0) ==== 72+0+188494 (secure 0 0 0) 0x7f99d00042a0 con 0x7f99e0108db0
2024-04-26T21:25:08.973 INFO:teuthology.orchestra.run.smithi046.stdout:/usr/bin/ceph: stderr
2024-04-26T21:25:08.401+0000 7f99e4f3c700 1 -- 172.21.15.46:0/437829926 --> [v2:172.21.15.46:6800/2053782984,v1:172.21.15.46:6801/2053782984] -- mgr_command(tid 0: {"prefix": "cephadm get-pub-key", "target": ["mon-mgr", ""]}) -- 0x7f99e01055f0 con 0x7f99c8039600
2024-04-26T21:25:08.973 INFO:teuthology.orchestra.run.smithi046.stdout:/usr/bin/ceph: stderr
2024-04-26T21:25:08.402+0000 7f99cf7fe700 1 -- 172.21.15.46:0/437829926 <== mgr.14118 v2:172.21.15.46:6800/2053782984 1 ==== mgr_command_reply(tid 0: 0 ) ==== 8+0+595 (secure 0 0 0) 0x7f99e01055f0 con 0x7f99c8039600
2024-04-26T21:25:08.973 INFO:teuthology.orchestra.run.smithi046.stdout:/usr/bin/ceph: stderr
2024-04-26T21:25:08.404+0000 7f99e4f3c700 1 -- 172.21.15.46:0/437829926 >> [v2:172.21.15.46:6800/2053782984,v1:172.21.15.46:6801/2053782984] conn(0x7f99c8039600 msgr2=0x7f99c803bac0 secure :-1 s=STATE_CONNECTION_ESTABLISHED l=1).mark_down
2024-04-26T21:25:08.973 INFO:teuthology.orchestra.run.smithi046.stdout:/usr/bin/ceph: stderr
2024-04-26T21:25:08.404+0000 7f99e4f3c700 1 --2- 172.21.15.46:0/437829926 >> [v2:172.21.15.46:6800/2053782984,v1:172.21.15.46:6801/2053782984] conn(0x7f99c8039600 0x7f99c803bac0 secure :-1 s=READY pgs=10 cs=0 l=1 rev1=1 crypto rx=0x7f99d4006fd0 tx=0x7f99d4006e40 comp rx=0 tx=0).stop
2024-04-26T21:25:08.973 INFO:teuthology.orchestra.run.smithi046.stdout:/usr/bin/ceph: stderr
2024-04-26T21:25:08.404+0000 7f99e4f3c700 1 -- 172.21.15.46:0/437829926 >> [v2:172.21.15.46:3300/0,v1:172.21.15.46:6789/0] conn(0x7f99e0108db0 msgr2=0x7f99e007f3f0 secure :-1 s=STATE_CONNECTION_ESTABLISHED l=1).mark_down
2024-04-26T21:25:08.973 INFO:teuthology.orchestra.run.smithi046.stdout:/usr/bin/ceph: stderr
2024-04-26T21:25:08.404+0000 7f99e4f3c700 1 --2- 172.21.15.46:0/437829926 >> [v2:172.21.15.46:3300/0,v1:172.21.15.46:6789/0] conn(0x7f99e0108db0 0x7f99e007f3f0 secure :-1 s=READY pgs=42 cs=0 l=1 rev1=1 crypto rx=0x7f99d00117b0 tx=0x7f99d0011b70 comp rx=0 tx=0).stop
2024-04-26T21:25:08.974 INFO:teuthology.orchestra.run.smithi046.stdout:/usr/bin/ceph: stderr
2024-04-26T21:25:08.404+0000 7f99e4f3c700 1 -- 172.21.15.46:0/437829926 shutdown_connections
2024-04-26T21:25:08.974 INFO:teuthology.orchestra.run.smithi046.stdout:/usr/bin/ceph: stderr
2024-04-26T21:25:08.404+0000 7f99e4f3c700 1 --2- 172.21.15.46:0/437829926 >> [v2:172.21.15.46:6800/2053782984,v1:172.21.15.46:6801/2053782984] conn(0x7f99c8039600 0x7f99c803bac0 unknown :-1 s=CLOSED pgs=10 cs=0 l=1 rev1=1 crypto rx=0 tx=0 comp rx=0 tx=0).stop
2024-04-26T21:25:08.974 INFO:teuthology.orchestra.run.smithi046.stdout:/usr/bin/ceph: stderr
2024-04-26T21:25:08.404+0000 7f99e4f3c700 1 --2- 172.21.15.46:0/437829926 >> [v2:172.21.15.46:3300/0,v1:172.21.15.46:6789/0] conn(0x7f99e0108db0 0x7f99e007f3f0 unknown :-1 s=CLOSED pgs=42 cs=0 l=1 rev1=1 crypto rx=0 tx=0 comp rx=0 tx=0).stop
2024-04-26T21:25:08.974 INFO:teuthology.orchestra.run.smithi046.stdout:/usr/bin/ceph: stderr
2024-04-26T21:25:08.404+0000 7f99e4f3c700 1 -- 172.21.15.46:0/437829926 >> 172.21.15.46:0/437829926 conn(0x7f99e0104310 msgr2=0x7f99e0104ee0 unknown :-1 s=STATE_NONE l=0).mark_down
2024-04-26T21:25:08.974 INFO:teuthology.orchestra.run.smithi046.stdout:/usr/bin/ceph: stderr
2024-04-26T21:25:08.404+0000 7f99e4f3c700 1 -- 172.21.15.46:0/437829926 shutdown_connections
2024-04-26T21:25:08.974 INFO:teuthology.orchestra.run.smithi046.stdout:/usr/bin/ceph: stderr
2024-04-26T21:25:08.404+0000 7f99e4f3c700 1 -- 172.21.15.46:0/437829926 wait complete.
2024-04-26T21:25:08.974 INFO:teuthology.orchestra.run.smithi046.stdout:Wrote public SSH key to /home/ubuntu/cephtest/ceph.pub
2024-04-26T21:25:08.974 INFO:teuthology.orchestra.run.smithi046.stdout:Adding key to root@localhost authorized_keys...
2024-04-26T21:25:08.974 INFO:teuthology.orchestra.run.smithi046.stdout:Adding host smithi046...
2024-04-26T21:25:09.281 INFO:journalctl@ceph.mon.a.smithi046.stdout:Apr 26 21:25:09 smithi046 ceph-mon[29201]: from='client.14136 -' entity='client.admin' cmd=[{"prefix": "cephadm get-pub-key", "target": ["mon-mgr", ""]}]: dispatch
2024-04-26T21:25:10.202 INFO:journalctl@ceph.mon.a.smithi046.stdout:Apr 26 21:25:10 smithi046 ceph-mon[29201]: from='client.14138 -' entity='client.admin' cmd=[{"prefix": "orch host add", "hostname": "smithi046", "addr": "172.21.15.46", "target": ["mon-mgr", ""]}]: dispatch
2024-04-26T21:25:11.553 INFO:journalctl@ceph.mon.a.smithi046.stdout:Apr 26 21:25:11 smithi046 ceph-mon[29201]: Deploying cephadm binary to smithi046
2024-04-26T21:25:14.452 INFO:teuthology.orchestra.run.smithi046.stdout:/usr/bin/ceph: stdout Added host 'smithi046' with addr '172.21.15.46'
2024-04-26T21:25:14.453 INFO:teuthology.orchestra.run.smithi046.stdout:/usr/bin/ceph: stderr
2024-04-26T21:25:09.396+0000 7fdd24cf9700 1 Processor -- start
2024-04-26T21:25:14.453 INFO:teuthology.orchestra.run.smithi046.stdout:/usr/bin/ceph: stderr
2024-04-26T21:25:09.396+0000 7fdd24cf9700 1 -- start start
2024-04-26T21:25:14.453 INFO:teuthology.orchestra.run.smithi046.stdout:/usr/bin/ceph: stderr
2024-04-26T21:25:09.396+0000 7fdd24cf9700 1 --2- >> [v2:172.21.15.46:3300/0,v1:172.21.15.46:6789/0] conn(0x7fdd20107c50 0x7fdd20108070 unknown :-1 s=NONE pgs=0 cs=0 l=0 rev1=0 crypto rx=0 tx=0 comp rx=0 tx=0).connect
2024-04-26T21:25:14.453 INFO:teuthology.orchestra.run.smithi046.stdout:/usr/bin/ceph: stderr
2024-04-26T21:25:09.396+0000 7fdd24cf9700 1 -- --> [v2:172.21.15.46:3300/0,v1:172.21.15.46:6789/0] -- mon_getmap magic: 0 -- 0x7fdd20108640 con 0x7fdd20107c50
2024-04-26T21:25:14.453 INFO:teuthology.orchestra.run.smithi046.stdout:/usr/bin/ceph: stderr
2024-04-26T21:25:09.396+0000 7fdd1e59c700 1 --2- >> [v2:172.21.15.46:3300/0,v1:172.21.15.46:6789/0] conn(0x7fdd20107c50 0x7fdd20108070 unknown :-1 s=BANNER_CONNECTING pgs=0 cs=0 l=0 rev1=0 crypto rx=0 tx=0 comp rx=0 tx=0)._handle_peer_banner_payload supported=3 required=0
2024-04-26T21:25:14.453 INFO:teuthology.orchestra.run.smithi046.stdout:/usr/bin/ceph: stderr
2024-04-26T21:25:09.396+0000 7fdd1e59c700 1 --2- >> [v2:172.21.15.46:3300/0,v1:172.21.15.46:6789/0] conn(0x7fdd20107c50 0x7fdd20108070 unknown :-1 s=HELLO_CONNECTING pgs=0 cs=0 l=0 rev1=1 crypto rx=0 tx=0 comp rx=0 tx=0).handle_hello peer v2:172.21.15.46:3300/0 says I am v2:172.21.15.46:57930/0 (socket says 172.21.15.46:57930)
2024-04-26T21:25:14.453 INFO:teuthology.orchestra.run.smithi046.stdout:/usr/bin/ceph: stderr
2024-04-26T21:25:09.396+0000 7fdd1e59c700 1 -- 172.21.15.46:0/455210122 learned_addr learned my addr 172.21.15.46:0/455210122 (peer_addr_for_me v2:172.21.15.46:0/0)
2024-04-26T21:25:14.453 INFO:teuthology.orchestra.run.smithi046.stdout:/usr/bin/ceph: stderr
2024-04-26T21:25:09.397+0000 7fdd1e59c700 1 -- 172.21.15.46:0/455210122 --> [v2:172.21.15.46:3300/0,v1:172.21.15.46:6789/0] -- mon_subscribe({config=0+,monmap=0+}) -- 0x7fdd20108e50 con 0x7fdd20107c50
2024-04-26T21:25:14.453 INFO:teuthology.orchestra.run.smithi046.stdout:/usr/bin/ceph: stderr
2024-04-26T21:25:09.397+0000 7fdd1e59c700 1 --2- 172.21.15.46:0/455210122 >> [v2:172.21.15.46:3300/0,v1:172.21.15.46:6789/0] conn(0x7fdd20107c50 0x7fdd20108070 secure :-1 s=READY pgs=43 cs=0 l=1 rev1=1 crypto rx=0x7fdd100098a0 tx=0x7fdd10009bb0 comp rx=0 tx=0).ready entity=mon.0 client_cookie=cc2a289716f8628f server_cookie=0 in_seq=0 out_seq=0
2024-04-26T21:25:14.453 INFO:teuthology.orchestra.run.smithi046.stdout:/usr/bin/ceph: stderr
2024-04-26T21:25:09.397+0000 7fdd1d59a700 1 -- 172.21.15.46:0/455210122 <== mon.0 v2:172.21.15.46:3300/0 1 ==== mon_map magic: 0 ==== 205+0+0 (secure 0 0 0) 0x7fdd10004160 con 0x7fdd20107c50
2024-04-26T21:25:14.453 INFO:teuthology.orchestra.run.smithi046.stdout:/usr/bin/ceph: stderr
2024-04-26T21:25:09.397+0000 7fdd1d59a700 1 -- 172.21.15.46:0/455210122 <== mon.0 v2:172.21.15.46:3300/0 2 ==== config(26 keys) ==== 1070+0+0 (secure 0 0 0) 0x7fdd10004300 con 0x7fdd20107c50
2024-04-26T21:25:14.453 INFO:teuthology.orchestra.run.smithi046.stdout:/usr/bin/ceph: stderr
2024-04-26T21:25:09.397+0000 7fdd1d59a700 1 -- 172.21.15.46:0/455210122 <== mon.0 v2:172.21.15.46:3300/0 3 ==== mon_map magic: 0 ==== 205+0+0 (secure 0 0 0) 0x7fdd10011af0 con 0x7fdd20107c50
2024-04-26T21:25:14.454 INFO:teuthology.orchestra.run.smithi046.stdout:/usr/bin/ceph: stderr
2024-04-26T21:25:09.398+0000 7fdd24cf9700 1 -- 172.21.15.46:0/455210122 >> [v2:172.21.15.46:3300/0,v1:172.21.15.46:6789/0] conn(0x7fdd20107c50 msgr2=0x7fdd20108070 secure :-1 s=STATE_CONNECTION_ESTABLISHED l=1).mark_down
2024-04-26T21:25:14.454 INFO:teuthology.orchestra.run.smithi046.stdout:/usr/bin/ceph: stderr
2024-04-26T21:25:09.398+0000 7fdd24cf9700 1 --2- 172.21.15.46:0/455210122 >> [v2:172.21.15.46:3300/0,v1:172.21.15.46:6789/0] conn(0x7fdd20107c50 0x7fdd20108070 secure :-1 s=READY pgs=43 cs=0 l=1 rev1=1 crypto rx=0x7fdd100098a0 tx=0x7fdd10009bb0 comp rx=0 tx=0).stop
2024-04-26T21:25:14.454 INFO:teuthology.orchestra.run.smithi046.stdout:/usr/bin/ceph: stderr
2024-04-26T21:25:09.398+0000 7fdd24cf9700 1 -- 172.21.15.46:0/455210122 shutdown_connections
2024-04-26T21:25:14.454 INFO:teuthology.orchestra.run.smithi046.stdout:/usr/bin/ceph: stderr
2024-04-26T21:25:09.398+0000 7fdd24cf9700 1 --2- 172.21.15.46:0/455210122 >> [v2:172.21.15.46:3300/0,v1:172.21.15.46:6789/0] conn(0x7fdd20107c50 0x7fdd20108070 unknown :-1 s=CLOSED pgs=43 cs=0 l=1 rev1=1 crypto rx=0 tx=0 comp rx=0 tx=0).stop
2024-04-26T21:25:14.454 INFO:teuthology.orchestra.run.smithi046.stdout:/usr/bin/ceph: stderr
2024-04-26T21:25:09.398+0000 7fdd24cf9700 1 -- 172.21.15.46:0/455210122 >> 172.21.15.46:0/455210122 conn(0x7fdd201031f0 msgr2=0x7fdd20105630 unknown :-1 s=STATE_NONE l=0).mark_down
2024-04-26T21:25:14.454 INFO:teuthology.orchestra.run.smithi046.stdout:/usr/bin/ceph: stderr
2024-04-26T21:25:09.398+0000 7fdd24cf9700 1 -- 172.21.15.46:0/455210122 shutdown_connections
2024-04-26T21:25:14.454 INFO:teuthology.orchestra.run.smithi046.stdout:/usr/bin/ceph: stderr
2024-04-26T21:25:09.398+0000 7fdd24cf9700 1 -- 172.21.15.46:0/455210122 wait complete.
2024-04-26T21:25:14.454 INFO:teuthology.orchestra.run.smithi046.stdout:/usr/bin/ceph: stderr
2024-04-26T21:25:09.399+0000 7fdd24cf9700 1 Processor -- start
2024-04-26T21:25:14.454 INFO:teuthology.orchestra.run.smithi046.stdout:/usr/bin/ceph: stderr
2024-04-26T21:25:09.399+0000 7fdd24cf9700 1 -- start start
2024-04-26T21:25:14.454 INFO:teuthology.orchestra.run.smithi046.stdout:/usr/bin/ceph: stderr
2024-04-26T21:25:09.399+0000 7fdd24cf9700 1 --2- >> [v2:172.21.15.46:3300/0,v1:172.21.15.46:6789/0] conn(0x7fdd20107c50 0x7fdd20192dc0 unknown :-1 s=NONE pgs=0 cs=0 l=1 rev1=0 crypto rx=0 tx=0 comp rx=0 tx=0).connect
2024-04-26T21:25:14.455 INFO:teuthology.orchestra.run.smithi046.stdout:/usr/bin/ceph: stderr
2024-04-26T21:25:09.399+0000 7fdd24cf9700 1 -- --> [v2:172.21.15.46:3300/0,v1:172.21.15.46:6789/0] -- mon_getmap magic: 0 -- 0x7fdd2010c200 con 0x7fdd20107c50
2024-04-26T21:25:14.455 INFO:teuthology.orchestra.run.smithi046.stdout:/usr/bin/ceph: stderr
2024-04-26T21:25:09.399+0000 7fdd1e59c700 1 --2- >> [v2:172.21.15.46:3300/0,v1:172.21.15.46:6789/0] conn(0x7fdd20107c50 0x7fdd20192dc0 unknown :-1 s=BANNER_CONNECTING pgs=0 cs=0 l=1 rev1=0 crypto rx=0 tx=0 comp rx=0 tx=0)._handle_peer_banner_payload supported=3 required=0
2024-04-26T21:25:14.455 INFO:teuthology.orchestra.run.smithi046.stdout:/usr/bin/ceph: stderr
2024-04-26T21:25:09.399+0000 7fdd1e59c700 1 --2- >> [v2:172.21.15.46:3300/0,v1:172.21.15.46:6789/0] conn(0x7fdd20107c50 0x7fdd20192dc0 unknown :-1 s=HELLO_CONNECTING pgs=0 cs=0 l=1 rev1=1 crypto rx=0 tx=0 comp rx=0 tx=0).handle_hello peer v2:172.21.15.46:3300/0 says I am v2:172.21.15.46:57944/0 (socket says 172.21.15.46:57944)
2024-04-26T21:25:14.455 INFO:teuthology.orchestra.run.smithi046.stdout:/usr/bin/ceph: stderr
2024-04-26T21:25:09.399+0000 7fdd1e59c700 1 -- 172.21.15.46:0/1462984398 learned_addr learned my addr 172.21.15.46:0/1462984398 (peer_addr_for_me v2:172.21.15.46:0/0)
2024-04-26T21:25:14.455 INFO:teuthology.orchestra.run.smithi046.stdout:/usr/bin/ceph: stderr
2024-04-26T21:25:09.399+0000 7fdd1e59c700 1 -- 172.21.15.46:0/1462984398 --> [v2:172.21.15.46:3300/0,v1:172.21.15.46:6789/0] -- mon_subscribe({config=0+,monmap=0+}) -- 0x7fdd20193300 con 0x7fdd20107c50
2024-04-26T21:25:14.455 INFO:teuthology.orchestra.run.smithi046.stdout:/usr/bin/ceph: stderr
2024-04-26T21:25:09.399+0000 7fdd1e59c700 1 --2- 172.21.15.46:0/1462984398 >> [v2:172.21.15.46:3300/0,v1:172.21.15.46:6789/0] conn(0x7fdd20107c50 0x7fdd20192dc0 secure :-1 s=READY pgs=44 cs=0 l=1 rev1=1 crypto rx=0x7fdd10009fb0 tx=0x7fdd10011940 comp rx=0 tx=0).ready entity=mon.0 client_cookie=0 server_cookie=0 in_seq=0 out_seq=0
2024-04-26T21:25:14.455 INFO:teuthology.orchestra.run.smithi046.stdout:/usr/bin/ceph: stderr
2024-04-26T21:25:09.400+0000 7fdd0f7fe700 1 -- 172.21.15.46:0/1462984398 <== mon.0 v2:172.21.15.46:3300/0 1 ==== mon_map magic: 0 ==== 205+0+0 (secure 0 0 0) 0x7fdd100036a0 con 0x7fdd20107c50
2024-04-26T21:25:14.455 INFO:teuthology.orchestra.run.smithi046.stdout:/usr/bin/ceph: stderr
2024-04-26T21:25:09.400+0000 7fdd0f7fe700 1 -- 172.21.15.46:0/1462984398 <== mon.0 v2:172.21.15.46:3300/0 2 ==== config(26 keys) ==== 1070+0+0 (secure 0 0 0) 0x7fdd1001a430 con 0x7fdd20107c50
2024-04-26T21:25:14.455 INFO:teuthology.orchestra.run.smithi046.stdout:/usr/bin/ceph: stderr
2024-04-26T21:25:09.400+0000 7fdd24cf9700 1 -- 172.21.15.46:0/1462984398 --> [v2:172.21.15.46:3300/0,v1:172.21.15.46:6789/0] -- mon_subscribe({mgrmap=0+}) -- 0x7fdd201914f0 con 0x7fdd20107c50
2024-04-26T21:25:14.455 INFO:teuthology.orchestra.run.smithi046.stdout:/usr/bin/ceph: stderr
2024-04-26T21:25:09.400+0000 7fdd0f7fe700 1 -- 172.21.15.46:0/1462984398 <== mon.0 v2:172.21.15.46:3300/0 3 ==== mon_map magic: 0 ==== 205+0+0 (secure 0 0 0) 0x7fdd10019550 con 0x7fdd20107c50
2024-04-26T21:25:14.455 INFO:teuthology.orchestra.run.smithi046.stdout:/usr/bin/ceph: stderr
2024-04-26T21:25:09.400+0000 7fdd24cf9700 1 -- 172.21.15.46:0/1462984398 --> [v2:172.21.15.46:3300/0,v1:172.21.15.46:6789/0] -- mon_subscribe({osdmap=0}) -- 0x7fdd20191a30 con 0x7fdd20107c50
2024-04-26T21:25:14.455 INFO:teuthology.orchestra.run.smithi046.stdout:/usr/bin/ceph: stderr
2024-04-26T21:25:09.401+0000 7fdd24cf9700 1 -- 172.21.15.46:0/1462984398 --> [v2:172.21.15.46:3300/0,v1:172.21.15.46:6789/0] -- mon_command({"prefix": "get_command_descriptions"} v 0) -- 0x7fdd20064a80 con 0x7fdd20107c50
2024-04-26T21:25:14.455 INFO:teuthology.orchestra.run.smithi046.stdout:/usr/bin/ceph: stderr
2024-04-26T21:25:09.401+0000 7fdd0f7fe700 1 -- 172.21.15.46:0/1462984398 <== mon.0 v2:172.21.15.46:3300/0 4 ==== mgrmap(e 8) ==== 46558+0+0 (secure 0 0 0) 0x7fdd10019800 con 0x7fdd20107c50
2024-04-26T21:25:14.455 INFO:teuthology.orchestra.run.smithi046.stdout:/usr/bin/ceph: stderr
2024-04-26T21:25:09.401+0000 7fdd0f7fe700 1 --2- 172.21.15.46:0/1462984398 >> [v2:172.21.15.46:6800/2053782984,v1:172.21.15.46:6801/2053782984] conn(0x7fdd080395b0 0x7fdd0803ba70 unknown :-1 s=NONE pgs=0 cs=0 l=1 rev1=0 crypto rx=0 tx=0 comp rx=0 tx=0).connect
2024-04-26T21:25:14.456 INFO:teuthology.orchestra.run.smithi046.stdout:/usr/bin/ceph: stderr
2024-04-26T21:25:09.401+0000 7fdd0f7fe700 1 -- 172.21.15.46:0/1462984398 <== mon.0 v2:172.21.15.46:3300/0 5 ==== osd_map(2..2 src has 1..2) ==== 940+0+0 (secure 0 0 0) 0x7fdd1004d9f0 con 0x7fdd20107c50
2024-04-26T21:25:14.456 INFO:teuthology.orchestra.run.smithi046.stdout:/usr/bin/ceph: stderr
2024-04-26T21:25:09.401+0000 7fdd1dd9b700 1 --2- 172.21.15.46:0/1462984398 >> [v2:172.21.15.46:6800/2053782984,v1:172.21.15.46:6801/2053782984] conn(0x7fdd080395b0 0x7fdd0803ba70 unknown :-1 s=BANNER_CONNECTING pgs=0 cs=0 l=1 rev1=0 crypto rx=0 tx=0 comp rx=0 tx=0)._handle_peer_banner_payload supported=3 required=0
2024-04-26T21:25:14.456 INFO:teuthology.orchestra.run.smithi046.stdout:/usr/bin/ceph: stderr
2024-04-26T21:25:09.401+0000 7fdd1dd9b700 1 --2- 172.21.15.46:0/1462984398 >> [v2:172.21.15.46:6800/2053782984,v1:172.21.15.46:6801/2053782984] conn(0x7fdd080395b0 0x7fdd0803ba70 secure :-1 s=READY pgs=11 cs=0 l=1 rev1=1 crypto rx=0x7fdd14006fd0 tx=0x7fdd14006e40 comp rx=0 tx=0).ready entity=mgr.14118 client_cookie=0 server_cookie=0 in_seq=0 out_seq=0
2024-04-26T21:25:14.456 INFO:teuthology.orchestra.run.smithi046.stdout:/usr/bin/ceph: stderr
2024-04-26T21:25:09.406+0000 7fdd0f7fe700 1 -- 172.21.15.46:0/1462984398 <== mon.0 v2:172.21.15.46:3300/0 6 ==== mon_command_ack([{"prefix": "get_command_descriptions"}]=0 v0) ==== 72+0+188494 (secure 0 0 0) 0x7fdd1001a5e0 con 0x7fdd20107c50
2024-04-26T21:25:14.456 INFO:teuthology.orchestra.run.smithi046.stdout:/usr/bin/ceph: stderr
2024-04-26T21:25:09.616+0000 7fdd24cf9700 1 -- 172.21.15.46:0/1462984398 --> [v2:172.21.15.46:6800/2053782984,v1:172.21.15.46:6801/2053782984] -- mgr_command(tid 0: {"prefix": "orch host add", "hostname": "smithi046", "addr": "172.21.15.46", "target": ["mon-mgr", ""]}) -- 0x7fdd20196bd0 con 0x7fdd080395b0
2024-04-26T21:25:14.456 INFO:teuthology.orchestra.run.smithi046.stdout:/usr/bin/ceph: stderr
2024-04-26T21:25:13.847+0000 7fdd0f7fe700 1 -- 172.21.15.46:0/1462984398 <== mgr.14118 v2:172.21.15.46:6800/2053782984 1 ==== mgr_command_reply(tid 0: 0 ) ==== 8+0+48 (secure 0 0 0) 0x7fdd20196bd0 con 0x7fdd080395b0
2024-04-26T21:25:14.456 INFO:teuthology.orchestra.run.smithi046.stdout:/usr/bin/ceph: stderr
2024-04-26T21:25:13.850+0000 7fdd24cf9700 1 -- 172.21.15.46:0/1462984398 >> [v2:172.21.15.46:6800/2053782984,v1:172.21.15.46:6801/2053782984] conn(0x7fdd080395b0 msgr2=0x7fdd0803ba70 secure :-1 s=STATE_CONNECTION_ESTABLISHED l=1).mark_down
2024-04-26T21:25:14.456 INFO:teuthology.orchestra.run.smithi046.stdout:/usr/bin/ceph: stderr
2024-04-26T21:25:13.850+0000 7fdd24cf9700 1 --2- 172.21.15.46:0/1462984398 >> [v2:172.21.15.46:6800/2053782984,v1:172.21.15.46:6801/2053782984] conn(0x7fdd080395b0 0x7fdd0803ba70 secure :-1 s=READY pgs=11 cs=0 l=1 rev1=1 crypto rx=0x7fdd14006fd0 tx=0x7fdd14006e40 comp rx=0 tx=0).stop
2024-04-26T21:25:14.456 INFO:teuthology.orchestra.run.smithi046.stdout:/usr/bin/ceph: stderr
2024-04-26T21:25:13.850+0000 7fdd24cf9700 1 -- 172.21.15.46:0/1462984398 >> [v2:172.21.15.46:3300/0,v1:172.21.15.46:6789/0] conn(0x7fdd20107c50 msgr2=0x7fdd20192dc0 secure :-1 s=STATE_CONNECTION_ESTABLISHED l=1).mark_down
2024-04-26T21:25:14.456 INFO:teuthology.orchestra.run.smithi046.stdout:/usr/bin/ceph: stderr
2024-04-26T21:25:13.850+0000 7fdd24cf9700 1 --2- 172.21.15.46:0/1462984398 >> [v2:172.21.15.46:3300/0,v1:172.21.15.46:6789/0] conn(0x7fdd20107c50 0x7fdd20192dc0 secure :-1 s=READY pgs=44 cs=0 l=1 rev1=1 crypto rx=0x7fdd10009fb0 tx=0x7fdd10011940 comp rx=0 tx=0).stop
2024-04-26T21:25:14.456 INFO:teuthology.orchestra.run.smithi046.stdout:/usr/bin/ceph: stderr
2024-04-26T21:25:13.850+0000 7fdd24cf9700 1 -- 172.21.15.46:0/1462984398 shutdown_connections
2024-04-26T21:25:14.456 INFO:teuthology.orchestra.run.smithi046.stdout:/usr/bin/ceph: stderr
2024-04-26T21:25:13.850+0000 7fdd24cf9700 1 --2- 172.21.15.46:0/1462984398 >> [v2:172.21.15.46:6800/2053782984,v1:172.21.15.46:6801/2053782984] conn(0x7fdd080395b0 0x7fdd0803ba70 unknown :-1 s=CLOSED pgs=11 cs=0 l=1 rev1=1 crypto rx=0 tx=0 comp rx=0 tx=0).stop
2024-04-26T21:25:14.456 INFO:teuthology.orchestra.run.smithi046.stdout:/usr/bin/ceph: stderr
2024-04-26T21:25:13.850+0000 7fdd24cf9700 1 --2- 172.21.15.46:0/1462984398 >> [v2:172.21.15.46:3300/0,v1:172.21.15.46:6789/0] conn(0x7fdd20107c50 0x7fdd20192dc0 unknown :-1 s=CLOSED pgs=44 cs=0 l=1 rev1=1 crypto rx=0 tx=0 comp rx=0 tx=0).stop
2024-04-26T21:25:14.456 INFO:teuthology.orchestra.run.smithi046.stdout:/usr/bin/ceph: stderr
2024-04-26T21:25:13.850+0000 7fdd24cf9700 1 -- 172.21.15.46:0/1462984398 >> 172.21.15.46:0/1462984398 conn(0x7fdd201031f0 msgr2=0x7fdd20104100 unknown :-1 s=STATE_NONE l=0).mark_down
2024-04-26T21:25:14.456 INFO:teuthology.orchestra.run.smithi046.stdout:/usr/bin/ceph: stderr
2024-04-26T21:25:13.850+0000 7fdd24cf9700 1 -- 172.21.15.46:0/1462984398 shutdown_connections
2024-04-26T21:25:14.457 INFO:teuthology.orchestra.run.smithi046.stdout:/usr/bin/ceph: stderr
2024-04-26T21:25:13.850+0000 7fdd24cf9700 1 -- 172.21.15.46:0/1462984398 wait complete.
2024-04-26T21:25:14.457 INFO:teuthology.orchestra.run.smithi046.stdout:Deploying unmanaged mon service...
2024-04-26T21:25:15.053 INFO:journalctl@ceph.mon.a.smithi046.stdout:Apr 26 21:25:14 smithi046 ceph-mon[29201]: from='mgr.14118 172.21.15.46:0/1110106616' entity='mgr.x'
2024-04-26T21:25:15.053 INFO:journalctl@ceph.mon.a.smithi046.stdout:Apr 26 21:25:14 smithi046 ceph-mon[29201]: Added host smithi046
2024-04-26T21:25:15.053 INFO:journalctl@ceph.mon.a.smithi046.stdout:Apr 26 21:25:14 smithi046 ceph-mon[29201]: from='mgr.14118 172.21.15.46:0/1110106616' entity='mgr.x' cmd=[{"prefix": "config dump", "format": "json"}]: dispatch
2024-04-26T21:25:16.492 INFO:journalctl@ceph.mon.a.smithi046.stdout:Apr 26 21:25:16 smithi046 ceph-mon[29201]: from='client.14140 -' entity='client.admin' cmd=[{"prefix": "orch apply", "service_type": "mon", "unmanaged": true, "target": ["mon-mgr", ""]}]: dispatch
2024-04-26T21:25:16.492 INFO:journalctl@ceph.mon.a.smithi046.stdout:Apr 26 21:25:16 smithi046 ceph-mon[29201]: Saving service mon spec with placement count:5
2024-04-26T21:25:16.492 INFO:journalctl@ceph.mon.a.smithi046.stdout:Apr 26 21:25:16 smithi046 ceph-mon[29201]: from='mgr.14118 172.21.15.46:0/1110106616' entity='mgr.x'
2024-04-26T21:25:16.809 INFO:teuthology.orchestra.run.smithi046.stdout:/usr/bin/ceph: stdout Scheduled mon update...
2024-04-26T21:25:16.809 INFO:teuthology.orchestra.run.smithi046.stdout:/usr/bin/ceph: stderr
2024-04-26T21:25:14.869+0000 7ffb4bdd0700 1 Processor -- start
2024-04-26T21:25:16.810 INFO:teuthology.orchestra.run.smithi046.stdout:/usr/bin/ceph: stderr
2024-04-26T21:25:14.869+0000 7ffb4bdd0700 1 -- start start
2024-04-26T21:25:16.810 INFO:teuthology.orchestra.run.smithi046.stdout:/usr/bin/ceph: stderr
2024-04-26T21:25:14.869+0000 7ffb4bdd0700 1 --2- >> [v2:172.21.15.46:3300/0,v1:172.21.15.46:6789/0] conn(0x7ffb44107690 0x7ffb44107ab0 unknown :-1 s=NONE pgs=0 cs=0 l=0 rev1=0 crypto rx=0 tx=0 comp rx=0 tx=0).connect
2024-04-26T21:25:16.810 INFO:teuthology.orchestra.run.smithi046.stdout:/usr/bin/ceph: stderr
2024-04-26T21:25:14.869+0000 7ffb4bdd0700 1 -- --> [v2:172.21.15.46:3300/0,v1:172.21.15.46:6789/0] -- mon_getmap magic: 0 -- 0x7ffb4407ce00 con 0x7ffb44107690
2024-04-26T21:25:16.810 INFO:teuthology.orchestra.run.smithi046.stdout:/usr/bin/ceph: stderr
2024-04-26T21:25:14.870+0000 7ffb49b6c700 1 --2- >> [v2:172.21.15.46:3300/0,v1:172.21.15.46:6789/0] conn(0x7ffb44107690 0x7ffb44107ab0 unknown :-1 s=BANNER_CONNECTING pgs=0 cs=0 l=0 rev1=0 crypto rx=0 tx=0 comp rx=0 tx=0)._handle_peer_banner_payload supported=3 required=0
2024-04-26T21:25:16.810 INFO:teuthology.orchestra.run.smithi046.stdout:/usr/bin/ceph: stderr
2024-04-26T21:25:14.870+0000 7ffb49b6c700 1 --2- >> [v2:172.21.15.46:3300/0,v1:172.21.15.46:6789/0] conn(0x7ffb44107690 0x7ffb44107ab0 unknown :-1 s=HELLO_CONNECTING pgs=0 cs=0 l=0 rev1=1 crypto rx=0 tx=0 comp rx=0 tx=0).handle_hello peer v2:172.21.15.46:3300/0 says I am v2:172.21.15.46:57960/0 (socket says 172.21.15.46:57960)
2024-04-26T21:25:16.810 INFO:teuthology.orchestra.run.smithi046.stdout:/usr/bin/ceph: stderr
2024-04-26T21:25:14.870+0000 7ffb49b6c700 1 -- 172.21.15.46:0/1680103436 learned_addr learned my addr 172.21.15.46:0/1680103436 (peer_addr_for_me v2:172.21.15.46:0/0)
2024-04-26T21:25:16.810 INFO:teuthology.orchestra.run.smithi046.stdout:/usr/bin/ceph: stderr
2024-04-26T21:25:14.870+0000 7ffb49b6c700 1 -- 172.21.15.46:0/1680103436 --> [v2:172.21.15.46:3300/0,v1:172.21.15.46:6789/0] -- mon_subscribe({config=0+,monmap=0+}) -- 0x7ffb44107ff0 con 0x7ffb44107690
2024-04-26T21:25:16.810 INFO:teuthology.orchestra.run.smithi046.stdout:/usr/bin/ceph: stderr
2024-04-26T21:25:14.870+0000 7ffb49b6c700 1 --2- 172.21.15.46:0/1680103436 >> [v2:172.21.15.46:3300/0,v1:172.21.15.46:6789/0] conn(0x7ffb44107690 0x7ffb44107ab0 secure :-1 s=READY pgs=45 cs=0 l=1 rev1=1 crypto rx=0x7ffb34009e80 tx=0x7ffb3400b330 comp rx=0 tx=0).ready entity=mon.0 client_cookie=59ad1ec802cca065 server_cookie=0 in_seq=0 out_seq=0
2024-04-26T21:25:16.810 INFO:teuthology.orchestra.run.smithi046.stdout:/usr/bin/ceph: stderr
2024-04-26T21:25:14.870+0000 7ffb48b6a700 1 -- 172.21.15.46:0/1680103436 <== mon.0 v2:172.21.15.46:3300/0 1 ==== mon_map magic: 0 ==== 205+0+0 (secure 0 0 0) 0x7ffb34017070 con 0x7ffb44107690
2024-04-26T21:25:16.810 INFO:teuthology.orchestra.run.smithi046.stdout:/usr/bin/ceph: stderr
2024-04-26T21:25:14.870+0000 7ffb48b6a700 1 -- 172.21.15.46:0/1680103436 <== mon.0 v2:172.21.15.46:3300/0 2 ==== config(26 keys) ==== 1070+0+0 (secure 0 0 0) 0x7ffb3400b8c0 con 0x7ffb44107690
2024-04-26T21:25:16.810 INFO:teuthology.orchestra.run.smithi046.stdout:/usr/bin/ceph: stderr
2024-04-26T21:25:14.870+0000 7ffb48b6a700 1 -- 172.21.15.46:0/1680103436 <== mon.0 v2:172.21.15.46:3300/0 3 ==== mon_map magic: 0 ==== 205+0+0 (secure 0 0 0) 0x7ffb34004490 con 0x7ffb44107690
2024-04-26T21:25:16.811 INFO:teuthology.orchestra.run.smithi046.stdout:/usr/bin/ceph: stderr
2024-04-26T21:25:14.871+0000 7ffb4bdd0700 1 -- 172.21.15.46:0/1680103436 >> [v2:172.21.15.46:3300/0,v1:172.21.15.46:6789/0] conn(0x7ffb44107690 msgr2=0x7ffb44107ab0 secure :-1 s=STATE_CONNECTION_ESTABLISHED l=1).mark_down
2024-04-26T21:25:16.811 INFO:teuthology.orchestra.run.smithi046.stdout:/usr/bin/ceph: stderr
2024-04-26T21:25:14.871+0000 7ffb4bdd0700 1 --2- 172.21.15.46:0/1680103436 >> [v2:172.21.15.46:3300/0,v1:172.21.15.46:6789/0] conn(0x7ffb44107690 0x7ffb44107ab0 secure :-1 s=READY pgs=45 cs=0 l=1 rev1=1 crypto rx=0x7ffb34009e80 tx=0x7ffb3400b330 comp rx=0 tx=0).stop
2024-04-26T21:25:16.811 INFO:teuthology.orchestra.run.smithi046.stdout:/usr/bin/ceph: stderr
2024-04-26T21:25:14.871+0000 7ffb4bdd0700 1 -- 172.21.15.46:0/1680103436 shutdown_connections
2024-04-26T21:25:16.811 INFO:teuthology.orchestra.run.smithi046.stdout:/usr/bin/ceph: stderr
2024-04-26T21:25:14.871+0000 7ffb4bdd0700 1 --2- 172.21.15.46:0/1680103436 >> [v2:172.21.15.46:3300/0,v1:172.21.15.46:6789/0] conn(0x7ffb44107690 0x7ffb44107ab0 unknown :-1 s=CLOSED pgs=45 cs=0 l=1 rev1=1 crypto rx=0 tx=0 comp rx=0 tx=0).stop
2024-04-26T21:25:16.811 INFO:teuthology.orchestra.run.smithi046.stdout:/usr/bin/ceph: stderr
2024-04-26T21:25:14.871+0000 7ffb4bdd0700 1 -- 172.21.15.46:0/1680103436 >> 172.21.15.46:0/1680103436 conn(0x7ffb441031f0 msgr2=0x7ffb44105670 unknown :-1 s=STATE_NONE l=0).mark_down
2024-04-26T21:25:16.811 INFO:teuthology.orchestra.run.smithi046.stdout:/usr/bin/ceph: stderr
2024-04-26T21:25:14.871+0000 7ffb4bdd0700 1 -- 172.21.15.46:0/1680103436 shutdown_connections
2024-04-26T21:25:16.811 INFO:teuthology.orchestra.run.smithi046.stdout:/usr/bin/ceph: stderr
2024-04-26T21:25:14.871+0000 7ffb4bdd0700 1 -- 172.21.15.46:0/1680103436 wait complete.
2024-04-26T21:25:16.811 INFO:teuthology.orchestra.run.smithi046.stdout:/usr/bin/ceph: stderr
2024-04-26T21:25:14.872+0000 7ffb4bdd0700 1 Processor -- start
2024-04-26T21:25:16.811 INFO:teuthology.orchestra.run.smithi046.stdout:/usr/bin/ceph: stderr
2024-04-26T21:25:14.872+0000 7ffb4bdd0700 1 -- start start
2024-04-26T21:25:16.811 INFO:teuthology.orchestra.run.smithi046.stdout:/usr/bin/ceph: stderr
2024-04-26T21:25:14.872+0000 7ffb4bdd0700 1 --2- >> [v2:172.21.15.46:3300/0,v1:172.21.15.46:6789/0] conn(0x7ffb44107690 0x7ffb4419eeb0 unknown :-1 s=NONE pgs=0 cs=0 l=1 rev1=0 crypto rx=0 tx=0 comp rx=0 tx=0).connect
2024-04-26T21:25:16.811 INFO:teuthology.orchestra.run.smithi046.stdout:/usr/bin/ceph: stderr
2024-04-26T21:25:14.872+0000 7ffb4bdd0700 1 -- --> [v2:172.21.15.46:3300/0,v1:172.21.15.46:6789/0] -- mon_getmap magic: 0 -- 0x7ffb44109020 con 0x7ffb44107690
2024-04-26T21:25:16.811 INFO:teuthology.orchestra.run.smithi046.stdout:/usr/bin/ceph: stderr
2024-04-26T21:25:14.872+0000 7ffb49b6c700 1 --2- >> [v2:172.21.15.46:3300/0,v1:172.21.15.46:6789/0] conn(0x7ffb44107690 0x7ffb4419eeb0 unknown :-1 s=BANNER_CONNECTING pgs=0 cs=0 l=1 rev1=0 crypto rx=0 tx=0 comp rx=0 tx=0)._handle_peer_banner_payload supported=3 required=0
2024-04-26T21:25:16.811 INFO:teuthology.orchestra.run.smithi046.stdout:/usr/bin/ceph: stderr
2024-04-26T21:25:14.872+0000 7ffb49b6c700 1 --2- >> [v2:172.21.15.46:3300/0,v1:172.21.15.46:6789/0] conn(0x7ffb44107690 0x7ffb4419eeb0 unknown :-1 s=HELLO_CONNECTING pgs=0 cs=0 l=1 rev1=1 crypto rx=0 tx=0 comp rx=0 tx=0).handle_hello peer v2:172.21.15.46:3300/0 says I am v2:172.21.15.46:57964/0 (socket says 172.21.15.46:57964)
2024-04-26T21:25:16.812 INFO:teuthology.orchestra.run.smithi046.stdout:/usr/bin/ceph: stderr
2024-04-26T21:25:14.872+0000 7ffb49b6c700 1 -- 172.21.15.46:0/1172806233 learned_addr learned my addr 172.21.15.46:0/1172806233 (peer_addr_for_me v2:172.21.15.46:0/0)
2024-04-26T21:25:16.812 INFO:teuthology.orchestra.run.smithi046.stdout:/usr/bin/ceph: stderr
2024-04-26T21:25:14.872+0000 7ffb49b6c700 1 -- 172.21.15.46:0/1172806233 --> [v2:172.21.15.46:3300/0,v1:172.21.15.46:6789/0] -- mon_subscribe({config=0+,monmap=0+}) -- 0x7ffb4419f3f0 con 0x7ffb44107690
2024-04-26T21:25:16.812 INFO:teuthology.orchestra.run.smithi046.stdout:/usr/bin/ceph: stderr
2024-04-26T21:25:14.873+0000 7ffb49b6c700 1 --2- 172.21.15.46:0/1172806233 >> [v2:172.21.15.46:3300/0,v1:172.21.15.46:6789/0] conn(0x7ffb44107690 0x7ffb4419eeb0 secure :-1 s=READY pgs=46 cs=0 l=1 rev1=1 crypto rx=0x7ffb3400b7b0 tx=0x7ffb3400be20 comp rx=0 tx=0).ready entity=mon.0 client_cookie=0 server_cookie=0 in_seq=0 out_seq=0
2024-04-26T21:25:16.812 INFO:teuthology.orchestra.run.smithi046.stdout:/usr/bin/ceph: stderr
2024-04-26T21:25:14.873+0000 7ffb42ffd700 1 -- 172.21.15.46:0/1172806233 <== mon.0 v2:172.21.15.46:3300/0 1 ==== mon_map magic: 0 ==== 205+0+0 (secure 0 0 0) 0x7ffb34020020 con 0x7ffb44107690
2024-04-26T21:25:16.812 INFO:teuthology.orchestra.run.smithi046.stdout:/usr/bin/ceph: stderr
2024-04-26T21:25:14.873+0000 7ffb42ffd700 1 -- 172.21.15.46:0/1172806233 <== mon.0 v2:172.21.15.46:3300/0 2 ==== config(26 keys) ==== 1070+0+0 (secure 0 0 0) 0x7ffb34012430 con 0x7ffb44107690
2024-04-26T21:25:16.812 INFO:teuthology.orchestra.run.smithi046.stdout:/usr/bin/ceph: stderr
2024-04-26T21:25:14.873+0000 7ffb4bdd0700 1 -- 172.21.15.46:0/1172806233 --> [v2:172.21.15.46:3300/0,v1:172.21.15.46:6789/0] -- mon_subscribe({mgrmap=0+}) -- 0x7ffb4419f680 con 0x7ffb44107690
2024-04-26T21:25:16.812 INFO:teuthology.orchestra.run.smithi046.stdout:/usr/bin/ceph: stderr
2024-04-26T21:25:14.873+0000 7ffb42ffd700 1 -- 172.21.15.46:0/1172806233 <== mon.0 v2:172.21.15.46:3300/0 3 ==== mon_map magic: 0 ==== 205+0+0 (secure 0 0 0) 0x7ffb34017040 con 0x7ffb44107690
2024-04-26T21:25:16.812 INFO:teuthology.orchestra.run.smithi046.stdout:/usr/bin/ceph: stderr
2024-04-26T21:25:14.873+0000 7ffb4bdd0700 1 -- 172.21.15.46:0/1172806233 --> [v2:172.21.15.46:3300/0,v1:172.21.15.46:6789/0] -- mon_subscribe({osdmap=0}) -- 0x7ffb441a2370 con 0x7ffb44107690
2024-04-26T21:25:16.812 INFO:teuthology.orchestra.run.smithi046.stdout:/usr/bin/ceph: stderr
2024-04-26T21:25:14.874+0000 7ffb42ffd700 1 -- 172.21.15.46:0/1172806233 <== mon.0 v2:172.21.15.46:3300/0 4 ==== mgrmap(e 8) ==== 46558+0+0 (secure 0 0 0) 0x7ffb34023020 con 0x7ffb44107690
2024-04-26T21:25:16.812 INFO:teuthology.orchestra.run.smithi046.stdout:/usr/bin/ceph: stderr
2024-04-26T21:25:14.874+0000 7ffb4bdd0700 1 -- 172.21.15.46:0/1172806233 --> [v2:172.21.15.46:3300/0,v1:172.21.15.46:6789/0] -- mon_command({"prefix": "get_command_descriptions"} v 0) -- 0x7ffb44064a80 con 0x7ffb44107690
2024-04-26T21:25:16.812 INFO:teuthology.orchestra.run.smithi046.stdout:/usr/bin/ceph: stderr
2024-04-26T21:25:14.874+0000 7ffb42ffd700 1 --2- 172.21.15.46:0/1172806233 >> [v2:172.21.15.46:6800/2053782984,v1:172.21.15.46:6801/2053782984] conn(0x7ffb2c039560 0x7ffb2c03ba20 unknown :-1 s=NONE pgs=0 cs=0 l=1 rev1=0 crypto rx=0 tx=0 comp rx=0 tx=0).connect
2024-04-26T21:25:16.812 INFO:teuthology.orchestra.run.smithi046.stdout:/usr/bin/ceph: stderr
2024-04-26T21:25:14.874+0000 7ffb42ffd700 1 -- 172.21.15.46:0/1172806233 <== mon.0 v2:172.21.15.46:3300/0 5 ==== osd_map(2..2 src has 1..2) ==== 940+0+0 (secure 0 0 0) 0x7ffb3400f050 con 0x7ffb44107690
2024-04-26T21:25:16.813 INFO:teuthology.orchestra.run.smithi046.stdout:/usr/bin/ceph: stderr
2024-04-26T21:25:14.874+0000 7ffb4936b700 1 --2- 172.21.15.46:0/1172806233 >> [v2:172.21.15.46:6800/2053782984,v1:172.21.15.46:6801/2053782984] conn(0x7ffb2c039560 0x7ffb2c03ba20 unknown :-1 s=BANNER_CONNECTING pgs=0 cs=0 l=1 rev1=0 crypto rx=0 tx=0 comp rx=0 tx=0)._handle_peer_banner_payload supported=3 required=0
2024-04-26T21:25:16.813 INFO:teuthology.orchestra.run.smithi046.stdout:/usr/bin/ceph: stderr
2024-04-26T21:25:14.874+0000 7ffb4936b700 1 --2- 172.21.15.46:0/1172806233 >> [v2:172.21.15.46:6800/2053782984,v1:172.21.15.46:6801/2053782984] conn(0x7ffb2c039560 0x7ffb2c03ba20 secure :-1 s=READY pgs=12 cs=0 l=1 rev1=1 crypto rx=0x7ffb38006fd0 tx=0x7ffb38006e40 comp rx=0 tx=0).ready entity=mgr.14118 client_cookie=0 server_cookie=0 in_seq=0 out_seq=0
2024-04-26T21:25:16.813 INFO:teuthology.orchestra.run.smithi046.stdout:/usr/bin/ceph: stderr
2024-04-26T21:25:14.879+0000 7ffb42ffd700 1 -- 172.21.15.46:0/1172806233 <== mon.0 v2:172.21.15.46:3300/0 6 ==== mon_command_ack([{"prefix": "get_command_descriptions"}]=0 v0) ==== 72+0+188494 (secure 0 0 0) 0x7ffb3402a020 con 0x7ffb44107690
2024-04-26T21:25:16.813 INFO:teuthology.orchestra.run.smithi046.stdout:/usr/bin/ceph: stderr
2024-04-26T21:25:15.106+0000 7ffb4bdd0700 1 -- 172.21.15.46:0/1172806233 --> [v2:172.21.15.46:6800/2053782984,v1:172.21.15.46:6801/2053782984] -- mgr_command(tid 0: {"prefix": "orch apply", "service_type": "mon", "unmanaged": true, "target": ["mon-mgr", ""]}) -- 0x7ffb4402e870 con 0x7ffb2c039560
2024-04-26T21:25:16.813 INFO:teuthology.orchestra.run.smithi046.stdout:/usr/bin/ceph: stderr
2024-04-26T21:25:15.111+0000 7ffb42ffd700 1 -- 172.21.15.46:0/1172806233 <== mgr.14118 v2:172.21.15.46:6800/2053782984 1 ==== mgr_command_reply(tid 0: 0 ) ==== 8+0+24 (secure 0 0 0) 0x7ffb4402e870 con 0x7ffb2c039560
2024-04-26T21:25:16.813 INFO:teuthology.orchestra.run.smithi046.stdout:/usr/bin/ceph: stderr
2024-04-26T21:25:15.113+0000 7ffb4bdd0700 1 -- 172.21.15.46:0/1172806233 >> [v2:172.21.15.46:6800/2053782984,v1:172.21.15.46:6801/2053782984] conn(0x7ffb2c039560 msgr2=0x7ffb2c03ba20 secure :-1 s=STATE_CONNECTION_ESTABLISHED l=1).mark_down
2024-04-26T21:25:16.813 INFO:teuthology.orchestra.run.smithi046.stdout:/usr/bin/ceph: stderr
2024-04-26T21:25:15.113+0000 7ffb4bdd0700 1 --2- 172.21.15.46:0/1172806233 >> [v2:172.21.15.46:6800/2053782984,v1:172.21.15.46:6801/2053782984] conn(0x7ffb2c039560 0x7ffb2c03ba20 secure :-1 s=READY pgs=12 cs=0 l=1 rev1=1 crypto rx=0x7ffb38006fd0 tx=0x7ffb38006e40 comp rx=0 tx=0).stop
2024-04-26T21:25:16.813 INFO:teuthology.orchestra.run.smithi046.stdout:/usr/bin/ceph: stderr
2024-04-26T21:25:15.113+0000 7ffb4bdd0700 1 -- 172.21.15.46:0/1172806233 >> [v2:172.21.15.46:3300/0,v1:172.21.15.46:6789/0] conn(0x7ffb44107690 msgr2=0x7ffb4419eeb0 secure :-1 s=STATE_CONNECTION_ESTABLISHED l=1).mark_down
2024-04-26T21:25:16.813 INFO:teuthology.orchestra.run.smithi046.stdout:/usr/bin/ceph: stderr
2024-04-26T21:25:15.113+0000 7ffb4bdd0700 1 --2- 172.21.15.46:0/1172806233 >> [v2:172.21.15.46:3300/0,v1:172.21.15.46:6789/0] conn(0x7ffb44107690 0x7ffb4419eeb0 secure :-1 s=READY pgs=46 cs=0 l=1 rev1=1 crypto rx=0x7ffb3400b7b0 tx=0x7ffb3400be20 comp rx=0 tx=0).stop
2024-04-26T21:25:16.813 INFO:teuthology.orchestra.run.smithi046.stdout:/usr/bin/ceph: stderr
2024-04-26T21:25:15.113+0000 7ffb4bdd0700 1 -- 172.21.15.46:0/1172806233 shutdown_connections
2024-04-26T21:25:16.813 INFO:teuthology.orchestra.run.smithi046.stdout:/usr/bin/ceph: stderr
2024-04-26T21:25:15.113+0000 7ffb4bdd0700 1 --2- 172.21.15.46:0/1172806233 >> [v2:172.21.15.46:6800/2053782984,v1:172.21.15.46:6801/2053782984] conn(0x7ffb2c039560 0x7ffb2c03ba20 unknown :-1 s=CLOSED pgs=12 cs=0 l=1 rev1=1 crypto rx=0 tx=0 comp rx=0 tx=0).stop
2024-04-26T21:25:16.813 INFO:teuthology.orchestra.run.smithi046.stdout:/usr/bin/ceph: stderr
2024-04-26T21:25:15.113+0000 7ffb4bdd0700 1 --2- 172.21.15.46:0/1172806233 >> [v2:172.21.15.46:3300/0,v1:172.21.15.46:6789/0] conn(0x7ffb44107690 0x7ffb4419eeb0 unknown :-1 s=CLOSED pgs=46 cs=0 l=1 rev1=1 crypto rx=0 tx=0 comp rx=0 tx=0).stop
2024-04-26T21:25:16.813 INFO:teuthology.orchestra.run.smithi046.stdout:/usr/bin/ceph: stderr
2024-04-26T21:25:15.113+0000 7ffb4bdd0700 1 -- 172.21.15.46:0/1172806233 >> 172.21.15.46:0/1172806233 conn(0x7ffb441031f0 msgr2=0x7ffb44195ab0 unknown :-1 s=STATE_NONE l=0).mark_down
2024-04-26T21:25:16.813 INFO:teuthology.orchestra.run.smithi046.stdout:/usr/bin/ceph: stderr
2024-04-26T21:25:15.113+0000 7ffb4bdd0700 1 -- 172.21.15.46:0/1172806233 shutdown_connections
2024-04-26T21:25:16.814 INFO:teuthology.orchestra.run.smithi046.stdout:/usr/bin/ceph: stderr
2024-04-26T21:25:15.113+0000 7ffb4bdd0700 1 -- 172.21.15.46:0/1172806233 wait complete.
2024-04-26T21:25:16.814 INFO:teuthology.orchestra.run.smithi046.stdout:Deploying unmanaged mgr service...
2024-04-26T21:25:17.803 INFO:journalctl@ceph.mon.a.smithi046.stdout:Apr 26 21:25:17 smithi046 ceph-mon[29201]: from='mgr.14118 172.21.15.46:0/1110106616' entity='mgr.x'
2024-04-26T21:25:17.804 INFO:journalctl@ceph.mon.a.smithi046.stdout:Apr 26 21:25:17 smithi046 ceph-mon[29201]: from='mgr.14118 172.21.15.46:0/1110106616' entity='mgr.x'
2024-04-26T21:25:18.737 INFO:journalctl@ceph.mon.a.smithi046.stdout:Apr 26 21:25:18 smithi046 ceph-mon[29201]: from='client.14142 -' entity='client.admin' cmd=[{"prefix": "orch apply", "service_type": "mgr", "unmanaged": true, "target": ["mon-mgr", ""]}]: dispatch
2024-04-26T21:25:18.738 INFO:journalctl@ceph.mon.a.smithi046.stdout:Apr 26 21:25:18 smithi046 ceph-mon[29201]: Saving service mgr spec with placement count:2
2024-04-26T21:25:18.738 INFO:journalctl@ceph.mon.a.smithi046.stdout:Apr 26 21:25:18 smithi046 ceph-mon[29201]: from='mgr.14118 172.21.15.46:0/1110106616' entity='mgr.x'
2024-04-26T21:25:18.745 INFO:teuthology.orchestra.run.smithi046.stdout:/usr/bin/ceph: stdout Scheduled mgr update...
2024-04-26T21:25:18.745 INFO:teuthology.orchestra.run.smithi046.stdout:/usr/bin/ceph: stderr
2024-04-26T21:25:17.266+0000 7feda8e6f700 1 Processor -- start
2024-04-26T21:25:18.745 INFO:teuthology.orchestra.run.smithi046.stdout:/usr/bin/ceph: stderr
2024-04-26T21:25:17.266+0000 7feda8e6f700 1 -- start start
2024-04-26T21:25:18.745 INFO:teuthology.orchestra.run.smithi046.stdout:/usr/bin/ceph: stderr
2024-04-26T21:25:17.266+0000 7feda8e6f700 1 --2- >> [v2:172.21.15.46:3300/0,v1:172.21.15.46:6789/0] conn(0x7feda4107610 0x7feda4107a30 unknown :-1 s=NONE pgs=0 cs=0 l=0 rev1=0 crypto rx=0 tx=0 comp rx=0 tx=0).connect
2024-04-26T21:25:18.745 INFO:teuthology.orchestra.run.smithi046.stdout:/usr/bin/ceph: stderr
2024-04-26T21:25:17.266+0000 7feda8e6f700 1 -- --> [v2:172.21.15.46:3300/0,v1:172.21.15.46:6789/0] -- mon_getmap magic: 0 -- 0x7feda407d6d0 con 0x7feda4107610
2024-04-26T21:25:18.746 INFO:teuthology.orchestra.run.smithi046.stdout:/usr/bin/ceph: stderr
2024-04-26T21:25:17.266+0000 7feda259c700 1 --2- >> [v2:172.21.15.46:3300/0,v1:172.21.15.46:6789/0] conn(0x7feda4107610 0x7feda4107a30 unknown :-1 s=BANNER_CONNECTING pgs=0 cs=0 l=0 rev1=0 crypto rx=0 tx=0 comp rx=0 tx=0)._handle_peer_banner_payload supported=3 required=0
2024-04-26T21:25:18.746 INFO:teuthology.orchestra.run.smithi046.stdout:/usr/bin/ceph: stderr
2024-04-26T21:25:17.266+0000 7feda259c700 1 --2- >> [v2:172.21.15.46:3300/0,v1:172.21.15.46:6789/0] conn(0x7feda4107610 0x7feda4107a30 unknown :-1 s=HELLO_CONNECTING pgs=0 cs=0 l=0 rev1=1 crypto rx=0 tx=0 comp rx=0 tx=0).handle_hello peer v2:172.21.15.46:3300/0 says I am v2:172.21.15.46:37404/0 (socket says 172.21.15.46:37404)
2024-04-26T21:25:18.746 INFO:teuthology.orchestra.run.smithi046.stdout:/usr/bin/ceph: stderr
2024-04-26T21:25:17.266+0000 7feda259c700 1 -- 172.21.15.46:0/401229870 learned_addr learned my addr 172.21.15.46:0/401229870 (peer_addr_for_me v2:172.21.15.46:0/0)
2024-04-26T21:25:18.746 INFO:teuthology.orchestra.run.smithi046.stdout:/usr/bin/ceph: stderr
2024-04-26T21:25:17.267+0000 7feda259c700 1 -- 172.21.15.46:0/401229870 --> [v2:172.21.15.46:3300/0,v1:172.21.15.46:6789/0] -- mon_subscribe({config=0+,monmap=0+}) -- 0x7feda4107f70 con 0x7feda4107610
2024-04-26T21:25:18.746 INFO:teuthology.orchestra.run.smithi046.stdout:/usr/bin/ceph: stderr
2024-04-26T21:25:17.267+0000 7feda259c700 1 --2- 172.21.15.46:0/401229870 >> [v2:172.21.15.46:3300/0,v1:172.21.15.46:6789/0] conn(0x7feda4107610 0x7feda4107a30 secure :-1 s=READY pgs=47 cs=0 l=1 rev1=1 crypto rx=0x7fed940098a0 tx=0x7fed94009bb0 comp rx=0 tx=0).ready entity=mon.0 client_cookie=1b0d6287ab4e498 server_cookie=0 in_seq=0 out_seq=0
2024-04-26T21:25:18.746 INFO:teuthology.orchestra.run.smithi046.stdout:/usr/bin/ceph: stderr
2024-04-26T21:25:17.267+0000 7feda159a700 1 -- 172.21.15.46:0/401229870 <== mon.0 v2:172.21.15.46:3300/0 1 ==== mon_map magic: 0 ==== 205+0+0 (secure 0 0 0) 0x7fed94004160 con 0x7feda4107610
2024-04-26T21:25:18.746 INFO:teuthology.orchestra.run.smithi046.stdout:/usr/bin/ceph: stderr
2024-04-26T21:25:17.267+0000 7feda159a700 1 -- 172.21.15.46:0/401229870 <== mon.0 v2:172.21.15.46:3300/0 2 ==== config(26 keys) ==== 1101+0+0 (secure 0 0 0) 0x7fed94004300 con 0x7feda4107610
2024-04-26T21:25:18.746 INFO:teuthology.orchestra.run.smithi046.stdout:/usr/bin/ceph: stderr
2024-04-26T21:25:17.267+0000 7feda159a700 1 -- 172.21.15.46:0/401229870 <== mon.0 v2:172.21.15.46:3300/0 3 ==== mon_map magic: 0 ==== 205+0+0 (secure 0 0 0) 0x7fed94011a20 con 0x7feda4107610
2024-04-26T21:25:18.746 INFO:teuthology.orchestra.run.smithi046.stdout:/usr/bin/ceph: stderr
2024-04-26T21:25:17.268+0000 7feda8e6f700 1 -- 172.21.15.46:0/401229870 >> [v2:172.21.15.46:3300/0,v1:172.21.15.46:6789/0] conn(0x7feda4107610 msgr2=0x7feda4107a30 secure :-1 s=STATE_CONNECTION_ESTABLISHED l=1).mark_down
2024-04-26T21:25:18.746 INFO:teuthology.orchestra.run.smithi046.stdout:/usr/bin/ceph: stderr
2024-04-26T21:25:17.268+0000 7feda8e6f700 1 --2- 172.21.15.46:0/401229870 >> [v2:172.21.15.46:3300/0,v1:172.21.15.46:6789/0] conn(0x7feda4107610 0x7feda4107a30 secure :-1 s=READY pgs=47 cs=0 l=1 rev1=1 crypto rx=0x7fed940098a0 tx=0x7fed94009bb0 comp rx=0 tx=0).stop
2024-04-26T21:25:18.746 INFO:teuthology.orchestra.run.smithi046.stdout:/usr/bin/ceph: stderr
2024-04-26T21:25:17.268+0000 7feda8e6f700 1 -- 172.21.15.46:0/401229870 shutdown_connections
2024-04-26T21:25:18.746 INFO:teuthology.orchestra.run.smithi046.stdout:/usr/bin/ceph: stderr
2024-04-26T21:25:17.268+0000 7feda8e6f700 1 --2- 172.21.15.46:0/401229870 >> [v2:172.21.15.46:3300/0,v1:172.21.15.46:6789/0] conn(0x7feda4107610 0x7feda4107a30 unknown :-1 s=CLOSED pgs=47 cs=0 l=1 rev1=1 crypto rx=0 tx=0 comp rx=0 tx=0).stop
2024-04-26T21:25:18.746 INFO:teuthology.orchestra.run.smithi046.stdout:/usr/bin/ceph: stderr
2024-04-26T21:25:17.268+0000 7feda8e6f700 1 -- 172.21.15.46:0/401229870 >> 172.21.15.46:0/401229870 conn(0x7feda41031f0 msgr2=0x7feda4105630 unknown :-1 s=STATE_NONE l=0).mark_down
2024-04-26T21:25:18.746 INFO:teuthology.orchestra.run.smithi046.stdout:/usr/bin/ceph: stderr
2024-04-26T21:25:17.268+0000 7feda8e6f700 1 -- 172.21.15.46:0/401229870 shutdown_connections
2024-04-26T21:25:18.747 INFO:teuthology.orchestra.run.smithi046.stdout:/usr/bin/ceph: stderr
2024-04-26T21:25:17.268+0000 7feda8e6f700 1 -- 172.21.15.46:0/401229870 wait complete.
2024-04-26T21:25:18.747 INFO:teuthology.orchestra.run.smithi046.stdout:/usr/bin/ceph: stderr
2024-04-26T21:25:17.269+0000 7feda8e6f700 1 Processor -- start
2024-04-26T21:25:18.747 INFO:teuthology.orchestra.run.smithi046.stdout:/usr/bin/ceph: stderr
2024-04-26T21:25:17.269+0000 7feda8e6f700 1 -- start start
2024-04-26T21:25:18.747 INFO:teuthology.orchestra.run.smithi046.stdout:/usr/bin/ceph: stderr
2024-04-26T21:25:17.269+0000 7feda8e6f700 1 --2- >> [v2:172.21.15.46:3300/0,v1:172.21.15.46:6789/0] conn(0x7feda4107610 0x7feda419ee40 unknown :-1 s=NONE pgs=0 cs=0 l=1 rev1=0 crypto rx=0 tx=0 comp rx=0 tx=0).connect
2024-04-26T21:25:18.747 INFO:teuthology.orchestra.run.smithi046.stdout:/usr/bin/ceph: stderr
2024-04-26T21:25:17.269+0000 7feda8e6f700 1 -- --> [v2:172.21.15.46:3300/0,v1:172.21.15.46:6789/0] -- mon_getmap magic: 0 -- 0x7feda4108fe0 con 0x7feda4107610
2024-04-26T21:25:18.747 INFO:teuthology.orchestra.run.smithi046.stdout:/usr/bin/ceph: stderr
2024-04-26T21:25:17.269+0000 7feda259c700 1 --2- >> [v2:172.21.15.46:3300/0,v1:172.21.15.46:6789/0] conn(0x7feda4107610 0x7feda419ee40 unknown :-1 s=BANNER_CONNECTING pgs=0 cs=0 l=1 rev1=0 crypto rx=0 tx=0 comp rx=0 tx=0)._handle_peer_banner_payload supported=3 required=0
2024-04-26T21:25:18.747 INFO:teuthology.orchestra.run.smithi046.stdout:/usr/bin/ceph: stderr
2024-04-26T21:25:17.269+0000 7feda259c700 1 --2- >> [v2:172.21.15.46:3300/0,v1:172.21.15.46:6789/0] conn(0x7feda4107610 0x7feda419ee40 unknown :-1 s=HELLO_CONNECTING pgs=0 cs=0 l=1 rev1=1 crypto rx=0 tx=0 comp rx=0 tx=0).handle_hello peer v2:172.21.15.46:3300/0 says I am v2:172.21.15.46:37414/0 (socket says 172.21.15.46:37414)
2024-04-26T21:25:18.747 INFO:teuthology.orchestra.run.smithi046.stdout:/usr/bin/ceph: stderr
2024-04-26T21:25:17.269+0000 7feda259c700 1 -- 172.21.15.46:0/2947962717 learned_addr learned my addr 172.21.15.46:0/2947962717 (peer_addr_for_me v2:172.21.15.46:0/0)
2024-04-26T21:25:18.747 INFO:teuthology.orchestra.run.smithi046.stdout:/usr/bin/ceph: stderr
2024-04-26T21:25:17.270+0000 7feda259c700 1 -- 172.21.15.46:0/2947962717 --> [v2:172.21.15.46:3300/0,v1:172.21.15.46:6789/0] -- mon_subscribe({config=0+,monmap=0+}) -- 0x7feda419f380 con 0x7feda4107610
2024-04-26T21:25:18.747 INFO:teuthology.orchestra.run.smithi046.stdout:/usr/bin/ceph: stderr
2024-04-26T21:25:17.270+0000 7feda259c700 1 --2- 172.21.15.46:0/2947962717 >> [v2:172.21.15.46:3300/0,v1:172.21.15.46:6789/0] conn(0x7feda4107610 0x7feda419ee40 secure :-1 s=READY pgs=48 cs=0 l=1 rev1=1 crypto rx=0x7fed94004660 tx=0x7fed94011aa0 comp rx=0 tx=0).ready entity=mon.0 client_cookie=0 server_cookie=0 in_seq=0 out_seq=0
2024-04-26T21:25:18.747 INFO:teuthology.orchestra.run.smithi046.stdout:/usr/bin/ceph: stderr
2024-04-26T21:25:17.270+0000 7fed937fe700 1 -- 172.21.15.46:0/2947962717 <== mon.0 v2:172.21.15.46:3300/0 1 ==== mon_map magic: 0 ==== 205+0+0 (secure 0 0 0) 0x7fed94003aa0 con 0x7feda4107610
2024-04-26T21:25:18.747 INFO:teuthology.orchestra.run.smithi046.stdout:/usr/bin/ceph: stderr
2024-04-26T21:25:17.270+0000 7feda8e6f700 1 -- 172.21.15.46:0/2947962717 --> [v2:172.21.15.46:3300/0,v1:172.21.15.46:6789/0] -- mon_subscribe({mgrmap=0+}) -- 0x7feda419f610 con 0x7feda4107610
2024-04-26T21:25:18.747 INFO:teuthology.orchestra.run.smithi046.stdout:/usr/bin/ceph: stderr
2024-04-26T21:25:17.270+0000 7fed937fe700 1 -- 172.21.15.46:0/2947962717 <== mon.0 v2:172.21.15.46:3300/0 2 ==== config(26 keys) ==== 1101+0+0 (secure 0 0 0) 0x7fed9401b8f0 con 0x7feda4107610
2024-04-26T21:25:18.747 INFO:teuthology.orchestra.run.smithi046.stdout:/usr/bin/ceph: stderr
2024-04-26T21:25:17.270+0000 7fed937fe700 1 -- 172.21.15.46:0/2947962717 <== mon.0 v2:172.21.15.46:3300/0 3 ==== mon_map magic: 0 ==== 205+0+0 (secure 0 0 0) 0x7fed94023900 con 0x7feda4107610
2024-04-26T21:25:18.748 INFO:teuthology.orchestra.run.smithi046.stdout:/usr/bin/ceph: stderr
2024-04-26T21:25:17.270+0000 7feda8e6f700 1 -- 172.21.15.46:0/2947962717 --> [v2:172.21.15.46:3300/0,v1:172.21.15.46:6789/0] -- mon_subscribe({osdmap=0}) -- 0x7feda41a2300 con 0x7feda4107610
2024-04-26T21:25:18.748 INFO:teuthology.orchestra.run.smithi046.stdout:/usr/bin/ceph: stderr
2024-04-26T21:25:17.271+0000 7fed937fe700 1 -- 172.21.15.46:0/2947962717 <== mon.0 v2:172.21.15.46:3300/0 4 ==== mgrmap(e 8) ==== 46558+0+0 (secure 0 0 0) 0x7fed94023b70 con 0x7feda4107610
2024-04-26T21:25:18.748 INFO:teuthology.orchestra.run.smithi046.stdout:/usr/bin/ceph: stderr
2024-04-26T21:25:17.271+0000 7fed937fe700 1 --2- 172.21.15.46:0/2947962717 >> [v2:172.21.15.46:6800/2053782984,v1:172.21.15.46:6801/2053782984] conn(0x7fed8c039600 0x7fed8c03bac0 unknown :-1 s=NONE pgs=0 cs=0 l=1 rev1=0 crypto rx=0 tx=0 comp rx=0 tx=0).connect
2024-04-26T21:25:18.748 INFO:teuthology.orchestra.run.smithi046.stdout:/usr/bin/ceph: stderr
2024-04-26T21:25:17.271+0000 7fed937fe700 1 -- 172.21.15.46:0/2947962717 <== mon.0 v2:172.21.15.46:3300/0 5 ==== osd_map(2..2 src has 1..2) ==== 940+0+0 (secure 0 0 0) 0x7fed9404df40 con 0x7feda4107610
2024-04-26T21:25:18.748 INFO:teuthology.orchestra.run.smithi046.stdout:/usr/bin/ceph: stderr
2024-04-26T21:25:17.271+0000 7feda1d9b700 1 --2- 172.21.15.46:0/2947962717 >> [v2:172.21.15.46:6800/2053782984,v1:172.21.15.46:6801/2053782984] conn(0x7fed8c039600 0x7fed8c03bac0 unknown :-1 s=BANNER_CONNECTING pgs=0 cs=0 l=1 rev1=0 crypto rx=0 tx=0 comp rx=0 tx=0)._handle_peer_banner_payload supported=3 required=0
2024-04-26T21:25:18.748 INFO:teuthology.orchestra.run.smithi046.stdout:/usr/bin/ceph: stderr
2024-04-26T21:25:17.271+0000 7feda8e6f700 1 -- 172.21.15.46:0/2947962717 --> [v2:172.21.15.46:3300/0,v1:172.21.15.46:6789/0] -- mon_command({"prefix": "get_command_descriptions"} v 0) -- 0x7feda4064a80 con 0x7feda4107610
2024-04-26T21:25:18.748 INFO:teuthology.orchestra.run.smithi046.stdout:/usr/bin/ceph: stderr
