2024-04-26T21:31:57.721+0000 7fa569e00700 1 -- 172.21.15.132:0/1348197595 learned_addr learned my addr 172.21.15.132:0/1348197595 (peer_addr_for_me v2:172.21.15.132:0/0)
2024-04-26T21:31:58.656 INFO:teuthology.orchestra.run.smithi132.stdout:/usr/bin/ceph: stderr
2024-04-26T21:31:57.721+0000 7fa569e00700 1 -- 172.21.15.132:0/1348197595 --> [v2:172.21.15.132:3300/0,v1:172.21.15.132:6789/0] -- mon_subscribe({config=0+,monmap=0+}) v3 -- 0x7fa56c1065a0 con 0x7fa56c105b10
2024-04-26T21:31:58.656 INFO:teuthology.orchestra.run.smithi132.stdout:/usr/bin/ceph: stderr
2024-04-26T21:31:57.722+0000 7fa569e00700 1 --2- 172.21.15.132:0/1348197595 >> [v2:172.21.15.132:3300/0,v1:172.21.15.132:6789/0] conn(0x7fa56c105b10 0x7fa56c105f20 secure :-1 s=READY pgs=53 cs=0 l=1 rev1=1 crypto rx=0x7fa55c0098a0 tx=0x7fa55c009bb0 comp rx=0 tx=0).ready entity=mon.0 client_cookie=95d291698f496a38 server_cookie=0 in_seq=0 out_seq=0
2024-04-26T21:31:58.656 INFO:teuthology.orchestra.run.smithi132.stdout:/usr/bin/ceph: stderr
2024-04-26T21:31:57.722+0000 7fa568a00700 1 -- 172.21.15.132:0/1348197595 <== mon.0 v2:172.21.15.132:3300/0 1 ==== mon_map magic: 0 v1 ==== 229+0+0 (secure 0 0 0) 0x7fa55c004180 con 0x7fa56c105b10
2024-04-26T21:31:58.656 INFO:teuthology.orchestra.run.smithi132.stdout:/usr/bin/ceph: stderr
2024-04-26T21:31:57.722+0000 7fa568a00700 1 -- 172.21.15.132:0/1348197595 <== mon.0 v2:172.21.15.132:3300/0 2 ==== config(27 keys) v1 ==== 1101+0+0 (secure 0 0 0) 0x7fa55c0042e0 con 0x7fa56c105b10
2024-04-26T21:31:58.656 INFO:teuthology.orchestra.run.smithi132.stdout:/usr/bin/ceph: stderr
2024-04-26T21:31:57.722+0000 7fa568a00700 1 -- 172.21.15.132:0/1348197595 <== mon.0 v2:172.21.15.132:3300/0 3 ==== mon_map magic: 0 v1 ==== 229+0+0 (secure 0 0 0) 0x7fa55c011af0 con 0x7fa56c105b10
2024-04-26T21:31:58.656 INFO:teuthology.orchestra.run.smithi132.stdout:/usr/bin/ceph: stderr
2024-04-26T21:31:57.723+0000 7fa571200700 1 -- 172.21.15.132:0/1348197595 >> [v2:172.21.15.132:3300/0,v1:172.21.15.132:6789/0] conn(0x7fa56c105b10 msgr2=0x7fa56c105f20 secure :-1 s=STATE_CONNECTION_ESTABLISHED l=1).mark_down
2024-04-26T21:31:58.656 INFO:teuthology.orchestra.run.smithi132.stdout:/usr/bin/ceph: stderr
2024-04-26T21:31:57.723+0000 7fa571200700 1 --2- 172.21.15.132:0/1348197595 >> [v2:172.21.15.132:3300/0,v1:172.21.15.132:6789/0] conn(0x7fa56c105b10 0x7fa56c105f20 secure :-1 s=READY pgs=53 cs=0 l=1 rev1=1 crypto rx=0x7fa55c0098a0 tx=0x7fa55c009bb0 comp rx=0 tx=0).stop
2024-04-26T21:31:58.656 INFO:teuthology.orchestra.run.smithi132.stdout:/usr/bin/ceph: stderr
2024-04-26T21:31:57.723+0000 7fa571200700 1 -- 172.21.15.132:0/1348197595 shutdown_connections
2024-04-26T21:31:58.656 INFO:teuthology.orchestra.run.smithi132.stdout:/usr/bin/ceph: stderr
2024-04-26T21:31:57.723+0000 7fa571200700 1 --2- 172.21.15.132:0/1348197595 >> [v2:172.21.15.132:3300/0,v1:172.21.15.132:6789/0] conn(0x7fa56c105b10 0x7fa56c105f20 unknown :-1 s=CLOSED pgs=53 cs=0 l=1 rev1=1 crypto rx=0 tx=0 comp rx=0 tx=0).stop
2024-04-26T21:31:58.656 INFO:teuthology.orchestra.run.smithi132.stdout:/usr/bin/ceph: stderr
2024-04-26T21:31:57.723+0000 7fa571200700 1 -- 172.21.15.132:0/1348197595 >> 172.21.15.132:0/1348197595 conn(0x7fa56c101180 msgr2=0x7fa56c103590 unknown :-1 s=STATE_NONE l=0).mark_down
2024-04-26T21:31:58.656 INFO:teuthology.orchestra.run.smithi132.stdout:/usr/bin/ceph: stderr
2024-04-26T21:31:57.723+0000 7fa571200700 1 -- 172.21.15.132:0/1348197595 shutdown_connections
2024-04-26T21:31:58.656 INFO:teuthology.orchestra.run.smithi132.stdout:/usr/bin/ceph: stderr
2024-04-26T21:31:57.723+0000 7fa571200700 1 -- 172.21.15.132:0/1348197595 wait complete.
2024-04-26T21:31:58.656 INFO:teuthology.orchestra.run.smithi132.stdout:/usr/bin/ceph: stderr
2024-04-26T21:31:57.724+0000 7fa571200700 1 Processor -- start
2024-04-26T21:31:58.657 INFO:teuthology.orchestra.run.smithi132.stdout:/usr/bin/ceph: stderr
2024-04-26T21:31:57.724+0000 7fa571200700 1 -- start start
2024-04-26T21:31:58.657 INFO:teuthology.orchestra.run.smithi132.stdout:/usr/bin/ceph: stderr
2024-04-26T21:31:57.725+0000 7fa571200700 1 --2- >> [v2:172.21.15.132:3300/0,v1:172.21.15.132:6789/0] conn(0x7fa56c105b10 0x7fa56c19ba50 unknown :-1 s=NONE pgs=0 cs=0 l=1 rev1=0 crypto rx=0 tx=0 comp rx=0 tx=0).connect
2024-04-26T21:31:58.657 INFO:teuthology.orchestra.run.smithi132.stdout:/usr/bin/ceph: stderr
2024-04-26T21:31:57.725+0000 7fa571200700 1 -- --> [v2:172.21.15.132:3300/0,v1:172.21.15.132:6789/0] -- mon_getmap magic: 0 v1 -- 0x7fa56c19bf90 con 0x7fa56c105b10
2024-04-26T21:31:58.657 INFO:teuthology.orchestra.run.smithi132.stdout:/usr/bin/ceph: stderr
2024-04-26T21:31:57.725+0000 7fa569e00700 1 --2- >> [v2:172.21.15.132:3300/0,v1:172.21.15.132:6789/0] conn(0x7fa56c105b10 0x7fa56c19ba50 unknown :-1 s=BANNER_CONNECTING pgs=0 cs=0 l=1 rev1=0 crypto rx=0 tx=0 comp rx=0 tx=0)._handle_peer_banner_payload supported=3 required=0
2024-04-26T21:31:58.657 INFO:teuthology.orchestra.run.smithi132.stdout:/usr/bin/ceph: stderr
2024-04-26T21:31:57.725+0000 7fa569e00700 1 --2- >> [v2:172.21.15.132:3300/0,v1:172.21.15.132:6789/0] conn(0x7fa56c105b10 0x7fa56c19ba50 unknown :-1 s=HELLO_CONNECTING pgs=0 cs=0 l=1 rev1=1 crypto rx=0 tx=0 comp rx=0 tx=0).handle_hello peer v2:172.21.15.132:3300/0 says I am v2:172.21.15.132:58328/0 (socket says 172.21.15.132:58328)
2024-04-26T21:31:58.657 INFO:teuthology.orchestra.run.smithi132.stdout:/usr/bin/ceph: stderr
2024-04-26T21:31:57.725+0000 7fa569e00700 1 -- 172.21.15.132:0/3953271244 learned_addr learned my addr 172.21.15.132:0/3953271244 (peer_addr_for_me v2:172.21.15.132:0/0)
2024-04-26T21:31:58.657 INFO:teuthology.orchestra.run.smithi132.stdout:/usr/bin/ceph: stderr
2024-04-26T21:31:57.726+0000 7fa569e00700 1 -- 172.21.15.132:0/3953271244 --> [v2:172.21.15.132:3300/0,v1:172.21.15.132:6789/0] -- mon_subscribe({config=0+,monmap=0+}) v3 -- 0x7fa55c009550 con 0x7fa56c105b10
2024-04-26T21:31:58.657 INFO:teuthology.orchestra.run.smithi132.stdout:/usr/bin/ceph: stderr
2024-04-26T21:31:57.726+0000 7fa569e00700 1 --2- 172.21.15.132:0/3953271244 >> [v2:172.21.15.132:3300/0,v1:172.21.15.132:6789/0] conn(0x7fa56c105b10 0x7fa56c19ba50 secure :-1 s=READY pgs=54 cs=0 l=1 rev1=1 crypto rx=0x7fa55c011ad0 tx=0x7fa55c011bb0 comp rx=0 tx=0).ready entity=mon.0 client_cookie=0 server_cookie=0 in_seq=0 out_seq=0
2024-04-26T21:31:58.657 INFO:teuthology.orchestra.run.smithi132.stdout:/usr/bin/ceph: stderr
2024-04-26T21:31:57.726+0000 7fa562a00700 1 -- 172.21.15.132:0/3953271244 <== mon.0 v2:172.21.15.132:3300/0 1 ==== mon_map magic: 0 v1 ==== 229+0+0 (secure 0 0 0) 0x7fa55c003ab0 con 0x7fa56c105b10
2024-04-26T21:31:58.657 INFO:teuthology.orchestra.run.smithi132.stdout:/usr/bin/ceph: stderr
2024-04-26T21:31:57.726+0000 7fa571200700 1 -- 172.21.15.132:0/3953271244 --> [v2:172.21.15.132:3300/0,v1:172.21.15.132:6789/0] -- mon_subscribe({mgrmap=0+}) v3 -- 0x7fa56c19c190 con 0x7fa56c105b10
2024-04-26T21:31:58.657 INFO:teuthology.orchestra.run.smithi132.stdout:/usr/bin/ceph: stderr
2024-04-26T21:31:57.727+0000 7fa562a00700 1 -- 172.21.15.132:0/3953271244 <== mon.0 v2:172.21.15.132:3300/0 2 ==== config(27 keys) v1 ==== 1101+0+0 (secure 0 0 0) 0x7fa55c003c10 con 0x7fa56c105b10
2024-04-26T21:31:58.657 INFO:teuthology.orchestra.run.smithi132.stdout:/usr/bin/ceph: stderr
2024-04-26T21:31:57.727+0000 7fa562a00700 1 -- 172.21.15.132:0/3953271244 <== mon.0 v2:172.21.15.132:3300/0 3 ==== mon_map magic: 0 v1 ==== 229+0+0 (secure 0 0 0) 0x7fa55c0198e0 con 0x7fa56c105b10
2024-04-26T21:31:58.657 INFO:teuthology.orchestra.run.smithi132.stdout:/usr/bin/ceph: stderr
2024-04-26T21:31:57.727+0000 7fa571200700 1 -- 172.21.15.132:0/3953271244 --> [v2:172.21.15.132:3300/0,v1:172.21.15.132:6789/0] -- mon_subscribe({osdmap=0}) v3 -- 0x7fa56c19c5b0 con 0x7fa56c105b10
2024-04-26T21:31:58.657 INFO:teuthology.orchestra.run.smithi132.stdout:/usr/bin/ceph: stderr
2024-04-26T21:31:57.728+0000 7fa571200700 1 -- 172.21.15.132:0/3953271244 --> [v2:172.21.15.132:3300/0,v1:172.21.15.132:6789/0] -- mon_command({"prefix": "get_command_descriptions"} v 0) v1 -- 0x7fa56c1958b0 con 0x7fa56c105b10
2024-04-26T21:31:58.658 INFO:teuthology.orchestra.run.smithi132.stdout:/usr/bin/ceph: stderr
2024-04-26T21:31:57.728+0000 7fa562a00700 1 -- 172.21.15.132:0/3953271244 <== mon.0 v2:172.21.15.132:3300/0 4 ==== mgrmap(e 8) v1 ==== 45084+0+0 (secure 0 0 0) 0x7fa55c019b50 con 0x7fa56c105b10
2024-04-26T21:31:58.658 INFO:teuthology.orchestra.run.smithi132.stdout:/usr/bin/ceph: stderr
2024-04-26T21:31:57.728+0000 7fa562a00700 1 --2- 172.21.15.132:0/3953271244 >> [v2:172.21.15.132:6800/2462982713,v1:172.21.15.132:6801/2462982713] conn(0x7fa550038440 0x7fa55003a8f0 unknown :-1 s=NONE pgs=0 cs=0 l=1 rev1=0 crypto rx=0 tx=0 comp rx=0 tx=0).connect
2024-04-26T21:31:58.658 INFO:teuthology.orchestra.run.smithi132.stdout:/usr/bin/ceph: stderr
2024-04-26T21:31:57.729+0000 7fa562a00700 1 -- 172.21.15.132:0/3953271244 <== mon.0 v2:172.21.15.132:3300/0 5 ==== osd_map(2..2 src has 1..2) v4 ==== 940+0+0 (secure 0 0 0) 0x7fa55c04c120 con 0x7fa56c105b10
2024-04-26T21:31:58.658 INFO:teuthology.orchestra.run.smithi132.stdout:/usr/bin/ceph: stderr
2024-04-26T21:31:57.729+0000 7fa569400700 1 --2- 172.21.15.132:0/3953271244 >> [v2:172.21.15.132:6800/2462982713,v1:172.21.15.132:6801/2462982713] conn(0x7fa550038440 0x7fa55003a8f0 unknown :-1 s=BANNER_CONNECTING pgs=0 cs=0 l=1 rev1=0 crypto rx=0 tx=0 comp rx=0 tx=0)._handle_peer_banner_payload supported=3 required=0
2024-04-26T21:31:58.658 INFO:teuthology.orchestra.run.smithi132.stdout:/usr/bin/ceph: stderr
2024-04-26T21:31:57.730+0000 7fa569400700 1 --2- 172.21.15.132:0/3953271244 >> [v2:172.21.15.132:6800/2462982713,v1:172.21.15.132:6801/2462982713] conn(0x7fa550038440 0x7fa55003a8f0 secure :-1 s=READY pgs=15 cs=0 l=1 rev1=1 crypto rx=0x7fa558006fd0 tx=0x7fa558006e40 comp rx=0 tx=0).ready entity=mgr.14120 client_cookie=0 server_cookie=0 in_seq=0 out_seq=0
2024-04-26T21:31:58.658 INFO:teuthology.orchestra.run.smithi132.stdout:/usr/bin/ceph: stderr
2024-04-26T21:31:57.735+0000 7fa562a00700 1 -- 172.21.15.132:0/3953271244 <== mon.0 v2:172.21.15.132:3300/0 6 ==== mon_command_ack([{"prefix": "get_command_descriptions"}]=0 v0) v1 ==== 72+0+177933 (secure 0 0 0) 0x7fa55c01a430 con 0x7fa56c105b10
2024-04-26T21:31:58.658 INFO:teuthology.orchestra.run.smithi132.stdout:/usr/bin/ceph: stderr
2024-04-26T21:31:57.966+0000 7fa571200700 1 -- 172.21.15.132:0/3953271244 --> [v2:172.21.15.132:6800/2462982713,v1:172.21.15.132:6801/2462982713] -- mgr_command(tid 0: {"prefix": "orch apply", "service_type": "ceph-exporter", "target": ["mon-mgr", ""]}) v1 -- 0x7fa56c061190 con 0x7fa550038440
2024-04-26T21:31:58.658 INFO:teuthology.orchestra.run.smithi132.stdout:/usr/bin/ceph: stderr
2024-04-26T21:31:57.974+0000 7fa562a00700 1 -- 172.21.15.132:0/3953271244 <== mgr.14120 v2:172.21.15.132:6800/2462982713 1 ==== mgr_command_reply(tid 0: 0 ) v1 ==== 8+0+34 (secure 0 0 0) 0x7fa56c061190 con 0x7fa550038440
2024-04-26T21:31:58.658 INFO:teuthology.orchestra.run.smithi132.stdout:/usr/bin/ceph: stderr
2024-04-26T21:31:57.978+0000 7fa571200700 1 -- 172.21.15.132:0/3953271244 >> [v2:172.21.15.132:6800/2462982713,v1:172.21.15.132:6801/2462982713] conn(0x7fa550038440 msgr2=0x7fa55003a8f0 secure :-1 s=STATE_CONNECTION_ESTABLISHED l=1).mark_down
2024-04-26T21:31:58.658 INFO:teuthology.orchestra.run.smithi132.stdout:/usr/bin/ceph: stderr
2024-04-26T21:31:57.978+0000 7fa571200700 1 --2- 172.21.15.132:0/3953271244 >> [v2:172.21.15.132:6800/2462982713,v1:172.21.15.132:6801/2462982713] conn(0x7fa550038440 0x7fa55003a8f0 secure :-1 s=READY pgs=15 cs=0 l=1 rev1=1 crypto rx=0x7fa558006fd0 tx=0x7fa558006e40 comp rx=0 tx=0).stop
2024-04-26T21:31:58.658 INFO:teuthology.orchestra.run.smithi132.stdout:/usr/bin/ceph: stderr
2024-04-26T21:31:57.978+0000 7fa571200700 1 -- 172.21.15.132:0/3953271244 >> [v2:172.21.15.132:3300/0,v1:172.21.15.132:6789/0] conn(0x7fa56c105b10 msgr2=0x7fa56c19ba50 secure :-1 s=STATE_CONNECTION_ESTABLISHED l=1).mark_down
2024-04-26T21:31:58.658 INFO:teuthology.orchestra.run.smithi132.stdout:/usr/bin/ceph: stderr
2024-04-26T21:31:57.978+0000 7fa571200700 1 --2- 172.21.15.132:0/3953271244 >> [v2:172.21.15.132:3300/0,v1:172.21.15.132:6789/0] conn(0x7fa56c105b10 0x7fa56c19ba50 secure :-1 s=READY pgs=54 cs=0 l=1 rev1=1 crypto rx=0x7fa55c011ad0 tx=0x7fa55c011bb0 comp rx=0 tx=0).stop
2024-04-26T21:31:58.658 INFO:teuthology.orchestra.run.smithi132.stdout:/usr/bin/ceph: stderr
2024-04-26T21:31:57.978+0000 7fa571200700 1 -- 172.21.15.132:0/3953271244 shutdown_connections
2024-04-26T21:31:58.658 INFO:teuthology.orchestra.run.smithi132.stdout:/usr/bin/ceph: stderr
2024-04-26T21:31:57.978+0000 7fa571200700 1 --2- 172.21.15.132:0/3953271244 >> [v2:172.21.15.132:6800/2462982713,v1:172.21.15.132:6801/2462982713] conn(0x7fa550038440 0x7fa55003a8f0 unknown :-1 s=CLOSED pgs=15 cs=0 l=1 rev1=1 crypto rx=0 tx=0 comp rx=0 tx=0).stop
2024-04-26T21:31:58.659 INFO:teuthology.orchestra.run.smithi132.stdout:/usr/bin/ceph: stderr
2024-04-26T21:31:57.978+0000 7fa571200700 1 --2- 172.21.15.132:0/3953271244 >> [v2:172.21.15.132:3300/0,v1:172.21.15.132:6789/0] conn(0x7fa56c105b10 0x7fa56c19ba50 unknown :-1 s=CLOSED pgs=54 cs=0 l=1 rev1=1 crypto rx=0 tx=0 comp rx=0 tx=0).stop
2024-04-26T21:31:58.659 INFO:teuthology.orchestra.run.smithi132.stdout:/usr/bin/ceph: stderr
2024-04-26T21:31:57.978+0000 7fa571200700 1 -- 172.21.15.132:0/3953271244 >> 172.21.15.132:0/3953271244 conn(0x7fa56c101180 msgr2=0x7fa56c1094c0 unknown :-1 s=STATE_NONE l=0).mark_down
2024-04-26T21:31:58.659 INFO:teuthology.orchestra.run.smithi132.stdout:/usr/bin/ceph: stderr
2024-04-26T21:31:57.979+0000 7fa571200700 1 -- 172.21.15.132:0/3953271244 shutdown_connections
2024-04-26T21:31:58.659 INFO:teuthology.orchestra.run.smithi132.stdout:/usr/bin/ceph: stderr
2024-04-26T21:31:57.979+0000 7fa571200700 1 -- 172.21.15.132:0/3953271244 wait complete.
2024-04-26T21:31:58.659 INFO:teuthology.orchestra.run.smithi132.stdout:Deploying prometheus service with default placement...
2024-04-26T21:31:59.271 INFO:journalctl@ceph.mon.smithi132.smithi132.stdout:Apr 26 21:31:59 smithi132 ceph-mon[25488]: pgmap v3: 0 pgs: ; 0 B data, 0 B used, 0 B / 0 B avail
2024-04-26T21:31:59.271 INFO:journalctl@ceph.mon.smithi132.smithi132.stdout:Apr 26 21:31:59 smithi132 ceph-mon[25488]: from='client.14148 -' entity='client.admin' cmd=[{"prefix": "orch apply", "service_type": "ceph-exporter", "target": ["mon-mgr", ""]}]: dispatch
2024-04-26T21:31:59.271 INFO:journalctl@ceph.mon.smithi132.smithi132.stdout:Apr 26 21:31:59 smithi132 ceph-mon[25488]: Saving service ceph-exporter spec with placement *
2024-04-26T21:31:59.272 INFO:journalctl@ceph.mon.smithi132.smithi132.stdout:Apr 26 21:31:59 smithi132 ceph-mon[25488]: from='mgr.14120 172.21.15.132:0/3085475937' entity='mgr.smithi132.rpcjaw'
2024-04-26T21:32:00.492 INFO:teuthology.orchestra.run.smithi132.stdout:/usr/bin/ceph: stdout Scheduled prometheus update...
2024-04-26T21:32:00.492 INFO:teuthology.orchestra.run.smithi132.stdout:/usr/bin/ceph: stderr
2024-04-26T21:31:59.342+0000 7f1c94000700 1 Processor -- start
2024-04-26T21:32:00.492 INFO:teuthology.orchestra.run.smithi132.stdout:/usr/bin/ceph: stderr
2024-04-26T21:31:59.342+0000 7f1c94000700 1 -- start start
2024-04-26T21:32:00.492 INFO:teuthology.orchestra.run.smithi132.stdout:/usr/bin/ceph: stderr
2024-04-26T21:31:59.343+0000 7f1c94000700 1 --2- >> [v2:172.21.15.132:3300/0,v1:172.21.15.132:6789/0] conn(0x7f1c8c07aca0 0x7f1c8c0791a0 unknown :-1 s=NONE pgs=0 cs=0 l=0 rev1=0 crypto rx=0 tx=0 comp rx=0 tx=0).connect
2024-04-26T21:32:00.492 INFO:teuthology.orchestra.run.smithi132.stdout:/usr/bin/ceph: stderr
2024-04-26T21:31:59.343+0000 7f1c94000700 1 -- --> [v2:172.21.15.132:3300/0,v1:172.21.15.132:6789/0] -- mon_getmap magic: 0 v1 -- 0x7f1c8c0796e0 con 0x7f1c8c07aca0
2024-04-26T21:32:00.492 INFO:teuthology.orchestra.run.smithi132.stdout:/usr/bin/ceph: stderr
2024-04-26T21:31:59.343+0000 7f1c91600700 1 --2- >> [v2:172.21.15.132:3300/0,v1:172.21.15.132:6789/0] conn(0x7f1c8c07aca0 0x7f1c8c0791a0 unknown :-1 s=BANNER_CONNECTING pgs=0 cs=0 l=0 rev1=0 crypto rx=0 tx=0 comp rx=0 tx=0)._handle_peer_banner_payload supported=3 required=0
2024-04-26T21:32:00.492 INFO:teuthology.orchestra.run.smithi132.stdout:/usr/bin/ceph: stderr
2024-04-26T21:31:59.343+0000 7f1c91600700 1 --2- >> [v2:172.21.15.132:3300/0,v1:172.21.15.132:6789/0] conn(0x7f1c8c07aca0 0x7f1c8c0791a0 unknown :-1 s=HELLO_CONNECTING pgs=0 cs=0 l=0 rev1=1 crypto rx=0 tx=0 comp rx=0 tx=0).handle_hello peer v2:172.21.15.132:3300/0 says I am v2:172.21.15.132:58332/0 (socket says 172.21.15.132:58332)
2024-04-26T21:32:00.492 INFO:teuthology.orchestra.run.smithi132.stdout:/usr/bin/ceph: stderr
2024-04-26T21:31:59.343+0000 7f1c91600700 1 -- 172.21.15.132:0/4049287687 learned_addr learned my addr 172.21.15.132:0/4049287687 (peer_addr_for_me v2:172.21.15.132:0/0)
2024-04-26T21:32:00.492 INFO:teuthology.orchestra.run.smithi132.stdout:/usr/bin/ceph: stderr
2024-04-26T21:31:59.344+0000 7f1c91600700 1 -- 172.21.15.132:0/4049287687 --> [v2:172.21.15.132:3300/0,v1:172.21.15.132:6789/0] -- mon_subscribe({config=0+,monmap=0+}) v3 -- 0x7f1c8c079820 con 0x7f1c8c07aca0
2024-04-26T21:32:00.492 INFO:teuthology.orchestra.run.smithi132.stdout:/usr/bin/ceph: stderr
2024-04-26T21:31:59.344+0000 7f1c91600700 1 --2- 172.21.15.132:0/4049287687 >> [v2:172.21.15.132:3300/0,v1:172.21.15.132:6789/0] conn(0x7f1c8c07aca0 0x7f1c8c0791a0 secure :-1 s=READY pgs=55 cs=0 l=1 rev1=1 crypto rx=0x7f1c800098a0 tx=0x7f1c80009bb0 comp rx=0 tx=0).ready entity=mon.0 client_cookie=a0e086f865fa9de5 server_cookie=0 in_seq=0 out_seq=0
2024-04-26T21:32:00.492 INFO:teuthology.orchestra.run.smithi132.stdout:/usr/bin/ceph: stderr
2024-04-26T21:31:59.344+0000 7f1c8be00700 1 -- 172.21.15.132:0/4049287687 <== mon.0 v2:172.21.15.132:3300/0 1 ==== mon_map magic: 0 v1 ==== 229+0+0 (secure 0 0 0) 0x7f1c80004180 con 0x7f1c8c07aca0
2024-04-26T21:32:00.493 INFO:teuthology.orchestra.run.smithi132.stdout:/usr/bin/ceph: stderr
2024-04-26T21:31:59.344+0000 7f1c8be00700 1 -- 172.21.15.132:0/4049287687 <== mon.0 v2:172.21.15.132:3300/0 2 ==== config(27 keys) v1 ==== 1101+0+0 (secure 0 0 0) 0x7f1c800042e0 con 0x7f1c8c07aca0
2024-04-26T21:32:00.493 INFO:teuthology.orchestra.run.smithi132.stdout:/usr/bin/ceph: stderr
2024-04-26T21:31:59.344+0000 7f1c8be00700 1 -- 172.21.15.132:0/4049287687 <== mon.0 v2:172.21.15.132:3300/0 3 ==== mon_map magic: 0 v1 ==== 229+0+0 (secure 0 0 0) 0x7f1c80011af0 con 0x7f1c8c07aca0
2024-04-26T21:32:00.493 INFO:teuthology.orchestra.run.smithi132.stdout:/usr/bin/ceph: stderr
2024-04-26T21:31:59.345+0000 7f1c94000700 1 -- 172.21.15.132:0/4049287687 >> [v2:172.21.15.132:3300/0,v1:172.21.15.132:6789/0] conn(0x7f1c8c07aca0 msgr2=0x7f1c8c0791a0 secure :-1 s=STATE_CONNECTION_ESTABLISHED l=1).mark_down
2024-04-26T21:32:00.493 INFO:teuthology.orchestra.run.smithi132.stdout:/usr/bin/ceph: stderr
2024-04-26T21:31:59.345+0000 7f1c94000700 1 --2- 172.21.15.132:0/4049287687 >> [v2:172.21.15.132:3300/0,v1:172.21.15.132:6789/0] conn(0x7f1c8c07aca0 0x7f1c8c0791a0 secure :-1 s=READY pgs=55 cs=0 l=1 rev1=1 crypto rx=0x7f1c800098a0 tx=0x7f1c80009bb0 comp rx=0 tx=0).stop
2024-04-26T21:32:00.493 INFO:teuthology.orchestra.run.smithi132.stdout:/usr/bin/ceph: stderr
2024-04-26T21:31:59.345+0000 7f1c94000700 1 -- 172.21.15.132:0/4049287687 shutdown_connections
2024-04-26T21:32:00.493 INFO:teuthology.orchestra.run.smithi132.stdout:/usr/bin/ceph: stderr
2024-04-26T21:31:59.345+0000 7f1c94000700 1 --2- 172.21.15.132:0/4049287687 >> [v2:172.21.15.132:3300/0,v1:172.21.15.132:6789/0] conn(0x7f1c8c07aca0 0x7f1c8c0791a0 unknown :-1 s=CLOSED pgs=55 cs=0 l=1 rev1=1 crypto rx=0 tx=0 comp rx=0 tx=0).stop
2024-04-26T21:32:00.493 INFO:teuthology.orchestra.run.smithi132.stdout:/usr/bin/ceph: stderr
2024-04-26T21:31:59.345+0000 7f1c94000700 1 -- 172.21.15.132:0/4049287687 >> 172.21.15.132:0/4049287687 conn(0x7f1c8c101160 msgr2=0x7f1c8c103590 unknown :-1 s=STATE_NONE l=0).mark_down
2024-04-26T21:32:00.493 INFO:teuthology.orchestra.run.smithi132.stdout:/usr/bin/ceph: stderr
2024-04-26T21:31:59.345+0000 7f1c94000700 1 -- 172.21.15.132:0/4049287687 shutdown_connections
2024-04-26T21:32:00.493 INFO:teuthology.orchestra.run.smithi132.stdout:/usr/bin/ceph: stderr
2024-04-26T21:31:59.346+0000 7f1c94000700 1 -- 172.21.15.132:0/4049287687 wait complete.
2024-04-26T21:32:00.493 INFO:teuthology.orchestra.run.smithi132.stdout:/usr/bin/ceph: stderr
2024-04-26T21:31:59.346+0000 7f1c94000700 1 Processor -- start
2024-04-26T21:32:00.493 INFO:teuthology.orchestra.run.smithi132.stdout:/usr/bin/ceph: stderr
2024-04-26T21:31:59.347+0000 7f1c94000700 1 -- start start
2024-04-26T21:32:00.493 INFO:teuthology.orchestra.run.smithi132.stdout:/usr/bin/ceph: stderr
2024-04-26T21:31:59.347+0000 7f1c94000700 1 --2- >> [v2:172.21.15.132:3300/0,v1:172.21.15.132:6789/0] conn(0x7f1c8c07aca0 0x7f1c8c19bac0 unknown :-1 s=NONE pgs=0 cs=0 l=1 rev1=0 crypto rx=0 tx=0 comp rx=0 tx=0).connect
2024-04-26T21:32:00.493 INFO:teuthology.orchestra.run.smithi132.stdout:/usr/bin/ceph: stderr
2024-04-26T21:31:59.347+0000 7f1c94000700 1 -- --> [v2:172.21.15.132:3300/0,v1:172.21.15.132:6789/0] -- mon_getmap magic: 0 v1 -- 0x7f1c8c19c000 con 0x7f1c8c07aca0
2024-04-26T21:32:00.493 INFO:teuthology.orchestra.run.smithi132.stdout:/usr/bin/ceph: stderr
2024-04-26T21:31:59.347+0000 7f1c91600700 1 --2- >> [v2:172.21.15.132:3300/0,v1:172.21.15.132:6789/0] conn(0x7f1c8c07aca0 0x7f1c8c19bac0 unknown :-1 s=BANNER_CONNECTING pgs=0 cs=0 l=1 rev1=0 crypto rx=0 tx=0 comp rx=0 tx=0)._handle_peer_banner_payload supported=3 required=0
2024-04-26T21:32:00.493 INFO:teuthology.orchestra.run.smithi132.stdout:/usr/bin/ceph: stderr
2024-04-26T21:31:59.347+0000 7f1c91600700 1 --2- >> [v2:172.21.15.132:3300/0,v1:172.21.15.132:6789/0] conn(0x7f1c8c07aca0 0x7f1c8c19bac0 unknown :-1 s=HELLO_CONNECTING pgs=0 cs=0 l=1 rev1=1 crypto rx=0 tx=0 comp rx=0 tx=0).handle_hello peer v2:172.21.15.132:3300/0 says I am v2:172.21.15.132:58334/0 (socket says 172.21.15.132:58334)
2024-04-26T21:32:00.494 INFO:teuthology.orchestra.run.smithi132.stdout:/usr/bin/ceph: stderr
2024-04-26T21:31:59.347+0000 7f1c91600700 1 -- 172.21.15.132:0/2424938307 learned_addr learned my addr 172.21.15.132:0/2424938307 (peer_addr_for_me v2:172.21.15.132:0/0)
2024-04-26T21:32:00.494 INFO:teuthology.orchestra.run.smithi132.stdout:/usr/bin/ceph: stderr
2024-04-26T21:31:59.348+0000 7f1c91600700 1 -- 172.21.15.132:0/2424938307 --> [v2:172.21.15.132:3300/0,v1:172.21.15.132:6789/0] -- mon_subscribe({config=0+,monmap=0+}) v3 -- 0x7f1c80009550 con 0x7f1c8c07aca0
2024-04-26T21:32:00.494 INFO:teuthology.orchestra.run.smithi132.stdout:/usr/bin/ceph: stderr
2024-04-26T21:31:59.348+0000 7f1c91600700 1 --2- 172.21.15.132:0/2424938307 >> [v2:172.21.15.132:3300/0,v1:172.21.15.132:6789/0] conn(0x7f1c8c07aca0 0x7f1c8c19bac0 secure :-1 s=READY pgs=56 cs=0 l=1 rev1=1 crypto rx=0x7f1c80000c00 tx=0x7f1c80011b50 comp rx=0 tx=0).ready entity=mon.0 client_cookie=0 server_cookie=0 in_seq=0 out_seq=0
2024-04-26T21:32:00.494 INFO:teuthology.orchestra.run.smithi132.stdout:/usr/bin/ceph: stderr
2024-04-26T21:31:59.348+0000 7f1c8a000700 1 -- 172.21.15.132:0/2424938307 <== mon.0 v2:172.21.15.132:3300/0 1 ==== mon_map magic: 0 v1 ==== 229+0+0 (secure 0 0 0) 0x7f1c80003a70 con 0x7f1c8c07aca0
2024-04-26T21:32:00.494 INFO:teuthology.orchestra.run.smithi132.stdout:/usr/bin/ceph: stderr
2024-04-26T21:31:59.348+0000 7f1c8a000700 1 -- 172.21.15.132:0/2424938307 <== mon.0 v2:172.21.15.132:3300/0 2 ==== config(27 keys) v1 ==== 1101+0+0 (secure 0 0 0) 0x7f1c80003bd0 con 0x7f1c8c07aca0
2024-04-26T21:32:00.494 INFO:teuthology.orchestra.run.smithi132.stdout:/usr/bin/ceph: stderr
2024-04-26T21:31:59.348+0000 7f1c94000700 1 -- 172.21.15.132:0/2424938307 --> [v2:172.21.15.132:3300/0,v1:172.21.15.132:6789/0] -- mon_subscribe({mgrmap=0+}) v3 -- 0x7f1c8c19c200 con 0x7f1c8c07aca0
2024-04-26T21:32:00.494 INFO:teuthology.orchestra.run.smithi132.stdout:/usr/bin/ceph: stderr
2024-04-26T21:31:59.348+0000 7f1c8a000700 1 -- 172.21.15.132:0/2424938307 <== mon.0 v2:172.21.15.132:3300/0 3 ==== mon_map magic: 0 v1 ==== 229+0+0 (secure 0 0 0) 0x7f1c800238c0 con 0x7f1c8c07aca0
2024-04-26T21:32:00.494 INFO:teuthology.orchestra.run.smithi132.stdout:/usr/bin/ceph: stderr
2024-04-26T21:31:59.348+0000 7f1c94000700 1 -- 172.21.15.132:0/2424938307 --> [v2:172.21.15.132:3300/0,v1:172.21.15.132:6789/0] -- mon_subscribe({osdmap=0}) v3 -- 0x7f1c8c19c620 con 0x7f1c8c07aca0
2024-04-26T21:32:00.494 INFO:teuthology.orchestra.run.smithi132.stdout:/usr/bin/ceph: stderr
2024-04-26T21:31:59.349+0000 7f1c94000700 1 -- 172.21.15.132:0/2424938307 --> [v2:172.21.15.132:3300/0,v1:172.21.15.132:6789/0] -- mon_command({"prefix": "get_command_descriptions"} v 0) v1 -- 0x7f1c8c10be20 con 0x7f1c8c07aca0
2024-04-26T21:32:00.494 INFO:teuthology.orchestra.run.smithi132.stdout:/usr/bin/ceph: stderr
2024-04-26T21:31:59.350+0000 7f1c8a000700 1 -- 172.21.15.132:0/2424938307 <== mon.0 v2:172.21.15.132:3300/0 4 ==== mgrmap(e 8) v1 ==== 45084+0+0 (secure 0 0 0) 0x7f1c80023b30 con 0x7f1c8c07aca0
2024-04-26T21:32:00.494 INFO:teuthology.orchestra.run.smithi132.stdout:/usr/bin/ceph: stderr
2024-04-26T21:31:59.350+0000 7f1c8a000700 1 --2- 172.21.15.132:0/2424938307 >> [v2:172.21.15.132:6800/2462982713,v1:172.21.15.132:6801/2462982713] conn(0x7f1c74038440 0x7f1c7403a8f0 unknown :-1 s=NONE pgs=0 cs=0 l=1 rev1=0 crypto rx=0 tx=0 comp rx=0 tx=0).connect
2024-04-26T21:32:00.494 INFO:teuthology.orchestra.run.smithi132.stdout:/usr/bin/ceph: stderr
2024-04-26T21:31:59.350+0000 7f1c8a000700 1 -- 172.21.15.132:0/2424938307 <== mon.0 v2:172.21.15.132:3300/0 5 ==== osd_map(2..2 src has 1..2) v4 ==== 940+0+0 (secure 0 0 0) 0x7f1c8004c2a0 con 0x7f1c8c07aca0
2024-04-26T21:32:00.494 INFO:teuthology.orchestra.run.smithi132.stdout:/usr/bin/ceph: stderr
2024-04-26T21:31:59.350+0000 7f1c90c00700 1 --2- 172.21.15.132:0/2424938307 >> [v2:172.21.15.132:6800/2462982713,v1:172.21.15.132:6801/2462982713] conn(0x7f1c74038440 0x7f1c7403a8f0 unknown :-1 s=BANNER_CONNECTING pgs=0 cs=0 l=1 rev1=0 crypto rx=0 tx=0 comp rx=0 tx=0)._handle_peer_banner_payload supported=3 required=0
2024-04-26T21:32:00.494 INFO:teuthology.orchestra.run.smithi132.stdout:/usr/bin/ceph: stderr
2024-04-26T21:31:59.351+0000 7f1c90c00700 1 --2- 172.21.15.132:0/2424938307 >> [v2:172.21.15.132:6800/2462982713,v1:172.21.15.132:6801/2462982713] conn(0x7f1c74038440 0x7f1c7403a8f0 secure :-1 s=READY pgs=16 cs=0 l=1 rev1=1 crypto rx=0x7f1c78006fd0 tx=0x7f1c78006e40 comp rx=0 tx=0).ready entity=mgr.14120 client_cookie=0 server_cookie=0 in_seq=0 out_seq=0
2024-04-26T21:32:00.494 INFO:teuthology.orchestra.run.smithi132.stdout:/usr/bin/ceph: stderr
2024-04-26T21:31:59.355+0000 7f1c8a000700 1 -- 172.21.15.132:0/2424938307 <== mon.0 v2:172.21.15.132:3300/0 6 ==== mon_command_ack([{"prefix": "get_command_descriptions"}]=0 v0) v1 ==== 72+0+177933 (secure 0 0 0) 0x7f1c80010c20 con 0x7f1c8c07aca0
2024-04-26T21:32:00.495 INFO:teuthology.orchestra.run.smithi132.stdout:/usr/bin/ceph: stderr
2024-04-26T21:31:59.594+0000 7f1c94000700 1 -- 172.21.15.132:0/2424938307 --> [v2:172.21.15.132:6800/2462982713,v1:172.21.15.132:6801/2462982713] -- mgr_command(tid 0: {"prefix": "orch apply", "service_type": "prometheus", "target": ["mon-mgr", ""]}) v1 -- 0x7f1c8c19f480 con 0x7f1c74038440
2024-04-26T21:32:00.495 INFO:teuthology.orchestra.run.smithi132.stdout:/usr/bin/ceph: stderr
2024-04-26T21:31:59.601+0000 7f1c8a000700 1 -- 172.21.15.132:0/2424938307 <== mgr.14120 v2:172.21.15.132:6800/2462982713 1 ==== mgr_command_reply(tid 0: 0 ) v1 ==== 8+0+31 (secure 0 0 0) 0x7f1c8c19f480 con 0x7f1c74038440
2024-04-26T21:32:00.495 INFO:teuthology.orchestra.run.smithi132.stdout:/usr/bin/ceph: stderr
2024-04-26T21:31:59.604+0000 7f1c94000700 1 -- 172.21.15.132:0/2424938307 >> [v2:172.21.15.132:6800/2462982713,v1:172.21.15.132:6801/2462982713] conn(0x7f1c74038440 msgr2=0x7f1c7403a8f0 secure :-1 s=STATE_CONNECTION_ESTABLISHED l=1).mark_down
2024-04-26T21:32:00.495 INFO:teuthology.orchestra.run.smithi132.stdout:/usr/bin/ceph: stderr
2024-04-26T21:31:59.604+0000 7f1c94000700 1 --2- 172.21.15.132:0/2424938307 >> [v2:172.21.15.132:6800/2462982713,v1:172.21.15.132:6801/2462982713] conn(0x7f1c74038440 0x7f1c7403a8f0 secure :-1 s=READY pgs=16 cs=0 l=1 rev1=1 crypto rx=0x7f1c78006fd0 tx=0x7f1c78006e40 comp rx=0 tx=0).stop
2024-04-26T21:32:00.495 INFO:teuthology.orchestra.run.smithi132.stdout:/usr/bin/ceph: stderr
2024-04-26T21:31:59.604+0000 7f1c94000700 1 -- 172.21.15.132:0/2424938307 >> [v2:172.21.15.132:3300/0,v1:172.21.15.132:6789/0] conn(0x7f1c8c07aca0 msgr2=0x7f1c8c19bac0 secure :-1 s=STATE_CONNECTION_ESTABLISHED l=1).mark_down
2024-04-26T21:32:00.495 INFO:teuthology.orchestra.run.smithi132.stdout:/usr/bin/ceph: stderr
2024-04-26T21:31:59.604+0000 7f1c94000700 1 --2- 172.21.15.132:0/2424938307 >> [v2:172.21.15.132:3300/0,v1:172.21.15.132:6789/0] conn(0x7f1c8c07aca0 0x7f1c8c19bac0 secure :-1 s=READY pgs=56 cs=0 l=1 rev1=1 crypto rx=0x7f1c80000c00 tx=0x7f1c80011b50 comp rx=0 tx=0).stop
2024-04-26T21:32:00.495 INFO:teuthology.orchestra.run.smithi132.stdout:/usr/bin/ceph: stderr
2024-04-26T21:31:59.604+0000 7f1c94000700 1 -- 172.21.15.132:0/2424938307 shutdown_connections
2024-04-26T21:32:00.495 INFO:teuthology.orchestra.run.smithi132.stdout:/usr/bin/ceph: stderr
2024-04-26T21:31:59.604+0000 7f1c94000700 1 --2- 172.21.15.132:0/2424938307 >> [v2:172.21.15.132:6800/2462982713,v1:172.21.15.132:6801/2462982713] conn(0x7f1c74038440 0x7f1c7403a8f0 unknown :-1 s=CLOSED pgs=16 cs=0 l=1 rev1=1 crypto rx=0 tx=0 comp rx=0 tx=0).stop
2024-04-26T21:32:00.495 INFO:teuthology.orchestra.run.smithi132.stdout:/usr/bin/ceph: stderr
2024-04-26T21:31:59.604+0000 7f1c94000700 1 --2- 172.21.15.132:0/2424938307 >> [v2:172.21.15.132:3300/0,v1:172.21.15.132:6789/0] conn(0x7f1c8c07aca0 0x7f1c8c19bac0 unknown :-1 s=CLOSED pgs=56 cs=0 l=1 rev1=1 crypto rx=0 tx=0 comp rx=0 tx=0).stop
2024-04-26T21:32:00.495 INFO:teuthology.orchestra.run.smithi132.stdout:/usr/bin/ceph: stderr
2024-04-26T21:31:59.604+0000 7f1c94000700 1 -- 172.21.15.132:0/2424938307 >> 172.21.15.132:0/2424938307 conn(0x7f1c8c101160 msgr2=0x7f1c8c102860 unknown :-1 s=STATE_NONE l=0).mark_down
2024-04-26T21:32:00.495 INFO:teuthology.orchestra.run.smithi132.stdout:/usr/bin/ceph: stderr
2024-04-26T21:31:59.604+0000 7f1c94000700 1 -- 172.21.15.132:0/2424938307 shutdown_connections
2024-04-26T21:32:00.495 INFO:teuthology.orchestra.run.smithi132.stdout:/usr/bin/ceph: stderr
2024-04-26T21:31:59.604+0000 7f1c94000700 1 -- 172.21.15.132:0/2424938307 wait complete.
2024-04-26T21:32:00.495 INFO:teuthology.orchestra.run.smithi132.stdout:Deploying grafana service with default placement...
2024-04-26T21:32:00.691 INFO:journalctl@ceph.mon.smithi132.smithi132.stdout:Apr 26 21:32:00 smithi132 ceph-mon[25488]: from='client.14150 -' entity='client.admin' cmd=[{"prefix": "orch apply", "service_type": "prometheus", "target": ["mon-mgr", ""]}]: dispatch
2024-04-26T21:32:00.692 INFO:journalctl@ceph.mon.smithi132.smithi132.stdout:Apr 26 21:32:00 smithi132 ceph-mon[25488]: Saving service prometheus spec with placement count:1
2024-04-26T21:32:00.692 INFO:journalctl@ceph.mon.smithi132.smithi132.stdout:Apr 26 21:32:00 smithi132 ceph-mon[25488]: from='mgr.14120 172.21.15.132:0/3085475937' entity='mgr.smithi132.rpcjaw'
2024-04-26T21:32:00.692 INFO:journalctl@ceph.mon.smithi132.smithi132.stdout:Apr 26 21:32:00 smithi132 ceph-mon[25488]: pgmap v4: 0 pgs: ; 0 B data, 0 B used, 0 B / 0 B avail
2024-04-26T21:32:02.566 INFO:teuthology.orchestra.run.smithi132.stdout:/usr/bin/ceph: stdout Scheduled grafana update...
2024-04-26T21:32:02.566 INFO:teuthology.orchestra.run.smithi132.stdout:/usr/bin/ceph: stderr
2024-04-26T21:32:01.576+0000 7feacb200700 1 Processor -- start
2024-04-26T21:32:02.566 INFO:teuthology.orchestra.run.smithi132.stdout:/usr/bin/ceph: stderr
2024-04-26T21:32:01.577+0000 7feacb200700 1 -- start start
2024-04-26T21:32:02.566 INFO:teuthology.orchestra.run.smithi132.stdout:/usr/bin/ceph: stderr
2024-04-26T21:32:01.577+0000 7feacb200700 1 --2- >> [v2:172.21.15.132:3300/0,v1:172.21.15.132:6789/0] conn(0x7feac407acc0 0x7feac40791c0 unknown :-1 s=NONE pgs=0 cs=0 l=0 rev1=0 crypto rx=0 tx=0 comp rx=0 tx=0).connect
2024-04-26T21:32:02.566 INFO:teuthology.orchestra.run.smithi132.stdout:/usr/bin/ceph: stderr
2024-04-26T21:32:01.577+0000 7feacb200700 1 -- --> [v2:172.21.15.132:3300/0,v1:172.21.15.132:6789/0] -- mon_getmap magic: 0 v1 -- 0x7feac4079700 con 0x7feac407acc0
2024-04-26T21:32:02.566 INFO:teuthology.orchestra.run.smithi132.stdout:/usr/bin/ceph: stderr
2024-04-26T21:32:01.577+0000 7feac3e00700 1 --2- >> [v2:172.21.15.132:3300/0,v1:172.21.15.132:6789/0] conn(0x7feac407acc0 0x7feac40791c0 unknown :-1 s=BANNER_CONNECTING pgs=0 cs=0 l=0 rev1=0 crypto rx=0 tx=0 comp rx=0 tx=0)._handle_peer_banner_payload supported=3 required=0
2024-04-26T21:32:02.567 INFO:teuthology.orchestra.run.smithi132.stdout:/usr/bin/ceph: stderr
2024-04-26T21:32:01.578+0000 7feac3e00700 1 --2- >> [v2:172.21.15.132:3300/0,v1:172.21.15.132:6789/0] conn(0x7feac407acc0 0x7feac40791c0 unknown :-1 s=HELLO_CONNECTING pgs=0 cs=0 l=0 rev1=1 crypto rx=0 tx=0 comp rx=0 tx=0).handle_hello peer v2:172.21.15.132:3300/0 says I am v2:172.21.15.132:58346/0 (socket says 172.21.15.132:58346)
2024-04-26T21:32:02.567 INFO:teuthology.orchestra.run.smithi132.stdout:/usr/bin/ceph: stderr
2024-04-26T21:32:01.578+0000 7feac3e00700 1 -- 172.21.15.132:0/2267239571 learned_addr learned my addr 172.21.15.132:0/2267239571 (peer_addr_for_me v2:172.21.15.132:0/0)
2024-04-26T21:32:02.567 INFO:teuthology.orchestra.run.smithi132.stdout:/usr/bin/ceph: stderr
2024-04-26T21:32:01.578+0000 7feac3e00700 1 -- 172.21.15.132:0/2267239571 --> [v2:172.21.15.132:3300/0,v1:172.21.15.132:6789/0] -- mon_subscribe({config=0+,monmap=0+}) v3 -- 0x7feac4079840 con 0x7feac407acc0
2024-04-26T21:32:02.567 INFO:teuthology.orchestra.run.smithi132.stdout:/usr/bin/ceph: stderr
2024-04-26T21:32:01.578+0000 7feac3e00700 1 --2- 172.21.15.132:0/2267239571 >> [v2:172.21.15.132:3300/0,v1:172.21.15.132:6789/0] conn(0x7feac407acc0 0x7feac40791c0 secure :-1 s=READY pgs=57 cs=0 l=1 rev1=1 crypto rx=0x7feab40098a0 tx=0x7feab4009bb0 comp rx=0 tx=0).ready entity=mon.0 client_cookie=7031b3c0dd5b741e server_cookie=0 in_seq=0 out_seq=0
2024-04-26T21:32:02.567 INFO:teuthology.orchestra.run.smithi132.stdout:/usr/bin/ceph: stderr
2024-04-26T21:32:01.579+0000 7feac3400700 1 -- 172.21.15.132:0/2267239571 <== mon.0 v2:172.21.15.132:3300/0 1 ==== mon_map magic: 0 v1 ==== 229+0+0 (secure 0 0 0) 0x7feab4004180 con 0x7feac407acc0
2024-04-26T21:32:02.567 INFO:teuthology.orchestra.run.smithi132.stdout:/usr/bin/ceph: stderr
2024-04-26T21:32:01.579+0000 7feac3400700 1 -- 172.21.15.132:0/2267239571 <== mon.0 v2:172.21.15.132:3300/0 2 ==== config(27 keys) v1 ==== 1101+0+0 (secure 0 0 0) 0x7feab40042e0 con 0x7feac407acc0
2024-04-26T21:32:02.567 INFO:teuthology.orchestra.run.smithi132.stdout:/usr/bin/ceph: stderr
2024-04-26T21:32:01.579+0000 7feac3400700 1 -- 172.21.15.132:0/2267239571 <== mon.0 v2:172.21.15.132:3300/0 3 ==== mon_map magic: 0 v1 ==== 229+0+0 (secure 0 0 0) 0x7feab4011af0 con 0x7feac407acc0
2024-04-26T21:32:02.567 INFO:teuthology.orchestra.run.smithi132.stdout:/usr/bin/ceph: stderr
2024-04-26T21:32:01.579+0000 7feacb200700 1 -- 172.21.15.132:0/2267239571 >> [v2:172.21.15.132:3300/0,v1:172.21.15.132:6789/0] conn(0x7feac407acc0 msgr2=0x7feac40791c0 secure :-1 s=STATE_CONNECTION_ESTABLISHED l=1).mark_down
2024-04-26T21:32:02.567 INFO:teuthology.orchestra.run.smithi132.stdout:/usr/bin/ceph: stderr
2024-04-26T21:32:01.579+0000 7feacb200700 1 --2- 172.21.15.132:0/2267239571 >> [v2:172.21.15.132:3300/0,v1:172.21.15.132:6789/0] conn(0x7feac407acc0 0x7feac40791c0 secure :-1 s=READY pgs=57 cs=0 l=1 rev1=1 crypto rx=0x7feab40098a0 tx=0x7feab4009bb0 comp rx=0 tx=0).stop
2024-04-26T21:32:02.567 INFO:teuthology.orchestra.run.smithi132.stdout:/usr/bin/ceph: stderr
2024-04-26T21:32:01.579+0000 7feacb200700 1 -- 172.21.15.132:0/2267239571 shutdown_connections
2024-04-26T21:32:02.567 INFO:teuthology.orchestra.run.smithi132.stdout:/usr/bin/ceph: stderr
2024-04-26T21:32:01.579+0000 7feacb200700 1 --2- 172.21.15.132:0/2267239571 >> [v2:172.21.15.132:3300/0,v1:172.21.15.132:6789/0] conn(0x7feac407acc0 0x7feac40791c0 unknown :-1 s=CLOSED pgs=57 cs=0 l=1 rev1=1 crypto rx=0 tx=0 comp rx=0 tx=0).stop
2024-04-26T21:32:02.567 INFO:teuthology.orchestra.run.smithi132.stdout:/usr/bin/ceph: stderr
2024-04-26T21:32:01.579+0000 7feacb200700 1 -- 172.21.15.132:0/2267239571 >> 172.21.15.132:0/2267239571 conn(0x7feac4101160 msgr2=0x7feac4103590 unknown :-1 s=STATE_NONE l=0).mark_down
2024-04-26T21:32:02.567 INFO:teuthology.orchestra.run.smithi132.stdout:/usr/bin/ceph: stderr
2024-04-26T21:32:01.580+0000 7feacb200700 1 -- 172.21.15.132:0/2267239571 shutdown_connections
2024-04-26T21:32:02.567 INFO:teuthology.orchestra.run.smithi132.stdout:/usr/bin/ceph: stderr
2024-04-26T21:32:01.580+0000 7feacb200700 1 -- 172.21.15.132:0/2267239571 wait complete.
2024-04-26T21:32:02.568 INFO:teuthology.orchestra.run.smithi132.stdout:/usr/bin/ceph: stderr
2024-04-26T21:32:01.581+0000 7feacb200700 1 Processor -- start
2024-04-26T21:32:02.568 INFO:teuthology.orchestra.run.smithi132.stdout:/usr/bin/ceph: stderr
2024-04-26T21:32:01.581+0000 7feacb200700 1 -- start start
2024-04-26T21:32:02.568 INFO:teuthology.orchestra.run.smithi132.stdout:/usr/bin/ceph: stderr
2024-04-26T21:32:01.581+0000 7feacb200700 1 --2- >> [v2:172.21.15.132:3300/0,v1:172.21.15.132:6789/0] conn(0x7feac407acc0 0x7feac419bae0 unknown :-1 s=NONE pgs=0 cs=0 l=1 rev1=0 crypto rx=0 tx=0 comp rx=0 tx=0).connect
2024-04-26T21:32:02.568 INFO:teuthology.orchestra.run.smithi132.stdout:/usr/bin/ceph: stderr
2024-04-26T21:32:01.581+0000 7feacb200700 1 -- --> [v2:172.21.15.132:3300/0,v1:172.21.15.132:6789/0] -- mon_getmap magic: 0 v1 -- 0x7feac419c020 con 0x7feac407acc0
2024-04-26T21:32:02.568 INFO:teuthology.orchestra.run.smithi132.stdout:/usr/bin/ceph: stderr
2024-04-26T21:32:01.581+0000 7feac3e00700 1 --2- >> [v2:172.21.15.132:3300/0,v1:172.21.15.132:6789/0] conn(0x7feac407acc0 0x7feac419bae0 unknown :-1 s=BANNER_CONNECTING pgs=0 cs=0 l=1 rev1=0 crypto rx=0 tx=0 comp rx=0 tx=0)._handle_peer_banner_payload supported=3 required=0
2024-04-26T21:32:02.568 INFO:teuthology.orchestra.run.smithi132.stdout:/usr/bin/ceph: stderr
2024-04-26T21:32:01.581+0000 7feac3e00700 1 --2- >> [v2:172.21.15.132:3300/0,v1:172.21.15.132:6789/0] conn(0x7feac407acc0 0x7feac419bae0 unknown :-1 s=HELLO_CONNECTING pgs=0 cs=0 l=1 rev1=1 crypto rx=0 tx=0 comp rx=0 tx=0).handle_hello peer v2:172.21.15.132:3300/0 says I am v2:172.21.15.132:58362/0 (socket says 172.21.15.132:58362)
2024-04-26T21:32:02.568 INFO:teuthology.orchestra.run.smithi132.stdout:/usr/bin/ceph: stderr
2024-04-26T21:32:01.581+0000 7feac3e00700 1 -- 172.21.15.132:0/516883870 learned_addr learned my addr 172.21.15.132:0/516883870 (peer_addr_for_me v2:172.21.15.132:0/0)
2024-04-26T21:32:02.568 INFO:teuthology.orchestra.run.smithi132.stdout:/usr/bin/ceph: stderr
2024-04-26T21:32:01.582+0000 7feac3e00700 1 -- 172.21.15.132:0/516883870 --> [v2:172.21.15.132:3300/0,v1:172.21.15.132:6789/0] -- mon_subscribe({config=0+,monmap=0+}) v3 -- 0x7feab4009550 con 0x7feac407acc0
2024-04-26T21:32:02.568 INFO:teuthology.orchestra.run.smithi132.stdout:/usr/bin/ceph: stderr
2024-04-26T21:32:01.582+0000 7feac3e00700 1 --2- 172.21.15.132:0/516883870 >> [v2:172.21.15.132:3300/0,v1:172.21.15.132:6789/0] conn(0x7feac407acc0 0x7feac419bae0 secure :-1 s=READY pgs=58 cs=0 l=1 rev1=1 crypto rx=0x7feab4000c00 tx=0x7feab4011b50 comp rx=0 tx=0).ready entity=mon.0 client_cookie=0 server_cookie=0 in_seq=0 out_seq=0
2024-04-26T21:32:02.568 INFO:teuthology.orchestra.run.smithi132.stdout:/usr/bin/ceph: stderr
2024-04-26T21:32:01.582+0000 7feac1600700 1 -- 172.21.15.132:0/516883870 <== mon.0 v2:172.21.15.132:3300/0 1 ==== mon_map magic: 0 v1 ==== 229+0+0 (secure 0 0 0) 0x7feab4003a70 con 0x7feac407acc0
2024-04-26T21:32:02.568 INFO:teuthology.orchestra.run.smithi132.stdout:/usr/bin/ceph: stderr
2024-04-26T21:32:01.582+0000 7feac1600700 1 -- 172.21.15.132:0/516883870 <== mon.0 v2:172.21.15.132:3300/0 2 ==== config(27 keys) v1 ==== 1101+0+0 (secure 0 0 0) 0x7feab4003bd0 con 0x7feac407acc0
2024-04-26T21:32:02.568 INFO:teuthology.orchestra.run.smithi132.stdout:/usr/bin/ceph: stderr
2024-04-26T21:32:01.582+0000 7feac1600700 1 -- 172.21.15.132:0/516883870 <== mon.0 v2:172.21.15.132:3300/0 3 ==== mon_map magic: 0 v1 ==== 229+0+0 (secure 0 0 0) 0x7feab40238c0 con 0x7feac407acc0
2024-04-26T21:32:02.568 INFO:teuthology.orchestra.run.smithi132.stdout:/usr/bin/ceph: stderr
2024-04-26T21:32:01.582+0000 7feacb200700 1 -- 172.21.15.132:0/516883870 --> [v2:172.21.15.132:3300/0,v1:172.21.15.132:6789/0] -- mon_subscribe({mgrmap=0+}) v3 -- 0x7feac419c220 con 0x7feac407acc0
2024-04-26T21:32:02.568 INFO:teuthology.orchestra.run.smithi132.stdout:/usr/bin/ceph: stderr
2024-04-26T21:32:01.583+0000 7feacb200700 1 -- 172.21.15.132:0/516883870 --> [v2:172.21.15.132:3300/0,v1:172.21.15.132:6789/0] -- mon_subscribe({osdmap=0}) v3 -- 0x7feac419c640 con 0x7feac407acc0
2024-04-26T21:32:02.569 INFO:teuthology.orchestra.run.smithi132.stdout:/usr/bin/ceph: stderr
2024-04-26T21:32:01.584+0000 7feac1600700 1 -- 172.21.15.132:0/516883870 <== mon.0 v2:172.21.15.132:3300/0 4 ==== mgrmap(e 8) v1 ==== 45084+0+0 (secure 0 0 0) 0x7feab4023b30 con 0x7feac407acc0
2024-04-26T21:32:02.569 INFO:teuthology.orchestra.run.smithi132.stdout:/usr/bin/ceph: stderr
2024-04-26T21:32:01.584+0000 7feacb200700 1 -- 172.21.15.132:0/516883870 --> [v2:172.21.15.132:3300/0,v1:172.21.15.132:6789/0] -- mon_command({"prefix": "get_command_descriptions"} v 0) v1 -- 0x7feac4062380 con 0x7feac407acc0
2024-04-26T21:32:02.569 INFO:teuthology.orchestra.run.smithi132.stdout:/usr/bin/ceph: stderr
2024-04-26T21:32:01.584+0000 7feac1600700 1 --2- 172.21.15.132:0/516883870 >> [v2:172.21.15.132:6800/2462982713,v1:172.21.15.132:6801/2462982713] conn(0x7feaa8038440 0x7feaa803a8f0 unknown :-1 s=NONE pgs=0 cs=0 l=1 rev1=0 crypto rx=0 tx=0 comp rx=0 tx=0).connect
2024-04-26T21:32:02.569 INFO:teuthology.orchestra.run.smithi132.stdout:/usr/bin/ceph: stderr
2024-04-26T21:32:01.584+0000 7feac1600700 1 -- 172.21.15.132:0/516883870 <== mon.0 v2:172.21.15.132:3300/0 5 ==== osd_map(2..2 src has 1..2) v4 ==== 940+0+0 (secure 0 0 0) 0x7feab404c220 con 0x7feac407acc0
2024-04-26T21:32:02.569 INFO:teuthology.orchestra.run.smithi132.stdout:/usr/bin/ceph: stderr
2024-04-26T21:32:01.584+0000 7feabbe00700 1 --2- 172.21.15.132:0/516883870 >> [v2:172.21.15.132:6800/2462982713,v1:172.21.15.132:6801/2462982713] conn(0x7feaa8038440 0x7feaa803a8f0 unknown :-1 s=BANNER_CONNECTING pgs=0 cs=0 l=1 rev1=0 crypto rx=0 tx=0 comp rx=0 tx=0)._handle_peer_banner_payload supported=3 required=0
2024-04-26T21:32:02.569 INFO:teuthology.orchestra.run.smithi132.stdout:/usr/bin/ceph: stderr
2024-04-26T21:32:01.585+0000 7feabbe00700 1 --2- 172.21.15.132:0/516883870 >> [v2:172.21.15.132:6800/2462982713,v1:172.21.15.132:6801/2462982713] conn(0x7feaa8038440 0x7feaa803a8f0 secure :-1 s=READY pgs=17 cs=0 l=1 rev1=1 crypto rx=0x7feaac006fd0 tx=0x7feaac006e40 comp rx=0 tx=0).ready entity=mgr.14120 client_cookie=0 server_cookie=0 in_seq=0 out_seq=0
2024-04-26T21:32:02.569 INFO:teuthology.orchestra.run.smithi132.stdout:/usr/bin/ceph: stderr
2024-04-26T21:32:01.590+0000 7feac1600700 1 -- 172.21.15.132:0/516883870 <== mon.0 v2:172.21.15.132:3300/0 6 ==== mon_command_ack([{"prefix": "get_command_descriptions"}]=0 v0) v1 ==== 72+0+177933 (secure 0 0 0) 0x7feab4010380 con 0x7feac407acc0
2024-04-26T21:32:02.569 INFO:teuthology.orchestra.run.smithi132.stdout:/usr/bin/ceph: stderr
2024-04-26T21:32:01.820+0000 7feacb200700 1 -- 172.21.15.132:0/516883870 --> [v2:172.21.15.132:6800/2462982713,v1:172.21.15.132:6801/2462982713] -- mgr_command(tid 0: {"prefix": "orch apply", "service_type": "grafana", "target": ["mon-mgr", ""]}) v1 -- 0x7feac4103460 con 0x7feaa8038440
2024-04-26T21:32:02.569 INFO:teuthology.orchestra.run.smithi132.stdout:/usr/bin/ceph: stderr
2024-04-26T21:32:01.831+0000 7feac1600700 1 -- 172.21.15.132:0/516883870 <== mgr.14120 v2:172.21.15.132:6800/2462982713 1 ==== mgr_command_reply(tid 0: 0 ) v1 ==== 8+0+28 (secure 0 0 0) 0x7feac4103460 con 0x7feaa8038440
2024-04-26T21:32:02.569 INFO:teuthology.orchestra.run.smithi132.stdout:/usr/bin/ceph: stderr
2024-04-26T21:32:01.834+0000 7feacb200700 1 -- 172.21.15.132:0/516883870 >> [v2:172.21.15.132:6800/2462982713,v1:172.21.15.132:6801/2462982713] conn(0x7feaa8038440 msgr2=0x7feaa803a8f0 secure :-1 s=STATE_CONNECTION_ESTABLISHED l=1).mark_down
2024-04-26T21:32:02.569 INFO:teuthology.orchestra.run.smithi132.stdout:/usr/bin/ceph: stderr
2024-04-26T21:32:01.834+0000 7feacb200700 1 --2- 172.21.15.132:0/516883870 >> [v2:172.21.15.132:6800/2462982713,v1:172.21.15.132:6801/2462982713] conn(0x7feaa8038440 0x7feaa803a8f0 secure :-1 s=READY pgs=17 cs=0 l=1 rev1=1 crypto rx=0x7feaac006fd0 tx=0x7feaac006e40 comp rx=0 tx=0).stop
2024-04-26T21:32:02.569 INFO:teuthology.orchestra.run.smithi132.stdout:/usr/bin/ceph: stderr
2024-04-26T21:32:01.834+0000 7feacb200700 1 -- 172.21.15.132:0/516883870 >> [v2:172.21.15.132:3300/0,v1:172.21.15.132:6789/0] conn(0x7feac407acc0 msgr2=0x7feac419bae0 secure :-1 s=STATE_CONNECTION_ESTABLISHED l=1).mark_down
2024-04-26T21:32:02.569 INFO:teuthology.orchestra.run.smithi132.stdout:/usr/bin/ceph: stderr
2024-04-26T21:32:01.834+0000 7feacb200700 1 --2- 172.21.15.132:0/516883870 >> [v2:172.21.15.132:3300/0,v1:172.21.15.132:6789/0] conn(0x7feac407acc0 0x7feac419bae0 secure :-1 s=READY pgs=58 cs=0 l=1 rev1=1 crypto rx=0x7feab4000c00 tx=0x7feab4011b50 comp rx=0 tx=0).stop
2024-04-26T21:32:02.569 INFO:teuthology.orchestra.run.smithi132.stdout:/usr/bin/ceph: stderr
2024-04-26T21:32:01.834+0000 7feacb200700 1 -- 172.21.15.132:0/516883870 shutdown_connections
2024-04-26T21:32:02.570 INFO:teuthology.orchestra.run.smithi132.stdout:/usr/bin/ceph: stderr
2024-04-26T21:32:01.834+0000 7feacb200700 1 --2- 172.21.15.132:0/516883870 >> [v2:172.21.15.132:6800/2462982713,v1:172.21.15.132:6801/2462982713] conn(0x7feaa8038440 0x7feaa803a8f0 unknown :-1 s=CLOSED pgs=17 cs=0 l=1 rev1=1 crypto rx=0 tx=0 comp rx=0 tx=0).stop
2024-04-26T21:32:02.570 INFO:teuthology.orchestra.run.smithi132.stdout:/usr/bin/ceph: stderr
2024-04-26T21:32:01.834+0000 7feacb200700 1 --2- 172.21.15.132:0/516883870 >> [v2:172.21.15.132:3300/0,v1:172.21.15.132:6789/0] conn(0x7feac407acc0 0x7feac419bae0 unknown :-1 s=CLOSED pgs=58 cs=0 l=1 rev1=1 crypto rx=0 tx=0 comp rx=0 tx=0).stop
2024-04-26T21:32:02.570 INFO:teuthology.orchestra.run.smithi132.stdout:/usr/bin/ceph: stderr
2024-04-26T21:32:01.835+0000 7feacb200700 1 -- 172.21.15.132:0/516883870 >> 172.21.15.132:0/516883870 conn(0x7feac4101160 msgr2=0x7feac4102840 unknown :-1 s=STATE_NONE l=0).mark_down
2024-04-26T21:32:02.570 INFO:teuthology.orchestra.run.smithi132.stdout:/usr/bin/ceph: stderr
2024-04-26T21:32:01.835+0000 7feacb200700 1 -- 172.21.15.132:0/516883870 shutdown_connections
2024-04-26T21:32:02.570 INFO:teuthology.orchestra.run.smithi132.stdout:/usr/bin/ceph: stderr
2024-04-26T21:32:01.835+0000 7feacb200700 1 -- 172.21.15.132:0/516883870 wait complete.
2024-04-26T21:32:02.570 INFO:teuthology.orchestra.run.smithi132.stdout:Deploying node-exporter service with default placement...
2024-04-26T21:32:03.081 INFO:journalctl@ceph.mon.smithi132.smithi132.stdout:Apr 26 21:32:02 smithi132 ceph-mon[25488]: pgmap v5: 0 pgs: ; 0 B data, 0 B used, 0 B / 0 B avail
2024-04-26T21:32:03.082 INFO:journalctl@ceph.mon.smithi132.smithi132.stdout:Apr 26 21:32:02 smithi132 ceph-mon[25488]: from='client.14152 -' entity='client.admin' cmd=[{"prefix": "orch apply", "service_type": "grafana", "target": ["mon-mgr", ""]}]: dispatch
2024-04-26T21:32:03.082 INFO:journalctl@ceph.mon.smithi132.smithi132.stdout:Apr 26 21:32:02 smithi132 ceph-mon[25488]: Saving service grafana spec with placement count:1
2024-04-26T21:32:03.082 INFO:journalctl@ceph.mon.smithi132.smithi132.stdout:Apr 26 21:32:02 smithi132 ceph-mon[25488]: from='mgr.14120 172.21.15.132:0/3085475937' entity='mgr.smithi132.rpcjaw'
2024-04-26T21:32:04.072 INFO:teuthology.orchestra.run.smithi132.stdout:/usr/bin/ceph: stdout Scheduled node-exporter update...
2024-04-26T21:32:04.072 INFO:teuthology.orchestra.run.smithi132.stdout:/usr/bin/ceph: stderr
2024-04-26T21:32:03.120+0000 7f8505000700 1 Processor -- start
2024-04-26T21:32:04.072 INFO:teuthology.orchestra.run.smithi132.stdout:/usr/bin/ceph: stderr
2024-04-26T21:32:03.120+0000 7f8505000700 1 -- start start
2024-04-26T21:32:04.073 INFO:teuthology.orchestra.run.smithi132.stdout:/usr/bin/ceph: stderr
2024-04-26T21:32:03.121+0000 7f8505000700 1 --2- >> [v2:172.21.15.132:3300/0,v1:172.21.15.132:6789/0] conn(0x7f8500105b10 0x7f8500105f20 unknown :-1 s=NONE pgs=0 cs=0 l=0 rev1=0 crypto rx=0 tx=0 comp rx=0 tx=0).connect
2024-04-26T21:32:04.073 INFO:teuthology.orchestra.run.smithi132.stdout:/usr/bin/ceph: stderr
2024-04-26T21:32:03.121+0000 7f8505000700 1 -- --> [v2:172.21.15.132:3300/0,v1:172.21.15.132:6789/0] -- mon_getmap magic: 0 v1 -- 0x7f8500106460 con 0x7f8500105b10
2024-04-26T21:32:04.074 INFO:teuthology.orchestra.run.smithi132.stdout:/usr/bin/ceph: stderr
2024-04-26T21:32:03.121+0000 7f84fde00700 1 --2- >> [v2:172.21.15.132:3300/0,v1:172.21.15.132:6789/0] conn(0x7f8500105b10 0x7f8500105f20 unknown :-1 s=BANNER_CONNECTING pgs=0 cs=0 l=0 rev1=0 crypto rx=0 tx=0 comp rx=0 tx=0)._handle_peer_banner_payload supported=3 required=0
2024-04-26T21:32:04.074 INFO:teuthology.orchestra.run.smithi132.stdout:/usr/bin/ceph: stderr
2024-04-26T21:32:03.121+0000 7f84fde00700 1 --2- >> [v2:172.21.15.132:3300/0,v1:172.21.15.132:6789/0] conn(0x7f8500105b10 0x7f8500105f20 unknown :-1 s=HELLO_CONNECTING pgs=0 cs=0 l=0 rev1=1 crypto rx=0 tx=0 comp rx=0 tx=0).handle_hello peer v2:172.21.15.132:3300/0 says I am v2:172.21.15.132:58368/0 (socket says 172.21.15.132:58368)
2024-04-26T21:32:04.074 INFO:teuthology.orchestra.run.smithi132.stdout:/usr/bin/ceph: stderr
