2024-04-26T21:42:23.822+0000 7f8ffbe00700 1 --2- >> [v2:172.21.15.72:3300/0,v1:172.21.15.72:6789/0] conn(0x7f8ffc109700 0x7f8ffc10baf0 unknown :-1 s=BANNER_CONNECTING pgs=0 cs=0 l=0 rev1=0 crypto rx=0 tx=0 comp rx=0 tx=0)._handle_peer_banner_payload supported=3 required=0
2024-04-26T21:42:24.848 INFO:teuthology.orchestra.run.smithi072.stdout:/usr/bin/ceph: stderr
2024-04-26T21:42:23.822+0000 7f8ffbe00700 1 --2- >> [v2:172.21.15.72:3300/0,v1:172.21.15.72:6789/0] conn(0x7f8ffc109700 0x7f8ffc10baf0 unknown :-1 s=HELLO_CONNECTING pgs=0 cs=0 l=0 rev1=1 crypto rx=0 tx=0 comp rx=0 tx=0).handle_hello peer v2:172.21.15.72:3300/0 says I am v2:172.21.15.72:34924/0 (socket says 172.21.15.72:34924)
2024-04-26T21:42:24.848 INFO:teuthology.orchestra.run.smithi072.stdout:/usr/bin/ceph: stderr
2024-04-26T21:42:23.822+0000 7f8ffbe00700 1 -- 172.21.15.72:0/2232947911 learned_addr learned my addr 172.21.15.72:0/2232947911 (peer_addr_for_me v2:172.21.15.72:0/0)
2024-04-26T21:42:24.848 INFO:teuthology.orchestra.run.smithi072.stdout:/usr/bin/ceph: stderr
2024-04-26T21:42:23.823+0000 7f8ffbe00700 1 -- 172.21.15.72:0/2232947911 --> [v2:172.21.15.72:3300/0,v1:172.21.15.72:6789/0] -- mon_subscribe({config=0+,monmap=0+}) -- 0x7f8ffc10c030 con 0x7f8ffc109700
2024-04-26T21:42:24.848 INFO:teuthology.orchestra.run.smithi072.stdout:/usr/bin/ceph: stderr
2024-04-26T21:42:23.823+0000 7f8ffbe00700 1 --2- 172.21.15.72:0/2232947911 >> [v2:172.21.15.72:3300/0,v1:172.21.15.72:6789/0] conn(0x7f8ffc109700 0x7f8ffc10baf0 secure :-1 s=READY pgs=20 cs=0 l=1 rev1=1 crypto rx=0x7f8fec0098a0 tx=0x7f8fec009bb0 comp rx=0 tx=0).ready entity=mon.0 client_cookie=38efa94118e3ed7d server_cookie=0 in_seq=0 out_seq=0
2024-04-26T21:42:24.848 INFO:teuthology.orchestra.run.smithi072.stdout:/usr/bin/ceph: stderr
2024-04-26T21:42:23.824+0000 7f8ffb400700 1 -- 172.21.15.72:0/2232947911 <== mon.0 v2:172.21.15.72:3300/0 1 ==== mon_map magic: 0 ==== 205+0+0 (secure 0 0 0) 0x7f8fec004160 con 0x7f8ffc109700
2024-04-26T21:42:24.848 INFO:teuthology.orchestra.run.smithi072.stdout:/usr/bin/ceph: stderr
2024-04-26T21:42:23.824+0000 7f8ffb400700 1 -- 172.21.15.72:0/2232947911 <== mon.0 v2:172.21.15.72:3300/0 2 ==== config(25 keys) ==== 1032+0+0 (secure 0 0 0) 0x7f8fec004300 con 0x7f8ffc109700
2024-04-26T21:42:24.848 INFO:teuthology.orchestra.run.smithi072.stdout:/usr/bin/ceph: stderr
2024-04-26T21:42:23.824+0000 7f8ffb400700 1 -- 172.21.15.72:0/2232947911 <== mon.0 v2:172.21.15.72:3300/0 3 ==== mon_map magic: 0 ==== 205+0+0 (secure 0 0 0) 0x7f8fec0119e0 con 0x7f8ffc109700
2024-04-26T21:42:24.848 INFO:teuthology.orchestra.run.smithi072.stdout:/usr/bin/ceph: stderr
2024-04-26T21:42:23.824+0000 7f9002e00700 1 -- 172.21.15.72:0/2232947911 >> [v2:172.21.15.72:3300/0,v1:172.21.15.72:6789/0] conn(0x7f8ffc109700 msgr2=0x7f8ffc10baf0 secure :-1 s=STATE_CONNECTION_ESTABLISHED l=1).mark_down
2024-04-26T21:42:24.848 INFO:teuthology.orchestra.run.smithi072.stdout:/usr/bin/ceph: stderr
2024-04-26T21:42:23.824+0000 7f9002e00700 1 --2- 172.21.15.72:0/2232947911 >> [v2:172.21.15.72:3300/0,v1:172.21.15.72:6789/0] conn(0x7f8ffc109700 0x7f8ffc10baf0 secure :-1 s=READY pgs=20 cs=0 l=1 rev1=1 crypto rx=0x7f8fec0098a0 tx=0x7f8fec009bb0 comp rx=0 tx=0).stop
2024-04-26T21:42:24.848 INFO:teuthology.orchestra.run.smithi072.stdout:/usr/bin/ceph: stderr
2024-04-26T21:42:23.824+0000 7f9002e00700 1 -- 172.21.15.72:0/2232947911 shutdown_connections
2024-04-26T21:42:24.848 INFO:teuthology.orchestra.run.smithi072.stdout:/usr/bin/ceph: stderr
2024-04-26T21:42:23.824+0000 7f9002e00700 1 --2- 172.21.15.72:0/2232947911 >> [v2:172.21.15.72:3300/0,v1:172.21.15.72:6789/0] conn(0x7f8ffc109700 0x7f8ffc10baf0 unknown :-1 s=CLOSED pgs=20 cs=0 l=1 rev1=1 crypto rx=0 tx=0 comp rx=0 tx=0).stop
2024-04-26T21:42:24.848 INFO:teuthology.orchestra.run.smithi072.stdout:/usr/bin/ceph: stderr
2024-04-26T21:42:23.824+0000 7f9002e00700 1 -- 172.21.15.72:0/2232947911 >> 172.21.15.72:0/2232947911 conn(0x7f8ffc1030d0 msgr2=0x7f8ffc105510 unknown :-1 s=STATE_NONE l=0).mark_down
2024-04-26T21:42:24.848 INFO:teuthology.orchestra.run.smithi072.stdout:/usr/bin/ceph: stderr
2024-04-26T21:42:23.825+0000 7f9002e00700 1 -- 172.21.15.72:0/2232947911 shutdown_connections
2024-04-26T21:42:24.848 INFO:teuthology.orchestra.run.smithi072.stdout:/usr/bin/ceph: stderr
2024-04-26T21:42:23.825+0000 7f9002e00700 1 -- 172.21.15.72:0/2232947911 wait complete.
2024-04-26T21:42:24.848 INFO:teuthology.orchestra.run.smithi072.stdout:/usr/bin/ceph: stderr
2024-04-26T21:42:23.825+0000 7f9002e00700 1 Processor -- start
2024-04-26T21:42:24.849 INFO:teuthology.orchestra.run.smithi072.stdout:/usr/bin/ceph: stderr
2024-04-26T21:42:23.826+0000 7f9002e00700 1 -- start start
2024-04-26T21:42:24.849 INFO:teuthology.orchestra.run.smithi072.stdout:/usr/bin/ceph: stderr
2024-04-26T21:42:23.826+0000 7f9002e00700 1 --2- >> [v2:172.21.15.72:3300/0,v1:172.21.15.72:6789/0] conn(0x7f8ffc109700 0x7f8ffc19ecb0 unknown :-1 s=NONE pgs=0 cs=0 l=1 rev1=0 crypto rx=0 tx=0 comp rx=0 tx=0).connect
2024-04-26T21:42:24.849 INFO:teuthology.orchestra.run.smithi072.stdout:/usr/bin/ceph: stderr
2024-04-26T21:42:23.826+0000 7f9002e00700 1 -- --> [v2:172.21.15.72:3300/0,v1:172.21.15.72:6789/0] -- mon_getmap magic: 0 -- 0x7f8ffc10cf40 con 0x7f8ffc109700
2024-04-26T21:42:24.849 INFO:teuthology.orchestra.run.smithi072.stdout:/usr/bin/ceph: stderr
2024-04-26T21:42:23.826+0000 7f8ffbe00700 1 --2- >> [v2:172.21.15.72:3300/0,v1:172.21.15.72:6789/0] conn(0x7f8ffc109700 0x7f8ffc19ecb0 unknown :-1 s=BANNER_CONNECTING pgs=0 cs=0 l=1 rev1=0 crypto rx=0 tx=0 comp rx=0 tx=0)._handle_peer_banner_payload supported=3 required=0
2024-04-26T21:42:24.849 INFO:teuthology.orchestra.run.smithi072.stdout:/usr/bin/ceph: stderr
2024-04-26T21:42:23.826+0000 7f8ffbe00700 1 --2- >> [v2:172.21.15.72:3300/0,v1:172.21.15.72:6789/0] conn(0x7f8ffc109700 0x7f8ffc19ecb0 unknown :-1 s=HELLO_CONNECTING pgs=0 cs=0 l=1 rev1=1 crypto rx=0 tx=0 comp rx=0 tx=0).handle_hello peer v2:172.21.15.72:3300/0 says I am v2:172.21.15.72:34928/0 (socket says 172.21.15.72:34928)
2024-04-26T21:42:24.849 INFO:teuthology.orchestra.run.smithi072.stdout:/usr/bin/ceph: stderr
2024-04-26T21:42:23.826+0000 7f8ffbe00700 1 -- 172.21.15.72:0/3154793957 learned_addr learned my addr 172.21.15.72:0/3154793957 (peer_addr_for_me v2:172.21.15.72:0/0)
2024-04-26T21:42:24.849 INFO:teuthology.orchestra.run.smithi072.stdout:/usr/bin/ceph: stderr
2024-04-26T21:42:23.827+0000 7f8ffbe00700 1 -- 172.21.15.72:0/3154793957 --> [v2:172.21.15.72:3300/0,v1:172.21.15.72:6789/0] -- mon_subscribe({config=0+,monmap=0+}) -- 0x7f8ffc19f1f0 con 0x7f8ffc109700
2024-04-26T21:42:24.849 INFO:teuthology.orchestra.run.smithi072.stdout:/usr/bin/ceph: stderr
2024-04-26T21:42:23.827+0000 7f8ffbe00700 1 --2- 172.21.15.72:0/3154793957 >> [v2:172.21.15.72:3300/0,v1:172.21.15.72:6789/0] conn(0x7f8ffc109700 0x7f8ffc19ecb0 secure :-1 s=READY pgs=21 cs=0 l=1 rev1=1 crypto rx=0x7f8fec009130 tx=0x7f8fec011a60 comp rx=0 tx=0).ready entity=mon.0 client_cookie=0 server_cookie=0 in_seq=0 out_seq=0
2024-04-26T21:42:24.849 INFO:teuthology.orchestra.run.smithi072.stdout:/usr/bin/ceph: stderr
2024-04-26T21:42:23.827+0000 7f8ff9600700 1 -- 172.21.15.72:0/3154793957 <== mon.0 v2:172.21.15.72:3300/0 1 ==== mon_map magic: 0 ==== 205+0+0 (secure 0 0 0) 0x7f8fec003b20 con 0x7f8ffc109700
2024-04-26T21:42:24.849 INFO:teuthology.orchestra.run.smithi072.stdout:/usr/bin/ceph: stderr
2024-04-26T21:42:23.827+0000 7f8ff9600700 1 -- 172.21.15.72:0/3154793957 <== mon.0 v2:172.21.15.72:3300/0 2 ==== config(25 keys) ==== 1032+0+0 (secure 0 0 0) 0x7f8fec01a8a0 con 0x7f8ffc109700
2024-04-26T21:42:24.849 INFO:teuthology.orchestra.run.smithi072.stdout:/usr/bin/ceph: stderr
2024-04-26T21:42:23.827+0000 7f8ff9600700 1 -- 172.21.15.72:0/3154793957 <== mon.0 v2:172.21.15.72:3300/0 3 ==== mon_map magic: 0 ==== 205+0+0 (secure 0 0 0) 0x7f8fec024810 con 0x7f8ffc109700
2024-04-26T21:42:24.849 INFO:teuthology.orchestra.run.smithi072.stdout:/usr/bin/ceph: stderr
2024-04-26T21:42:23.827+0000 7f9002e00700 1 -- 172.21.15.72:0/3154793957 --> [v2:172.21.15.72:3300/0,v1:172.21.15.72:6789/0] -- mon_subscribe({mgrmap=0+}) -- 0x7f8ffc19f480 con 0x7f8ffc109700
2024-04-26T21:42:24.849 INFO:teuthology.orchestra.run.smithi072.stdout:/usr/bin/ceph: stderr
2024-04-26T21:42:23.827+0000 7f9002e00700 1 -- 172.21.15.72:0/3154793957 --> [v2:172.21.15.72:3300/0,v1:172.21.15.72:6789/0] -- mon_subscribe({osdmap=0}) -- 0x7f8ffc1a2170 con 0x7f8ffc109700
2024-04-26T21:42:24.850 INFO:teuthology.orchestra.run.smithi072.stdout:/usr/bin/ceph: stderr
2024-04-26T21:42:23.828+0000 7f8ff9600700 1 -- 172.21.15.72:0/3154793957 <== mon.0 v2:172.21.15.72:3300/0 4 ==== mgrmap(e 4) ==== 46547+0+0 (secure 0 0 0) 0x7f8fec022020 con 0x7f8ffc109700
2024-04-26T21:42:24.850 INFO:teuthology.orchestra.run.smithi072.stdout:/usr/bin/ceph: stderr
2024-04-26T21:42:23.828+0000 7f9002e00700 1 -- 172.21.15.72:0/3154793957 --> [v2:172.21.15.72:3300/0,v1:172.21.15.72:6789/0] -- mon_command({"prefix": "get_command_descriptions"} v 0) -- 0x7f8ffc064a80 con 0x7f8ffc109700
2024-04-26T21:42:24.850 INFO:teuthology.orchestra.run.smithi072.stdout:/usr/bin/ceph: stderr
2024-04-26T21:42:23.829+0000 7f8ff9600700 1 --2- 172.21.15.72:0/3154793957 >> [v2:172.21.15.72:6800/1012617371,v1:172.21.15.72:6801/1012617371] conn(0x7f8fe00395b0 0x7f8fe003ba70 unknown :-1 s=NONE pgs=0 cs=0 l=1 rev1=0 crypto rx=0 tx=0 comp rx=0 tx=0).connect
2024-04-26T21:42:24.850 INFO:teuthology.orchestra.run.smithi072.stdout:/usr/bin/ceph: stderr
2024-04-26T21:42:23.829+0000 7f8ff9600700 1 -- 172.21.15.72:0/3154793957 <== mon.0 v2:172.21.15.72:3300/0 5 ==== osd_map(1..1 src has 1..1) ==== 725+0+0 (secure 0 0 0) 0x7f8fec04d720 con 0x7f8ffc109700
2024-04-26T21:42:24.850 INFO:teuthology.orchestra.run.smithi072.stdout:/usr/bin/ceph: stderr
2024-04-26T21:42:23.830+0000 7f8ff3e00700 1 --2- 172.21.15.72:0/3154793957 >> [v2:172.21.15.72:6800/1012617371,v1:172.21.15.72:6801/1012617371] conn(0x7f8fe00395b0 0x7f8fe003ba70 unknown :-1 s=BANNER_CONNECTING pgs=0 cs=0 l=1 rev1=0 crypto rx=0 tx=0 comp rx=0 tx=0)._handle_peer_banner_payload supported=3 required=0
2024-04-26T21:42:24.850 INFO:teuthology.orchestra.run.smithi072.stdout:/usr/bin/ceph: stderr
2024-04-26T21:42:23.830+0000 7f8ff3e00700 1 --2- 172.21.15.72:0/3154793957 >> [v2:172.21.15.72:6800/1012617371,v1:172.21.15.72:6801/1012617371] conn(0x7f8fe00395b0 0x7f8fe003ba70 secure :-1 s=READY pgs=7 cs=0 l=1 rev1=1 crypto rx=0x7f8fe4006fd0 tx=0x7f8fe4006e40 comp rx=0 tx=0).ready entity=mgr.14100 client_cookie=0 server_cookie=0 in_seq=0 out_seq=0
2024-04-26T21:42:24.850 INFO:teuthology.orchestra.run.smithi072.stdout:/usr/bin/ceph: stderr
2024-04-26T21:42:23.835+0000 7f8ff9600700 1 -- 172.21.15.72:0/3154793957 <== mon.0 v2:172.21.15.72:3300/0 6 ==== mon_command_ack([{"prefix": "get_command_descriptions"}]=0 v0) ==== 72+0+188494 (secure 0 0 0) 0x7f8fec01aa50 con 0x7f8ffc109700
2024-04-26T21:42:24.850 INFO:teuthology.orchestra.run.smithi072.stdout:/usr/bin/ceph: stderr
2024-04-26T21:42:24.057+0000 7f9002e00700 1 -- 172.21.15.72:0/3154793957 --> [v2:172.21.15.72:3300/0,v1:172.21.15.72:6789/0] -- mon_command({"prefix": "config assimilate-conf"} v 0) -- 0x7f8ffc1a2340 con 0x7f8ffc109700
2024-04-26T21:42:24.850 INFO:teuthology.orchestra.run.smithi072.stdout:/usr/bin/ceph: stderr
2024-04-26T21:42:24.060+0000 7f8ff9600700 1 -- 172.21.15.72:0/3154793957 <== mon.0 v2:172.21.15.72:3300/0 7 ==== mon_command_ack([{"prefix": "config assimilate-conf"}]=0 v3) ==== 70+0+436 (secure 0 0 0) 0x7f8ffc1a2340 con 0x7f8ffc109700
2024-04-26T21:42:24.850 INFO:teuthology.orchestra.run.smithi072.stdout:/usr/bin/ceph: stderr
2024-04-26T21:42:24.063+0000 7f9002e00700 1 -- 172.21.15.72:0/3154793957 >> [v2:172.21.15.72:6800/1012617371,v1:172.21.15.72:6801/1012617371] conn(0x7f8fe00395b0 msgr2=0x7f8fe003ba70 secure :-1 s=STATE_CONNECTION_ESTABLISHED l=1).mark_down
2024-04-26T21:42:24.850 INFO:teuthology.orchestra.run.smithi072.stdout:/usr/bin/ceph: stderr
2024-04-26T21:42:24.063+0000 7f9002e00700 1 --2- 172.21.15.72:0/3154793957 >> [v2:172.21.15.72:6800/1012617371,v1:172.21.15.72:6801/1012617371] conn(0x7f8fe00395b0 0x7f8fe003ba70 secure :-1 s=READY pgs=7 cs=0 l=1 rev1=1 crypto rx=0x7f8fe4006fd0 tx=0x7f8fe4006e40 comp rx=0 tx=0).stop
2024-04-26T21:42:24.850 INFO:teuthology.orchestra.run.smithi072.stdout:/usr/bin/ceph: stderr
2024-04-26T21:42:24.063+0000 7f9002e00700 1 -- 172.21.15.72:0/3154793957 >> [v2:172.21.15.72:3300/0,v1:172.21.15.72:6789/0] conn(0x7f8ffc109700 msgr2=0x7f8ffc19ecb0 secure :-1 s=STATE_CONNECTION_ESTABLISHED l=1).mark_down
2024-04-26T21:42:24.850 INFO:teuthology.orchestra.run.smithi072.stdout:/usr/bin/ceph: stderr
2024-04-26T21:42:24.063+0000 7f9002e00700 1 --2- 172.21.15.72:0/3154793957 >> [v2:172.21.15.72:3300/0,v1:172.21.15.72:6789/0] conn(0x7f8ffc109700 0x7f8ffc19ecb0 secure :-1 s=READY pgs=21 cs=0 l=1 rev1=1 crypto rx=0x7f8fec009130 tx=0x7f8fec011a60 comp rx=0 tx=0).stop
2024-04-26T21:42:24.851 INFO:teuthology.orchestra.run.smithi072.stdout:/usr/bin/ceph: stderr
2024-04-26T21:42:24.063+0000 7f9002e00700 1 -- 172.21.15.72:0/3154793957 shutdown_connections
2024-04-26T21:42:24.851 INFO:teuthology.orchestra.run.smithi072.stdout:/usr/bin/ceph: stderr
2024-04-26T21:42:24.063+0000 7f9002e00700 1 --2- 172.21.15.72:0/3154793957 >> [v2:172.21.15.72:6800/1012617371,v1:172.21.15.72:6801/1012617371] conn(0x7f8fe00395b0 0x7f8fe003ba70 unknown :-1 s=CLOSED pgs=7 cs=0 l=1 rev1=1 crypto rx=0 tx=0 comp rx=0 tx=0).stop
2024-04-26T21:42:24.851 INFO:teuthology.orchestra.run.smithi072.stdout:/usr/bin/ceph: stderr
2024-04-26T21:42:24.063+0000 7f9002e00700 1 --2- 172.21.15.72:0/3154793957 >> [v2:172.21.15.72:3300/0,v1:172.21.15.72:6789/0] conn(0x7f8ffc109700 0x7f8ffc19ecb0 unknown :-1 s=CLOSED pgs=21 cs=0 l=1 rev1=1 crypto rx=0 tx=0 comp rx=0 tx=0).stop
2024-04-26T21:42:24.851 INFO:teuthology.orchestra.run.smithi072.stdout:/usr/bin/ceph: stderr
2024-04-26T21:42:24.063+0000 7f9002e00700 1 -- 172.21.15.72:0/3154793957 >> 172.21.15.72:0/3154793957 conn(0x7f8ffc1030d0 msgr2=0x7f8ffc103b80 unknown :-1 s=STATE_NONE l=0).mark_down
2024-04-26T21:42:24.851 INFO:teuthology.orchestra.run.smithi072.stdout:/usr/bin/ceph: stderr
2024-04-26T21:42:24.063+0000 7f9002e00700 1 -- 172.21.15.72:0/3154793957 shutdown_connections
2024-04-26T21:42:24.851 INFO:teuthology.orchestra.run.smithi072.stdout:/usr/bin/ceph: stderr
2024-04-26T21:42:24.063+0000 7f9002e00700 1 -- 172.21.15.72:0/3154793957 wait complete.
2024-04-26T21:42:24.851 INFO:teuthology.orchestra.run.smithi072.stdout:Enabling cephadm module...
2024-04-26T21:42:26.072 INFO:journalctl@ceph.mon.a.smithi072.stdout:Apr 26 21:42:25 smithi072 ceph-mon[28138]: from='client.? 172.21.15.72:0/1685638640' entity='client.admin' cmd=[{"prefix": "mgr module enable", "module": "cephadm"}]: dispatch
2024-04-26T21:42:26.072 INFO:journalctl@ceph.mgr.x.smithi072.stdout:Apr 26 21:42:25 smithi072 ceph-a1780950-0415-11ef-bc93-c7b262605968-mgr-x[28363]: ignoring --setuser ceph since I am not root
2024-04-26T21:42:26.072 INFO:journalctl@ceph.mgr.x.smithi072.stdout:Apr 26 21:42:25 smithi072 ceph-a1780950-0415-11ef-bc93-c7b262605968-mgr-x[28363]: ignoring --setgroup ceph since I am not root
2024-04-26T21:42:26.430 INFO:journalctl@ceph.mgr.x.smithi072.stdout:Apr 26 21:42:26 smithi072 ceph-a1780950-0415-11ef-bc93-c7b262605968-mgr-x[28363]:
2024-04-26T21:42:26.080+0000 7fe51c9b3200 -1 mgr[py] Module balancer has missing NOTIFY_TYPES member
2024-04-26T21:42:26.430 INFO:journalctl@ceph.mgr.x.smithi072.stdout:Apr 26 21:42:26 smithi072 ceph-a1780950-0415-11ef-bc93-c7b262605968-mgr-x[28363]:
2024-04-26T21:42:26.318+0000 7fe51c9b3200 -1 mgr[py] Module orchestrator has missing NOTIFY_TYPES member
2024-04-26T21:42:26.782 INFO:journalctl@ceph.mgr.x.smithi072.stdout:Apr 26 21:42:26 smithi072 ceph-a1780950-0415-11ef-bc93-c7b262605968-mgr-x[28363]:
2024-04-26T21:42:26.454+0000 7fe51c9b3200 -1 mgr[py] Module snap_schedule has missing NOTIFY_TYPES member
2024-04-26T21:42:26.794 INFO:teuthology.orchestra.run.smithi072.stdout:/usr/bin/ceph: stderr
2024-04-26T21:42:25.446+0000 7ff351600700 1 Processor -- start
2024-04-26T21:42:26.794 INFO:teuthology.orchestra.run.smithi072.stdout:/usr/bin/ceph: stderr
2024-04-26T21:42:25.447+0000 7ff351600700 1 -- start start
2024-04-26T21:42:26.794 INFO:teuthology.orchestra.run.smithi072.stdout:/usr/bin/ceph: stderr
2024-04-26T21:42:25.447+0000 7ff351600700 1 --2- >> [v2:172.21.15.72:3300/0,v1:172.21.15.72:6789/0] conn(0x7ff34c107b30 0x7ff34c107f50 unknown :-1 s=NONE pgs=0 cs=0 l=0 rev1=0 crypto rx=0 tx=0 comp rx=0 tx=0).connect
2024-04-26T21:42:26.794 INFO:teuthology.orchestra.run.smithi072.stdout:/usr/bin/ceph: stderr
2024-04-26T21:42:25.447+0000 7ff351600700 1 -- --> [v2:172.21.15.72:3300/0,v1:172.21.15.72:6789/0] -- mon_getmap magic: 0 -- 0x7ff34c108520 con 0x7ff34c107b30
2024-04-26T21:42:26.794 INFO:teuthology.orchestra.run.smithi072.stdout:/usr/bin/ceph: stderr
2024-04-26T21:42:25.447+0000 7ff34aa00700 1 --2- >> [v2:172.21.15.72:3300/0,v1:172.21.15.72:6789/0] conn(0x7ff34c107b30 0x7ff34c107f50 unknown :-1 s=BANNER_CONNECTING pgs=0 cs=0 l=0 rev1=0 crypto rx=0 tx=0 comp rx=0 tx=0)._handle_peer_banner_payload supported=3 required=0
2024-04-26T21:42:26.794 INFO:teuthology.orchestra.run.smithi072.stdout:/usr/bin/ceph: stderr
2024-04-26T21:42:25.448+0000 7ff34aa00700 1 --2- >> [v2:172.21.15.72:3300/0,v1:172.21.15.72:6789/0] conn(0x7ff34c107b30 0x7ff34c107f50 unknown :-1 s=HELLO_CONNECTING pgs=0 cs=0 l=0 rev1=1 crypto rx=0 tx=0 comp rx=0 tx=0).handle_hello peer v2:172.21.15.72:3300/0 says I am v2:172.21.15.72:34940/0 (socket says 172.21.15.72:34940)
2024-04-26T21:42:26.794 INFO:teuthology.orchestra.run.smithi072.stdout:/usr/bin/ceph: stderr
2024-04-26T21:42:25.448+0000 7ff34aa00700 1 -- 172.21.15.72:0/3594458917 learned_addr learned my addr 172.21.15.72:0/3594458917 (peer_addr_for_me v2:172.21.15.72:0/0)
2024-04-26T21:42:26.795 INFO:teuthology.orchestra.run.smithi072.stdout:/usr/bin/ceph: stderr
2024-04-26T21:42:25.448+0000 7ff34aa00700 1 -- 172.21.15.72:0/3594458917 --> [v2:172.21.15.72:3300/0,v1:172.21.15.72:6789/0] -- mon_subscribe({config=0+,monmap=0+}) -- 0x7ff34c108d30 con 0x7ff34c107b30
2024-04-26T21:42:26.795 INFO:teuthology.orchestra.run.smithi072.stdout:/usr/bin/ceph: stderr
2024-04-26T21:42:25.448+0000 7ff34aa00700 1 --2- 172.21.15.72:0/3594458917 >> [v2:172.21.15.72:3300/0,v1:172.21.15.72:6789/0] conn(0x7ff34c107b30 0x7ff34c107f50 secure :-1 s=READY pgs=22 cs=0 l=1 rev1=1 crypto rx=0x7ff33c0098a0 tx=0x7ff33c009bb0 comp rx=0 tx=0).ready entity=mon.0 client_cookie=f22c452f2836d721 server_cookie=0 in_seq=0 out_seq=0
2024-04-26T21:42:26.795 INFO:teuthology.orchestra.run.smithi072.stdout:/usr/bin/ceph: stderr
2024-04-26T21:42:25.449+0000 7ff349600700 1 -- 172.21.15.72:0/3594458917 <== mon.0 v2:172.21.15.72:3300/0 1 ==== mon_map magic: 0 ==== 205+0+0 (secure 0 0 0) 0x7ff33c004160 con 0x7ff34c107b30
2024-04-26T21:42:26.795 INFO:teuthology.orchestra.run.smithi072.stdout:/usr/bin/ceph: stderr
2024-04-26T21:42:25.449+0000 7ff349600700 1 -- 172.21.15.72:0/3594458917 <== mon.0 v2:172.21.15.72:3300/0 2 ==== config(25 keys) ==== 1032+0+0 (secure 0 0 0) 0x7ff33c004300 con 0x7ff34c107b30
2024-04-26T21:42:26.795 INFO:teuthology.orchestra.run.smithi072.stdout:/usr/bin/ceph: stderr
2024-04-26T21:42:25.449+0000 7ff349600700 1 -- 172.21.15.72:0/3594458917 <== mon.0 v2:172.21.15.72:3300/0 3 ==== mon_map magic: 0 ==== 205+0+0 (secure 0 0 0) 0x7ff33c0119e0 con 0x7ff34c107b30
2024-04-26T21:42:26.795 INFO:teuthology.orchestra.run.smithi072.stdout:/usr/bin/ceph: stderr
2024-04-26T21:42:25.449+0000 7ff351600700 1 -- 172.21.15.72:0/3594458917 >> [v2:172.21.15.72:3300/0,v1:172.21.15.72:6789/0] conn(0x7ff34c107b30 msgr2=0x7ff34c107f50 secure :-1 s=STATE_CONNECTION_ESTABLISHED l=1).mark_down
2024-04-26T21:42:26.795 INFO:teuthology.orchestra.run.smithi072.stdout:/usr/bin/ceph: stderr
2024-04-26T21:42:25.449+0000 7ff351600700 1 --2- 172.21.15.72:0/3594458917 >> [v2:172.21.15.72:3300/0,v1:172.21.15.72:6789/0] conn(0x7ff34c107b30 0x7ff34c107f50 secure :-1 s=READY pgs=22 cs=0 l=1 rev1=1 crypto rx=0x7ff33c0098a0 tx=0x7ff33c009bb0 comp rx=0 tx=0).stop
2024-04-26T21:42:26.795 INFO:teuthology.orchestra.run.smithi072.stdout:/usr/bin/ceph: stderr
2024-04-26T21:42:25.450+0000 7ff351600700 1 -- 172.21.15.72:0/3594458917 shutdown_connections
2024-04-26T21:42:26.795 INFO:teuthology.orchestra.run.smithi072.stdout:/usr/bin/ceph: stderr
2024-04-26T21:42:25.450+0000 7ff351600700 1 --2- 172.21.15.72:0/3594458917 >> [v2:172.21.15.72:3300/0,v1:172.21.15.72:6789/0] conn(0x7ff34c107b30 0x7ff34c107f50 unknown :-1 s=CLOSED pgs=22 cs=0 l=1 rev1=1 crypto rx=0 tx=0 comp rx=0 tx=0).stop
2024-04-26T21:42:26.795 INFO:teuthology.orchestra.run.smithi072.stdout:/usr/bin/ceph: stderr
2024-04-26T21:42:25.450+0000 7ff351600700 1 -- 172.21.15.72:0/3594458917 >> 172.21.15.72:0/3594458917 conn(0x7ff34c1030d0 msgr2=0x7ff34c105510 unknown :-1 s=STATE_NONE l=0).mark_down
2024-04-26T21:42:26.795 INFO:teuthology.orchestra.run.smithi072.stdout:/usr/bin/ceph: stderr
2024-04-26T21:42:25.450+0000 7ff351600700 1 -- 172.21.15.72:0/3594458917 shutdown_connections
2024-04-26T21:42:26.795 INFO:teuthology.orchestra.run.smithi072.stdout:/usr/bin/ceph: stderr
2024-04-26T21:42:25.450+0000 7ff351600700 1 -- 172.21.15.72:0/3594458917 wait complete.
2024-04-26T21:42:26.795 INFO:teuthology.orchestra.run.smithi072.stdout:/usr/bin/ceph: stderr
2024-04-26T21:42:25.451+0000 7ff351600700 1 Processor -- start
2024-04-26T21:42:26.795 INFO:teuthology.orchestra.run.smithi072.stdout:/usr/bin/ceph: stderr
2024-04-26T21:42:25.451+0000 7ff351600700 1 -- start start
2024-04-26T21:42:26.795 INFO:teuthology.orchestra.run.smithi072.stdout:/usr/bin/ceph: stderr
2024-04-26T21:42:25.451+0000 7ff351600700 1 --2- >> [v2:172.21.15.72:3300/0,v1:172.21.15.72:6789/0] conn(0x7ff34c107b30 0x7ff34c19ecf0 unknown :-1 s=NONE pgs=0 cs=0 l=1 rev1=0 crypto rx=0 tx=0 comp rx=0 tx=0).connect
2024-04-26T21:42:26.796 INFO:teuthology.orchestra.run.smithi072.stdout:/usr/bin/ceph: stderr
2024-04-26T21:42:25.451+0000 7ff351600700 1 -- --> [v2:172.21.15.72:3300/0,v1:172.21.15.72:6789/0] -- mon_getmap magic: 0 -- 0x7ff34c10bf60 con 0x7ff34c107b30
2024-04-26T21:42:26.796 INFO:teuthology.orchestra.run.smithi072.stdout:/usr/bin/ceph: stderr
2024-04-26T21:42:25.451+0000 7ff34aa00700 1 --2- >> [v2:172.21.15.72:3300/0,v1:172.21.15.72:6789/0] conn(0x7ff34c107b30 0x7ff34c19ecf0 unknown :-1 s=BANNER_CONNECTING pgs=0 cs=0 l=1 rev1=0 crypto rx=0 tx=0 comp rx=0 tx=0)._handle_peer_banner_payload supported=3 required=0
2024-04-26T21:42:26.796 INFO:teuthology.orchestra.run.smithi072.stdout:/usr/bin/ceph: stderr
2024-04-26T21:42:25.451+0000 7ff34aa00700 1 --2- >> [v2:172.21.15.72:3300/0,v1:172.21.15.72:6789/0] conn(0x7ff34c107b30 0x7ff34c19ecf0 unknown :-1 s=HELLO_CONNECTING pgs=0 cs=0 l=1 rev1=1 crypto rx=0 tx=0 comp rx=0 tx=0).handle_hello peer v2:172.21.15.72:3300/0 says I am v2:172.21.15.72:34956/0 (socket says 172.21.15.72:34956)
2024-04-26T21:42:26.796 INFO:teuthology.orchestra.run.smithi072.stdout:/usr/bin/ceph: stderr
2024-04-26T21:42:25.451+0000 7ff34aa00700 1 -- 172.21.15.72:0/1685638640 learned_addr learned my addr 172.21.15.72:0/1685638640 (peer_addr_for_me v2:172.21.15.72:0/0)
2024-04-26T21:42:26.796 INFO:teuthology.orchestra.run.smithi072.stdout:/usr/bin/ceph: stderr
2024-04-26T21:42:25.452+0000 7ff34aa00700 1 -- 172.21.15.72:0/1685638640 --> [v2:172.21.15.72:3300/0,v1:172.21.15.72:6789/0] -- mon_subscribe({config=0+,monmap=0+}) -- 0x7ff34c19f230 con 0x7ff34c107b30
2024-04-26T21:42:26.796 INFO:teuthology.orchestra.run.smithi072.stdout:/usr/bin/ceph: stderr
2024-04-26T21:42:25.452+0000 7ff34aa00700 1 --2- 172.21.15.72:0/1685638640 >> [v2:172.21.15.72:3300/0,v1:172.21.15.72:6789/0] conn(0x7ff34c107b30 0x7ff34c19ecf0 secure :-1 s=READY pgs=23 cs=0 l=1 rev1=1 crypto rx=0x7ff33c0119b0 tx=0x7ff33c011a90 comp rx=0 tx=0).ready entity=mon.0 client_cookie=0 server_cookie=0 in_seq=0 out_seq=0
2024-04-26T21:42:26.796 INFO:teuthology.orchestra.run.smithi072.stdout:/usr/bin/ceph: stderr
2024-04-26T21:42:25.452+0000 7ff343400700 1 -- 172.21.15.72:0/1685638640 <== mon.0 v2:172.21.15.72:3300/0 1 ==== mon_map magic: 0 ==== 205+0+0 (secure 0 0 0) 0x7ff33c003af0 con 0x7ff34c107b30
2024-04-26T21:42:26.796 INFO:teuthology.orchestra.run.smithi072.stdout:/usr/bin/ceph: stderr
2024-04-26T21:42:25.452+0000 7ff343400700 1 -- 172.21.15.72:0/1685638640 <== mon.0 v2:172.21.15.72:3300/0 2 ==== config(25 keys) ==== 1032+0+0 (secure 0 0 0) 0x7ff33c01a8a0 con 0x7ff34c107b30
2024-04-26T21:42:26.796 INFO:teuthology.orchestra.run.smithi072.stdout:/usr/bin/ceph: stderr
2024-04-26T21:42:25.452+0000 7ff351600700 1 -- 172.21.15.72:0/1685638640 --> [v2:172.21.15.72:3300/0,v1:172.21.15.72:6789/0] -- mon_subscribe({mgrmap=0+}) -- 0x7ff34c19f4c0 con 0x7ff34c107b30
2024-04-26T21:42:26.796 INFO:teuthology.orchestra.run.smithi072.stdout:/usr/bin/ceph: stderr
2024-04-26T21:42:25.452+0000 7ff343400700 1 -- 172.21.15.72:0/1685638640 <== mon.0 v2:172.21.15.72:3300/0 3 ==== mon_map magic: 0 ==== 205+0+0 (secure 0 0 0) 0x7ff33c024830 con 0x7ff34c107b30
2024-04-26T21:42:26.796 INFO:teuthology.orchestra.run.smithi072.stdout:/usr/bin/ceph: stderr
2024-04-26T21:42:25.453+0000 7ff351600700 1 -- 172.21.15.72:0/1685638640 --> [v2:172.21.15.72:3300/0,v1:172.21.15.72:6789/0] -- mon_subscribe({osdmap=0}) -- 0x7ff34c1a21a0 con 0x7ff34c107b30
2024-04-26T21:42:26.796 INFO:teuthology.orchestra.run.smithi072.stdout:/usr/bin/ceph: stderr
2024-04-26T21:42:25.454+0000 7ff343400700 1 -- 172.21.15.72:0/1685638640 <== mon.0 v2:172.21.15.72:3300/0 4 ==== mgrmap(e 4) ==== 46547+0+0 (secure 0 0 0) 0x7ff33c022020 con 0x7ff34c107b30
2024-04-26T21:42:26.796 INFO:teuthology.orchestra.run.smithi072.stdout:/usr/bin/ceph: stderr
2024-04-26T21:42:25.454+0000 7ff351600700 1 -- 172.21.15.72:0/1685638640 --> [v2:172.21.15.72:3300/0,v1:172.21.15.72:6789/0] -- mon_command({"prefix": "get_command_descriptions"} v 0) -- 0x7ff34c064a80 con 0x7ff34c107b30
2024-04-26T21:42:26.796 INFO:teuthology.orchestra.run.smithi072.stdout:/usr/bin/ceph: stderr
2024-04-26T21:42:25.454+0000 7ff343400700 1 --2- 172.21.15.72:0/1685638640 >> [v2:172.21.15.72:6800/1012617371,v1:172.21.15.72:6801/1012617371] conn(0x7ff3300395b0 0x7ff33003ba70 unknown :-1 s=NONE pgs=0 cs=0 l=1 rev1=0 crypto rx=0 tx=0 comp rx=0 tx=0).connect
2024-04-26T21:42:26.796 INFO:teuthology.orchestra.run.smithi072.stdout:/usr/bin/ceph: stderr
2024-04-26T21:42:25.455+0000 7ff343400700 1 -- 172.21.15.72:0/1685638640 <== mon.0 v2:172.21.15.72:3300/0 5 ==== osd_map(1..1 src has 1..1) ==== 725+0+0 (secure 0 0 0) 0x7ff33c04d610 con 0x7ff34c107b30
2024-04-26T21:42:26.797 INFO:teuthology.orchestra.run.smithi072.stdout:/usr/bin/ceph: stderr
2024-04-26T21:42:25.455+0000 7ff34a000700 1 --2- 172.21.15.72:0/1685638640 >> [v2:172.21.15.72:6800/1012617371,v1:172.21.15.72:6801/1012617371] conn(0x7ff3300395b0 0x7ff33003ba70 unknown :-1 s=BANNER_CONNECTING pgs=0 cs=0 l=1 rev1=0 crypto rx=0 tx=0 comp rx=0 tx=0)._handle_peer_banner_payload supported=3 required=0
2024-04-26T21:42:26.797 INFO:teuthology.orchestra.run.smithi072.stdout:/usr/bin/ceph: stderr
2024-04-26T21:42:25.455+0000 7ff34a000700 1 --2- 172.21.15.72:0/1685638640 >> [v2:172.21.15.72:6800/1012617371,v1:172.21.15.72:6801/1012617371] conn(0x7ff3300395b0 0x7ff33003ba70 secure :-1 s=READY pgs=8 cs=0 l=1 rev1=1 crypto rx=0x7ff338006fd0 tx=0x7ff338006e40 comp rx=0 tx=0).ready entity=mgr.14100 client_cookie=0 server_cookie=0 in_seq=0 out_seq=0
2024-04-26T21:42:26.797 INFO:teuthology.orchestra.run.smithi072.stdout:/usr/bin/ceph: stderr
2024-04-26T21:42:25.460+0000 7ff343400700 1 -- 172.21.15.72:0/1685638640 <== mon.0 v2:172.21.15.72:3300/0 6 ==== mon_command_ack([{"prefix": "get_command_descriptions"}]=0 v0) ==== 72+0+188494 (secure 0 0 0) 0x7ff33c00be50 con 0x7ff34c107b30
2024-04-26T21:42:26.797 INFO:teuthology.orchestra.run.smithi072.stdout:/usr/bin/ceph: stderr
2024-04-26T21:42:25.747+0000 7ff351600700 1 -- 172.21.15.72:0/1685638640 --> [v2:172.21.15.72:3300/0,v1:172.21.15.72:6789/0] -- mon_command({"prefix": "mgr module enable", "module": "cephadm"} v 0) -- 0x7ff34c0008d0 con 0x7ff34c107b30
2024-04-26T21:42:26.797 INFO:teuthology.orchestra.run.smithi072.stdout:/usr/bin/ceph: stderr
2024-04-26T21:42:25.801+0000 7ff343400700 1 -- 172.21.15.72:0/1685638640 <== mon.0 v2:172.21.15.72:3300/0 7 ==== mon_command_ack([{"prefix": "mgr module enable", "module": "cephadm"}]=0 v5) ==== 86+0+0 (secure 0 0 0) 0x7ff33c02ad60 con 0x7ff34c107b30
2024-04-26T21:42:26.797 INFO:teuthology.orchestra.run.smithi072.stdout:/usr/bin/ceph: stderr
2024-04-26T21:42:25.805+0000 7ff343400700 1 -- 172.21.15.72:0/1685638640 <== mon.0 v2:172.21.15.72:3300/0 8 ==== mgrmap(e 5) ==== 46558+0+0 (secure 0 0 0) 0x7ff33c00b3e0 con 0x7ff34c107b30
2024-04-26T21:42:26.797 INFO:teuthology.orchestra.run.smithi072.stdout:/usr/bin/ceph: stderr
2024-04-26T21:42:25.807+0000 7ff351600700 1 -- 172.21.15.72:0/1685638640 >> [v2:172.21.15.72:6800/1012617371,v1:172.21.15.72:6801/1012617371] conn(0x7ff3300395b0 msgr2=0x7ff33003ba70 secure :-1 s=STATE_CONNECTION_ESTABLISHED l=1).mark_down
2024-04-26T21:42:26.797 INFO:teuthology.orchestra.run.smithi072.stdout:/usr/bin/ceph: stderr
2024-04-26T21:42:25.807+0000 7ff351600700 1 --2- 172.21.15.72:0/1685638640 >> [v2:172.21.15.72:6800/1012617371,v1:172.21.15.72:6801/1012617371] conn(0x7ff3300395b0 0x7ff33003ba70 secure :-1 s=READY pgs=8 cs=0 l=1 rev1=1 crypto rx=0x7ff338006fd0 tx=0x7ff338006e40 comp rx=0 tx=0).stop
2024-04-26T21:42:26.797 INFO:teuthology.orchestra.run.smithi072.stdout:/usr/bin/ceph: stderr
2024-04-26T21:42:25.807+0000 7ff351600700 1 -- 172.21.15.72:0/1685638640 >> [v2:172.21.15.72:3300/0,v1:172.21.15.72:6789/0] conn(0x7ff34c107b30 msgr2=0x7ff34c19ecf0 secure :-1 s=STATE_CONNECTION_ESTABLISHED l=1).mark_down
2024-04-26T21:42:26.797 INFO:teuthology.orchestra.run.smithi072.stdout:/usr/bin/ceph: stderr
2024-04-26T21:42:25.807+0000 7ff351600700 1 --2- 172.21.15.72:0/1685638640 >> [v2:172.21.15.72:3300/0,v1:172.21.15.72:6789/0] conn(0x7ff34c107b30 0x7ff34c19ecf0 secure :-1 s=READY pgs=23 cs=0 l=1 rev1=1 crypto rx=0x7ff33c0119b0 tx=0x7ff33c011a90 comp rx=0 tx=0).stop
2024-04-26T21:42:26.797 INFO:teuthology.orchestra.run.smithi072.stdout:/usr/bin/ceph: stderr
2024-04-26T21:42:25.807+0000 7ff351600700 1 -- 172.21.15.72:0/1685638640 shutdown_connections
2024-04-26T21:42:26.797 INFO:teuthology.orchestra.run.smithi072.stdout:/usr/bin/ceph: stderr
2024-04-26T21:42:25.807+0000 7ff351600700 1 --2- 172.21.15.72:0/1685638640 >> [v2:172.21.15.72:6800/1012617371,v1:172.21.15.72:6801/1012617371] conn(0x7ff3300395b0 0x7ff33003ba70 unknown :-1 s=CLOSED pgs=8 cs=0 l=1 rev1=1 crypto rx=0 tx=0 comp rx=0 tx=0).stop
2024-04-26T21:42:26.797 INFO:teuthology.orchestra.run.smithi072.stdout:/usr/bin/ceph: stderr
2024-04-26T21:42:25.807+0000 7ff351600700 1 --2- 172.21.15.72:0/1685638640 >> [v2:172.21.15.72:3300/0,v1:172.21.15.72:6789/0] conn(0x7ff34c107b30 0x7ff34c19ecf0 unknown :-1 s=CLOSED pgs=23 cs=0 l=1 rev1=1 crypto rx=0 tx=0 comp rx=0 tx=0).stop
2024-04-26T21:42:26.797 INFO:teuthology.orchestra.run.smithi072.stdout:/usr/bin/ceph: stderr
2024-04-26T21:42:25.807+0000 7ff351600700 1 -- 172.21.15.72:0/1685638640 >> 172.21.15.72:0/1685638640 conn(0x7ff34c1030d0 msgr2=0x7ff34c103f50 unknown :-1 s=STATE_NONE l=0).mark_down
2024-04-26T21:42:26.797 INFO:teuthology.orchestra.run.smithi072.stdout:/usr/bin/ceph: stderr
2024-04-26T21:42:25.807+0000 7ff351600700 1 -- 172.21.15.72:0/1685638640 shutdown_connections
2024-04-26T21:42:26.797 INFO:teuthology.orchestra.run.smithi072.stdout:/usr/bin/ceph: stderr
2024-04-26T21:42:25.807+0000 7ff351600700 1 -- 172.21.15.72:0/1685638640 wait complete.
2024-04-26T21:42:27.072 INFO:journalctl@ceph.mgr.x.smithi072.stdout:Apr 26 21:42:26 smithi072 ceph-a1780950-0415-11ef-bc93-c7b262605968-mgr-x[28363]:
2024-04-26T21:42:26.848+0000 7fe51c9b3200 -1 mgr[py] Module progress has missing NOTIFY_TYPES member
2024-04-26T21:42:27.072 INFO:journalctl@ceph.mgr.x.smithi072.stdout:Apr 26 21:42:26 smithi072 ceph-a1780950-0415-11ef-bc93-c7b262605968-mgr-x[28363]:
2024-04-26T21:42:26.960+0000 7fe51c9b3200 -1 mgr[py] Module influx has missing NOTIFY_TYPES member
2024-04-26T21:42:27.072 INFO:journalctl@ceph.mon.a.smithi072.stdout:Apr 26 21:42:26 smithi072 ceph-mon[28138]: from='client.? 172.21.15.72:0/1685638640' entity='client.admin' cmd='[{"prefix": "mgr module enable", "module": "cephadm"}]': finished
2024-04-26T21:42:27.072 INFO:journalctl@ceph.mon.a.smithi072.stdout:Apr 26 21:42:26 smithi072 ceph-mon[28138]: mgrmap e5: x(active, since 5s)
2024-04-26T21:42:28.069 INFO:journalctl@ceph.mon.a.smithi072.stdout:Apr 26 21:42:27 smithi072 ceph-mon[28138]: from='client.? 172.21.15.72:0/1647619306' entity='client.admin' cmd=[{"prefix": "mgr stat"}]: dispatch
2024-04-26T21:42:28.375 INFO:teuthology.orchestra.run.smithi072.stdout:/usr/bin/ceph: stdout {
2024-04-26T21:42:28.375 INFO:teuthology.orchestra.run.smithi072.stdout:/usr/bin/ceph: stdout "epoch": 5,
2024-04-26T21:42:28.375 INFO:teuthology.orchestra.run.smithi072.stdout:/usr/bin/ceph: stdout "available": true,
2024-04-26T21:42:28.375 INFO:teuthology.orchestra.run.smithi072.stdout:/usr/bin/ceph: stdout "active_name": "x",
2024-04-26T21:42:28.375 INFO:teuthology.orchestra.run.smithi072.stdout:/usr/bin/ceph: stdout "num_standby": 0
2024-04-26T21:42:28.376 INFO:teuthology.orchestra.run.smithi072.stdout:/usr/bin/ceph: stdout }
2024-04-26T21:42:28.376 INFO:teuthology.orchestra.run.smithi072.stdout:/usr/bin/ceph: stderr
2024-04-26T21:42:27.373+0000 7f9471e00700 1 Processor -- start
2024-04-26T21:42:28.376 INFO:teuthology.orchestra.run.smithi072.stdout:/usr/bin/ceph: stderr
2024-04-26T21:42:27.374+0000 7f9471e00700 1 -- start start
2024-04-26T21:42:28.376 INFO:teuthology.orchestra.run.smithi072.stdout:/usr/bin/ceph: stderr
2024-04-26T21:42:27.374+0000 7f9471e00700 1 --2- >> [v2:172.21.15.72:3300/0,v1:172.21.15.72:6789/0] conn(0x7f946c07dd40 0x7f946c07c1a0 unknown :-1 s=NONE pgs=0 cs=0 l=0 rev1=0 crypto rx=0 tx=0 comp rx=0 tx=0).connect
2024-04-26T21:42:28.376 INFO:teuthology.orchestra.run.smithi072.stdout:/usr/bin/ceph: stderr
2024-04-26T21:42:27.374+0000 7f9471e00700 1 -- --> [v2:172.21.15.72:3300/0,v1:172.21.15.72:6789/0] -- mon_getmap magic: 0 -- 0x7f946c07c770 con 0x7f946c07dd40
2024-04-26T21:42:28.376 INFO:teuthology.orchestra.run.smithi072.stdout:/usr/bin/ceph: stderr
2024-04-26T21:42:27.375+0000 7f946aa00700 1 --2- >> [v2:172.21.15.72:3300/0,v1:172.21.15.72:6789/0] conn(0x7f946c07dd40 0x7f946c07c1a0 unknown :-1 s=BANNER_CONNECTING pgs=0 cs=0 l=0 rev1=0 crypto rx=0 tx=0 comp rx=0 tx=0)._handle_peer_banner_payload supported=3 required=0
2024-04-26T21:42:28.376 INFO:teuthology.orchestra.run.smithi072.stdout:/usr/bin/ceph: stderr
2024-04-26T21:42:27.375+0000 7f946aa00700 1 --2- >> [v2:172.21.15.72:3300/0,v1:172.21.15.72:6789/0] conn(0x7f946c07dd40 0x7f946c07c1a0 unknown :-1 s=HELLO_CONNECTING pgs=0 cs=0 l=0 rev1=1 crypto rx=0 tx=0 comp rx=0 tx=0).handle_hello peer v2:172.21.15.72:3300/0 says I am v2:172.21.15.72:34972/0 (socket says 172.21.15.72:34972)
2024-04-26T21:42:28.376 INFO:teuthology.orchestra.run.smithi072.stdout:/usr/bin/ceph: stderr
2024-04-26T21:42:27.375+0000 7f946aa00700 1 -- 172.21.15.72:0/4041243802 learned_addr learned my addr 172.21.15.72:0/4041243802 (peer_addr_for_me v2:172.21.15.72:0/0)
2024-04-26T21:42:28.376 INFO:teuthology.orchestra.run.smithi072.stdout:/usr/bin/ceph: stderr
2024-04-26T21:42:27.375+0000 7f946aa00700 1 -- 172.21.15.72:0/4041243802 --> [v2:172.21.15.72:3300/0,v1:172.21.15.72:6789/0] -- mon_subscribe({config=0+,monmap=0+}) -- 0x7f946c07c8f0 con 0x7f946c07dd40
2024-04-26T21:42:28.376 INFO:teuthology.orchestra.run.smithi072.stdout:/usr/bin/ceph: stderr
2024-04-26T21:42:27.376+0000 7f946aa00700 1 --2- 172.21.15.72:0/4041243802 >> [v2:172.21.15.72:3300/0,v1:172.21.15.72:6789/0] conn(0x7f946c07dd40 0x7f946c07c1a0 secure :-1 s=READY pgs=26 cs=0 l=1 rev1=1 crypto rx=0x7f945c0098a0 tx=0x7f945c009bb0 comp rx=0 tx=0).ready entity=mon.0 client_cookie=7f6bcae67dfe6513 server_cookie=0 in_seq=0 out_seq=0
2024-04-26T21:42:28.376 INFO:teuthology.orchestra.run.smithi072.stdout:/usr/bin/ceph: stderr
2024-04-26T21:42:27.376+0000 7f9469600700 1 -- 172.21.15.72:0/4041243802 <== mon.0 v2:172.21.15.72:3300/0 1 ==== mon_map magic: 0 ==== 205+0+0 (secure 0 0 0) 0x7f945c004160 con 0x7f946c07dd40
2024-04-26T21:42:28.376 INFO:teuthology.orchestra.run.smithi072.stdout:/usr/bin/ceph: stderr
2024-04-26T21:42:27.376+0000 7f9469600700 1 -- 172.21.15.72:0/4041243802 <== mon.0 v2:172.21.15.72:3300/0 2 ==== config(25 keys) ==== 1032+0+0 (secure 0 0 0) 0x7f945c004300 con 0x7f946c07dd40
2024-04-26T21:42:28.376 INFO:teuthology.orchestra.run.smithi072.stdout:/usr/bin/ceph: stderr
2024-04-26T21:42:27.376+0000 7f9469600700 1 -- 172.21.15.72:0/4041243802 <== mon.0 v2:172.21.15.72:3300/0 3 ==== mon_map magic: 0 ==== 205+0+0 (secure 0 0 0) 0x7f945c0119e0 con 0x7f946c07dd40
2024-04-26T21:42:28.377 INFO:teuthology.orchestra.run.smithi072.stdout:/usr/bin/ceph: stderr
2024-04-26T21:42:27.377+0000 7f9471e00700 1 -- 172.21.15.72:0/4041243802 >> [v2:172.21.15.72:3300/0,v1:172.21.15.72:6789/0] conn(0x7f946c07dd40 msgr2=0x7f946c07c1a0 secure :-1 s=STATE_CONNECTION_ESTABLISHED l=1).mark_down
2024-04-26T21:42:28.377 INFO:teuthology.orchestra.run.smithi072.stdout:/usr/bin/ceph: stderr
2024-04-26T21:42:27.377+0000 7f9471e00700 1 --2- 172.21.15.72:0/4041243802 >> [v2:172.21.15.72:3300/0,v1:172.21.15.72:6789/0] conn(0x7f946c07dd40 0x7f946c07c1a0 secure :-1 s=READY pgs=26 cs=0 l=1 rev1=1 crypto rx=0x7f945c0098a0 tx=0x7f945c009bb0 comp rx=0 tx=0).stop
2024-04-26T21:42:28.377 INFO:teuthology.orchestra.run.smithi072.stdout:/usr/bin/ceph: stderr
2024-04-26T21:42:27.377+0000 7f9471e00700 1 -- 172.21.15.72:0/4041243802 shutdown_connections
2024-04-26T21:42:28.377 INFO:teuthology.orchestra.run.smithi072.stdout:/usr/bin/ceph: stderr
2024-04-26T21:42:27.377+0000 7f9471e00700 1 --2- 172.21.15.72:0/4041243802 >> [v2:172.21.15.72:3300/0,v1:172.21.15.72:6789/0] conn(0x7f946c07dd40 0x7f946c07c1a0 unknown :-1 s=CLOSED pgs=26 cs=0 l=1 rev1=1 crypto rx=0 tx=0 comp rx=0 tx=0).stop
2024-04-26T21:42:28.377 INFO:teuthology.orchestra.run.smithi072.stdout:/usr/bin/ceph: stderr
2024-04-26T21:42:27.377+0000 7f9471e00700 1 -- 172.21.15.72:0/4041243802 >> 172.21.15.72:0/4041243802 conn(0x7f946c1041c0 msgr2=0x7f946c106640 unknown :-1 s=STATE_NONE l=0).mark_down
2024-04-26T21:42:28.377 INFO:teuthology.orchestra.run.smithi072.stdout:/usr/bin/ceph: stderr
2024-04-26T21:42:27.377+0000 7f9471e00700 1 -- 172.21.15.72:0/4041243802 shutdown_connections
2024-04-26T21:42:28.377 INFO:teuthology.orchestra.run.smithi072.stdout:/usr/bin/ceph: stderr
2024-04-26T21:42:27.377+0000 7f9471e00700 1 -- 172.21.15.72:0/4041243802 wait complete.
2024-04-26T21:42:28.377 INFO:teuthology.orchestra.run.smithi072.stdout:/usr/bin/ceph: stderr
2024-04-26T21:42:27.378+0000 7f9471e00700 1 Processor -- start
2024-04-26T21:42:28.377 INFO:teuthology.orchestra.run.smithi072.stdout:/usr/bin/ceph: stderr
2024-04-26T21:42:27.379+0000 7f9471e00700 1 -- start start
2024-04-26T21:42:28.377 INFO:teuthology.orchestra.run.smithi072.stdout:/usr/bin/ceph: stderr
2024-04-26T21:42:27.379+0000 7f9471e00700 1 --2- >> [v2:172.21.15.72:3300/0,v1:172.21.15.72:6789/0] conn(0x7f946c07dd40 0x7f946c19ed30 unknown :-1 s=NONE pgs=0 cs=0 l=1 rev1=0 crypto rx=0 tx=0 comp rx=0 tx=0).connect
2024-04-26T21:42:28.377 INFO:teuthology.orchestra.run.smithi072.stdout:/usr/bin/ceph: stderr
2024-04-26T21:42:27.379+0000 7f9471e00700 1 -- --> [v2:172.21.15.72:3300/0,v1:172.21.15.72:6789/0] -- mon_getmap magic: 0 -- 0x7f946c10f190 con 0x7f946c07dd40
2024-04-26T21:42:28.377 INFO:teuthology.orchestra.run.smithi072.stdout:/usr/bin/ceph: stderr
2024-04-26T21:42:27.379+0000 7f946aa00700 1 --2- >> [v2:172.21.15.72:3300/0,v1:172.21.15.72:6789/0] conn(0x7f946c07dd40 0x7f946c19ed30 unknown :-1 s=BANNER_CONNECTING pgs=0 cs=0 l=1 rev1=0 crypto rx=0 tx=0 comp rx=0 tx=0)._handle_peer_banner_payload supported=3 required=0
2024-04-26T21:42:28.378 INFO:teuthology.orchestra.run.smithi072.stdout:/usr/bin/ceph: stderr
2024-04-26T21:42:27.379+0000 7f946aa00700 1 --2- >> [v2:172.21.15.72:3300/0,v1:172.21.15.72:6789/0] conn(0x7f946c07dd40 0x7f946c19ed30 unknown :-1 s=HELLO_CONNECTING pgs=0 cs=0 l=1 rev1=1 crypto rx=0 tx=0 comp rx=0 tx=0).handle_hello peer v2:172.21.15.72:3300/0 says I am v2:172.21.15.72:34986/0 (socket says 172.21.15.72:34986)
2024-04-26T21:42:28.378 INFO:teuthology.orchestra.run.smithi072.stdout:/usr/bin/ceph: stderr
2024-04-26T21:42:27.379+0000 7f946aa00700 1 -- 172.21.15.72:0/1647619306 learned_addr learned my addr 172.21.15.72:0/1647619306 (peer_addr_for_me v2:172.21.15.72:0/0)
2024-04-26T21:42:28.378 INFO:teuthology.orchestra.run.smithi072.stdout:/usr/bin/ceph: stderr
2024-04-26T21:42:27.380+0000 7f946aa00700 1 -- 172.21.15.72:0/1647619306 --> [v2:172.21.15.72:3300/0,v1:172.21.15.72:6789/0] -- mon_subscribe({config=0+,monmap=0+}) -- 0x7f946c19f270 con 0x7f946c07dd40
2024-04-26T21:42:28.378 INFO:teuthology.orchestra.run.smithi072.stdout:/usr/bin/ceph: stderr
2024-04-26T21:42:27.380+0000 7f946aa00700 1 --2- 172.21.15.72:0/1647619306 >> [v2:172.21.15.72:3300/0,v1:172.21.15.72:6789/0] conn(0x7f946c07dd40 0x7f946c19ed30 secure :-1 s=READY pgs=27 cs=0 l=1 rev1=1 crypto rx=0x7f945c0119b0 tx=0x7f945c011a90 comp rx=0 tx=0).ready entity=mon.0 client_cookie=0 server_cookie=0 in_seq=0 out_seq=0
2024-04-26T21:42:28.378 INFO:teuthology.orchestra.run.smithi072.stdout:/usr/bin/ceph: stderr
2024-04-26T21:42:27.380+0000 7f9470a00700 1 -- 172.21.15.72:0/1647619306 <== mon.0 v2:172.21.15.72:3300/0 1 ==== mon_map magic: 0 ==== 205+0+0 (secure 0 0 0) 0x7f945c003af0 con 0x7f946c07dd40
2024-04-26T21:42:28.378 INFO:teuthology.orchestra.run.smithi072.stdout:/usr/bin/ceph: stderr
2024-04-26T21:42:27.380+0000 7f9470a00700 1 -- 172.21.15.72:0/1647619306 <== mon.0 v2:172.21.15.72:3300/0 2 ==== config(25 keys) ==== 1032+0+0 (secure 0 0 0) 0x7f945c01a8a0 con 0x7f946c07dd40
2024-04-26T21:42:28.378 INFO:teuthology.orchestra.run.smithi072.stdout:/usr/bin/ceph: stderr
2024-04-26T21:42:27.380+0000 7f9470a00700 1 -- 172.21.15.72:0/1647619306 <== mon.0 v2:172.21.15.72:3300/0 3 ==== mon_map magic: 0 ==== 205+0+0 (secure 0 0 0) 0x7f945c024830 con 0x7f946c07dd40
2024-04-26T21:42:28.378 INFO:teuthology.orchestra.run.smithi072.stdout:/usr/bin/ceph: stderr
2024-04-26T21:42:27.380+0000 7f9471e00700 1 -- 172.21.15.72:0/1647619306 --> [v2:172.21.15.72:3300/0,v1:172.21.15.72:6789/0] -- mon_subscribe({mgrmap=0+}) -- 0x7f946c19f500 con 0x7f946c07dd40
2024-04-26T21:42:28.378 INFO:teuthology.orchestra.run.smithi072.stdout:/usr/bin/ceph: stderr
2024-04-26T21:42:27.381+0000 7f9471e00700 1 -- 172.21.15.72:0/1647619306 --> [v2:172.21.15.72:3300/0,v1:172.21.15.72:6789/0] -- mon_subscribe({osdmap=0}) -- 0x7f946c1a21f0 con 0x7f946c07dd40
2024-04-26T21:42:28.378 INFO:teuthology.orchestra.run.smithi072.stdout:/usr/bin/ceph: stderr
2024-04-26T21:42:27.382+0000 7f9470a00700 1 -- 172.21.15.72:0/1647619306 <== mon.0 v2:172.21.15.72:3300/0 4 ==== mgrmap(e 5) ==== 46558+0+0 (secure 0 0 0) 0x7f945c022020 con 0x7f946c07dd40
2024-04-26T21:42:28.378 INFO:teuthology.orchestra.run.smithi072.stdout:/usr/bin/ceph: stderr
2024-04-26T21:42:27.382+0000 7f9471e00700 1 -- 172.21.15.72:0/1647619306 --> [v2:172.21.15.72:3300/0,v1:172.21.15.72:6789/0] -- mon_command({"prefix": "get_command_descriptions"} v 0) -- 0x7f946c064a80 con 0x7f946c07dd40
2024-04-26T21:42:28.378 INFO:teuthology.orchestra.run.smithi072.stdout:/usr/bin/ceph: stderr
2024-04-26T21:42:27.382+0000 7f9470a00700 1 --2- 172.21.15.72:0/1647619306 >> [v2:172.21.15.72:6800/1012617371,v1:172.21.15.72:6801/1012617371] conn(0x7f9450039600 0x7f945003bac0 unknown :-1 s=NONE pgs=0 cs=0 l=1 rev1=0 crypto rx=0 tx=0 comp rx=0 tx=0).connect
2024-04-26T21:42:28.378 INFO:teuthology.orchestra.run.smithi072.stdout:/usr/bin/ceph: stderr
2024-04-26T21:42:27.382+0000 7f9470a00700 1 -- 172.21.15.72:0/1647619306 <== mon.0 v2:172.21.15.72:3300/0 5 ==== osd_map(1..1 src has 1..1) ==== 725+0+0 (secure 0 0 0) 0x7f945c04d5b0 con 0x7f946c07dd40
2024-04-26T21:42:28.379 INFO:teuthology.orchestra.run.smithi072.stdout:/usr/bin/ceph: stderr
2024-04-26T21:42:27.382+0000 7f946a000700 1 -- 172.21.15.72:0/1647619306 >> [v2:172.21.15.72:6800/1012617371,v1:172.21.15.72:6801/1012617371] conn(0x7f9450039600 msgr2=0x7f945003bac0 unknown :-1 s=STATE_CONNECTING_RE l=1).process reconnect failed to v2:172.21.15.72:6800/1012617371
2024-04-26T21:42:28.379 INFO:teuthology.orchestra.run.smithi072.stdout:/usr/bin/ceph: stderr
2024-04-26T21:42:27.383+0000 7f946a000700 1 --2- 172.21.15.72:0/1647619306 >> [v2:172.21.15.72:6800/1012617371,v1:172.21.15.72:6801/1012617371] conn(0x7f9450039600 0x7f945003bac0 unknown :-1 s=START_CONNECT pgs=0 cs=0 l=1 rev1=0 crypto rx=0 tx=0 comp rx=0 tx=0)._fault waiting 0.200000
2024-04-26T21:42:28.379 INFO:teuthology.orchestra.run.smithi072.stdout:/usr/bin/ceph: stderr
2024-04-26T21:42:27.388+0000 7f9470a00700 1 -- 172.21.15.72:0/1647619306 <== mon.0 v2:172.21.15.72:3300/0 6 ==== mon_command_ack([{"prefix": "get_command_descriptions"}]=0 v0) ==== 72+0+188494 (secure 0 0 0) 0x7f945c00f2e0 con 0x7f946c07dd40
2024-04-26T21:42:28.379 INFO:teuthology.orchestra.run.smithi072.stdout:/usr/bin/ceph: stderr
2024-04-26T21:42:27.584+0000 7f946a000700 1 -- 172.21.15.72:0/1647619306 >> [v2:172.21.15.72:6800/1012617371,v1:172.21.15.72:6801/1012617371] conn(0x7f9450039600 msgr2=0x7f945003bac0 unknown :-1 s=STATE_CONNECTING_RE l=1).process reconnect failed to v2:172.21.15.72:6800/1012617371
2024-04-26T21:42:28.379 INFO:teuthology.orchestra.run.smithi072.stdout:/usr/bin/ceph: stderr
2024-04-26T21:42:27.584+0000 7f946a000700 1 --2- 172.21.15.72:0/1647619306 >> [v2:172.21.15.72:6800/1012617371,v1:172.21.15.72:6801/1012617371] conn(0x7f9450039600 0x7f945003bac0 unknown :-1 s=START_CONNECT pgs=0 cs=0 l=1 rev1=0 crypto rx=0 tx=0 comp rx=0 tx=0)._fault waiting 0.400000
2024-04-26T21:42:28.379 INFO:teuthology.orchestra.run.smithi072.stdout:/usr/bin/ceph: stderr
2024-04-26T21:42:27.729+0000 7f9471e00700 1 -- 172.21.15.72:0/1647619306 --> [v2:172.21.15.72:3300/0,v1:172.21.15.72:6789/0] -- mon_command({"prefix": "mgr stat"} v 0) -- 0x7f946c1a2460 con 0x7f946c07dd40
2024-04-26T21:42:28.379 INFO:teuthology.orchestra.run.smithi072.stdout:/usr/bin/ceph: stderr
2024-04-26T21:42:27.730+0000 7f9470a00700 1 -- 172.21.15.72:0/1647619306 <== mon.0 v2:172.21.15.72:3300/0 7 ==== mon_command_ack([{"prefix": "mgr stat"}]=0 v5) ==== 56+0+88 (secure 0 0 0) 0x7f945c04d310 con 0x7f946c07dd40
2024-04-26T21:42:28.379 INFO:teuthology.orchestra.run.smithi072.stdout:/usr/bin/ceph: stderr
2024-04-26T21:42:27.733+0000 7f9471e00700 1 -- 172.21.15.72:0/1647619306 >> [v2:172.21.15.72:6800/1012617371,v1:172.21.15.72:6801/1012617371] conn(0x7f9450039600 msgr2=0x7f945003bac0 unknown :-1 s=STATE_CONNECTING l=1).mark_down
2024-04-26T21:42:28.379 INFO:teuthology.orchestra.run.smithi072.stdout:/usr/bin/ceph: stderr
2024-04-26T21:42:27.733+0000 7f9471e00700 1 --2- 172.21.15.72:0/1647619306 >> [v2:172.21.15.72:6800/1012617371,v1:172.21.15.72:6801/1012617371] conn(0x7f9450039600 0x7f945003bac0 unknown :-1 s=START_CONNECT pgs=0 cs=0 l=1 rev1=0 crypto rx=0 tx=0 comp rx=0 tx=0).stop
2024-04-26T21:42:28.379 INFO:teuthology.orchestra.run.smithi072.stdout:/usr/bin/ceph: stderr
2024-04-26T21:42:27.733+0000 7f9471e00700 1 -- 172.21.15.72:0/1647619306 >> [v2:172.21.15.72:3300/0,v1:172.21.15.72:6789/0] conn(0x7f946c07dd40 msgr2=0x7f946c19ed30 secure :-1 s=STATE_CONNECTION_ESTABLISHED l=1).mark_down
2024-04-26T21:42:28.379 INFO:teuthology.orchestra.run.smithi072.stdout:/usr/bin/ceph: stderr
2024-04-26T21:42:27.733+0000 7f9471e00700 1 --2- 172.21.15.72:0/1647619306 >> [v2:172.21.15.72:3300/0,v1:172.21.15.72:6789/0] conn(0x7f946c07dd40 0x7f946c19ed30 secure :-1 s=READY pgs=27 cs=0 l=1 rev1=1 crypto rx=0x7f945c0119b0 tx=0x7f945c011a90 comp rx=0 tx=0).stop
2024-04-26T21:42:28.379 INFO:teuthology.orchestra.run.smithi072.stdout:/usr/bin/ceph: stderr
2024-04-26T21:42:27.733+0000 7f9471e00700 1 -- 172.21.15.72:0/1647619306 shutdown_connections
2024-04-26T21:42:28.379 INFO:teuthology.orchestra.run.smithi072.stdout:/usr/bin/ceph: stderr
2024-04-26T21:42:27.733+0000 7f9471e00700 1 --2- 172.21.15.72:0/1647619306 >> [v2:172.21.15.72:6800/1012617371,v1:172.21.15.72:6801/1012617371] conn(0x7f9450039600 0x7f945003bac0 unknown :-1 s=CLOSED pgs=0 cs=0 l=1 rev1=0 crypto rx=0 tx=0 comp rx=0 tx=0).stop
2024-04-26T21:42:28.379 INFO:teuthology.orchestra.run.smithi072.stdout:/usr/bin/ceph: stderr
2024-04-26T21:42:27.733+0000 7f9471e00700 1 --2- 172.21.15.72:0/1647619306 >> [v2:172.21.15.72:3300/0,v1:172.21.15.72:6789/0] conn(0x7f946c07dd40 0x7f946c19ed30 unknown :-1 s=CLOSED pgs=27 cs=0 l=1 rev1=1 crypto rx=0 tx=0 comp rx=0 tx=0).stop
2024-04-26T21:42:28.380 INFO:teuthology.orchestra.run.smithi072.stdout:/usr/bin/ceph: stderr
2024-04-26T21:42:27.733+0000 7f9471e00700 1 -- 172.21.15.72:0/1647619306 >> 172.21.15.72:0/1647619306 conn(0x7f946c1041c0 msgr2=0x7f946c104cf0 unknown :-1 s=STATE_NONE l=0).mark_down
2024-04-26T21:42:28.380 INFO:teuthology.orchestra.run.smithi072.stdout:/usr/bin/ceph: stderr
2024-04-26T21:42:27.733+0000 7f9471e00700 1 -- 172.21.15.72:0/1647619306 shutdown_connections
2024-04-26T21:42:28.380 INFO:teuthology.orchestra.run.smithi072.stdout:/usr/bin/ceph: stderr
2024-04-26T21:42:27.734+0000 7f9471e00700 1 -- 172.21.15.72:0/1647619306 wait complete.
2024-04-26T21:42:28.380 INFO:teuthology.orchestra.run.smithi072.stdout:Waiting for the mgr to restart...
2024-04-26T21:42:28.380 INFO:teuthology.orchestra.run.smithi072.stdout:Waiting for mgr epoch 5...
2024-04-26T21:42:28.680 INFO:journalctl@ceph.mgr.x.smithi072.stdout:Apr 26 21:42:28 smithi072 ceph-a1780950-0415-11ef-bc93-c7b262605968-mgr-x[28363]:
2024-04-26T21:42:28.598+0000 7fe51c9b3200 -1 mgr[py] Module telegraf has missing NOTIFY_TYPES member
2024-04-26T21:42:28.961 INFO:journalctl@ceph.mgr.x.smithi072.stdout:Apr 26 21:42:28 smithi072 ceph-a1780950-0415-11ef-bc93-c7b262605968-mgr-x[28363]:
