2024-04-26T21:51:50.585 INFO:teuthology.orchestra.run.smithi012.stdout:/usr/bin/ceph: stderr
2024-04-26T21:51:49.706+0000 7f1bd2a00700 1 -- 172.21.15.12:0/2512993352 --> [v2:172.21.15.12:3300/0,v1:172.21.15.12:6789/0] -- mon_subscribe({config=0+,monmap=0+}) -- 0x7f1bd4109cb0 con 0x7f1bd4108ab0
2024-04-26T21:51:50.585 INFO:teuthology.orchestra.run.smithi012.stdout:/usr/bin/ceph: stderr
2024-04-26T21:51:49.707+0000 7f1bd2a00700 1 --2- 172.21.15.12:0/2512993352 >> [v2:172.21.15.12:3300/0,v1:172.21.15.12:6789/0] conn(0x7f1bd4108ab0 0x7f1bd4108ed0 secure :-1 s=READY pgs=74 cs=0 l=1 rev1=1 crypto rx=0x7f1bc40098a0 tx=0x7f1bc4009bb0 comp rx=0 tx=0).ready entity=mon.0 client_cookie=565c8983511f69b2 server_cookie=0 in_seq=0 out_seq=0
2024-04-26T21:51:50.585 INFO:teuthology.orchestra.run.smithi012.stdout:/usr/bin/ceph: stderr
2024-04-26T21:51:49.707+0000 7f1bd1600700 1 -- 172.21.15.12:0/2512993352 <== mon.0 v2:172.21.15.12:3300/0 1 ==== mon_map magic: 0 ==== 205+0+0 (secure 0 0 0) 0x7f1bc4004160 con 0x7f1bd4108ab0
2024-04-26T21:51:50.585 INFO:teuthology.orchestra.run.smithi012.stdout:/usr/bin/ceph: stderr
2024-04-26T21:51:49.707+0000 7f1bd1600700 1 -- 172.21.15.12:0/2512993352 <== mon.0 v2:172.21.15.12:3300/0 2 ==== config(26 keys) ==== 1101+0+0 (secure 0 0 0) 0x7f1bc4004300 con 0x7f1bd4108ab0
2024-04-26T21:51:50.585 INFO:teuthology.orchestra.run.smithi012.stdout:/usr/bin/ceph: stderr
2024-04-26T21:51:49.707+0000 7f1bd1600700 1 -- 172.21.15.12:0/2512993352 <== mon.0 v2:172.21.15.12:3300/0 3 ==== mon_map magic: 0 ==== 205+0+0 (secure 0 0 0) 0x7f1bc4011a20 con 0x7f1bd4108ab0
2024-04-26T21:51:50.586 INFO:teuthology.orchestra.run.smithi012.stdout:/usr/bin/ceph: stderr
2024-04-26T21:51:49.708+0000 7f1bd3e00700 1 -- 172.21.15.12:0/2512993352 >> [v2:172.21.15.12:3300/0,v1:172.21.15.12:6789/0] conn(0x7f1bd4108ab0 msgr2=0x7f1bd4108ed0 secure :-1 s=STATE_CONNECTION_ESTABLISHED l=1).mark_down
2024-04-26T21:51:50.586 INFO:teuthology.orchestra.run.smithi012.stdout:/usr/bin/ceph: stderr
2024-04-26T21:51:49.708+0000 7f1bd3e00700 1 --2- 172.21.15.12:0/2512993352 >> [v2:172.21.15.12:3300/0,v1:172.21.15.12:6789/0] conn(0x7f1bd4108ab0 0x7f1bd4108ed0 secure :-1 s=READY pgs=74 cs=0 l=1 rev1=1 crypto rx=0x7f1bc40098a0 tx=0x7f1bc4009bb0 comp rx=0 tx=0).stop
2024-04-26T21:51:50.586 INFO:teuthology.orchestra.run.smithi012.stdout:/usr/bin/ceph: stderr
2024-04-26T21:51:49.708+0000 7f1bd3e00700 1 -- 172.21.15.12:0/2512993352 shutdown_connections
2024-04-26T21:51:50.586 INFO:teuthology.orchestra.run.smithi012.stdout:/usr/bin/ceph: stderr
2024-04-26T21:51:49.708+0000 7f1bd3e00700 1 --2- 172.21.15.12:0/2512993352 >> [v2:172.21.15.12:3300/0,v1:172.21.15.12:6789/0] conn(0x7f1bd4108ab0 0x7f1bd4108ed0 unknown :-1 s=CLOSED pgs=74 cs=0 l=1 rev1=1 crypto rx=0 tx=0 comp rx=0 tx=0).stop
2024-04-26T21:51:50.586 INFO:teuthology.orchestra.run.smithi012.stdout:/usr/bin/ceph: stderr
2024-04-26T21:51:49.708+0000 7f1bd3e00700 1 -- 172.21.15.12:0/2512993352 >> 172.21.15.12:0/2512993352 conn(0x7f1bd4104050 msgr2=0x7f1bd4106490 unknown :-1 s=STATE_NONE l=0).mark_down
2024-04-26T21:51:50.586 INFO:teuthology.orchestra.run.smithi012.stdout:/usr/bin/ceph: stderr
2024-04-26T21:51:49.708+0000 7f1bd3e00700 1 -- 172.21.15.12:0/2512993352 shutdown_connections
2024-04-26T21:51:50.586 INFO:teuthology.orchestra.run.smithi012.stdout:/usr/bin/ceph: stderr
2024-04-26T21:51:49.708+0000 7f1bd3e00700 1 -- 172.21.15.12:0/2512993352 wait complete.
2024-04-26T21:51:50.586 INFO:teuthology.orchestra.run.smithi012.stdout:/usr/bin/ceph: stderr
2024-04-26T21:51:49.709+0000 7f1bd3e00700 1 Processor -- start
2024-04-26T21:51:50.586 INFO:teuthology.orchestra.run.smithi012.stdout:/usr/bin/ceph: stderr
2024-04-26T21:51:49.710+0000 7f1bd3e00700 1 -- start start
2024-04-26T21:51:50.586 INFO:teuthology.orchestra.run.smithi012.stdout:/usr/bin/ceph: stderr
2024-04-26T21:51:49.710+0000 7f1bd3e00700 1 --2- >> [v2:172.21.15.12:3300/0,v1:172.21.15.12:6789/0] conn(0x7f1bd4108ab0 0x7f1bd407eb80 unknown :-1 s=NONE pgs=0 cs=0 l=1 rev1=0 crypto rx=0 tx=0 comp rx=0 tx=0).connect
2024-04-26T21:51:50.586 INFO:teuthology.orchestra.run.smithi012.stdout:/usr/bin/ceph: stderr
2024-04-26T21:51:49.710+0000 7f1bd3e00700 1 -- --> [v2:172.21.15.12:3300/0,v1:172.21.15.12:6789/0] -- mon_getmap magic: 0 -- 0x7f1bd410d060 con 0x7f1bd4108ab0
2024-04-26T21:51:50.586 INFO:teuthology.orchestra.run.smithi012.stdout:/usr/bin/ceph: stderr
2024-04-26T21:51:49.710+0000 7f1bd2a00700 1 --2- >> [v2:172.21.15.12:3300/0,v1:172.21.15.12:6789/0] conn(0x7f1bd4108ab0 0x7f1bd407eb80 unknown :-1 s=BANNER_CONNECTING pgs=0 cs=0 l=1 rev1=0 crypto rx=0 tx=0 comp rx=0 tx=0)._handle_peer_banner_payload supported=3 required=0
2024-04-26T21:51:50.586 INFO:teuthology.orchestra.run.smithi012.stdout:/usr/bin/ceph: stderr
2024-04-26T21:51:49.710+0000 7f1bd2a00700 1 --2- >> [v2:172.21.15.12:3300/0,v1:172.21.15.12:6789/0] conn(0x7f1bd4108ab0 0x7f1bd407eb80 unknown :-1 s=HELLO_CONNECTING pgs=0 cs=0 l=1 rev1=1 crypto rx=0 tx=0 comp rx=0 tx=0).handle_hello peer v2:172.21.15.12:3300/0 says I am v2:172.21.15.12:54158/0 (socket says 172.21.15.12:54158)
2024-04-26T21:51:50.587 INFO:teuthology.orchestra.run.smithi012.stdout:/usr/bin/ceph: stderr
2024-04-26T21:51:49.710+0000 7f1bd2a00700 1 -- 172.21.15.12:0/831033408 learned_addr learned my addr 172.21.15.12:0/831033408 (peer_addr_for_me v2:172.21.15.12:0/0)
2024-04-26T21:51:50.587 INFO:teuthology.orchestra.run.smithi012.stdout:/usr/bin/ceph: stderr
2024-04-26T21:51:49.711+0000 7f1bd2a00700 1 -- 172.21.15.12:0/831033408 --> [v2:172.21.15.12:3300/0,v1:172.21.15.12:6789/0] -- mon_subscribe({config=0+,monmap=0+}) -- 0x7f1bd407f0c0 con 0x7f1bd4108ab0
2024-04-26T21:51:50.587 INFO:teuthology.orchestra.run.smithi012.stdout:/usr/bin/ceph: stderr
2024-04-26T21:51:49.711+0000 7f1bd2a00700 1 --2- 172.21.15.12:0/831033408 >> [v2:172.21.15.12:3300/0,v1:172.21.15.12:6789/0] conn(0x7f1bd4108ab0 0x7f1bd407eb80 secure :-1 s=READY pgs=75 cs=0 l=1 rev1=1 crypto rx=0x7f1bc4009520 tx=0x7f1bc4011aa0 comp rx=0 tx=0).ready entity=mon.0 client_cookie=0 server_cookie=0 in_seq=0 out_seq=0
2024-04-26T21:51:50.587 INFO:teuthology.orchestra.run.smithi012.stdout:/usr/bin/ceph: stderr
2024-04-26T21:51:49.711+0000 7f1bcb400700 1 -- 172.21.15.12:0/831033408 <== mon.0 v2:172.21.15.12:3300/0 1 ==== mon_map magic: 0 ==== 205+0+0 (secure 0 0 0) 0x7f1bc40039e0 con 0x7f1bd4108ab0
2024-04-26T21:51:50.587 INFO:teuthology.orchestra.run.smithi012.stdout:/usr/bin/ceph: stderr
2024-04-26T21:51:49.712+0000 7f1bcb400700 1 -- 172.21.15.12:0/831033408 <== mon.0 v2:172.21.15.12:3300/0 2 ==== config(26 keys) ==== 1101+0+0 (secure 0 0 0) 0x7f1bc401b8f0 con 0x7f1bd4108ab0
2024-04-26T21:51:50.587 INFO:teuthology.orchestra.run.smithi012.stdout:/usr/bin/ceph: stderr
2024-04-26T21:51:49.712+0000 7f1bd3e00700 1 -- 172.21.15.12:0/831033408 --> [v2:172.21.15.12:3300/0,v1:172.21.15.12:6789/0] -- mon_subscribe({mgrmap=0+}) -- 0x7f1bd407d2b0 con 0x7f1bd4108ab0
2024-04-26T21:51:50.587 INFO:teuthology.orchestra.run.smithi012.stdout:/usr/bin/ceph: stderr
2024-04-26T21:51:49.712+0000 7f1bcb400700 1 -- 172.21.15.12:0/831033408 <== mon.0 v2:172.21.15.12:3300/0 3 ==== mon_map magic: 0 ==== 205+0+0 (secure 0 0 0) 0x7f1bc4019770 con 0x7f1bd4108ab0
2024-04-26T21:51:50.587 INFO:teuthology.orchestra.run.smithi012.stdout:/usr/bin/ceph: stderr
2024-04-26T21:51:49.712+0000 7f1bd3e00700 1 -- 172.21.15.12:0/831033408 --> [v2:172.21.15.12:3300/0,v1:172.21.15.12:6789/0] -- mon_subscribe({osdmap=0}) -- 0x7f1bd407d7f0 con 0x7f1bd4108ab0
2024-04-26T21:51:50.587 INFO:teuthology.orchestra.run.smithi012.stdout:/usr/bin/ceph: stderr
2024-04-26T21:51:49.713+0000 7f1bcb400700 1 -- 172.21.15.12:0/831033408 <== mon.0 v2:172.21.15.12:3300/0 4 ==== mgrmap(e 13) ==== 46614+0+0 (secure 0 0 0) 0x7f1bc4019a20 con 0x7f1bd4108ab0
2024-04-26T21:51:50.587 INFO:teuthology.orchestra.run.smithi012.stdout:/usr/bin/ceph: stderr
2024-04-26T21:51:49.713+0000 7f1bd3e00700 1 -- 172.21.15.12:0/831033408 --> [v2:172.21.15.12:3300/0,v1:172.21.15.12:6789/0] -- mon_command({"prefix": "get_command_descriptions"} v 0) -- 0x7f1bd4064a80 con 0x7f1bd4108ab0
2024-04-26T21:51:50.587 INFO:teuthology.orchestra.run.smithi012.stdout:/usr/bin/ceph: stderr
2024-04-26T21:51:49.713+0000 7f1bcb400700 1 --2- 172.21.15.12:0/831033408 >> [v2:172.21.15.12:6800/3660687894,v1:172.21.15.12:6801/3660687894] conn(0x7f1bb80396f0 0x7f1bb803bbb0 unknown :-1 s=NONE pgs=0 cs=0 l=1 rev1=0 crypto rx=0 tx=0 comp rx=0 tx=0).connect
2024-04-26T21:51:50.587 INFO:teuthology.orchestra.run.smithi012.stdout:/usr/bin/ceph: stderr
2024-04-26T21:51:49.714+0000 7f1bcb400700 1 -- 172.21.15.12:0/831033408 <== mon.0 v2:172.21.15.12:3300/0 5 ==== osd_map(3..3 src has 1..3) ==== 1155+0+0 (secure 0 0 0) 0x7f1bc404e190 con 0x7f1bd4108ab0
2024-04-26T21:51:50.587 INFO:teuthology.orchestra.run.smithi012.stdout:/usr/bin/ceph: stderr
2024-04-26T21:51:49.714+0000 7f1bd2000700 1 --2- 172.21.15.12:0/831033408 >> [v2:172.21.15.12:6800/3660687894,v1:172.21.15.12:6801/3660687894] conn(0x7f1bb80396f0 0x7f1bb803bbb0 unknown :-1 s=BANNER_CONNECTING pgs=0 cs=0 l=1 rev1=0 crypto rx=0 tx=0 comp rx=0 tx=0)._handle_peer_banner_payload supported=3 required=0
2024-04-26T21:51:50.588 INFO:teuthology.orchestra.run.smithi012.stdout:/usr/bin/ceph: stderr
2024-04-26T21:51:49.715+0000 7f1bd2000700 1 --2- 172.21.15.12:0/831033408 >> [v2:172.21.15.12:6800/3660687894,v1:172.21.15.12:6801/3660687894] conn(0x7f1bb80396f0 0x7f1bb803bbb0 secure :-1 s=READY pgs=9 cs=0 l=1 rev1=1 crypto rx=0x7f1bc0006fd0 tx=0x7f1bc0006e40 comp rx=0 tx=0).ready entity=mgr.14152 client_cookie=0 server_cookie=0 in_seq=0 out_seq=0
2024-04-26T21:51:50.588 INFO:teuthology.orchestra.run.smithi012.stdout:/usr/bin/ceph: stderr
2024-04-26T21:51:49.719+0000 7f1bcb400700 1 -- 172.21.15.12:0/831033408 <== mon.0 v2:172.21.15.12:3300/0 6 ==== mon_command_ack([{"prefix": "get_command_descriptions"}]=0 v0) ==== 72+0+188494 (secure 0 0 0) 0x7f1bc401f030 con 0x7f1bd4108ab0
2024-04-26T21:51:50.588 INFO:teuthology.orchestra.run.smithi012.stdout:/usr/bin/ceph: stderr
2024-04-26T21:51:49.960+0000 7f1bd3e00700 1 -- 172.21.15.12:0/831033408 --> [v2:172.21.15.12:3300/0,v1:172.21.15.12:6789/0] -- mon_command({"prefix": "config get", "who": "mgr", "key": "mgr/dashboard/ssl_server_port"} v 0) -- 0x7f1bd407df90 con 0x7f1bd4108ab0
2024-04-26T21:51:50.588 INFO:teuthology.orchestra.run.smithi012.stdout:/usr/bin/ceph: stderr
2024-04-26T21:51:49.960+0000 7f1bcb400700 1 -- 172.21.15.12:0/831033408 <== mon.0 v2:172.21.15.12:3300/0 7 ==== mon_command_ack([{"prefix": "config get", "who": "mgr", "key": "mgr/dashboard/ssl_server_port"}]=0 v8) ==== 112+0+5 (secure 0 0 0) 0x7f1bc4019d10 con 0x7f1bd4108ab0
2024-04-26T21:51:50.588 INFO:teuthology.orchestra.run.smithi012.stdout:/usr/bin/ceph: stderr
2024-04-26T21:51:49.963+0000 7f1bd3e00700 1 -- 172.21.15.12:0/831033408 >> [v2:172.21.15.12:6800/3660687894,v1:172.21.15.12:6801/3660687894] conn(0x7f1bb80396f0 msgr2=0x7f1bb803bbb0 secure :-1 s=STATE_CONNECTION_ESTABLISHED l=1).mark_down
2024-04-26T21:51:50.588 INFO:teuthology.orchestra.run.smithi012.stdout:/usr/bin/ceph: stderr
2024-04-26T21:51:49.963+0000 7f1bd3e00700 1 --2- 172.21.15.12:0/831033408 >> [v2:172.21.15.12:6800/3660687894,v1:172.21.15.12:6801/3660687894] conn(0x7f1bb80396f0 0x7f1bb803bbb0 secure :-1 s=READY pgs=9 cs=0 l=1 rev1=1 crypto rx=0x7f1bc0006fd0 tx=0x7f1bc0006e40 comp rx=0 tx=0).stop
2024-04-26T21:51:50.588 INFO:teuthology.orchestra.run.smithi012.stdout:/usr/bin/ceph: stderr
2024-04-26T21:51:49.963+0000 7f1bd3e00700 1 -- 172.21.15.12:0/831033408 >> [v2:172.21.15.12:3300/0,v1:172.21.15.12:6789/0] conn(0x7f1bd4108ab0 msgr2=0x7f1bd407eb80 secure :-1 s=STATE_CONNECTION_ESTABLISHED l=1).mark_down
2024-04-26T21:51:50.588 INFO:teuthology.orchestra.run.smithi012.stdout:/usr/bin/ceph: stderr
2024-04-26T21:51:49.963+0000 7f1bd3e00700 1 --2- 172.21.15.12:0/831033408 >> [v2:172.21.15.12:3300/0,v1:172.21.15.12:6789/0] conn(0x7f1bd4108ab0 0x7f1bd407eb80 secure :-1 s=READY pgs=75 cs=0 l=1 rev1=1 crypto rx=0x7f1bc4009520 tx=0x7f1bc4011aa0 comp rx=0 tx=0).stop
2024-04-26T21:51:50.588 INFO:teuthology.orchestra.run.smithi012.stdout:/usr/bin/ceph: stderr
2024-04-26T21:51:49.963+0000 7f1bd3e00700 1 -- 172.21.15.12:0/831033408 shutdown_connections
2024-04-26T21:51:50.588 INFO:teuthology.orchestra.run.smithi012.stdout:/usr/bin/ceph: stderr
2024-04-26T21:51:49.963+0000 7f1bd3e00700 1 --2- 172.21.15.12:0/831033408 >> [v2:172.21.15.12:6800/3660687894,v1:172.21.15.12:6801/3660687894] conn(0x7f1bb80396f0 0x7f1bb803bbb0 unknown :-1 s=CLOSED pgs=9 cs=0 l=1 rev1=1 crypto rx=0 tx=0 comp rx=0 tx=0).stop
2024-04-26T21:51:50.588 INFO:teuthology.orchestra.run.smithi012.stdout:/usr/bin/ceph: stderr
2024-04-26T21:51:49.963+0000 7f1bd3e00700 1 --2- 172.21.15.12:0/831033408 >> [v2:172.21.15.12:3300/0,v1:172.21.15.12:6789/0] conn(0x7f1bd4108ab0 0x7f1bd407eb80 unknown :-1 s=CLOSED pgs=75 cs=0 l=1 rev1=1 crypto rx=0 tx=0 comp rx=0 tx=0).stop
2024-04-26T21:51:50.588 INFO:teuthology.orchestra.run.smithi012.stdout:/usr/bin/ceph: stderr
2024-04-26T21:51:49.963+0000 7f1bd3e00700 1 -- 172.21.15.12:0/831033408 >> 172.21.15.12:0/831033408 conn(0x7f1bd4104050 msgr2=0x7f1bd4104b40 unknown :-1 s=STATE_NONE l=0).mark_down
2024-04-26T21:51:50.588 INFO:teuthology.orchestra.run.smithi012.stdout:/usr/bin/ceph: stderr
2024-04-26T21:51:49.964+0000 7f1bd3e00700 1 -- 172.21.15.12:0/831033408 shutdown_connections
2024-04-26T21:51:50.588 INFO:teuthology.orchestra.run.smithi012.stdout:/usr/bin/ceph: stderr
2024-04-26T21:51:49.964+0000 7f1bd3e00700 1 -- 172.21.15.12:0/831033408 wait complete.
2024-04-26T21:51:50.618 INFO:teuthology.orchestra.run.smithi012.stdout:Non-zero exit code 1 from systemctl is-enabled firewalld.service
2024-04-26T21:51:50.619 INFO:teuthology.orchestra.run.smithi012.stdout:systemctl: stdout disabled
2024-04-26T21:51:50.637 INFO:teuthology.orchestra.run.smithi012.stdout:Non-zero exit code 3 from systemctl is-active firewalld.service
2024-04-26T21:51:50.637 INFO:teuthology.orchestra.run.smithi012.stdout:systemctl: stdout inactive
2024-04-26T21:51:50.638 INFO:teuthology.orchestra.run.smithi012.stdout:firewalld.service is not enabled
2024-04-26T21:51:50.638 INFO:teuthology.orchestra.run.smithi012.stdout:Not possible to open ports <[8443]>. firewalld.service is not available
2024-04-26T21:51:50.642 INFO:teuthology.orchestra.run.smithi012.stdout:Ceph Dashboard is now available at:
2024-04-26T21:51:50.642 INFO:teuthology.orchestra.run.smithi012.stdout:
2024-04-26T21:51:50.642 INFO:teuthology.orchestra.run.smithi012.stdout: URL: https://smithi012.front.sepia.ceph.com:8443/
2024-04-26T21:51:50.642 INFO:teuthology.orchestra.run.smithi012.stdout: User: admin
2024-04-26T21:51:50.642 INFO:teuthology.orchestra.run.smithi012.stdout: Password: 0ju9868h83
2024-04-26T21:51:50.642 INFO:teuthology.orchestra.run.smithi012.stdout:
2024-04-26T21:51:50.642 INFO:teuthology.orchestra.run.smithi012.stdout:Saving cluster configuration to /var/lib/ceph/d6d929b6-0416-11ef-bc93-c7b262605968/config directory
2024-04-26T21:51:50.643 INFO:teuthology.orchestra.run.smithi012.stdout:Enabling autotune for osd_memory_target
2024-04-26T21:51:53.123 INFO:teuthology.orchestra.run.smithi012.stdout:/usr/bin/ceph: stderr
2024-04-26T21:51:52.063+0000 7fe3f6000700 1 Processor -- start
2024-04-26T21:51:53.123 INFO:teuthology.orchestra.run.smithi012.stdout:/usr/bin/ceph: stderr
2024-04-26T21:51:52.063+0000 7fe3f6000700 1 -- start start
2024-04-26T21:51:53.124 INFO:teuthology.orchestra.run.smithi012.stdout:/usr/bin/ceph: stderr
2024-04-26T21:51:52.063+0000 7fe3f6000700 1 --2- >> [v2:172.21.15.12:3300/0,v1:172.21.15.12:6789/0] conn(0x7fe3f0108cc0 0x7fe3f01090e0 unknown :-1 s=NONE pgs=0 cs=0 l=0 rev1=0 crypto rx=0 tx=0 comp rx=0 tx=0).connect
2024-04-26T21:51:53.124 INFO:teuthology.orchestra.run.smithi012.stdout:/usr/bin/ceph: stderr
2024-04-26T21:51:52.063+0000 7fe3f6000700 1 -- --> [v2:172.21.15.12:3300/0,v1:172.21.15.12:6789/0] -- mon_getmap magic: 0 -- 0x7fe3f01096b0 con 0x7fe3f0108cc0
2024-04-26T21:51:53.124 INFO:teuthology.orchestra.run.smithi012.stdout:/usr/bin/ceph: stderr
2024-04-26T21:51:52.064+0000 7fe3ef400700 1 --2- >> [v2:172.21.15.12:3300/0,v1:172.21.15.12:6789/0] conn(0x7fe3f0108cc0 0x7fe3f01090e0 unknown :-1 s=BANNER_CONNECTING pgs=0 cs=0 l=0 rev1=0 crypto rx=0 tx=0 comp rx=0 tx=0)._handle_peer_banner_payload supported=3 required=0
2024-04-26T21:51:53.124 INFO:teuthology.orchestra.run.smithi012.stdout:/usr/bin/ceph: stderr
2024-04-26T21:51:52.064+0000 7fe3ef400700 1 --2- >> [v2:172.21.15.12:3300/0,v1:172.21.15.12:6789/0] conn(0x7fe3f0108cc0 0x7fe3f01090e0 unknown :-1 s=HELLO_CONNECTING pgs=0 cs=0 l=0 rev1=1 crypto rx=0 tx=0 comp rx=0 tx=0).handle_hello peer v2:172.21.15.12:3300/0 says I am v2:172.21.15.12:54166/0 (socket says 172.21.15.12:54166)
2024-04-26T21:51:53.127 INFO:teuthology.orchestra.run.smithi012.stdout:/usr/bin/ceph: stderr
2024-04-26T21:51:52.064+0000 7fe3ef400700 1 -- 172.21.15.12:0/3144428058 learned_addr learned my addr 172.21.15.12:0/3144428058 (peer_addr_for_me v2:172.21.15.12:0/0)
2024-04-26T21:51:53.127 INFO:teuthology.orchestra.run.smithi012.stdout:/usr/bin/ceph: stderr
2024-04-26T21:51:52.064+0000 7fe3ef400700 1 -- 172.21.15.12:0/3144428058 --> [v2:172.21.15.12:3300/0,v1:172.21.15.12:6789/0] -- mon_subscribe({config=0+,monmap=0+}) -- 0x7fe3f0109ec0 con 0x7fe3f0108cc0
2024-04-26T21:51:53.127 INFO:teuthology.orchestra.run.smithi012.stdout:/usr/bin/ceph: stderr
2024-04-26T21:51:52.065+0000 7fe3ef400700 1 --2- 172.21.15.12:0/3144428058 >> [v2:172.21.15.12:3300/0,v1:172.21.15.12:6789/0] conn(0x7fe3f0108cc0 0x7fe3f01090e0 secure :-1 s=READY pgs=76 cs=0 l=1 rev1=1 crypto rx=0x7fe3e00098a0 tx=0x7fe3e0009bb0 comp rx=0 tx=0).ready entity=mon.0 client_cookie=8d8f8eede1a5778c server_cookie=0 in_seq=0 out_seq=0
2024-04-26T21:51:53.127 INFO:teuthology.orchestra.run.smithi012.stdout:/usr/bin/ceph: stderr
2024-04-26T21:51:52.065+0000 7fe3ee000700 1 -- 172.21.15.12:0/3144428058 <== mon.0 v2:172.21.15.12:3300/0 1 ==== mon_map magic: 0 ==== 205+0+0 (secure 0 0 0) 0x7fe3e0004160 con 0x7fe3f0108cc0
2024-04-26T21:51:53.128 INFO:teuthology.orchestra.run.smithi012.stdout:/usr/bin/ceph: stderr
2024-04-26T21:51:52.065+0000 7fe3ee000700 1 -- 172.21.15.12:0/3144428058 <== mon.0 v2:172.21.15.12:3300/0 2 ==== config(26 keys) ==== 1101+0+0 (secure 0 0 0) 0x7fe3e0004300 con 0x7fe3f0108cc0
2024-04-26T21:51:53.128 INFO:teuthology.orchestra.run.smithi012.stdout:/usr/bin/ceph: stderr
2024-04-26T21:51:52.066+0000 7fe3ee000700 1 -- 172.21.15.12:0/3144428058 <== mon.0 v2:172.21.15.12:3300/0 3 ==== mon_map magic: 0 ==== 205+0+0 (secure 0 0 0) 0x7fe3e0011a20 con 0x7fe3f0108cc0
2024-04-26T21:51:53.128 INFO:teuthology.orchestra.run.smithi012.stdout:/usr/bin/ceph: stderr
2024-04-26T21:51:52.066+0000 7fe3f6000700 1 -- 172.21.15.12:0/3144428058 >> [v2:172.21.15.12:3300/0,v1:172.21.15.12:6789/0] conn(0x7fe3f0108cc0 msgr2=0x7fe3f01090e0 secure :-1 s=STATE_CONNECTION_ESTABLISHED l=1).mark_down
2024-04-26T21:51:53.128 INFO:teuthology.orchestra.run.smithi012.stdout:/usr/bin/ceph: stderr
2024-04-26T21:51:52.066+0000 7fe3f6000700 1 --2- 172.21.15.12:0/3144428058 >> [v2:172.21.15.12:3300/0,v1:172.21.15.12:6789/0] conn(0x7fe3f0108cc0 0x7fe3f01090e0 secure :-1 s=READY pgs=76 cs=0 l=1 rev1=1 crypto rx=0x7fe3e00098a0 tx=0x7fe3e0009bb0 comp rx=0 tx=0).stop
2024-04-26T21:51:53.128 INFO:teuthology.orchestra.run.smithi012.stdout:/usr/bin/ceph: stderr
2024-04-26T21:51:52.067+0000 7fe3f6000700 1 -- 172.21.15.12:0/3144428058 shutdown_connections
2024-04-26T21:51:53.128 INFO:teuthology.orchestra.run.smithi012.stdout:/usr/bin/ceph: stderr
2024-04-26T21:51:52.067+0000 7fe3f6000700 1 --2- 172.21.15.12:0/3144428058 >> [v2:172.21.15.12:3300/0,v1:172.21.15.12:6789/0] conn(0x7fe3f0108cc0 0x7fe3f01090e0 unknown :-1 s=CLOSED pgs=76 cs=0 l=1 rev1=1 crypto rx=0 tx=0 comp rx=0 tx=0).stop
2024-04-26T21:51:53.128 INFO:teuthology.orchestra.run.smithi012.stdout:/usr/bin/ceph: stderr
2024-04-26T21:51:52.067+0000 7fe3f6000700 1 -- 172.21.15.12:0/3144428058 >> 172.21.15.12:0/3144428058 conn(0x7fe3f01042a0 msgr2=0x7fe3f01066c0 unknown :-1 s=STATE_NONE l=0).mark_down
2024-04-26T21:51:53.128 INFO:teuthology.orchestra.run.smithi012.stdout:/usr/bin/ceph: stderr
2024-04-26T21:51:52.067+0000 7fe3f6000700 1 -- 172.21.15.12:0/3144428058 shutdown_connections
2024-04-26T21:51:53.128 INFO:teuthology.orchestra.run.smithi012.stdout:/usr/bin/ceph: stderr
2024-04-26T21:51:52.067+0000 7fe3f6000700 1 -- 172.21.15.12:0/3144428058 wait complete.
2024-04-26T21:51:53.129 INFO:teuthology.orchestra.run.smithi012.stdout:/usr/bin/ceph: stderr
2024-04-26T21:51:52.068+0000 7fe3f6000700 1 Processor -- start
2024-04-26T21:51:53.129 INFO:teuthology.orchestra.run.smithi012.stdout:/usr/bin/ceph: stderr
2024-04-26T21:51:52.068+0000 7fe3f6000700 1 -- start start
2024-04-26T21:51:53.129 INFO:teuthology.orchestra.run.smithi012.stdout:/usr/bin/ceph: stderr
2024-04-26T21:51:52.068+0000 7fe3f6000700 1 --2- >> [v2:172.21.15.12:3300/0,v1:172.21.15.12:6789/0] conn(0x7fe3f0108cc0 0x7fe3f019cbb0 unknown :-1 s=NONE pgs=0 cs=0 l=1 rev1=0 crypto rx=0 tx=0 comp rx=0 tx=0).connect
2024-04-26T21:51:53.129 INFO:teuthology.orchestra.run.smithi012.stdout:/usr/bin/ceph: stderr
2024-04-26T21:51:52.068+0000 7fe3f6000700 1 -- --> [v2:172.21.15.12:3300/0,v1:172.21.15.12:6789/0] -- mon_getmap magic: 0 -- 0x7fe3f010d270 con 0x7fe3f0108cc0
2024-04-26T21:51:53.129 INFO:teuthology.orchestra.run.smithi012.stdout:/usr/bin/ceph: stderr
2024-04-26T21:51:52.069+0000 7fe3ef400700 1 --2- >> [v2:172.21.15.12:3300/0,v1:172.21.15.12:6789/0] conn(0x7fe3f0108cc0 0x7fe3f019cbb0 unknown :-1 s=BANNER_CONNECTING pgs=0 cs=0 l=1 rev1=0 crypto rx=0 tx=0 comp rx=0 tx=0)._handle_peer_banner_payload supported=3 required=0
2024-04-26T21:51:53.129 INFO:teuthology.orchestra.run.smithi012.stdout:/usr/bin/ceph: stderr
2024-04-26T21:51:52.069+0000 7fe3ef400700 1 --2- >> [v2:172.21.15.12:3300/0,v1:172.21.15.12:6789/0] conn(0x7fe3f0108cc0 0x7fe3f019cbb0 unknown :-1 s=HELLO_CONNECTING pgs=0 cs=0 l=1 rev1=1 crypto rx=0 tx=0 comp rx=0 tx=0).handle_hello peer v2:172.21.15.12:3300/0 says I am v2:172.21.15.12:54168/0 (socket says 172.21.15.12:54168)
2024-04-26T21:51:53.129 INFO:teuthology.orchestra.run.smithi012.stdout:/usr/bin/ceph: stderr
2024-04-26T21:51:52.069+0000 7fe3ef400700 1 -- 172.21.15.12:0/3092020634 learned_addr learned my addr 172.21.15.12:0/3092020634 (peer_addr_for_me v2:172.21.15.12:0/0)
2024-04-26T21:51:53.129 INFO:teuthology.orchestra.run.smithi012.stdout:/usr/bin/ceph: stderr
2024-04-26T21:51:52.069+0000 7fe3ef400700 1 -- 172.21.15.12:0/3092020634 --> [v2:172.21.15.12:3300/0,v1:172.21.15.12:6789/0] -- mon_subscribe({config=0+,monmap=0+}) -- 0x7fe3f019d0f0 con 0x7fe3f0108cc0
2024-04-26T21:51:53.129 INFO:teuthology.orchestra.run.smithi012.stdout:/usr/bin/ceph: stderr
2024-04-26T21:51:52.069+0000 7fe3ef400700 1 --2- 172.21.15.12:0/3092020634 >> [v2:172.21.15.12:3300/0,v1:172.21.15.12:6789/0] conn(0x7fe3f0108cc0 0x7fe3f019cbb0 secure :-1 s=READY pgs=77 cs=0 l=1 rev1=1 crypto rx=0x7fe3e0009520 tx=0x7fe3e0011aa0 comp rx=0 tx=0).ready entity=mon.0 client_cookie=0 server_cookie=0 in_seq=0 out_seq=0
2024-04-26T21:51:53.129 INFO:teuthology.orchestra.run.smithi012.stdout:/usr/bin/ceph: stderr
2024-04-26T21:51:52.070+0000 7fe3e7e00700 1 -- 172.21.15.12:0/3092020634 <== mon.0 v2:172.21.15.12:3300/0 1 ==== mon_map magic: 0 ==== 205+0+0 (secure 0 0 0) 0x7fe3e00039e0 con 0x7fe3f0108cc0
2024-04-26T21:51:53.129 INFO:teuthology.orchestra.run.smithi012.stdout:/usr/bin/ceph: stderr
2024-04-26T21:51:52.070+0000 7fe3e7e00700 1 -- 172.21.15.12:0/3092020634 <== mon.0 v2:172.21.15.12:3300/0 2 ==== config(26 keys) ==== 1101+0+0 (secure 0 0 0) 0x7fe3e001b8f0 con 0x7fe3f0108cc0
2024-04-26T21:51:53.129 INFO:teuthology.orchestra.run.smithi012.stdout:/usr/bin/ceph: stderr
2024-04-26T21:51:52.070+0000 7fe3e7e00700 1 -- 172.21.15.12:0/3092020634 <== mon.0 v2:172.21.15.12:3300/0 3 ==== mon_map magic: 0 ==== 205+0+0 (secure 0 0 0) 0x7fe3e0019770 con 0x7fe3f0108cc0
2024-04-26T21:51:53.129 INFO:teuthology.orchestra.run.smithi012.stdout:/usr/bin/ceph: stderr
2024-04-26T21:51:52.070+0000 7fe3f6000700 1 -- 172.21.15.12:0/3092020634 --> [v2:172.21.15.12:3300/0,v1:172.21.15.12:6789/0] -- mon_subscribe({mgrmap=0+}) -- 0x7fe3f019d380 con 0x7fe3f0108cc0
2024-04-26T21:51:53.130 INFO:teuthology.orchestra.run.smithi012.stdout:/usr/bin/ceph: stderr
2024-04-26T21:51:52.070+0000 7fe3f6000700 1 -- 172.21.15.12:0/3092020634 --> [v2:172.21.15.12:3300/0,v1:172.21.15.12:6789/0] -- mon_subscribe({osdmap=0}) -- 0x7fe3f01a0070 con 0x7fe3f0108cc0
2024-04-26T21:51:53.130 INFO:teuthology.orchestra.run.smithi012.stdout:/usr/bin/ceph: stderr
2024-04-26T21:51:52.071+0000 7fe3e7e00700 1 -- 172.21.15.12:0/3092020634 <== mon.0 v2:172.21.15.12:3300/0 4 ==== mgrmap(e 13) ==== 46614+0+0 (secure 0 0 0) 0x7fe3e001b440 con 0x7fe3f0108cc0
2024-04-26T21:51:53.130 INFO:teuthology.orchestra.run.smithi012.stdout:/usr/bin/ceph: stderr
2024-04-26T21:51:52.071+0000 7fe3f6000700 1 -- 172.21.15.12:0/3092020634 --> [v2:172.21.15.12:3300/0,v1:172.21.15.12:6789/0] -- mon_command({"prefix": "get_command_descriptions"} v 0) -- 0x7fe3f0064a80 con 0x7fe3f0108cc0
2024-04-26T21:51:53.130 INFO:teuthology.orchestra.run.smithi012.stdout:/usr/bin/ceph: stderr
2024-04-26T21:51:52.071+0000 7fe3e7e00700 1 --2- 172.21.15.12:0/3092020634 >> [v2:172.21.15.12:6800/3660687894,v1:172.21.15.12:6801/3660687894] conn(0x7fe3d40396f0 0x7fe3d403bbb0 unknown :-1 s=NONE pgs=0 cs=0 l=1 rev1=0 crypto rx=0 tx=0 comp rx=0 tx=0).connect
2024-04-26T21:51:53.132 INFO:teuthology.orchestra.run.smithi012.stdout:/usr/bin/ceph: stderr
2024-04-26T21:51:52.072+0000 7fe3e7e00700 1 -- 172.21.15.12:0/3092020634 <== mon.0 v2:172.21.15.12:3300/0 5 ==== osd_map(3..3 src has 1..3) ==== 1155+0+0 (secure 0 0 0) 0x7fe3e004e160 con 0x7fe3f0108cc0
2024-04-26T21:51:53.132 INFO:teuthology.orchestra.run.smithi012.stdout:/usr/bin/ceph: stderr
2024-04-26T21:51:52.072+0000 7fe3eea00700 1 --2- 172.21.15.12:0/3092020634 >> [v2:172.21.15.12:6800/3660687894,v1:172.21.15.12:6801/3660687894] conn(0x7fe3d40396f0 0x7fe3d403bbb0 unknown :-1 s=BANNER_CONNECTING pgs=0 cs=0 l=1 rev1=0 crypto rx=0 tx=0 comp rx=0 tx=0)._handle_peer_banner_payload supported=3 required=0
2024-04-26T21:51:53.132 INFO:teuthology.orchestra.run.smithi012.stdout:/usr/bin/ceph: stderr
2024-04-26T21:51:52.072+0000 7fe3eea00700 1 --2- 172.21.15.12:0/3092020634 >> [v2:172.21.15.12:6800/3660687894,v1:172.21.15.12:6801/3660687894] conn(0x7fe3d40396f0 0x7fe3d403bbb0 secure :-1 s=READY pgs=10 cs=0 l=1 rev1=1 crypto rx=0x7fe3dc006fd0 tx=0x7fe3dc006e40 comp rx=0 tx=0).ready entity=mgr.14152 client_cookie=0 server_cookie=0 in_seq=0 out_seq=0
2024-04-26T21:51:53.132 INFO:teuthology.orchestra.run.smithi012.stdout:/usr/bin/ceph: stderr
2024-04-26T21:51:52.077+0000 7fe3e7e00700 1 -- 172.21.15.12:0/3092020634 <== mon.0 v2:172.21.15.12:3300/0 6 ==== mon_command_ack([{"prefix": "get_command_descriptions"}]=0 v0) ==== 72+0+188494 (secure 0 0 0) 0x7fe3e001f030 con 0x7fe3f0108cc0
2024-04-26T21:51:53.132 INFO:teuthology.orchestra.run.smithi012.stdout:/usr/bin/ceph: stderr
2024-04-26T21:51:52.314+0000 7fe3f6000700 1 -- 172.21.15.12:0/3092020634 --> [v2:172.21.15.12:3300/0,v1:172.21.15.12:6789/0] -- mon_command([{prefix=config set, name=osd_memory_target_autotune}] v 0) -- 0x7fe3f01a06d0 con 0x7fe3f0108cc0
2024-04-26T21:51:53.132 INFO:teuthology.orchestra.run.smithi012.stdout:/usr/bin/ceph: stderr
2024-04-26T21:51:52.315+0000 7fe3e7e00700 1 -- 172.21.15.12:0/3092020634 <== mon.0 v2:172.21.15.12:3300/0 7 ==== mon_command_ack([{prefix=config set, name=osd_memory_target_autotune}]=0 v8)=0 v8) ==== 127+0+0 (secure 0 0 0) 0x7fe3e0050160 con 0x7fe3f0108cc0
2024-04-26T21:51:53.132 INFO:teuthology.orchestra.run.smithi012.stdout:/usr/bin/ceph: stderr
2024-04-26T21:51:52.317+0000 7fe3f6000700 1 -- 172.21.15.12:0/3092020634 >> [v2:172.21.15.12:6800/3660687894,v1:172.21.15.12:6801/3660687894] conn(0x7fe3d40396f0 msgr2=0x7fe3d403bbb0 secure :-1 s=STATE_CONNECTION_ESTABLISHED l=1).mark_down
2024-04-26T21:51:53.132 INFO:teuthology.orchestra.run.smithi012.stdout:/usr/bin/ceph: stderr
2024-04-26T21:51:52.317+0000 7fe3f6000700 1 --2- 172.21.15.12:0/3092020634 >> [v2:172.21.15.12:6800/3660687894,v1:172.21.15.12:6801/3660687894] conn(0x7fe3d40396f0 0x7fe3d403bbb0 secure :-1 s=READY pgs=10 cs=0 l=1 rev1=1 crypto rx=0x7fe3dc006fd0 tx=0x7fe3dc006e40 comp rx=0 tx=0).stop
2024-04-26T21:51:53.132 INFO:teuthology.orchestra.run.smithi012.stdout:/usr/bin/ceph: stderr
2024-04-26T21:51:52.317+0000 7fe3f6000700 1 -- 172.21.15.12:0/3092020634 >> [v2:172.21.15.12:3300/0,v1:172.21.15.12:6789/0] conn(0x7fe3f0108cc0 msgr2=0x7fe3f019cbb0 secure :-1 s=STATE_CONNECTION_ESTABLISHED l=1).mark_down
2024-04-26T21:51:53.132 INFO:teuthology.orchestra.run.smithi012.stdout:/usr/bin/ceph: stderr
2024-04-26T21:51:52.317+0000 7fe3f6000700 1 --2- 172.21.15.12:0/3092020634 >> [v2:172.21.15.12:3300/0,v1:172.21.15.12:6789/0] conn(0x7fe3f0108cc0 0x7fe3f019cbb0 secure :-1 s=READY pgs=77 cs=0 l=1 rev1=1 crypto rx=0x7fe3e0009520 tx=0x7fe3e0011aa0 comp rx=0 tx=0).stop
2024-04-26T21:51:53.132 INFO:teuthology.orchestra.run.smithi012.stdout:/usr/bin/ceph: stderr
2024-04-26T21:51:52.318+0000 7fe3f6000700 1 -- 172.21.15.12:0/3092020634 shutdown_connections
2024-04-26T21:51:53.132 INFO:teuthology.orchestra.run.smithi012.stdout:/usr/bin/ceph: stderr
2024-04-26T21:51:52.318+0000 7fe3f6000700 1 --2- 172.21.15.12:0/3092020634 >> [v2:172.21.15.12:6800/3660687894,v1:172.21.15.12:6801/3660687894] conn(0x7fe3d40396f0 0x7fe3d403bbb0 unknown :-1 s=CLOSED pgs=10 cs=0 l=1 rev1=1 crypto rx=0 tx=0 comp rx=0 tx=0).stop
2024-04-26T21:51:53.132 INFO:teuthology.orchestra.run.smithi012.stdout:/usr/bin/ceph: stderr
2024-04-26T21:51:52.318+0000 7fe3f6000700 1 --2- 172.21.15.12:0/3092020634 >> [v2:172.21.15.12:3300/0,v1:172.21.15.12:6789/0] conn(0x7fe3f0108cc0 0x7fe3f019cbb0 unknown :-1 s=CLOSED pgs=77 cs=0 l=1 rev1=1 crypto rx=0 tx=0 comp rx=0 tx=0).stop
2024-04-26T21:51:53.133 INFO:teuthology.orchestra.run.smithi012.stdout:/usr/bin/ceph: stderr
2024-04-26T21:51:52.318+0000 7fe3f6000700 1 -- 172.21.15.12:0/3092020634 >> 172.21.15.12:0/3092020634 conn(0x7fe3f01042a0 msgr2=0x7fe3f0104d90 unknown :-1 s=STATE_NONE l=0).mark_down
2024-04-26T21:51:53.133 INFO:teuthology.orchestra.run.smithi012.stdout:/usr/bin/ceph: stderr
2024-04-26T21:51:52.318+0000 7fe3f6000700 1 -- 172.21.15.12:0/3092020634 shutdown_connections
2024-04-26T21:51:53.133 INFO:teuthology.orchestra.run.smithi012.stdout:/usr/bin/ceph: stderr
2024-04-26T21:51:52.318+0000 7fe3f6000700 1 -- 172.21.15.12:0/3092020634 wait complete.
2024-04-26T21:51:54.735 INFO:teuthology.orchestra.run.smithi012.stdout:/usr/bin/ceph: stderr
2024-04-26T21:51:53.703+0000 7f3c15800700 1 Processor -- start
2024-04-26T21:51:54.736 INFO:teuthology.orchestra.run.smithi012.stdout:/usr/bin/ceph: stderr
2024-04-26T21:51:53.703+0000 7f3c15800700 1 -- start start
2024-04-26T21:51:54.736 INFO:teuthology.orchestra.run.smithi012.stdout:/usr/bin/ceph: stderr
2024-04-26T21:51:53.703+0000 7f3c15800700 1 --2- >> [v2:172.21.15.12:3300/0,v1:172.21.15.12:6789/0] conn(0x7f3c1010ad00 0x7f3c1010b120 unknown :-1 s=NONE pgs=0 cs=0 l=0 rev1=0 crypto rx=0 tx=0 comp rx=0 tx=0).connect
2024-04-26T21:51:54.736 INFO:teuthology.orchestra.run.smithi012.stdout:/usr/bin/ceph: stderr
2024-04-26T21:51:53.703+0000 7f3c15800700 1 -- --> [v2:172.21.15.12:3300/0,v1:172.21.15.12:6789/0] -- mon_getmap magic: 0 -- 0x7f3c1010b6f0 con 0x7f3c1010ad00
2024-04-26T21:51:54.736 INFO:teuthology.orchestra.run.smithi012.stdout:/usr/bin/ceph: stderr
2024-04-26T21:51:53.704+0000 7f3c0fe00700 1 --2- >> [v2:172.21.15.12:3300/0,v1:172.21.15.12:6789/0] conn(0x7f3c1010ad00 0x7f3c1010b120 unknown :-1 s=BANNER_CONNECTING pgs=0 cs=0 l=0 rev1=0 crypto rx=0 tx=0 comp rx=0 tx=0)._handle_peer_banner_payload supported=3 required=0
2024-04-26T21:51:54.736 INFO:teuthology.orchestra.run.smithi012.stdout:/usr/bin/ceph: stderr
2024-04-26T21:51:53.704+0000 7f3c0fe00700 1 --2- >> [v2:172.21.15.12:3300/0,v1:172.21.15.12:6789/0] conn(0x7f3c1010ad00 0x7f3c1010b120 unknown :-1 s=HELLO_CONNECTING pgs=0 cs=0 l=0 rev1=1 crypto rx=0 tx=0 comp rx=0 tx=0).handle_hello peer v2:172.21.15.12:3300/0 says I am v2:172.21.15.12:54176/0 (socket says 172.21.15.12:54176)
2024-04-26T21:51:54.736 INFO:teuthology.orchestra.run.smithi012.stdout:/usr/bin/ceph: stderr
2024-04-26T21:51:53.704+0000 7f3c0fe00700 1 -- 172.21.15.12:0/4105700284 learned_addr learned my addr 172.21.15.12:0/4105700284 (peer_addr_for_me v2:172.21.15.12:0/0)
2024-04-26T21:51:54.736 INFO:teuthology.orchestra.run.smithi012.stdout:/usr/bin/ceph: stderr
2024-04-26T21:51:53.704+0000 7f3c0fe00700 1 -- 172.21.15.12:0/4105700284 --> [v2:172.21.15.12:3300/0,v1:172.21.15.12:6789/0] -- mon_subscribe({config=0+,monmap=0+}) -- 0x7f3c1010bf00 con 0x7f3c1010ad00
2024-04-26T21:51:54.736 INFO:teuthology.orchestra.run.smithi012.stdout:/usr/bin/ceph: stderr
2024-04-26T21:51:53.705+0000 7f3c0fe00700 1 --2- 172.21.15.12:0/4105700284 >> [v2:172.21.15.12:3300/0,v1:172.21.15.12:6789/0] conn(0x7f3c1010ad00 0x7f3c1010b120 secure :-1 s=READY pgs=78 cs=0 l=1 rev1=1 crypto rx=0x7f3c000098a0 tx=0x7f3c00009bb0 comp rx=0 tx=0).ready entity=mon.0 client_cookie=3008309c133e95a9 server_cookie=0 in_seq=0 out_seq=0
2024-04-26T21:51:54.736 INFO:teuthology.orchestra.run.smithi012.stdout:/usr/bin/ceph: stderr
2024-04-26T21:51:53.705+0000 7f3c0ea00700 1 -- 172.21.15.12:0/4105700284 <== mon.0 v2:172.21.15.12:3300/0 1 ==== mon_map magic: 0 ==== 205+0+0 (secure 0 0 0) 0x7f3c00004160 con 0x7f3c1010ad00
2024-04-26T21:51:54.736 INFO:teuthology.orchestra.run.smithi012.stdout:/usr/bin/ceph: stderr
2024-04-26T21:51:53.705+0000 7f3c0ea00700 1 -- 172.21.15.12:0/4105700284 <== mon.0 v2:172.21.15.12:3300/0 2 ==== config(26 keys) ==== 1101+0+0 (secure 0 0 0) 0x7f3c00004300 con 0x7f3c1010ad00
2024-04-26T21:51:54.736 INFO:teuthology.orchestra.run.smithi012.stdout:/usr/bin/ceph: stderr
2024-04-26T21:51:53.705+0000 7f3c0ea00700 1 -- 172.21.15.12:0/4105700284 <== mon.0 v2:172.21.15.12:3300/0 3 ==== mon_map magic: 0 ==== 205+0+0 (secure 0 0 0) 0x7f3c00011a20 con 0x7f3c1010ad00
2024-04-26T21:51:54.736 INFO:teuthology.orchestra.run.smithi012.stdout:/usr/bin/ceph: stderr
2024-04-26T21:51:53.706+0000 7f3c15800700 1 -- 172.21.15.12:0/4105700284 >> [v2:172.21.15.12:3300/0,v1:172.21.15.12:6789/0] conn(0x7f3c1010ad00 msgr2=0x7f3c1010b120 secure :-1 s=STATE_CONNECTION_ESTABLISHED l=1).mark_down
2024-04-26T21:51:54.736 INFO:teuthology.orchestra.run.smithi012.stdout:/usr/bin/ceph: stderr
2024-04-26T21:51:53.706+0000 7f3c15800700 1 --2- 172.21.15.12:0/4105700284 >> [v2:172.21.15.12:3300/0,v1:172.21.15.12:6789/0] conn(0x7f3c1010ad00 0x7f3c1010b120 secure :-1 s=READY pgs=78 cs=0 l=1 rev1=1 crypto rx=0x7f3c000098a0 tx=0x7f3c00009bb0 comp rx=0 tx=0).stop
2024-04-26T21:51:54.737 INFO:teuthology.orchestra.run.smithi012.stdout:/usr/bin/ceph: stderr
2024-04-26T21:51:53.706+0000 7f3c15800700 1 -- 172.21.15.12:0/4105700284 shutdown_connections
2024-04-26T21:51:54.737 INFO:teuthology.orchestra.run.smithi012.stdout:/usr/bin/ceph: stderr
2024-04-26T21:51:53.706+0000 7f3c15800700 1 --2- 172.21.15.12:0/4105700284 >> [v2:172.21.15.12:3300/0,v1:172.21.15.12:6789/0] conn(0x7f3c1010ad00 0x7f3c1010b120 unknown :-1 s=CLOSED pgs=78 cs=0 l=1 rev1=1 crypto rx=0 tx=0 comp rx=0 tx=0).stop
2024-04-26T21:51:54.737 INFO:teuthology.orchestra.run.smithi012.stdout:/usr/bin/ceph: stderr
2024-04-26T21:51:53.706+0000 7f3c15800700 1 -- 172.21.15.12:0/4105700284 >> 172.21.15.12:0/4105700284 conn(0x7f3c1007e0e0 msgr2=0x7f3c1007e4f0 unknown :-1 s=STATE_NONE l=0).mark_down
2024-04-26T21:51:54.737 INFO:teuthology.orchestra.run.smithi012.stdout:/usr/bin/ceph: stderr
2024-04-26T21:51:53.706+0000 7f3c15800700 1 -- 172.21.15.12:0/4105700284 shutdown_connections
2024-04-26T21:51:54.737 INFO:teuthology.orchestra.run.smithi012.stdout:/usr/bin/ceph: stderr
2024-04-26T21:51:53.706+0000 7f3c15800700 1 -- 172.21.15.12:0/4105700284 wait complete.
2024-04-26T21:51:54.737 INFO:teuthology.orchestra.run.smithi012.stdout:/usr/bin/ceph: stderr
2024-04-26T21:51:53.707+0000 7f3c15800700 1 Processor -- start
2024-04-26T21:51:54.737 INFO:teuthology.orchestra.run.smithi012.stdout:/usr/bin/ceph: stderr
2024-04-26T21:51:53.707+0000 7f3c15800700 1 -- start start
2024-04-26T21:51:54.737 INFO:teuthology.orchestra.run.smithi012.stdout:/usr/bin/ceph: stderr
2024-04-26T21:51:53.708+0000 7f3c15800700 1 --2- >> [v2:172.21.15.12:3300/0,v1:172.21.15.12:6789/0] conn(0x7f3c1010ad00 0x7f3c1019ec20 unknown :-1 s=NONE pgs=0 cs=0 l=1 rev1=0 crypto rx=0 tx=0 comp rx=0 tx=0).connect
2024-04-26T21:51:54.737 INFO:teuthology.orchestra.run.smithi012.stdout:/usr/bin/ceph: stderr
2024-04-26T21:51:53.708+0000 7f3c15800700 1 -- --> [v2:172.21.15.12:3300/0,v1:172.21.15.12:6789/0] -- mon_getmap magic: 0 -- 0x7f3c1010f2b0 con 0x7f3c1010ad00
2024-04-26T21:51:54.737 INFO:teuthology.orchestra.run.smithi012.stdout:/usr/bin/ceph: stderr
2024-04-26T21:51:53.708+0000 7f3c0fe00700 1 --2- >> [v2:172.21.15.12:3300/0,v1:172.21.15.12:6789/0] conn(0x7f3c1010ad00 0x7f3c1019ec20 unknown :-1 s=BANNER_CONNECTING pgs=0 cs=0 l=1 rev1=0 crypto rx=0 tx=0 comp rx=0 tx=0)._handle_peer_banner_payload supported=3 required=0
2024-04-26T21:51:54.737 INFO:teuthology.orchestra.run.smithi012.stdout:/usr/bin/ceph: stderr
2024-04-26T21:51:53.708+0000 7f3c0fe00700 1 --2- >> [v2:172.21.15.12:3300/0,v1:172.21.15.12:6789/0] conn(0x7f3c1010ad00 0x7f3c1019ec20 unknown :-1 s=HELLO_CONNECTING pgs=0 cs=0 l=1 rev1=1 crypto rx=0 tx=0 comp rx=0 tx=0).handle_hello peer v2:172.21.15.12:3300/0 says I am v2:172.21.15.12:54186/0 (socket says 172.21.15.12:54186)
2024-04-26T21:51:54.737 INFO:teuthology.orchestra.run.smithi012.stdout:/usr/bin/ceph: stderr
2024-04-26T21:51:53.708+0000 7f3c0fe00700 1 -- 172.21.15.12:0/1371860176 learned_addr learned my addr 172.21.15.12:0/1371860176 (peer_addr_for_me v2:172.21.15.12:0/0)
2024-04-26T21:51:54.737 INFO:teuthology.orchestra.run.smithi012.stdout:/usr/bin/ceph: stderr
2024-04-26T21:51:53.708+0000 7f3c0fe00700 1 -- 172.21.15.12:0/1371860176 --> [v2:172.21.15.12:3300/0,v1:172.21.15.12:6789/0] -- mon_subscribe({config=0+,monmap=0+}) -- 0x7f3c1019f160 con 0x7f3c1010ad00
2024-04-26T21:51:54.737 INFO:teuthology.orchestra.run.smithi012.stdout:/usr/bin/ceph: stderr
2024-04-26T21:51:53.709+0000 7f3c0fe00700 1 --2- 172.21.15.12:0/1371860176 >> [v2:172.21.15.12:3300/0,v1:172.21.15.12:6789/0] conn(0x7f3c1010ad00 0x7f3c1019ec20 secure :-1 s=READY pgs=79 cs=0 l=1 rev1=1 crypto rx=0x7f3c00009520 tx=0x7f3c00011aa0 comp rx=0 tx=0).ready entity=mon.0 client_cookie=0 server_cookie=0 in_seq=0 out_seq=0
2024-04-26T21:51:54.737 INFO:teuthology.orchestra.run.smithi012.stdout:/usr/bin/ceph: stderr
2024-04-26T21:51:53.709+0000 7f3c0cc00700 1 -- 172.21.15.12:0/1371860176 <== mon.0 v2:172.21.15.12:3300/0 1 ==== mon_map magic: 0 ==== 205+0+0 (secure 0 0 0) 0x7f3c000039e0 con 0x7f3c1010ad00
2024-04-26T21:51:54.738 INFO:teuthology.orchestra.run.smithi012.stdout:/usr/bin/ceph: stderr
2024-04-26T21:51:53.709+0000 7f3c0cc00700 1 -- 172.21.15.12:0/1371860176 <== mon.0 v2:172.21.15.12:3300/0 2 ==== config(26 keys) ==== 1101+0+0 (secure 0 0 0) 0x7f3c0001b8f0 con 0x7f3c1010ad00
2024-04-26T21:51:54.738 INFO:teuthology.orchestra.run.smithi012.stdout:/usr/bin/ceph: stderr
2024-04-26T21:51:53.709+0000 7f3c0cc00700 1 -- 172.21.15.12:0/1371860176 <== mon.0 v2:172.21.15.12:3300/0 3 ==== mon_map magic: 0 ==== 205+0+0 (secure 0 0 0) 0x7f3c00019770 con 0x7f3c1010ad00
2024-04-26T21:51:54.738 INFO:teuthology.orchestra.run.smithi012.stdout:/usr/bin/ceph: stderr
2024-04-26T21:51:53.709+0000 7f3c15800700 1 -- 172.21.15.12:0/1371860176 --> [v2:172.21.15.12:3300/0,v1:172.21.15.12:6789/0] -- mon_subscribe({mgrmap=0+}) -- 0x7f3c1019f3f0 con 0x7f3c1010ad00
2024-04-26T21:51:54.738 INFO:teuthology.orchestra.run.smithi012.stdout:/usr/bin/ceph: stderr
2024-04-26T21:51:53.709+0000 7f3c15800700 1 -- 172.21.15.12:0/1371860176 --> [v2:172.21.15.12:3300/0,v1:172.21.15.12:6789/0] -- mon_subscribe({osdmap=0}) -- 0x7f3c101a20e0 con 0x7f3c1010ad00
2024-04-26T21:51:54.738 INFO:teuthology.orchestra.run.smithi012.stdout:/usr/bin/ceph: stderr
2024-04-26T21:51:53.710+0000 7f3c15800700 1 -- 172.21.15.12:0/1371860176 --> [v2:172.21.15.12:3300/0,v1:172.21.15.12:6789/0] -- mon_command({"prefix": "get_command_descriptions"} v 0) -- 0x7f3c10064a80 con 0x7f3c1010ad00
2024-04-26T21:51:54.738 INFO:teuthology.orchestra.run.smithi012.stdout:/usr/bin/ceph: stderr
2024-04-26T21:51:53.710+0000 7f3c0cc00700 1 -- 172.21.15.12:0/1371860176 <== mon.0 v2:172.21.15.12:3300/0 4 ==== mgrmap(e 13) ==== 46614+0+0 (secure 0 0 0) 0x7f3c0001b440 con 0x7f3c1010ad00
2024-04-26T21:51:54.738 INFO:teuthology.orchestra.run.smithi012.stdout:/usr/bin/ceph: stderr
2024-04-26T21:51:53.711+0000 7f3c0cc00700 1 --2- 172.21.15.12:0/1371860176 >> [v2:172.21.15.12:6800/3660687894,v1:172.21.15.12:6801/3660687894] conn(0x7f3bf40396f0 0x7f3bf403bbb0 unknown :-1 s=NONE pgs=0 cs=0 l=1 rev1=0 crypto rx=0 tx=0 comp rx=0 tx=0).connect
2024-04-26T21:51:54.738 INFO:teuthology.orchestra.run.smithi012.stdout:/usr/bin/ceph: stderr
2024-04-26T21:51:53.711+0000 7f3c0cc00700 1 -- 172.21.15.12:0/1371860176 <== mon.0 v2:172.21.15.12:3300/0 5 ==== osd_map(3..3 src has 1..3) ==== 1155+0+0 (secure 0 0 0) 0x7f3c0004e130 con 0x7f3c1010ad00
2024-04-26T21:51:54.738 INFO:teuthology.orchestra.run.smithi012.stdout:/usr/bin/ceph: stderr
2024-04-26T21:51:53.711+0000 7f3c0f400700 1 --2- 172.21.15.12:0/1371860176 >> [v2:172.21.15.12:6800/3660687894,v1:172.21.15.12:6801/3660687894] conn(0x7f3bf40396f0 0x7f3bf403bbb0 unknown :-1 s=BANNER_CONNECTING pgs=0 cs=0 l=1 rev1=0 crypto rx=0 tx=0 comp rx=0 tx=0)._handle_peer_banner_payload supported=3 required=0
2024-04-26T21:51:54.738 INFO:teuthology.orchestra.run.smithi012.stdout:/usr/bin/ceph: stderr
2024-04-26T21:51:53.712+0000 7f3c0f400700 1 --2- 172.21.15.12:0/1371860176 >> [v2:172.21.15.12:6800/3660687894,v1:172.21.15.12:6801/3660687894] conn(0x7f3bf40396f0 0x7f3bf403bbb0 secure :-1 s=READY pgs=11 cs=0 l=1 rev1=1 crypto rx=0x7f3bfc006fd0 tx=0x7f3bfc006e40 comp rx=0 tx=0).ready entity=mgr.14152 client_cookie=0 server_cookie=0 in_seq=0 out_seq=0
2024-04-26T21:51:54.738 INFO:teuthology.orchestra.run.smithi012.stdout:/usr/bin/ceph: stderr
2024-04-26T21:51:53.716+0000 7f3c0cc00700 1 -- 172.21.15.12:0/1371860176 <== mon.0 v2:172.21.15.12:3300/0 6 ==== mon_command_ack([{"prefix": "get_command_descriptions"}]=0 v0) ==== 72+0+188494 (secure 0 0 0) 0x7f3c0001f030 con 0x7f3c1010ad00
2024-04-26T21:51:54.738 INFO:teuthology.orchestra.run.smithi012.stdout:/usr/bin/ceph: stderr
2024-04-26T21:51:54.071+0000 7f3c15800700 1 -- 172.21.15.12:0/1371860176 --> [v2:172.21.15.12:3300/0,v1:172.21.15.12:6789/0] -- mon_command([{prefix=config-key set, key=mgr/dashboard/cluster/status}] v 0) -- 0x7f3c101a26d0 con 0x7f3c1010ad00
2024-04-26T21:51:54.739 INFO:teuthology.orchestra.run.smithi012.stdout:/usr/bin/ceph: stderr
2024-04-26T21:51:54.077+0000 7f3c0cc00700 1 -- 172.21.15.12:0/1371860176 <== mon.0 v2:172.21.15.12:3300/0 7 ==== mon_command_ack([{prefix=config-key set, key=mgr/dashboard/cluster/status}]=0 set mgr/dashboard/cluster/status v28)=0 set mgr/dashboard/cluster/status v28) ==== 153+0+0 (secure 0 0 0) 0x7f3c0000e260 con 0x7f3c1010ad00
2024-04-26T21:51:54.739 INFO:teuthology.orchestra.run.smithi012.stdout:/usr/bin/ceph: stderr
2024-04-26T21:51:54.079+0000 7f3c15800700 1 -- 172.21.15.12:0/1371860176 >> [v2:172.21.15.12:6800/3660687894,v1:172.21.15.12:6801/3660687894] conn(0x7f3bf40396f0 msgr2=0x7f3bf403bbb0 secure :-1 s=STATE_CONNECTION_ESTABLISHED l=1).mark_down
2024-04-26T21:51:54.739 INFO:teuthology.orchestra.run.smithi012.stdout:/usr/bin/ceph: stderr
2024-04-26T21:51:54.079+0000 7f3c15800700 1 --2- 172.21.15.12:0/1371860176 >> [v2:172.21.15.12:6800/3660687894,v1:172.21.15.12:6801/3660687894] conn(0x7f3bf40396f0 0x7f3bf403bbb0 secure :-1 s=READY pgs=11 cs=0 l=1 rev1=1 crypto rx=0x7f3bfc006fd0 tx=0x7f3bfc006e40 comp rx=0 tx=0).stop
2024-04-26T21:51:54.739 INFO:teuthology.orchestra.run.smithi012.stdout:/usr/bin/ceph: stderr
2024-04-26T21:51:54.079+0000 7f3c15800700 1 -- 172.21.15.12:0/1371860176 >> [v2:172.21.15.12:3300/0,v1:172.21.15.12:6789/0] conn(0x7f3c1010ad00 msgr2=0x7f3c1019ec20 secure :-1 s=STATE_CONNECTION_ESTABLISHED l=1).mark_down
2024-04-26T21:51:54.739 INFO:teuthology.orchestra.run.smithi012.stdout:/usr/bin/ceph: stderr
2024-04-26T21:51:54.079+0000 7f3c15800700 1 --2- 172.21.15.12:0/1371860176 >> [v2:172.21.15.12:3300/0,v1:172.21.15.12:6789/0] conn(0x7f3c1010ad00 0x7f3c1019ec20 secure :-1 s=READY pgs=79 cs=0 l=1 rev1=1 crypto rx=0x7f3c00009520 tx=0x7f3c00011aa0 comp rx=0 tx=0).stop
2024-04-26T21:51:54.739 INFO:teuthology.orchestra.run.smithi012.stdout:/usr/bin/ceph: stderr
2024-04-26T21:51:54.080+0000 7f3c15800700 1 -- 172.21.15.12:0/1371860176 shutdown_connections
2024-04-26T21:51:54.739 INFO:teuthology.orchestra.run.smithi012.stdout:/usr/bin/ceph: stderr
2024-04-26T21:51:54.080+0000 7f3c15800700 1 --2- 172.21.15.12:0/1371860176 >> [v2:172.21.15.12:6800/3660687894,v1:172.21.15.12:6801/3660687894] conn(0x7f3bf40396f0 0x7f3bf403bbb0 unknown :-1 s=CLOSED pgs=11 cs=0 l=1 rev1=1 crypto rx=0 tx=0 comp rx=0 tx=0).stop
2024-04-26T21:51:54.739 INFO:teuthology.orchestra.run.smithi012.stdout:/usr/bin/ceph: stderr
2024-04-26T21:51:54.080+0000 7f3c15800700 1 --2- 172.21.15.12:0/1371860176 >> [v2:172.21.15.12:3300/0,v1:172.21.15.12:6789/0] conn(0x7f3c1010ad00 0x7f3c1019ec20 unknown :-1 s=CLOSED pgs=79 cs=0 l=1 rev1=1 crypto rx=0 tx=0 comp rx=0 tx=0).stop
2024-04-26T21:51:54.739 INFO:teuthology.orchestra.run.smithi012.stdout:/usr/bin/ceph: stderr
2024-04-26T21:51:54.080+0000 7f3c15800700 1 -- 172.21.15.12:0/1371860176 >> 172.21.15.12:0/1371860176 conn(0x7f3c1007e0e0 msgr2=0x7f3c10108490 unknown :-1 s=STATE_NONE l=0).mark_down
2024-04-26T21:51:54.739 INFO:teuthology.orchestra.run.smithi012.stdout:/usr/bin/ceph: stderr
2024-04-26T21:51:54.080+0000 7f3c15800700 1 -- 172.21.15.12:0/1371860176 shutdown_connections
2024-04-26T21:51:54.739 INFO:teuthology.orchestra.run.smithi012.stdout:/usr/bin/ceph: stderr
2024-04-26T21:51:54.080+0000 7f3c15800700 1 -- 172.21.15.12:0/1371860176 wait complete.
2024-04-26T21:51:54.739 INFO:teuthology.orchestra.run.smithi012.stdout:/usr/bin/ceph: stderr set mgr/dashboard/cluster/status
2024-04-26T21:51:54.739 INFO:teuthology.orchestra.run.smithi012.stdout:You can access the Ceph CLI as following in case of multi-cluster or non-default config:
2024-04-26T21:51:54.739 INFO:teuthology.orchestra.run.smithi012.stdout:
2024-04-26T21:51:54.739 INFO:teuthology.orchestra.run.smithi012.stdout: sudo /home/ubuntu/cephtest/cephadm shell --fsid d6d929b6-0416-11ef-bc93-c7b262605968 -c /etc/ceph/ceph.conf -k /etc/ceph/ceph.client.admin.keyring
2024-04-26T21:51:54.740 INFO:teuthology.orchestra.run.smithi012.stdout:
2024-04-26T21:51:54.740 INFO:teuthology.orchestra.run.smithi012.stdout:Or, if you are only running a single cluster on this host:
2024-04-26T21:51:54.740 INFO:teuthology.orchestra.run.smithi012.stdout:
2024-04-26T21:51:54.740 INFO:teuthology.orchestra.run.smithi012.stdout: sudo /home/ubuntu/cephtest/cephadm shell
2024-04-26T21:51:54.740 INFO:teuthology.orchestra.run.smithi012.stdout:
2024-04-26T21:51:54.740 INFO:teuthology.orchestra.run.smithi012.stdout:Please consider enabling telemetry to help improve Ceph:
2024-04-26T21:51:54.740 INFO:teuthology.orchestra.run.smithi012.stdout:
2024-04-26T21:51:54.740 INFO:teuthology.orchestra.run.smithi012.stdout: ceph telemetry on
2024-04-26T21:51:54.740 INFO:teuthology.orchestra.run.smithi012.stdout:
2024-04-26T21:51:54.740 INFO:teuthology.orchestra.run.smithi012.stdout:For more information see:
2024-04-26T21:51:54.740 INFO:teuthology.orchestra.run.smithi012.stdout:
2024-04-26T21:51:54.740 INFO:teuthology.orchestra.run.smithi012.stdout: https://docs.ceph.com/en/latest/mgr/telemetry/
2024-04-26T21:51:54.740 INFO:teuthology.orchestra.run.smithi012.stdout:
2024-04-26T21:51:54.740 INFO:teuthology.orchestra.run.smithi012.stdout:Bootstrap complete.
2024-04-26T21:51:54.817 INFO:tasks.cephadm:Fetching config...
2024-04-26T21:51:54.817 DEBUG:teuthology.orchestra.run.smithi012:> set -ex
2024-04-26T21:51:54.818 DEBUG:teuthology.orchestra.run.smithi012:> dd if=/etc/ceph/ceph.conf of=/dev/stdout
2024-04-26T21:51:54.866 INFO:tasks.cephadm:Fetching client.admin keyring...
2024-04-26T21:51:54.866 DEBUG:teuthology.orchestra.run.smithi012:> set -ex
2024-04-26T21:51:54.866 DEBUG:teuthology.orchestra.run.smithi012:> dd if=/etc/ceph/ceph.client.admin.keyring of=/dev/stdout
2024-04-26T21:51:54.948 INFO:tasks.cephadm:Fetching mon keyring...
2024-04-26T21:51:54.948 DEBUG:teuthology.orchestra.run.smithi012:> set -ex
2024-04-26T21:51:54.948 DEBUG:teuthology.orchestra.run.smithi012:> sudo dd if=/var/lib/ceph/d6d929b6-0416-11ef-bc93-c7b262605968/mon.a/keyring of=/dev/stdout
2024-04-26T21:51:55.086 INFO:tasks.cephadm:Fetching pub ssh key...
2024-04-26T21:51:55.087 DEBUG:teuthology.orchestra.run.smithi012:> set -ex
2024-04-26T21:51:55.087 DEBUG:teuthology.orchestra.run.smithi012:> dd if=/home/ubuntu/cephtest/ceph.pub of=/dev/stdout
2024-04-26T21:51:55.140 INFO:tasks.cephadm:Installing pub ssh key for root users...
2024-04-26T21:51:55.140 DEBUG:teuthology.orchestra.run.smithi012:> sudo install -d -m 0700 /root/.ssh && echo 'ssh-rsa AAAAB3NzaC1yc2EAAAADAQABAAABgQCWomrY/aLzUlkEj5aw+1Og7qmfTjiE4WLjNOKaGBbRb/KQROR+ueFWGfXl4G8FdzIoAdXB6+OU0xS2ogYFL3gp6cSrMxYtclVA6aqQmuYKoX8rUKsGtXpeZL8utZoD3jUzK7Tx2V0bRGnII3DGVjT/joh+dtHvjyrBoAuZprW8FoLQrNiRJOWrAufj+urv2TmYPztEFQPulpX33oeAdgoRdCWo6zbXGt+evBO+EeRXdhD2540kXFJaWeTJ+lZbdoDYWaTFGHW7hsQFeFCFO446sXAxtQvnIbMCeuo37ucZMah0xZfLRpbgwNVQ0gb3SxXmWBhXcuna6snxLwB7eoe8PGTheTTq3Jv04Ex6dG7hf5Z0U+M5yEaA6Y897h3ufLcGC1CzWmXObcocdZjLvL6JCl5VnRiGAgYIR7YxuKFnNoltSYh7w3oGA7INVKFNrqrNYHKktkZvQQx133XjnaQJ4xQubsaAlDJ1RsV5vL0kLnKMYYN0oz2oRLzvwIAPoPs= ceph-d6d929b6-0416-11ef-bc93-c7b262605968' | sudo tee -a /root/.ssh/authorized_keys && sudo chmod 0600 /root/.ssh/authorized_keys
