2024-04-26T21:59:22.757 INFO:teuthology.orchestra.run.smithi060.stdout:/usr/bin/ceph: stderr
2024-04-26T21:59:21.805+0000 7f6355400700 1 --2- 172.21.15.60:0/3595590120 >> [v2:172.21.15.60:3300/0,v1:172.21.15.60:6789/0] conn(0x7f635010b220 0x7f635010b640 unknown :-1 s=CLOSED pgs=20 cs=0 l=1 rev1=1 crypto rx=0 tx=0 comp rx=0 tx=0).stop
2024-04-26T21:59:22.757 INFO:teuthology.orchestra.run.smithi060.stdout:/usr/bin/ceph: stderr
2024-04-26T21:59:21.805+0000 7f6355400700 1 -- 172.21.15.60:0/3595590120 >> 172.21.15.60:0/3595590120 conn(0x7f635007e660 msgr2=0x7f635007ea70 unknown :-1 s=STATE_NONE l=0).mark_down
2024-04-26T21:59:22.757 INFO:teuthology.orchestra.run.smithi060.stdout:/usr/bin/ceph: stderr
2024-04-26T21:59:21.805+0000 7f6355400700 1 -- 172.21.15.60:0/3595590120 shutdown_connections
2024-04-26T21:59:22.757 INFO:teuthology.orchestra.run.smithi060.stdout:/usr/bin/ceph: stderr
2024-04-26T21:59:21.805+0000 7f6355400700 1 -- 172.21.15.60:0/3595590120 wait complete.
2024-04-26T21:59:22.757 INFO:teuthology.orchestra.run.smithi060.stdout:/usr/bin/ceph: stderr
2024-04-26T21:59:21.806+0000 7f6355400700 1 Processor -- start
2024-04-26T21:59:22.757 INFO:teuthology.orchestra.run.smithi060.stdout:/usr/bin/ceph: stderr
2024-04-26T21:59:21.807+0000 7f6355400700 1 -- start start
2024-04-26T21:59:22.757 INFO:teuthology.orchestra.run.smithi060.stdout:/usr/bin/ceph: stderr
2024-04-26T21:59:21.807+0000 7f6355400700 1 --2- >> [v2:172.21.15.60:3300/0,v1:172.21.15.60:6789/0] conn(0x7f635010b220 0x7f635019f180 unknown :-1 s=NONE pgs=0 cs=0 l=1 rev1=0 crypto rx=0 tx=0 comp rx=0 tx=0).connect
2024-04-26T21:59:22.757 INFO:teuthology.orchestra.run.smithi060.stdout:/usr/bin/ceph: stderr
2024-04-26T21:59:21.807+0000 7f6355400700 1 -- --> [v2:172.21.15.60:3300/0,v1:172.21.15.60:6789/0] -- mon_getmap magic: 0 -- 0x7f635010f780 con 0x7f635010b220
2024-04-26T21:59:22.757 INFO:teuthology.orchestra.run.smithi060.stdout:/usr/bin/ceph: stderr
2024-04-26T21:59:21.807+0000 7f634e800700 1 --2- >> [v2:172.21.15.60:3300/0,v1:172.21.15.60:6789/0] conn(0x7f635010b220 0x7f635019f180 unknown :-1 s=BANNER_CONNECTING pgs=0 cs=0 l=1 rev1=0 crypto rx=0 tx=0 comp rx=0 tx=0)._handle_peer_banner_payload supported=3 required=0
2024-04-26T21:59:22.758 INFO:teuthology.orchestra.run.smithi060.stdout:/usr/bin/ceph: stderr
2024-04-26T21:59:21.807+0000 7f634e800700 1 --2- >> [v2:172.21.15.60:3300/0,v1:172.21.15.60:6789/0] conn(0x7f635010b220 0x7f635019f180 unknown :-1 s=HELLO_CONNECTING pgs=0 cs=0 l=1 rev1=1 crypto rx=0 tx=0 comp rx=0 tx=0).handle_hello peer v2:172.21.15.60:3300/0 says I am v2:172.21.15.60:45840/0 (socket says 172.21.15.60:45840)
2024-04-26T21:59:22.758 INFO:teuthology.orchestra.run.smithi060.stdout:/usr/bin/ceph: stderr
2024-04-26T21:59:21.807+0000 7f634e800700 1 -- 172.21.15.60:0/30479300 learned_addr learned my addr 172.21.15.60:0/30479300 (peer_addr_for_me v2:172.21.15.60:0/0)
2024-04-26T21:59:22.758 INFO:teuthology.orchestra.run.smithi060.stdout:/usr/bin/ceph: stderr
2024-04-26T21:59:21.808+0000 7f634e800700 1 -- 172.21.15.60:0/30479300 --> [v2:172.21.15.60:3300/0,v1:172.21.15.60:6789/0] -- mon_subscribe({config=0+,monmap=0+}) -- 0x7f635019f6c0 con 0x7f635010b220
2024-04-26T21:59:22.758 INFO:teuthology.orchestra.run.smithi060.stdout:/usr/bin/ceph: stderr
2024-04-26T21:59:21.808+0000 7f634e800700 1 --2- 172.21.15.60:0/30479300 >> [v2:172.21.15.60:3300/0,v1:172.21.15.60:6789/0] conn(0x7f635010b220 0x7f635019f180 secure :-1 s=READY pgs=21 cs=0 l=1 rev1=1 crypto rx=0x7f6340011670 tx=0x7f6340011c00 comp rx=0 tx=0).ready entity=mon.0 client_cookie=0 server_cookie=0 in_seq=0 out_seq=0
2024-04-26T21:59:22.758 INFO:teuthology.orchestra.run.smithi060.stdout:/usr/bin/ceph: stderr
2024-04-26T21:59:21.808+0000 7f6347400700 1 -- 172.21.15.60:0/30479300 <== mon.0 v2:172.21.15.60:3300/0 1 ==== mon_map magic: 0 ==== 205+0+0 (secure 0 0 0) 0x7f63400039e0 con 0x7f635010b220
2024-04-26T21:59:22.758 INFO:teuthology.orchestra.run.smithi060.stdout:/usr/bin/ceph: stderr
2024-04-26T21:59:21.808+0000 7f6347400700 1 -- 172.21.15.60:0/30479300 <== mon.0 v2:172.21.15.60:3300/0 2 ==== config(27 keys) ==== 1101+0+0 (secure 0 0 0) 0x7f6340003b80 con 0x7f635010b220
2024-04-26T21:59:22.758 INFO:teuthology.orchestra.run.smithi060.stdout:/usr/bin/ceph: stderr
2024-04-26T21:59:21.808+0000 7f6355400700 1 -- 172.21.15.60:0/30479300 --> [v2:172.21.15.60:3300/0,v1:172.21.15.60:6789/0] -- mon_subscribe({mgrmap=0+}) -- 0x7f635019f950 con 0x7f635010b220
2024-04-26T21:59:22.760 INFO:teuthology.orchestra.run.smithi060.stdout:/usr/bin/ceph: stderr
2024-04-26T21:59:21.808+0000 7f6347400700 1 -- 172.21.15.60:0/30479300 <== mon.0 v2:172.21.15.60:3300/0 3 ==== mon_map magic: 0 ==== 205+0+0 (secure 0 0 0) 0x7f63400196b0 con 0x7f635010b220
2024-04-26T21:59:22.760 INFO:teuthology.orchestra.run.smithi060.stdout:/usr/bin/ceph: stderr
2024-04-26T21:59:21.809+0000 7f6355400700 1 -- 172.21.15.60:0/30479300 --> [v2:172.21.15.60:3300/0,v1:172.21.15.60:6789/0] -- mon_subscribe({osdmap=0}) -- 0x7f63501a2640 con 0x7f635010b220
2024-04-26T21:59:22.760 INFO:teuthology.orchestra.run.smithi060.stdout:/usr/bin/ceph: stderr
2024-04-26T21:59:21.810+0000 7f6347400700 1 -- 172.21.15.60:0/30479300 <== mon.0 v2:172.21.15.60:3300/0 4 ==== mgrmap(e 4) ==== 46547+0+0 (secure 0 0 0) 0x7f6340022020 con 0x7f635010b220
2024-04-26T21:59:22.760 INFO:teuthology.orchestra.run.smithi060.stdout:/usr/bin/ceph: stderr
2024-04-26T21:59:21.810+0000 7f6355400700 1 -- 172.21.15.60:0/30479300 --> [v2:172.21.15.60:3300/0,v1:172.21.15.60:6789/0] -- mon_command({"prefix": "get_command_descriptions"} v 0) -- 0x7f6350064a80 con 0x7f635010b220
2024-04-26T21:59:22.760 INFO:teuthology.orchestra.run.smithi060.stdout:/usr/bin/ceph: stderr
2024-04-26T21:59:21.810+0000 7f6347400700 1 --2- 172.21.15.60:0/30479300 >> [v2:172.21.15.60:6800/1368079972,v1:172.21.15.60:6801/1368079972] conn(0x7f63340395b0 0x7f633403ba70 unknown :-1 s=NONE pgs=0 cs=0 l=1 rev1=0 crypto rx=0 tx=0 comp rx=0 tx=0).connect
2024-04-26T21:59:22.760 INFO:teuthology.orchestra.run.smithi060.stdout:/usr/bin/ceph: stderr
2024-04-26T21:59:21.810+0000 7f6347400700 1 -- 172.21.15.60:0/30479300 <== mon.0 v2:172.21.15.60:3300/0 5 ==== osd_map(1..1 src has 1..1) ==== 725+0+0 (secure 0 0 0) 0x7f634004d500 con 0x7f635010b220
2024-04-26T21:59:22.761 INFO:teuthology.orchestra.run.smithi060.stdout:/usr/bin/ceph: stderr
2024-04-26T21:59:21.811+0000 7f6347e00700 1 --2- 172.21.15.60:0/30479300 >> [v2:172.21.15.60:6800/1368079972,v1:172.21.15.60:6801/1368079972] conn(0x7f63340395b0 0x7f633403ba70 unknown :-1 s=BANNER_CONNECTING pgs=0 cs=0 l=1 rev1=0 crypto rx=0 tx=0 comp rx=0 tx=0)._handle_peer_banner_payload supported=3 required=0
2024-04-26T21:59:22.761 INFO:teuthology.orchestra.run.smithi060.stdout:/usr/bin/ceph: stderr
2024-04-26T21:59:21.812+0000 7f6347e00700 1 --2- 172.21.15.60:0/30479300 >> [v2:172.21.15.60:6800/1368079972,v1:172.21.15.60:6801/1368079972] conn(0x7f63340395b0 0x7f633403ba70 secure :-1 s=READY pgs=7 cs=0 l=1 rev1=1 crypto rx=0x7f6338006fd0 tx=0x7f6338006e40 comp rx=0 tx=0).ready entity=mgr.14100 client_cookie=0 server_cookie=0 in_seq=0 out_seq=0
2024-04-26T21:59:22.761 INFO:teuthology.orchestra.run.smithi060.stdout:/usr/bin/ceph: stderr
2024-04-26T21:59:21.816+0000 7f6347400700 1 -- 172.21.15.60:0/30479300 <== mon.0 v2:172.21.15.60:3300/0 6 ==== mon_command_ack([{"prefix": "get_command_descriptions"}]=0 v0) ==== 72+0+188494 (secure 0 0 0) 0x7f6340003d30 con 0x7f635010b220
2024-04-26T21:59:22.761 INFO:teuthology.orchestra.run.smithi060.stdout:/usr/bin/ceph: stderr
2024-04-26T21:59:22.043+0000 7f6355400700 1 -- 172.21.15.60:0/30479300 --> [v2:172.21.15.60:3300/0,v1:172.21.15.60:6789/0] -- mon_command({"prefix": "config assimilate-conf"} v 0) -- 0x7f63501a2810 con 0x7f635010b220
2024-04-26T21:59:22.761 INFO:teuthology.orchestra.run.smithi060.stdout:/usr/bin/ceph: stderr
2024-04-26T21:59:22.045+0000 7f6347400700 1 -- 172.21.15.60:0/30479300 <== mon.0 v2:172.21.15.60:3300/0 7 ==== mon_command_ack([{"prefix": "config assimilate-conf"}]=0 v3) ==== 70+0+436 (secure 0 0 0) 0x7f63501a2810 con 0x7f635010b220
2024-04-26T21:59:22.761 INFO:teuthology.orchestra.run.smithi060.stdout:/usr/bin/ceph: stderr
2024-04-26T21:59:22.047+0000 7f6355400700 1 -- 172.21.15.60:0/30479300 >> [v2:172.21.15.60:6800/1368079972,v1:172.21.15.60:6801/1368079972] conn(0x7f63340395b0 msgr2=0x7f633403ba70 secure :-1 s=STATE_CONNECTION_ESTABLISHED l=1).mark_down
2024-04-26T21:59:22.761 INFO:teuthology.orchestra.run.smithi060.stdout:/usr/bin/ceph: stderr
2024-04-26T21:59:22.047+0000 7f6355400700 1 --2- 172.21.15.60:0/30479300 >> [v2:172.21.15.60:6800/1368079972,v1:172.21.15.60:6801/1368079972] conn(0x7f63340395b0 0x7f633403ba70 secure :-1 s=READY pgs=7 cs=0 l=1 rev1=1 crypto rx=0x7f6338006fd0 tx=0x7f6338006e40 comp rx=0 tx=0).stop
2024-04-26T21:59:22.761 INFO:teuthology.orchestra.run.smithi060.stdout:/usr/bin/ceph: stderr
2024-04-26T21:59:22.047+0000 7f6355400700 1 -- 172.21.15.60:0/30479300 >> [v2:172.21.15.60:3300/0,v1:172.21.15.60:6789/0] conn(0x7f635010b220 msgr2=0x7f635019f180 secure :-1 s=STATE_CONNECTION_ESTABLISHED l=1).mark_down
2024-04-26T21:59:22.761 INFO:teuthology.orchestra.run.smithi060.stdout:/usr/bin/ceph: stderr
2024-04-26T21:59:22.047+0000 7f6355400700 1 --2- 172.21.15.60:0/30479300 >> [v2:172.21.15.60:3300/0,v1:172.21.15.60:6789/0] conn(0x7f635010b220 0x7f635019f180 secure :-1 s=READY pgs=21 cs=0 l=1 rev1=1 crypto rx=0x7f6340011670 tx=0x7f6340011c00 comp rx=0 tx=0).stop
2024-04-26T21:59:22.761 INFO:teuthology.orchestra.run.smithi060.stdout:/usr/bin/ceph: stderr
2024-04-26T21:59:22.048+0000 7f6355400700 1 -- 172.21.15.60:0/30479300 shutdown_connections
2024-04-26T21:59:22.761 INFO:teuthology.orchestra.run.smithi060.stdout:/usr/bin/ceph: stderr
2024-04-26T21:59:22.048+0000 7f6355400700 1 --2- 172.21.15.60:0/30479300 >> [v2:172.21.15.60:6800/1368079972,v1:172.21.15.60:6801/1368079972] conn(0x7f63340395b0 0x7f633403ba70 unknown :-1 s=CLOSED pgs=7 cs=0 l=1 rev1=1 crypto rx=0 tx=0 comp rx=0 tx=0).stop
2024-04-26T21:59:22.761 INFO:teuthology.orchestra.run.smithi060.stdout:/usr/bin/ceph: stderr
2024-04-26T21:59:22.048+0000 7f6355400700 1 --2- 172.21.15.60:0/30479300 >> [v2:172.21.15.60:3300/0,v1:172.21.15.60:6789/0] conn(0x7f635010b220 0x7f635019f180 unknown :-1 s=CLOSED pgs=21 cs=0 l=1 rev1=1 crypto rx=0 tx=0 comp rx=0 tx=0).stop
2024-04-26T21:59:22.762 INFO:teuthology.orchestra.run.smithi060.stdout:/usr/bin/ceph: stderr
2024-04-26T21:59:22.048+0000 7f6355400700 1 -- 172.21.15.60:0/30479300 >> 172.21.15.60:0/30479300 conn(0x7f635007e660 msgr2=0x7f63501084c0 unknown :-1 s=STATE_NONE l=0).mark_down
2024-04-26T21:59:22.762 INFO:teuthology.orchestra.run.smithi060.stdout:/usr/bin/ceph: stderr
2024-04-26T21:59:22.048+0000 7f6355400700 1 -- 172.21.15.60:0/30479300 shutdown_connections
2024-04-26T21:59:22.762 INFO:teuthology.orchestra.run.smithi060.stdout:/usr/bin/ceph: stderr
2024-04-26T21:59:22.048+0000 7f6355400700 1 -- 172.21.15.60:0/30479300 wait complete.
2024-04-26T21:59:22.762 INFO:teuthology.orchestra.run.smithi060.stdout:Enabling cephadm module...
2024-04-26T21:59:24.035 INFO:journalctl@ceph.mon.a.smithi060.stdout:Apr 26 21:59:23 smithi060 ceph-mon[27991]: from='client.? 172.21.15.60:0/4244713722' entity='client.admin' cmd=[{"prefix": "mgr module enable", "module": "cephadm"}]: dispatch
2024-04-26T21:59:24.036 INFO:journalctl@ceph.mgr.x.smithi060.stdout:Apr 26 21:59:23 smithi060 ceph-00cb9be0-0418-11ef-bc93-c7b262605968-mgr-x[28216]: ignoring --setuser ceph since I am not root
2024-04-26T21:59:24.036 INFO:journalctl@ceph.mgr.x.smithi060.stdout:Apr 26 21:59:23 smithi060 ceph-00cb9be0-0418-11ef-bc93-c7b262605968-mgr-x[28216]: ignoring --setgroup ceph since I am not root
2024-04-26T21:59:24.363 INFO:journalctl@ceph.mgr.x.smithi060.stdout:Apr 26 21:59:24 smithi060 ceph-00cb9be0-0418-11ef-bc93-c7b262605968-mgr-x[28216]:
2024-04-26T21:59:24.099+0000 7f5cdc15f200 -1 mgr[py] Module balancer has missing NOTIFY_TYPES member
2024-04-26T21:59:24.665 INFO:journalctl@ceph.mgr.x.smithi060.stdout:Apr 26 21:59:24 smithi060 ceph-00cb9be0-0418-11ef-bc93-c7b262605968-mgr-x[28216]:
2024-04-26T21:59:24.362+0000 7f5cdc15f200 -1 mgr[py] Module orchestrator has missing NOTIFY_TYPES member
2024-04-26T21:59:24.665 INFO:journalctl@ceph.mgr.x.smithi060.stdout:Apr 26 21:59:24 smithi060 ceph-00cb9be0-0418-11ef-bc93-c7b262605968-mgr-x[28216]:
2024-04-26T21:59:24.498+0000 7f5cdc15f200 -1 mgr[py] Module snap_schedule has missing NOTIFY_TYPES member
2024-04-26T21:59:24.683 INFO:teuthology.orchestra.run.smithi060.stdout:/usr/bin/ceph: stderr
2024-04-26T21:59:23.453+0000 7f33db200700 1 Processor -- start
2024-04-26T21:59:24.684 INFO:teuthology.orchestra.run.smithi060.stdout:/usr/bin/ceph: stderr
2024-04-26T21:59:23.453+0000 7f33db200700 1 -- start start
2024-04-26T21:59:24.684 INFO:teuthology.orchestra.run.smithi060.stdout:/usr/bin/ceph: stderr
2024-04-26T21:59:23.453+0000 7f33db200700 1 --2- >> [v2:172.21.15.60:3300/0,v1:172.21.15.60:6789/0] conn(0x7f33dc108e50 0x7f33dc109270 unknown :-1 s=NONE pgs=0 cs=0 l=0 rev1=0 crypto rx=0 tx=0 comp rx=0 tx=0).connect
2024-04-26T21:59:24.684 INFO:teuthology.orchestra.run.smithi060.stdout:/usr/bin/ceph: stderr
2024-04-26T21:59:23.453+0000 7f33db200700 1 -- --> [v2:172.21.15.60:3300/0,v1:172.21.15.60:6789/0] -- mon_getmap magic: 0 -- 0x7f33dc1097b0 con 0x7f33dc108e50
2024-04-26T21:59:24.684 INFO:teuthology.orchestra.run.smithi060.stdout:/usr/bin/ceph: stderr
2024-04-26T21:59:23.454+0000 7f33d9e00700 1 --2- >> [v2:172.21.15.60:3300/0,v1:172.21.15.60:6789/0] conn(0x7f33dc108e50 0x7f33dc109270 unknown :-1 s=BANNER_CONNECTING pgs=0 cs=0 l=0 rev1=0 crypto rx=0 tx=0 comp rx=0 tx=0)._handle_peer_banner_payload supported=3 required=0
2024-04-26T21:59:24.684 INFO:teuthology.orchestra.run.smithi060.stdout:/usr/bin/ceph: stderr
2024-04-26T21:59:23.454+0000 7f33d9e00700 1 --2- >> [v2:172.21.15.60:3300/0,v1:172.21.15.60:6789/0] conn(0x7f33dc108e50 0x7f33dc109270 unknown :-1 s=HELLO_CONNECTING pgs=0 cs=0 l=0 rev1=1 crypto rx=0 tx=0 comp rx=0 tx=0).handle_hello peer v2:172.21.15.60:3300/0 says I am v2:172.21.15.60:45850/0 (socket says 172.21.15.60:45850)
2024-04-26T21:59:24.684 INFO:teuthology.orchestra.run.smithi060.stdout:/usr/bin/ceph: stderr
2024-04-26T21:59:23.454+0000 7f33d9e00700 1 -- 172.21.15.60:0/3209930735 learned_addr learned my addr 172.21.15.60:0/3209930735 (peer_addr_for_me v2:172.21.15.60:0/0)
2024-04-26T21:59:24.685 INFO:teuthology.orchestra.run.smithi060.stdout:/usr/bin/ceph: stderr
2024-04-26T21:59:23.454+0000 7f33d9e00700 1 -- 172.21.15.60:0/3209930735 --> [v2:172.21.15.60:3300/0,v1:172.21.15.60:6789/0] -- mon_subscribe({config=0+,monmap=0+}) -- 0x7f33dc109930 con 0x7f33dc108e50
2024-04-26T21:59:24.685 INFO:teuthology.orchestra.run.smithi060.stdout:/usr/bin/ceph: stderr
2024-04-26T21:59:23.455+0000 7f33d9e00700 1 --2- 172.21.15.60:0/3209930735 >> [v2:172.21.15.60:3300/0,v1:172.21.15.60:6789/0] conn(0x7f33dc108e50 0x7f33dc109270 secure :-1 s=READY pgs=22 cs=0 l=1 rev1=1 crypto rx=0x7f33cc0098a0 tx=0x7f33cc009bb0 comp rx=0 tx=0).ready entity=mon.0 client_cookie=98d6fdc1b2020866 server_cookie=0 in_seq=0 out_seq=0
2024-04-26T21:59:24.685 INFO:teuthology.orchestra.run.smithi060.stdout:/usr/bin/ceph: stderr
2024-04-26T21:59:23.455+0000 7f33d8a00700 1 -- 172.21.15.60:0/3209930735 <== mon.0 v2:172.21.15.60:3300/0 1 ==== mon_map magic: 0 ==== 205+0+0 (secure 0 0 0) 0x7f33cc004160 con 0x7f33dc108e50
2024-04-26T21:59:24.685 INFO:teuthology.orchestra.run.smithi060.stdout:/usr/bin/ceph: stderr
2024-04-26T21:59:23.455+0000 7f33d8a00700 1 -- 172.21.15.60:0/3209930735 <== mon.0 v2:172.21.15.60:3300/0 2 ==== config(27 keys) ==== 1101+0+0 (secure 0 0 0) 0x7f33cc004300 con 0x7f33dc108e50
2024-04-26T21:59:24.685 INFO:teuthology.orchestra.run.smithi060.stdout:/usr/bin/ceph: stderr
2024-04-26T21:59:23.455+0000 7f33d8a00700 1 -- 172.21.15.60:0/3209930735 <== mon.0 v2:172.21.15.60:3300/0 3 ==== mon_map magic: 0 ==== 205+0+0 (secure 0 0 0) 0x7f33cc011b30 con 0x7f33dc108e50
2024-04-26T21:59:24.685 INFO:teuthology.orchestra.run.smithi060.stdout:/usr/bin/ceph: stderr
2024-04-26T21:59:23.456+0000 7f33db200700 1 -- 172.21.15.60:0/3209930735 >> [v2:172.21.15.60:3300/0,v1:172.21.15.60:6789/0] conn(0x7f33dc108e50 msgr2=0x7f33dc109270 secure :-1 s=STATE_CONNECTION_ESTABLISHED l=1).mark_down
2024-04-26T21:59:24.685 INFO:teuthology.orchestra.run.smithi060.stdout:/usr/bin/ceph: stderr
2024-04-26T21:59:23.456+0000 7f33db200700 1 --2- 172.21.15.60:0/3209930735 >> [v2:172.21.15.60:3300/0,v1:172.21.15.60:6789/0] conn(0x7f33dc108e50 0x7f33dc109270 secure :-1 s=READY pgs=22 cs=0 l=1 rev1=1 crypto rx=0x7f33cc0098a0 tx=0x7f33cc009bb0 comp rx=0 tx=0).stop
2024-04-26T21:59:24.685 INFO:teuthology.orchestra.run.smithi060.stdout:/usr/bin/ceph: stderr
2024-04-26T21:59:23.456+0000 7f33db200700 1 -- 172.21.15.60:0/3209930735 shutdown_connections
2024-04-26T21:59:24.686 INFO:teuthology.orchestra.run.smithi060.stdout:/usr/bin/ceph: stderr
2024-04-26T21:59:23.456+0000 7f33db200700 1 --2- 172.21.15.60:0/3209930735 >> [v2:172.21.15.60:3300/0,v1:172.21.15.60:6789/0] conn(0x7f33dc108e50 0x7f33dc109270 unknown :-1 s=CLOSED pgs=22 cs=0 l=1 rev1=1 crypto rx=0 tx=0 comp rx=0 tx=0).stop
2024-04-26T21:59:24.686 INFO:teuthology.orchestra.run.smithi060.stdout:/usr/bin/ceph: stderr
2024-04-26T21:59:23.456+0000 7f33db200700 1 -- 172.21.15.60:0/3209930735 >> 172.21.15.60:0/3209930735 conn(0x7f33dc1044f0 msgr2=0x7f33dc106910 unknown :-1 s=STATE_NONE l=0).mark_down
2024-04-26T21:59:24.686 INFO:teuthology.orchestra.run.smithi060.stdout:/usr/bin/ceph: stderr
2024-04-26T21:59:23.456+0000 7f33db200700 1 -- 172.21.15.60:0/3209930735 shutdown_connections
2024-04-26T21:59:24.686 INFO:teuthology.orchestra.run.smithi060.stdout:/usr/bin/ceph: stderr
2024-04-26T21:59:23.456+0000 7f33db200700 1 -- 172.21.15.60:0/3209930735 wait complete.
2024-04-26T21:59:24.686 INFO:teuthology.orchestra.run.smithi060.stdout:/usr/bin/ceph: stderr
2024-04-26T21:59:23.457+0000 7f33db200700 1 Processor -- start
2024-04-26T21:59:24.686 INFO:teuthology.orchestra.run.smithi060.stdout:/usr/bin/ceph: stderr
2024-04-26T21:59:23.457+0000 7f33db200700 1 -- start start
2024-04-26T21:59:24.686 INFO:teuthology.orchestra.run.smithi060.stdout:/usr/bin/ceph: stderr
2024-04-26T21:59:23.458+0000 7f33db200700 1 --2- >> [v2:172.21.15.60:3300/0,v1:172.21.15.60:6789/0] conn(0x7f33dc108e50 0x7f33dc19cde0 unknown :-1 s=NONE pgs=0 cs=0 l=1 rev1=0 crypto rx=0 tx=0 comp rx=0 tx=0).connect
2024-04-26T21:59:24.686 INFO:teuthology.orchestra.run.smithi060.stdout:/usr/bin/ceph: stderr
2024-04-26T21:59:23.458+0000 7f33db200700 1 -- --> [v2:172.21.15.60:3300/0,v1:172.21.15.60:6789/0] -- mon_getmap magic: 0 -- 0x7f33dc10ae40 con 0x7f33dc108e50
2024-04-26T21:59:24.687 INFO:teuthology.orchestra.run.smithi060.stdout:/usr/bin/ceph: stderr
2024-04-26T21:59:23.458+0000 7f33d9e00700 1 --2- >> [v2:172.21.15.60:3300/0,v1:172.21.15.60:6789/0] conn(0x7f33dc108e50 0x7f33dc19cde0 unknown :-1 s=BANNER_CONNECTING pgs=0 cs=0 l=1 rev1=0 crypto rx=0 tx=0 comp rx=0 tx=0)._handle_peer_banner_payload supported=3 required=0
2024-04-26T21:59:24.687 INFO:teuthology.orchestra.run.smithi060.stdout:/usr/bin/ceph: stderr
2024-04-26T21:59:23.458+0000 7f33d9e00700 1 --2- >> [v2:172.21.15.60:3300/0,v1:172.21.15.60:6789/0] conn(0x7f33dc108e50 0x7f33dc19cde0 unknown :-1 s=HELLO_CONNECTING pgs=0 cs=0 l=1 rev1=1 crypto rx=0 tx=0 comp rx=0 tx=0).handle_hello peer v2:172.21.15.60:3300/0 says I am v2:172.21.15.60:45852/0 (socket says 172.21.15.60:45852)
2024-04-26T21:59:24.687 INFO:teuthology.orchestra.run.smithi060.stdout:/usr/bin/ceph: stderr
2024-04-26T21:59:23.458+0000 7f33d9e00700 1 -- 172.21.15.60:0/4244713722 learned_addr learned my addr 172.21.15.60:0/4244713722 (peer_addr_for_me v2:172.21.15.60:0/0)
2024-04-26T21:59:24.687 INFO:teuthology.orchestra.run.smithi060.stdout:/usr/bin/ceph: stderr
2024-04-26T21:59:23.458+0000 7f33d9e00700 1 -- 172.21.15.60:0/4244713722 --> [v2:172.21.15.60:3300/0,v1:172.21.15.60:6789/0] -- mon_subscribe({config=0+,monmap=0+}) -- 0x7f33dc19d320 con 0x7f33dc108e50
2024-04-26T21:59:24.687 INFO:teuthology.orchestra.run.smithi060.stdout:/usr/bin/ceph: stderr
2024-04-26T21:59:23.459+0000 7f33d9e00700 1 --2- 172.21.15.60:0/4244713722 >> [v2:172.21.15.60:3300/0,v1:172.21.15.60:6789/0] conn(0x7f33dc108e50 0x7f33dc19cde0 secure :-1 s=READY pgs=23 cs=0 l=1 rev1=1 crypto rx=0x7f33cc011840 tx=0x7f33cc011c00 comp rx=0 tx=0).ready entity=mon.0 client_cookie=0 server_cookie=0 in_seq=0 out_seq=0
2024-04-26T21:59:24.687 INFO:teuthology.orchestra.run.smithi060.stdout:/usr/bin/ceph: stderr
2024-04-26T21:59:23.459+0000 7f33d2a00700 1 -- 172.21.15.60:0/4244713722 <== mon.0 v2:172.21.15.60:3300/0 1 ==== mon_map magic: 0 ==== 205+0+0 (secure 0 0 0) 0x7f33cc003aa0 con 0x7f33dc108e50
2024-04-26T21:59:24.687 INFO:teuthology.orchestra.run.smithi060.stdout:/usr/bin/ceph: stderr
2024-04-26T21:59:23.459+0000 7f33d2a00700 1 -- 172.21.15.60:0/4244713722 <== mon.0 v2:172.21.15.60:3300/0 2 ==== config(27 keys) ==== 1101+0+0 (secure 0 0 0) 0x7f33cc003c40 con 0x7f33dc108e50
2024-04-26T21:59:24.687 INFO:teuthology.orchestra.run.smithi060.stdout:/usr/bin/ceph: stderr
2024-04-26T21:59:23.459+0000 7f33db200700 1 -- 172.21.15.60:0/4244713722 --> [v2:172.21.15.60:3300/0,v1:172.21.15.60:6789/0] -- mon_subscribe({mgrmap=0+}) -- 0x7f33dc19d610 con 0x7f33dc108e50
2024-04-26T21:59:24.688 INFO:teuthology.orchestra.run.smithi060.stdout:/usr/bin/ceph: stderr
2024-04-26T21:59:23.459+0000 7f33d2a00700 1 -- 172.21.15.60:0/4244713722 <== mon.0 v2:172.21.15.60:3300/0 3 ==== mon_map magic: 0 ==== 205+0+0 (secure 0 0 0) 0x7f33cc0247f0 con 0x7f33dc108e50
2024-04-26T21:59:24.688 INFO:teuthology.orchestra.run.smithi060.stdout:/usr/bin/ceph: stderr
2024-04-26T21:59:23.459+0000 7f33db200700 1 -- 172.21.15.60:0/4244713722 --> [v2:172.21.15.60:3300/0,v1:172.21.15.60:6789/0] -- mon_subscribe({osdmap=0}) -- 0x7f33dc1a02a0 con 0x7f33dc108e50
2024-04-26T21:59:24.688 INFO:teuthology.orchestra.run.smithi060.stdout:/usr/bin/ceph: stderr
2024-04-26T21:59:23.460+0000 7f33d2a00700 1 -- 172.21.15.60:0/4244713722 <== mon.0 v2:172.21.15.60:3300/0 4 ==== mgrmap(e 4) ==== 46547+0+0 (secure 0 0 0) 0x7f33cc022020 con 0x7f33dc108e50
2024-04-26T21:59:24.688 INFO:teuthology.orchestra.run.smithi060.stdout:/usr/bin/ceph: stderr
2024-04-26T21:59:23.460+0000 7f33db200700 1 -- 172.21.15.60:0/4244713722 --> [v2:172.21.15.60:3300/0,v1:172.21.15.60:6789/0] -- mon_command({"prefix": "get_command_descriptions"} v 0) -- 0x7f33dc064a80 con 0x7f33dc108e50
2024-04-26T21:59:24.688 INFO:teuthology.orchestra.run.smithi060.stdout:/usr/bin/ceph: stderr
2024-04-26T21:59:23.461+0000 7f33d2a00700 1 --2- 172.21.15.60:0/4244713722 >> [v2:172.21.15.60:6800/1368079972,v1:172.21.15.60:6801/1368079972] conn(0x7f33c00395b0 0x7f33c003ba70 unknown :-1 s=NONE pgs=0 cs=0 l=1 rev1=0 crypto rx=0 tx=0 comp rx=0 tx=0).connect
2024-04-26T21:59:24.688 INFO:teuthology.orchestra.run.smithi060.stdout:/usr/bin/ceph: stderr
2024-04-26T21:59:23.461+0000 7f33d2a00700 1 -- 172.21.15.60:0/4244713722 <== mon.0 v2:172.21.15.60:3300/0 5 ==== osd_map(1..1 src has 1..1) ==== 725+0+0 (secure 0 0 0) 0x7f33cc04d1f0 con 0x7f33dc108e50
2024-04-26T21:59:24.689 INFO:teuthology.orchestra.run.smithi060.stdout:/usr/bin/ceph: stderr
2024-04-26T21:59:23.461+0000 7f33d9400700 1 --2- 172.21.15.60:0/4244713722 >> [v2:172.21.15.60:6800/1368079972,v1:172.21.15.60:6801/1368079972] conn(0x7f33c00395b0 0x7f33c003ba70 unknown :-1 s=BANNER_CONNECTING pgs=0 cs=0 l=1 rev1=0 crypto rx=0 tx=0 comp rx=0 tx=0)._handle_peer_banner_payload supported=3 required=0
2024-04-26T21:59:24.689 INFO:teuthology.orchestra.run.smithi060.stdout:/usr/bin/ceph: stderr
2024-04-26T21:59:23.462+0000 7f33d9400700 1 --2- 172.21.15.60:0/4244713722 >> [v2:172.21.15.60:6800/1368079972,v1:172.21.15.60:6801/1368079972] conn(0x7f33c00395b0 0x7f33c003ba70 secure :-1 s=READY pgs=8 cs=0 l=1 rev1=1 crypto rx=0x7f33c8006fd0 tx=0x7f33c8006e40 comp rx=0 tx=0).ready entity=mgr.14100 client_cookie=0 server_cookie=0 in_seq=0 out_seq=0
2024-04-26T21:59:24.689 INFO:teuthology.orchestra.run.smithi060.stdout:/usr/bin/ceph: stderr
2024-04-26T21:59:23.467+0000 7f33d2a00700 1 -- 172.21.15.60:0/4244713722 <== mon.0 v2:172.21.15.60:3300/0 6 ==== mon_command_ack([{"prefix": "get_command_descriptions"}]=0 v0) ==== 72+0+188494 (secure 0 0 0) 0x7f33cc04cf50 con 0x7f33dc108e50
2024-04-26T21:59:24.689 INFO:teuthology.orchestra.run.smithi060.stdout:/usr/bin/ceph: stderr
2024-04-26T21:59:23.758+0000 7f33db200700 1 -- 172.21.15.60:0/4244713722 --> [v2:172.21.15.60:3300/0,v1:172.21.15.60:6789/0] -- mon_command({"prefix": "mgr module enable", "module": "cephadm"} v 0) -- 0x7f33dc07d630 con 0x7f33dc108e50
2024-04-26T21:59:24.689 INFO:teuthology.orchestra.run.smithi060.stdout:/usr/bin/ceph: stderr
2024-04-26T21:59:23.812+0000 7f33d2a00700 1 -- 172.21.15.60:0/4244713722 <== mon.0 v2:172.21.15.60:3300/0 7 ==== mon_command_ack([{"prefix": "mgr module enable", "module": "cephadm"}]=0 v5) ==== 86+0+0 (secure 0 0 0) 0x7f33cc01acb0 con 0x7f33dc108e50
2024-04-26T21:59:24.689 INFO:teuthology.orchestra.run.smithi060.stdout:/usr/bin/ceph: stderr
2024-04-26T21:59:23.815+0000 7f33d2a00700 1 -- 172.21.15.60:0/4244713722 <== mon.0 v2:172.21.15.60:3300/0 8 ==== mgrmap(e 5) ==== 46558+0+0 (secure 0 0 0) 0x7f33cc01a430 con 0x7f33dc108e50
2024-04-26T21:59:24.690 INFO:teuthology.orchestra.run.smithi060.stdout:/usr/bin/ceph: stderr
2024-04-26T21:59:23.815+0000 7f33db200700 1 -- 172.21.15.60:0/4244713722 >> [v2:172.21.15.60:6800/1368079972,v1:172.21.15.60:6801/1368079972] conn(0x7f33c00395b0 msgr2=0x7f33c003ba70 secure :-1 s=STATE_CONNECTION_ESTABLISHED l=1).mark_down
2024-04-26T21:59:24.690 INFO:teuthology.orchestra.run.smithi060.stdout:/usr/bin/ceph: stderr
2024-04-26T21:59:23.815+0000 7f33db200700 1 --2- 172.21.15.60:0/4244713722 >> [v2:172.21.15.60:6800/1368079972,v1:172.21.15.60:6801/1368079972] conn(0x7f33c00395b0 0x7f33c003ba70 secure :-1 s=READY pgs=8 cs=0 l=1 rev1=1 crypto rx=0x7f33c8006fd0 tx=0x7f33c8006e40 comp rx=0 tx=0).stop
2024-04-26T21:59:24.690 INFO:teuthology.orchestra.run.smithi060.stdout:/usr/bin/ceph: stderr
2024-04-26T21:59:23.815+0000 7f33db200700 1 -- 172.21.15.60:0/4244713722 >> [v2:172.21.15.60:3300/0,v1:172.21.15.60:6789/0] conn(0x7f33dc108e50 msgr2=0x7f33dc19cde0 secure :-1 s=STATE_CONNECTION_ESTABLISHED l=1).mark_down
2024-04-26T21:59:24.690 INFO:teuthology.orchestra.run.smithi060.stdout:/usr/bin/ceph: stderr
2024-04-26T21:59:23.815+0000 7f33db200700 1 --2- 172.21.15.60:0/4244713722 >> [v2:172.21.15.60:3300/0,v1:172.21.15.60:6789/0] conn(0x7f33dc108e50 0x7f33dc19cde0 secure :-1 s=READY pgs=23 cs=0 l=1 rev1=1 crypto rx=0x7f33cc011840 tx=0x7f33cc011c00 comp rx=0 tx=0).stop
2024-04-26T21:59:24.690 INFO:teuthology.orchestra.run.smithi060.stdout:/usr/bin/ceph: stderr
2024-04-26T21:59:23.816+0000 7f33db200700 1 -- 172.21.15.60:0/4244713722 shutdown_connections
2024-04-26T21:59:24.690 INFO:teuthology.orchestra.run.smithi060.stdout:/usr/bin/ceph: stderr
2024-04-26T21:59:23.816+0000 7f33db200700 1 --2- 172.21.15.60:0/4244713722 >> [v2:172.21.15.60:6800/1368079972,v1:172.21.15.60:6801/1368079972] conn(0x7f33c00395b0 0x7f33c003ba70 unknown :-1 s=CLOSED pgs=8 cs=0 l=1 rev1=1 crypto rx=0 tx=0 comp rx=0 tx=0).stop
2024-04-26T21:59:24.691 INFO:teuthology.orchestra.run.smithi060.stdout:/usr/bin/ceph: stderr
2024-04-26T21:59:23.816+0000 7f33db200700 1 --2- 172.21.15.60:0/4244713722 >> [v2:172.21.15.60:3300/0,v1:172.21.15.60:6789/0] conn(0x7f33dc108e50 0x7f33dc19cde0 unknown :-1 s=CLOSED pgs=23 cs=0 l=1 rev1=1 crypto rx=0 tx=0 comp rx=0 tx=0).stop
2024-04-26T21:59:24.691 INFO:teuthology.orchestra.run.smithi060.stdout:/usr/bin/ceph: stderr
2024-04-26T21:59:23.816+0000 7f33db200700 1 -- 172.21.15.60:0/4244713722 >> 172.21.15.60:0/4244713722 conn(0x7f33dc1044f0 msgr2=0x7f33dc1050a0 unknown :-1 s=STATE_NONE l=0).mark_down
2024-04-26T21:59:24.691 INFO:teuthology.orchestra.run.smithi060.stdout:/usr/bin/ceph: stderr
2024-04-26T21:59:23.816+0000 7f33db200700 1 -- 172.21.15.60:0/4244713722 shutdown_connections
2024-04-26T21:59:24.691 INFO:teuthology.orchestra.run.smithi060.stdout:/usr/bin/ceph: stderr
2024-04-26T21:59:23.816+0000 7f33db200700 1 -- 172.21.15.60:0/4244713722 wait complete.
2024-04-26T21:59:24.985 INFO:journalctl@ceph.mon.a.smithi060.stdout:Apr 26 21:59:24 smithi060 ceph-mon[27991]: from='client.? 172.21.15.60:0/4244713722' entity='client.admin' cmd='[{"prefix": "mgr module enable", "module": "cephadm"}]': finished
2024-04-26T21:59:24.985 INFO:journalctl@ceph.mon.a.smithi060.stdout:Apr 26 21:59:24 smithi060 ceph-mon[27991]: mgrmap e5: x(active, since 5s)
2024-04-26T21:59:24.985 INFO:journalctl@ceph.mgr.x.smithi060.stdout:Apr 26 21:59:24 smithi060 ceph-00cb9be0-0418-11ef-bc93-c7b262605968-mgr-x[28216]:
2024-04-26T21:59:24.908+0000 7f5cdc15f200 -1 mgr[py] Module progress has missing NOTIFY_TYPES member
2024-04-26T21:59:25.285 INFO:journalctl@ceph.mgr.x.smithi060.stdout:Apr 26 21:59:25 smithi060 ceph-00cb9be0-0418-11ef-bc93-c7b262605968-mgr-x[28216]:
2024-04-26T21:59:25.029+0000 7f5cdc15f200 -1 mgr[py] Module influx has missing NOTIFY_TYPES member
2024-04-26T21:59:26.131 INFO:journalctl@ceph.mon.a.smithi060.stdout:Apr 26 21:59:25 smithi060 ceph-mon[27991]: from='client.? 172.21.15.60:0/2391884600' entity='client.admin' cmd=[{"prefix": "mgr stat"}]: dispatch
2024-04-26T21:59:26.438 INFO:teuthology.orchestra.run.smithi060.stdout:/usr/bin/ceph: stdout {
2024-04-26T21:59:26.444 INFO:teuthology.orchestra.run.smithi060.stdout:/usr/bin/ceph: stdout "epoch": 5,
2024-04-26T21:59:26.444 INFO:teuthology.orchestra.run.smithi060.stdout:/usr/bin/ceph: stdout "available": true,
2024-04-26T21:59:26.444 INFO:teuthology.orchestra.run.smithi060.stdout:/usr/bin/ceph: stdout "active_name": "x",
2024-04-26T21:59:26.444 INFO:teuthology.orchestra.run.smithi060.stdout:/usr/bin/ceph: stdout "num_standby": 0
2024-04-26T21:59:26.444 INFO:teuthology.orchestra.run.smithi060.stdout:/usr/bin/ceph: stdout }
2024-04-26T21:59:26.445 INFO:teuthology.orchestra.run.smithi060.stdout:/usr/bin/ceph: stderr
2024-04-26T21:59:25.327+0000 7f1243e00700 1 Processor -- start
2024-04-26T21:59:26.445 INFO:teuthology.orchestra.run.smithi060.stdout:/usr/bin/ceph: stderr
2024-04-26T21:59:25.328+0000 7f1243e00700 1 -- start start
2024-04-26T21:59:26.445 INFO:teuthology.orchestra.run.smithi060.stdout:/usr/bin/ceph: stderr
2024-04-26T21:59:25.328+0000 7f1243e00700 1 --2- >> [v2:172.21.15.60:3300/0,v1:172.21.15.60:6789/0] conn(0x7f123c107e50 0x7f123c108270 unknown :-1 s=NONE pgs=0 cs=0 l=0 rev1=0 crypto rx=0 tx=0 comp rx=0 tx=0).connect
2024-04-26T21:59:26.445 INFO:teuthology.orchestra.run.smithi060.stdout:/usr/bin/ceph: stderr
2024-04-26T21:59:25.328+0000 7f1243e00700 1 -- --> [v2:172.21.15.60:3300/0,v1:172.21.15.60:6789/0] -- mon_getmap magic: 0 -- 0x7f123c1087b0 con 0x7f123c107e50
2024-04-26T21:59:26.445 INFO:teuthology.orchestra.run.smithi060.stdout:/usr/bin/ceph: stderr
2024-04-26T21:59:25.329+0000 7f1241400700 1 --2- >> [v2:172.21.15.60:3300/0,v1:172.21.15.60:6789/0] conn(0x7f123c107e50 0x7f123c108270 unknown :-1 s=BANNER_CONNECTING pgs=0 cs=0 l=0 rev1=0 crypto rx=0 tx=0 comp rx=0 tx=0)._handle_peer_banner_payload supported=3 required=0
2024-04-26T21:59:26.445 INFO:teuthology.orchestra.run.smithi060.stdout:/usr/bin/ceph: stderr
2024-04-26T21:59:25.329+0000 7f1241400700 1 --2- >> [v2:172.21.15.60:3300/0,v1:172.21.15.60:6789/0] conn(0x7f123c107e50 0x7f123c108270 unknown :-1 s=HELLO_CONNECTING pgs=0 cs=0 l=0 rev1=1 crypto rx=0 tx=0 comp rx=0 tx=0).handle_hello peer v2:172.21.15.60:3300/0 says I am v2:172.21.15.60:57454/0 (socket says 172.21.15.60:57454)
2024-04-26T21:59:26.445 INFO:teuthology.orchestra.run.smithi060.stdout:/usr/bin/ceph: stderr
2024-04-26T21:59:25.329+0000 7f1241400700 1 -- 172.21.15.60:0/4105211946 learned_addr learned my addr 172.21.15.60:0/4105211946 (peer_addr_for_me v2:172.21.15.60:0/0)
2024-04-26T21:59:26.445 INFO:teuthology.orchestra.run.smithi060.stdout:/usr/bin/ceph: stderr
2024-04-26T21:59:25.329+0000 7f1241400700 1 -- 172.21.15.60:0/4105211946 --> [v2:172.21.15.60:3300/0,v1:172.21.15.60:6789/0] -- mon_subscribe({config=0+,monmap=0+}) -- 0x7f123c109040 con 0x7f123c107e50
2024-04-26T21:59:26.445 INFO:teuthology.orchestra.run.smithi060.stdout:/usr/bin/ceph: stderr
2024-04-26T21:59:25.330+0000 7f1241400700 1 --2- 172.21.15.60:0/4105211946 >> [v2:172.21.15.60:3300/0,v1:172.21.15.60:6789/0] conn(0x7f123c107e50 0x7f123c108270 secure :-1 s=READY pgs=26 cs=0 l=1 rev1=1 crypto rx=0x7f12300098a0 tx=0x7f1230009bb0 comp rx=0 tx=0).ready entity=mon.0 client_cookie=6c858d07b5ca661 server_cookie=0 in_seq=0 out_seq=0
2024-04-26T21:59:26.445 INFO:teuthology.orchestra.run.smithi060.stdout:/usr/bin/ceph: stderr
2024-04-26T21:59:25.330+0000 7f123be00700 1 -- 172.21.15.60:0/4105211946 <== mon.0 v2:172.21.15.60:3300/0 1 ==== mon_map magic: 0 ==== 205+0+0 (secure 0 0 0) 0x7f1230004160 con 0x7f123c107e50
2024-04-26T21:59:26.445 INFO:teuthology.orchestra.run.smithi060.stdout:/usr/bin/ceph: stderr
2024-04-26T21:59:25.330+0000 7f123be00700 1 -- 172.21.15.60:0/4105211946 <== mon.0 v2:172.21.15.60:3300/0 2 ==== config(27 keys) ==== 1101+0+0 (secure 0 0 0) 0x7f1230004300 con 0x7f123c107e50
2024-04-26T21:59:26.445 INFO:teuthology.orchestra.run.smithi060.stdout:/usr/bin/ceph: stderr
2024-04-26T21:59:25.330+0000 7f123be00700 1 -- 172.21.15.60:0/4105211946 <== mon.0 v2:172.21.15.60:3300/0 3 ==== mon_map magic: 0 ==== 205+0+0 (secure 0 0 0) 0x7f1230011b30 con 0x7f123c107e50
2024-04-26T21:59:26.446 INFO:teuthology.orchestra.run.smithi060.stdout:/usr/bin/ceph: stderr
2024-04-26T21:59:25.331+0000 7f1243e00700 1 -- 172.21.15.60:0/4105211946 >> [v2:172.21.15.60:3300/0,v1:172.21.15.60:6789/0] conn(0x7f123c107e50 msgr2=0x7f123c108270 secure :-1 s=STATE_CONNECTION_ESTABLISHED l=1).mark_down
2024-04-26T21:59:26.446 INFO:teuthology.orchestra.run.smithi060.stdout:/usr/bin/ceph: stderr
2024-04-26T21:59:25.331+0000 7f1243e00700 1 --2- 172.21.15.60:0/4105211946 >> [v2:172.21.15.60:3300/0,v1:172.21.15.60:6789/0] conn(0x7f123c107e50 0x7f123c108270 secure :-1 s=READY pgs=26 cs=0 l=1 rev1=1 crypto rx=0x7f12300098a0 tx=0x7f1230009bb0 comp rx=0 tx=0).stop
2024-04-26T21:59:26.446 INFO:teuthology.orchestra.run.smithi060.stdout:/usr/bin/ceph: stderr
2024-04-26T21:59:25.331+0000 7f1243e00700 1 -- 172.21.15.60:0/4105211946 shutdown_connections
2024-04-26T21:59:26.446 INFO:teuthology.orchestra.run.smithi060.stdout:/usr/bin/ceph: stderr
2024-04-26T21:59:25.331+0000 7f1243e00700 1 --2- 172.21.15.60:0/4105211946 >> [v2:172.21.15.60:3300/0,v1:172.21.15.60:6789/0] conn(0x7f123c107e50 0x7f123c108270 unknown :-1 s=CLOSED pgs=26 cs=0 l=1 rev1=1 crypto rx=0 tx=0 comp rx=0 tx=0).stop
2024-04-26T21:59:26.446 INFO:teuthology.orchestra.run.smithi060.stdout:/usr/bin/ceph: stderr
2024-04-26T21:59:25.331+0000 7f1243e00700 1 -- 172.21.15.60:0/4105211946 >> 172.21.15.60:0/4105211946 conn(0x7f123c1034c0 msgr2=0x7f123c1058e0 unknown :-1 s=STATE_NONE l=0).mark_down
2024-04-26T21:59:26.446 INFO:teuthology.orchestra.run.smithi060.stdout:/usr/bin/ceph: stderr
2024-04-26T21:59:25.331+0000 7f1243e00700 1 -- 172.21.15.60:0/4105211946 shutdown_connections
2024-04-26T21:59:26.446 INFO:teuthology.orchestra.run.smithi060.stdout:/usr/bin/ceph: stderr
2024-04-26T21:59:25.332+0000 7f1243e00700 1 -- 172.21.15.60:0/4105211946 wait complete.
2024-04-26T21:59:26.446 INFO:teuthology.orchestra.run.smithi060.stdout:/usr/bin/ceph: stderr
2024-04-26T21:59:25.332+0000 7f1243e00700 1 Processor -- start
2024-04-26T21:59:26.446 INFO:teuthology.orchestra.run.smithi060.stdout:/usr/bin/ceph: stderr
2024-04-26T21:59:25.333+0000 7f1243e00700 1 -- start start
2024-04-26T21:59:26.446 INFO:teuthology.orchestra.run.smithi060.stdout:/usr/bin/ceph: stderr
2024-04-26T21:59:25.333+0000 7f1243e00700 1 --2- >> [v2:172.21.15.60:3300/0,v1:172.21.15.60:6789/0] conn(0x7f123c107e50 0x7f123c19f1c0 unknown :-1 s=NONE pgs=0 cs=0 l=1 rev1=0 crypto rx=0 tx=0 comp rx=0 tx=0).connect
2024-04-26T21:59:26.446 INFO:teuthology.orchestra.run.smithi060.stdout:/usr/bin/ceph: stderr
2024-04-26T21:59:25.333+0000 7f1243e00700 1 -- --> [v2:172.21.15.60:3300/0,v1:172.21.15.60:6789/0] -- mon_getmap magic: 0 -- 0x7f123c07bfa0 con 0x7f123c107e50
2024-04-26T21:59:26.446 INFO:teuthology.orchestra.run.smithi060.stdout:/usr/bin/ceph: stderr
2024-04-26T21:59:25.333+0000 7f1241400700 1 --2- >> [v2:172.21.15.60:3300/0,v1:172.21.15.60:6789/0] conn(0x7f123c107e50 0x7f123c19f1c0 unknown :-1 s=BANNER_CONNECTING pgs=0 cs=0 l=1 rev1=0 crypto rx=0 tx=0 comp rx=0 tx=0)._handle_peer_banner_payload supported=3 required=0
2024-04-26T21:59:26.446 INFO:teuthology.orchestra.run.smithi060.stdout:/usr/bin/ceph: stderr
2024-04-26T21:59:25.333+0000 7f1241400700 1 --2- >> [v2:172.21.15.60:3300/0,v1:172.21.15.60:6789/0] conn(0x7f123c107e50 0x7f123c19f1c0 unknown :-1 s=HELLO_CONNECTING pgs=0 cs=0 l=1 rev1=1 crypto rx=0 tx=0 comp rx=0 tx=0).handle_hello peer v2:172.21.15.60:3300/0 says I am v2:172.21.15.60:57458/0 (socket says 172.21.15.60:57458)
2024-04-26T21:59:26.447 INFO:teuthology.orchestra.run.smithi060.stdout:/usr/bin/ceph: stderr
2024-04-26T21:59:25.333+0000 7f1241400700 1 -- 172.21.15.60:0/2391884600 learned_addr learned my addr 172.21.15.60:0/2391884600 (peer_addr_for_me v2:172.21.15.60:0/0)
2024-04-26T21:59:26.447 INFO:teuthology.orchestra.run.smithi060.stdout:/usr/bin/ceph: stderr
2024-04-26T21:59:25.334+0000 7f1241400700 1 -- 172.21.15.60:0/2391884600 --> [v2:172.21.15.60:3300/0,v1:172.21.15.60:6789/0] -- mon_subscribe({config=0+,monmap=0+}) -- 0x7f123c19f700 con 0x7f123c107e50
2024-04-26T21:59:26.447 INFO:teuthology.orchestra.run.smithi060.stdout:/usr/bin/ceph: stderr
2024-04-26T21:59:25.334+0000 7f1241400700 1 --2- 172.21.15.60:0/2391884600 >> [v2:172.21.15.60:3300/0,v1:172.21.15.60:6789/0] conn(0x7f123c107e50 0x7f123c19f1c0 secure :-1 s=READY pgs=27 cs=0 l=1 rev1=1 crypto rx=0x7f1230011670 tx=0x7f1230011c00 comp rx=0 tx=0).ready entity=mon.0 client_cookie=0 server_cookie=0 in_seq=0 out_seq=0
2024-04-26T21:59:26.447 INFO:teuthology.orchestra.run.smithi060.stdout:/usr/bin/ceph: stderr
2024-04-26T21:59:25.334+0000 7f123a000700 1 -- 172.21.15.60:0/2391884600 <== mon.0 v2:172.21.15.60:3300/0 1 ==== mon_map magic: 0 ==== 205+0+0 (secure 0 0 0) 0x7f12300039e0 con 0x7f123c107e50
2024-04-26T21:59:26.447 INFO:teuthology.orchestra.run.smithi060.stdout:/usr/bin/ceph: stderr
2024-04-26T21:59:25.334+0000 7f123a000700 1 -- 172.21.15.60:0/2391884600 <== mon.0 v2:172.21.15.60:3300/0 2 ==== config(27 keys) ==== 1101+0+0 (secure 0 0 0) 0x7f1230003b80 con 0x7f123c107e50
2024-04-26T21:59:26.447 INFO:teuthology.orchestra.run.smithi060.stdout:/usr/bin/ceph: stderr
2024-04-26T21:59:25.334+0000 7f1243e00700 1 -- 172.21.15.60:0/2391884600 --> [v2:172.21.15.60:3300/0,v1:172.21.15.60:6789/0] -- mon_subscribe({mgrmap=0+}) -- 0x7f123c19f990 con 0x7f123c107e50
2024-04-26T21:59:26.447 INFO:teuthology.orchestra.run.smithi060.stdout:/usr/bin/ceph: stderr
2024-04-26T21:59:25.334+0000 7f123a000700 1 -- 172.21.15.60:0/2391884600 <== mon.0 v2:172.21.15.60:3300/0 3 ==== mon_map magic: 0 ==== 205+0+0 (secure 0 0 0) 0x7f12300196b0 con 0x7f123c107e50
2024-04-26T21:59:26.447 INFO:teuthology.orchestra.run.smithi060.stdout:/usr/bin/ceph: stderr
2024-04-26T21:59:25.335+0000 7f1243e00700 1 -- 172.21.15.60:0/2391884600 --> [v2:172.21.15.60:3300/0,v1:172.21.15.60:6789/0] -- mon_subscribe({osdmap=0}) -- 0x7f123c1a2680 con 0x7f123c107e50
2024-04-26T21:59:26.447 INFO:teuthology.orchestra.run.smithi060.stdout:/usr/bin/ceph: stderr
2024-04-26T21:59:25.336+0000 7f123a000700 1 -- 172.21.15.60:0/2391884600 <== mon.0 v2:172.21.15.60:3300/0 4 ==== mgrmap(e 5) ==== 46558+0+0 (secure 0 0 0) 0x7f1230022020 con 0x7f123c107e50
2024-04-26T21:59:26.447 INFO:teuthology.orchestra.run.smithi060.stdout:/usr/bin/ceph: stderr
2024-04-26T21:59:25.336+0000 7f1243e00700 1 -- 172.21.15.60:0/2391884600 --> [v2:172.21.15.60:3300/0,v1:172.21.15.60:6789/0] -- mon_command({"prefix": "get_command_descriptions"} v 0) -- 0x7f123c064a80 con 0x7f123c107e50
2024-04-26T21:59:26.447 INFO:teuthology.orchestra.run.smithi060.stdout:/usr/bin/ceph: stderr
2024-04-26T21:59:25.336+0000 7f123a000700 1 --2- 172.21.15.60:0/2391884600 >> [v2:172.21.15.60:6800/1368079972,v1:172.21.15.60:6801/1368079972] conn(0x7f1224039600 0x7f122403bac0 unknown :-1 s=NONE pgs=0 cs=0 l=1 rev1=0 crypto rx=0 tx=0 comp rx=0 tx=0).connect
2024-04-26T21:59:26.447 INFO:teuthology.orchestra.run.smithi060.stdout:/usr/bin/ceph: stderr
2024-04-26T21:59:25.336+0000 7f123a000700 1 -- 172.21.15.60:0/2391884600 <== mon.0 v2:172.21.15.60:3300/0 5 ==== osd_map(1..1 src has 1..1) ==== 725+0+0 (secure 0 0 0) 0x7f123004d720 con 0x7f123c107e50
2024-04-26T21:59:26.447 INFO:teuthology.orchestra.run.smithi060.stdout:/usr/bin/ceph: stderr
2024-04-26T21:59:25.336+0000 7f1240a00700 1 -- 172.21.15.60:0/2391884600 >> [v2:172.21.15.60:6800/1368079972,v1:172.21.15.60:6801/1368079972] conn(0x7f1224039600 msgr2=0x7f122403bac0 unknown :-1 s=STATE_CONNECTING_RE l=1).process reconnect failed to v2:172.21.15.60:6800/1368079972
2024-04-26T21:59:26.447 INFO:teuthology.orchestra.run.smithi060.stdout:/usr/bin/ceph: stderr
2024-04-26T21:59:25.337+0000 7f1240a00700 1 --2- 172.21.15.60:0/2391884600 >> [v2:172.21.15.60:6800/1368079972,v1:172.21.15.60:6801/1368079972] conn(0x7f1224039600 0x7f122403bac0 unknown :-1 s=START_CONNECT pgs=0 cs=0 l=1 rev1=0 crypto rx=0 tx=0 comp rx=0 tx=0)._fault waiting 0.200000
2024-04-26T21:59:26.447 INFO:teuthology.orchestra.run.smithi060.stdout:/usr/bin/ceph: stderr
2024-04-26T21:59:25.347+0000 7f123a000700 1 -- 172.21.15.60:0/2391884600 <== mon.0 v2:172.21.15.60:3300/0 6 ==== mon_command_ack([{"prefix": "get_command_descriptions"}]=0 v0) ==== 72+0+188494 (secure 0 0 0) 0x7f123004d480 con 0x7f123c107e50
2024-04-26T21:59:26.448 INFO:teuthology.orchestra.run.smithi060.stdout:/usr/bin/ceph: stderr
2024-04-26T21:59:25.538+0000 7f1240a00700 1 -- 172.21.15.60:0/2391884600 >> [v2:172.21.15.60:6800/1368079972,v1:172.21.15.60:6801/1368079972] conn(0x7f1224039600 msgr2=0x7f122403bac0 unknown :-1 s=STATE_CONNECTING_RE l=1).process reconnect failed to v2:172.21.15.60:6800/1368079972
2024-04-26T21:59:26.448 INFO:teuthology.orchestra.run.smithi060.stdout:/usr/bin/ceph: stderr
2024-04-26T21:59:25.538+0000 7f1240a00700 1 --2- 172.21.15.60:0/2391884600 >> [v2:172.21.15.60:6800/1368079972,v1:172.21.15.60:6801/1368079972] conn(0x7f1224039600 0x7f122403bac0 unknown :-1 s=START_CONNECT pgs=0 cs=0 l=1 rev1=0 crypto rx=0 tx=0 comp rx=0 tx=0)._fault waiting 0.400000
2024-04-26T21:59:26.448 INFO:teuthology.orchestra.run.smithi060.stdout:/usr/bin/ceph: stderr
2024-04-26T21:59:25.678+0000 7f1243e00700 1 -- 172.21.15.60:0/2391884600 --> [v2:172.21.15.60:3300/0,v1:172.21.15.60:6789/0] -- mon_command({"prefix": "mgr stat"} v 0) -- 0x7f123c1a2850 con 0x7f123c107e50
2024-04-26T21:59:26.448 INFO:teuthology.orchestra.run.smithi060.stdout:/usr/bin/ceph: stderr
2024-04-26T21:59:25.678+0000 7f123a000700 1 -- 172.21.15.60:0/2391884600 <== mon.0 v2:172.21.15.60:3300/0 7 ==== mon_command_ack([{"prefix": "mgr stat"}]=0 v5) ==== 56+0+88 (secure 0 0 0) 0x7f123c1a2850 con 0x7f123c107e50
2024-04-26T21:59:26.448 INFO:teuthology.orchestra.run.smithi060.stdout:/usr/bin/ceph: stderr
2024-04-26T21:59:25.682+0000 7f1243e00700 1 -- 172.21.15.60:0/2391884600 >> [v2:172.21.15.60:6800/1368079972,v1:172.21.15.60:6801/1368079972] conn(0x7f1224039600 msgr2=0x7f122403bac0 unknown :-1 s=STATE_CONNECTING l=1).mark_down
2024-04-26T21:59:26.448 INFO:teuthology.orchestra.run.smithi060.stdout:/usr/bin/ceph: stderr
2024-04-26T21:59:25.682+0000 7f1243e00700 1 --2- 172.21.15.60:0/2391884600 >> [v2:172.21.15.60:6800/1368079972,v1:172.21.15.60:6801/1368079972] conn(0x7f1224039600 0x7f122403bac0 unknown :-1 s=START_CONNECT pgs=0 cs=0 l=1 rev1=0 crypto rx=0 tx=0 comp rx=0 tx=0).stop
2024-04-26T21:59:26.448 INFO:teuthology.orchestra.run.smithi060.stdout:/usr/bin/ceph: stderr
2024-04-26T21:59:25.682+0000 7f1243e00700 1 -- 172.21.15.60:0/2391884600 >> [v2:172.21.15.60:3300/0,v1:172.21.15.60:6789/0] conn(0x7f123c107e50 msgr2=0x7f123c19f1c0 secure :-1 s=STATE_CONNECTION_ESTABLISHED l=1).mark_down
2024-04-26T21:59:26.448 INFO:teuthology.orchestra.run.smithi060.stdout:/usr/bin/ceph: stderr
2024-04-26T21:59:25.682+0000 7f1243e00700 1 --2- 172.21.15.60:0/2391884600 >> [v2:172.21.15.60:3300/0,v1:172.21.15.60:6789/0] conn(0x7f123c107e50 0x7f123c19f1c0 secure :-1 s=READY pgs=27 cs=0 l=1 rev1=1 crypto rx=0x7f1230011670 tx=0x7f1230011c00 comp rx=0 tx=0).stop
2024-04-26T21:59:26.448 INFO:teuthology.orchestra.run.smithi060.stdout:/usr/bin/ceph: stderr
2024-04-26T21:59:25.683+0000 7f1243e00700 1 -- 172.21.15.60:0/2391884600 shutdown_connections
2024-04-26T21:59:26.448 INFO:teuthology.orchestra.run.smithi060.stdout:/usr/bin/ceph: stderr
2024-04-26T21:59:25.683+0000 7f1243e00700 1 --2- 172.21.15.60:0/2391884600 >> [v2:172.21.15.60:6800/1368079972,v1:172.21.15.60:6801/1368079972] conn(0x7f1224039600 0x7f122403bac0 unknown :-1 s=CLOSED pgs=0 cs=0 l=1 rev1=0 crypto rx=0 tx=0 comp rx=0 tx=0).stop
2024-04-26T21:59:26.448 INFO:teuthology.orchestra.run.smithi060.stdout:/usr/bin/ceph: stderr
2024-04-26T21:59:25.683+0000 7f1243e00700 1 --2- 172.21.15.60:0/2391884600 >> [v2:172.21.15.60:3300/0,v1:172.21.15.60:6789/0] conn(0x7f123c107e50 0x7f123c19f1c0 unknown :-1 s=CLOSED pgs=27 cs=0 l=1 rev1=1 crypto rx=0 tx=0 comp rx=0 tx=0).stop
2024-04-26T21:59:26.448 INFO:teuthology.orchestra.run.smithi060.stdout:/usr/bin/ceph: stderr
2024-04-26T21:59:25.683+0000 7f1243e00700 1 -- 172.21.15.60:0/2391884600 >> 172.21.15.60:0/2391884600 conn(0x7f123c1034c0 msgr2=0x7f123c195760 unknown :-1 s=STATE_NONE l=0).mark_down
2024-04-26T21:59:26.448 INFO:teuthology.orchestra.run.smithi060.stdout:/usr/bin/ceph: stderr
2024-04-26T21:59:25.683+0000 7f1243e00700 1 -- 172.21.15.60:0/2391884600 shutdown_connections
2024-04-26T21:59:26.449 INFO:teuthology.orchestra.run.smithi060.stdout:/usr/bin/ceph: stderr
2024-04-26T21:59:25.683+0000 7f1243e00700 1 -- 172.21.15.60:0/2391884600 wait complete.
2024-04-26T21:59:26.449 INFO:teuthology.orchestra.run.smithi060.stdout:Waiting for the mgr to restart...
2024-04-26T21:59:26.449 INFO:teuthology.orchestra.run.smithi060.stdout:Waiting for mgr epoch 5...
2024-04-26T21:59:27.032 INFO:journalctl@ceph.mgr.x.smithi060.stdout:Apr 26 21:59:26 smithi060 ceph-00cb9be0-0418-11ef-bc93-c7b262605968-mgr-x[28216]:
2024-04-26T21:59:26.695+0000 7f5cdc15f200 -1 mgr[py] Module telegraf has missing NOTIFY_TYPES member
2024-04-26T21:59:27.033 INFO:journalctl@ceph.mgr.x.smithi060.stdout:Apr 26 21:59:26 smithi060 ceph-00cb9be0-0418-11ef-bc93-c7b262605968-mgr-x[28216]:
2024-04-26T21:59:26.936+0000 7f5cdc15f200 -1 mgr[py] Module osd_support has missing NOTIFY_TYPES member
2024-04-26T21:59:27.285 INFO:journalctl@ceph.mgr.x.smithi060.stdout:Apr 26 21:59:27 smithi060 ceph-00cb9be0-0418-11ef-bc93-c7b262605968-mgr-x[28216]:
2024-04-26T21:59:27.158+0000 7f5cdc15f200 -1 mgr[py] Module iostat has missing NOTIFY_TYPES member
2024-04-26T21:59:27.674 INFO:journalctl@ceph.mgr.x.smithi060.stdout:Apr 26 21:59:27 smithi060 ceph-00cb9be0-0418-11ef-bc93-c7b262605968-mgr-x[28216]:
2024-04-26T21:59:27.546+0000 7f5cdc15f200 -1 mgr[py] Module alerts has missing NOTIFY_TYPES member
2024-04-26T21:59:27.674 INFO:journalctl@ceph.mgr.x.smithi060.stdout:Apr 26 21:59:27 smithi060 ceph-00cb9be0-0418-11ef-bc93-c7b262605968-mgr-x[28216]:
2024-04-26T21:59:27.673+0000 7f5cdc15f200 -1 mgr[py] Module selftest has missing NOTIFY_TYPES member
2024-04-26T21:59:28.192 INFO:journalctl@ceph.mgr.x.smithi060.stdout:Apr 26 21:59:27 smithi060 ceph-00cb9be0-0418-11ef-bc93-c7b262605968-mgr-x[28216]:
2024-04-26T21:59:27.932+0000 7f5cdc15f200 -1 mgr[py] Module pg_autoscaler has missing NOTIFY_TYPES member
2024-04-26T21:59:28.512 INFO:journalctl@ceph.mgr.x.smithi060.stdout:Apr 26 21:59:28 smithi060 ceph-00cb9be0-0418-11ef-bc93-c7b262605968-mgr-x[28216]:
2024-04-26T21:59:28.192+0000 7f5cdc15f200 -1 mgr[py] Module test_orchestrator has missing NOTIFY_TYPES member
2024-04-26T21:59:29.285 INFO:journalctl@ceph.mgr.x.smithi060.stdout:Apr 26 21:59:29 smithi060 ceph-00cb9be0-0418-11ef-bc93-c7b262605968-mgr-x[28216]:
2024-04-26T21:59:29.004+0000 7f5cdc15f200 -1 mgr[py] Module rook has missing NOTIFY_TYPES member
2024-04-26T21:59:29.969 INFO:journalctl@ceph.mgr.x.smithi060.stdout:Apr 26 21:59:29 smithi060 ceph-00cb9be0-0418-11ef-bc93-c7b262605968-mgr-x[28216]:
2024-04-26T21:59:29.566+0000 7f5cdc15f200 -1 mgr[py] Module volumes has missing NOTIFY_TYPES member
2024-04-26T21:59:29.969 INFO:journalctl@ceph.mgr.x.smithi060.stdout:Apr 26 21:59:29 smithi060 ceph-00cb9be0-0418-11ef-bc93-c7b262605968-mgr-x[28216]:
2024-04-26T21:59:29.697+0000 7f5cdc15f200 -1 mgr[py] Module crash has missing NOTIFY_TYPES member
2024-04-26T21:59:29.969 INFO:journalctl@ceph.mgr.x.smithi060.stdout:Apr 26 21:59:29 smithi060 ceph-00cb9be0-0418-11ef-bc93-c7b262605968-mgr-x[28216]:
2024-04-26T21:59:29.968+0000 7f5cdc15f200 -1 mgr[py] Module rgw has missing NOTIFY_TYPES member
2024-04-26T21:59:31.035 INFO:journalctl@ceph.mgr.x.smithi060.stdout:Apr 26 21:59:30 smithi060 ceph-00cb9be0-0418-11ef-bc93-c7b262605968-mgr-x[28216]:
2024-04-26T21:59:30.634+0000 7f5cdc15f200 -1 mgr[py] Module prometheus has missing NOTIFY_TYPES member
2024-04-26T21:59:31.035 INFO:journalctl@ceph.mgr.x.smithi060.stdout:Apr 26 21:59:30 smithi060 ceph-00cb9be0-0418-11ef-bc93-c7b262605968-mgr-x[28216]:
2024-04-26T21:59:30.760+0000 7f5cdc15f200 -1 mgr[py] Module devicehealth has missing NOTIFY_TYPES member
2024-04-26T21:59:31.400 INFO:journalctl@ceph.mgr.x.smithi060.stdout:Apr 26 21:59:31 smithi060 ceph-00cb9be0-0418-11ef-bc93-c7b262605968-mgr-x[28216]:
2024-04-26T21:59:31.089+0000 7f5cdc15f200 -1 mgr[py] Module telemetry has missing NOTIFY_TYPES member
2024-04-26T21:59:31.400 INFO:journalctl@ceph.mgr.x.smithi060.stdout:Apr 26 21:59:31 smithi060 ceph-00cb9be0-0418-11ef-bc93-c7b262605968-mgr-x[28216]:
2024-04-26T21:59:31.270+0000 7f5cdc15f200 -1 mgr[py] Module diskprediction_local has missing NOTIFY_TYPES member
