2024-04-26T22:05:22.040 INFO:teuthology.orchestra.run.smithi039.stdout:Enabling the dashboard module...
2024-04-26T22:05:22.828 INFO:journalctl@ceph.mon.a.smithi039.stdout:Apr 26 22:05:22 smithi039 ceph-mon[28107]: from='mgr.14120 172.21.15.39:0/1310404267' entity='mgr.x'
2024-04-26T22:05:22.828 INFO:journalctl@ceph.mon.a.smithi039.stdout:Apr 26 22:05:22 smithi039 ceph-mon[28107]: pgmap v5: 0 pgs: ; 0 B data, 0 B used, 0 B / 0 B avail
2024-04-26T22:05:24.078 INFO:journalctl@ceph.mon.a.smithi039.stdout:Apr 26 22:05:23 smithi039 ceph-mon[28107]: from='client.? 172.21.15.39:0/3135519768' entity='client.admin' cmd=[{"prefix": "mgr module enable", "module": "dashboard"}]: dispatch
2024-04-26T22:05:24.078 INFO:journalctl@ceph.mgr.x.smithi039.stdout:Apr 26 22:05:23 smithi039 ceph-c84af4b8-0418-11ef-bc93-c7b262605968-mgr-x[28336]: ignoring --setuser ceph since I am not root
2024-04-26T22:05:24.078 INFO:journalctl@ceph.mgr.x.smithi039.stdout:Apr 26 22:05:23 smithi039 ceph-c84af4b8-0418-11ef-bc93-c7b262605968-mgr-x[28336]: ignoring --setgroup ceph since I am not root
2024-04-26T22:05:24.446 INFO:journalctl@ceph.mgr.x.smithi039.stdout:Apr 26 22:05:24 smithi039 ceph-c84af4b8-0418-11ef-bc93-c7b262605968-mgr-x[28336]:
2024-04-26T22:05:24.176+0000 7fcbd00ba200 -1 mgr[py] Module balancer has missing NOTIFY_TYPES member
2024-04-26T22:05:24.574 INFO:teuthology.orchestra.run.smithi039.stdout:/usr/bin/ceph: stderr
2024-04-26T22:05:22.610+0000 7fdfab000700 1 Processor -- start
2024-04-26T22:05:24.574 INFO:teuthology.orchestra.run.smithi039.stdout:/usr/bin/ceph: stderr
2024-04-26T22:05:22.611+0000 7fdfab000700 1 -- start start
2024-04-26T22:05:24.574 INFO:teuthology.orchestra.run.smithi039.stdout:/usr/bin/ceph: stderr
2024-04-26T22:05:22.611+0000 7fdfab000700 1 --2- >> [v2:172.21.15.39:3300/0,v1:172.21.15.39:6789/0] conn(0x7fdfa41074b0 0x7fdfa41078d0 unknown :-1 s=NONE pgs=0 cs=0 l=0 rev1=0 crypto rx=0 tx=0 comp rx=0 tx=0).connect
2024-04-26T22:05:24.574 INFO:teuthology.orchestra.run.smithi039.stdout:/usr/bin/ceph: stderr
2024-04-26T22:05:22.611+0000 7fdfab000700 1 -- --> [v2:172.21.15.39:3300/0,v1:172.21.15.39:6789/0] -- mon_getmap magic: 0 -- 0x7fdfa4107ea0 con 0x7fdfa41074b0
2024-04-26T22:05:24.575 INFO:teuthology.orchestra.run.smithi039.stdout:/usr/bin/ceph: stderr
2024-04-26T22:05:22.612+0000 7fdfa3e00700 1 --2- >> [v2:172.21.15.39:3300/0,v1:172.21.15.39:6789/0] conn(0x7fdfa41074b0 0x7fdfa41078d0 unknown :-1 s=BANNER_CONNECTING pgs=0 cs=0 l=0 rev1=0 crypto rx=0 tx=0 comp rx=0 tx=0)._handle_peer_banner_payload supported=3 required=0
2024-04-26T22:05:24.575 INFO:teuthology.orchestra.run.smithi039.stdout:/usr/bin/ceph: stderr
2024-04-26T22:05:22.612+0000 7fdfa3e00700 1 --2- >> [v2:172.21.15.39:3300/0,v1:172.21.15.39:6789/0] conn(0x7fdfa41074b0 0x7fdfa41078d0 unknown :-1 s=HELLO_CONNECTING pgs=0 cs=0 l=0 rev1=1 crypto rx=0 tx=0 comp rx=0 tx=0).handle_hello peer v2:172.21.15.39:3300/0 says I am v2:172.21.15.39:42134/0 (socket says 172.21.15.39:42134)
2024-04-26T22:05:24.575 INFO:teuthology.orchestra.run.smithi039.stdout:/usr/bin/ceph: stderr
2024-04-26T22:05:22.612+0000 7fdfa3e00700 1 -- 172.21.15.39:0/1473927899 learned_addr learned my addr 172.21.15.39:0/1473927899 (peer_addr_for_me v2:172.21.15.39:0/0)
2024-04-26T22:05:24.575 INFO:teuthology.orchestra.run.smithi039.stdout:/usr/bin/ceph: stderr
2024-04-26T22:05:22.612+0000 7fdfa3e00700 1 -- 172.21.15.39:0/1473927899 --> [v2:172.21.15.39:3300/0,v1:172.21.15.39:6789/0] -- mon_subscribe({config=0+,monmap=0+}) -- 0x7fdfa41086b0 con 0x7fdfa41074b0
2024-04-26T22:05:24.575 INFO:teuthology.orchestra.run.smithi039.stdout:/usr/bin/ceph: stderr
2024-04-26T22:05:22.612+0000 7fdfa3e00700 1 --2- 172.21.15.39:0/1473927899 >> [v2:172.21.15.39:3300/0,v1:172.21.15.39:6789/0] conn(0x7fdfa41074b0 0x7fdfa41078d0 secure :-1 s=READY pgs=55 cs=0 l=1 rev1=1 crypto rx=0x7fdf9400d180 tx=0x7fdf9400d490 comp rx=0 tx=0).ready entity=mon.0 client_cookie=ef4eec6f0fd0ecb1 server_cookie=0 in_seq=0 out_seq=0
2024-04-26T22:05:24.575 INFO:teuthology.orchestra.run.smithi039.stdout:/usr/bin/ceph: stderr
2024-04-26T22:05:22.613+0000 7fdfa3400700 1 -- 172.21.15.39:0/1473927899 <== mon.0 v2:172.21.15.39:3300/0 1 ==== mon_map magic: 0 ==== 205+0+0 (secure 0 0 0) 0x7fdf9401b070 con 0x7fdfa41074b0
2024-04-26T22:05:24.575 INFO:teuthology.orchestra.run.smithi039.stdout:/usr/bin/ceph: stderr
2024-04-26T22:05:22.613+0000 7fdfa3400700 1 -- 172.21.15.39:0/1473927899 <== mon.0 v2:172.21.15.39:3300/0 2 ==== config(26 keys) ==== 1101+0+0 (secure 0 0 0) 0x7fdf9400dc10 con 0x7fdfa41074b0
2024-04-26T22:05:24.575 INFO:teuthology.orchestra.run.smithi039.stdout:/usr/bin/ceph: stderr
2024-04-26T22:05:22.613+0000 7fdfa3400700 1 -- 172.21.15.39:0/1473927899 <== mon.0 v2:172.21.15.39:3300/0 3 ==== mon_map magic: 0 ==== 205+0+0 (secure 0 0 0) 0x7fdf940047c0 con 0x7fdfa41074b0
2024-04-26T22:05:24.575 INFO:teuthology.orchestra.run.smithi039.stdout:/usr/bin/ceph: stderr
2024-04-26T22:05:22.613+0000 7fdfab000700 1 -- 172.21.15.39:0/1473927899 >> [v2:172.21.15.39:3300/0,v1:172.21.15.39:6789/0] conn(0x7fdfa41074b0 msgr2=0x7fdfa41078d0 secure :-1 s=STATE_CONNECTION_ESTABLISHED l=1).mark_down
2024-04-26T22:05:24.575 INFO:teuthology.orchestra.run.smithi039.stdout:/usr/bin/ceph: stderr
2024-04-26T22:05:22.613+0000 7fdfab000700 1 --2- 172.21.15.39:0/1473927899 >> [v2:172.21.15.39:3300/0,v1:172.21.15.39:6789/0] conn(0x7fdfa41074b0 0x7fdfa41078d0 secure :-1 s=READY pgs=55 cs=0 l=1 rev1=1 crypto rx=0x7fdf9400d180 tx=0x7fdf9400d490 comp rx=0 tx=0).stop
2024-04-26T22:05:24.575 INFO:teuthology.orchestra.run.smithi039.stdout:/usr/bin/ceph: stderr
2024-04-26T22:05:22.613+0000 7fdfab000700 1 -- 172.21.15.39:0/1473927899 shutdown_connections
2024-04-26T22:05:24.575 INFO:teuthology.orchestra.run.smithi039.stdout:/usr/bin/ceph: stderr
2024-04-26T22:05:22.613+0000 7fdfab000700 1 --2- 172.21.15.39:0/1473927899 >> [v2:172.21.15.39:3300/0,v1:172.21.15.39:6789/0] conn(0x7fdfa41074b0 0x7fdfa41078d0 unknown :-1 s=CLOSED pgs=55 cs=0 l=1 rev1=1 crypto rx=0 tx=0 comp rx=0 tx=0).stop
2024-04-26T22:05:24.575 INFO:teuthology.orchestra.run.smithi039.stdout:/usr/bin/ceph: stderr
2024-04-26T22:05:22.613+0000 7fdfab000700 1 -- 172.21.15.39:0/1473927899 >> 172.21.15.39:0/1473927899 conn(0x7fdfa4102a10 msgr2=0x7fdfa4104e90 unknown :-1 s=STATE_NONE l=0).mark_down
2024-04-26T22:05:24.575 INFO:teuthology.orchestra.run.smithi039.stdout:/usr/bin/ceph: stderr
2024-04-26T22:05:22.614+0000 7fdfab000700 1 -- 172.21.15.39:0/1473927899 shutdown_connections
2024-04-26T22:05:24.576 INFO:teuthology.orchestra.run.smithi039.stdout:/usr/bin/ceph: stderr
2024-04-26T22:05:22.614+0000 7fdfab000700 1 -- 172.21.15.39:0/1473927899 wait complete.
2024-04-26T22:05:24.576 INFO:teuthology.orchestra.run.smithi039.stdout:/usr/bin/ceph: stderr
2024-04-26T22:05:22.615+0000 7fdfab000700 1 Processor -- start
2024-04-26T22:05:24.576 INFO:teuthology.orchestra.run.smithi039.stdout:/usr/bin/ceph: stderr
2024-04-26T22:05:22.615+0000 7fdfab000700 1 -- start start
2024-04-26T22:05:24.576 INFO:teuthology.orchestra.run.smithi039.stdout:/usr/bin/ceph: stderr
2024-04-26T22:05:22.615+0000 7fdfab000700 1 --2- >> [v2:172.21.15.39:3300/0,v1:172.21.15.39:6789/0] conn(0x7fdfa41074b0 0x7fdfa419eff0 unknown :-1 s=NONE pgs=0 cs=0 l=1 rev1=0 crypto rx=0 tx=0 comp rx=0 tx=0).connect
2024-04-26T22:05:24.576 INFO:teuthology.orchestra.run.smithi039.stdout:/usr/bin/ceph: stderr
2024-04-26T22:05:22.615+0000 7fdfab000700 1 -- --> [v2:172.21.15.39:3300/0,v1:172.21.15.39:6789/0] -- mon_getmap magic: 0 -- 0x7fdfa4108e20 con 0x7fdfa41074b0
2024-04-26T22:05:24.576 INFO:teuthology.orchestra.run.smithi039.stdout:/usr/bin/ceph: stderr
2024-04-26T22:05:22.616+0000 7fdfa3e00700 1 --2- >> [v2:172.21.15.39:3300/0,v1:172.21.15.39:6789/0] conn(0x7fdfa41074b0 0x7fdfa419eff0 unknown :-1 s=BANNER_CONNECTING pgs=0 cs=0 l=1 rev1=0 crypto rx=0 tx=0 comp rx=0 tx=0)._handle_peer_banner_payload supported=3 required=0
2024-04-26T22:05:24.576 INFO:teuthology.orchestra.run.smithi039.stdout:/usr/bin/ceph: stderr
2024-04-26T22:05:22.616+0000 7fdfa3e00700 1 --2- >> [v2:172.21.15.39:3300/0,v1:172.21.15.39:6789/0] conn(0x7fdfa41074b0 0x7fdfa419eff0 unknown :-1 s=HELLO_CONNECTING pgs=0 cs=0 l=1 rev1=1 crypto rx=0 tx=0 comp rx=0 tx=0).handle_hello peer v2:172.21.15.39:3300/0 says I am v2:172.21.15.39:42144/0 (socket says 172.21.15.39:42144)
2024-04-26T22:05:24.576 INFO:teuthology.orchestra.run.smithi039.stdout:/usr/bin/ceph: stderr
2024-04-26T22:05:22.616+0000 7fdfa3e00700 1 -- 172.21.15.39:0/3135519768 learned_addr learned my addr 172.21.15.39:0/3135519768 (peer_addr_for_me v2:172.21.15.39:0/0)
2024-04-26T22:05:24.576 INFO:teuthology.orchestra.run.smithi039.stdout:/usr/bin/ceph: stderr
2024-04-26T22:05:22.616+0000 7fdfa3e00700 1 -- 172.21.15.39:0/3135519768 --> [v2:172.21.15.39:3300/0,v1:172.21.15.39:6789/0] -- mon_subscribe({config=0+,monmap=0+}) -- 0x7fdfa419f530 con 0x7fdfa41074b0
2024-04-26T22:05:24.576 INFO:teuthology.orchestra.run.smithi039.stdout:/usr/bin/ceph: stderr
2024-04-26T22:05:22.616+0000 7fdfa3e00700 1 --2- 172.21.15.39:0/3135519768 >> [v2:172.21.15.39:3300/0,v1:172.21.15.39:6789/0] conn(0x7fdfa41074b0 0x7fdfa419eff0 secure :-1 s=READY pgs=56 cs=0 l=1 rev1=1 crypto rx=0x7fdf94000f80 tx=0x7fdf9400b3f0 comp rx=0 tx=0).ready entity=mon.0 client_cookie=0 server_cookie=0 in_seq=0 out_seq=0
2024-04-26T22:05:24.576 INFO:teuthology.orchestra.run.smithi039.stdout:/usr/bin/ceph: stderr
2024-04-26T22:05:22.616+0000 7fdfa1600700 1 -- 172.21.15.39:0/3135519768 <== mon.0 v2:172.21.15.39:3300/0 1 ==== mon_map magic: 0 ==== 205+0+0 (secure 0 0 0) 0x7fdf94024070 con 0x7fdfa41074b0
2024-04-26T22:05:24.576 INFO:teuthology.orchestra.run.smithi039.stdout:/usr/bin/ceph: stderr
2024-04-26T22:05:22.616+0000 7fdfa1600700 1 -- 172.21.15.39:0/3135519768 <== mon.0 v2:172.21.15.39:3300/0 2 ==== config(26 keys) ==== 1101+0+0 (secure 0 0 0) 0x7fdf94003b50 con 0x7fdfa41074b0
2024-04-26T22:05:24.576 INFO:teuthology.orchestra.run.smithi039.stdout:/usr/bin/ceph: stderr
2024-04-26T22:05:22.616+0000 7fdfab000700 1 -- 172.21.15.39:0/3135519768 --> [v2:172.21.15.39:3300/0,v1:172.21.15.39:6789/0] -- mon_subscribe({mgrmap=0+}) -- 0x7fdfa419f7c0 con 0x7fdfa41074b0
2024-04-26T22:05:24.576 INFO:teuthology.orchestra.run.smithi039.stdout:/usr/bin/ceph: stderr
2024-04-26T22:05:22.617+0000 7fdfa1600700 1 -- 172.21.15.39:0/3135519768 <== mon.0 v2:172.21.15.39:3300/0 3 ==== mon_map magic: 0 ==== 205+0+0 (secure 0 0 0) 0x7fdf9401b040 con 0x7fdfa41074b0
2024-04-26T22:05:24.577 INFO:teuthology.orchestra.run.smithi039.stdout:/usr/bin/ceph: stderr
2024-04-26T22:05:22.617+0000 7fdfab000700 1 -- 172.21.15.39:0/3135519768 --> [v2:172.21.15.39:3300/0,v1:172.21.15.39:6789/0] -- mon_subscribe({osdmap=0}) -- 0x7fdfa41a24b0 con 0x7fdfa41074b0
2024-04-26T22:05:24.577 INFO:teuthology.orchestra.run.smithi039.stdout:/usr/bin/ceph: stderr
2024-04-26T22:05:22.618+0000 7fdfab000700 1 -- 172.21.15.39:0/3135519768 --> [v2:172.21.15.39:3300/0,v1:172.21.15.39:6789/0] -- mon_command({"prefix": "get_command_descriptions"} v 0) -- 0x7fdfa4064a80 con 0x7fdfa41074b0
2024-04-26T22:05:24.577 INFO:teuthology.orchestra.run.smithi039.stdout:/usr/bin/ceph: stderr
2024-04-26T22:05:22.618+0000 7fdfa1600700 1 -- 172.21.15.39:0/3135519768 <== mon.0 v2:172.21.15.39:3300/0 4 ==== mgrmap(e 8) ==== 46558+0+0 (secure 0 0 0) 0x7fdf94027070 con 0x7fdfa41074b0
2024-04-26T22:05:24.577 INFO:teuthology.orchestra.run.smithi039.stdout:/usr/bin/ceph: stderr
2024-04-26T22:05:22.618+0000 7fdfa1600700 1 --2- 172.21.15.39:0/3135519768 >> [v2:172.21.15.39:6800/395779815,v1:172.21.15.39:6801/395779815] conn(0x7fdf880395b0 0x7fdf8803ba70 unknown :-1 s=NONE pgs=0 cs=0 l=1 rev1=0 crypto rx=0 tx=0 comp rx=0 tx=0).connect
2024-04-26T22:05:24.577 INFO:teuthology.orchestra.run.smithi039.stdout:/usr/bin/ceph: stderr
2024-04-26T22:05:22.618+0000 7fdfa1600700 1 -- 172.21.15.39:0/3135519768 <== mon.0 v2:172.21.15.39:3300/0 5 ==== osd_map(2..2 src has 1..2) ==== 940+0+0 (secure 0 0 0) 0x7fdf94011030 con 0x7fdfa41074b0
2024-04-26T22:05:24.577 INFO:teuthology.orchestra.run.smithi039.stdout:/usr/bin/ceph: stderr
2024-04-26T22:05:22.619+0000 7fdf9b400700 1 --2- 172.21.15.39:0/3135519768 >> [v2:172.21.15.39:6800/395779815,v1:172.21.15.39:6801/395779815] conn(0x7fdf880395b0 0x7fdf8803ba70 unknown :-1 s=BANNER_CONNECTING pgs=0 cs=0 l=1 rev1=0 crypto rx=0 tx=0 comp rx=0 tx=0)._handle_peer_banner_payload supported=3 required=0
2024-04-26T22:05:24.577 INFO:teuthology.orchestra.run.smithi039.stdout:/usr/bin/ceph: stderr
2024-04-26T22:05:22.619+0000 7fdf9b400700 1 --2- 172.21.15.39:0/3135519768 >> [v2:172.21.15.39:6800/395779815,v1:172.21.15.39:6801/395779815] conn(0x7fdf880395b0 0x7fdf8803ba70 secure :-1 s=READY pgs=16 cs=0 l=1 rev1=1 crypto rx=0x7fdf8c006fd0 tx=0x7fdf8c006e40 comp rx=0 tx=0).ready entity=mgr.14120 client_cookie=0 server_cookie=0 in_seq=0 out_seq=0
2024-04-26T22:05:24.577 INFO:teuthology.orchestra.run.smithi039.stdout:/usr/bin/ceph: stderr
2024-04-26T22:05:22.624+0000 7fdfa1600700 1 -- 172.21.15.39:0/3135519768 <== mon.0 v2:172.21.15.39:3300/0 6 ==== mon_command_ack([{"prefix": "get_command_descriptions"}]=0 v0) ==== 72+0+188494 (secure 0 0 0) 0x7fdf94011230 con 0x7fdfa41074b0
2024-04-26T22:05:24.577 INFO:teuthology.orchestra.run.smithi039.stdout:/usr/bin/ceph: stderr
2024-04-26T22:05:22.923+0000 7fdfab000700 1 -- 172.21.15.39:0/3135519768 --> [v2:172.21.15.39:3300/0,v1:172.21.15.39:6789/0] -- mon_command({"prefix": "mgr module enable", "module": "dashboard"} v 0) -- 0x7fdfa402e720 con 0x7fdfa41074b0
2024-04-26T22:05:24.577 INFO:teuthology.orchestra.run.smithi039.stdout:/usr/bin/ceph: stderr
2024-04-26T22:05:23.823+0000 7fdfa1600700 1 -- 172.21.15.39:0/3135519768 <== mon.0 v2:172.21.15.39:3300/0 7 ==== mon_command_ack([{"prefix": "mgr module enable", "module": "dashboard"}]=0 v9) ==== 88+0+0 (secure 0 0 0) 0x7fdf9404ca00 con 0x7fdfa41074b0
2024-04-26T22:05:24.577 INFO:teuthology.orchestra.run.smithi039.stdout:/usr/bin/ceph: stderr
2024-04-26T22:05:23.826+0000 7fdfa1600700 1 -- 172.21.15.39:0/3135519768 <== mon.0 v2:172.21.15.39:3300/0 8 ==== mgrmap(e 9) ==== 46571+0+0 (secure 0 0 0) 0x7fdf9401cd70 con 0x7fdfa41074b0
2024-04-26T22:05:24.577 INFO:teuthology.orchestra.run.smithi039.stdout:/usr/bin/ceph: stderr
2024-04-26T22:05:23.827+0000 7fdfab000700 1 -- 172.21.15.39:0/3135519768 >> [v2:172.21.15.39:6800/395779815,v1:172.21.15.39:6801/395779815] conn(0x7fdf880395b0 msgr2=0x7fdf8803ba70 secure :-1 s=STATE_CONNECTION_ESTABLISHED l=1).mark_down
2024-04-26T22:05:24.577 INFO:teuthology.orchestra.run.smithi039.stdout:/usr/bin/ceph: stderr
2024-04-26T22:05:23.827+0000 7fdfab000700 1 --2- 172.21.15.39:0/3135519768 >> [v2:172.21.15.39:6800/395779815,v1:172.21.15.39:6801/395779815] conn(0x7fdf880395b0 0x7fdf8803ba70 secure :-1 s=READY pgs=16 cs=0 l=1 rev1=1 crypto rx=0x7fdf8c006fd0 tx=0x7fdf8c006e40 comp rx=0 tx=0).stop
2024-04-26T22:05:24.577 INFO:teuthology.orchestra.run.smithi039.stdout:/usr/bin/ceph: stderr
2024-04-26T22:05:23.827+0000 7fdfab000700 1 -- 172.21.15.39:0/3135519768 >> [v2:172.21.15.39:3300/0,v1:172.21.15.39:6789/0] conn(0x7fdfa41074b0 msgr2=0x7fdfa419eff0 secure :-1 s=STATE_CONNECTION_ESTABLISHED l=1).mark_down
2024-04-26T22:05:24.578 INFO:teuthology.orchestra.run.smithi039.stdout:/usr/bin/ceph: stderr
2024-04-26T22:05:23.827+0000 7fdfab000700 1 --2- 172.21.15.39:0/3135519768 >> [v2:172.21.15.39:3300/0,v1:172.21.15.39:6789/0] conn(0x7fdfa41074b0 0x7fdfa419eff0 secure :-1 s=READY pgs=56 cs=0 l=1 rev1=1 crypto rx=0x7fdf94000f80 tx=0x7fdf9400b3f0 comp rx=0 tx=0).stop
2024-04-26T22:05:24.578 INFO:teuthology.orchestra.run.smithi039.stdout:/usr/bin/ceph: stderr
2024-04-26T22:05:23.827+0000 7fdfab000700 1 -- 172.21.15.39:0/3135519768 shutdown_connections
2024-04-26T22:05:24.578 INFO:teuthology.orchestra.run.smithi039.stdout:/usr/bin/ceph: stderr
2024-04-26T22:05:23.827+0000 7fdfab000700 1 --2- 172.21.15.39:0/3135519768 >> [v2:172.21.15.39:6800/395779815,v1:172.21.15.39:6801/395779815] conn(0x7fdf880395b0 0x7fdf8803ba70 unknown :-1 s=CLOSED pgs=16 cs=0 l=1 rev1=1 crypto rx=0 tx=0 comp rx=0 tx=0).stop
2024-04-26T22:05:24.578 INFO:teuthology.orchestra.run.smithi039.stdout:/usr/bin/ceph: stderr
2024-04-26T22:05:23.827+0000 7fdfab000700 1 --2- 172.21.15.39:0/3135519768 >> [v2:172.21.15.39:3300/0,v1:172.21.15.39:6789/0] conn(0x7fdfa41074b0 0x7fdfa419eff0 unknown :-1 s=CLOSED pgs=56 cs=0 l=1 rev1=1 crypto rx=0 tx=0 comp rx=0 tx=0).stop
2024-04-26T22:05:24.578 INFO:teuthology.orchestra.run.smithi039.stdout:/usr/bin/ceph: stderr
2024-04-26T22:05:23.827+0000 7fdfab000700 1 -- 172.21.15.39:0/3135519768 >> 172.21.15.39:0/3135519768 conn(0x7fdfa4102a10 msgr2=0x7fdfa4195bb0 unknown :-1 s=STATE_NONE l=0).mark_down
2024-04-26T22:05:24.578 INFO:teuthology.orchestra.run.smithi039.stdout:/usr/bin/ceph: stderr
2024-04-26T22:05:23.827+0000 7fdfab000700 1 -- 172.21.15.39:0/3135519768 shutdown_connections
2024-04-26T22:05:24.578 INFO:teuthology.orchestra.run.smithi039.stdout:/usr/bin/ceph: stderr
2024-04-26T22:05:23.827+0000 7fdfab000700 1 -- 172.21.15.39:0/3135519768 wait complete.
2024-04-26T22:05:24.721 INFO:journalctl@ceph.mgr.x.smithi039.stdout:Apr 26 22:05:24 smithi039 ceph-c84af4b8-0418-11ef-bc93-c7b262605968-mgr-x[28336]:
2024-04-26T22:05:24.444+0000 7fcbd00ba200 -1 mgr[py] Module orchestrator has missing NOTIFY_TYPES member
2024-04-26T22:05:24.722 INFO:journalctl@ceph.mgr.x.smithi039.stdout:Apr 26 22:05:24 smithi039 ceph-c84af4b8-0418-11ef-bc93-c7b262605968-mgr-x[28336]:
2024-04-26T22:05:24.581+0000 7fcbd00ba200 -1 mgr[py] Module snap_schedule has missing NOTIFY_TYPES member
2024-04-26T22:05:25.003 INFO:journalctl@ceph.mon.a.smithi039.stdout:Apr 26 22:05:24 smithi039 ceph-mon[28107]: from='client.? 172.21.15.39:0/3135519768' entity='client.admin' cmd='[{"prefix": "mgr module enable", "module": "dashboard"}]': finished
2024-04-26T22:05:25.003 INFO:journalctl@ceph.mon.a.smithi039.stdout:Apr 26 22:05:24 smithi039 ceph-mon[28107]: mgrmap e9: x(active, since 25s)
2024-04-26T22:05:25.328 INFO:journalctl@ceph.mgr.x.smithi039.stdout:Apr 26 22:05:25 smithi039 ceph-c84af4b8-0418-11ef-bc93-c7b262605968-mgr-x[28336]:
2024-04-26T22:05:25.002+0000 7fcbd00ba200 -1 mgr[py] Module progress has missing NOTIFY_TYPES member
2024-04-26T22:05:25.328 INFO:journalctl@ceph.mgr.x.smithi039.stdout:Apr 26 22:05:25 smithi039 ceph-c84af4b8-0418-11ef-bc93-c7b262605968-mgr-x[28336]:
2024-04-26T22:05:25.120+0000 7fcbd00ba200 -1 mgr[py] Module influx has missing NOTIFY_TYPES member
2024-04-26T22:05:25.830 INFO:journalctl@ceph.mon.a.smithi039.stdout:Apr 26 22:05:25 smithi039 ceph-mon[28107]: from='client.? 172.21.15.39:0/173390781' entity='client.admin' cmd=[{"prefix": "mgr stat"}]: dispatch
2024-04-26T22:05:26.197 INFO:teuthology.orchestra.run.smithi039.stdout:/usr/bin/ceph: stdout {
2024-04-26T22:05:26.197 INFO:teuthology.orchestra.run.smithi039.stdout:/usr/bin/ceph: stdout "epoch": 9,
2024-04-26T22:05:26.197 INFO:teuthology.orchestra.run.smithi039.stdout:/usr/bin/ceph: stdout "available": true,
2024-04-26T22:05:26.198 INFO:teuthology.orchestra.run.smithi039.stdout:/usr/bin/ceph: stdout "active_name": "x",
2024-04-26T22:05:26.198 INFO:teuthology.orchestra.run.smithi039.stdout:/usr/bin/ceph: stdout "num_standby": 0
2024-04-26T22:05:26.198 INFO:teuthology.orchestra.run.smithi039.stdout:/usr/bin/ceph: stdout }
2024-04-26T22:05:26.198 INFO:teuthology.orchestra.run.smithi039.stdout:/usr/bin/ceph: stderr
2024-04-26T22:05:25.168+0000 7f164fe00700 1 Processor -- start
2024-04-26T22:05:26.198 INFO:teuthology.orchestra.run.smithi039.stdout:/usr/bin/ceph: stderr
2024-04-26T22:05:25.168+0000 7f164fe00700 1 -- start start
2024-04-26T22:05:26.198 INFO:teuthology.orchestra.run.smithi039.stdout:/usr/bin/ceph: stderr
2024-04-26T22:05:25.168+0000 7f164fe00700 1 --2- >> [v2:172.21.15.39:3300/0,v1:172.21.15.39:6789/0] conn(0x7f1648108df0 0x7f1648109210 unknown :-1 s=NONE pgs=0 cs=0 l=0 rev1=0 crypto rx=0 tx=0 comp rx=0 tx=0).connect
2024-04-26T22:05:26.198 INFO:teuthology.orchestra.run.smithi039.stdout:/usr/bin/ceph: stderr
2024-04-26T22:05:25.168+0000 7f164fe00700 1 -- --> [v2:172.21.15.39:3300/0,v1:172.21.15.39:6789/0] -- mon_getmap magic: 0 -- 0x7f16481097e0 con 0x7f1648108df0
2024-04-26T22:05:26.198 INFO:teuthology.orchestra.run.smithi039.stdout:/usr/bin/ceph: stderr
2024-04-26T22:05:25.169+0000 7f164d400700 1 --2- >> [v2:172.21.15.39:3300/0,v1:172.21.15.39:6789/0] conn(0x7f1648108df0 0x7f1648109210 unknown :-1 s=BANNER_CONNECTING pgs=0 cs=0 l=0 rev1=0 crypto rx=0 tx=0 comp rx=0 tx=0)._handle_peer_banner_payload supported=3 required=0
2024-04-26T22:05:26.198 INFO:teuthology.orchestra.run.smithi039.stdout:/usr/bin/ceph: stderr
2024-04-26T22:05:25.169+0000 7f164d400700 1 --2- >> [v2:172.21.15.39:3300/0,v1:172.21.15.39:6789/0] conn(0x7f1648108df0 0x7f1648109210 unknown :-1 s=HELLO_CONNECTING pgs=0 cs=0 l=0 rev1=1 crypto rx=0 tx=0 comp rx=0 tx=0).handle_hello peer v2:172.21.15.39:3300/0 says I am v2:172.21.15.39:45168/0 (socket says 172.21.15.39:45168)
2024-04-26T22:05:26.198 INFO:teuthology.orchestra.run.smithi039.stdout:/usr/bin/ceph: stderr
2024-04-26T22:05:25.169+0000 7f164d400700 1 -- 172.21.15.39:0/3035547830 learned_addr learned my addr 172.21.15.39:0/3035547830 (peer_addr_for_me v2:172.21.15.39:0/0)
2024-04-26T22:05:26.198 INFO:teuthology.orchestra.run.smithi039.stdout:/usr/bin/ceph: stderr
2024-04-26T22:05:25.169+0000 7f164d400700 1 -- 172.21.15.39:0/3035547830 --> [v2:172.21.15.39:3300/0,v1:172.21.15.39:6789/0] -- mon_subscribe({config=0+,monmap=0+}) -- 0x7f1648109ff0 con 0x7f1648108df0
2024-04-26T22:05:26.198 INFO:teuthology.orchestra.run.smithi039.stdout:/usr/bin/ceph: stderr
2024-04-26T22:05:25.170+0000 7f164d400700 1 --2- 172.21.15.39:0/3035547830 >> [v2:172.21.15.39:3300/0,v1:172.21.15.39:6789/0] conn(0x7f1648108df0 0x7f1648109210 secure :-1 s=READY pgs=59 cs=0 l=1 rev1=1 crypto rx=0x7f163c0098a0 tx=0x7f163c009bb0 comp rx=0 tx=0).ready entity=mon.0 client_cookie=c18ec9a48478ce15 server_cookie=0 in_seq=0 out_seq=0
2024-04-26T22:05:26.198 INFO:teuthology.orchestra.run.smithi039.stdout:/usr/bin/ceph: stderr
2024-04-26T22:05:25.170+0000 7f1647e00700 1 -- 172.21.15.39:0/3035547830 <== mon.0 v2:172.21.15.39:3300/0 1 ==== mon_map magic: 0 ==== 205+0+0 (secure 0 0 0) 0x7f163c004160 con 0x7f1648108df0
2024-04-26T22:05:26.199 INFO:teuthology.orchestra.run.smithi039.stdout:/usr/bin/ceph: stderr
2024-04-26T22:05:25.170+0000 7f1647e00700 1 -- 172.21.15.39:0/3035547830 <== mon.0 v2:172.21.15.39:3300/0 2 ==== config(26 keys) ==== 1101+0+0 (secure 0 0 0) 0x7f163c004300 con 0x7f1648108df0
2024-04-26T22:05:26.199 INFO:teuthology.orchestra.run.smithi039.stdout:/usr/bin/ceph: stderr
2024-04-26T22:05:25.170+0000 7f1647e00700 1 -- 172.21.15.39:0/3035547830 <== mon.0 v2:172.21.15.39:3300/0 3 ==== mon_map magic: 0 ==== 205+0+0 (secure 0 0 0) 0x7f163c011a20 con 0x7f1648108df0
2024-04-26T22:05:26.199 INFO:teuthology.orchestra.run.smithi039.stdout:/usr/bin/ceph: stderr
2024-04-26T22:05:25.171+0000 7f164fe00700 1 -- 172.21.15.39:0/3035547830 >> [v2:172.21.15.39:3300/0,v1:172.21.15.39:6789/0] conn(0x7f1648108df0 msgr2=0x7f1648109210 secure :-1 s=STATE_CONNECTION_ESTABLISHED l=1).mark_down
2024-04-26T22:05:26.199 INFO:teuthology.orchestra.run.smithi039.stdout:/usr/bin/ceph: stderr
2024-04-26T22:05:25.171+0000 7f164fe00700 1 --2- 172.21.15.39:0/3035547830 >> [v2:172.21.15.39:3300/0,v1:172.21.15.39:6789/0] conn(0x7f1648108df0 0x7f1648109210 secure :-1 s=READY pgs=59 cs=0 l=1 rev1=1 crypto rx=0x7f163c0098a0 tx=0x7f163c009bb0 comp rx=0 tx=0).stop
2024-04-26T22:05:26.199 INFO:teuthology.orchestra.run.smithi039.stdout:/usr/bin/ceph: stderr
2024-04-26T22:05:25.171+0000 7f164fe00700 1 -- 172.21.15.39:0/3035547830 shutdown_connections
2024-04-26T22:05:26.199 INFO:teuthology.orchestra.run.smithi039.stdout:/usr/bin/ceph: stderr
2024-04-26T22:05:25.171+0000 7f164fe00700 1 --2- 172.21.15.39:0/3035547830 >> [v2:172.21.15.39:3300/0,v1:172.21.15.39:6789/0] conn(0x7f1648108df0 0x7f1648109210 unknown :-1 s=CLOSED pgs=59 cs=0 l=1 rev1=1 crypto rx=0 tx=0 comp rx=0 tx=0).stop
2024-04-26T22:05:26.199 INFO:teuthology.orchestra.run.smithi039.stdout:/usr/bin/ceph: stderr
2024-04-26T22:05:25.171+0000 7f164fe00700 1 -- 172.21.15.39:0/3035547830 >> 172.21.15.39:0/3035547830 conn(0x7f1648104390 msgr2=0x7f16481067d0 unknown :-1 s=STATE_NONE l=0).mark_down
2024-04-26T22:05:26.199 INFO:teuthology.orchestra.run.smithi039.stdout:/usr/bin/ceph: stderr
2024-04-26T22:05:25.171+0000 7f164fe00700 1 -- 172.21.15.39:0/3035547830 shutdown_connections
2024-04-26T22:05:26.199 INFO:teuthology.orchestra.run.smithi039.stdout:/usr/bin/ceph: stderr
2024-04-26T22:05:25.171+0000 7f164fe00700 1 -- 172.21.15.39:0/3035547830 wait complete.
2024-04-26T22:05:26.199 INFO:teuthology.orchestra.run.smithi039.stdout:/usr/bin/ceph: stderr
2024-04-26T22:05:25.172+0000 7f164fe00700 1 Processor -- start
2024-04-26T22:05:26.199 INFO:teuthology.orchestra.run.smithi039.stdout:/usr/bin/ceph: stderr
2024-04-26T22:05:25.172+0000 7f164fe00700 1 -- start start
2024-04-26T22:05:26.199 INFO:teuthology.orchestra.run.smithi039.stdout:/usr/bin/ceph: stderr
2024-04-26T22:05:25.173+0000 7f164fe00700 1 --2- >> [v2:172.21.15.39:3300/0,v1:172.21.15.39:6789/0] conn(0x7f1648108df0 0x7f164819eef0 unknown :-1 s=NONE pgs=0 cs=0 l=1 rev1=0 crypto rx=0 tx=0 comp rx=0 tx=0).connect
2024-04-26T22:05:26.199 INFO:teuthology.orchestra.run.smithi039.stdout:/usr/bin/ceph: stderr
2024-04-26T22:05:25.173+0000 7f164fe00700 1 -- --> [v2:172.21.15.39:3300/0,v1:172.21.15.39:6789/0] -- mon_getmap magic: 0 -- 0x7f164810d3a0 con 0x7f1648108df0
2024-04-26T22:05:26.199 INFO:teuthology.orchestra.run.smithi039.stdout:/usr/bin/ceph: stderr
2024-04-26T22:05:25.173+0000 7f164d400700 1 --2- >> [v2:172.21.15.39:3300/0,v1:172.21.15.39:6789/0] conn(0x7f1648108df0 0x7f164819eef0 unknown :-1 s=BANNER_CONNECTING pgs=0 cs=0 l=1 rev1=0 crypto rx=0 tx=0 comp rx=0 tx=0)._handle_peer_banner_payload supported=3 required=0
2024-04-26T22:05:26.199 INFO:teuthology.orchestra.run.smithi039.stdout:/usr/bin/ceph: stderr
2024-04-26T22:05:25.173+0000 7f164d400700 1 --2- >> [v2:172.21.15.39:3300/0,v1:172.21.15.39:6789/0] conn(0x7f1648108df0 0x7f164819eef0 unknown :-1 s=HELLO_CONNECTING pgs=0 cs=0 l=1 rev1=1 crypto rx=0 tx=0 comp rx=0 tx=0).handle_hello peer v2:172.21.15.39:3300/0 says I am v2:172.21.15.39:45182/0 (socket says 172.21.15.39:45182)
2024-04-26T22:05:26.199 INFO:teuthology.orchestra.run.smithi039.stdout:/usr/bin/ceph: stderr
2024-04-26T22:05:25.173+0000 7f164d400700 1 -- 172.21.15.39:0/173390781 learned_addr learned my addr 172.21.15.39:0/173390781 (peer_addr_for_me v2:172.21.15.39:0/0)
2024-04-26T22:05:26.200 INFO:teuthology.orchestra.run.smithi039.stdout:/usr/bin/ceph: stderr
2024-04-26T22:05:25.173+0000 7f164d400700 1 -- 172.21.15.39:0/173390781 --> [v2:172.21.15.39:3300/0,v1:172.21.15.39:6789/0] -- mon_subscribe({config=0+,monmap=0+}) -- 0x7f164819f430 con 0x7f1648108df0
2024-04-26T22:05:26.200 INFO:teuthology.orchestra.run.smithi039.stdout:/usr/bin/ceph: stderr
2024-04-26T22:05:25.174+0000 7f164d400700 1 --2- 172.21.15.39:0/173390781 >> [v2:172.21.15.39:3300/0,v1:172.21.15.39:6789/0] conn(0x7f1648108df0 0x7f164819eef0 secure :-1 s=READY pgs=60 cs=0 l=1 rev1=1 crypto rx=0x7f163c009520 tx=0x7f163c011aa0 comp rx=0 tx=0).ready entity=mon.0 client_cookie=0 server_cookie=0 in_seq=0 out_seq=0
2024-04-26T22:05:26.200 INFO:teuthology.orchestra.run.smithi039.stdout:/usr/bin/ceph: stderr
2024-04-26T22:05:25.174+0000 7f1646000700 1 -- 172.21.15.39:0/173390781 <== mon.0 v2:172.21.15.39:3300/0 1 ==== mon_map magic: 0 ==== 205+0+0 (secure 0 0 0) 0x7f163c0039e0 con 0x7f1648108df0
2024-04-26T22:05:26.200 INFO:teuthology.orchestra.run.smithi039.stdout:/usr/bin/ceph: stderr
2024-04-26T22:05:25.174+0000 7f1646000700 1 -- 172.21.15.39:0/173390781 <== mon.0 v2:172.21.15.39:3300/0 2 ==== config(26 keys) ==== 1101+0+0 (secure 0 0 0) 0x7f163c01b8f0 con 0x7f1648108df0
2024-04-26T22:05:26.200 INFO:teuthology.orchestra.run.smithi039.stdout:/usr/bin/ceph: stderr
2024-04-26T22:05:25.174+0000 7f164fe00700 1 -- 172.21.15.39:0/173390781 --> [v2:172.21.15.39:3300/0,v1:172.21.15.39:6789/0] -- mon_subscribe({mgrmap=0+}) -- 0x7f164819f6c0 con 0x7f1648108df0
2024-04-26T22:05:26.200 INFO:teuthology.orchestra.run.smithi039.stdout:/usr/bin/ceph: stderr
2024-04-26T22:05:25.174+0000 7f1646000700 1 -- 172.21.15.39:0/173390781 <== mon.0 v2:172.21.15.39:3300/0 3 ==== mon_map magic: 0 ==== 205+0+0 (secure 0 0 0) 0x7f163c019770 con 0x7f1648108df0
2024-04-26T22:05:26.200 INFO:teuthology.orchestra.run.smithi039.stdout:/usr/bin/ceph: stderr
2024-04-26T22:05:25.174+0000 7f164fe00700 1 -- 172.21.15.39:0/173390781 --> [v2:172.21.15.39:3300/0,v1:172.21.15.39:6789/0] -- mon_subscribe({osdmap=0}) -- 0x7f16481a23b0 con 0x7f1648108df0
2024-04-26T22:05:26.200 INFO:teuthology.orchestra.run.smithi039.stdout:/usr/bin/ceph: stderr
2024-04-26T22:05:25.175+0000 7f164fe00700 1 -- 172.21.15.39:0/173390781 --> [v2:172.21.15.39:3300/0,v1:172.21.15.39:6789/0] -- mon_command({"prefix": "get_command_descriptions"} v 0) -- 0x7f1648064a80 con 0x7f1648108df0
2024-04-26T22:05:26.200 INFO:teuthology.orchestra.run.smithi039.stdout:/usr/bin/ceph: stderr
2024-04-26T22:05:25.176+0000 7f1646000700 1 -- 172.21.15.39:0/173390781 <== mon.0 v2:172.21.15.39:3300/0 4 ==== mgrmap(e 9) ==== 46571+0+0 (secure 0 0 0) 0x7f163c01b440 con 0x7f1648108df0
2024-04-26T22:05:26.200 INFO:teuthology.orchestra.run.smithi039.stdout:/usr/bin/ceph: stderr
2024-04-26T22:05:25.176+0000 7f1646000700 1 --2- 172.21.15.39:0/173390781 >> [v2:172.21.15.39:6800/395779815,v1:172.21.15.39:6801/395779815] conn(0x7f1630039650 0x7f163003bb10 unknown :-1 s=NONE pgs=0 cs=0 l=1 rev1=0 crypto rx=0 tx=0 comp rx=0 tx=0).connect
2024-04-26T22:05:26.200 INFO:teuthology.orchestra.run.smithi039.stdout:/usr/bin/ceph: stderr
2024-04-26T22:05:25.176+0000 7f1646000700 1 -- 172.21.15.39:0/173390781 <== mon.0 v2:172.21.15.39:3300/0 5 ==== osd_map(2..2 src has 1..2) ==== 940+0+0 (secure 0 0 0) 0x7f163c04df70 con 0x7f1648108df0
2024-04-26T22:05:26.200 INFO:teuthology.orchestra.run.smithi039.stdout:/usr/bin/ceph: stderr
2024-04-26T22:05:25.176+0000 7f164ca00700 1 -- 172.21.15.39:0/173390781 >> [v2:172.21.15.39:6800/395779815,v1:172.21.15.39:6801/395779815] conn(0x7f1630039650 msgr2=0x7f163003bb10 unknown :-1 s=STATE_CONNECTING_RE l=1).process reconnect failed to v2:172.21.15.39:6800/395779815
2024-04-26T22:05:26.200 INFO:teuthology.orchestra.run.smithi039.stdout:/usr/bin/ceph: stderr
2024-04-26T22:05:25.176+0000 7f164ca00700 1 --2- 172.21.15.39:0/173390781 >> [v2:172.21.15.39:6800/395779815,v1:172.21.15.39:6801/395779815] conn(0x7f1630039650 0x7f163003bb10 unknown :-1 s=START_CONNECT pgs=0 cs=0 l=1 rev1=0 crypto rx=0 tx=0 comp rx=0 tx=0)._fault waiting 0.200000
2024-04-26T22:05:26.200 INFO:teuthology.orchestra.run.smithi039.stdout:/usr/bin/ceph: stderr
2024-04-26T22:05:25.182+0000 7f1646000700 1 -- 172.21.15.39:0/173390781 <== mon.0 v2:172.21.15.39:3300/0 6 ==== mon_command_ack([{"prefix": "get_command_descriptions"}]=0 v0) ==== 72+0+188494 (secure 0 0 0) 0x7f163c01f030 con 0x7f1648108df0
2024-04-26T22:05:26.200 INFO:teuthology.orchestra.run.smithi039.stdout:/usr/bin/ceph: stderr
2024-04-26T22:05:25.377+0000 7f164ca00700 1 -- 172.21.15.39:0/173390781 >> [v2:172.21.15.39:6800/395779815,v1:172.21.15.39:6801/395779815] conn(0x7f1630039650 msgr2=0x7f163003bb10 unknown :-1 s=STATE_CONNECTING_RE l=1).process reconnect failed to v2:172.21.15.39:6800/395779815
2024-04-26T22:05:26.201 INFO:teuthology.orchestra.run.smithi039.stdout:/usr/bin/ceph: stderr
2024-04-26T22:05:25.377+0000 7f164ca00700 1 --2- 172.21.15.39:0/173390781 >> [v2:172.21.15.39:6800/395779815,v1:172.21.15.39:6801/395779815] conn(0x7f1630039650 0x7f163003bb10 unknown :-1 s=START_CONNECT pgs=0 cs=0 l=1 rev1=0 crypto rx=0 tx=0 comp rx=0 tx=0)._fault waiting 0.400000
2024-04-26T22:05:26.201 INFO:teuthology.orchestra.run.smithi039.stdout:/usr/bin/ceph: stderr
2024-04-26T22:05:25.469+0000 7f164fe00700 1 -- 172.21.15.39:0/173390781 --> [v2:172.21.15.39:3300/0,v1:172.21.15.39:6789/0] -- mon_command({"prefix": "mgr stat"} v 0) -- 0x7f16481a29a0 con 0x7f1648108df0
2024-04-26T22:05:26.201 INFO:teuthology.orchestra.run.smithi039.stdout:/usr/bin/ceph: stderr
2024-04-26T22:05:25.470+0000 7f1646000700 1 -- 172.21.15.39:0/173390781 <== mon.0 v2:172.21.15.39:3300/0 7 ==== mon_command_ack([{"prefix": "mgr stat"}]=0 v9) ==== 56+0+88 (secure 0 0 0) 0x7f163c010380 con 0x7f1648108df0
2024-04-26T22:05:26.201 INFO:teuthology.orchestra.run.smithi039.stdout:/usr/bin/ceph: stderr
2024-04-26T22:05:25.472+0000 7f164fe00700 1 -- 172.21.15.39:0/173390781 >> [v2:172.21.15.39:6800/395779815,v1:172.21.15.39:6801/395779815] conn(0x7f1630039650 msgr2=0x7f163003bb10 unknown :-1 s=STATE_CONNECTING l=1).mark_down
2024-04-26T22:05:26.201 INFO:teuthology.orchestra.run.smithi039.stdout:/usr/bin/ceph: stderr
2024-04-26T22:05:25.472+0000 7f164fe00700 1 --2- 172.21.15.39:0/173390781 >> [v2:172.21.15.39:6800/395779815,v1:172.21.15.39:6801/395779815] conn(0x7f1630039650 0x7f163003bb10 unknown :-1 s=START_CONNECT pgs=0 cs=0 l=1 rev1=0 crypto rx=0 tx=0 comp rx=0 tx=0).stop
2024-04-26T22:05:26.201 INFO:teuthology.orchestra.run.smithi039.stdout:/usr/bin/ceph: stderr
2024-04-26T22:05:25.472+0000 7f164fe00700 1 -- 172.21.15.39:0/173390781 >> [v2:172.21.15.39:3300/0,v1:172.21.15.39:6789/0] conn(0x7f1648108df0 msgr2=0x7f164819eef0 secure :-1 s=STATE_CONNECTION_ESTABLISHED l=1).mark_down
2024-04-26T22:05:26.201 INFO:teuthology.orchestra.run.smithi039.stdout:/usr/bin/ceph: stderr
2024-04-26T22:05:25.472+0000 7f164fe00700 1 --2- 172.21.15.39:0/173390781 >> [v2:172.21.15.39:3300/0,v1:172.21.15.39:6789/0] conn(0x7f1648108df0 0x7f164819eef0 secure :-1 s=READY pgs=60 cs=0 l=1 rev1=1 crypto rx=0x7f163c009520 tx=0x7f163c011aa0 comp rx=0 tx=0).stop
2024-04-26T22:05:26.201 INFO:teuthology.orchestra.run.smithi039.stdout:/usr/bin/ceph: stderr
2024-04-26T22:05:25.472+0000 7f164fe00700 1 -- 172.21.15.39:0/173390781 shutdown_connections
2024-04-26T22:05:26.201 INFO:teuthology.orchestra.run.smithi039.stdout:/usr/bin/ceph: stderr
2024-04-26T22:05:25.472+0000 7f164fe00700 1 --2- 172.21.15.39:0/173390781 >> [v2:172.21.15.39:6800/395779815,v1:172.21.15.39:6801/395779815] conn(0x7f1630039650 0x7f163003bb10 unknown :-1 s=CLOSED pgs=0 cs=0 l=1 rev1=0 crypto rx=0 tx=0 comp rx=0 tx=0).stop
2024-04-26T22:05:26.201 INFO:teuthology.orchestra.run.smithi039.stdout:/usr/bin/ceph: stderr
2024-04-26T22:05:25.472+0000 7f164fe00700 1 --2- 172.21.15.39:0/173390781 >> [v2:172.21.15.39:3300/0,v1:172.21.15.39:6789/0] conn(0x7f1648108df0 0x7f164819eef0 unknown :-1 s=CLOSED pgs=60 cs=0 l=1 rev1=1 crypto rx=0 tx=0 comp rx=0 tx=0).stop
2024-04-26T22:05:26.201 INFO:teuthology.orchestra.run.smithi039.stdout:/usr/bin/ceph: stderr
2024-04-26T22:05:25.472+0000 7f164fe00700 1 -- 172.21.15.39:0/173390781 >> 172.21.15.39:0/173390781 conn(0x7f1648104390 msgr2=0x7f1648104da0 unknown :-1 s=STATE_NONE l=0).mark_down
2024-04-26T22:05:26.201 INFO:teuthology.orchestra.run.smithi039.stdout:/usr/bin/ceph: stderr
2024-04-26T22:05:25.472+0000 7f164fe00700 1 -- 172.21.15.39:0/173390781 shutdown_connections
2024-04-26T22:05:26.201 INFO:teuthology.orchestra.run.smithi039.stdout:/usr/bin/ceph: stderr
2024-04-26T22:05:25.472+0000 7f164fe00700 1 -- 172.21.15.39:0/173390781 wait complete.
2024-04-26T22:05:26.201 INFO:teuthology.orchestra.run.smithi039.stdout:Waiting for the mgr to restart...
2024-04-26T22:05:26.201 INFO:teuthology.orchestra.run.smithi039.stdout:Waiting for mgr epoch 9...
2024-04-26T22:05:27.078 INFO:journalctl@ceph.mgr.x.smithi039.stdout:Apr 26 22:05:26 smithi039 ceph-c84af4b8-0418-11ef-bc93-c7b262605968-mgr-x[28336]:
2024-04-26T22:05:26.754+0000 7fcbd00ba200 -1 mgr[py] Module telegraf has missing NOTIFY_TYPES member
2024-04-26T22:05:27.078 INFO:journalctl@ceph.mgr.x.smithi039.stdout:Apr 26 22:05:26 smithi039 ceph-c84af4b8-0418-11ef-bc93-c7b262605968-mgr-x[28336]:
2024-04-26T22:05:26.987+0000 7fcbd00ba200 -1 mgr[py] Module osd_support has missing NOTIFY_TYPES member
2024-04-26T22:05:27.578 INFO:journalctl@ceph.mgr.x.smithi039.stdout:Apr 26 22:05:27 smithi039 ceph-c84af4b8-0418-11ef-bc93-c7b262605968-mgr-x[28336]:
2024-04-26T22:05:27.207+0000 7fcbd00ba200 -1 mgr[py] Module iostat has missing NOTIFY_TYPES member
2024-04-26T22:05:27.987 INFO:journalctl@ceph.mgr.x.smithi039.stdout:Apr 26 22:05:27 smithi039 ceph-c84af4b8-0418-11ef-bc93-c7b262605968-mgr-x[28336]:
2024-04-26T22:05:27.597+0000 7fcbd00ba200 -1 mgr[py] Module alerts has missing NOTIFY_TYPES member
2024-04-26T22:05:27.987 INFO:journalctl@ceph.mgr.x.smithi039.stdout:Apr 26 22:05:27 smithi039 ceph-c84af4b8-0418-11ef-bc93-c7b262605968-mgr-x[28336]:
2024-04-26T22:05:27.724+0000 7fcbd00ba200 -1 mgr[py] Module selftest has missing NOTIFY_TYPES member
2024-04-26T22:05:28.249 INFO:journalctl@ceph.mgr.x.smithi039.stdout:Apr 26 22:05:27 smithi039 ceph-c84af4b8-0418-11ef-bc93-c7b262605968-mgr-x[28336]:
2024-04-26T22:05:27.986+0000 7fcbd00ba200 -1 mgr[py] Module pg_autoscaler has missing NOTIFY_TYPES member
2024-04-26T22:05:28.249 INFO:journalctl@ceph.mgr.x.smithi039.stdout:Apr 26 22:05:28 smithi039 ceph-c84af4b8-0418-11ef-bc93-c7b262605968-mgr-x[28336]:
2024-04-26T22:05:28.248+0000 7fcbd00ba200 -1 mgr[py] Module test_orchestrator has missing NOTIFY_TYPES member
2024-04-26T22:05:29.328 INFO:journalctl@ceph.mgr.x.smithi039.stdout:Apr 26 22:05:29 smithi039 ceph-c84af4b8-0418-11ef-bc93-c7b262605968-mgr-x[28336]:
2024-04-26T22:05:29.067+0000 7fcbd00ba200 -1 mgr[py] Module rook has missing NOTIFY_TYPES member
2024-04-26T22:05:30.050 INFO:journalctl@ceph.mgr.x.smithi039.stdout:Apr 26 22:05:29 smithi039 ceph-c84af4b8-0418-11ef-bc93-c7b262605968-mgr-x[28336]:
2024-04-26T22:05:29.640+0000 7fcbd00ba200 -1 mgr[py] Module volumes has missing NOTIFY_TYPES member
2024-04-26T22:05:30.051 INFO:journalctl@ceph.mgr.x.smithi039.stdout:Apr 26 22:05:29 smithi039 ceph-c84af4b8-0418-11ef-bc93-c7b262605968-mgr-x[28336]:
2024-04-26T22:05:29.773+0000 7fcbd00ba200 -1 mgr[py] Module crash has missing NOTIFY_TYPES member
2024-04-26T22:05:30.051 INFO:journalctl@ceph.mgr.x.smithi039.stdout:Apr 26 22:05:30 smithi039 ceph-c84af4b8-0418-11ef-bc93-c7b262605968-mgr-x[28336]:
2024-04-26T22:05:30.049+0000 7fcbd00ba200 -1 mgr[py] Module rgw has missing NOTIFY_TYPES member
2024-04-26T22:05:31.078 INFO:journalctl@ceph.mgr.x.smithi039.stdout:Apr 26 22:05:30 smithi039 ceph-c84af4b8-0418-11ef-bc93-c7b262605968-mgr-x[28336]:
2024-04-26T22:05:30.718+0000 7fcbd00ba200 -1 mgr[py] Module prometheus has missing NOTIFY_TYPES member
2024-04-26T22:05:31.078 INFO:journalctl@ceph.mgr.x.smithi039.stdout:Apr 26 22:05:30 smithi039 ceph-c84af4b8-0418-11ef-bc93-c7b262605968-mgr-x[28336]:
2024-04-26T22:05:30.848+0000 7fcbd00ba200 -1 mgr[py] Module devicehealth has missing NOTIFY_TYPES member
2024-04-26T22:05:31.500 INFO:journalctl@ceph.mgr.x.smithi039.stdout:Apr 26 22:05:31 smithi039 ceph-c84af4b8-0418-11ef-bc93-c7b262605968-mgr-x[28336]:
2024-04-26T22:05:31.182+0000 7fcbd00ba200 -1 mgr[py] Module telemetry has missing NOTIFY_TYPES member
2024-04-26T22:05:31.501 INFO:journalctl@ceph.mgr.x.smithi039.stdout:Apr 26 22:05:31 smithi039 ceph-c84af4b8-0418-11ef-bc93-c7b262605968-mgr-x[28336]:
2024-04-26T22:05:31.368+0000 7fcbd00ba200 -1 mgr[py] Module diskprediction_local has missing NOTIFY_TYPES member
2024-04-26T22:05:31.501 INFO:journalctl@ceph.mgr.x.smithi039.stdout:Apr 26 22:05:31 smithi039 ceph-c84af4b8-0418-11ef-bc93-c7b262605968-mgr-x[28336]:
2024-04-26T22:05:31.500+0000 7fcbd00ba200 -1 mgr[py] Module osd_perf_query has missing NOTIFY_TYPES member
2024-04-26T22:05:31.828 INFO:journalctl@ceph.mgr.x.smithi039.stdout:Apr 26 22:05:31 smithi039 ceph-c84af4b8-0418-11ef-bc93-c7b262605968-mgr-x[28336]:
2024-04-26T22:05:31.657+0000 7fcbd00ba200 -1 mgr[py] Module rbd_support has missing NOTIFY_TYPES member
2024-04-26T22:05:32.328 INFO:journalctl@ceph.mgr.x.smithi039.stdout:Apr 26 22:05:32 smithi039 ceph-c84af4b8-0418-11ef-bc93-c7b262605968-mgr-x[28336]:
2024-04-26T22:05:32.039+0000 7fcbd00ba200 -1 mgr[py] Module zabbix has missing NOTIFY_TYPES member
2024-04-26T22:05:33.132 INFO:journalctl@ceph.mgr.x.smithi039.stdout:Apr 26 22:05:32 smithi039 ceph-c84af4b8-0418-11ef-bc93-c7b262605968-mgr-x[28336]:
2024-04-26T22:05:32.830+0000 7fcbd00ba200 -1 mgr[py] Module status has missing NOTIFY_TYPES member
2024-04-26T22:05:33.578 INFO:journalctl@ceph.mgr.x.smithi039.stdout:Apr 26 22:05:33 smithi039 ceph-c84af4b8-0418-11ef-bc93-c7b262605968-mgr-x[28336]:
2024-04-26T22:05:33.131+0000 7fcbd00ba200 -1 mgr[py] Module nfs has missing NOTIFY_TYPES member
2024-04-26T22:05:33.578 INFO:journalctl@ceph.mon.a.smithi039.stdout:Apr 26 22:05:33 smithi039 ceph-mon[28107]: Active manager daemon x restarted
2024-04-26T22:05:33.578 INFO:journalctl@ceph.mon.a.smithi039.stdout:Apr 26 22:05:33 smithi039 ceph-mon[28107]: Activating manager daemon x
2024-04-26T22:05:33.578 INFO:journalctl@ceph.mon.a.smithi039.stdout:Apr 26 22:05:33 smithi039 ceph-mon[28107]: osdmap e3: 0 total, 0 up, 0 in
2024-04-26T22:05:33.578 INFO:journalctl@ceph.mon.a.smithi039.stdout:Apr 26 22:05:33 smithi039 ceph-mon[28107]: mgrmap e10: x(active, starting, since 0.0101789s)
2024-04-26T22:05:33.578 INFO:journalctl@ceph.mon.a.smithi039.stdout:Apr 26 22:05:33 smithi039 ceph-mon[28107]: from='mgr.14152 172.21.15.39:0/1648391682' entity='mgr.x' cmd=[{"prefix": "mon metadata", "id": "a"}]: dispatch
2024-04-26T22:05:33.579 INFO:journalctl@ceph.mon.a.smithi039.stdout:Apr 26 22:05:33 smithi039 ceph-mon[28107]: from='mgr.14152 172.21.15.39:0/1648391682' entity='mgr.x' cmd=[{"prefix": "mgr metadata", "who": "x", "id": "x"}]: dispatch
2024-04-26T22:05:33.579 INFO:journalctl@ceph.mon.a.smithi039.stdout:Apr 26 22:05:33 smithi039 ceph-mon[28107]: from='mgr.14152 172.21.15.39:0/1648391682' entity='mgr.x' cmd=[{"prefix": "mds metadata"}]: dispatch
2024-04-26T22:05:33.579 INFO:journalctl@ceph.mon.a.smithi039.stdout:Apr 26 22:05:33 smithi039 ceph-mon[28107]: from='mgr.14152 172.21.15.39:0/1648391682' entity='mgr.x' cmd=[{"prefix": "osd metadata"}]: dispatch
2024-04-26T22:05:33.579 INFO:journalctl@ceph.mon.a.smithi039.stdout:Apr 26 22:05:33 smithi039 ceph-mon[28107]: from='mgr.14152 172.21.15.39:0/1648391682' entity='mgr.x' cmd=[{"prefix": "mon metadata"}]: dispatch
2024-04-26T22:05:33.579 INFO:journalctl@ceph.mon.a.smithi039.stdout:Apr 26 22:05:33 smithi039 ceph-mon[28107]: Manager daemon x is now available
2024-04-26T22:05:34.529 INFO:journalctl@ceph.mon.a.smithi039.stdout:Apr 26 22:05:34 smithi039 ceph-mon[28107]: from='mgr.14152 172.21.15.39:0/1648391682' entity='mgr.x' cmd=[{"prefix": "config dump", "format": "json"}]: dispatch
2024-04-26T22:05:34.529 INFO:journalctl@ceph.mon.a.smithi039.stdout:Apr 26 22:05:34 smithi039 ceph-mon[28107]: from='mgr.14152 172.21.15.39:0/1648391682' entity='mgr.x' cmd=[{"prefix":"config rm","who":"mgr","name":"mgr/rbd_support/x/mirror_snapshot_schedule"}]: dispatch
2024-04-26T22:05:34.529 INFO:journalctl@ceph.mon.a.smithi039.stdout:Apr 26 22:05:34 smithi039 ceph-mon[28107]: from='mgr.14152 172.21.15.39:0/1648391682' entity='mgr.x' cmd=[{"prefix":"config rm","who":"mgr","name":"mgr/rbd_support/x/trash_purge_schedule"}]: dispatch
2024-04-26T22:05:34.529 INFO:journalctl@ceph.mon.a.smithi039.stdout:Apr 26 22:05:34 smithi039 ceph-mon[28107]: [26/Apr/2024:22:05:33] ENGINE Bus STARTING
2024-04-26T22:05:34.529 INFO:journalctl@ceph.mon.a.smithi039.stdout:Apr 26 22:05:34 smithi039 ceph-mon[28107]: [26/Apr/2024:22:05:33] ENGINE Serving on http://172.21.15.39:8765
2024-04-26T22:05:34.529 INFO:journalctl@ceph.mon.a.smithi039.stdout:Apr 26 22:05:34 smithi039 ceph-mon[28107]: [26/Apr/2024:22:05:33] ENGINE Serving on https://172.21.15.39:7150
2024-04-26T22:05:34.529 INFO:journalctl@ceph.mon.a.smithi039.stdout:Apr 26 22:05:34 smithi039 ceph-mon[28107]: [26/Apr/2024:22:05:33] ENGINE Bus STARTED
2024-04-26T22:05:34.529 INFO:journalctl@ceph.mon.a.smithi039.stdout:Apr 26 22:05:34 smithi039 ceph-mon[28107]: mgrmap e11: x(active, since 1.01757s)
2024-04-26T22:05:35.137 INFO:teuthology.orchestra.run.smithi039.stdout:/usr/bin/ceph: stdout {
2024-04-26T22:05:35.138 INFO:teuthology.orchestra.run.smithi039.stdout:/usr/bin/ceph: stdout "mgrmap_epoch": 11,
2024-04-26T22:05:35.138 INFO:teuthology.orchestra.run.smithi039.stdout:/usr/bin/ceph: stdout "initialized": true
2024-04-26T22:05:35.138 INFO:teuthology.orchestra.run.smithi039.stdout:/usr/bin/ceph: stdout }
2024-04-26T22:05:35.138 INFO:teuthology.orchestra.run.smithi039.stdout:/usr/bin/ceph: stderr
2024-04-26T22:05:26.753+0000 7f066e800700 1 Processor -- start
2024-04-26T22:05:35.138 INFO:teuthology.orchestra.run.smithi039.stdout:/usr/bin/ceph: stderr
2024-04-26T22:05:26.753+0000 7f066e800700 1 -- start start
2024-04-26T22:05:35.138 INFO:teuthology.orchestra.run.smithi039.stdout:/usr/bin/ceph: stderr
2024-04-26T22:05:26.754+0000 7f066e800700 1 --2- >> [v2:172.21.15.39:3300/0,v1:172.21.15.39:6789/0] conn(0x7f066807eda0 0x7f066807d2a0 unknown :-1 s=NONE pgs=0 cs=0 l=0 rev1=0 crypto rx=0 tx=0 comp rx=0 tx=0).connect
2024-04-26T22:05:35.138 INFO:teuthology.orchestra.run.smithi039.stdout:/usr/bin/ceph: stderr
2024-04-26T22:05:26.754+0000 7f066e800700 1 -- --> [v2:172.21.15.39:3300/0,v1:172.21.15.39:6789/0] -- mon_getmap magic: 0 -- 0x7f066807d7e0 con 0x7f066807eda0
2024-04-26T22:05:35.138 INFO:teuthology.orchestra.run.smithi039.stdout:/usr/bin/ceph: stderr
2024-04-26T22:05:26.754+0000 7f066d400700 1 --2- >> [v2:172.21.15.39:3300/0,v1:172.21.15.39:6789/0] conn(0x7f066807eda0 0x7f066807d2a0 unknown :-1 s=BANNER_CONNECTING pgs=0 cs=0 l=0 rev1=0 crypto rx=0 tx=0 comp rx=0 tx=0)._handle_peer_banner_payload supported=3 required=0
2024-04-26T22:05:35.138 INFO:teuthology.orchestra.run.smithi039.stdout:/usr/bin/ceph: stderr
2024-04-26T22:05:26.754+0000 7f066d400700 1 --2- >> [v2:172.21.15.39:3300/0,v1:172.21.15.39:6789/0] conn(0x7f066807eda0 0x7f066807d2a0 unknown :-1 s=HELLO_CONNECTING pgs=0 cs=0 l=0 rev1=1 crypto rx=0 tx=0 comp rx=0 tx=0).handle_hello peer v2:172.21.15.39:3300/0 says I am v2:172.21.15.39:45194/0 (socket says 172.21.15.39:45194)
2024-04-26T22:05:35.138 INFO:teuthology.orchestra.run.smithi039.stdout:/usr/bin/ceph: stderr
2024-04-26T22:05:26.754+0000 7f066d400700 1 -- 172.21.15.39:0/3792636715 learned_addr learned my addr 172.21.15.39:0/3792636715 (peer_addr_for_me v2:172.21.15.39:0/0)
2024-04-26T22:05:35.138 INFO:teuthology.orchestra.run.smithi039.stdout:/usr/bin/ceph: stderr
2024-04-26T22:05:26.755+0000 7f066d400700 1 -- 172.21.15.39:0/3792636715 --> [v2:172.21.15.39:3300/0,v1:172.21.15.39:6789/0] -- mon_subscribe({config=0+,monmap=0+}) -- 0x7f066807d960 con 0x7f066807eda0
2024-04-26T22:05:35.138 INFO:teuthology.orchestra.run.smithi039.stdout:/usr/bin/ceph: stderr
2024-04-26T22:05:26.755+0000 7f066d400700 1 --2- 172.21.15.39:0/3792636715 >> [v2:172.21.15.39:3300/0,v1:172.21.15.39:6789/0] conn(0x7f066807eda0 0x7f066807d2a0 secure :-1 s=READY pgs=61 cs=0 l=1 rev1=1 crypto rx=0x7f065c0098a0 tx=0x7f065c009bb0 comp rx=0 tx=0).ready entity=mon.0 client_cookie=6be8dc11d9ee8a23 server_cookie=0 in_seq=0 out_seq=0
2024-04-26T22:05:35.138 INFO:teuthology.orchestra.run.smithi039.stdout:/usr/bin/ceph: stderr
2024-04-26T22:05:26.755+0000 7f0667e00700 1 -- 172.21.15.39:0/3792636715 <== mon.0 v2:172.21.15.39:3300/0 1 ==== mon_map magic: 0 ==== 205+0+0 (secure 0 0 0) 0x7f065c004160 con 0x7f066807eda0
2024-04-26T22:05:35.139 INFO:teuthology.orchestra.run.smithi039.stdout:/usr/bin/ceph: stderr
2024-04-26T22:05:26.755+0000 7f0667e00700 1 -- 172.21.15.39:0/3792636715 <== mon.0 v2:172.21.15.39:3300/0 2 ==== config(26 keys) ==== 1101+0+0 (secure 0 0 0) 0x7f065c004300 con 0x7f066807eda0
2024-04-26T22:05:35.139 INFO:teuthology.orchestra.run.smithi039.stdout:/usr/bin/ceph: stderr
2024-04-26T22:05:26.755+0000 7f0667e00700 1 -- 172.21.15.39:0/3792636715 <== mon.0 v2:172.21.15.39:3300/0 3 ==== mon_map magic: 0 ==== 205+0+0 (secure 0 0 0) 0x7f065c011a20 con 0x7f066807eda0
2024-04-26T22:05:35.139 INFO:teuthology.orchestra.run.smithi039.stdout:/usr/bin/ceph: stderr
2024-04-26T22:05:26.756+0000 7f066e800700 1 -- 172.21.15.39:0/3792636715 >> [v2:172.21.15.39:3300/0,v1:172.21.15.39:6789/0] conn(0x7f066807eda0 msgr2=0x7f066807d2a0 secure :-1 s=STATE_CONNECTION_ESTABLISHED l=1).mark_down
2024-04-26T22:05:35.139 INFO:teuthology.orchestra.run.smithi039.stdout:/usr/bin/ceph: stderr
2024-04-26T22:05:26.756+0000 7f066e800700 1 --2- 172.21.15.39:0/3792636715 >> [v2:172.21.15.39:3300/0,v1:172.21.15.39:6789/0] conn(0x7f066807eda0 0x7f066807d2a0 secure :-1 s=READY pgs=61 cs=0 l=1 rev1=1 crypto rx=0x7f065c0098a0 tx=0x7f065c009bb0 comp rx=0 tx=0).stop
2024-04-26T22:05:35.139 INFO:teuthology.orchestra.run.smithi039.stdout:/usr/bin/ceph: stderr
2024-04-26T22:05:26.756+0000 7f066e800700 1 -- 172.21.15.39:0/3792636715 shutdown_connections
2024-04-26T22:05:35.139 INFO:teuthology.orchestra.run.smithi039.stdout:/usr/bin/ceph: stderr
2024-04-26T22:05:26.756+0000 7f066e800700 1 --2- 172.21.15.39:0/3792636715 >> [v2:172.21.15.39:3300/0,v1:172.21.15.39:6789/0] conn(0x7f066807eda0 0x7f066807d2a0 unknown :-1 s=CLOSED pgs=61 cs=0 l=1 rev1=1 crypto rx=0 tx=0 comp rx=0 tx=0).stop
2024-04-26T22:05:35.139 INFO:teuthology.orchestra.run.smithi039.stdout:/usr/bin/ceph: stderr
2024-04-26T22:05:26.756+0000 7f066e800700 1 -- 172.21.15.39:0/3792636715 >> 172.21.15.39:0/3792636715 conn(0x7f0668104260 msgr2=0x7f0668106680 unknown :-1 s=STATE_NONE l=0).mark_down
2024-04-26T22:05:35.139 INFO:teuthology.orchestra.run.smithi039.stdout:/usr/bin/ceph: stderr
2024-04-26T22:05:26.756+0000 7f066e800700 1 -- 172.21.15.39:0/3792636715 shutdown_connections
2024-04-26T22:05:35.139 INFO:teuthology.orchestra.run.smithi039.stdout:/usr/bin/ceph: stderr
2024-04-26T22:05:26.756+0000 7f066e800700 1 -- 172.21.15.39:0/3792636715 wait complete.
2024-04-26T22:05:35.139 INFO:teuthology.orchestra.run.smithi039.stdout:/usr/bin/ceph: stderr
2024-04-26T22:05:26.757+0000 7f066e800700 1 Processor -- start
2024-04-26T22:05:35.139 INFO:teuthology.orchestra.run.smithi039.stdout:/usr/bin/ceph: stderr
2024-04-26T22:05:26.758+0000 7f066e800700 1 -- start start
