2024-04-26T22:10:38.478+0000 7fb55aa00700 1 --2- 172.21.15.22:0/3794609874 >> [v2:172.21.15.22:6800/3429519648,v1:172.21.15.22:6801/3429519648] conn(0x7fb540039560 0x7fb54003ba20 secure :-1 s=READY pgs=6 cs=0 l=1 rev1=1 crypto rx=0x7fb548006fd0 tx=0x7fb548006e40 comp rx=0 tx=0).ready entity=mgr.14100 client_cookie=0 server_cookie=0 in_seq=0 out_seq=0
2024-04-26T22:10:39.496 INFO:teuthology.orchestra.run.smithi022.stdout:/usr/bin/ceph: stderr
2024-04-26T22:10:38.484+0000 7fb553e00700 1 -- 172.21.15.22:0/3794609874 <== mon.0 v2:172.21.15.22:3300/0 6 ==== mon_command_ack([{"prefix": "get_command_descriptions"}]=0 v0) ==== 72+0+188494 (secure 0 0 0) 0x7fb54c04d440 con 0x7fb55c10b090
2024-04-26T22:10:39.496 INFO:teuthology.orchestra.run.smithi022.stdout:/usr/bin/ceph: stderr
2024-04-26T22:10:38.798+0000 7fb562600700 1 -- 172.21.15.22:0/3794609874 --> [v2:172.21.15.22:3300/0,v1:172.21.15.22:6789/0] -- mon_command({"prefix": "status", "format": "json-pretty"} v 0) -- 0x7fb55c1a2630 con 0x7fb55c10b090
2024-04-26T22:10:39.496 INFO:teuthology.orchestra.run.smithi022.stdout:/usr/bin/ceph: stderr
2024-04-26T22:10:38.799+0000 7fb553e00700 1 -- 172.21.15.22:0/3794609874 <== mon.0 v2:172.21.15.22:3300/0 7 ==== mon_command_ack([{"prefix": "status", "format": "json-pretty"}]=0 v0) ==== 79+0+1239 (secure 0 0 0) 0x7fb54c01a950 con 0x7fb55c10b090
2024-04-26T22:10:39.496 INFO:teuthology.orchestra.run.smithi022.stdout:/usr/bin/ceph: stderr
2024-04-26T22:10:38.803+0000 7fb562600700 1 -- 172.21.15.22:0/3794609874 >> [v2:172.21.15.22:6800/3429519648,v1:172.21.15.22:6801/3429519648] conn(0x7fb540039560 msgr2=0x7fb54003ba20 secure :-1 s=STATE_CONNECTION_ESTABLISHED l=1).mark_down
2024-04-26T22:10:39.497 INFO:teuthology.orchestra.run.smithi022.stdout:/usr/bin/ceph: stderr
2024-04-26T22:10:38.803+0000 7fb562600700 1 --2- 172.21.15.22:0/3794609874 >> [v2:172.21.15.22:6800/3429519648,v1:172.21.15.22:6801/3429519648] conn(0x7fb540039560 0x7fb54003ba20 secure :-1 s=READY pgs=6 cs=0 l=1 rev1=1 crypto rx=0x7fb548006fd0 tx=0x7fb548006e40 comp rx=0 tx=0).stop
2024-04-26T22:10:39.497 INFO:teuthology.orchestra.run.smithi022.stdout:/usr/bin/ceph: stderr
2024-04-26T22:10:38.803+0000 7fb562600700 1 -- 172.21.15.22:0/3794609874 >> [v2:172.21.15.22:3300/0,v1:172.21.15.22:6789/0] conn(0x7fb55c10b090 msgr2=0x7fb55c19efa0 secure :-1 s=STATE_CONNECTION_ESTABLISHED l=1).mark_down
2024-04-26T22:10:39.497 INFO:teuthology.orchestra.run.smithi022.stdout:/usr/bin/ceph: stderr
2024-04-26T22:10:38.803+0000 7fb562600700 1 --2- 172.21.15.22:0/3794609874 >> [v2:172.21.15.22:3300/0,v1:172.21.15.22:6789/0] conn(0x7fb55c10b090 0x7fb55c19efa0 secure :-1 s=READY pgs=15 cs=0 l=1 rev1=1 crypto rx=0x7fb54c006b20 tx=0x7fb54c011a60 comp rx=0 tx=0).stop
2024-04-26T22:10:39.497 INFO:teuthology.orchestra.run.smithi022.stdout:/usr/bin/ceph: stderr
2024-04-26T22:10:38.804+0000 7fb562600700 1 -- 172.21.15.22:0/3794609874 shutdown_connections
2024-04-26T22:10:39.497 INFO:teuthology.orchestra.run.smithi022.stdout:/usr/bin/ceph: stderr
2024-04-26T22:10:38.804+0000 7fb562600700 1 --2- 172.21.15.22:0/3794609874 >> [v2:172.21.15.22:6800/3429519648,v1:172.21.15.22:6801/3429519648] conn(0x7fb540039560 0x7fb54003ba20 unknown :-1 s=CLOSED pgs=6 cs=0 l=1 rev1=1 crypto rx=0 tx=0 comp rx=0 tx=0).stop
2024-04-26T22:10:39.497 INFO:teuthology.orchestra.run.smithi022.stdout:/usr/bin/ceph: stderr
2024-04-26T22:10:38.804+0000 7fb562600700 1 --2- 172.21.15.22:0/3794609874 >> [v2:172.21.15.22:3300/0,v1:172.21.15.22:6789/0] conn(0x7fb55c10b090 0x7fb55c19efa0 unknown :-1 s=CLOSED pgs=15 cs=0 l=1 rev1=1 crypto rx=0 tx=0 comp rx=0 tx=0).stop
2024-04-26T22:10:39.497 INFO:teuthology.orchestra.run.smithi022.stdout:/usr/bin/ceph: stderr
2024-04-26T22:10:38.804+0000 7fb562600700 1 -- 172.21.15.22:0/3794609874 >> 172.21.15.22:0/3794609874 conn(0x7fb55c07e4a0 msgr2=0x7fb55c1084f0 unknown :-1 s=STATE_NONE l=0).mark_down
2024-04-26T22:10:39.497 INFO:teuthology.orchestra.run.smithi022.stdout:/usr/bin/ceph: stderr
2024-04-26T22:10:38.804+0000 7fb562600700 1 -- 172.21.15.22:0/3794609874 shutdown_connections
2024-04-26T22:10:39.497 INFO:teuthology.orchestra.run.smithi022.stdout:/usr/bin/ceph: stderr
2024-04-26T22:10:38.804+0000 7fb562600700 1 -- 172.21.15.22:0/3794609874 wait complete.
2024-04-26T22:10:39.497 INFO:teuthology.orchestra.run.smithi022.stdout:mgr is available
2024-04-26T22:10:40.977 INFO:journalctl@ceph.mon.a.smithi022.stdout:Apr 26 22:10:40 smithi022 ceph-mon[28168]: from='client.? 172.21.15.22:0/537992989' entity='client.admin' cmd=[{"prefix": "config assimilate-conf"}]: dispatch
2024-04-26T22:10:41.254 INFO:teuthology.orchestra.run.smithi022.stdout:/usr/bin/ceph: stdout
2024-04-26T22:10:41.254 INFO:teuthology.orchestra.run.smithi022.stdout:/usr/bin/ceph: stdout [global]
2024-04-26T22:10:41.254 INFO:teuthology.orchestra.run.smithi022.stdout:/usr/bin/ceph: stdout fsid = 9b7ee5d8-0419-11ef-bc93-c7b262605968
2024-04-26T22:10:41.254 INFO:teuthology.orchestra.run.smithi022.stdout:/usr/bin/ceph: stdout mon_cluster_log_file_level = debug
2024-04-26T22:10:41.254 INFO:teuthology.orchestra.run.smithi022.stdout:/usr/bin/ceph: stdout mon_osd_allow_pg_remap = true
2024-04-26T22:10:41.255 INFO:teuthology.orchestra.run.smithi022.stdout:/usr/bin/ceph: stdout mon_osd_allow_primary_affinity = true
2024-04-26T22:10:41.255 INFO:teuthology.orchestra.run.smithi022.stdout:/usr/bin/ceph: stdout mon_warn_on_no_sortbitwise = false
2024-04-26T22:10:41.255 INFO:teuthology.orchestra.run.smithi022.stdout:/usr/bin/ceph: stdout osd_crush_chooseleaf_type = 0
2024-04-26T22:10:41.255 INFO:teuthology.orchestra.run.smithi022.stdout:/usr/bin/ceph: stdout
2024-04-26T22:10:41.255 INFO:teuthology.orchestra.run.smithi022.stdout:/usr/bin/ceph: stdout [mgr]
2024-04-26T22:10:41.255 INFO:teuthology.orchestra.run.smithi022.stdout:/usr/bin/ceph: stdout mgr/telemetry/nag = false
2024-04-26T22:10:41.255 INFO:teuthology.orchestra.run.smithi022.stdout:/usr/bin/ceph: stdout
2024-04-26T22:10:41.255 INFO:teuthology.orchestra.run.smithi022.stdout:/usr/bin/ceph: stdout [osd]
2024-04-26T22:10:41.255 INFO:teuthology.orchestra.run.smithi022.stdout:/usr/bin/ceph: stdout bdev_async_discard = True
2024-04-26T22:10:41.255 INFO:teuthology.orchestra.run.smithi022.stdout:/usr/bin/ceph: stdout mon_osd_backfillfull_ratio = 0.85
2024-04-26T22:10:41.255 INFO:teuthology.orchestra.run.smithi022.stdout:/usr/bin/ceph: stdout mon_osd_full_ratio = 0.9
2024-04-26T22:10:41.255 INFO:teuthology.orchestra.run.smithi022.stdout:/usr/bin/ceph: stdout mon_osd_nearfull_ratio = 0.8
2024-04-26T22:10:41.255 INFO:teuthology.orchestra.run.smithi022.stdout:/usr/bin/ceph: stdout osd_map_max_advance = 10
2024-04-26T22:10:41.255 INFO:teuthology.orchestra.run.smithi022.stdout:/usr/bin/ceph: stdout osd_sloppy_crc = true
2024-04-26T22:10:41.255 INFO:teuthology.orchestra.run.smithi022.stdout:/usr/bin/ceph: stderr
2024-04-26T22:10:40.421+0000 7fadcc000700 1 Processor -- start
2024-04-26T22:10:41.256 INFO:teuthology.orchestra.run.smithi022.stdout:/usr/bin/ceph: stderr
2024-04-26T22:10:40.421+0000 7fadcc000700 1 -- start start
2024-04-26T22:10:41.256 INFO:teuthology.orchestra.run.smithi022.stdout:/usr/bin/ceph: stderr
2024-04-26T22:10:40.422+0000 7fadcc000700 1 --2- >> [v2:172.21.15.22:3300/0,v1:172.21.15.22:6789/0] conn(0x7fadc410fce0 0x7fadc41120d0 unknown :-1 s=NONE pgs=0 cs=0 l=0 rev1=0 crypto rx=0 tx=0 comp rx=0 tx=0).connect
2024-04-26T22:10:41.256 INFO:teuthology.orchestra.run.smithi022.stdout:/usr/bin/ceph: stderr
2024-04-26T22:10:40.422+0000 7fadcc000700 1 -- --> [v2:172.21.15.22:3300/0,v1:172.21.15.22:6789/0] -- mon_getmap magic: 0 -- 0x7fadc4112610 con 0x7fadc410fce0
2024-04-26T22:10:41.256 INFO:teuthology.orchestra.run.smithi022.stdout:/usr/bin/ceph: stderr
2024-04-26T22:10:40.422+0000 7fadc9600700 1 --2- >> [v2:172.21.15.22:3300/0,v1:172.21.15.22:6789/0] conn(0x7fadc410fce0 0x7fadc41120d0 unknown :-1 s=BANNER_CONNECTING pgs=0 cs=0 l=0 rev1=0 crypto rx=0 tx=0 comp rx=0 tx=0)._handle_peer_banner_payload supported=3 required=0
2024-04-26T22:10:41.256 INFO:teuthology.orchestra.run.smithi022.stdout:/usr/bin/ceph: stderr
2024-04-26T22:10:40.422+0000 7fadc9600700 1 --2- >> [v2:172.21.15.22:3300/0,v1:172.21.15.22:6789/0] conn(0x7fadc410fce0 0x7fadc41120d0 unknown :-1 s=HELLO_CONNECTING pgs=0 cs=0 l=0 rev1=1 crypto rx=0 tx=0 comp rx=0 tx=0).handle_hello peer v2:172.21.15.22:3300/0 says I am v2:172.21.15.22:49332/0 (socket says 172.21.15.22:49332)
2024-04-26T22:10:41.256 INFO:teuthology.orchestra.run.smithi022.stdout:/usr/bin/ceph: stderr
2024-04-26T22:10:40.422+0000 7fadc9600700 1 -- 172.21.15.22:0/728841335 learned_addr learned my addr 172.21.15.22:0/728841335 (peer_addr_for_me v2:172.21.15.22:0/0)
2024-04-26T22:10:41.256 INFO:teuthology.orchestra.run.smithi022.stdout:/usr/bin/ceph: stderr
2024-04-26T22:10:40.423+0000 7fadc9600700 1 -- 172.21.15.22:0/728841335 --> [v2:172.21.15.22:3300/0,v1:172.21.15.22:6789/0] -- mon_subscribe({config=0+,monmap=0+}) -- 0x7fadc4112790 con 0x7fadc410fce0
2024-04-26T22:10:41.256 INFO:teuthology.orchestra.run.smithi022.stdout:/usr/bin/ceph: stderr
2024-04-26T22:10:40.423+0000 7fadc9600700 1 --2- 172.21.15.22:0/728841335 >> [v2:172.21.15.22:3300/0,v1:172.21.15.22:6789/0] conn(0x7fadc410fce0 0x7fadc41120d0 secure :-1 s=READY pgs=16 cs=0 l=1 rev1=1 crypto rx=0x7fadb80098a0 tx=0x7fadb8009bb0 comp rx=0 tx=0).ready entity=mon.0 client_cookie=198a79cabe5a7188 server_cookie=0 in_seq=0 out_seq=0
2024-04-26T22:10:41.256 INFO:teuthology.orchestra.run.smithi022.stdout:/usr/bin/ceph: stderr
2024-04-26T22:10:40.424+0000 7fadc3e00700 1 -- 172.21.15.22:0/728841335 <== mon.0 v2:172.21.15.22:3300/0 1 ==== mon_map magic: 0 ==== 205+0+0 (secure 0 0 0) 0x7fadb8004160 con 0x7fadc410fce0
2024-04-26T22:10:41.256 INFO:teuthology.orchestra.run.smithi022.stdout:/usr/bin/ceph: stderr
2024-04-26T22:10:40.424+0000 7fadc3e00700 1 -- 172.21.15.22:0/728841335 <== mon.0 v2:172.21.15.22:3300/0 2 ==== config(25 keys) ==== 1032+0+0 (secure 0 0 0) 0x7fadb8004300 con 0x7fadc410fce0
2024-04-26T22:10:41.256 INFO:teuthology.orchestra.run.smithi022.stdout:/usr/bin/ceph: stderr
2024-04-26T22:10:40.424+0000 7fadc3e00700 1 -- 172.21.15.22:0/728841335 <== mon.0 v2:172.21.15.22:3300/0 3 ==== mon_map magic: 0 ==== 205+0+0 (secure 0 0 0) 0x7fadb80119e0 con 0x7fadc410fce0
2024-04-26T22:10:41.256 INFO:teuthology.orchestra.run.smithi022.stdout:/usr/bin/ceph: stderr
2024-04-26T22:10:40.424+0000 7fadcc000700 1 -- 172.21.15.22:0/728841335 >> [v2:172.21.15.22:3300/0,v1:172.21.15.22:6789/0] conn(0x7fadc410fce0 msgr2=0x7fadc41120d0 secure :-1 s=STATE_CONNECTION_ESTABLISHED l=1).mark_down
2024-04-26T22:10:41.256 INFO:teuthology.orchestra.run.smithi022.stdout:/usr/bin/ceph: stderr
2024-04-26T22:10:40.424+0000 7fadcc000700 1 --2- 172.21.15.22:0/728841335 >> [v2:172.21.15.22:3300/0,v1:172.21.15.22:6789/0] conn(0x7fadc410fce0 0x7fadc41120d0 secure :-1 s=READY pgs=16 cs=0 l=1 rev1=1 crypto rx=0x7fadb80098a0 tx=0x7fadb8009bb0 comp rx=0 tx=0).stop
2024-04-26T22:10:41.257 INFO:teuthology.orchestra.run.smithi022.stdout:/usr/bin/ceph: stderr
2024-04-26T22:10:40.425+0000 7fadcc000700 1 -- 172.21.15.22:0/728841335 shutdown_connections
2024-04-26T22:10:41.257 INFO:teuthology.orchestra.run.smithi022.stdout:/usr/bin/ceph: stderr
2024-04-26T22:10:40.425+0000 7fadcc000700 1 --2- 172.21.15.22:0/728841335 >> [v2:172.21.15.22:3300/0,v1:172.21.15.22:6789/0] conn(0x7fadc410fce0 0x7fadc41120d0 unknown :-1 s=CLOSED pgs=16 cs=0 l=1 rev1=1 crypto rx=0 tx=0 comp rx=0 tx=0).stop
2024-04-26T22:10:41.257 INFO:teuthology.orchestra.run.smithi022.stdout:/usr/bin/ceph: stderr
2024-04-26T22:10:40.425+0000 7fadcc000700 1 -- 172.21.15.22:0/728841335 >> 172.21.15.22:0/728841335 conn(0x7fadc407e4f0 msgr2=0x7fadc4080910 unknown :-1 s=STATE_NONE l=0).mark_down
2024-04-26T22:10:41.257 INFO:teuthology.orchestra.run.smithi022.stdout:/usr/bin/ceph: stderr
2024-04-26T22:10:40.425+0000 7fadcc000700 1 -- 172.21.15.22:0/728841335 shutdown_connections
2024-04-26T22:10:41.257 INFO:teuthology.orchestra.run.smithi022.stdout:/usr/bin/ceph: stderr
2024-04-26T22:10:40.425+0000 7fadcc000700 1 -- 172.21.15.22:0/728841335 wait complete.
2024-04-26T22:10:41.257 INFO:teuthology.orchestra.run.smithi022.stdout:/usr/bin/ceph: stderr
2024-04-26T22:10:40.426+0000 7fadcc000700 1 Processor -- start
2024-04-26T22:10:41.257 INFO:teuthology.orchestra.run.smithi022.stdout:/usr/bin/ceph: stderr
2024-04-26T22:10:40.426+0000 7fadcc000700 1 -- start start
2024-04-26T22:10:41.257 INFO:teuthology.orchestra.run.smithi022.stdout:/usr/bin/ceph: stderr
2024-04-26T22:10:40.427+0000 7fadcc000700 1 --2- >> [v2:172.21.15.22:3300/0,v1:172.21.15.22:6789/0] conn(0x7fadc410fce0 0x7fadc41a3350 unknown :-1 s=NONE pgs=0 cs=0 l=1 rev1=0 crypto rx=0 tx=0 comp rx=0 tx=0).connect
2024-04-26T22:10:41.257 INFO:teuthology.orchestra.run.smithi022.stdout:/usr/bin/ceph: stderr
2024-04-26T22:10:40.427+0000 7fadcc000700 1 -- --> [v2:172.21.15.22:3300/0,v1:172.21.15.22:6789/0] -- mon_getmap magic: 0 -- 0x7fadc41137b0 con 0x7fadc410fce0
2024-04-26T22:10:41.257 INFO:teuthology.orchestra.run.smithi022.stdout:/usr/bin/ceph: stderr
2024-04-26T22:10:40.427+0000 7fadc9600700 1 --2- >> [v2:172.21.15.22:3300/0,v1:172.21.15.22:6789/0] conn(0x7fadc410fce0 0x7fadc41a3350 unknown :-1 s=BANNER_CONNECTING pgs=0 cs=0 l=1 rev1=0 crypto rx=0 tx=0 comp rx=0 tx=0)._handle_peer_banner_payload supported=3 required=0
2024-04-26T22:10:41.257 INFO:teuthology.orchestra.run.smithi022.stdout:/usr/bin/ceph: stderr
2024-04-26T22:10:40.427+0000 7fadc9600700 1 --2- >> [v2:172.21.15.22:3300/0,v1:172.21.15.22:6789/0] conn(0x7fadc410fce0 0x7fadc41a3350 unknown :-1 s=HELLO_CONNECTING pgs=0 cs=0 l=1 rev1=1 crypto rx=0 tx=0 comp rx=0 tx=0).handle_hello peer v2:172.21.15.22:3300/0 says I am v2:172.21.15.22:49336/0 (socket says 172.21.15.22:49336)
2024-04-26T22:10:41.257 INFO:teuthology.orchestra.run.smithi022.stdout:/usr/bin/ceph: stderr
2024-04-26T22:10:40.427+0000 7fadc9600700 1 -- 172.21.15.22:0/537992989 learned_addr learned my addr 172.21.15.22:0/537992989 (peer_addr_for_me v2:172.21.15.22:0/0)
2024-04-26T22:10:41.258 INFO:teuthology.orchestra.run.smithi022.stdout:/usr/bin/ceph: stderr
2024-04-26T22:10:40.427+0000 7fadc9600700 1 -- 172.21.15.22:0/537992989 --> [v2:172.21.15.22:3300/0,v1:172.21.15.22:6789/0] -- mon_subscribe({config=0+,monmap=0+}) -- 0x7fadc41a3890 con 0x7fadc410fce0
2024-04-26T22:10:41.258 INFO:teuthology.orchestra.run.smithi022.stdout:/usr/bin/ceph: stderr
2024-04-26T22:10:40.428+0000 7fadc9600700 1 --2- 172.21.15.22:0/537992989 >> [v2:172.21.15.22:3300/0,v1:172.21.15.22:6789/0] conn(0x7fadc410fce0 0x7fadc41a3350 secure :-1 s=READY pgs=17 cs=0 l=1 rev1=1 crypto rx=0x7fadb80119e0 tx=0x7fadb80046a0 comp rx=0 tx=0).ready entity=mon.0 client_cookie=0 server_cookie=0 in_seq=0 out_seq=0
2024-04-26T22:10:41.258 INFO:teuthology.orchestra.run.smithi022.stdout:/usr/bin/ceph: stderr
2024-04-26T22:10:40.428+0000 7fadc2000700 1 -- 172.21.15.22:0/537992989 <== mon.0 v2:172.21.15.22:3300/0 1 ==== mon_map magic: 0 ==== 205+0+0 (secure 0 0 0) 0x7fadb8003bf0 con 0x7fadc410fce0
2024-04-26T22:10:41.258 INFO:teuthology.orchestra.run.smithi022.stdout:/usr/bin/ceph: stderr
2024-04-26T22:10:40.428+0000 7fadc2000700 1 -- 172.21.15.22:0/537992989 <== mon.0 v2:172.21.15.22:3300/0 2 ==== config(25 keys) ==== 1032+0+0 (secure 0 0 0) 0x7fadb801a8a0 con 0x7fadc410fce0
2024-04-26T22:10:41.258 INFO:teuthology.orchestra.run.smithi022.stdout:/usr/bin/ceph: stderr
2024-04-26T22:10:40.428+0000 7fadc2000700 1 -- 172.21.15.22:0/537992989 <== mon.0 v2:172.21.15.22:3300/0 3 ==== mon_map magic: 0 ==== 205+0+0 (secure 0 0 0) 0x7fadb80248c0 con 0x7fadc410fce0
2024-04-26T22:10:41.258 INFO:teuthology.orchestra.run.smithi022.stdout:/usr/bin/ceph: stderr
2024-04-26T22:10:40.428+0000 7fadcc000700 1 -- 172.21.15.22:0/537992989 --> [v2:172.21.15.22:3300/0,v1:172.21.15.22:6789/0] -- mon_subscribe({mgrmap=0+}) -- 0x7fadc41a3b20 con 0x7fadc410fce0
2024-04-26T22:10:41.258 INFO:teuthology.orchestra.run.smithi022.stdout:/usr/bin/ceph: stderr
2024-04-26T22:10:40.428+0000 7fadcc000700 1 -- 172.21.15.22:0/537992989 --> [v2:172.21.15.22:3300/0,v1:172.21.15.22:6789/0] -- mon_subscribe({osdmap=0}) -- 0x7fadc41a6810 con 0x7fadc410fce0
2024-04-26T22:10:41.258 INFO:teuthology.orchestra.run.smithi022.stdout:/usr/bin/ceph: stderr
2024-04-26T22:10:40.429+0000 7fadc2000700 1 -- 172.21.15.22:0/537992989 <== mon.0 v2:172.21.15.22:3300/0 4 ==== mgrmap(e 4) ==== 46547+0+0 (secure 0 0 0) 0x7fadb8022020 con 0x7fadc410fce0
2024-04-26T22:10:41.258 INFO:teuthology.orchestra.run.smithi022.stdout:/usr/bin/ceph: stderr
2024-04-26T22:10:40.429+0000 7fadcc000700 1 -- 172.21.15.22:0/537992989 --> [v2:172.21.15.22:3300/0,v1:172.21.15.22:6789/0] -- mon_command({"prefix": "get_command_descriptions"} v 0) -- 0x7fadc4064a80 con 0x7fadc410fce0
2024-04-26T22:10:41.258 INFO:teuthology.orchestra.run.smithi022.stdout:/usr/bin/ceph: stderr
2024-04-26T22:10:40.430+0000 7fadc2000700 1 --2- 172.21.15.22:0/537992989 >> [v2:172.21.15.22:6800/3429519648,v1:172.21.15.22:6801/3429519648] conn(0x7fadac039560 0x7fadac03ba20 unknown :-1 s=NONE pgs=0 cs=0 l=1 rev1=0 crypto rx=0 tx=0 comp rx=0 tx=0).connect
2024-04-26T22:10:41.258 INFO:teuthology.orchestra.run.smithi022.stdout:/usr/bin/ceph: stderr
2024-04-26T22:10:40.430+0000 7fadc2000700 1 -- 172.21.15.22:0/537992989 <== mon.0 v2:172.21.15.22:3300/0 5 ==== osd_map(1..1 src has 1..1) ==== 725+0+0 (secure 0 0 0) 0x7fadb804d6d0 con 0x7fadc410fce0
2024-04-26T22:10:41.258 INFO:teuthology.orchestra.run.smithi022.stdout:/usr/bin/ceph: stderr
2024-04-26T22:10:40.430+0000 7fadc8c00700 1 --2- 172.21.15.22:0/537992989 >> [v2:172.21.15.22:6800/3429519648,v1:172.21.15.22:6801/3429519648] conn(0x7fadac039560 0x7fadac03ba20 unknown :-1 s=BANNER_CONNECTING pgs=0 cs=0 l=1 rev1=0 crypto rx=0 tx=0 comp rx=0 tx=0)._handle_peer_banner_payload supported=3 required=0
2024-04-26T22:10:41.258 INFO:teuthology.orchestra.run.smithi022.stdout:/usr/bin/ceph: stderr
2024-04-26T22:10:40.431+0000 7fadc8c00700 1 --2- 172.21.15.22:0/537992989 >> [v2:172.21.15.22:6800/3429519648,v1:172.21.15.22:6801/3429519648] conn(0x7fadac039560 0x7fadac03ba20 secure :-1 s=READY pgs=7 cs=0 l=1 rev1=1 crypto rx=0x7fadb0006fd0 tx=0x7fadb0006e40 comp rx=0 tx=0).ready entity=mgr.14100 client_cookie=0 server_cookie=0 in_seq=0 out_seq=0
2024-04-26T22:10:41.259 INFO:teuthology.orchestra.run.smithi022.stdout:/usr/bin/ceph: stderr
2024-04-26T22:10:40.435+0000 7fadc2000700 1 -- 172.21.15.22:0/537992989 <== mon.0 v2:172.21.15.22:3300/0 6 ==== mon_command_ack([{"prefix": "get_command_descriptions"}]=0 v0) ==== 72+0+188494 (secure 0 0 0) 0x7fadb80172b0 con 0x7fadc410fce0
2024-04-26T22:10:41.259 INFO:teuthology.orchestra.run.smithi022.stdout:/usr/bin/ceph: stderr
2024-04-26T22:10:40.666+0000 7fadcc000700 1 -- 172.21.15.22:0/537992989 --> [v2:172.21.15.22:3300/0,v1:172.21.15.22:6789/0] -- mon_command({"prefix": "config assimilate-conf"} v 0) -- 0x7fadc41a69e0 con 0x7fadc410fce0
2024-04-26T22:10:41.259 INFO:teuthology.orchestra.run.smithi022.stdout:/usr/bin/ceph: stderr
2024-04-26T22:10:40.668+0000 7fadc2000700 1 -- 172.21.15.22:0/537992989 <== mon.0 v2:172.21.15.22:3300/0 7 ==== mon_command_ack([{"prefix": "config assimilate-conf"}]=0 v3) ==== 70+0+436 (secure 0 0 0) 0x7fadb804d430 con 0x7fadc410fce0
2024-04-26T22:10:41.259 INFO:teuthology.orchestra.run.smithi022.stdout:/usr/bin/ceph: stderr
2024-04-26T22:10:40.670+0000 7fadcc000700 1 -- 172.21.15.22:0/537992989 >> [v2:172.21.15.22:6800/3429519648,v1:172.21.15.22:6801/3429519648] conn(0x7fadac039560 msgr2=0x7fadac03ba20 secure :-1 s=STATE_CONNECTION_ESTABLISHED l=1).mark_down
2024-04-26T22:10:41.259 INFO:teuthology.orchestra.run.smithi022.stdout:/usr/bin/ceph: stderr
2024-04-26T22:10:40.670+0000 7fadcc000700 1 --2- 172.21.15.22:0/537992989 >> [v2:172.21.15.22:6800/3429519648,v1:172.21.15.22:6801/3429519648] conn(0x7fadac039560 0x7fadac03ba20 secure :-1 s=READY pgs=7 cs=0 l=1 rev1=1 crypto rx=0x7fadb0006fd0 tx=0x7fadb0006e40 comp rx=0 tx=0).stop
2024-04-26T22:10:41.259 INFO:teuthology.orchestra.run.smithi022.stdout:/usr/bin/ceph: stderr
2024-04-26T22:10:40.670+0000 7fadcc000700 1 -- 172.21.15.22:0/537992989 >> [v2:172.21.15.22:3300/0,v1:172.21.15.22:6789/0] conn(0x7fadc410fce0 msgr2=0x7fadc41a3350 secure :-1 s=STATE_CONNECTION_ESTABLISHED l=1).mark_down
2024-04-26T22:10:41.259 INFO:teuthology.orchestra.run.smithi022.stdout:/usr/bin/ceph: stderr
2024-04-26T22:10:40.670+0000 7fadcc000700 1 --2- 172.21.15.22:0/537992989 >> [v2:172.21.15.22:3300/0,v1:172.21.15.22:6789/0] conn(0x7fadc410fce0 0x7fadc41a3350 secure :-1 s=READY pgs=17 cs=0 l=1 rev1=1 crypto rx=0x7fadb80119e0 tx=0x7fadb80046a0 comp rx=0 tx=0).stop
2024-04-26T22:10:41.259 INFO:teuthology.orchestra.run.smithi022.stdout:/usr/bin/ceph: stderr
2024-04-26T22:10:40.670+0000 7fadcc000700 1 -- 172.21.15.22:0/537992989 shutdown_connections
2024-04-26T22:10:41.259 INFO:teuthology.orchestra.run.smithi022.stdout:/usr/bin/ceph: stderr
2024-04-26T22:10:40.670+0000 7fadcc000700 1 --2- 172.21.15.22:0/537992989 >> [v2:172.21.15.22:6800/3429519648,v1:172.21.15.22:6801/3429519648] conn(0x7fadac039560 0x7fadac03ba20 unknown :-1 s=CLOSED pgs=7 cs=0 l=1 rev1=1 crypto rx=0 tx=0 comp rx=0 tx=0).stop
2024-04-26T22:10:41.259 INFO:teuthology.orchestra.run.smithi022.stdout:/usr/bin/ceph: stderr
2024-04-26T22:10:40.670+0000 7fadcc000700 1 --2- 172.21.15.22:0/537992989 >> [v2:172.21.15.22:3300/0,v1:172.21.15.22:6789/0] conn(0x7fadc410fce0 0x7fadc41a3350 unknown :-1 s=CLOSED pgs=17 cs=0 l=1 rev1=1 crypto rx=0 tx=0 comp rx=0 tx=0).stop
2024-04-26T22:10:41.259 INFO:teuthology.orchestra.run.smithi022.stdout:/usr/bin/ceph: stderr
2024-04-26T22:10:40.670+0000 7fadcc000700 1 -- 172.21.15.22:0/537992989 >> 172.21.15.22:0/537992989 conn(0x7fadc407e4f0 msgr2=0x7fadc407f000 unknown :-1 s=STATE_NONE l=0).mark_down
2024-04-26T22:10:41.259 INFO:teuthology.orchestra.run.smithi022.stdout:/usr/bin/ceph: stderr
2024-04-26T22:10:40.671+0000 7fadcc000700 1 -- 172.21.15.22:0/537992989 shutdown_connections
2024-04-26T22:10:41.259 INFO:teuthology.orchestra.run.smithi022.stdout:/usr/bin/ceph: stderr
2024-04-26T22:10:40.671+0000 7fadcc000700 1 -- 172.21.15.22:0/537992989 wait complete.
2024-04-26T22:10:41.259 INFO:teuthology.orchestra.run.smithi022.stdout:Enabling cephadm module...
2024-04-26T22:10:42.518 INFO:journalctl@ceph.mon.a.smithi022.stdout:Apr 26 22:10:42 smithi022 ceph-mon[28168]: from='client.? 172.21.15.22:0/3597468925' entity='client.admin' cmd=[{"prefix": "mgr module enable", "module": "cephadm"}]: dispatch
2024-04-26T22:10:42.518 INFO:journalctl@ceph.mgr.x.smithi022.stdout:Apr 26 22:10:42 smithi022 ceph-9b7ee5d8-0419-11ef-bc93-c7b262605968-mgr-x[28393]: ignoring --setuser ceph since I am not root
2024-04-26T22:10:42.518 INFO:journalctl@ceph.mgr.x.smithi022.stdout:Apr 26 22:10:42 smithi022 ceph-9b7ee5d8-0419-11ef-bc93-c7b262605968-mgr-x[28393]: ignoring --setgroup ceph since I am not root
2024-04-26T22:10:42.518 INFO:journalctl@ceph.mgr.x.smithi022.stdout:Apr 26 22:10:42 smithi022 ceph-9b7ee5d8-0419-11ef-bc93-c7b262605968-mgr-x[28393]:
2024-04-26T22:10:42.518+0000 7fda97949200 -1 mgr[py] Module balancer has missing NOTIFY_TYPES member
2024-04-26T22:10:42.902 INFO:teuthology.orchestra.run.smithi022.stdout:/usr/bin/ceph: stderr
2024-04-26T22:10:41.852+0000 7f77d0000700 1 Processor -- start
2024-04-26T22:10:42.902 INFO:teuthology.orchestra.run.smithi022.stdout:/usr/bin/ceph: stderr
2024-04-26T22:10:41.853+0000 7f77d0000700 1 -- start start
2024-04-26T22:10:42.902 INFO:teuthology.orchestra.run.smithi022.stdout:/usr/bin/ceph: stderr
2024-04-26T22:10:41.853+0000 7f77d0000700 1 --2- >> [v2:172.21.15.22:3300/0,v1:172.21.15.22:6789/0] conn(0x7f77c807dde0 0x7f77c807c240 unknown :-1 s=NONE pgs=0 cs=0 l=0 rev1=0 crypto rx=0 tx=0 comp rx=0 tx=0).connect
2024-04-26T22:10:42.906 INFO:teuthology.orchestra.run.smithi022.stdout:/usr/bin/ceph: stderr
2024-04-26T22:10:41.853+0000 7f77d0000700 1 -- --> [v2:172.21.15.22:3300/0,v1:172.21.15.22:6789/0] -- mon_getmap magic: 0 -- 0x7f77c807c810 con 0x7f77c807dde0
2024-04-26T22:10:42.906 INFO:teuthology.orchestra.run.smithi022.stdout:/usr/bin/ceph: stderr
2024-04-26T22:10:41.853+0000 7f77cd600700 1 --2- >> [v2:172.21.15.22:3300/0,v1:172.21.15.22:6789/0] conn(0x7f77c807dde0 0x7f77c807c240 unknown :-1 s=BANNER_CONNECTING pgs=0 cs=0 l=0 rev1=0 crypto rx=0 tx=0 comp rx=0 tx=0)._handle_peer_banner_payload supported=3 required=0
2024-04-26T22:10:42.906 INFO:teuthology.orchestra.run.smithi022.stdout:/usr/bin/ceph: stderr
2024-04-26T22:10:41.854+0000 7f77cd600700 1 --2- >> [v2:172.21.15.22:3300/0,v1:172.21.15.22:6789/0] conn(0x7f77c807dde0 0x7f77c807c240 unknown :-1 s=HELLO_CONNECTING pgs=0 cs=0 l=0 rev1=1 crypto rx=0 tx=0 comp rx=0 tx=0).handle_hello peer v2:172.21.15.22:3300/0 says I am v2:172.21.15.22:49352/0 (socket says 172.21.15.22:49352)
2024-04-26T22:10:42.906 INFO:teuthology.orchestra.run.smithi022.stdout:/usr/bin/ceph: stderr
2024-04-26T22:10:41.854+0000 7f77cd600700 1 -- 172.21.15.22:0/3238424814 learned_addr learned my addr 172.21.15.22:0/3238424814 (peer_addr_for_me v2:172.21.15.22:0/0)
2024-04-26T22:10:42.906 INFO:teuthology.orchestra.run.smithi022.stdout:/usr/bin/ceph: stderr
2024-04-26T22:10:41.854+0000 7f77cd600700 1 -- 172.21.15.22:0/3238424814 --> [v2:172.21.15.22:3300/0,v1:172.21.15.22:6789/0] -- mon_subscribe({config=0+,monmap=0+}) -- 0x7f77c807c990 con 0x7f77c807dde0
2024-04-26T22:10:42.906 INFO:teuthology.orchestra.run.smithi022.stdout:/usr/bin/ceph: stderr
2024-04-26T22:10:41.854+0000 7f77cd600700 1 --2- 172.21.15.22:0/3238424814 >> [v2:172.21.15.22:3300/0,v1:172.21.15.22:6789/0] conn(0x7f77c807dde0 0x7f77c807c240 secure :-1 s=READY pgs=18 cs=0 l=1 rev1=1 crypto rx=0x7f77bc0098a0 tx=0x7f77bc009bb0 comp rx=0 tx=0).ready entity=mon.0 client_cookie=6ed31fb99244d20b server_cookie=0 in_seq=0 out_seq=0
2024-04-26T22:10:42.906 INFO:teuthology.orchestra.run.smithi022.stdout:/usr/bin/ceph: stderr
2024-04-26T22:10:41.855+0000 7f77c7e00700 1 -- 172.21.15.22:0/3238424814 <== mon.0 v2:172.21.15.22:3300/0 1 ==== mon_map magic: 0 ==== 205+0+0 (secure 0 0 0) 0x7f77bc004160 con 0x7f77c807dde0
2024-04-26T22:10:42.906 INFO:teuthology.orchestra.run.smithi022.stdout:/usr/bin/ceph: stderr
2024-04-26T22:10:41.855+0000 7f77c7e00700 1 -- 172.21.15.22:0/3238424814 <== mon.0 v2:172.21.15.22:3300/0 2 ==== config(25 keys) ==== 1032+0+0 (secure 0 0 0) 0x7f77bc004300 con 0x7f77c807dde0
2024-04-26T22:10:42.906 INFO:teuthology.orchestra.run.smithi022.stdout:/usr/bin/ceph: stderr
2024-04-26T22:10:41.855+0000 7f77c7e00700 1 -- 172.21.15.22:0/3238424814 <== mon.0 v2:172.21.15.22:3300/0 3 ==== mon_map magic: 0 ==== 205+0+0 (secure 0 0 0) 0x7f77bc0119e0 con 0x7f77c807dde0
2024-04-26T22:10:42.906 INFO:teuthology.orchestra.run.smithi022.stdout:/usr/bin/ceph: stderr
2024-04-26T22:10:41.855+0000 7f77d0000700 1 -- 172.21.15.22:0/3238424814 >> [v2:172.21.15.22:3300/0,v1:172.21.15.22:6789/0] conn(0x7f77c807dde0 msgr2=0x7f77c807c240 secure :-1 s=STATE_CONNECTION_ESTABLISHED l=1).mark_down
2024-04-26T22:10:42.906 INFO:teuthology.orchestra.run.smithi022.stdout:/usr/bin/ceph: stderr
2024-04-26T22:10:41.855+0000 7f77d0000700 1 --2- 172.21.15.22:0/3238424814 >> [v2:172.21.15.22:3300/0,v1:172.21.15.22:6789/0] conn(0x7f77c807dde0 0x7f77c807c240 secure :-1 s=READY pgs=18 cs=0 l=1 rev1=1 crypto rx=0x7f77bc0098a0 tx=0x7f77bc009bb0 comp rx=0 tx=0).stop
2024-04-26T22:10:42.906 INFO:teuthology.orchestra.run.smithi022.stdout:/usr/bin/ceph: stderr
2024-04-26T22:10:41.856+0000 7f77d0000700 1 -- 172.21.15.22:0/3238424814 shutdown_connections
2024-04-26T22:10:42.907 INFO:teuthology.orchestra.run.smithi022.stdout:/usr/bin/ceph: stderr
2024-04-26T22:10:41.856+0000 7f77d0000700 1 --2- 172.21.15.22:0/3238424814 >> [v2:172.21.15.22:3300/0,v1:172.21.15.22:6789/0] conn(0x7f77c807dde0 0x7f77c807c240 unknown :-1 s=CLOSED pgs=18 cs=0 l=1 rev1=1 crypto rx=0 tx=0 comp rx=0 tx=0).stop
2024-04-26T22:10:42.907 INFO:teuthology.orchestra.run.smithi022.stdout:/usr/bin/ceph: stderr
2024-04-26T22:10:41.856+0000 7f77d0000700 1 -- 172.21.15.22:0/3238424814 >> 172.21.15.22:0/3238424814 conn(0x7f77c8104480 msgr2=0x7f77c81068e0 unknown :-1 s=STATE_NONE l=0).mark_down
2024-04-26T22:10:42.907 INFO:teuthology.orchestra.run.smithi022.stdout:/usr/bin/ceph: stderr
2024-04-26T22:10:41.856+0000 7f77d0000700 1 -- 172.21.15.22:0/3238424814 shutdown_connections
2024-04-26T22:10:42.907 INFO:teuthology.orchestra.run.smithi022.stdout:/usr/bin/ceph: stderr
2024-04-26T22:10:41.856+0000 7f77d0000700 1 -- 172.21.15.22:0/3238424814 wait complete.
2024-04-26T22:10:42.907 INFO:teuthology.orchestra.run.smithi022.stdout:/usr/bin/ceph: stderr
2024-04-26T22:10:41.857+0000 7f77d0000700 1 Processor -- start
2024-04-26T22:10:42.907 INFO:teuthology.orchestra.run.smithi022.stdout:/usr/bin/ceph: stderr
2024-04-26T22:10:41.857+0000 7f77d0000700 1 -- start start
2024-04-26T22:10:42.907 INFO:teuthology.orchestra.run.smithi022.stdout:/usr/bin/ceph: stderr
2024-04-26T22:10:41.857+0000 7f77d0000700 1 --2- >> [v2:172.21.15.22:3300/0,v1:172.21.15.22:6789/0] conn(0x7f77c807dde0 0x7f77c81a33d0 unknown :-1 s=NONE pgs=0 cs=0 l=1 rev1=0 crypto rx=0 tx=0 comp rx=0 tx=0).connect
2024-04-26T22:10:42.907 INFO:teuthology.orchestra.run.smithi022.stdout:/usr/bin/ceph: stderr
2024-04-26T22:10:41.857+0000 7f77d0000700 1 -- --> [v2:172.21.15.22:3300/0,v1:172.21.15.22:6789/0] -- mon_getmap magic: 0 -- 0x7f77c810b050 con 0x7f77c807dde0
2024-04-26T22:10:42.907 INFO:teuthology.orchestra.run.smithi022.stdout:/usr/bin/ceph: stderr
2024-04-26T22:10:41.858+0000 7f77cd600700 1 --2- >> [v2:172.21.15.22:3300/0,v1:172.21.15.22:6789/0] conn(0x7f77c807dde0 0x7f77c81a33d0 unknown :-1 s=BANNER_CONNECTING pgs=0 cs=0 l=1 rev1=0 crypto rx=0 tx=0 comp rx=0 tx=0)._handle_peer_banner_payload supported=3 required=0
2024-04-26T22:10:42.907 INFO:teuthology.orchestra.run.smithi022.stdout:/usr/bin/ceph: stderr
2024-04-26T22:10:41.858+0000 7f77cd600700 1 --2- >> [v2:172.21.15.22:3300/0,v1:172.21.15.22:6789/0] conn(0x7f77c807dde0 0x7f77c81a33d0 unknown :-1 s=HELLO_CONNECTING pgs=0 cs=0 l=1 rev1=1 crypto rx=0 tx=0 comp rx=0 tx=0).handle_hello peer v2:172.21.15.22:3300/0 says I am v2:172.21.15.22:49360/0 (socket says 172.21.15.22:49360)
2024-04-26T22:10:42.907 INFO:teuthology.orchestra.run.smithi022.stdout:/usr/bin/ceph: stderr
2024-04-26T22:10:41.858+0000 7f77cd600700 1 -- 172.21.15.22:0/3597468925 learned_addr learned my addr 172.21.15.22:0/3597468925 (peer_addr_for_me v2:172.21.15.22:0/0)
2024-04-26T22:10:42.907 INFO:teuthology.orchestra.run.smithi022.stdout:/usr/bin/ceph: stderr
2024-04-26T22:10:41.858+0000 7f77cd600700 1 -- 172.21.15.22:0/3597468925 --> [v2:172.21.15.22:3300/0,v1:172.21.15.22:6789/0] -- mon_subscribe({config=0+,monmap=0+}) -- 0x7f77c81a3910 con 0x7f77c807dde0
2024-04-26T22:10:42.907 INFO:teuthology.orchestra.run.smithi022.stdout:/usr/bin/ceph: stderr
2024-04-26T22:10:41.858+0000 7f77cd600700 1 --2- 172.21.15.22:0/3597468925 >> [v2:172.21.15.22:3300/0,v1:172.21.15.22:6789/0] conn(0x7f77c807dde0 0x7f77c81a33d0 secure :-1 s=READY pgs=19 cs=0 l=1 rev1=1 crypto rx=0x7f77bc006b20 tx=0x7f77bc011a60 comp rx=0 tx=0).ready entity=mon.0 client_cookie=0 server_cookie=0 in_seq=0 out_seq=0
2024-04-26T22:10:42.908 INFO:teuthology.orchestra.run.smithi022.stdout:/usr/bin/ceph: stderr
2024-04-26T22:10:41.859+0000 7f77c6000700 1 -- 172.21.15.22:0/3597468925 <== mon.0 v2:172.21.15.22:3300/0 1 ==== mon_map magic: 0 ==== 205+0+0 (secure 0 0 0) 0x7f77bc003a60 con 0x7f77c807dde0
2024-04-26T22:10:42.908 INFO:teuthology.orchestra.run.smithi022.stdout:/usr/bin/ceph: stderr
2024-04-26T22:10:41.859+0000 7f77c6000700 1 -- 172.21.15.22:0/3597468925 <== mon.0 v2:172.21.15.22:3300/0 2 ==== config(25 keys) ==== 1032+0+0 (secure 0 0 0) 0x7f77bc003c00 con 0x7f77c807dde0
2024-04-26T22:10:42.908 INFO:teuthology.orchestra.run.smithi022.stdout:/usr/bin/ceph: stderr
2024-04-26T22:10:41.859+0000 7f77c6000700 1 -- 172.21.15.22:0/3597468925 <== mon.0 v2:172.21.15.22:3300/0 3 ==== mon_map magic: 0 ==== 205+0+0 (secure 0 0 0) 0x7f77bc024780 con 0x7f77c807dde0
2024-04-26T22:10:42.908 INFO:teuthology.orchestra.run.smithi022.stdout:/usr/bin/ceph: stderr
2024-04-26T22:10:41.859+0000 7f77d0000700 1 -- 172.21.15.22:0/3597468925 --> [v2:172.21.15.22:3300/0,v1:172.21.15.22:6789/0] -- mon_subscribe({mgrmap=0+}) -- 0x7f77c81a3ba0 con 0x7f77c807dde0
2024-04-26T22:10:42.908 INFO:teuthology.orchestra.run.smithi022.stdout:/usr/bin/ceph: stderr
2024-04-26T22:10:41.859+0000 7f77d0000700 1 -- 172.21.15.22:0/3597468925 --> [v2:172.21.15.22:3300/0,v1:172.21.15.22:6789/0] -- mon_subscribe({osdmap=0}) -- 0x7f77c81a6890 con 0x7f77c807dde0
2024-04-26T22:10:42.908 INFO:teuthology.orchestra.run.smithi022.stdout:/usr/bin/ceph: stderr
2024-04-26T22:10:41.860+0000 7f77c6000700 1 -- 172.21.15.22:0/3597468925 <== mon.0 v2:172.21.15.22:3300/0 4 ==== mgrmap(e 4) ==== 46547+0+0 (secure 0 0 0) 0x7f77bc022020 con 0x7f77c807dde0
2024-04-26T22:10:42.908 INFO:teuthology.orchestra.run.smithi022.stdout:/usr/bin/ceph: stderr
2024-04-26T22:10:41.860+0000 7f77d0000700 1 -- 172.21.15.22:0/3597468925 --> [v2:172.21.15.22:3300/0,v1:172.21.15.22:6789/0] -- mon_command({"prefix": "get_command_descriptions"} v 0) -- 0x7f77c8064a80 con 0x7f77c807dde0
2024-04-26T22:10:42.908 INFO:teuthology.orchestra.run.smithi022.stdout:/usr/bin/ceph: stderr
2024-04-26T22:10:41.861+0000 7f77c6000700 1 --2- 172.21.15.22:0/3597468925 >> [v2:172.21.15.22:6800/3429519648,v1:172.21.15.22:6801/3429519648] conn(0x7f77b00395b0 0x7f77b003ba70 unknown :-1 s=NONE pgs=0 cs=0 l=1 rev1=0 crypto rx=0 tx=0 comp rx=0 tx=0).connect
2024-04-26T22:10:42.910 INFO:teuthology.orchestra.run.smithi022.stdout:/usr/bin/ceph: stderr
2024-04-26T22:10:41.861+0000 7f77c6000700 1 -- 172.21.15.22:0/3597468925 <== mon.0 v2:172.21.15.22:3300/0 5 ==== osd_map(1..1 src has 1..1) ==== 725+0+0 (secure 0 0 0) 0x7f77bc04d6a0 con 0x7f77c807dde0
2024-04-26T22:10:42.910 INFO:teuthology.orchestra.run.smithi022.stdout:/usr/bin/ceph: stderr
2024-04-26T22:10:41.861+0000 7f77ccc00700 1 --2- 172.21.15.22:0/3597468925 >> [v2:172.21.15.22:6800/3429519648,v1:172.21.15.22:6801/3429519648] conn(0x7f77b00395b0 0x7f77b003ba70 unknown :-1 s=BANNER_CONNECTING pgs=0 cs=0 l=1 rev1=0 crypto rx=0 tx=0 comp rx=0 tx=0)._handle_peer_banner_payload supported=3 required=0
2024-04-26T22:10:42.910 INFO:teuthology.orchestra.run.smithi022.stdout:/usr/bin/ceph: stderr
2024-04-26T22:10:41.862+0000 7f77ccc00700 1 --2- 172.21.15.22:0/3597468925 >> [v2:172.21.15.22:6800/3429519648,v1:172.21.15.22:6801/3429519648] conn(0x7f77b00395b0 0x7f77b003ba70 secure :-1 s=READY pgs=8 cs=0 l=1 rev1=1 crypto rx=0x7f77b4006fd0 tx=0x7f77b4006e40 comp rx=0 tx=0).ready entity=mgr.14100 client_cookie=0 server_cookie=0 in_seq=0 out_seq=0
2024-04-26T22:10:42.910 INFO:teuthology.orchestra.run.smithi022.stdout:/usr/bin/ceph: stderr
2024-04-26T22:10:41.867+0000 7f77c6000700 1 -- 172.21.15.22:0/3597468925 <== mon.0 v2:172.21.15.22:3300/0 6 ==== mon_command_ack([{"prefix": "get_command_descriptions"}]=0 v0) ==== 72+0+188494 (secure 0 0 0) 0x7f77bc00f2e0 con 0x7f77c807dde0
2024-04-26T22:10:42.910 INFO:teuthology.orchestra.run.smithi022.stdout:/usr/bin/ceph: stderr
2024-04-26T22:10:42.164+0000 7f77d0000700 1 -- 172.21.15.22:0/3597468925 --> [v2:172.21.15.22:3300/0,v1:172.21.15.22:6789/0] -- mon_command({"prefix": "mgr module enable", "module": "cephadm"} v 0) -- 0x7f77c802e700 con 0x7f77c807dde0
2024-04-26T22:10:42.911 INFO:teuthology.orchestra.run.smithi022.stdout:/usr/bin/ceph: stderr
2024-04-26T22:10:42.218+0000 7f77c6000700 1 -- 172.21.15.22:0/3597468925 <== mon.0 v2:172.21.15.22:3300/0 7 ==== mon_command_ack([{"prefix": "mgr module enable", "module": "cephadm"}]=0 v5) ==== 86+0+0 (secure 0 0 0) 0x7f77bc01a950 con 0x7f77c807dde0
2024-04-26T22:10:42.911 INFO:teuthology.orchestra.run.smithi022.stdout:/usr/bin/ceph: stderr
2024-04-26T22:10:42.222+0000 7f77d0000700 1 -- 172.21.15.22:0/3597468925 >> [v2:172.21.15.22:6800/3429519648,v1:172.21.15.22:6801/3429519648] conn(0x7f77b00395b0 msgr2=0x7f77b003ba70 secure :-1 s=STATE_CONNECTION_ESTABLISHED l=1).mark_down
2024-04-26T22:10:42.911 INFO:teuthology.orchestra.run.smithi022.stdout:/usr/bin/ceph: stderr
2024-04-26T22:10:42.222+0000 7f77d0000700 1 --2- 172.21.15.22:0/3597468925 >> [v2:172.21.15.22:6800/3429519648,v1:172.21.15.22:6801/3429519648] conn(0x7f77b00395b0 0x7f77b003ba70 secure :-1 s=READY pgs=8 cs=0 l=1 rev1=1 crypto rx=0x7f77b4006fd0 tx=0x7f77b4006e40 comp rx=0 tx=0).stop
2024-04-26T22:10:42.911 INFO:teuthology.orchestra.run.smithi022.stdout:/usr/bin/ceph: stderr
2024-04-26T22:10:42.222+0000 7f77d0000700 1 -- 172.21.15.22:0/3597468925 >> [v2:172.21.15.22:3300/0,v1:172.21.15.22:6789/0] conn(0x7f77c807dde0 msgr2=0x7f77c81a33d0 secure :-1 s=STATE_CONNECTION_ESTABLISHED l=1).mark_down
2024-04-26T22:10:42.911 INFO:teuthology.orchestra.run.smithi022.stdout:/usr/bin/ceph: stderr
2024-04-26T22:10:42.222+0000 7f77c6000700 1 -- 172.21.15.22:0/3597468925 <== mon.0 v2:172.21.15.22:3300/0 8 ==== mgrmap(e 5) ==== 46558+0+0 (secure 0 0 0) 0x7f77bc01a430 con 0x7f77c807dde0
2024-04-26T22:10:42.911 INFO:teuthology.orchestra.run.smithi022.stdout:/usr/bin/ceph: stderr
2024-04-26T22:10:42.222+0000 7f77d0000700 1 --2- 172.21.15.22:0/3597468925 >> [v2:172.21.15.22:3300/0,v1:172.21.15.22:6789/0] conn(0x7f77c807dde0 0x7f77c81a33d0 secure :-1 s=READY pgs=19 cs=0 l=1 rev1=1 crypto rx=0x7f77bc006b20 tx=0x7f77bc011a60 comp rx=0 tx=0).stop
2024-04-26T22:10:42.911 INFO:teuthology.orchestra.run.smithi022.stdout:/usr/bin/ceph: stderr
2024-04-26T22:10:42.223+0000 7f77d0000700 1 -- 172.21.15.22:0/3597468925 shutdown_connections
2024-04-26T22:10:42.911 INFO:teuthology.orchestra.run.smithi022.stdout:/usr/bin/ceph: stderr
2024-04-26T22:10:42.223+0000 7f77d0000700 1 --2- 172.21.15.22:0/3597468925 >> [v2:172.21.15.22:6800/3429519648,v1:172.21.15.22:6801/3429519648] conn(0x7f77b00395b0 0x7f77b003ba70 unknown :-1 s=CLOSED pgs=8 cs=0 l=1 rev1=1 crypto rx=0 tx=0 comp rx=0 tx=0).stop
2024-04-26T22:10:42.911 INFO:teuthology.orchestra.run.smithi022.stdout:/usr/bin/ceph: stderr
2024-04-26T22:10:42.223+0000 7f77d0000700 1 --2- 172.21.15.22:0/3597468925 >> [v2:172.21.15.22:3300/0,v1:172.21.15.22:6789/0] conn(0x7f77c807dde0 0x7f77c81a33d0 unknown :-1 s=CLOSED pgs=19 cs=0 l=1 rev1=1 crypto rx=0 tx=0 comp rx=0 tx=0).stop
2024-04-26T22:10:42.911 INFO:teuthology.orchestra.run.smithi022.stdout:/usr/bin/ceph: stderr
2024-04-26T22:10:42.223+0000 7f77d0000700 1 -- 172.21.15.22:0/3597468925 >> 172.21.15.22:0/3597468925 conn(0x7f77c8104480 msgr2=0x7f77c81068e0 unknown :-1 s=STATE_NONE l=0).mark_down
2024-04-26T22:10:42.911 INFO:teuthology.orchestra.run.smithi022.stdout:/usr/bin/ceph: stderr
2024-04-26T22:10:42.224+0000 7f77d0000700 1 -- 172.21.15.22:0/3597468925 shutdown_connections
2024-04-26T22:10:42.911 INFO:teuthology.orchestra.run.smithi022.stdout:/usr/bin/ceph: stderr
2024-04-26T22:10:42.224+0000 7f77d0000700 1 -- 172.21.15.22:0/3597468925 wait complete.
2024-04-26T22:10:43.063 INFO:journalctl@ceph.mgr.x.smithi022.stdout:Apr 26 22:10:42 smithi022 ceph-9b7ee5d8-0419-11ef-bc93-c7b262605968-mgr-x[28393]:
2024-04-26T22:10:42.783+0000 7fda97949200 -1 mgr[py] Module orchestrator has missing NOTIFY_TYPES member
2024-04-26T22:10:43.063 INFO:journalctl@ceph.mgr.x.smithi022.stdout:Apr 26 22:10:42 smithi022 ceph-9b7ee5d8-0419-11ef-bc93-c7b262605968-mgr-x[28393]:
2024-04-26T22:10:42.923+0000 7fda97949200 -1 mgr[py] Module snap_schedule has missing NOTIFY_TYPES member
2024-04-26T22:10:43.327 INFO:journalctl@ceph.mon.a.smithi022.stdout:Apr 26 22:10:43 smithi022 ceph-mon[28168]: from='client.? 172.21.15.22:0/3597468925' entity='client.admin' cmd='[{"prefix": "mgr module enable", "module": "cephadm"}]': finished
2024-04-26T22:10:43.327 INFO:journalctl@ceph.mon.a.smithi022.stdout:Apr 26 22:10:43 smithi022 ceph-mon[28168]: mgrmap e5: x(active, since 7s)
2024-04-26T22:10:43.737 INFO:journalctl@ceph.mgr.x.smithi022.stdout:Apr 26 22:10:43 smithi022 ceph-9b7ee5d8-0419-11ef-bc93-c7b262605968-mgr-x[28393]:
2024-04-26T22:10:43.352+0000 7fda97949200 -1 mgr[py] Module progress has missing NOTIFY_TYPES member
2024-04-26T22:10:43.737 INFO:journalctl@ceph.mgr.x.smithi022.stdout:Apr 26 22:10:43 smithi022 ceph-9b7ee5d8-0419-11ef-bc93-c7b262605968-mgr-x[28393]:
2024-04-26T22:10:43.471+0000 7fda97949200 -1 mgr[py] Module influx has missing NOTIFY_TYPES member
2024-04-26T22:10:44.513 INFO:journalctl@ceph.mon.a.smithi022.stdout:Apr 26 22:10:44 smithi022 ceph-mon[28168]: from='client.? 172.21.15.22:0/673520167' entity='client.admin' cmd=[{"prefix": "mgr stat"}]: dispatch
2024-04-26T22:10:44.522 INFO:teuthology.orchestra.run.smithi022.stdout:/usr/bin/ceph: stdout {
2024-04-26T22:10:44.532 INFO:teuthology.orchestra.run.smithi022.stdout:/usr/bin/ceph: stdout "epoch": 5,
2024-04-26T22:10:44.532 INFO:teuthology.orchestra.run.smithi022.stdout:/usr/bin/ceph: stdout "available": true,
2024-04-26T22:10:44.532 INFO:teuthology.orchestra.run.smithi022.stdout:/usr/bin/ceph: stdout "active_name": "x",
2024-04-26T22:10:44.533 INFO:teuthology.orchestra.run.smithi022.stdout:/usr/bin/ceph: stdout "num_standby": 0
2024-04-26T22:10:44.533 INFO:teuthology.orchestra.run.smithi022.stdout:/usr/bin/ceph: stdout }
2024-04-26T22:10:44.533 INFO:teuthology.orchestra.run.smithi022.stdout:/usr/bin/ceph: stderr
2024-04-26T22:10:43.527+0000 7fe23be00700 1 Processor -- start
2024-04-26T22:10:44.533 INFO:teuthology.orchestra.run.smithi022.stdout:/usr/bin/ceph: stderr
2024-04-26T22:10:43.528+0000 7fe23be00700 1 -- start start
2024-04-26T22:10:44.533 INFO:teuthology.orchestra.run.smithi022.stdout:/usr/bin/ceph: stderr
2024-04-26T22:10:43.528+0000 7fe23be00700 1 --2- >> [v2:172.21.15.22:3300/0,v1:172.21.15.22:6789/0] conn(0x7fe23c107b90 0x7fe23c107fb0 unknown :-1 s=NONE pgs=0 cs=0 l=0 rev1=0 crypto rx=0 tx=0 comp rx=0 tx=0).connect
2024-04-26T22:10:44.533 INFO:teuthology.orchestra.run.smithi022.stdout:/usr/bin/ceph: stderr
2024-04-26T22:10:43.528+0000 7fe23be00700 1 -- --> [v2:172.21.15.22:3300/0,v1:172.21.15.22:6789/0] -- mon_getmap magic: 0 -- 0x7fe23c108580 con 0x7fe23c107b90
2024-04-26T22:10:44.534 INFO:teuthology.orchestra.run.smithi022.stdout:/usr/bin/ceph: stderr
2024-04-26T22:10:43.528+0000 7fe23aa00700 1 --2- >> [v2:172.21.15.22:3300/0,v1:172.21.15.22:6789/0] conn(0x7fe23c107b90 0x7fe23c107fb0 unknown :-1 s=BANNER_CONNECTING pgs=0 cs=0 l=0 rev1=0 crypto rx=0 tx=0 comp rx=0 tx=0)._handle_peer_banner_payload supported=3 required=0
2024-04-26T22:10:44.534 INFO:teuthology.orchestra.run.smithi022.stdout:/usr/bin/ceph: stderr
2024-04-26T22:10:43.528+0000 7fe23aa00700 1 --2- >> [v2:172.21.15.22:3300/0,v1:172.21.15.22:6789/0] conn(0x7fe23c107b90 0x7fe23c107fb0 unknown :-1 s=HELLO_CONNECTING pgs=0 cs=0 l=0 rev1=1 crypto rx=0 tx=0 comp rx=0 tx=0).handle_hello peer v2:172.21.15.22:3300/0 says I am v2:172.21.15.22:49392/0 (socket says 172.21.15.22:49392)
2024-04-26T22:10:44.534 INFO:teuthology.orchestra.run.smithi022.stdout:/usr/bin/ceph: stderr
2024-04-26T22:10:43.528+0000 7fe23aa00700 1 -- 172.21.15.22:0/4016952151 learned_addr learned my addr 172.21.15.22:0/4016952151 (peer_addr_for_me v2:172.21.15.22:0/0)
2024-04-26T22:10:44.534 INFO:teuthology.orchestra.run.smithi022.stdout:/usr/bin/ceph: stderr
2024-04-26T22:10:43.529+0000 7fe23aa00700 1 -- 172.21.15.22:0/4016952151 --> [v2:172.21.15.22:3300/0,v1:172.21.15.22:6789/0] -- mon_subscribe({config=0+,monmap=0+}) -- 0x7fe23c108d90 con 0x7fe23c107b90
2024-04-26T22:10:44.534 INFO:teuthology.orchestra.run.smithi022.stdout:/usr/bin/ceph: stderr
2024-04-26T22:10:43.529+0000 7fe23aa00700 1 --2- 172.21.15.22:0/4016952151 >> [v2:172.21.15.22:3300/0,v1:172.21.15.22:6789/0] conn(0x7fe23c107b90 0x7fe23c107fb0 secure :-1 s=READY pgs=22 cs=0 l=1 rev1=1 crypto rx=0x7fe22c0098a0 tx=0x7fe22c009bb0 comp rx=0 tx=0).ready entity=mon.0 client_cookie=12c0e0641e945dcb server_cookie=0 in_seq=0 out_seq=0
2024-04-26T22:10:44.534 INFO:teuthology.orchestra.run.smithi022.stdout:/usr/bin/ceph: stderr
2024-04-26T22:10:43.529+0000 7fe23a000700 1 -- 172.21.15.22:0/4016952151 <== mon.0 v2:172.21.15.22:3300/0 1 ==== mon_map magic: 0 ==== 205+0+0 (secure 0 0 0) 0x7fe22c004160 con 0x7fe23c107b90
2024-04-26T22:10:44.534 INFO:teuthology.orchestra.run.smithi022.stdout:/usr/bin/ceph: stderr
2024-04-26T22:10:43.529+0000 7fe23a000700 1 -- 172.21.15.22:0/4016952151 <== mon.0 v2:172.21.15.22:3300/0 2 ==== config(25 keys) ==== 1032+0+0 (secure 0 0 0) 0x7fe22c004300 con 0x7fe23c107b90
2024-04-26T22:10:44.535 INFO:teuthology.orchestra.run.smithi022.stdout:/usr/bin/ceph: stderr
2024-04-26T22:10:43.529+0000 7fe23a000700 1 -- 172.21.15.22:0/4016952151 <== mon.0 v2:172.21.15.22:3300/0 3 ==== mon_map magic: 0 ==== 205+0+0 (secure 0 0 0) 0x7fe22c0119e0 con 0x7fe23c107b90
2024-04-26T22:10:44.535 INFO:teuthology.orchestra.run.smithi022.stdout:/usr/bin/ceph: stderr
2024-04-26T22:10:43.530+0000 7fe23be00700 1 -- 172.21.15.22:0/4016952151 >> [v2:172.21.15.22:3300/0,v1:172.21.15.22:6789/0] conn(0x7fe23c107b90 msgr2=0x7fe23c107fb0 secure :-1 s=STATE_CONNECTION_ESTABLISHED l=1).mark_down
2024-04-26T22:10:44.535 INFO:teuthology.orchestra.run.smithi022.stdout:/usr/bin/ceph: stderr
2024-04-26T22:10:43.530+0000 7fe23be00700 1 --2- 172.21.15.22:0/4016952151 >> [v2:172.21.15.22:3300/0,v1:172.21.15.22:6789/0] conn(0x7fe23c107b90 0x7fe23c107fb0 secure :-1 s=READY pgs=22 cs=0 l=1 rev1=1 crypto rx=0x7fe22c0098a0 tx=0x7fe22c009bb0 comp rx=0 tx=0).stop
2024-04-26T22:10:44.535 INFO:teuthology.orchestra.run.smithi022.stdout:/usr/bin/ceph: stderr
2024-04-26T22:10:43.530+0000 7fe23be00700 1 -- 172.21.15.22:0/4016952151 shutdown_connections
2024-04-26T22:10:44.535 INFO:teuthology.orchestra.run.smithi022.stdout:/usr/bin/ceph: stderr
2024-04-26T22:10:43.530+0000 7fe23be00700 1 --2- 172.21.15.22:0/4016952151 >> [v2:172.21.15.22:3300/0,v1:172.21.15.22:6789/0] conn(0x7fe23c107b90 0x7fe23c107fb0 unknown :-1 s=CLOSED pgs=22 cs=0 l=1 rev1=1 crypto rx=0 tx=0 comp rx=0 tx=0).stop
2024-04-26T22:10:44.535 INFO:teuthology.orchestra.run.smithi022.stdout:/usr/bin/ceph: stderr
2024-04-26T22:10:43.530+0000 7fe23be00700 1 -- 172.21.15.22:0/4016952151 >> 172.21.15.22:0/4016952151 conn(0x7fe23c1031d0 msgr2=0x7fe23c1055f0 unknown :-1 s=STATE_NONE l=0).mark_down
2024-04-26T22:10:44.535 INFO:teuthology.orchestra.run.smithi022.stdout:/usr/bin/ceph: stderr
2024-04-26T22:10:43.530+0000 7fe23be00700 1 -- 172.21.15.22:0/4016952151 shutdown_connections
2024-04-26T22:10:44.535 INFO:teuthology.orchestra.run.smithi022.stdout:/usr/bin/ceph: stderr
2024-04-26T22:10:43.530+0000 7fe23be00700 1 -- 172.21.15.22:0/4016952151 wait complete.
2024-04-26T22:10:44.535 INFO:teuthology.orchestra.run.smithi022.stdout:/usr/bin/ceph: stderr
2024-04-26T22:10:43.532+0000 7fe23be00700 1 Processor -- start
2024-04-26T22:10:44.535 INFO:teuthology.orchestra.run.smithi022.stdout:/usr/bin/ceph: stderr
2024-04-26T22:10:43.532+0000 7fe23be00700 1 -- start start
2024-04-26T22:10:44.535 INFO:teuthology.orchestra.run.smithi022.stdout:/usr/bin/ceph: stderr
2024-04-26T22:10:43.532+0000 7fe23be00700 1 --2- >> [v2:172.21.15.22:3300/0,v1:172.21.15.22:6789/0] conn(0x7fe23c107b90 0x7fe23c19a9f0 unknown :-1 s=NONE pgs=0 cs=0 l=1 rev1=0 crypto rx=0 tx=0 comp rx=0 tx=0).connect
2024-04-26T22:10:44.535 INFO:teuthology.orchestra.run.smithi022.stdout:/usr/bin/ceph: stderr
2024-04-26T22:10:43.532+0000 7fe23be00700 1 -- --> [v2:172.21.15.22:3300/0,v1:172.21.15.22:6789/0] -- mon_getmap magic: 0 -- 0x7fe23c063860 con 0x7fe23c107b90
2024-04-26T22:10:44.535 INFO:teuthology.orchestra.run.smithi022.stdout:/usr/bin/ceph: stderr
2024-04-26T22:10:43.532+0000 7fe23aa00700 1 --2- >> [v2:172.21.15.22:3300/0,v1:172.21.15.22:6789/0] conn(0x7fe23c107b90 0x7fe23c19a9f0 unknown :-1 s=BANNER_CONNECTING pgs=0 cs=0 l=1 rev1=0 crypto rx=0 tx=0 comp rx=0 tx=0)._handle_peer_banner_payload supported=3 required=0
2024-04-26T22:10:44.536 INFO:teuthology.orchestra.run.smithi022.stdout:/usr/bin/ceph: stderr
2024-04-26T22:10:43.533+0000 7fe23aa00700 1 --2- >> [v2:172.21.15.22:3300/0,v1:172.21.15.22:6789/0] conn(0x7fe23c107b90 0x7fe23c19a9f0 unknown :-1 s=HELLO_CONNECTING pgs=0 cs=0 l=1 rev1=1 crypto rx=0 tx=0 comp rx=0 tx=0).handle_hello peer v2:172.21.15.22:3300/0 says I am v2:172.21.15.22:49408/0 (socket says 172.21.15.22:49408)
2024-04-26T22:10:44.536 INFO:teuthology.orchestra.run.smithi022.stdout:/usr/bin/ceph: stderr
2024-04-26T22:10:43.533+0000 7fe23aa00700 1 -- 172.21.15.22:0/673520167 learned_addr learned my addr 172.21.15.22:0/673520167 (peer_addr_for_me v2:172.21.15.22:0/0)
2024-04-26T22:10:44.536 INFO:teuthology.orchestra.run.smithi022.stdout:/usr/bin/ceph: stderr
2024-04-26T22:10:43.533+0000 7fe23aa00700 1 -- 172.21.15.22:0/673520167 --> [v2:172.21.15.22:3300/0,v1:172.21.15.22:6789/0] -- mon_subscribe({config=0+,monmap=0+}) -- 0x7fe23c19af30 con 0x7fe23c107b90
2024-04-26T22:10:44.536 INFO:teuthology.orchestra.run.smithi022.stdout:/usr/bin/ceph: stderr
2024-04-26T22:10:43.533+0000 7fe23aa00700 1 --2- 172.21.15.22:0/673520167 >> [v2:172.21.15.22:3300/0,v1:172.21.15.22:6789/0] conn(0x7fe23c107b90 0x7fe23c19a9f0 secure :-1 s=READY pgs=23 cs=0 l=1 rev1=1 crypto rx=0x7fe22c006b20 tx=0x7fe22c011a60 comp rx=0 tx=0).ready entity=mon.0 client_cookie=0 server_cookie=0 in_seq=0 out_seq=0
2024-04-26T22:10:44.536 INFO:teuthology.orchestra.run.smithi022.stdout:/usr/bin/ceph: stderr
2024-04-26T22:10:43.533+0000 7fe233400700 1 -- 172.21.15.22:0/673520167 <== mon.0 v2:172.21.15.22:3300/0 1 ==== mon_map magic: 0 ==== 205+0+0 (secure 0 0 0) 0x7fe22c003a60 con 0x7fe23c107b90
2024-04-26T22:10:44.536 INFO:teuthology.orchestra.run.smithi022.stdout:/usr/bin/ceph: stderr
2024-04-26T22:10:43.533+0000 7fe233400700 1 -- 172.21.15.22:0/673520167 <== mon.0 v2:172.21.15.22:3300/0 2 ==== config(25 keys) ==== 1032+0+0 (secure 0 0 0) 0x7fe22c003c00 con 0x7fe23c107b90
2024-04-26T22:10:44.536 INFO:teuthology.orchestra.run.smithi022.stdout:/usr/bin/ceph: stderr
2024-04-26T22:10:43.533+0000 7fe23be00700 1 -- 172.21.15.22:0/673520167 --> [v2:172.21.15.22:3300/0,v1:172.21.15.22:6789/0] -- mon_subscribe({mgrmap=0+}) -- 0x7fe23c19b1c0 con 0x7fe23c107b90
2024-04-26T22:10:44.536 INFO:teuthology.orchestra.run.smithi022.stdout:/usr/bin/ceph: stderr
