2024-04-26T22:11:26.069+0000 7f97e2000700 1 -- 172.21.15.22:0/1759112574 --> [v2:172.21.15.22:6800/1293911516,v1:172.21.15.22:6801/1293911516] -- command(tid 0: {"prefix": "get_command_descriptions"}) -- 0x7f97d800fec0 con 0x7f97cc03cff0
2024-04-26T22:11:26.699 INFO:teuthology.orchestra.run.smithi022.stdout:/usr/bin/ceph: stderr
2024-04-26T22:11:26.070+0000 7f97e9000700 1 --2- 172.21.15.22:0/1759112574 >> [v2:172.21.15.22:6800/1293911516,v1:172.21.15.22:6801/1293911516] conn(0x7f97cc03cff0 0x7f97cc03f3e0 unknown :-1 s=BANNER_CONNECTING pgs=0 cs=0 l=1 rev1=0 crypto rx=0 tx=0 comp rx=0 tx=0)._handle_peer_banner_payload supported=3 required=0
2024-04-26T22:11:26.699 INFO:teuthology.orchestra.run.smithi022.stdout:/usr/bin/ceph: stderr
2024-04-26T22:11:26.072+0000 7f97e9000700 1 --2- 172.21.15.22:0/1759112574 >> [v2:172.21.15.22:6800/1293911516,v1:172.21.15.22:6801/1293911516] conn(0x7f97cc03cff0 0x7f97cc03f3e0 secure :-1 s=READY pgs=5 cs=0 l=1 rev1=1 crypto rx=0x7f97d0003a10 tx=0x7f97d0009270 comp rx=0 tx=0).ready entity=mgr.14148 client_cookie=0 server_cookie=0 in_seq=0 out_seq=0
2024-04-26T22:11:26.699 INFO:teuthology.orchestra.run.smithi022.stdout:/usr/bin/ceph: stderr
2024-04-26T22:11:26.074+0000 7f97e2000700 1 -- 172.21.15.22:0/1759112574 <== mgr.14148 v2:172.21.15.22:6800/1293911516 1 ==== command_reply(tid 0: 0 ) ==== 8+0+9564 (secure 0 0 0) 0x7f97d800fec0 con 0x7f97cc03cff0
2024-04-26T22:11:26.699 INFO:teuthology.orchestra.run.smithi022.stdout:/usr/bin/ceph: stderr
2024-04-26T22:11:26.083+0000 7f97eae00700 1 -- 172.21.15.22:0/1759112574 --> [v2:172.21.15.22:6800/1293911516,v1:172.21.15.22:6801/1293911516] -- command(tid 1: {"prefix": "mgr_status"}) -- 0x7f97e4064a80 con 0x7f97cc03cff0
2024-04-26T22:11:26.699 INFO:teuthology.orchestra.run.smithi022.stdout:/usr/bin/ceph: stderr
2024-04-26T22:11:26.083+0000 7f97e2000700 1 -- 172.21.15.22:0/1759112574 <== mgr.14148 v2:172.21.15.22:6800/1293911516 2 ==== command_reply(tid 1: 0 ) ==== 8+0+52 (secure 0 0 0) 0x7f97e4064a80 con 0x7f97cc03cff0
2024-04-26T22:11:26.699 INFO:teuthology.orchestra.run.smithi022.stdout:/usr/bin/ceph: stderr
2024-04-26T22:11:26.084+0000 7f97eae00700 1 -- 172.21.15.22:0/1759112574 >> [v2:172.21.15.22:6800/1293911516,v1:172.21.15.22:6801/1293911516] conn(0x7f97cc03cff0 msgr2=0x7f97cc03f3e0 secure :-1 s=STATE_CONNECTION_ESTABLISHED l=1).mark_down
2024-04-26T22:11:26.699 INFO:teuthology.orchestra.run.smithi022.stdout:/usr/bin/ceph: stderr
2024-04-26T22:11:26.084+0000 7f97eae00700 1 --2- 172.21.15.22:0/1759112574 >> [v2:172.21.15.22:6800/1293911516,v1:172.21.15.22:6801/1293911516] conn(0x7f97cc03cff0 0x7f97cc03f3e0 secure :-1 s=READY pgs=5 cs=0 l=1 rev1=1 crypto rx=0x7f97d0003a10 tx=0x7f97d0009270 comp rx=0 tx=0).stop
2024-04-26T22:11:26.699 INFO:teuthology.orchestra.run.smithi022.stdout:/usr/bin/ceph: stderr
2024-04-26T22:11:26.084+0000 7f97eae00700 1 -- 172.21.15.22:0/1759112574 >> [v2:172.21.15.22:3300/0,v1:172.21.15.22:6789/0] conn(0x7f97e4109760 msgr2=0x7f97e4108fe0 secure :-1 s=STATE_CONNECTION_ESTABLISHED l=1).mark_down
2024-04-26T22:11:26.699 INFO:teuthology.orchestra.run.smithi022.stdout:/usr/bin/ceph: stderr
2024-04-26T22:11:26.084+0000 7f97eae00700 1 --2- 172.21.15.22:0/1759112574 >> [v2:172.21.15.22:3300/0,v1:172.21.15.22:6789/0] conn(0x7f97e4109760 0x7f97e4108fe0 secure :-1 s=READY pgs=58 cs=0 l=1 rev1=1 crypto rx=0x7f97d8000f80 tx=0x7f97d800bd50 comp rx=0 tx=0).stop
2024-04-26T22:11:26.699 INFO:teuthology.orchestra.run.smithi022.stdout:/usr/bin/ceph: stderr
2024-04-26T22:11:26.084+0000 7f97eae00700 1 -- 172.21.15.22:0/1759112574 shutdown_connections
2024-04-26T22:11:26.699 INFO:teuthology.orchestra.run.smithi022.stdout:/usr/bin/ceph: stderr
2024-04-26T22:11:26.084+0000 7f97eae00700 1 --2- 172.21.15.22:0/1759112574 >> [v2:172.21.15.22:6800/1293911516,v1:172.21.15.22:6801/1293911516] conn(0x7f97cc03cff0 0x7f97cc03f3e0 unknown :-1 s=CLOSED pgs=5 cs=0 l=1 rev1=1 crypto rx=0 tx=0 comp rx=0 tx=0).stop
2024-04-26T22:11:26.700 INFO:teuthology.orchestra.run.smithi022.stdout:/usr/bin/ceph: stderr
2024-04-26T22:11:26.084+0000 7f97eae00700 1 --2- 172.21.15.22:0/1759112574 >> [v2:172.21.15.22:3300/0,v1:172.21.15.22:6789/0] conn(0x7f97e4109760 0x7f97e4108fe0 unknown :-1 s=CLOSED pgs=58 cs=0 l=1 rev1=1 crypto rx=0 tx=0 comp rx=0 tx=0).stop
2024-04-26T22:11:26.700 INFO:teuthology.orchestra.run.smithi022.stdout:/usr/bin/ceph: stderr
2024-04-26T22:11:26.084+0000 7f97eae00700 1 --2- 172.21.15.22:0/1759112574 >> [v2:172.21.15.22:6800/2314086865,v1:172.21.15.22:6801/2314086865] conn(0x7f97cc039660 0x7f97cc03bb20 unknown :-1 s=CLOSED pgs=0 cs=0 l=1 rev1=0 crypto rx=0 tx=0 comp rx=0 tx=0).stop
2024-04-26T22:11:26.700 INFO:teuthology.orchestra.run.smithi022.stdout:/usr/bin/ceph: stderr
2024-04-26T22:11:26.084+0000 7f97eae00700 1 -- 172.21.15.22:0/1759112574 >> 172.21.15.22:0/1759112574 conn(0x7f97e41031d0 msgr2=0x7f97e4103db0 unknown :-1 s=STATE_NONE l=0).mark_down
2024-04-26T22:11:26.700 INFO:teuthology.orchestra.run.smithi022.stdout:/usr/bin/ceph: stderr
2024-04-26T22:11:26.084+0000 7f97eae00700 1 -- 172.21.15.22:0/1759112574 shutdown_connections
2024-04-26T22:11:26.700 INFO:teuthology.orchestra.run.smithi022.stdout:/usr/bin/ceph: stderr
2024-04-26T22:11:26.084+0000 7f97eae00700 1 -- 172.21.15.22:0/1759112574 wait complete.
2024-04-26T22:11:26.700 INFO:teuthology.orchestra.run.smithi022.stdout:mgr epoch 9 is available
2024-04-26T22:11:26.700 INFO:teuthology.orchestra.run.smithi022.stdout:Generating a dashboard self-signed certificate...
2024-04-26T22:11:27.262 INFO:journalctl@ceph.mon.a.smithi022.stdout:Apr 26 22:11:27 smithi022 ceph-mon[28168]: [26/Apr/2024:22:11:25] ENGINE Serving on http://172.21.15.22:8765
2024-04-26T22:11:27.262 INFO:journalctl@ceph.mon.a.smithi022.stdout:Apr 26 22:11:27 smithi022 ceph-mon[28168]: [26/Apr/2024:22:11:25] ENGINE Bus STARTED
2024-04-26T22:11:27.262 INFO:journalctl@ceph.mon.a.smithi022.stdout:Apr 26 22:11:27 smithi022 ceph-mon[28168]: from='client.14152 -' entity='client.admin' cmd=[{"prefix": "get_command_descriptions"}]: dispatch
2024-04-26T22:11:27.262 INFO:journalctl@ceph.mon.a.smithi022.stdout:Apr 26 22:11:27 smithi022 ceph-mon[28168]: from='client.14152 -' entity='client.admin' cmd=[{"prefix": "mgr_status"}]: dispatch
2024-04-26T22:11:28.541 INFO:journalctl@ceph.mon.a.smithi022.stdout:Apr 26 22:11:28 smithi022 ceph-mon[28168]: mgrmap e12: x(active, since 2s)
2024-04-26T22:11:28.542 INFO:journalctl@ceph.mon.a.smithi022.stdout:Apr 26 22:11:28 smithi022 ceph-mon[28168]: from='client.14160 -' entity='client.admin' cmd=[{"prefix": "dashboard create-self-signed-cert", "target": ["mon-mgr", ""]}]: dispatch
2024-04-26T22:11:28.542 INFO:journalctl@ceph.mon.a.smithi022.stdout:Apr 26 22:11:28 smithi022 ceph-mon[28168]: from='mgr.14148 172.21.15.22:0/1591228667' entity='mgr.x'
2024-04-26T22:11:28.542 INFO:journalctl@ceph.mon.a.smithi022.stdout:Apr 26 22:11:28 smithi022 ceph-mon[28168]: from='mgr.14148 172.21.15.22:0/1591228667' entity='mgr.x'
2024-04-26T22:11:28.542 INFO:journalctl@ceph.mon.a.smithi022.stdout:Apr 26 22:11:28 smithi022 ceph-mon[28168]: from='mgr.14148 172.21.15.22:0/1591228667' entity='mgr.x'
2024-04-26T22:11:28.553 INFO:teuthology.orchestra.run.smithi022.stdout:/usr/bin/ceph: stdout Self-signed certificate created
2024-04-26T22:11:28.553 INFO:teuthology.orchestra.run.smithi022.stdout:/usr/bin/ceph: stderr
2024-04-26T22:11:27.427+0000 7f4c38200700 1 Processor -- start
2024-04-26T22:11:28.553 INFO:teuthology.orchestra.run.smithi022.stdout:/usr/bin/ceph: stderr
2024-04-26T22:11:27.427+0000 7f4c38200700 1 -- start start
2024-04-26T22:11:28.553 INFO:teuthology.orchestra.run.smithi022.stdout:/usr/bin/ceph: stderr
2024-04-26T22:11:27.427+0000 7f4c38200700 1 --2- >> [v2:172.21.15.22:3300/0,v1:172.21.15.22:6789/0] conn(0x7f4c3007dd80 0x7f4c3007c1e0 unknown :-1 s=NONE pgs=0 cs=0 l=0 rev1=0 crypto rx=0 tx=0 comp rx=0 tx=0).connect
2024-04-26T22:11:28.553 INFO:teuthology.orchestra.run.smithi022.stdout:/usr/bin/ceph: stderr
2024-04-26T22:11:27.427+0000 7f4c38200700 1 -- --> [v2:172.21.15.22:3300/0,v1:172.21.15.22:6789/0] -- mon_getmap magic: 0 -- 0x7f4c3007c7b0 con 0x7f4c3007dd80
2024-04-26T22:11:28.554 INFO:teuthology.orchestra.run.smithi022.stdout:/usr/bin/ceph: stderr
2024-04-26T22:11:27.428+0000 7f4c35800700 1 --2- >> [v2:172.21.15.22:3300/0,v1:172.21.15.22:6789/0] conn(0x7f4c3007dd80 0x7f4c3007c1e0 unknown :-1 s=BANNER_CONNECTING pgs=0 cs=0 l=0 rev1=0 crypto rx=0 tx=0 comp rx=0 tx=0)._handle_peer_banner_payload supported=3 required=0
2024-04-26T22:11:28.554 INFO:teuthology.orchestra.run.smithi022.stdout:/usr/bin/ceph: stderr
2024-04-26T22:11:27.428+0000 7f4c35800700 1 --2- >> [v2:172.21.15.22:3300/0,v1:172.21.15.22:6789/0] conn(0x7f4c3007dd80 0x7f4c3007c1e0 unknown :-1 s=HELLO_CONNECTING pgs=0 cs=0 l=0 rev1=1 crypto rx=0 tx=0 comp rx=0 tx=0).handle_hello peer v2:172.21.15.22:3300/0 says I am v2:172.21.15.22:46242/0 (socket says 172.21.15.22:46242)
2024-04-26T22:11:28.554 INFO:teuthology.orchestra.run.smithi022.stdout:/usr/bin/ceph: stderr
2024-04-26T22:11:27.428+0000 7f4c35800700 1 -- 172.21.15.22:0/3376945704 learned_addr learned my addr 172.21.15.22:0/3376945704 (peer_addr_for_me v2:172.21.15.22:0/0)
2024-04-26T22:11:28.554 INFO:teuthology.orchestra.run.smithi022.stdout:/usr/bin/ceph: stderr
2024-04-26T22:11:27.428+0000 7f4c35800700 1 -- 172.21.15.22:0/3376945704 --> [v2:172.21.15.22:3300/0,v1:172.21.15.22:6789/0] -- mon_subscribe({config=0+,monmap=0+}) -- 0x7f4c3007c930 con 0x7f4c3007dd80
2024-04-26T22:11:28.554 INFO:teuthology.orchestra.run.smithi022.stdout:/usr/bin/ceph: stderr
2024-04-26T22:11:27.429+0000 7f4c35800700 1 --2- 172.21.15.22:0/3376945704 >> [v2:172.21.15.22:3300/0,v1:172.21.15.22:6789/0] conn(0x7f4c3007dd80 0x7f4c3007c1e0 secure :-1 s=READY pgs=66 cs=0 l=1 rev1=1 crypto rx=0x7f4c24009e80 tx=0x7f4c2400b330 comp rx=0 tx=0).ready entity=mon.0 client_cookie=85e03c96f1d51d84 server_cookie=0 in_seq=0 out_seq=0
2024-04-26T22:11:28.554 INFO:teuthology.orchestra.run.smithi022.stdout:/usr/bin/ceph: stderr
2024-04-26T22:11:27.429+0000 7f4c2fe00700 1 -- 172.21.15.22:0/3376945704 <== mon.0 v2:172.21.15.22:3300/0 1 ==== mon_map magic: 0 ==== 205+0+0 (secure 0 0 0) 0x7f4c24017070 con 0x7f4c3007dd80
2024-04-26T22:11:28.554 INFO:teuthology.orchestra.run.smithi022.stdout:/usr/bin/ceph: stderr
2024-04-26T22:11:27.429+0000 7f4c2fe00700 1 -- 172.21.15.22:0/3376945704 <== mon.0 v2:172.21.15.22:3300/0 2 ==== config(25 keys) ==== 1063+0+0 (secure 0 0 0) 0x7f4c2400b8c0 con 0x7f4c3007dd80
2024-04-26T22:11:28.554 INFO:teuthology.orchestra.run.smithi022.stdout:/usr/bin/ceph: stderr
2024-04-26T22:11:27.429+0000 7f4c2fe00700 1 -- 172.21.15.22:0/3376945704 <== mon.0 v2:172.21.15.22:3300/0 3 ==== mon_map magic: 0 ==== 205+0+0 (secure 0 0 0) 0x7f4c24004420 con 0x7f4c3007dd80
2024-04-26T22:11:28.554 INFO:teuthology.orchestra.run.smithi022.stdout:/usr/bin/ceph: stderr
2024-04-26T22:11:27.430+0000 7f4c38200700 1 -- 172.21.15.22:0/3376945704 >> [v2:172.21.15.22:3300/0,v1:172.21.15.22:6789/0] conn(0x7f4c3007dd80 msgr2=0x7f4c3007c1e0 secure :-1 s=STATE_CONNECTION_ESTABLISHED l=1).mark_down
2024-04-26T22:11:28.554 INFO:teuthology.orchestra.run.smithi022.stdout:/usr/bin/ceph: stderr
2024-04-26T22:11:27.430+0000 7f4c38200700 1 --2- 172.21.15.22:0/3376945704 >> [v2:172.21.15.22:3300/0,v1:172.21.15.22:6789/0] conn(0x7f4c3007dd80 0x7f4c3007c1e0 secure :-1 s=READY pgs=66 cs=0 l=1 rev1=1 crypto rx=0x7f4c24009e80 tx=0x7f4c2400b330 comp rx=0 tx=0).stop
2024-04-26T22:11:28.554 INFO:teuthology.orchestra.run.smithi022.stdout:/usr/bin/ceph: stderr
2024-04-26T22:11:27.430+0000 7f4c38200700 1 -- 172.21.15.22:0/3376945704 shutdown_connections
2024-04-26T22:11:28.554 INFO:teuthology.orchestra.run.smithi022.stdout:/usr/bin/ceph: stderr
2024-04-26T22:11:27.430+0000 7f4c38200700 1 --2- 172.21.15.22:0/3376945704 >> [v2:172.21.15.22:3300/0,v1:172.21.15.22:6789/0] conn(0x7f4c3007dd80 0x7f4c3007c1e0 unknown :-1 s=CLOSED pgs=66 cs=0 l=1 rev1=1 crypto rx=0 tx=0 comp rx=0 tx=0).stop
2024-04-26T22:11:28.554 INFO:teuthology.orchestra.run.smithi022.stdout:/usr/bin/ceph: stderr
2024-04-26T22:11:27.430+0000 7f4c38200700 1 -- 172.21.15.22:0/3376945704 >> 172.21.15.22:0/3376945704 conn(0x7f4c30104480 msgr2=0x7f4c301068e0 unknown :-1 s=STATE_NONE l=0).mark_down
2024-04-26T22:11:28.555 INFO:teuthology.orchestra.run.smithi022.stdout:/usr/bin/ceph: stderr
2024-04-26T22:11:27.430+0000 7f4c38200700 1 -- 172.21.15.22:0/3376945704 shutdown_connections
2024-04-26T22:11:28.555 INFO:teuthology.orchestra.run.smithi022.stdout:/usr/bin/ceph: stderr
2024-04-26T22:11:27.430+0000 7f4c38200700 1 -- 172.21.15.22:0/3376945704 wait complete.
2024-04-26T22:11:28.555 INFO:teuthology.orchestra.run.smithi022.stdout:/usr/bin/ceph: stderr
2024-04-26T22:11:27.431+0000 7f4c38200700 1 Processor -- start
2024-04-26T22:11:28.555 INFO:teuthology.orchestra.run.smithi022.stdout:/usr/bin/ceph: stderr
2024-04-26T22:11:27.431+0000 7f4c38200700 1 -- start start
2024-04-26T22:11:28.555 INFO:teuthology.orchestra.run.smithi022.stdout:/usr/bin/ceph: stderr
2024-04-26T22:11:27.431+0000 7f4c38200700 1 --2- >> [v2:172.21.15.22:3300/0,v1:172.21.15.22:6789/0] conn(0x7f4c3007dd80 0x7f4c3019f020 unknown :-1 s=NONE pgs=0 cs=0 l=1 rev1=0 crypto rx=0 tx=0 comp rx=0 tx=0).connect
2024-04-26T22:11:28.555 INFO:teuthology.orchestra.run.smithi022.stdout:/usr/bin/ceph: stderr
2024-04-26T22:11:27.431+0000 7f4c38200700 1 -- --> [v2:172.21.15.22:3300/0,v1:172.21.15.22:6789/0] -- mon_getmap magic: 0 -- 0x7f4c3010f4c0 con 0x7f4c3007dd80
2024-04-26T22:11:28.555 INFO:teuthology.orchestra.run.smithi022.stdout:/usr/bin/ceph: stderr
2024-04-26T22:11:27.432+0000 7f4c35800700 1 --2- >> [v2:172.21.15.22:3300/0,v1:172.21.15.22:6789/0] conn(0x7f4c3007dd80 0x7f4c3019f020 unknown :-1 s=BANNER_CONNECTING pgs=0 cs=0 l=1 rev1=0 crypto rx=0 tx=0 comp rx=0 tx=0)._handle_peer_banner_payload supported=3 required=0
2024-04-26T22:11:28.555 INFO:teuthology.orchestra.run.smithi022.stdout:/usr/bin/ceph: stderr
2024-04-26T22:11:27.432+0000 7f4c35800700 1 --2- >> [v2:172.21.15.22:3300/0,v1:172.21.15.22:6789/0] conn(0x7f4c3007dd80 0x7f4c3019f020 unknown :-1 s=HELLO_CONNECTING pgs=0 cs=0 l=1 rev1=1 crypto rx=0 tx=0 comp rx=0 tx=0).handle_hello peer v2:172.21.15.22:3300/0 says I am v2:172.21.15.22:46252/0 (socket says 172.21.15.22:46252)
2024-04-26T22:11:28.555 INFO:teuthology.orchestra.run.smithi022.stdout:/usr/bin/ceph: stderr
2024-04-26T22:11:27.432+0000 7f4c35800700 1 -- 172.21.15.22:0/2421457036 learned_addr learned my addr 172.21.15.22:0/2421457036 (peer_addr_for_me v2:172.21.15.22:0/0)
2024-04-26T22:11:28.555 INFO:teuthology.orchestra.run.smithi022.stdout:/usr/bin/ceph: stderr
2024-04-26T22:11:27.432+0000 7f4c35800700 1 -- 172.21.15.22:0/2421457036 --> [v2:172.21.15.22:3300/0,v1:172.21.15.22:6789/0] -- mon_subscribe({config=0+,monmap=0+}) -- 0x7f4c3019f560 con 0x7f4c3007dd80
2024-04-26T22:11:28.555 INFO:teuthology.orchestra.run.smithi022.stdout:/usr/bin/ceph: stderr
2024-04-26T22:11:27.432+0000 7f4c35800700 1 --2- 172.21.15.22:0/2421457036 >> [v2:172.21.15.22:3300/0,v1:172.21.15.22:6789/0] conn(0x7f4c3007dd80 0x7f4c3019f020 secure :-1 s=READY pgs=67 cs=0 l=1 rev1=1 crypto rx=0x7f4c24000f80 tx=0x7f4c2400bd50 comp rx=0 tx=0).ready entity=mon.0 client_cookie=0 server_cookie=0 in_seq=0 out_seq=0
2024-04-26T22:11:28.555 INFO:teuthology.orchestra.run.smithi022.stdout:/usr/bin/ceph: stderr
2024-04-26T22:11:27.433+0000 7f4c2e000700 1 -- 172.21.15.22:0/2421457036 <== mon.0 v2:172.21.15.22:3300/0 1 ==== mon_map magic: 0 ==== 205+0+0 (secure 0 0 0) 0x7f4c24020020 con 0x7f4c3007dd80
2024-04-26T22:11:28.555 INFO:teuthology.orchestra.run.smithi022.stdout:/usr/bin/ceph: stderr
2024-04-26T22:11:27.433+0000 7f4c2e000700 1 -- 172.21.15.22:0/2421457036 <== mon.0 v2:172.21.15.22:3300/0 2 ==== config(25 keys) ==== 1063+0+0 (secure 0 0 0) 0x7f4c240128c0 con 0x7f4c3007dd80
2024-04-26T22:11:28.556 INFO:teuthology.orchestra.run.smithi022.stdout:/usr/bin/ceph: stderr
2024-04-26T22:11:27.433+0000 7f4c38200700 1 -- 172.21.15.22:0/2421457036 --> [v2:172.21.15.22:3300/0,v1:172.21.15.22:6789/0] -- mon_subscribe({mgrmap=0+}) -- 0x7f4c3019f7f0 con 0x7f4c3007dd80
2024-04-26T22:11:28.556 INFO:teuthology.orchestra.run.smithi022.stdout:/usr/bin/ceph: stderr
2024-04-26T22:11:27.433+0000 7f4c2e000700 1 -- 172.21.15.22:0/2421457036 <== mon.0 v2:172.21.15.22:3300/0 3 ==== mon_map magic: 0 ==== 205+0+0 (secure 0 0 0) 0x7f4c24017040 con 0x7f4c3007dd80
2024-04-26T22:11:28.556 INFO:teuthology.orchestra.run.smithi022.stdout:/usr/bin/ceph: stderr
2024-04-26T22:11:27.433+0000 7f4c38200700 1 -- 172.21.15.22:0/2421457036 --> [v2:172.21.15.22:3300/0,v1:172.21.15.22:6789/0] -- mon_subscribe({osdmap=0}) -- 0x7f4c301a24e0 con 0x7f4c3007dd80
2024-04-26T22:11:28.556 INFO:teuthology.orchestra.run.smithi022.stdout:/usr/bin/ceph: stderr
2024-04-26T22:11:27.434+0000 7f4c38200700 1 -- 172.21.15.22:0/2421457036 --> [v2:172.21.15.22:3300/0,v1:172.21.15.22:6789/0] -- mon_command({"prefix": "get_command_descriptions"} v 0) -- 0x7f4c30064a80 con 0x7f4c3007dd80
2024-04-26T22:11:28.556 INFO:teuthology.orchestra.run.smithi022.stdout:/usr/bin/ceph: stderr
2024-04-26T22:11:27.434+0000 7f4c2e000700 1 -- 172.21.15.22:0/2421457036 <== mon.0 v2:172.21.15.22:3300/0 4 ==== mgrmap(e 12) ==== 46571+0+0 (secure 0 0 0) 0x7f4c24023020 con 0x7f4c3007dd80
2024-04-26T22:11:28.556 INFO:teuthology.orchestra.run.smithi022.stdout:/usr/bin/ceph: stderr
2024-04-26T22:11:27.435+0000 7f4c2e000700 1 --2- 172.21.15.22:0/2421457036 >> [v2:172.21.15.22:6800/1293911516,v1:172.21.15.22:6801/1293911516] conn(0x7f4c18039600 0x7f4c1803bac0 unknown :-1 s=NONE pgs=0 cs=0 l=1 rev1=0 crypto rx=0 tx=0 comp rx=0 tx=0).connect
2024-04-26T22:11:28.556 INFO:teuthology.orchestra.run.smithi022.stdout:/usr/bin/ceph: stderr
2024-04-26T22:11:27.435+0000 7f4c2e000700 1 -- 172.21.15.22:0/2421457036 <== mon.0 v2:172.21.15.22:3300/0 5 ==== osd_map(3..3 src has 1..3) ==== 1155+0+0 (secure 0 0 0) 0x7f4c2400f050 con 0x7f4c3007dd80
2024-04-26T22:11:28.556 INFO:teuthology.orchestra.run.smithi022.stdout:/usr/bin/ceph: stderr
2024-04-26T22:11:27.435+0000 7f4c34e00700 1 --2- 172.21.15.22:0/2421457036 >> [v2:172.21.15.22:6800/1293911516,v1:172.21.15.22:6801/1293911516] conn(0x7f4c18039600 0x7f4c1803bac0 unknown :-1 s=BANNER_CONNECTING pgs=0 cs=0 l=1 rev1=0 crypto rx=0 tx=0 comp rx=0 tx=0)._handle_peer_banner_payload supported=3 required=0
2024-04-26T22:11:28.556 INFO:teuthology.orchestra.run.smithi022.stdout:/usr/bin/ceph: stderr
2024-04-26T22:11:27.436+0000 7f4c34e00700 1 --2- 172.21.15.22:0/2421457036 >> [v2:172.21.15.22:6800/1293911516,v1:172.21.15.22:6801/1293911516] conn(0x7f4c18039600 0x7f4c1803bac0 secure :-1 s=READY pgs=7 cs=0 l=1 rev1=1 crypto rx=0x7f4c1c006fd0 tx=0x7f4c1c006e40 comp rx=0 tx=0).ready entity=mgr.14148 client_cookie=0 server_cookie=0 in_seq=0 out_seq=0
2024-04-26T22:11:28.556 INFO:teuthology.orchestra.run.smithi022.stdout:/usr/bin/ceph: stderr
2024-04-26T22:11:27.441+0000 7f4c2e000700 1 -- 172.21.15.22:0/2421457036 <== mon.0 v2:172.21.15.22:3300/0 6 ==== mon_command_ack([{"prefix": "get_command_descriptions"}]=0 v0) ==== 72+0+188494 (secure 0 0 0) 0x7f4c2402a020 con 0x7f4c3007dd80
2024-04-26T22:11:28.556 INFO:teuthology.orchestra.run.smithi022.stdout:/usr/bin/ceph: stderr
2024-04-26T22:11:27.679+0000 7f4c38200700 1 -- 172.21.15.22:0/2421457036 --> [v2:172.21.15.22:6800/1293911516,v1:172.21.15.22:6801/1293911516] -- mgr_command(tid 0: {"prefix": "dashboard create-self-signed-cert", "target": ["mon-mgr", ""]}) -- 0x7f4c30105730 con 0x7f4c18039600
2024-04-26T22:11:28.556 INFO:teuthology.orchestra.run.smithi022.stdout:/usr/bin/ceph: stderr
2024-04-26T22:11:27.848+0000 7f4c2e000700 1 -- 172.21.15.22:0/2421457036 <== mgr.14148 v2:172.21.15.22:6800/1293911516 1 ==== mgr_command_reply(tid 0: 0 ) ==== 8+0+32 (secure 0 0 0) 0x7f4c30105730 con 0x7f4c18039600
2024-04-26T22:11:28.556 INFO:teuthology.orchestra.run.smithi022.stdout:/usr/bin/ceph: stderr
2024-04-26T22:11:27.851+0000 7f4c38200700 1 -- 172.21.15.22:0/2421457036 >> [v2:172.21.15.22:6800/1293911516,v1:172.21.15.22:6801/1293911516] conn(0x7f4c18039600 msgr2=0x7f4c1803bac0 secure :-1 s=STATE_CONNECTION_ESTABLISHED l=1).mark_down
2024-04-26T22:11:28.556 INFO:teuthology.orchestra.run.smithi022.stdout:/usr/bin/ceph: stderr
2024-04-26T22:11:27.851+0000 7f4c38200700 1 --2- 172.21.15.22:0/2421457036 >> [v2:172.21.15.22:6800/1293911516,v1:172.21.15.22:6801/1293911516] conn(0x7f4c18039600 0x7f4c1803bac0 secure :-1 s=READY pgs=7 cs=0 l=1 rev1=1 crypto rx=0x7f4c1c006fd0 tx=0x7f4c1c006e40 comp rx=0 tx=0).stop
2024-04-26T22:11:28.557 INFO:teuthology.orchestra.run.smithi022.stdout:/usr/bin/ceph: stderr
2024-04-26T22:11:27.851+0000 7f4c38200700 1 -- 172.21.15.22:0/2421457036 >> [v2:172.21.15.22:3300/0,v1:172.21.15.22:6789/0] conn(0x7f4c3007dd80 msgr2=0x7f4c3019f020 secure :-1 s=STATE_CONNECTION_ESTABLISHED l=1).mark_down
2024-04-26T22:11:28.557 INFO:teuthology.orchestra.run.smithi022.stdout:/usr/bin/ceph: stderr
2024-04-26T22:11:27.851+0000 7f4c38200700 1 --2- 172.21.15.22:0/2421457036 >> [v2:172.21.15.22:3300/0,v1:172.21.15.22:6789/0] conn(0x7f4c3007dd80 0x7f4c3019f020 secure :-1 s=READY pgs=67 cs=0 l=1 rev1=1 crypto rx=0x7f4c24000f80 tx=0x7f4c2400bd50 comp rx=0 tx=0).stop
2024-04-26T22:11:28.557 INFO:teuthology.orchestra.run.smithi022.stdout:/usr/bin/ceph: stderr
2024-04-26T22:11:27.851+0000 7f4c38200700 1 -- 172.21.15.22:0/2421457036 shutdown_connections
2024-04-26T22:11:28.557 INFO:teuthology.orchestra.run.smithi022.stdout:/usr/bin/ceph: stderr
2024-04-26T22:11:27.851+0000 7f4c38200700 1 --2- 172.21.15.22:0/2421457036 >> [v2:172.21.15.22:6800/1293911516,v1:172.21.15.22:6801/1293911516] conn(0x7f4c18039600 0x7f4c1803bac0 unknown :-1 s=CLOSED pgs=7 cs=0 l=1 rev1=1 crypto rx=0 tx=0 comp rx=0 tx=0).stop
2024-04-26T22:11:28.557 INFO:teuthology.orchestra.run.smithi022.stdout:/usr/bin/ceph: stderr
2024-04-26T22:11:27.851+0000 7f4c38200700 1 --2- 172.21.15.22:0/2421457036 >> [v2:172.21.15.22:3300/0,v1:172.21.15.22:6789/0] conn(0x7f4c3007dd80 0x7f4c3019f020 unknown :-1 s=CLOSED pgs=67 cs=0 l=1 rev1=1 crypto rx=0 tx=0 comp rx=0 tx=0).stop
2024-04-26T22:11:28.557 INFO:teuthology.orchestra.run.smithi022.stdout:/usr/bin/ceph: stderr
2024-04-26T22:11:27.851+0000 7f4c38200700 1 -- 172.21.15.22:0/2421457036 >> 172.21.15.22:0/2421457036 conn(0x7f4c30104480 msgr2=0x7f4c30105020 unknown :-1 s=STATE_NONE l=0).mark_down
2024-04-26T22:11:28.557 INFO:teuthology.orchestra.run.smithi022.stdout:/usr/bin/ceph: stderr
2024-04-26T22:11:27.852+0000 7f4c38200700 1 -- 172.21.15.22:0/2421457036 shutdown_connections
2024-04-26T22:11:28.557 INFO:teuthology.orchestra.run.smithi022.stdout:/usr/bin/ceph: stderr
2024-04-26T22:11:27.852+0000 7f4c38200700 1 -- 172.21.15.22:0/2421457036 wait complete.
2024-04-26T22:11:28.557 INFO:teuthology.orchestra.run.smithi022.stdout:Creating initial admin user...
2024-04-26T22:11:30.397 INFO:teuthology.orchestra.run.smithi022.stdout:/usr/bin/ceph: stdout {"username": "admin", "password": "$2b$12$IW4lcF/PrAYz7Tj6Gh9ytuovmpRNTjCsPyTFZJ39hgb3pjeuYIUye", "roles": ["administrator"], "name": null, "email": null, "lastUpdate": 1714169489, "enabled": true, "pwdExpirationDate": null, "pwdUpdateRequired": true}
2024-04-26T22:11:30.397 INFO:teuthology.orchestra.run.smithi022.stdout:/usr/bin/ceph: stderr
2024-04-26T22:11:29.100+0000 7ff979e00700 1 Processor -- start
2024-04-26T22:11:30.397 INFO:teuthology.orchestra.run.smithi022.stdout:/usr/bin/ceph: stderr
2024-04-26T22:11:29.101+0000 7ff979e00700 1 -- start start
2024-04-26T22:11:30.397 INFO:teuthology.orchestra.run.smithi022.stdout:/usr/bin/ceph: stderr
2024-04-26T22:11:29.101+0000 7ff979e00700 1 --2- >> [v2:172.21.15.22:3300/0,v1:172.21.15.22:6789/0] conn(0x7ff974108f00 0x7ff974109320 unknown :-1 s=NONE pgs=0 cs=0 l=0 rev1=0 crypto rx=0 tx=0 comp rx=0 tx=0).connect
2024-04-26T22:11:30.397 INFO:teuthology.orchestra.run.smithi022.stdout:/usr/bin/ceph: stderr
2024-04-26T22:11:29.101+0000 7ff979e00700 1 -- --> [v2:172.21.15.22:3300/0,v1:172.21.15.22:6789/0] -- mon_getmap magic: 0 -- 0x7ff974109860 con 0x7ff974108f00
2024-04-26T22:11:30.398 INFO:teuthology.orchestra.run.smithi022.stdout:/usr/bin/ceph: stderr
2024-04-26T22:11:29.101+0000 7ff972a00700 1 --2- >> [v2:172.21.15.22:3300/0,v1:172.21.15.22:6789/0] conn(0x7ff974108f00 0x7ff974109320 unknown :-1 s=BANNER_CONNECTING pgs=0 cs=0 l=0 rev1=0 crypto rx=0 tx=0 comp rx=0 tx=0)._handle_peer_banner_payload supported=3 required=0
2024-04-26T22:11:30.398 INFO:teuthology.orchestra.run.smithi022.stdout:/usr/bin/ceph: stderr
2024-04-26T22:11:29.101+0000 7ff972a00700 1 --2- >> [v2:172.21.15.22:3300/0,v1:172.21.15.22:6789/0] conn(0x7ff974108f00 0x7ff974109320 unknown :-1 s=HELLO_CONNECTING pgs=0 cs=0 l=0 rev1=1 crypto rx=0 tx=0 comp rx=0 tx=0).handle_hello peer v2:172.21.15.22:3300/0 says I am v2:172.21.15.22:46260/0 (socket says 172.21.15.22:46260)
2024-04-26T22:11:30.398 INFO:teuthology.orchestra.run.smithi022.stdout:/usr/bin/ceph: stderr
2024-04-26T22:11:29.101+0000 7ff972a00700 1 -- 172.21.15.22:0/4284311813 learned_addr learned my addr 172.21.15.22:0/4284311813 (peer_addr_for_me v2:172.21.15.22:0/0)
2024-04-26T22:11:30.398 INFO:teuthology.orchestra.run.smithi022.stdout:/usr/bin/ceph: stderr
2024-04-26T22:11:29.102+0000 7ff972a00700 1 -- 172.21.15.22:0/4284311813 --> [v2:172.21.15.22:3300/0,v1:172.21.15.22:6789/0] -- mon_subscribe({config=0+,monmap=0+}) -- 0x7ff97410a060 con 0x7ff974108f00
2024-04-26T22:11:30.398 INFO:teuthology.orchestra.run.smithi022.stdout:/usr/bin/ceph: stderr
2024-04-26T22:11:29.102+0000 7ff972a00700 1 --2- 172.21.15.22:0/4284311813 >> [v2:172.21.15.22:3300/0,v1:172.21.15.22:6789/0] conn(0x7ff974108f00 0x7ff974109320 secure :-1 s=READY pgs=68 cs=0 l=1 rev1=1 crypto rx=0x7ff9640098a0 tx=0x7ff964009bb0 comp rx=0 tx=0).ready entity=mon.0 client_cookie=2060945047d073a2 server_cookie=0 in_seq=0 out_seq=0
2024-04-26T22:11:30.398 INFO:teuthology.orchestra.run.smithi022.stdout:/usr/bin/ceph: stderr
2024-04-26T22:11:29.103+0000 7ff971600700 1 -- 172.21.15.22:0/4284311813 <== mon.0 v2:172.21.15.22:3300/0 1 ==== mon_map magic: 0 ==== 205+0+0 (secure 0 0 0) 0x7ff964004160 con 0x7ff974108f00
2024-04-26T22:11:30.398 INFO:teuthology.orchestra.run.smithi022.stdout:/usr/bin/ceph: stderr
2024-04-26T22:11:29.103+0000 7ff971600700 1 -- 172.21.15.22:0/4284311813 <== mon.0 v2:172.21.15.22:3300/0 2 ==== config(25 keys) ==== 1063+0+0 (secure 0 0 0) 0x7ff964004300 con 0x7ff974108f00
2024-04-26T22:11:30.398 INFO:teuthology.orchestra.run.smithi022.stdout:/usr/bin/ceph: stderr
2024-04-26T22:11:29.103+0000 7ff971600700 1 -- 172.21.15.22:0/4284311813 <== mon.0 v2:172.21.15.22:3300/0 3 ==== mon_map magic: 0 ==== 205+0+0 (secure 0 0 0) 0x7ff964011960 con 0x7ff974108f00
2024-04-26T22:11:30.398 INFO:teuthology.orchestra.run.smithi022.stdout:/usr/bin/ceph: stderr
2024-04-26T22:11:29.103+0000 7ff979e00700 1 -- 172.21.15.22:0/4284311813 >> [v2:172.21.15.22:3300/0,v1:172.21.15.22:6789/0] conn(0x7ff974108f00 msgr2=0x7ff974109320 secure :-1 s=STATE_CONNECTION_ESTABLISHED l=1).mark_down
2024-04-26T22:11:30.398 INFO:teuthology.orchestra.run.smithi022.stdout:/usr/bin/ceph: stderr
2024-04-26T22:11:29.103+0000 7ff979e00700 1 --2- 172.21.15.22:0/4284311813 >> [v2:172.21.15.22:3300/0,v1:172.21.15.22:6789/0] conn(0x7ff974108f00 0x7ff974109320 secure :-1 s=READY pgs=68 cs=0 l=1 rev1=1 crypto rx=0x7ff9640098a0 tx=0x7ff964009bb0 comp rx=0 tx=0).stop
2024-04-26T22:11:30.398 INFO:teuthology.orchestra.run.smithi022.stdout:/usr/bin/ceph: stderr
2024-04-26T22:11:29.103+0000 7ff979e00700 1 -- 172.21.15.22:0/4284311813 shutdown_connections
2024-04-26T22:11:30.398 INFO:teuthology.orchestra.run.smithi022.stdout:/usr/bin/ceph: stderr
2024-04-26T22:11:29.103+0000 7ff979e00700 1 --2- 172.21.15.22:0/4284311813 >> [v2:172.21.15.22:3300/0,v1:172.21.15.22:6789/0] conn(0x7ff974108f00 0x7ff974109320 unknown :-1 s=CLOSED pgs=68 cs=0 l=1 rev1=1 crypto rx=0 tx=0 comp rx=0 tx=0).stop
2024-04-26T22:11:30.398 INFO:teuthology.orchestra.run.smithi022.stdout:/usr/bin/ceph: stderr
2024-04-26T22:11:29.103+0000 7ff979e00700 1 -- 172.21.15.22:0/4284311813 >> 172.21.15.22:0/4284311813 conn(0x7ff974104480 msgr2=0x7ff9741068e0 unknown :-1 s=STATE_NONE l=0).mark_down
2024-04-26T22:11:30.399 INFO:teuthology.orchestra.run.smithi022.stdout:/usr/bin/ceph: stderr
2024-04-26T22:11:29.104+0000 7ff979e00700 1 -- 172.21.15.22:0/4284311813 shutdown_connections
2024-04-26T22:11:30.399 INFO:teuthology.orchestra.run.smithi022.stdout:/usr/bin/ceph: stderr
2024-04-26T22:11:29.104+0000 7ff979e00700 1 -- 172.21.15.22:0/4284311813 wait complete.
2024-04-26T22:11:30.399 INFO:teuthology.orchestra.run.smithi022.stdout:/usr/bin/ceph: stderr
2024-04-26T22:11:29.105+0000 7ff979e00700 1 Processor -- start
2024-04-26T22:11:30.399 INFO:teuthology.orchestra.run.smithi022.stdout:/usr/bin/ceph: stderr
2024-04-26T22:11:29.105+0000 7ff979e00700 1 -- start start
2024-04-26T22:11:30.399 INFO:teuthology.orchestra.run.smithi022.stdout:/usr/bin/ceph: stderr
2024-04-26T22:11:29.105+0000 7ff979e00700 1 --2- >> [v2:172.21.15.22:3300/0,v1:172.21.15.22:6789/0] conn(0x7ff974108f00 0x7ff97419f160 unknown :-1 s=NONE pgs=0 cs=0 l=1 rev1=0 crypto rx=0 tx=0 comp rx=0 tx=0).connect
2024-04-26T22:11:30.399 INFO:teuthology.orchestra.run.smithi022.stdout:/usr/bin/ceph: stderr
2024-04-26T22:11:29.105+0000 7ff979e00700 1 -- --> [v2:172.21.15.22:3300/0,v1:172.21.15.22:6789/0] -- mon_getmap magic: 0 -- 0x7ff97410d320 con 0x7ff974108f00
2024-04-26T22:11:30.399 INFO:teuthology.orchestra.run.smithi022.stdout:/usr/bin/ceph: stderr
2024-04-26T22:11:29.106+0000 7ff972a00700 1 --2- >> [v2:172.21.15.22:3300/0,v1:172.21.15.22:6789/0] conn(0x7ff974108f00 0x7ff97419f160 unknown :-1 s=BANNER_CONNECTING pgs=0 cs=0 l=1 rev1=0 crypto rx=0 tx=0 comp rx=0 tx=0)._handle_peer_banner_payload supported=3 required=0
2024-04-26T22:11:30.399 INFO:teuthology.orchestra.run.smithi022.stdout:/usr/bin/ceph: stderr
2024-04-26T22:11:29.106+0000 7ff972a00700 1 --2- >> [v2:172.21.15.22:3300/0,v1:172.21.15.22:6789/0] conn(0x7ff974108f00 0x7ff97419f160 unknown :-1 s=HELLO_CONNECTING pgs=0 cs=0 l=1 rev1=1 crypto rx=0 tx=0 comp rx=0 tx=0).handle_hello peer v2:172.21.15.22:3300/0 says I am v2:172.21.15.22:46262/0 (socket says 172.21.15.22:46262)
2024-04-26T22:11:30.399 INFO:teuthology.orchestra.run.smithi022.stdout:/usr/bin/ceph: stderr
2024-04-26T22:11:29.106+0000 7ff972a00700 1 -- 172.21.15.22:0/3915787531 learned_addr learned my addr 172.21.15.22:0/3915787531 (peer_addr_for_me v2:172.21.15.22:0/0)
2024-04-26T22:11:30.399 INFO:teuthology.orchestra.run.smithi022.stdout:/usr/bin/ceph: stderr
2024-04-26T22:11:29.106+0000 7ff972a00700 1 -- 172.21.15.22:0/3915787531 --> [v2:172.21.15.22:3300/0,v1:172.21.15.22:6789/0] -- mon_subscribe({config=0+,monmap=0+}) -- 0x7ff97419f6a0 con 0x7ff974108f00
2024-04-26T22:11:30.399 INFO:teuthology.orchestra.run.smithi022.stdout:/usr/bin/ceph: stderr
2024-04-26T22:11:29.106+0000 7ff972a00700 1 --2- 172.21.15.22:0/3915787531 >> [v2:172.21.15.22:3300/0,v1:172.21.15.22:6789/0] conn(0x7ff974108f00 0x7ff97419f160 secure :-1 s=READY pgs=69 cs=0 l=1 rev1=1 crypto rx=0x7ff964011670 tx=0x7ff964011a30 comp rx=0 tx=0).ready entity=mon.0 client_cookie=0 server_cookie=0 in_seq=0 out_seq=0
2024-04-26T22:11:30.399 INFO:teuthology.orchestra.run.smithi022.stdout:/usr/bin/ceph: stderr
2024-04-26T22:11:29.107+0000 7ff978a00700 1 -- 172.21.15.22:0/3915787531 <== mon.0 v2:172.21.15.22:3300/0 1 ==== mon_map magic: 0 ==== 205+0+0 (secure 0 0 0) 0x7ff96401f070 con 0x7ff974108f00
2024-04-26T22:11:30.399 INFO:teuthology.orchestra.run.smithi022.stdout:/usr/bin/ceph: stderr
2024-04-26T22:11:29.107+0000 7ff978a00700 1 -- 172.21.15.22:0/3915787531 <== mon.0 v2:172.21.15.22:3300/0 2 ==== config(25 keys) ==== 1063+0+0 (secure 0 0 0) 0x7ff964003b20 con 0x7ff974108f00
2024-04-26T22:11:30.399 INFO:teuthology.orchestra.run.smithi022.stdout:/usr/bin/ceph: stderr
2024-04-26T22:11:29.107+0000 7ff979e00700 1 -- 172.21.15.22:0/3915787531 --> [v2:172.21.15.22:3300/0,v1:172.21.15.22:6789/0] -- mon_subscribe({mgrmap=0+}) -- 0x7ff97419f930 con 0x7ff974108f00
2024-04-26T22:11:30.400 INFO:teuthology.orchestra.run.smithi022.stdout:/usr/bin/ceph: stderr
2024-04-26T22:11:29.107+0000 7ff978a00700 1 -- 172.21.15.22:0/3915787531 <== mon.0 v2:172.21.15.22:3300/0 3 ==== mon_map magic: 0 ==== 205+0+0 (secure 0 0 0) 0x7ff9640195f0 con 0x7ff974108f00
2024-04-26T22:11:30.400 INFO:teuthology.orchestra.run.smithi022.stdout:/usr/bin/ceph: stderr
2024-04-26T22:11:29.107+0000 7ff979e00700 1 -- 172.21.15.22:0/3915787531 --> [v2:172.21.15.22:3300/0,v1:172.21.15.22:6789/0] -- mon_subscribe({osdmap=0}) -- 0x7ff9741a2620 con 0x7ff974108f00
2024-04-26T22:11:30.400 INFO:teuthology.orchestra.run.smithi022.stdout:/usr/bin/ceph: stderr
2024-04-26T22:11:29.108+0000 7ff979e00700 1 -- 172.21.15.22:0/3915787531 --> [v2:172.21.15.22:3300/0,v1:172.21.15.22:6789/0] -- mon_command({"prefix": "get_command_descriptions"} v 0) -- 0x7ff974064a80 con 0x7ff974108f00
2024-04-26T22:11:30.400 INFO:teuthology.orchestra.run.smithi022.stdout:/usr/bin/ceph: stderr
2024-04-26T22:11:29.108+0000 7ff978a00700 1 -- 172.21.15.22:0/3915787531 <== mon.0 v2:172.21.15.22:3300/0 4 ==== mgrmap(e 12) ==== 46571+0+0 (secure 0 0 0) 0x7ff964022070 con 0x7ff974108f00
2024-04-26T22:11:30.400 INFO:teuthology.orchestra.run.smithi022.stdout:/usr/bin/ceph: stderr
2024-04-26T22:11:29.109+0000 7ff978a00700 1 --2- 172.21.15.22:0/3915787531 >> [v2:172.21.15.22:6800/1293911516,v1:172.21.15.22:6801/1293911516] conn(0x7ff958039660 0x7ff95803bb20 unknown :-1 s=NONE pgs=0 cs=0 l=1 rev1=0 crypto rx=0 tx=0 comp rx=0 tx=0).connect
2024-04-26T22:11:30.400 INFO:teuthology.orchestra.run.smithi022.stdout:/usr/bin/ceph: stderr
2024-04-26T22:11:29.109+0000 7ff978a00700 1 -- 172.21.15.22:0/3915787531 <== mon.0 v2:172.21.15.22:3300/0 5 ==== osd_map(3..3 src has 1..3) ==== 1155+0+0 (secure 0 0 0) 0x7ff96404dc40 con 0x7ff974108f00
2024-04-26T22:11:30.400 INFO:teuthology.orchestra.run.smithi022.stdout:/usr/bin/ceph: stderr
2024-04-26T22:11:29.109+0000 7ff972000700 1 --2- 172.21.15.22:0/3915787531 >> [v2:172.21.15.22:6800/1293911516,v1:172.21.15.22:6801/1293911516] conn(0x7ff958039660 0x7ff95803bb20 unknown :-1 s=BANNER_CONNECTING pgs=0 cs=0 l=1 rev1=0 crypto rx=0 tx=0 comp rx=0 tx=0)._handle_peer_banner_payload supported=3 required=0
2024-04-26T22:11:30.400 INFO:teuthology.orchestra.run.smithi022.stdout:/usr/bin/ceph: stderr
2024-04-26T22:11:29.110+0000 7ff972000700 1 --2- 172.21.15.22:0/3915787531 >> [v2:172.21.15.22:6800/1293911516,v1:172.21.15.22:6801/1293911516] conn(0x7ff958039660 0x7ff95803bb20 secure :-1 s=READY pgs=8 cs=0 l=1 rev1=1 crypto rx=0x7ff960006fd0 tx=0x7ff960006e40 comp rx=0 tx=0).ready entity=mgr.14148 client_cookie=0 server_cookie=0 in_seq=0 out_seq=0
2024-04-26T22:11:30.401 INFO:teuthology.orchestra.run.smithi022.stdout:/usr/bin/ceph: stderr
2024-04-26T22:11:29.115+0000 7ff978a00700 1 -- 172.21.15.22:0/3915787531 <== mon.0 v2:172.21.15.22:3300/0 6 ==== mon_command_ack([{"prefix": "get_command_descriptions"}]=0 v0) ==== 72+0+188494 (secure 0 0 0) 0x7ff96401b440 con 0x7ff974108f00
2024-04-26T22:11:30.401 INFO:teuthology.orchestra.run.smithi022.stdout:/usr/bin/ceph: stderr
2024-04-26T22:11:29.364+0000 7ff979e00700 1 -- 172.21.15.22:0/3915787531 --> [v2:172.21.15.22:6800/1293911516,v1:172.21.15.22:6801/1293911516] -- mgr_command(tid 0: {"prefix": "dashboard ac-user-create", "username": "admin", "rolename": "administrator", "force_password": true, "pwd_update_required": true, "target": ["mon-mgr", ""]}) -- 0x7ff97410d4a0 con 0x7ff958039660
2024-04-26T22:11:30.401 INFO:teuthology.orchestra.run.smithi022.stdout:/usr/bin/ceph: stderr
2024-04-26T22:11:29.627+0000 7ff978a00700 1 -- 172.21.15.22:0/3915787531 <== mgr.14148 v2:172.21.15.22:6800/1293911516 1 ==== mgr_command_reply(tid 0: 0 ) ==== 8+0+252 (secure 0 0 0) 0x7ff97410d4a0 con 0x7ff958039660
2024-04-26T22:11:30.401 INFO:teuthology.orchestra.run.smithi022.stdout:/usr/bin/ceph: stderr
2024-04-26T22:11:29.630+0000 7ff979e00700 1 -- 172.21.15.22:0/3915787531 >> [v2:172.21.15.22:6800/1293911516,v1:172.21.15.22:6801/1293911516] conn(0x7ff958039660 msgr2=0x7ff95803bb20 secure :-1 s=STATE_CONNECTION_ESTABLISHED l=1).mark_down
2024-04-26T22:11:30.401 INFO:teuthology.orchestra.run.smithi022.stdout:/usr/bin/ceph: stderr
2024-04-26T22:11:29.630+0000 7ff979e00700 1 --2- 172.21.15.22:0/3915787531 >> [v2:172.21.15.22:6800/1293911516,v1:172.21.15.22:6801/1293911516] conn(0x7ff958039660 0x7ff95803bb20 secure :-1 s=READY pgs=8 cs=0 l=1 rev1=1 crypto rx=0x7ff960006fd0 tx=0x7ff960006e40 comp rx=0 tx=0).stop
2024-04-26T22:11:30.401 INFO:teuthology.orchestra.run.smithi022.stdout:/usr/bin/ceph: stderr
2024-04-26T22:11:29.630+0000 7ff979e00700 1 -- 172.21.15.22:0/3915787531 >> [v2:172.21.15.22:3300/0,v1:172.21.15.22:6789/0] conn(0x7ff974108f00 msgr2=0x7ff97419f160 secure :-1 s=STATE_CONNECTION_ESTABLISHED l=1).mark_down
2024-04-26T22:11:30.401 INFO:teuthology.orchestra.run.smithi022.stdout:/usr/bin/ceph: stderr
2024-04-26T22:11:29.630+0000 7ff979e00700 1 --2- 172.21.15.22:0/3915787531 >> [v2:172.21.15.22:3300/0,v1:172.21.15.22:6789/0] conn(0x7ff974108f00 0x7ff97419f160 secure :-1 s=READY pgs=69 cs=0 l=1 rev1=1 crypto rx=0x7ff964011670 tx=0x7ff964011a30 comp rx=0 tx=0).stop
2024-04-26T22:11:30.401 INFO:teuthology.orchestra.run.smithi022.stdout:/usr/bin/ceph: stderr
2024-04-26T22:11:29.630+0000 7ff979e00700 1 -- 172.21.15.22:0/3915787531 shutdown_connections
2024-04-26T22:11:30.401 INFO:teuthology.orchestra.run.smithi022.stdout:/usr/bin/ceph: stderr
2024-04-26T22:11:29.630+0000 7ff979e00700 1 --2- 172.21.15.22:0/3915787531 >> [v2:172.21.15.22:6800/1293911516,v1:172.21.15.22:6801/1293911516] conn(0x7ff958039660 0x7ff95803bb20 unknown :-1 s=CLOSED pgs=8 cs=0 l=1 rev1=1 crypto rx=0 tx=0 comp rx=0 tx=0).stop
2024-04-26T22:11:30.401 INFO:teuthology.orchestra.run.smithi022.stdout:/usr/bin/ceph: stderr
2024-04-26T22:11:29.630+0000 7ff979e00700 1 --2- 172.21.15.22:0/3915787531 >> [v2:172.21.15.22:3300/0,v1:172.21.15.22:6789/0] conn(0x7ff974108f00 0x7ff97419f160 unknown :-1 s=CLOSED pgs=69 cs=0 l=1 rev1=1 crypto rx=0 tx=0 comp rx=0 tx=0).stop
2024-04-26T22:11:30.401 INFO:teuthology.orchestra.run.smithi022.stdout:/usr/bin/ceph: stderr
2024-04-26T22:11:29.630+0000 7ff979e00700 1 -- 172.21.15.22:0/3915787531 >> 172.21.15.22:0/3915787531 conn(0x7ff974104480 msgr2=0x7ff974104f30 unknown :-1 s=STATE_NONE l=0).mark_down
2024-04-26T22:11:30.401 INFO:teuthology.orchestra.run.smithi022.stdout:/usr/bin/ceph: stderr
2024-04-26T22:11:29.631+0000 7ff979e00700 1 -- 172.21.15.22:0/3915787531 shutdown_connections
2024-04-26T22:11:30.401 INFO:teuthology.orchestra.run.smithi022.stdout:/usr/bin/ceph: stderr
2024-04-26T22:11:29.631+0000 7ff979e00700 1 -- 172.21.15.22:0/3915787531 wait complete.
2024-04-26T22:11:30.401 INFO:teuthology.orchestra.run.smithi022.stdout:Fetching dashboard port number...
2024-04-26T22:11:30.695 INFO:journalctl@ceph.mon.a.smithi022.stdout:Apr 26 22:11:30 smithi022 ceph-mon[28168]: from='client.14162 -' entity='client.admin' cmd=[{"prefix": "dashboard ac-user-create", "username": "admin", "rolename": "administrator", "force_password": true, "pwd_update_required": true, "target": ["mon-mgr", ""]}]: dispatch
2024-04-26T22:11:30.695 INFO:journalctl@ceph.mon.a.smithi022.stdout:Apr 26 22:11:30 smithi022 ceph-mon[28168]: from='mgr.14148 172.21.15.22:0/1591228667' entity='mgr.x'
2024-04-26T22:11:30.695 INFO:journalctl@ceph.mon.a.smithi022.stdout:Apr 26 22:11:30 smithi022 ceph-mon[28168]: from='mgr.14148 172.21.15.22:0/1591228667' entity='mgr.x'
2024-04-26T22:11:31.827 INFO:journalctl@ceph.mon.a.smithi022.stdout:Apr 26 22:11:31 smithi022 ceph-mon[28168]: from='client.? 172.21.15.22:0/1673894481' entity='client.admin' cmd=[{"prefix": "config get", "who": "mgr", "key": "mgr/dashboard/ssl_server_port"}]: dispatch
2024-04-26T22:11:32.441 INFO:teuthology.orchestra.run.smithi022.stdout:/usr/bin/ceph: stdout 8443
2024-04-26T22:11:32.441 INFO:teuthology.orchestra.run.smithi022.stdout:/usr/bin/ceph: stderr
2024-04-26T22:11:30.979+0000 7effbd000700 1 Processor -- start
2024-04-26T22:11:32.442 INFO:teuthology.orchestra.run.smithi022.stdout:/usr/bin/ceph: stderr
2024-04-26T22:11:30.979+0000 7effbd000700 1 -- start start
2024-04-26T22:11:32.442 INFO:teuthology.orchestra.run.smithi022.stdout:/usr/bin/ceph: stderr
2024-04-26T22:11:30.980+0000 7effbd000700 1 --2- >> [v2:172.21.15.22:3300/0,v1:172.21.15.22:6789/0] conn(0x7effb8108f30 0x7effb8109350 unknown :-1 s=NONE pgs=0 cs=0 l=0 rev1=0 crypto rx=0 tx=0 comp rx=0 tx=0).connect
2024-04-26T22:11:32.442 INFO:teuthology.orchestra.run.smithi022.stdout:/usr/bin/ceph: stderr
2024-04-26T22:11:30.980+0000 7effbd000700 1 -- --> [v2:172.21.15.22:3300/0,v1:172.21.15.22:6789/0] -- mon_getmap magic: 0 -- 0x7effb8109890 con 0x7effb8108f30
2024-04-26T22:11:32.442 INFO:teuthology.orchestra.run.smithi022.stdout:/usr/bin/ceph: stderr
2024-04-26T22:11:30.980+0000 7effb5e00700 1 --2- >> [v2:172.21.15.22:3300/0,v1:172.21.15.22:6789/0] conn(0x7effb8108f30 0x7effb8109350 unknown :-1 s=BANNER_CONNECTING pgs=0 cs=0 l=0 rev1=0 crypto rx=0 tx=0 comp rx=0 tx=0)._handle_peer_banner_payload supported=3 required=0
2024-04-26T22:11:32.442 INFO:teuthology.orchestra.run.smithi022.stdout:/usr/bin/ceph: stderr
2024-04-26T22:11:30.980+0000 7effb5e00700 1 --2- >> [v2:172.21.15.22:3300/0,v1:172.21.15.22:6789/0] conn(0x7effb8108f30 0x7effb8109350 unknown :-1 s=HELLO_CONNECTING pgs=0 cs=0 l=0 rev1=1 crypto rx=0 tx=0 comp rx=0 tx=0).handle_hello peer v2:172.21.15.22:3300/0 says I am v2:172.21.15.22:46274/0 (socket says 172.21.15.22:46274)
2024-04-26T22:11:32.442 INFO:teuthology.orchestra.run.smithi022.stdout:/usr/bin/ceph: stderr
2024-04-26T22:11:30.980+0000 7effb5e00700 1 -- 172.21.15.22:0/2608239913 learned_addr learned my addr 172.21.15.22:0/2608239913 (peer_addr_for_me v2:172.21.15.22:0/0)
2024-04-26T22:11:32.442 INFO:teuthology.orchestra.run.smithi022.stdout:/usr/bin/ceph: stderr
2024-04-26T22:11:30.981+0000 7effb5e00700 1 -- 172.21.15.22:0/2608239913 --> [v2:172.21.15.22:3300/0,v1:172.21.15.22:6789/0] -- mon_subscribe({config=0+,monmap=0+}) -- 0x7effb8109ff0 con 0x7effb8108f30
2024-04-26T22:11:32.442 INFO:teuthology.orchestra.run.smithi022.stdout:/usr/bin/ceph: stderr
2024-04-26T22:11:30.981+0000 7effb5e00700 1 --2- 172.21.15.22:0/2608239913 >> [v2:172.21.15.22:3300/0,v1:172.21.15.22:6789/0] conn(0x7effb8108f30 0x7effb8109350 secure :-1 s=READY pgs=70 cs=0 l=1 rev1=1 crypto rx=0x7effa80098a0 tx=0x7effa8009bb0 comp rx=0 tx=0).ready entity=mon.0 client_cookie=eaa76f328250beee server_cookie=0 in_seq=0 out_seq=0
2024-04-26T22:11:32.442 INFO:teuthology.orchestra.run.smithi022.stdout:/usr/bin/ceph: stderr
2024-04-26T22:11:30.981+0000 7effb4a00700 1 -- 172.21.15.22:0/2608239913 <== mon.0 v2:172.21.15.22:3300/0 1 ==== mon_map magic: 0 ==== 205+0+0 (secure 0 0 0) 0x7effa8004160 con 0x7effb8108f30
2024-04-26T22:11:32.442 INFO:teuthology.orchestra.run.smithi022.stdout:/usr/bin/ceph: stderr
2024-04-26T22:11:30.982+0000 7effb4a00700 1 -- 172.21.15.22:0/2608239913 <== mon.0 v2:172.21.15.22:3300/0 2 ==== config(25 keys) ==== 1063+0+0 (secure 0 0 0) 0x7effa8004300 con 0x7effb8108f30
2024-04-26T22:11:32.442 INFO:teuthology.orchestra.run.smithi022.stdout:/usr/bin/ceph: stderr
2024-04-26T22:11:30.982+0000 7effb4a00700 1 -- 172.21.15.22:0/2608239913 <== mon.0 v2:172.21.15.22:3300/0 3 ==== mon_map magic: 0 ==== 205+0+0 (secure 0 0 0) 0x7effa8011960 con 0x7effb8108f30
2024-04-26T22:11:32.442 INFO:teuthology.orchestra.run.smithi022.stdout:/usr/bin/ceph: stderr
2024-04-26T22:11:30.982+0000 7effbd000700 1 -- 172.21.15.22:0/2608239913 >> [v2:172.21.15.22:3300/0,v1:172.21.15.22:6789/0] conn(0x7effb8108f30 msgr2=0x7effb8109350 secure :-1 s=STATE_CONNECTION_ESTABLISHED l=1).mark_down
2024-04-26T22:11:32.443 INFO:teuthology.orchestra.run.smithi022.stdout:/usr/bin/ceph: stderr
2024-04-26T22:11:30.982+0000 7effbd000700 1 --2- 172.21.15.22:0/2608239913 >> [v2:172.21.15.22:3300/0,v1:172.21.15.22:6789/0] conn(0x7effb8108f30 0x7effb8109350 secure :-1 s=READY pgs=70 cs=0 l=1 rev1=1 crypto rx=0x7effa80098a0 tx=0x7effa8009bb0 comp rx=0 tx=0).stop
2024-04-26T22:11:32.443 INFO:teuthology.orchestra.run.smithi022.stdout:/usr/bin/ceph: stderr
2024-04-26T22:11:30.982+0000 7effbd000700 1 -- 172.21.15.22:0/2608239913 shutdown_connections
2024-04-26T22:11:32.443 INFO:teuthology.orchestra.run.smithi022.stdout:/usr/bin/ceph: stderr
2024-04-26T22:11:30.982+0000 7effbd000700 1 --2- 172.21.15.22:0/2608239913 >> [v2:172.21.15.22:3300/0,v1:172.21.15.22:6789/0] conn(0x7effb8108f30 0x7effb8109350 unknown :-1 s=CLOSED pgs=70 cs=0 l=1 rev1=1 crypto rx=0 tx=0 comp rx=0 tx=0).stop
2024-04-26T22:11:32.443 INFO:teuthology.orchestra.run.smithi022.stdout:/usr/bin/ceph: stderr
2024-04-26T22:11:30.982+0000 7effbd000700 1 -- 172.21.15.22:0/2608239913 >> 172.21.15.22:0/2608239913 conn(0x7effb8104510 msgr2=0x7effb8106930 unknown :-1 s=STATE_NONE l=0).mark_down
2024-04-26T22:11:32.443 INFO:teuthology.orchestra.run.smithi022.stdout:/usr/bin/ceph: stderr
2024-04-26T22:11:30.983+0000 7effbd000700 1 -- 172.21.15.22:0/2608239913 shutdown_connections
2024-04-26T22:11:32.443 INFO:teuthology.orchestra.run.smithi022.stdout:/usr/bin/ceph: stderr
2024-04-26T22:11:30.983+0000 7effbd000700 1 -- 172.21.15.22:0/2608239913 wait complete.
2024-04-26T22:11:32.443 INFO:teuthology.orchestra.run.smithi022.stdout:/usr/bin/ceph: stderr
2024-04-26T22:11:30.983+0000 7effbd000700 1 Processor -- start
2024-04-26T22:11:32.443 INFO:teuthology.orchestra.run.smithi022.stdout:/usr/bin/ceph: stderr
2024-04-26T22:11:30.984+0000 7effbd000700 1 -- start start
2024-04-26T22:11:32.443 INFO:teuthology.orchestra.run.smithi022.stdout:/usr/bin/ceph: stderr
2024-04-26T22:11:30.984+0000 7effbd000700 1 --2- >> [v2:172.21.15.22:3300/0,v1:172.21.15.22:6789/0] conn(0x7effb8108f30 0x7effb807eb80 unknown :-1 s=NONE pgs=0 cs=0 l=1 rev1=0 crypto rx=0 tx=0 comp rx=0 tx=0).connect
2024-04-26T22:11:32.443 INFO:teuthology.orchestra.run.smithi022.stdout:/usr/bin/ceph: stderr
2024-04-26T22:11:30.984+0000 7effbd000700 1 -- --> [v2:172.21.15.22:3300/0,v1:172.21.15.22:6789/0] -- mon_getmap magic: 0 -- 0x7effb810d2b0 con 0x7effb8108f30
2024-04-26T22:11:32.443 INFO:teuthology.orchestra.run.smithi022.stdout:/usr/bin/ceph: stderr
2024-04-26T22:11:30.984+0000 7effb5e00700 1 --2- >> [v2:172.21.15.22:3300/0,v1:172.21.15.22:6789/0] conn(0x7effb8108f30 0x7effb807eb80 unknown :-1 s=BANNER_CONNECTING pgs=0 cs=0 l=1 rev1=0 crypto rx=0 tx=0 comp rx=0 tx=0)._handle_peer_banner_payload supported=3 required=0
2024-04-26T22:11:32.443 INFO:teuthology.orchestra.run.smithi022.stdout:/usr/bin/ceph: stderr
2024-04-26T22:11:30.984+0000 7effb5e00700 1 --2- >> [v2:172.21.15.22:3300/0,v1:172.21.15.22:6789/0] conn(0x7effb8108f30 0x7effb807eb80 unknown :-1 s=HELLO_CONNECTING pgs=0 cs=0 l=1 rev1=1 crypto rx=0 tx=0 comp rx=0 tx=0).handle_hello peer v2:172.21.15.22:3300/0 says I am v2:172.21.15.22:46290/0 (socket says 172.21.15.22:46290)
2024-04-26T22:11:32.443 INFO:teuthology.orchestra.run.smithi022.stdout:/usr/bin/ceph: stderr
2024-04-26T22:11:30.984+0000 7effb5e00700 1 -- 172.21.15.22:0/1673894481 learned_addr learned my addr 172.21.15.22:0/1673894481 (peer_addr_for_me v2:172.21.15.22:0/0)
2024-04-26T22:11:32.444 INFO:teuthology.orchestra.run.smithi022.stdout:/usr/bin/ceph: stderr
2024-04-26T22:11:30.985+0000 7effb5e00700 1 -- 172.21.15.22:0/1673894481 --> [v2:172.21.15.22:3300/0,v1:172.21.15.22:6789/0] -- mon_subscribe({config=0+,monmap=0+}) -- 0x7effb807f0c0 con 0x7effb8108f30
2024-04-26T22:11:32.444 INFO:teuthology.orchestra.run.smithi022.stdout:/usr/bin/ceph: stderr
2024-04-26T22:11:30.985+0000 7effb5e00700 1 --2- 172.21.15.22:0/1673894481 >> [v2:172.21.15.22:3300/0,v1:172.21.15.22:6789/0] conn(0x7effb8108f30 0x7effb807eb80 secure :-1 s=READY pgs=71 cs=0 l=1 rev1=1 crypto rx=0x7effa8004660 tx=0x7effa8011a30 comp rx=0 tx=0).ready entity=mon.0 client_cookie=0 server_cookie=0 in_seq=0 out_seq=0
2024-04-26T22:11:32.444 INFO:teuthology.orchestra.run.smithi022.stdout:/usr/bin/ceph: stderr
2024-04-26T22:11:30.985+0000 7effaea00700 1 -- 172.21.15.22:0/1673894481 <== mon.0 v2:172.21.15.22:3300/0 1 ==== mon_map magic: 0 ==== 205+0+0 (secure 0 0 0) 0x7effa8003aa0 con 0x7effb8108f30
2024-04-26T22:11:32.444 INFO:teuthology.orchestra.run.smithi022.stdout:/usr/bin/ceph: stderr
2024-04-26T22:11:30.985+0000 7effaea00700 1 -- 172.21.15.22:0/1673894481 <== mon.0 v2:172.21.15.22:3300/0 2 ==== config(25 keys) ==== 1063+0+0 (secure 0 0 0) 0x7effa801b8d0 con 0x7effb8108f30
2024-04-26T22:11:32.444 INFO:teuthology.orchestra.run.smithi022.stdout:/usr/bin/ceph: stderr
2024-04-26T22:11:30.985+0000 7effbd000700 1 -- 172.21.15.22:0/1673894481 --> [v2:172.21.15.22:3300/0,v1:172.21.15.22:6789/0] -- mon_subscribe({mgrmap=0+}) -- 0x7effb807d2b0 con 0x7effb8108f30
2024-04-26T22:11:32.444 INFO:teuthology.orchestra.run.smithi022.stdout:/usr/bin/ceph: stderr
2024-04-26T22:11:30.985+0000 7effaea00700 1 -- 172.21.15.22:0/1673894481 <== mon.0 v2:172.21.15.22:3300/0 3 ==== mon_map magic: 0 ==== 205+0+0 (secure 0 0 0) 0x7effa8023820 con 0x7effb8108f30
2024-04-26T22:11:32.444 INFO:teuthology.orchestra.run.smithi022.stdout:/usr/bin/ceph: stderr
2024-04-26T22:11:30.985+0000 7effbd000700 1 -- 172.21.15.22:0/1673894481 --> [v2:172.21.15.22:3300/0,v1:172.21.15.22:6789/0] -- mon_subscribe({osdmap=0}) -- 0x7effb807d7f0 con 0x7effb8108f30
2024-04-26T22:11:32.444 INFO:teuthology.orchestra.run.smithi022.stdout:/usr/bin/ceph: stderr
2024-04-26T22:11:30.986+0000 7effaea00700 1 -- 172.21.15.22:0/1673894481 <== mon.0 v2:172.21.15.22:3300/0 4 ==== mgrmap(e 12) ==== 46571+0+0 (secure 0 0 0) 0x7effa80239c0 con 0x7effb8108f30
2024-04-26T22:11:32.444 INFO:teuthology.orchestra.run.smithi022.stdout:/usr/bin/ceph: stderr
2024-04-26T22:11:30.987+0000 7effbd000700 1 -- 172.21.15.22:0/1673894481 --> [v2:172.21.15.22:3300/0,v1:172.21.15.22:6789/0] -- mon_command({"prefix": "get_command_descriptions"} v 0) -- 0x7effb810d430 con 0x7effb8108f30
2024-04-26T22:11:32.444 INFO:teuthology.orchestra.run.smithi022.stdout:/usr/bin/ceph: stderr
