2024-04-26T22:19:00.793 INFO:teuthology.orchestra.run.smithi008.stdout:/usr/bin/ceph: stderr
2024-04-26T22:18:59.143+0000 7fb99c9f7700 1 -- 172.21.15.8:0/2003718674 <== mon.0 v2:172.21.15.8:3300/0 6 ==== mgrmap(e 6) ==== 46325+0+0 (secure 0 0 0) 0x7fb988019b90 con 0x7fb998107790
2024-04-26T22:19:00.793 INFO:teuthology.orchestra.run.smithi008.stdout:/usr/bin/ceph: stderr
2024-04-26T22:18:59.143+0000 7fb99c9f7700 1 -- 172.21.15.8:0/2003718674 >> [v2:172.21.15.8:6800/1194888476,v1:172.21.15.8:6801/1194888476] conn(0x7fb980039560 msgr2=0x7fb98003ba20 unknown :-1 s=STATE_CONNECTING l=1).mark_down
2024-04-26T22:19:00.793 INFO:teuthology.orchestra.run.smithi008.stdout:/usr/bin/ceph: stderr
2024-04-26T22:18:59.143+0000 7fb99c9f7700 1 --2- 172.21.15.8:0/2003718674 >> [v2:172.21.15.8:6800/1194888476,v1:172.21.15.8:6801/1194888476] conn(0x7fb980039560 0x7fb98003ba20 unknown :-1 s=START_CONNECT pgs=0 cs=0 l=1 rev1=0 crypto rx=0 tx=0 comp rx=0 tx=0).stop
2024-04-26T22:19:00.793 INFO:teuthology.orchestra.run.smithi008.stdout:/usr/bin/ceph: stderr
2024-04-26T22:19:00.143+0000 7fb99c9f7700 1 -- 172.21.15.8:0/2003718674 <== mon.0 v2:172.21.15.8:3300/0 7 ==== mgrmap(e 7) ==== 46452+0+0 (secure 0 0 0) 0x7fb98804f790 con 0x7fb998107790
2024-04-26T22:19:00.793 INFO:teuthology.orchestra.run.smithi008.stdout:/usr/bin/ceph: stderr
2024-04-26T22:19:00.144+0000 7fb99c9f7700 1 --2- 172.21.15.8:0/2003718674 >> [v2:172.21.15.8:6800/3850582580,v1:172.21.15.8:6801/3850582580] conn(0x7fb98003ce50 0x7fb98003f240 unknown :-1 s=NONE pgs=0 cs=0 l=1 rev1=0 crypto rx=0 tx=0 comp rx=0 tx=0).connect
2024-04-26T22:19:00.794 INFO:teuthology.orchestra.run.smithi008.stdout:/usr/bin/ceph: stderr
2024-04-26T22:19:00.144+0000 7fb99c9f7700 1 -- 172.21.15.8:0/2003718674 --> [v2:172.21.15.8:6800/3850582580,v1:172.21.15.8:6801/3850582580] -- command(tid 0: {"prefix": "get_command_descriptions"}) -- 0x7fb988001d30 con 0x7fb98003ce50
2024-04-26T22:19:00.794 INFO:teuthology.orchestra.run.smithi008.stdout:/usr/bin/ceph: stderr
2024-04-26T22:19:00.144+0000 7fb9967fc700 1 --2- 172.21.15.8:0/2003718674 >> [v2:172.21.15.8:6800/3850582580,v1:172.21.15.8:6801/3850582580] conn(0x7fb98003ce50 0x7fb98003f240 unknown :-1 s=BANNER_CONNECTING pgs=0 cs=0 l=1 rev1=0 crypto rx=0 tx=0 comp rx=0 tx=0)._handle_peer_banner_payload supported=3 required=0
2024-04-26T22:19:00.794 INFO:teuthology.orchestra.run.smithi008.stdout:/usr/bin/ceph: stderr
2024-04-26T22:19:00.145+0000 7fb9967fc700 1 --2- 172.21.15.8:0/2003718674 >> [v2:172.21.15.8:6800/3850582580,v1:172.21.15.8:6801/3850582580] conn(0x7fb98003ce50 0x7fb98003f240 secure :-1 s=READY pgs=1 cs=0 l=1 rev1=1 crypto rx=0x7fb98c003a10 tx=0x7fb98c009290 comp rx=0 tx=0).ready entity=mgr.14120 client_cookie=0 server_cookie=0 in_seq=0 out_seq=0
2024-04-26T22:19:00.794 INFO:teuthology.orchestra.run.smithi008.stdout:/usr/bin/ceph: stderr
2024-04-26T22:19:00.146+0000 7fb99c9f7700 1 -- 172.21.15.8:0/2003718674 <== mgr.14120 v2:172.21.15.8:6800/3850582580 1 ==== command_reply(tid 0: 0 ) ==== 8+0+9564 (secure 0 0 0) 0x7fb988001d30 con 0x7fb98003ce50
2024-04-26T22:19:00.794 INFO:teuthology.orchestra.run.smithi008.stdout:/usr/bin/ceph: stderr
2024-04-26T22:19:00.154+0000 7fb99d9f9700 1 -- 172.21.15.8:0/2003718674 --> [v2:172.21.15.8:6800/3850582580,v1:172.21.15.8:6801/3850582580] -- command(tid 1: {"prefix": "mgr_status"}) -- 0x7fb99806a560 con 0x7fb98003ce50
2024-04-26T22:19:00.794 INFO:teuthology.orchestra.run.smithi008.stdout:/usr/bin/ceph: stderr
2024-04-26T22:19:00.154+0000 7fb99c9f7700 1 -- 172.21.15.8:0/2003718674 <== mgr.14120 v2:172.21.15.8:6800/3850582580 2 ==== command_reply(tid 1: 0 ) ==== 8+0+51 (secure 0 0 0) 0x7fb99806a560 con 0x7fb98003ce50
2024-04-26T22:19:00.794 INFO:teuthology.orchestra.run.smithi008.stdout:/usr/bin/ceph: stderr
2024-04-26T22:19:00.154+0000 7fb99d9f9700 1 -- 172.21.15.8:0/2003718674 >> [v2:172.21.15.8:6800/3850582580,v1:172.21.15.8:6801/3850582580] conn(0x7fb98003ce50 msgr2=0x7fb98003f240 secure :-1 s=STATE_CONNECTION_ESTABLISHED l=1).mark_down
2024-04-26T22:19:00.794 INFO:teuthology.orchestra.run.smithi008.stdout:/usr/bin/ceph: stderr
2024-04-26T22:19:00.154+0000 7fb99d9f9700 1 --2- 172.21.15.8:0/2003718674 >> [v2:172.21.15.8:6800/3850582580,v1:172.21.15.8:6801/3850582580] conn(0x7fb98003ce50 0x7fb98003f240 secure :-1 s=READY pgs=1 cs=0 l=1 rev1=1 crypto rx=0x7fb98c003a10 tx=0x7fb98c009290 comp rx=0 tx=0).stop
2024-04-26T22:19:00.794 INFO:teuthology.orchestra.run.smithi008.stdout:/usr/bin/ceph: stderr
2024-04-26T22:19:00.154+0000 7fb99d9f9700 1 -- 172.21.15.8:0/2003718674 >> [v2:172.21.15.8:3300/0,v1:172.21.15.8:6789/0] conn(0x7fb998107790 msgr2=0x7fb99819ef40 secure :-1 s=STATE_CONNECTION_ESTABLISHED l=1).mark_down
2024-04-26T22:19:00.794 INFO:teuthology.orchestra.run.smithi008.stdout:/usr/bin/ceph: stderr
2024-04-26T22:19:00.154+0000 7fb99d9f9700 1 --2- 172.21.15.8:0/2003718674 >> [v2:172.21.15.8:3300/0,v1:172.21.15.8:6789/0] conn(0x7fb998107790 0x7fb99819ef40 secure :-1 s=READY pgs=29 cs=0 l=1 rev1=1 crypto rx=0x7fb988009fb0 tx=0x7fb988011940 comp rx=0 tx=0).stop
2024-04-26T22:19:00.794 INFO:teuthology.orchestra.run.smithi008.stdout:/usr/bin/ceph: stderr
2024-04-26T22:19:00.154+0000 7fb99d9f9700 1 -- 172.21.15.8:0/2003718674 shutdown_connections
2024-04-26T22:19:00.794 INFO:teuthology.orchestra.run.smithi008.stdout:/usr/bin/ceph: stderr
2024-04-26T22:19:00.154+0000 7fb99d9f9700 1 --2- 172.21.15.8:0/2003718674 >> [v2:172.21.15.8:6800/3850582580,v1:172.21.15.8:6801/3850582580] conn(0x7fb98003ce50 0x7fb98003f240 unknown :-1 s=CLOSED pgs=1 cs=0 l=1 rev1=1 crypto rx=0 tx=0 comp rx=0 tx=0).stop
2024-04-26T22:19:00.794 INFO:teuthology.orchestra.run.smithi008.stdout:/usr/bin/ceph: stderr
2024-04-26T22:19:00.154+0000 7fb99d9f9700 1 --2- 172.21.15.8:0/2003718674 >> [v2:172.21.15.8:3300/0,v1:172.21.15.8:6789/0] conn(0x7fb998107790 0x7fb99819ef40 unknown :-1 s=CLOSED pgs=29 cs=0 l=1 rev1=1 crypto rx=0 tx=0 comp rx=0 tx=0).stop
2024-04-26T22:19:00.794 INFO:teuthology.orchestra.run.smithi008.stdout:/usr/bin/ceph: stderr
2024-04-26T22:19:00.154+0000 7fb99d9f9700 1 --2- 172.21.15.8:0/2003718674 >> [v2:172.21.15.8:6800/1194888476,v1:172.21.15.8:6801/1194888476] conn(0x7fb980039560 0x7fb98003ba20 unknown :-1 s=CLOSED pgs=0 cs=0 l=1 rev1=0 crypto rx=0 tx=0 comp rx=0 tx=0).stop
2024-04-26T22:19:00.795 INFO:teuthology.orchestra.run.smithi008.stdout:/usr/bin/ceph: stderr
2024-04-26T22:19:00.154+0000 7fb99d9f9700 1 -- 172.21.15.8:0/2003718674 >> 172.21.15.8:0/2003718674 conn(0x7fb998103370 msgr2=0x7fb998195c00 unknown :-1 s=STATE_NONE l=0).mark_down
2024-04-26T22:19:00.795 INFO:teuthology.orchestra.run.smithi008.stdout:/usr/bin/ceph: stderr
2024-04-26T22:19:00.155+0000 7fb99d9f9700 1 -- 172.21.15.8:0/2003718674 shutdown_connections
2024-04-26T22:19:00.795 INFO:teuthology.orchestra.run.smithi008.stdout:/usr/bin/ceph: stderr
2024-04-26T22:19:00.155+0000 7fb99d9f9700 1 -- 172.21.15.8:0/2003718674 wait complete.
2024-04-26T22:19:00.795 INFO:teuthology.orchestra.run.smithi008.stdout:mgr epoch 5 is available
2024-04-26T22:19:00.795 INFO:teuthology.orchestra.run.smithi008.stdout:Setting orchestrator backend to cephadm...
2024-04-26T22:19:01.443 INFO:journalctl@ceph.mon.a.smithi008.stdout:Apr 26 22:19:01 smithi008 ceph-mon[29221]: from='client.14124 -' entity='client.admin' cmd=[{"prefix": "get_command_descriptions"}]: dispatch
2024-04-26T22:19:01.443 INFO:journalctl@ceph.mon.a.smithi008.stdout:Apr 26 22:19:01 smithi008 ceph-mon[29221]: from='client.14124 -' entity='client.admin' cmd=[{"prefix": "mgr_status"}]: dispatch
2024-04-26T22:19:02.086 INFO:teuthology.orchestra.run.smithi008.stdout:/usr/bin/ceph: stderr
2024-04-26T22:19:01.243+0000 7f04027c8700 1 Processor -- start
2024-04-26T22:19:02.086 INFO:teuthology.orchestra.run.smithi008.stdout:/usr/bin/ceph: stderr
2024-04-26T22:19:01.243+0000 7f04027c8700 1 -- start start
2024-04-26T22:19:02.087 INFO:teuthology.orchestra.run.smithi008.stdout:/usr/bin/ceph: stderr
2024-04-26T22:19:01.243+0000 7f04027c8700 1 --2- >> [v2:172.21.15.8:3300/0,v1:172.21.15.8:6789/0] conn(0x7f03fc108ef0 0x7f03fc109310 unknown :-1 s=NONE pgs=0 cs=0 l=0 rev1=0 crypto rx=0 tx=0 comp rx=0 tx=0).connect
2024-04-26T22:19:02.087 INFO:teuthology.orchestra.run.smithi008.stdout:/usr/bin/ceph: stderr
2024-04-26T22:19:01.243+0000 7f04027c8700 1 -- --> [v2:172.21.15.8:3300/0,v1:172.21.15.8:6789/0] -- mon_getmap magic: 0 -- 0x7f03fc109850 con 0x7f03fc108ef0
2024-04-26T22:19:02.087 INFO:teuthology.orchestra.run.smithi008.stdout:/usr/bin/ceph: stderr
2024-04-26T22:19:01.243+0000 7f03fbfff700 1 --2- >> [v2:172.21.15.8:3300/0,v1:172.21.15.8:6789/0] conn(0x7f03fc108ef0 0x7f03fc109310 unknown :-1 s=BANNER_CONNECTING pgs=0 cs=0 l=0 rev1=0 crypto rx=0 tx=0 comp rx=0 tx=0)._handle_peer_banner_payload supported=3 required=0
2024-04-26T22:19:02.087 INFO:teuthology.orchestra.run.smithi008.stdout:/usr/bin/ceph: stderr
2024-04-26T22:19:01.243+0000 7f03fbfff700 1 --2- >> [v2:172.21.15.8:3300/0,v1:172.21.15.8:6789/0] conn(0x7f03fc108ef0 0x7f03fc109310 unknown :-1 s=HELLO_CONNECTING pgs=0 cs=0 l=0 rev1=1 crypto rx=0 tx=0 comp rx=0 tx=0).handle_hello peer v2:172.21.15.8:3300/0 says I am v2:172.21.15.8:44438/0 (socket says 172.21.15.8:44438)
2024-04-26T22:19:02.087 INFO:teuthology.orchestra.run.smithi008.stdout:/usr/bin/ceph: stderr
2024-04-26T22:19:01.243+0000 7f03fbfff700 1 -- 172.21.15.8:0/4230330165 learned_addr learned my addr 172.21.15.8:0/4230330165 (peer_addr_for_me v2:172.21.15.8:0/0)
2024-04-26T22:19:02.087 INFO:teuthology.orchestra.run.smithi008.stdout:/usr/bin/ceph: stderr
2024-04-26T22:19:01.244+0000 7f03fbfff700 1 -- 172.21.15.8:0/4230330165 --> [v2:172.21.15.8:3300/0,v1:172.21.15.8:6789/0] -- mon_subscribe({config=0+,monmap=0+}) -- 0x7f03fc10a090 con 0x7f03fc108ef0
2024-04-26T22:19:02.087 INFO:teuthology.orchestra.run.smithi008.stdout:/usr/bin/ceph: stderr
2024-04-26T22:19:01.244+0000 7f03fbfff700 1 --2- 172.21.15.8:0/4230330165 >> [v2:172.21.15.8:3300/0,v1:172.21.15.8:6789/0] conn(0x7f03fc108ef0 0x7f03fc109310 secure :-1 s=READY pgs=37 cs=0 l=1 rev1=1 crypto rx=0x7f03ec0098a0 tx=0x7f03ec009bb0 comp rx=0 tx=0).ready entity=mon.0 client_cookie=e4cf203fa1638db1 server_cookie=0 in_seq=0 out_seq=0
2024-04-26T22:19:02.087 INFO:teuthology.orchestra.run.smithi008.stdout:/usr/bin/ceph: stderr
2024-04-26T22:19:01.244+0000 7f03faffd700 1 -- 172.21.15.8:0/4230330165 <== mon.0 v2:172.21.15.8:3300/0 1 ==== mon_map magic: 0 ==== 205+0+0 (secure 0 0 0) 0x7f03ec004160 con 0x7f03fc108ef0
2024-04-26T22:19:02.087 INFO:teuthology.orchestra.run.smithi008.stdout:/usr/bin/ceph: stderr
2024-04-26T22:19:01.244+0000 7f03faffd700 1 -- 172.21.15.8:0/4230330165 <== mon.0 v2:172.21.15.8:3300/0 2 ==== config(26 keys) ==== 1070+0+0 (secure 0 0 0) 0x7f03ec004300 con 0x7f03fc108ef0
2024-04-26T22:19:02.087 INFO:teuthology.orchestra.run.smithi008.stdout:/usr/bin/ceph: stderr
2024-04-26T22:19:01.244+0000 7f03faffd700 1 -- 172.21.15.8:0/4230330165 <== mon.0 v2:172.21.15.8:3300/0 3 ==== mon_map magic: 0 ==== 205+0+0 (secure 0 0 0) 0x7f03ec011af0 con 0x7f03fc108ef0
2024-04-26T22:19:02.087 INFO:teuthology.orchestra.run.smithi008.stdout:/usr/bin/ceph: stderr
2024-04-26T22:19:01.244+0000 7f04027c8700 1 -- 172.21.15.8:0/4230330165 >> [v2:172.21.15.8:3300/0,v1:172.21.15.8:6789/0] conn(0x7f03fc108ef0 msgr2=0x7f03fc109310 secure :-1 s=STATE_CONNECTION_ESTABLISHED l=1).mark_down
2024-04-26T22:19:02.087 INFO:teuthology.orchestra.run.smithi008.stdout:/usr/bin/ceph: stderr
2024-04-26T22:19:01.244+0000 7f04027c8700 1 --2- 172.21.15.8:0/4230330165 >> [v2:172.21.15.8:3300/0,v1:172.21.15.8:6789/0] conn(0x7f03fc108ef0 0x7f03fc109310 secure :-1 s=READY pgs=37 cs=0 l=1 rev1=1 crypto rx=0x7f03ec0098a0 tx=0x7f03ec009bb0 comp rx=0 tx=0).stop
2024-04-26T22:19:02.087 INFO:teuthology.orchestra.run.smithi008.stdout:/usr/bin/ceph: stderr
2024-04-26T22:19:01.245+0000 7f04027c8700 1 -- 172.21.15.8:0/4230330165 shutdown_connections
2024-04-26T22:19:02.087 INFO:teuthology.orchestra.run.smithi008.stdout:/usr/bin/ceph: stderr
2024-04-26T22:19:01.245+0000 7f04027c8700 1 --2- 172.21.15.8:0/4230330165 >> [v2:172.21.15.8:3300/0,v1:172.21.15.8:6789/0] conn(0x7f03fc108ef0 0x7f03fc109310 unknown :-1 s=CLOSED pgs=37 cs=0 l=1 rev1=1 crypto rx=0 tx=0 comp rx=0 tx=0).stop
2024-04-26T22:19:02.088 INFO:teuthology.orchestra.run.smithi008.stdout:/usr/bin/ceph: stderr
2024-04-26T22:19:01.245+0000 7f04027c8700 1 -- 172.21.15.8:0/4230330165 >> 172.21.15.8:0/4230330165 conn(0x7f03fc104540 msgr2=0x7f03fc106960 unknown :-1 s=STATE_NONE l=0).mark_down
2024-04-26T22:19:02.088 INFO:teuthology.orchestra.run.smithi008.stdout:/usr/bin/ceph: stderr
2024-04-26T22:19:01.245+0000 7f04027c8700 1 -- 172.21.15.8:0/4230330165 shutdown_connections
2024-04-26T22:19:02.088 INFO:teuthology.orchestra.run.smithi008.stdout:/usr/bin/ceph: stderr
2024-04-26T22:19:01.245+0000 7f04027c8700 1 -- 172.21.15.8:0/4230330165 wait complete.
2024-04-26T22:19:02.088 INFO:teuthology.orchestra.run.smithi008.stdout:/usr/bin/ceph: stderr
2024-04-26T22:19:01.245+0000 7f04027c8700 1 Processor -- start
2024-04-26T22:19:02.088 INFO:teuthology.orchestra.run.smithi008.stdout:/usr/bin/ceph: stderr
2024-04-26T22:19:01.245+0000 7f04027c8700 1 -- start start
2024-04-26T22:19:02.088 INFO:teuthology.orchestra.run.smithi008.stdout:/usr/bin/ceph: stderr
2024-04-26T22:19:01.246+0000 7f04027c8700 1 --2- >> [v2:172.21.15.8:3300/0,v1:172.21.15.8:6789/0] conn(0x7f03fc108ef0 0x7f03fc19cda0 unknown :-1 s=NONE pgs=0 cs=0 l=1 rev1=0 crypto rx=0 tx=0 comp rx=0 tx=0).connect
2024-04-26T22:19:02.088 INFO:teuthology.orchestra.run.smithi008.stdout:/usr/bin/ceph: stderr
2024-04-26T22:19:01.246+0000 7f04027c8700 1 -- --> [v2:172.21.15.8:3300/0,v1:172.21.15.8:6789/0] -- mon_getmap magic: 0 -- 0x7f03fc1099d0 con 0x7f03fc108ef0
2024-04-26T22:19:02.088 INFO:teuthology.orchestra.run.smithi008.stdout:/usr/bin/ceph: stderr
2024-04-26T22:19:01.246+0000 7f03fbfff700 1 --2- >> [v2:172.21.15.8:3300/0,v1:172.21.15.8:6789/0] conn(0x7f03fc108ef0 0x7f03fc19cda0 unknown :-1 s=BANNER_CONNECTING pgs=0 cs=0 l=1 rev1=0 crypto rx=0 tx=0 comp rx=0 tx=0)._handle_peer_banner_payload supported=3 required=0
2024-04-26T22:19:02.088 INFO:teuthology.orchestra.run.smithi008.stdout:/usr/bin/ceph: stderr
2024-04-26T22:19:01.246+0000 7f03fbfff700 1 --2- >> [v2:172.21.15.8:3300/0,v1:172.21.15.8:6789/0] conn(0x7f03fc108ef0 0x7f03fc19cda0 unknown :-1 s=HELLO_CONNECTING pgs=0 cs=0 l=1 rev1=1 crypto rx=0 tx=0 comp rx=0 tx=0).handle_hello peer v2:172.21.15.8:3300/0 says I am v2:172.21.15.8:44454/0 (socket says 172.21.15.8:44454)
2024-04-26T22:19:02.088 INFO:teuthology.orchestra.run.smithi008.stdout:/usr/bin/ceph: stderr
2024-04-26T22:19:01.246+0000 7f03fbfff700 1 -- 172.21.15.8:0/3279201324 learned_addr learned my addr 172.21.15.8:0/3279201324 (peer_addr_for_me v2:172.21.15.8:0/0)
2024-04-26T22:19:02.088 INFO:teuthology.orchestra.run.smithi008.stdout:/usr/bin/ceph: stderr
2024-04-26T22:19:01.246+0000 7f03fbfff700 1 -- 172.21.15.8:0/3279201324 --> [v2:172.21.15.8:3300/0,v1:172.21.15.8:6789/0] -- mon_subscribe({config=0+,monmap=0+}) -- 0x7f03fc19d2e0 con 0x7f03fc108ef0
2024-04-26T22:19:02.088 INFO:teuthology.orchestra.run.smithi008.stdout:/usr/bin/ceph: stderr
2024-04-26T22:19:01.246+0000 7f03fbfff700 1 --2- 172.21.15.8:0/3279201324 >> [v2:172.21.15.8:3300/0,v1:172.21.15.8:6789/0] conn(0x7f03fc108ef0 0x7f03fc19cda0 secure :-1 s=READY pgs=38 cs=0 l=1 rev1=1 crypto rx=0x7f03ec009fb0 tx=0x7f03ec011940 comp rx=0 tx=0).ready entity=mon.0 client_cookie=0 server_cookie=0 in_seq=0 out_seq=0
2024-04-26T22:19:02.088 INFO:teuthology.orchestra.run.smithi008.stdout:/usr/bin/ceph: stderr
2024-04-26T22:19:01.246+0000 7f03f97fa700 1 -- 172.21.15.8:0/3279201324 <== mon.0 v2:172.21.15.8:3300/0 1 ==== mon_map magic: 0 ==== 205+0+0 (secure 0 0 0) 0x7f03ec0036a0 con 0x7f03fc108ef0
2024-04-26T22:19:02.088 INFO:teuthology.orchestra.run.smithi008.stdout:/usr/bin/ceph: stderr
2024-04-26T22:19:01.246+0000 7f04027c8700 1 -- 172.21.15.8:0/3279201324 --> [v2:172.21.15.8:3300/0,v1:172.21.15.8:6789/0] -- mon_subscribe({mgrmap=0+}) -- 0x7f03fc19d570 con 0x7f03fc108ef0
2024-04-26T22:19:02.089 INFO:teuthology.orchestra.run.smithi008.stdout:/usr/bin/ceph: stderr
2024-04-26T22:19:01.246+0000 7f03f97fa700 1 -- 172.21.15.8:0/3279201324 <== mon.0 v2:172.21.15.8:3300/0 2 ==== config(26 keys) ==== 1070+0+0 (secure 0 0 0) 0x7f03ec01a430 con 0x7f03fc108ef0
2024-04-26T22:19:02.089 INFO:teuthology.orchestra.run.smithi008.stdout:/usr/bin/ceph: stderr
2024-04-26T22:19:01.246+0000 7f03f97fa700 1 -- 172.21.15.8:0/3279201324 <== mon.0 v2:172.21.15.8:3300/0 3 ==== mon_map magic: 0 ==== 205+0+0 (secure 0 0 0) 0x7f03ec019550 con 0x7f03fc108ef0
2024-04-26T22:19:02.089 INFO:teuthology.orchestra.run.smithi008.stdout:/usr/bin/ceph: stderr
2024-04-26T22:19:01.246+0000 7f04027c8700 1 -- 172.21.15.8:0/3279201324 --> [v2:172.21.15.8:3300/0,v1:172.21.15.8:6789/0] -- mon_subscribe({osdmap=0}) -- 0x7f03fc1a0260 con 0x7f03fc108ef0
2024-04-26T22:19:02.089 INFO:teuthology.orchestra.run.smithi008.stdout:/usr/bin/ceph: stderr
2024-04-26T22:19:01.247+0000 7f04027c8700 1 -- 172.21.15.8:0/3279201324 --> [v2:172.21.15.8:3300/0,v1:172.21.15.8:6789/0] -- mon_command({"prefix": "get_command_descriptions"} v 0) -- 0x7f03fc064a80 con 0x7f03fc108ef0
2024-04-26T22:19:02.089 INFO:teuthology.orchestra.run.smithi008.stdout:/usr/bin/ceph: stderr
2024-04-26T22:19:01.247+0000 7f03f97fa700 1 -- 172.21.15.8:0/3279201324 <== mon.0 v2:172.21.15.8:3300/0 4 ==== mgrmap(e 8) ==== 46558+0+0 (secure 0 0 0) 0x7f03ec003840 con 0x7f03fc108ef0
2024-04-26T22:19:02.089 INFO:teuthology.orchestra.run.smithi008.stdout:/usr/bin/ceph: stderr
2024-04-26T22:19:01.248+0000 7f03f97fa700 1 --2- 172.21.15.8:0/3279201324 >> [v2:172.21.15.8:6800/3850582580,v1:172.21.15.8:6801/3850582580] conn(0x7f03e4039560 0x7f03e403ba20 unknown :-1 s=NONE pgs=0 cs=0 l=1 rev1=0 crypto rx=0 tx=0 comp rx=0 tx=0).connect
2024-04-26T22:19:02.089 INFO:teuthology.orchestra.run.smithi008.stdout:/usr/bin/ceph: stderr
2024-04-26T22:19:01.248+0000 7f03f97fa700 1 -- 172.21.15.8:0/3279201324 <== mon.0 v2:172.21.15.8:3300/0 5 ==== osd_map(2..2 src has 1..2) ==== 940+0+0 (secure 0 0 0) 0x7f03ec04d8c0 con 0x7f03fc108ef0
2024-04-26T22:19:02.089 INFO:teuthology.orchestra.run.smithi008.stdout:/usr/bin/ceph: stderr
2024-04-26T22:19:01.248+0000 7f03fb7fe700 1 --2- 172.21.15.8:0/3279201324 >> [v2:172.21.15.8:6800/3850582580,v1:172.21.15.8:6801/3850582580] conn(0x7f03e4039560 0x7f03e403ba20 unknown :-1 s=BANNER_CONNECTING pgs=0 cs=0 l=1 rev1=0 crypto rx=0 tx=0 comp rx=0 tx=0)._handle_peer_banner_payload supported=3 required=0
2024-04-26T22:19:02.089 INFO:teuthology.orchestra.run.smithi008.stdout:/usr/bin/ceph: stderr
2024-04-26T22:19:01.248+0000 7f03fb7fe700 1 --2- 172.21.15.8:0/3279201324 >> [v2:172.21.15.8:6800/3850582580,v1:172.21.15.8:6801/3850582580] conn(0x7f03e4039560 0x7f03e403ba20 secure :-1 s=READY pgs=7 cs=0 l=1 rev1=1 crypto rx=0x7f03f0006fd0 tx=0x7f03f0006e40 comp rx=0 tx=0).ready entity=mgr.14120 client_cookie=0 server_cookie=0 in_seq=0 out_seq=0
2024-04-26T22:19:02.089 INFO:teuthology.orchestra.run.smithi008.stdout:/usr/bin/ceph: stderr
2024-04-26T22:19:01.253+0000 7f03f97fa700 1 -- 172.21.15.8:0/3279201324 <== mon.0 v2:172.21.15.8:3300/0 6 ==== mon_command_ack([{"prefix": "get_command_descriptions"}]=0 v0) ==== 72+0+188494 (secure 0 0 0) 0x7f03ec003b30 con 0x7f03fc108ef0
2024-04-26T22:19:02.089 INFO:teuthology.orchestra.run.smithi008.stdout:/usr/bin/ceph: stderr
2024-04-26T22:19:01.477+0000 7f04027c8700 1 -- 172.21.15.8:0/3279201324 --> [v2:172.21.15.8:6800/3850582580,v1:172.21.15.8:6801/3850582580] -- mgr_command(tid 0: {"prefix": "orch set backend", "module_name": "cephadm", "target": ["mon-mgr", ""]}) -- 0x7f03fc105760 con 0x7f03e4039560
2024-04-26T22:19:02.089 INFO:teuthology.orchestra.run.smithi008.stdout:/usr/bin/ceph: stderr
2024-04-26T22:19:01.482+0000 7f03f97fa700 1 -- 172.21.15.8:0/3279201324 <== mgr.14120 v2:172.21.15.8:6800/3850582580 1 ==== mgr_command_reply(tid 0: 0 ) ==== 8+0+0 (secure 0 0 0) 0x7f03fc105760 con 0x7f03e4039560
2024-04-26T22:19:02.089 INFO:teuthology.orchestra.run.smithi008.stdout:/usr/bin/ceph: stderr
2024-04-26T22:19:01.484+0000 7f04027c8700 1 -- 172.21.15.8:0/3279201324 >> [v2:172.21.15.8:6800/3850582580,v1:172.21.15.8:6801/3850582580] conn(0x7f03e4039560 msgr2=0x7f03e403ba20 secure :-1 s=STATE_CONNECTION_ESTABLISHED l=1).mark_down
2024-04-26T22:19:02.089 INFO:teuthology.orchestra.run.smithi008.stdout:/usr/bin/ceph: stderr
2024-04-26T22:19:01.484+0000 7f04027c8700 1 --2- 172.21.15.8:0/3279201324 >> [v2:172.21.15.8:6800/3850582580,v1:172.21.15.8:6801/3850582580] conn(0x7f03e4039560 0x7f03e403ba20 secure :-1 s=READY pgs=7 cs=0 l=1 rev1=1 crypto rx=0x7f03f0006fd0 tx=0x7f03f0006e40 comp rx=0 tx=0).stop
2024-04-26T22:19:02.090 INFO:teuthology.orchestra.run.smithi008.stdout:/usr/bin/ceph: stderr
2024-04-26T22:19:01.484+0000 7f04027c8700 1 -- 172.21.15.8:0/3279201324 >> [v2:172.21.15.8:3300/0,v1:172.21.15.8:6789/0] conn(0x7f03fc108ef0 msgr2=0x7f03fc19cda0 secure :-1 s=STATE_CONNECTION_ESTABLISHED l=1).mark_down
2024-04-26T22:19:02.090 INFO:teuthology.orchestra.run.smithi008.stdout:/usr/bin/ceph: stderr
2024-04-26T22:19:01.484+0000 7f04027c8700 1 --2- 172.21.15.8:0/3279201324 >> [v2:172.21.15.8:3300/0,v1:172.21.15.8:6789/0] conn(0x7f03fc108ef0 0x7f03fc19cda0 secure :-1 s=READY pgs=38 cs=0 l=1 rev1=1 crypto rx=0x7f03ec009fb0 tx=0x7f03ec011940 comp rx=0 tx=0).stop
2024-04-26T22:19:02.090 INFO:teuthology.orchestra.run.smithi008.stdout:/usr/bin/ceph: stderr
2024-04-26T22:19:01.484+0000 7f04027c8700 1 -- 172.21.15.8:0/3279201324 shutdown_connections
2024-04-26T22:19:02.090 INFO:teuthology.orchestra.run.smithi008.stdout:/usr/bin/ceph: stderr
2024-04-26T22:19:01.484+0000 7f04027c8700 1 --2- 172.21.15.8:0/3279201324 >> [v2:172.21.15.8:6800/3850582580,v1:172.21.15.8:6801/3850582580] conn(0x7f03e4039560 0x7f03e403ba20 unknown :-1 s=CLOSED pgs=7 cs=0 l=1 rev1=1 crypto rx=0 tx=0 comp rx=0 tx=0).stop
2024-04-26T22:19:02.090 INFO:teuthology.orchestra.run.smithi008.stdout:/usr/bin/ceph: stderr
2024-04-26T22:19:01.484+0000 7f04027c8700 1 --2- 172.21.15.8:0/3279201324 >> [v2:172.21.15.8:3300/0,v1:172.21.15.8:6789/0] conn(0x7f03fc108ef0 0x7f03fc19cda0 unknown :-1 s=CLOSED pgs=38 cs=0 l=1 rev1=1 crypto rx=0 tx=0 comp rx=0 tx=0).stop
2024-04-26T22:19:02.090 INFO:teuthology.orchestra.run.smithi008.stdout:/usr/bin/ceph: stderr
2024-04-26T22:19:01.484+0000 7f04027c8700 1 -- 172.21.15.8:0/3279201324 >> 172.21.15.8:0/3279201324 conn(0x7f03fc104540 msgr2=0x7f03fc105050 unknown :-1 s=STATE_NONE l=0).mark_down
2024-04-26T22:19:02.090 INFO:teuthology.orchestra.run.smithi008.stdout:/usr/bin/ceph: stderr
2024-04-26T22:19:01.484+0000 7f04027c8700 1 -- 172.21.15.8:0/3279201324 shutdown_connections
2024-04-26T22:19:02.090 INFO:teuthology.orchestra.run.smithi008.stdout:/usr/bin/ceph: stderr
2024-04-26T22:19:01.484+0000 7f04027c8700 1 -- 172.21.15.8:0/3279201324 wait complete.
2024-04-26T22:19:02.448 INFO:journalctl@ceph.mon.a.smithi008.stdout:Apr 26 22:19:02 smithi008 ceph-mon[29221]: mgrmap e8: x(active, since 2s)
2024-04-26T22:19:02.448 INFO:journalctl@ceph.mon.a.smithi008.stdout:Apr 26 22:19:02 smithi008 ceph-mon[29221]: [26/Apr/2024:22:19:01] ENGINE Bus STARTING
2024-04-26T22:19:02.448 INFO:journalctl@ceph.mon.a.smithi008.stdout:Apr 26 22:19:02 smithi008 ceph-mon[29221]: from='client.14132 -' entity='client.admin' cmd=[{"prefix": "orch set backend", "module_name": "cephadm", "target": ["mon-mgr", ""]}]: dispatch
2024-04-26T22:19:02.448 INFO:journalctl@ceph.mon.a.smithi008.stdout:Apr 26 22:19:02 smithi008 ceph-mon[29221]: from='mgr.14120 172.21.15.8:0/2760773289' entity='mgr.x'
2024-04-26T22:19:02.448 INFO:journalctl@ceph.mon.a.smithi008.stdout:Apr 26 22:19:02 smithi008 ceph-mon[29221]: from='mgr.14120 172.21.15.8:0/2760773289' entity='mgr.x' cmd=[{"prefix": "config dump", "format": "json"}]: dispatch
2024-04-26T22:19:02.448 INFO:journalctl@ceph.mon.a.smithi008.stdout:Apr 26 22:19:02 smithi008 ceph-mon[29221]: [26/Apr/2024:22:19:01] ENGINE Serving on https://172.21.15.8:7150
2024-04-26T22:19:02.448 INFO:journalctl@ceph.mon.a.smithi008.stdout:Apr 26 22:19:02 smithi008 ceph-mon[29221]: [26/Apr/2024:22:19:01] ENGINE Serving on http://172.21.15.8:8765
2024-04-26T22:19:02.448 INFO:journalctl@ceph.mon.a.smithi008.stdout:Apr 26 22:19:02 smithi008 ceph-mon[29221]: [26/Apr/2024:22:19:01] ENGINE Bus STARTED
2024-04-26T22:19:02.448 INFO:journalctl@ceph.mon.a.smithi008.stdout:Apr 26 22:19:02 smithi008 ceph-mon[29221]: from='mgr.14120 172.21.15.8:0/2760773289' entity='mgr.x' cmd=[{"prefix": "config dump", "format": "json"}]: dispatch
2024-04-26T22:19:03.318 INFO:journalctl@ceph.mon.a.smithi008.stdout:Apr 26 22:19:03 smithi008 ceph-mon[29221]: from='client.14134 -' entity='client.admin' cmd=[{"prefix": "cephadm set-user", "user": "root", "target": ["mon-mgr", ""]}]: dispatch
2024-04-26T22:19:03.321 INFO:teuthology.orchestra.run.smithi008.stdout:/usr/bin/ceph: stdout value unchanged
2024-04-26T22:19:03.327 INFO:teuthology.orchestra.run.smithi008.stdout:/usr/bin/ceph: stderr
2024-04-26T22:19:02.487+0000 7fb6bb5a8700 1 Processor -- start
2024-04-26T22:19:03.327 INFO:teuthology.orchestra.run.smithi008.stdout:/usr/bin/ceph: stderr
2024-04-26T22:19:02.488+0000 7fb6bb5a8700 1 -- start start
2024-04-26T22:19:03.327 INFO:teuthology.orchestra.run.smithi008.stdout:/usr/bin/ceph: stderr
2024-04-26T22:19:02.488+0000 7fb6bb5a8700 1 --2- >> [v2:172.21.15.8:3300/0,v1:172.21.15.8:6789/0] conn(0x7fb6b4108eb0 0x7fb6b41092d0 unknown :-1 s=NONE pgs=0 cs=0 l=0 rev1=0 crypto rx=0 tx=0 comp rx=0 tx=0).connect
2024-04-26T22:19:03.327 INFO:teuthology.orchestra.run.smithi008.stdout:/usr/bin/ceph: stderr
2024-04-26T22:19:02.488+0000 7fb6bb5a8700 1 -- --> [v2:172.21.15.8:3300/0,v1:172.21.15.8:6789/0] -- mon_getmap magic: 0 -- 0x7fb6b4109810 con 0x7fb6b4108eb0
2024-04-26T22:19:03.327 INFO:teuthology.orchestra.run.smithi008.stdout:/usr/bin/ceph: stderr
2024-04-26T22:19:02.488+0000 7fb6b9344700 1 --2- >> [v2:172.21.15.8:3300/0,v1:172.21.15.8:6789/0] conn(0x7fb6b4108eb0 0x7fb6b41092d0 unknown :-1 s=BANNER_CONNECTING pgs=0 cs=0 l=0 rev1=0 crypto rx=0 tx=0 comp rx=0 tx=0)._handle_peer_banner_payload supported=3 required=0
2024-04-26T22:19:03.327 INFO:teuthology.orchestra.run.smithi008.stdout:/usr/bin/ceph: stderr
2024-04-26T22:19:02.488+0000 7fb6b9344700 1 --2- >> [v2:172.21.15.8:3300/0,v1:172.21.15.8:6789/0] conn(0x7fb6b4108eb0 0x7fb6b41092d0 unknown :-1 s=HELLO_CONNECTING pgs=0 cs=0 l=0 rev1=1 crypto rx=0 tx=0 comp rx=0 tx=0).handle_hello peer v2:172.21.15.8:3300/0 says I am v2:172.21.15.8:44456/0 (socket says 172.21.15.8:44456)
2024-04-26T22:19:03.327 INFO:teuthology.orchestra.run.smithi008.stdout:/usr/bin/ceph: stderr
2024-04-26T22:19:02.488+0000 7fb6b9344700 1 -- 172.21.15.8:0/2496174273 learned_addr learned my addr 172.21.15.8:0/2496174273 (peer_addr_for_me v2:172.21.15.8:0/0)
2024-04-26T22:19:03.327 INFO:teuthology.orchestra.run.smithi008.stdout:/usr/bin/ceph: stderr
2024-04-26T22:19:02.488+0000 7fb6b9344700 1 -- 172.21.15.8:0/2496174273 --> [v2:172.21.15.8:3300/0,v1:172.21.15.8:6789/0] -- mon_subscribe({config=0+,monmap=0+}) -- 0x7fb6b4109fc0 con 0x7fb6b4108eb0
2024-04-26T22:19:03.327 INFO:teuthology.orchestra.run.smithi008.stdout:/usr/bin/ceph: stderr
2024-04-26T22:19:02.488+0000 7fb6b9344700 1 --2- 172.21.15.8:0/2496174273 >> [v2:172.21.15.8:3300/0,v1:172.21.15.8:6789/0] conn(0x7fb6b4108eb0 0x7fb6b41092d0 secure :-1 s=READY pgs=39 cs=0 l=1 rev1=1 crypto rx=0x7fb6a40098a0 tx=0x7fb6a4009bb0 comp rx=0 tx=0).ready entity=mon.0 client_cookie=8272ae6c646a0091 server_cookie=0 in_seq=0 out_seq=0
2024-04-26T22:19:03.327 INFO:teuthology.orchestra.run.smithi008.stdout:/usr/bin/ceph: stderr
2024-04-26T22:19:02.489+0000 7fb6abfff700 1 -- 172.21.15.8:0/2496174273 <== mon.0 v2:172.21.15.8:3300/0 1 ==== mon_map magic: 0 ==== 205+0+0 (secure 0 0 0) 0x7fb6a4004160 con 0x7fb6b4108eb0
2024-04-26T22:19:03.327 INFO:teuthology.orchestra.run.smithi008.stdout:/usr/bin/ceph: stderr
2024-04-26T22:19:02.489+0000 7fb6abfff700 1 -- 172.21.15.8:0/2496174273 <== mon.0 v2:172.21.15.8:3300/0 2 ==== config(26 keys) ==== 1070+0+0 (secure 0 0 0) 0x7fb6a4004300 con 0x7fb6b4108eb0
2024-04-26T22:19:03.328 INFO:teuthology.orchestra.run.smithi008.stdout:/usr/bin/ceph: stderr
2024-04-26T22:19:02.489+0000 7fb6abfff700 1 -- 172.21.15.8:0/2496174273 <== mon.0 v2:172.21.15.8:3300/0 3 ==== mon_map magic: 0 ==== 205+0+0 (secure 0 0 0) 0x7fb6a4011af0 con 0x7fb6b4108eb0
2024-04-26T22:19:03.328 INFO:teuthology.orchestra.run.smithi008.stdout:/usr/bin/ceph: stderr
2024-04-26T22:19:02.489+0000 7fb6bb5a8700 1 -- 172.21.15.8:0/2496174273 >> [v2:172.21.15.8:3300/0,v1:172.21.15.8:6789/0] conn(0x7fb6b4108eb0 msgr2=0x7fb6b41092d0 secure :-1 s=STATE_CONNECTION_ESTABLISHED l=1).mark_down
2024-04-26T22:19:03.328 INFO:teuthology.orchestra.run.smithi008.stdout:/usr/bin/ceph: stderr
2024-04-26T22:19:02.489+0000 7fb6bb5a8700 1 --2- 172.21.15.8:0/2496174273 >> [v2:172.21.15.8:3300/0,v1:172.21.15.8:6789/0] conn(0x7fb6b4108eb0 0x7fb6b41092d0 secure :-1 s=READY pgs=39 cs=0 l=1 rev1=1 crypto rx=0x7fb6a40098a0 tx=0x7fb6a4009bb0 comp rx=0 tx=0).stop
2024-04-26T22:19:03.328 INFO:teuthology.orchestra.run.smithi008.stdout:/usr/bin/ceph: stderr
2024-04-26T22:19:02.489+0000 7fb6bb5a8700 1 -- 172.21.15.8:0/2496174273 shutdown_connections
2024-04-26T22:19:03.328 INFO:teuthology.orchestra.run.smithi008.stdout:/usr/bin/ceph: stderr
2024-04-26T22:19:02.489+0000 7fb6bb5a8700 1 --2- 172.21.15.8:0/2496174273 >> [v2:172.21.15.8:3300/0,v1:172.21.15.8:6789/0] conn(0x7fb6b4108eb0 0x7fb6b41092d0 unknown :-1 s=CLOSED pgs=39 cs=0 l=1 rev1=1 crypto rx=0 tx=0 comp rx=0 tx=0).stop
2024-04-26T22:19:03.328 INFO:teuthology.orchestra.run.smithi008.stdout:/usr/bin/ceph: stderr
2024-04-26T22:19:02.489+0000 7fb6bb5a8700 1 -- 172.21.15.8:0/2496174273 >> 172.21.15.8:0/2496174273 conn(0x7fb6b41044b0 msgr2=0x7fb6b41068d0 unknown :-1 s=STATE_NONE l=0).mark_down
2024-04-26T22:19:03.328 INFO:teuthology.orchestra.run.smithi008.stdout:/usr/bin/ceph: stderr
2024-04-26T22:19:02.489+0000 7fb6bb5a8700 1 -- 172.21.15.8:0/2496174273 shutdown_connections
2024-04-26T22:19:03.328 INFO:teuthology.orchestra.run.smithi008.stdout:/usr/bin/ceph: stderr
2024-04-26T22:19:02.489+0000 7fb6bb5a8700 1 -- 172.21.15.8:0/2496174273 wait complete.
2024-04-26T22:19:03.328 INFO:teuthology.orchestra.run.smithi008.stdout:/usr/bin/ceph: stderr
2024-04-26T22:19:02.490+0000 7fb6bb5a8700 1 Processor -- start
2024-04-26T22:19:03.328 INFO:teuthology.orchestra.run.smithi008.stdout:/usr/bin/ceph: stderr
2024-04-26T22:19:02.490+0000 7fb6bb5a8700 1 -- start start
2024-04-26T22:19:03.328 INFO:teuthology.orchestra.run.smithi008.stdout:/usr/bin/ceph: stderr
2024-04-26T22:19:02.490+0000 7fb6bb5a8700 1 --2- >> [v2:172.21.15.8:3300/0,v1:172.21.15.8:6789/0] conn(0x7fb6b4108eb0 0x7fb6b407f3f0 unknown :-1 s=NONE pgs=0 cs=0 l=1 rev1=0 crypto rx=0 tx=0 comp rx=0 tx=0).connect
2024-04-26T22:19:03.328 INFO:teuthology.orchestra.run.smithi008.stdout:/usr/bin/ceph: stderr
2024-04-26T22:19:02.490+0000 7fb6bb5a8700 1 -- --> [v2:172.21.15.8:3300/0,v1:172.21.15.8:6789/0] -- mon_getmap magic: 0 -- 0x7fb6b410d280 con 0x7fb6b4108eb0
2024-04-26T22:19:03.328 INFO:teuthology.orchestra.run.smithi008.stdout:/usr/bin/ceph: stderr
2024-04-26T22:19:02.490+0000 7fb6b9344700 1 --2- >> [v2:172.21.15.8:3300/0,v1:172.21.15.8:6789/0] conn(0x7fb6b4108eb0 0x7fb6b407f3f0 unknown :-1 s=BANNER_CONNECTING pgs=0 cs=0 l=1 rev1=0 crypto rx=0 tx=0 comp rx=0 tx=0)._handle_peer_banner_payload supported=3 required=0
2024-04-26T22:19:03.328 INFO:teuthology.orchestra.run.smithi008.stdout:/usr/bin/ceph: stderr
2024-04-26T22:19:02.490+0000 7fb6b9344700 1 --2- >> [v2:172.21.15.8:3300/0,v1:172.21.15.8:6789/0] conn(0x7fb6b4108eb0 0x7fb6b407f3f0 unknown :-1 s=HELLO_CONNECTING pgs=0 cs=0 l=1 rev1=1 crypto rx=0 tx=0 comp rx=0 tx=0).handle_hello peer v2:172.21.15.8:3300/0 says I am v2:172.21.15.8:44470/0 (socket says 172.21.15.8:44470)
2024-04-26T22:19:03.329 INFO:teuthology.orchestra.run.smithi008.stdout:/usr/bin/ceph: stderr
2024-04-26T22:19:02.490+0000 7fb6b9344700 1 -- 172.21.15.8:0/2682345831 learned_addr learned my addr 172.21.15.8:0/2682345831 (peer_addr_for_me v2:172.21.15.8:0/0)
2024-04-26T22:19:03.329 INFO:teuthology.orchestra.run.smithi008.stdout:/usr/bin/ceph: stderr
2024-04-26T22:19:02.491+0000 7fb6b9344700 1 -- 172.21.15.8:0/2682345831 --> [v2:172.21.15.8:3300/0,v1:172.21.15.8:6789/0] -- mon_subscribe({config=0+,monmap=0+}) -- 0x7fb6b407f930 con 0x7fb6b4108eb0
2024-04-26T22:19:03.329 INFO:teuthology.orchestra.run.smithi008.stdout:/usr/bin/ceph: stderr
2024-04-26T22:19:02.491+0000 7fb6b9344700 1 --2- 172.21.15.8:0/2682345831 >> [v2:172.21.15.8:3300/0,v1:172.21.15.8:6789/0] conn(0x7fb6b4108eb0 0x7fb6b407f3f0 secure :-1 s=READY pgs=40 cs=0 l=1 rev1=1 crypto rx=0x7fb6a4011670 tx=0x7fb6a4004250 comp rx=0 tx=0).ready entity=mon.0 client_cookie=0 server_cookie=0 in_seq=0 out_seq=0
2024-04-26T22:19:03.329 INFO:teuthology.orchestra.run.smithi008.stdout:/usr/bin/ceph: stderr
2024-04-26T22:19:02.491+0000 7fb6aa7fc700 1 -- 172.21.15.8:0/2682345831 <== mon.0 v2:172.21.15.8:3300/0 1 ==== mon_map magic: 0 ==== 205+0+0 (secure 0 0 0) 0x7fb6a40036a0 con 0x7fb6b4108eb0
2024-04-26T22:19:03.329 INFO:teuthology.orchestra.run.smithi008.stdout:/usr/bin/ceph: stderr
2024-04-26T22:19:02.491+0000 7fb6aa7fc700 1 -- 172.21.15.8:0/2682345831 <== mon.0 v2:172.21.15.8:3300/0 2 ==== config(26 keys) ==== 1070+0+0 (secure 0 0 0) 0x7fb6a4003cd0 con 0x7fb6b4108eb0
2024-04-26T22:19:03.329 INFO:teuthology.orchestra.run.smithi008.stdout:/usr/bin/ceph: stderr
2024-04-26T22:19:02.491+0000 7fb6bb5a8700 1 -- 172.21.15.8:0/2682345831 --> [v2:172.21.15.8:3300/0,v1:172.21.15.8:6789/0] -- mon_subscribe({mgrmap=0+}) -- 0x7fb6b407db20 con 0x7fb6b4108eb0
2024-04-26T22:19:03.329 INFO:teuthology.orchestra.run.smithi008.stdout:/usr/bin/ceph: stderr
2024-04-26T22:19:02.491+0000 7fb6aa7fc700 1 -- 172.21.15.8:0/2682345831 <== mon.0 v2:172.21.15.8:3300/0 3 ==== mon_map magic: 0 ==== 205+0+0 (secure 0 0 0) 0x7fb6a4024e40 con 0x7fb6b4108eb0
2024-04-26T22:19:03.329 INFO:teuthology.orchestra.run.smithi008.stdout:/usr/bin/ceph: stderr
2024-04-26T22:19:02.491+0000 7fb6bb5a8700 1 -- 172.21.15.8:0/2682345831 --> [v2:172.21.15.8:3300/0,v1:172.21.15.8:6789/0] -- mon_subscribe({osdmap=0}) -- 0x7fb6b407e060 con 0x7fb6b4108eb0
2024-04-26T22:19:03.329 INFO:teuthology.orchestra.run.smithi008.stdout:/usr/bin/ceph: stderr
2024-04-26T22:19:02.492+0000 7fb6aa7fc700 1 -- 172.21.15.8:0/2682345831 <== mon.0 v2:172.21.15.8:3300/0 4 ==== mgrmap(e 8) ==== 46558+0+0 (secure 0 0 0) 0x7fb6a4003840 con 0x7fb6b4108eb0
2024-04-26T22:19:03.329 INFO:teuthology.orchestra.run.smithi008.stdout:/usr/bin/ceph: stderr
2024-04-26T22:19:02.492+0000 7fb6bb5a8700 1 -- 172.21.15.8:0/2682345831 --> [v2:172.21.15.8:3300/0,v1:172.21.15.8:6789/0] -- mon_command({"prefix": "get_command_descriptions"} v 0) -- 0x7fb6b406a560 con 0x7fb6b4108eb0
2024-04-26T22:19:03.329 INFO:teuthology.orchestra.run.smithi008.stdout:/usr/bin/ceph: stderr
2024-04-26T22:19:02.492+0000 7fb6aa7fc700 1 --2- 172.21.15.8:0/2682345831 >> [v2:172.21.15.8:6800/3850582580,v1:172.21.15.8:6801/3850582580] conn(0x7fb6a00395b0 0x7fb6a003ba70 unknown :-1 s=NONE pgs=0 cs=0 l=1 rev1=0 crypto rx=0 tx=0 comp rx=0 tx=0).connect
2024-04-26T22:19:03.329 INFO:teuthology.orchestra.run.smithi008.stdout:/usr/bin/ceph: stderr
2024-04-26T22:19:02.492+0000 7fb6aa7fc700 1 -- 172.21.15.8:0/2682345831 <== mon.0 v2:172.21.15.8:3300/0 5 ==== osd_map(2..2 src has 1..2) ==== 940+0+0 (secure 0 0 0) 0x7fb6a404d7b0 con 0x7fb6b4108eb0
2024-04-26T22:19:03.329 INFO:teuthology.orchestra.run.smithi008.stdout:/usr/bin/ceph: stderr
2024-04-26T22:19:02.492+0000 7fb6b8b43700 1 --2- 172.21.15.8:0/2682345831 >> [v2:172.21.15.8:6800/3850582580,v1:172.21.15.8:6801/3850582580] conn(0x7fb6a00395b0 0x7fb6a003ba70 unknown :-1 s=BANNER_CONNECTING pgs=0 cs=0 l=1 rev1=0 crypto rx=0 tx=0 comp rx=0 tx=0)._handle_peer_banner_payload supported=3 required=0
2024-04-26T22:19:03.329 INFO:teuthology.orchestra.run.smithi008.stdout:/usr/bin/ceph: stderr
2024-04-26T22:19:02.493+0000 7fb6b8b43700 1 --2- 172.21.15.8:0/2682345831 >> [v2:172.21.15.8:6800/3850582580,v1:172.21.15.8:6801/3850582580] conn(0x7fb6a00395b0 0x7fb6a003ba70 secure :-1 s=READY pgs=8 cs=0 l=1 rev1=1 crypto rx=0x7fb6b0006fd0 tx=0x7fb6b0006e40 comp rx=0 tx=0).ready entity=mgr.14120 client_cookie=0 server_cookie=0 in_seq=0 out_seq=0
2024-04-26T22:19:03.330 INFO:teuthology.orchestra.run.smithi008.stdout:/usr/bin/ceph: stderr
2024-04-26T22:19:02.497+0000 7fb6aa7fc700 1 -- 172.21.15.8:0/2682345831 <== mon.0 v2:172.21.15.8:3300/0 6 ==== mon_command_ack([{"prefix": "get_command_descriptions"}]=0 v0) ==== 72+0+188494 (secure 0 0 0) 0x7fb6a400f2e0 con 0x7fb6b4108eb0
2024-04-26T22:19:03.330 INFO:teuthology.orchestra.run.smithi008.stdout:/usr/bin/ceph: stderr
2024-04-26T22:19:02.707+0000 7fb6bb5a8700 1 -- 172.21.15.8:0/2682345831 --> [v2:172.21.15.8:6800/3850582580,v1:172.21.15.8:6801/3850582580] -- mgr_command(tid 0: {"prefix": "cephadm set-user", "user": "root", "target": ["mon-mgr", ""]}) -- 0x7fb6b407e8c0 con 0x7fb6a00395b0
2024-04-26T22:19:03.330 INFO:teuthology.orchestra.run.smithi008.stdout:/usr/bin/ceph: stderr
2024-04-26T22:19:02.707+0000 7fb6aa7fc700 1 -- 172.21.15.8:0/2682345831 <== mgr.14120 v2:172.21.15.8:6800/3850582580 1 ==== mgr_command_reply(tid 0: 0 ) ==== 8+0+16 (secure 0 0 0) 0x7fb6b407e8c0 con 0x7fb6a00395b0
2024-04-26T22:19:03.330 INFO:teuthology.orchestra.run.smithi008.stdout:/usr/bin/ceph: stderr
2024-04-26T22:19:02.710+0000 7fb6bb5a8700 1 -- 172.21.15.8:0/2682345831 >> [v2:172.21.15.8:6800/3850582580,v1:172.21.15.8:6801/3850582580] conn(0x7fb6a00395b0 msgr2=0x7fb6a003ba70 secure :-1 s=STATE_CONNECTION_ESTABLISHED l=1).mark_down
2024-04-26T22:19:03.330 INFO:teuthology.orchestra.run.smithi008.stdout:/usr/bin/ceph: stderr
2024-04-26T22:19:02.710+0000 7fb6bb5a8700 1 --2- 172.21.15.8:0/2682345831 >> [v2:172.21.15.8:6800/3850582580,v1:172.21.15.8:6801/3850582580] conn(0x7fb6a00395b0 0x7fb6a003ba70 secure :-1 s=READY pgs=8 cs=0 l=1 rev1=1 crypto rx=0x7fb6b0006fd0 tx=0x7fb6b0006e40 comp rx=0 tx=0).stop
2024-04-26T22:19:03.330 INFO:teuthology.orchestra.run.smithi008.stdout:/usr/bin/ceph: stderr
2024-04-26T22:19:02.710+0000 7fb6bb5a8700 1 -- 172.21.15.8:0/2682345831 >> [v2:172.21.15.8:3300/0,v1:172.21.15.8:6789/0] conn(0x7fb6b4108eb0 msgr2=0x7fb6b407f3f0 secure :-1 s=STATE_CONNECTION_ESTABLISHED l=1).mark_down
2024-04-26T22:19:03.330 INFO:teuthology.orchestra.run.smithi008.stdout:/usr/bin/ceph: stderr
2024-04-26T22:19:02.710+0000 7fb6bb5a8700 1 --2- 172.21.15.8:0/2682345831 >> [v2:172.21.15.8:3300/0,v1:172.21.15.8:6789/0] conn(0x7fb6b4108eb0 0x7fb6b407f3f0 secure :-1 s=READY pgs=40 cs=0 l=1 rev1=1 crypto rx=0x7fb6a4011670 tx=0x7fb6a4004250 comp rx=0 tx=0).stop
2024-04-26T22:19:03.330 INFO:teuthology.orchestra.run.smithi008.stdout:/usr/bin/ceph: stderr
2024-04-26T22:19:02.710+0000 7fb6bb5a8700 1 -- 172.21.15.8:0/2682345831 shutdown_connections
2024-04-26T22:19:03.330 INFO:teuthology.orchestra.run.smithi008.stdout:/usr/bin/ceph: stderr
2024-04-26T22:19:02.710+0000 7fb6bb5a8700 1 --2- 172.21.15.8:0/2682345831 >> [v2:172.21.15.8:6800/3850582580,v1:172.21.15.8:6801/3850582580] conn(0x7fb6a00395b0 0x7fb6a003ba70 unknown :-1 s=CLOSED pgs=8 cs=0 l=1 rev1=1 crypto rx=0 tx=0 comp rx=0 tx=0).stop
2024-04-26T22:19:03.330 INFO:teuthology.orchestra.run.smithi008.stdout:/usr/bin/ceph: stderr
2024-04-26T22:19:02.710+0000 7fb6bb5a8700 1 --2- 172.21.15.8:0/2682345831 >> [v2:172.21.15.8:3300/0,v1:172.21.15.8:6789/0] conn(0x7fb6b4108eb0 0x7fb6b407f3f0 unknown :-1 s=CLOSED pgs=40 cs=0 l=1 rev1=1 crypto rx=0 tx=0 comp rx=0 tx=0).stop
2024-04-26T22:19:03.330 INFO:teuthology.orchestra.run.smithi008.stdout:/usr/bin/ceph: stderr
2024-04-26T22:19:02.710+0000 7fb6bb5a8700 1 -- 172.21.15.8:0/2682345831 >> 172.21.15.8:0/2682345831 conn(0x7fb6b41044b0 msgr2=0x7fb6b4104ff0 unknown :-1 s=STATE_NONE l=0).mark_down
2024-04-26T22:19:03.330 INFO:teuthology.orchestra.run.smithi008.stdout:/usr/bin/ceph: stderr
2024-04-26T22:19:02.710+0000 7fb6bb5a8700 1 -- 172.21.15.8:0/2682345831 shutdown_connections
2024-04-26T22:19:03.330 INFO:teuthology.orchestra.run.smithi008.stdout:/usr/bin/ceph: stderr
2024-04-26T22:19:02.710+0000 7fb6bb5a8700 1 -- 172.21.15.8:0/2682345831 wait complete.
2024-04-26T22:19:03.330 INFO:teuthology.orchestra.run.smithi008.stdout:Generating ssh key...
2024-04-26T22:19:04.507 INFO:journalctl@ceph.mon.a.smithi008.stdout:Apr 26 22:19:04 smithi008 ceph-mon[29221]: from='client.14136 -' entity='client.admin' cmd=[{"prefix": "cephadm generate-key", "target": ["mon-mgr", ""]}]: dispatch
2024-04-26T22:19:04.507 INFO:journalctl@ceph.mon.a.smithi008.stdout:Apr 26 22:19:04 smithi008 ceph-mon[29221]: Generating ssh key...
2024-04-26T22:19:04.807 INFO:journalctl@ceph.mgr.x.smithi008.stdout:Apr 26 22:19:04 smithi008 ceph-b8b3e10c-041a-11ef-bc93-c7b262605968-mgr-x[29452]: Generating public/private rsa key pair.
2024-04-26T22:19:04.807 INFO:journalctl@ceph.mgr.x.smithi008.stdout:Apr 26 22:19:04 smithi008 ceph-b8b3e10c-041a-11ef-bc93-c7b262605968-mgr-x[29452]: Your identification has been saved in /tmp/tmpzyt7ym2c/key.
2024-04-26T22:19:04.807 INFO:journalctl@ceph.mgr.x.smithi008.stdout:Apr 26 22:19:04 smithi008 ceph-b8b3e10c-041a-11ef-bc93-c7b262605968-mgr-x[29452]: Your public key has been saved in /tmp/tmpzyt7ym2c/key.pub.
2024-04-26T22:19:04.807 INFO:journalctl@ceph.mgr.x.smithi008.stdout:Apr 26 22:19:04 smithi008 ceph-b8b3e10c-041a-11ef-bc93-c7b262605968-mgr-x[29452]: The key fingerprint is:
2024-04-26T22:19:04.808 INFO:journalctl@ceph.mgr.x.smithi008.stdout:Apr 26 22:19:04 smithi008 ceph-b8b3e10c-041a-11ef-bc93-c7b262605968-mgr-x[29452]: SHA256:7Jx8YrYz2IJVMnFulWNWe5BumE/TC+mfVYRmoWjDtZY ceph-b8b3e10c-041a-11ef-bc93-c7b262605968
2024-04-26T22:19:04.808 INFO:journalctl@ceph.mgr.x.smithi008.stdout:Apr 26 22:19:04 smithi008 ceph-b8b3e10c-041a-11ef-bc93-c7b262605968-mgr-x[29452]: The key's randomart image is:
2024-04-26T22:19:04.808 INFO:journalctl@ceph.mgr.x.smithi008.stdout:Apr 26 22:19:04 smithi008 ceph-b8b3e10c-041a-11ef-bc93-c7b262605968-mgr-x[29452]: +---[RSA 3072]----+
2024-04-26T22:19:04.808 INFO:journalctl@ceph.mgr.x.smithi008.stdout:Apr 26 22:19:04 smithi008 ceph-b8b3e10c-041a-11ef-bc93-c7b262605968-mgr-x[29452]: | o+..o |
2024-04-26T22:19:04.808 INFO:journalctl@ceph.mgr.x.smithi008.stdout:Apr 26 22:19:04 smithi008 ceph-b8b3e10c-041a-11ef-bc93-c7b262605968-mgr-x[29452]: | . ..*o.*+ .|
2024-04-26T22:19:04.808 INFO:journalctl@ceph.mgr.x.smithi008.stdout:Apr 26 22:19:04 smithi008 ceph-b8b3e10c-041a-11ef-bc93-c7b262605968-mgr-x[29452]: | + +==E=.. |
2024-04-26T22:19:04.808 INFO:journalctl@ceph.mgr.x.smithi008.stdout:Apr 26 22:19:04 smithi008 ceph-b8b3e10c-041a-11ef-bc93-c7b262605968-mgr-x[29452]: | o.+.ooB.. .|
2024-04-26T22:19:04.808 INFO:journalctl@ceph.mgr.x.smithi008.stdout:Apr 26 22:19:04 smithi008 ceph-b8b3e10c-041a-11ef-bc93-c7b262605968-mgr-x[29452]: | =S = o ..|
2024-04-26T22:19:04.808 INFO:journalctl@ceph.mgr.x.smithi008.stdout:Apr 26 22:19:04 smithi008 ceph-b8b3e10c-041a-11ef-bc93-c7b262605968-mgr-x[29452]: | .+ . o . .|
2024-04-26T22:19:04.808 INFO:journalctl@ceph.mgr.x.smithi008.stdout:Apr 26 22:19:04 smithi008 ceph-b8b3e10c-041a-11ef-bc93-c7b262605968-mgr-x[29452]: | o oO . . o |
2024-04-26T22:19:04.808 INFO:journalctl@ceph.mgr.x.smithi008.stdout:Apr 26 22:19:04 smithi008 ceph-b8b3e10c-041a-11ef-bc93-c7b262605968-mgr-x[29452]: | . oo++ o |
2024-04-26T22:19:04.808 INFO:journalctl@ceph.mgr.x.smithi008.stdout:Apr 26 22:19:04 smithi008 ceph-b8b3e10c-041a-11ef-bc93-c7b262605968-mgr-x[29452]: | ..o |
2024-04-26T22:19:04.808 INFO:journalctl@ceph.mgr.x.smithi008.stdout:Apr 26 22:19:04 smithi008 ceph-b8b3e10c-041a-11ef-bc93-c7b262605968-mgr-x[29452]: +----[SHA256]-----+
2024-04-26T22:19:05.091 INFO:teuthology.orchestra.run.smithi008.stdout:/usr/bin/ceph: stderr
2024-04-26T22:19:03.718+0000 7fc13d0cf700 1 Processor -- start
2024-04-26T22:19:05.091 INFO:teuthology.orchestra.run.smithi008.stdout:/usr/bin/ceph: stderr
2024-04-26T22:19:03.718+0000 7fc13d0cf700 1 -- start start
2024-04-26T22:19:05.091 INFO:teuthology.orchestra.run.smithi008.stdout:/usr/bin/ceph: stderr
2024-04-26T22:19:03.718+0000 7fc13d0cf700 1 --2- >> [v2:172.21.15.8:3300/0,v1:172.21.15.8:6789/0] conn(0x7fc138108eb0 0x7fc1381092d0 unknown :-1 s=NONE pgs=0 cs=0 l=0 rev1=0 crypto rx=0 tx=0 comp rx=0 tx=0).connect
2024-04-26T22:19:05.091 INFO:teuthology.orchestra.run.smithi008.stdout:/usr/bin/ceph: stderr
2024-04-26T22:19:03.718+0000 7fc13d0cf700 1 -- --> [v2:172.21.15.8:3300/0,v1:172.21.15.8:6789/0] -- mon_getmap magic: 0 -- 0x7fc138109810 con 0x7fc138108eb0
2024-04-26T22:19:05.091 INFO:teuthology.orchestra.run.smithi008.stdout:/usr/bin/ceph: stderr
2024-04-26T22:19:03.718+0000 7fc136d9d700 1 --2- >> [v2:172.21.15.8:3300/0,v1:172.21.15.8:6789/0] conn(0x7fc138108eb0 0x7fc1381092d0 unknown :-1 s=BANNER_CONNECTING pgs=0 cs=0 l=0 rev1=0 crypto rx=0 tx=0 comp rx=0 tx=0)._handle_peer_banner_payload supported=3 required=0
2024-04-26T22:19:05.092 INFO:teuthology.orchestra.run.smithi008.stdout:/usr/bin/ceph: stderr
2024-04-26T22:19:03.718+0000 7fc136d9d700 1 --2- >> [v2:172.21.15.8:3300/0,v1:172.21.15.8:6789/0] conn(0x7fc138108eb0 0x7fc1381092d0 unknown :-1 s=HELLO_CONNECTING pgs=0 cs=0 l=0 rev1=1 crypto rx=0 tx=0 comp rx=0 tx=0).handle_hello peer v2:172.21.15.8:3300/0 says I am v2:172.21.15.8:45292/0 (socket says 172.21.15.8:45292)
2024-04-26T22:19:05.092 INFO:teuthology.orchestra.run.smithi008.stdout:/usr/bin/ceph: stderr
2024-04-26T22:19:03.718+0000 7fc136d9d700 1 -- 172.21.15.8:0/1162531619 learned_addr learned my addr 172.21.15.8:0/1162531619 (peer_addr_for_me v2:172.21.15.8:0/0)
2024-04-26T22:19:05.092 INFO:teuthology.orchestra.run.smithi008.stdout:/usr/bin/ceph: stderr
2024-04-26T22:19:03.718+0000 7fc136d9d700 1 -- 172.21.15.8:0/1162531619 --> [v2:172.21.15.8:3300/0,v1:172.21.15.8:6789/0] -- mon_subscribe({config=0+,monmap=0+}) -- 0x7fc138109fc0 con 0x7fc138108eb0
2024-04-26T22:19:05.092 INFO:teuthology.orchestra.run.smithi008.stdout:/usr/bin/ceph: stderr
2024-04-26T22:19:03.719+0000 7fc136d9d700 1 --2- 172.21.15.8:0/1162531619 >> [v2:172.21.15.8:3300/0,v1:172.21.15.8:6789/0] conn(0x7fc138108eb0 0x7fc1381092d0 secure :-1 s=READY pgs=41 cs=0 l=1 rev1=1 crypto rx=0x7fc1280098a0 tx=0x7fc128009bb0 comp rx=0 tx=0).ready entity=mon.0 client_cookie=15d8f846d7c47196 server_cookie=0 in_seq=0 out_seq=0
2024-04-26T22:19:05.092 INFO:teuthology.orchestra.run.smithi008.stdout:/usr/bin/ceph: stderr
2024-04-26T22:19:03.719+0000 7fc135d9b700 1 -- 172.21.15.8:0/1162531619 <== mon.0 v2:172.21.15.8:3300/0 1 ==== mon_map magic: 0 ==== 205+0+0 (secure 0 0 0) 0x7fc128004160 con 0x7fc138108eb0
2024-04-26T22:19:05.092 INFO:teuthology.orchestra.run.smithi008.stdout:/usr/bin/ceph: stderr
2024-04-26T22:19:03.719+0000 7fc135d9b700 1 -- 172.21.15.8:0/1162531619 <== mon.0 v2:172.21.15.8:3300/0 2 ==== config(26 keys) ==== 1070+0+0 (secure 0 0 0) 0x7fc128004300 con 0x7fc138108eb0
2024-04-26T22:19:05.092 INFO:teuthology.orchestra.run.smithi008.stdout:/usr/bin/ceph: stderr
2024-04-26T22:19:03.719+0000 7fc135d9b700 1 -- 172.21.15.8:0/1162531619 <== mon.0 v2:172.21.15.8:3300/0 3 ==== mon_map magic: 0 ==== 205+0+0 (secure 0 0 0) 0x7fc128011af0 con 0x7fc138108eb0
2024-04-26T22:19:05.092 INFO:teuthology.orchestra.run.smithi008.stdout:/usr/bin/ceph: stderr
2024-04-26T22:19:03.719+0000 7fc13d0cf700 1 -- 172.21.15.8:0/1162531619 >> [v2:172.21.15.8:3300/0,v1:172.21.15.8:6789/0] conn(0x7fc138108eb0 msgr2=0x7fc1381092d0 secure :-1 s=STATE_CONNECTION_ESTABLISHED l=1).mark_down
2024-04-26T22:19:05.092 INFO:teuthology.orchestra.run.smithi008.stdout:/usr/bin/ceph: stderr
2024-04-26T22:19:03.719+0000 7fc13d0cf700 1 --2- 172.21.15.8:0/1162531619 >> [v2:172.21.15.8:3300/0,v1:172.21.15.8:6789/0] conn(0x7fc138108eb0 0x7fc1381092d0 secure :-1 s=READY pgs=41 cs=0 l=1 rev1=1 crypto rx=0x7fc1280098a0 tx=0x7fc128009bb0 comp rx=0 tx=0).stop
2024-04-26T22:19:05.092 INFO:teuthology.orchestra.run.smithi008.stdout:/usr/bin/ceph: stderr
2024-04-26T22:19:03.719+0000 7fc13d0cf700 1 -- 172.21.15.8:0/1162531619 shutdown_connections
2024-04-26T22:19:05.093 INFO:teuthology.orchestra.run.smithi008.stdout:/usr/bin/ceph: stderr
2024-04-26T22:19:03.719+0000 7fc13d0cf700 1 --2- 172.21.15.8:0/1162531619 >> [v2:172.21.15.8:3300/0,v1:172.21.15.8:6789/0] conn(0x7fc138108eb0 0x7fc1381092d0 unknown :-1 s=CLOSED pgs=41 cs=0 l=1 rev1=1 crypto rx=0 tx=0 comp rx=0 tx=0).stop
2024-04-26T22:19:05.093 INFO:teuthology.orchestra.run.smithi008.stdout:/usr/bin/ceph: stderr
2024-04-26T22:19:03.719+0000 7fc13d0cf700 1 -- 172.21.15.8:0/1162531619 >> 172.21.15.8:0/1162531619 conn(0x7fc1381044b0 msgr2=0x7fc1381068d0 unknown :-1 s=STATE_NONE l=0).mark_down
2024-04-26T22:19:05.093 INFO:teuthology.orchestra.run.smithi008.stdout:/usr/bin/ceph: stderr
2024-04-26T22:19:03.720+0000 7fc13d0cf700 1 -- 172.21.15.8:0/1162531619 shutdown_connections
2024-04-26T22:19:05.093 INFO:teuthology.orchestra.run.smithi008.stdout:/usr/bin/ceph: stderr
2024-04-26T22:19:03.720+0000 7fc13d0cf700 1 -- 172.21.15.8:0/1162531619 wait complete.
2024-04-26T22:19:05.093 INFO:teuthology.orchestra.run.smithi008.stdout:/usr/bin/ceph: stderr
2024-04-26T22:19:03.720+0000 7fc13d0cf700 1 Processor -- start
2024-04-26T22:19:05.093 INFO:teuthology.orchestra.run.smithi008.stdout:/usr/bin/ceph: stderr
2024-04-26T22:19:03.720+0000 7fc13d0cf700 1 -- start start
2024-04-26T22:19:05.093 INFO:teuthology.orchestra.run.smithi008.stdout:/usr/bin/ceph: stderr
2024-04-26T22:19:03.721+0000 7fc13d0cf700 1 --2- >> [v2:172.21.15.8:3300/0,v1:172.21.15.8:6789/0] conn(0x7fc138108eb0 0x7fc13819cdb0 unknown :-1 s=NONE pgs=0 cs=0 l=1 rev1=0 crypto rx=0 tx=0 comp rx=0 tx=0).connect
2024-04-26T22:19:05.093 INFO:teuthology.orchestra.run.smithi008.stdout:/usr/bin/ceph: stderr
2024-04-26T22:19:03.721+0000 7fc13d0cf700 1 -- --> [v2:172.21.15.8:3300/0,v1:172.21.15.8:6789/0] -- mon_getmap magic: 0 -- 0x7fc13810d280 con 0x7fc138108eb0
2024-04-26T22:19:05.093 INFO:teuthology.orchestra.run.smithi008.stdout:/usr/bin/ceph: stderr
