2024-04-26T22:18:51.666+0000 7f8f314bf700 1 -- 172.21.15.8:0/3661867732 learned_addr learned my addr 172.21.15.8:0/3661867732 (peer_addr_for_me v2:172.21.15.8:0/0)
2024-04-26T22:18:52.576 INFO:teuthology.orchestra.run.smithi008.stdout:/usr/bin/ceph: stderr
2024-04-26T22:18:51.666+0000 7f8f314bf700 1 -- 172.21.15.8:0/3661867732 --> [v2:172.21.15.8:3300/0,v1:172.21.15.8:6789/0] -- mon_subscribe({config=0+,monmap=0+}) -- 0x7f8f2c19d2d0 con 0x7f8f2c1098b0
2024-04-26T22:18:52.576 INFO:teuthology.orchestra.run.smithi008.stdout:/usr/bin/ceph: stderr
2024-04-26T22:18:51.666+0000 7f8f314bf700 1 --2- 172.21.15.8:0/3661867732 >> [v2:172.21.15.8:3300/0,v1:172.21.15.8:6789/0] conn(0x7f8f2c1098b0 0x7f8f2c19cd90 secure :-1 s=READY pgs=23 cs=0 l=1 rev1=1 crypto rx=0x7f8f28011ac0 tx=0x7f8f28011ba0 comp rx=0 tx=0).ready entity=mon.0 client_cookie=0 server_cookie=0 in_seq=0 out_seq=0
2024-04-26T22:18:52.576 INFO:teuthology.orchestra.run.smithi008.stdout:/usr/bin/ceph: stderr
2024-04-26T22:18:51.666+0000 7f8f227fc700 1 -- 172.21.15.8:0/3661867732 <== mon.0 v2:172.21.15.8:3300/0 1 ==== mon_map magic: 0 ==== 205+0+0 (secure 0 0 0) 0x7f8f28003970 con 0x7f8f2c1098b0
2024-04-26T22:18:52.577 INFO:teuthology.orchestra.run.smithi008.stdout:/usr/bin/ceph: stderr
2024-04-26T22:18:51.666+0000 7f8f227fc700 1 -- 172.21.15.8:0/3661867732 <== mon.0 v2:172.21.15.8:3300/0 2 ==== config(26 keys) ==== 1070+0+0 (secure 0 0 0) 0x7f8f28003b10 con 0x7f8f2c1098b0
2024-04-26T22:18:52.577 INFO:teuthology.orchestra.run.smithi008.stdout:/usr/bin/ceph: stderr
2024-04-26T22:18:51.666+0000 7f8f33723700 1 -- 172.21.15.8:0/3661867732 --> [v2:172.21.15.8:3300/0,v1:172.21.15.8:6789/0] -- mon_subscribe({mgrmap=0+}) -- 0x7f8f2c19d560 con 0x7f8f2c1098b0
2024-04-26T22:18:52.577 INFO:teuthology.orchestra.run.smithi008.stdout:/usr/bin/ceph: stderr
2024-04-26T22:18:51.666+0000 7f8f227fc700 1 -- 172.21.15.8:0/3661867732 <== mon.0 v2:172.21.15.8:3300/0 3 ==== mon_map magic: 0 ==== 205+0+0 (secure 0 0 0) 0x7f8f28024610 con 0x7f8f2c1098b0
2024-04-26T22:18:52.577 INFO:teuthology.orchestra.run.smithi008.stdout:/usr/bin/ceph: stderr
2024-04-26T22:18:51.666+0000 7f8f33723700 1 -- 172.21.15.8:0/3661867732 --> [v2:172.21.15.8:3300/0,v1:172.21.15.8:6789/0] -- mon_subscribe({osdmap=0}) -- 0x7f8f2c1a0210 con 0x7f8f2c1098b0
2024-04-26T22:18:52.577 INFO:teuthology.orchestra.run.smithi008.stdout:/usr/bin/ceph: stderr
2024-04-26T22:18:51.667+0000 7f8f227fc700 1 -- 172.21.15.8:0/3661867732 <== mon.0 v2:172.21.15.8:3300/0 4 ==== mgrmap(e 4) ==== 46547+0+0 (secure 0 0 0) 0x7f8f28024840 con 0x7f8f2c1098b0
2024-04-26T22:18:52.577 INFO:teuthology.orchestra.run.smithi008.stdout:/usr/bin/ceph: stderr
2024-04-26T22:18:51.667+0000 7f8f33723700 1 -- 172.21.15.8:0/3661867732 --> [v2:172.21.15.8:3300/0,v1:172.21.15.8:6789/0] -- mon_command({"prefix": "get_command_descriptions"} v 0) -- 0x7f8f2c064a80 con 0x7f8f2c1098b0
2024-04-26T22:18:52.577 INFO:teuthology.orchestra.run.smithi008.stdout:/usr/bin/ceph: stderr
2024-04-26T22:18:51.667+0000 7f8f227fc700 1 --2- 172.21.15.8:0/3661867732 >> [v2:172.21.15.8:6800/1194888476,v1:172.21.15.8:6801/1194888476] conn(0x7f8f180395b0 0x7f8f1803ba70 unknown :-1 s=NONE pgs=0 cs=0 l=1 rev1=0 crypto rx=0 tx=0 comp rx=0 tx=0).connect
2024-04-26T22:18:52.577 INFO:teuthology.orchestra.run.smithi008.stdout:/usr/bin/ceph: stderr
2024-04-26T22:18:51.667+0000 7f8f227fc700 1 -- 172.21.15.8:0/3661867732 <== mon.0 v2:172.21.15.8:3300/0 5 ==== osd_map(1..1 src has 1..1) ==== 725+0+0 (secure 0 0 0) 0x7f8f2804d9b0 con 0x7f8f2c1098b0
2024-04-26T22:18:52.577 INFO:teuthology.orchestra.run.smithi008.stdout:/usr/bin/ceph: stderr
2024-04-26T22:18:51.668+0000 7f8f30cbe700 1 --2- 172.21.15.8:0/3661867732 >> [v2:172.21.15.8:6800/1194888476,v1:172.21.15.8:6801/1194888476] conn(0x7f8f180395b0 0x7f8f1803ba70 unknown :-1 s=BANNER_CONNECTING pgs=0 cs=0 l=1 rev1=0 crypto rx=0 tx=0 comp rx=0 tx=0)._handle_peer_banner_payload supported=3 required=0
2024-04-26T22:18:52.577 INFO:teuthology.orchestra.run.smithi008.stdout:/usr/bin/ceph: stderr
2024-04-26T22:18:51.668+0000 7f8f30cbe700 1 --2- 172.21.15.8:0/3661867732 >> [v2:172.21.15.8:6800/1194888476,v1:172.21.15.8:6801/1194888476] conn(0x7f8f180395b0 0x7f8f1803ba70 secure :-1 s=READY pgs=8 cs=0 l=1 rev1=1 crypto rx=0x7f8f1c006fd0 tx=0x7f8f1c006e40 comp rx=0 tx=0).ready entity=mgr.14100 client_cookie=0 server_cookie=0 in_seq=0 out_seq=0
2024-04-26T22:18:52.577 INFO:teuthology.orchestra.run.smithi008.stdout:/usr/bin/ceph: stderr
2024-04-26T22:18:51.673+0000 7f8f227fc700 1 -- 172.21.15.8:0/3661867732 <== mon.0 v2:172.21.15.8:3300/0 6 ==== mon_command_ack([{"prefix": "get_command_descriptions"}]=0 v0) ==== 72+0+188494 (secure 0 0 0) 0x7f8f2804d3d0 con 0x7f8f2c1098b0
2024-04-26T22:18:52.577 INFO:teuthology.orchestra.run.smithi008.stdout:/usr/bin/ceph: stderr
2024-04-26T22:18:51.940+0000 7f8f33723700 1 -- 172.21.15.8:0/3661867732 --> [v2:172.21.15.8:3300/0,v1:172.21.15.8:6789/0] -- mon_command({"prefix": "mgr module enable", "module": "cephadm"} v 0) -- 0x7f8f2c1a0430 con 0x7f8f2c1098b0
2024-04-26T22:18:52.577 INFO:teuthology.orchestra.run.smithi008.stdout:/usr/bin/ceph: stderr
2024-04-26T22:18:51.991+0000 7f8f227fc700 1 -- 172.21.15.8:0/3661867732 <== mon.0 v2:172.21.15.8:3300/0 7 ==== mon_command_ack([{"prefix": "mgr module enable", "module": "cephadm"}]=0 v5) ==== 86+0+0 (secure 0 0 0) 0x7f8f2c1a0430 con 0x7f8f2c1098b0
2024-04-26T22:18:52.578 INFO:teuthology.orchestra.run.smithi008.stdout:/usr/bin/ceph: stderr
2024-04-26T22:18:51.993+0000 7f8f227fc700 1 -- 172.21.15.8:0/3661867732 <== mon.0 v2:172.21.15.8:3300/0 8 ==== mgrmap(e 5) ==== 46558+0+0 (secure 0 0 0) 0x7f8f2802d770 con 0x7f8f2c1098b0
2024-04-26T22:18:52.578 INFO:teuthology.orchestra.run.smithi008.stdout:/usr/bin/ceph: stderr
2024-04-26T22:18:51.994+0000 7f8f33723700 1 -- 172.21.15.8:0/3661867732 >> [v2:172.21.15.8:6800/1194888476,v1:172.21.15.8:6801/1194888476] conn(0x7f8f180395b0 msgr2=0x7f8f1803ba70 secure :-1 s=STATE_CONNECTION_ESTABLISHED l=1).mark_down
2024-04-26T22:18:52.578 INFO:teuthology.orchestra.run.smithi008.stdout:/usr/bin/ceph: stderr
2024-04-26T22:18:51.994+0000 7f8f33723700 1 --2- 172.21.15.8:0/3661867732 >> [v2:172.21.15.8:6800/1194888476,v1:172.21.15.8:6801/1194888476] conn(0x7f8f180395b0 0x7f8f1803ba70 secure :-1 s=READY pgs=8 cs=0 l=1 rev1=1 crypto rx=0x7f8f1c006fd0 tx=0x7f8f1c006e40 comp rx=0 tx=0).stop
2024-04-26T22:18:52.578 INFO:teuthology.orchestra.run.smithi008.stdout:/usr/bin/ceph: stderr
2024-04-26T22:18:51.994+0000 7f8f33723700 1 -- 172.21.15.8:0/3661867732 >> [v2:172.21.15.8:3300/0,v1:172.21.15.8:6789/0] conn(0x7f8f2c1098b0 msgr2=0x7f8f2c19cd90 secure :-1 s=STATE_CONNECTION_ESTABLISHED l=1).mark_down
2024-04-26T22:18:52.578 INFO:teuthology.orchestra.run.smithi008.stdout:/usr/bin/ceph: stderr
2024-04-26T22:18:51.994+0000 7f8f33723700 1 --2- 172.21.15.8:0/3661867732 >> [v2:172.21.15.8:3300/0,v1:172.21.15.8:6789/0] conn(0x7f8f2c1098b0 0x7f8f2c19cd90 secure :-1 s=READY pgs=23 cs=0 l=1 rev1=1 crypto rx=0x7f8f28011ac0 tx=0x7f8f28011ba0 comp rx=0 tx=0).stop
2024-04-26T22:18:52.578 INFO:teuthology.orchestra.run.smithi008.stdout:/usr/bin/ceph: stderr
2024-04-26T22:18:51.994+0000 7f8f33723700 1 -- 172.21.15.8:0/3661867732 shutdown_connections
2024-04-26T22:18:52.578 INFO:teuthology.orchestra.run.smithi008.stdout:/usr/bin/ceph: stderr
2024-04-26T22:18:51.994+0000 7f8f33723700 1 --2- 172.21.15.8:0/3661867732 >> [v2:172.21.15.8:6800/1194888476,v1:172.21.15.8:6801/1194888476] conn(0x7f8f180395b0 0x7f8f1803ba70 unknown :-1 s=CLOSED pgs=8 cs=0 l=1 rev1=1 crypto rx=0 tx=0 comp rx=0 tx=0).stop
2024-04-26T22:18:52.578 INFO:teuthology.orchestra.run.smithi008.stdout:/usr/bin/ceph: stderr
2024-04-26T22:18:51.994+0000 7f8f33723700 1 --2- 172.21.15.8:0/3661867732 >> [v2:172.21.15.8:3300/0,v1:172.21.15.8:6789/0] conn(0x7f8f2c1098b0 0x7f8f2c19cd90 unknown :-1 s=CLOSED pgs=23 cs=0 l=1 rev1=1 crypto rx=0 tx=0 comp rx=0 tx=0).stop
2024-04-26T22:18:52.578 INFO:teuthology.orchestra.run.smithi008.stdout:/usr/bin/ceph: stderr
2024-04-26T22:18:51.994+0000 7f8f33723700 1 -- 172.21.15.8:0/3661867732 >> 172.21.15.8:0/3661867732 conn(0x7f8f2c103360 msgr2=0x7f8f2c103ea0 unknown :-1 s=STATE_NONE l=0).mark_down
2024-04-26T22:18:52.578 INFO:teuthology.orchestra.run.smithi008.stdout:/usr/bin/ceph: stderr
2024-04-26T22:18:51.994+0000 7f8f33723700 1 -- 172.21.15.8:0/3661867732 shutdown_connections
2024-04-26T22:18:52.578 INFO:teuthology.orchestra.run.smithi008.stdout:/usr/bin/ceph: stderr
2024-04-26T22:18:51.994+0000 7f8f33723700 1 -- 172.21.15.8:0/3661867732 wait complete.
2024-04-26T22:18:52.818 INFO:journalctl@ceph.mgr.x.smithi008.stdout:Apr 26 22:18:52 smithi008 ceph-b8b3e10c-041a-11ef-bc93-c7b262605968-mgr-x[29452]:
2024-04-26T22:18:52.791+0000 7efc77af8200 -1 mgr[py] Module progress has missing NOTIFY_TYPES member
2024-04-26T22:18:53.193 INFO:journalctl@ceph.mgr.x.smithi008.stdout:Apr 26 22:18:52 smithi008 ceph-b8b3e10c-041a-11ef-bc93-c7b262605968-mgr-x[29452]:
2024-04-26T22:18:52.882+0000 7efc77af8200 -1 mgr[py] Module influx has missing NOTIFY_TYPES member
2024-04-26T22:18:53.194 INFO:journalctl@ceph.mon.a.smithi008.stdout:Apr 26 22:18:52 smithi008 ceph-mon[29221]: from='client.? 172.21.15.8:0/3661867732' entity='client.admin' cmd='[{"prefix": "mgr module enable", "module": "cephadm"}]': finished
2024-04-26T22:18:53.194 INFO:journalctl@ceph.mon.a.smithi008.stdout:Apr 26 22:18:52 smithi008 ceph-mon[29221]: mgrmap e5: x(active, since 6s)
2024-04-26T22:18:53.953 INFO:teuthology.orchestra.run.smithi008.stdout:/usr/bin/ceph: stdout {
2024-04-26T22:18:53.953 INFO:teuthology.orchestra.run.smithi008.stdout:/usr/bin/ceph: stdout "epoch": 5,
2024-04-26T22:18:53.953 INFO:teuthology.orchestra.run.smithi008.stdout:/usr/bin/ceph: stdout "available": true,
2024-04-26T22:18:53.953 INFO:teuthology.orchestra.run.smithi008.stdout:/usr/bin/ceph: stdout "active_name": "x",
2024-04-26T22:18:53.953 INFO:teuthology.orchestra.run.smithi008.stdout:/usr/bin/ceph: stdout "num_standby": 0
2024-04-26T22:18:53.953 INFO:teuthology.orchestra.run.smithi008.stdout:/usr/bin/ceph: stdout }
2024-04-26T22:18:53.953 INFO:teuthology.orchestra.run.smithi008.stdout:/usr/bin/ceph: stderr
2024-04-26T22:18:53.031+0000 7f79a909b700 1 Processor -- start
2024-04-26T22:18:53.954 INFO:teuthology.orchestra.run.smithi008.stdout:/usr/bin/ceph: stderr
2024-04-26T22:18:53.031+0000 7f79a909b700 1 -- start start
2024-04-26T22:18:53.954 INFO:teuthology.orchestra.run.smithi008.stdout:/usr/bin/ceph: stderr
2024-04-26T22:18:53.031+0000 7f79a909b700 1 --2- >> [v2:172.21.15.8:3300/0,v1:172.21.15.8:6789/0] conn(0x7f79a41093c0 0x7f79a41097e0 unknown :-1 s=NONE pgs=0 cs=0 l=0 rev1=0 crypto rx=0 tx=0 comp rx=0 tx=0).connect
2024-04-26T22:18:53.954 INFO:teuthology.orchestra.run.smithi008.stdout:/usr/bin/ceph: stderr
2024-04-26T22:18:53.031+0000 7f79a909b700 1 -- --> [v2:172.21.15.8:3300/0,v1:172.21.15.8:6789/0] -- mon_getmap magic: 0 -- 0x7f79a4109db0 con 0x7f79a41093c0
2024-04-26T22:18:53.954 INFO:teuthology.orchestra.run.smithi008.stdout:/usr/bin/ceph: stderr
2024-04-26T22:18:53.032+0000 7f79a2d9d700 1 --2- >> [v2:172.21.15.8:3300/0,v1:172.21.15.8:6789/0] conn(0x7f79a41093c0 0x7f79a41097e0 unknown :-1 s=BANNER_CONNECTING pgs=0 cs=0 l=0 rev1=0 crypto rx=0 tx=0 comp rx=0 tx=0)._handle_peer_banner_payload supported=3 required=0
2024-04-26T22:18:53.954 INFO:teuthology.orchestra.run.smithi008.stdout:/usr/bin/ceph: stderr
2024-04-26T22:18:53.032+0000 7f79a2d9d700 1 --2- >> [v2:172.21.15.8:3300/0,v1:172.21.15.8:6789/0] conn(0x7f79a41093c0 0x7f79a41097e0 unknown :-1 s=HELLO_CONNECTING pgs=0 cs=0 l=0 rev1=1 crypto rx=0 tx=0 comp rx=0 tx=0).handle_hello peer v2:172.21.15.8:3300/0 says I am v2:172.21.15.8:45608/0 (socket says 172.21.15.8:45608)
2024-04-26T22:18:53.954 INFO:teuthology.orchestra.run.smithi008.stdout:/usr/bin/ceph: stderr
2024-04-26T22:18:53.032+0000 7f79a2d9d700 1 -- 172.21.15.8:0/1700653086 learned_addr learned my addr 172.21.15.8:0/1700653086 (peer_addr_for_me v2:172.21.15.8:0/0)
2024-04-26T22:18:53.954 INFO:teuthology.orchestra.run.smithi008.stdout:/usr/bin/ceph: stderr
2024-04-26T22:18:53.032+0000 7f79a2d9d700 1 -- 172.21.15.8:0/1700653086 --> [v2:172.21.15.8:3300/0,v1:172.21.15.8:6789/0] -- mon_subscribe({config=0+,monmap=0+}) -- 0x7f79a4109f30 con 0x7f79a41093c0
2024-04-26T22:18:53.954 INFO:teuthology.orchestra.run.smithi008.stdout:/usr/bin/ceph: stderr
2024-04-26T22:18:53.032+0000 7f79a2d9d700 1 --2- 172.21.15.8:0/1700653086 >> [v2:172.21.15.8:3300/0,v1:172.21.15.8:6789/0] conn(0x7f79a41093c0 0x7f79a41097e0 secure :-1 s=READY pgs=26 cs=0 l=1 rev1=1 crypto rx=0x7f79940098a0 tx=0x7f7994009bb0 comp rx=0 tx=0).ready entity=mon.0 client_cookie=def1107b4d216b5f server_cookie=0 in_seq=0 out_seq=0
2024-04-26T22:18:53.954 INFO:teuthology.orchestra.run.smithi008.stdout:/usr/bin/ceph: stderr
2024-04-26T22:18:53.032+0000 7f79a1d9b700 1 -- 172.21.15.8:0/1700653086 <== mon.0 v2:172.21.15.8:3300/0 1 ==== mon_map magic: 0 ==== 205+0+0 (secure 0 0 0) 0x7f7994004160 con 0x7f79a41093c0
2024-04-26T22:18:53.954 INFO:teuthology.orchestra.run.smithi008.stdout:/usr/bin/ceph: stderr
2024-04-26T22:18:53.033+0000 7f79a1d9b700 1 -- 172.21.15.8:0/1700653086 <== mon.0 v2:172.21.15.8:3300/0 2 ==== config(26 keys) ==== 1070+0+0 (secure 0 0 0) 0x7f7994004300 con 0x7f79a41093c0
2024-04-26T22:18:53.954 INFO:teuthology.orchestra.run.smithi008.stdout:/usr/bin/ceph: stderr
2024-04-26T22:18:53.033+0000 7f79a1d9b700 1 -- 172.21.15.8:0/1700653086 <== mon.0 v2:172.21.15.8:3300/0 3 ==== mon_map magic: 0 ==== 205+0+0 (secure 0 0 0) 0x7f7994011af0 con 0x7f79a41093c0
2024-04-26T22:18:53.954 INFO:teuthology.orchestra.run.smithi008.stdout:/usr/bin/ceph: stderr
2024-04-26T22:18:53.033+0000 7f79a909b700 1 -- 172.21.15.8:0/1700653086 >> [v2:172.21.15.8:3300/0,v1:172.21.15.8:6789/0] conn(0x7f79a41093c0 msgr2=0x7f79a41097e0 secure :-1 s=STATE_CONNECTION_ESTABLISHED l=1).mark_down
2024-04-26T22:18:53.955 INFO:teuthology.orchestra.run.smithi008.stdout:/usr/bin/ceph: stderr
2024-04-26T22:18:53.033+0000 7f79a909b700 1 --2- 172.21.15.8:0/1700653086 >> [v2:172.21.15.8:3300/0,v1:172.21.15.8:6789/0] conn(0x7f79a41093c0 0x7f79a41097e0 secure :-1 s=READY pgs=26 cs=0 l=1 rev1=1 crypto rx=0x7f79940098a0 tx=0x7f7994009bb0 comp rx=0 tx=0).stop
2024-04-26T22:18:53.955 INFO:teuthology.orchestra.run.smithi008.stdout:/usr/bin/ceph: stderr
2024-04-26T22:18:53.033+0000 7f79a909b700 1 -- 172.21.15.8:0/1700653086 shutdown_connections
2024-04-26T22:18:53.955 INFO:teuthology.orchestra.run.smithi008.stdout:/usr/bin/ceph: stderr
2024-04-26T22:18:53.033+0000 7f79a909b700 1 --2- 172.21.15.8:0/1700653086 >> [v2:172.21.15.8:3300/0,v1:172.21.15.8:6789/0] conn(0x7f79a41093c0 0x7f79a41097e0 unknown :-1 s=CLOSED pgs=26 cs=0 l=1 rev1=1 crypto rx=0 tx=0 comp rx=0 tx=0).stop
2024-04-26T22:18:53.955 INFO:teuthology.orchestra.run.smithi008.stdout:/usr/bin/ceph: stderr
2024-04-26T22:18:53.033+0000 7f79a909b700 1 -- 172.21.15.8:0/1700653086 >> 172.21.15.8:0/1700653086 conn(0x7f79a4102af0 msgr2=0x7f79a4104f10 unknown :-1 s=STATE_NONE l=0).mark_down
2024-04-26T22:18:53.955 INFO:teuthology.orchestra.run.smithi008.stdout:/usr/bin/ceph: stderr
2024-04-26T22:18:53.033+0000 7f79a909b700 1 -- 172.21.15.8:0/1700653086 shutdown_connections
2024-04-26T22:18:53.955 INFO:teuthology.orchestra.run.smithi008.stdout:/usr/bin/ceph: stderr
2024-04-26T22:18:53.034+0000 7f79a909b700 1 -- 172.21.15.8:0/1700653086 wait complete.
2024-04-26T22:18:53.955 INFO:teuthology.orchestra.run.smithi008.stdout:/usr/bin/ceph: stderr
2024-04-26T22:18:53.034+0000 7f79a909b700 1 Processor -- start
2024-04-26T22:18:53.955 INFO:teuthology.orchestra.run.smithi008.stdout:/usr/bin/ceph: stderr
2024-04-26T22:18:53.034+0000 7f79a909b700 1 -- start start
2024-04-26T22:18:53.955 INFO:teuthology.orchestra.run.smithi008.stdout:/usr/bin/ceph: stderr
2024-04-26T22:18:53.035+0000 7f79a909b700 1 --2- >> [v2:172.21.15.8:3300/0,v1:172.21.15.8:6789/0] conn(0x7f79a41093c0 0x7f79a419eec0 unknown :-1 s=NONE pgs=0 cs=0 l=1 rev1=0 crypto rx=0 tx=0 comp rx=0 tx=0).connect
2024-04-26T22:18:53.955 INFO:teuthology.orchestra.run.smithi008.stdout:/usr/bin/ceph: stderr
2024-04-26T22:18:53.035+0000 7f79a909b700 1 -- --> [v2:172.21.15.8:3300/0,v1:172.21.15.8:6789/0] -- mon_getmap magic: 0 -- 0x7f79a4107c60 con 0x7f79a41093c0
2024-04-26T22:18:53.955 INFO:teuthology.orchestra.run.smithi008.stdout:/usr/bin/ceph: stderr
2024-04-26T22:18:53.035+0000 7f79a2d9d700 1 --2- >> [v2:172.21.15.8:3300/0,v1:172.21.15.8:6789/0] conn(0x7f79a41093c0 0x7f79a419eec0 unknown :-1 s=BANNER_CONNECTING pgs=0 cs=0 l=1 rev1=0 crypto rx=0 tx=0 comp rx=0 tx=0)._handle_peer_banner_payload supported=3 required=0
2024-04-26T22:18:53.955 INFO:teuthology.orchestra.run.smithi008.stdout:/usr/bin/ceph: stderr
2024-04-26T22:18:53.035+0000 7f79a2d9d700 1 --2- >> [v2:172.21.15.8:3300/0,v1:172.21.15.8:6789/0] conn(0x7f79a41093c0 0x7f79a419eec0 unknown :-1 s=HELLO_CONNECTING pgs=0 cs=0 l=1 rev1=1 crypto rx=0 tx=0 comp rx=0 tx=0).handle_hello peer v2:172.21.15.8:3300/0 says I am v2:172.21.15.8:45610/0 (socket says 172.21.15.8:45610)
2024-04-26T22:18:53.955 INFO:teuthology.orchestra.run.smithi008.stdout:/usr/bin/ceph: stderr
2024-04-26T22:18:53.035+0000 7f79a2d9d700 1 -- 172.21.15.8:0/2918786255 learned_addr learned my addr 172.21.15.8:0/2918786255 (peer_addr_for_me v2:172.21.15.8:0/0)
2024-04-26T22:18:53.955 INFO:teuthology.orchestra.run.smithi008.stdout:/usr/bin/ceph: stderr
2024-04-26T22:18:53.035+0000 7f79a2d9d700 1 -- 172.21.15.8:0/2918786255 --> [v2:172.21.15.8:3300/0,v1:172.21.15.8:6789/0] -- mon_subscribe({config=0+,monmap=0+}) -- 0x7f79a419f400 con 0x7f79a41093c0
2024-04-26T22:18:53.956 INFO:teuthology.orchestra.run.smithi008.stdout:/usr/bin/ceph: stderr
2024-04-26T22:18:53.035+0000 7f79a2d9d700 1 --2- 172.21.15.8:0/2918786255 >> [v2:172.21.15.8:3300/0,v1:172.21.15.8:6789/0] conn(0x7f79a41093c0 0x7f79a419eec0 secure :-1 s=READY pgs=27 cs=0 l=1 rev1=1 crypto rx=0x7f7994009fb0 tx=0x7f7994011940 comp rx=0 tx=0).ready entity=mon.0 client_cookie=0 server_cookie=0 in_seq=0 out_seq=0
2024-04-26T22:18:53.956 INFO:teuthology.orchestra.run.smithi008.stdout:/usr/bin/ceph: stderr
2024-04-26T22:18:53.036+0000 7f798bfff700 1 -- 172.21.15.8:0/2918786255 <== mon.0 v2:172.21.15.8:3300/0 1 ==== mon_map magic: 0 ==== 205+0+0 (secure 0 0 0) 0x7f79940036a0 con 0x7f79a41093c0
2024-04-26T22:18:53.956 INFO:teuthology.orchestra.run.smithi008.stdout:/usr/bin/ceph: stderr
2024-04-26T22:18:53.036+0000 7f798bfff700 1 -- 172.21.15.8:0/2918786255 <== mon.0 v2:172.21.15.8:3300/0 2 ==== config(26 keys) ==== 1070+0+0 (secure 0 0 0) 0x7f799401a430 con 0x7f79a41093c0
2024-04-26T22:18:53.956 INFO:teuthology.orchestra.run.smithi008.stdout:/usr/bin/ceph: stderr
2024-04-26T22:18:53.036+0000 7f79a909b700 1 -- 172.21.15.8:0/2918786255 --> [v2:172.21.15.8:3300/0,v1:172.21.15.8:6789/0] -- mon_subscribe({mgrmap=0+}) -- 0x7f79a419f6f0 con 0x7f79a41093c0
2024-04-26T22:18:53.956 INFO:teuthology.orchestra.run.smithi008.stdout:/usr/bin/ceph: stderr
2024-04-26T22:18:53.036+0000 7f79a909b700 1 -- 172.21.15.8:0/2918786255 --> [v2:172.21.15.8:3300/0,v1:172.21.15.8:6789/0] -- mon_subscribe({osdmap=0}) -- 0x7f79a41a2380 con 0x7f79a41093c0
2024-04-26T22:18:53.956 INFO:teuthology.orchestra.run.smithi008.stdout:/usr/bin/ceph: stderr
2024-04-26T22:18:53.036+0000 7f798bfff700 1 -- 172.21.15.8:0/2918786255 <== mon.0 v2:172.21.15.8:3300/0 3 ==== mon_map magic: 0 ==== 205+0+0 (secure 0 0 0) 0x7f7994019550 con 0x7f79a41093c0
2024-04-26T22:18:53.956 INFO:teuthology.orchestra.run.smithi008.stdout:/usr/bin/ceph: stderr
2024-04-26T22:18:53.037+0000 7f79a909b700 1 -- 172.21.15.8:0/2918786255 --> [v2:172.21.15.8:3300/0,v1:172.21.15.8:6789/0] -- mon_command({"prefix": "get_command_descriptions"} v 0) -- 0x7f79a4064a80 con 0x7f79a41093c0
2024-04-26T22:18:53.956 INFO:teuthology.orchestra.run.smithi008.stdout:/usr/bin/ceph: stderr
2024-04-26T22:18:53.037+0000 7f798bfff700 1 -- 172.21.15.8:0/2918786255 <== mon.0 v2:172.21.15.8:3300/0 4 ==== mgrmap(e 5) ==== 46558+0+0 (secure 0 0 0) 0x7f7994019850 con 0x7f79a41093c0
2024-04-26T22:18:53.956 INFO:teuthology.orchestra.run.smithi008.stdout:/usr/bin/ceph: stderr
2024-04-26T22:18:53.037+0000 7f798bfff700 1 --2- 172.21.15.8:0/2918786255 >> [v2:172.21.15.8:6800/1194888476,v1:172.21.15.8:6801/1194888476] conn(0x7f798c039560 0x7f798c03ba20 unknown :-1 s=NONE pgs=0 cs=0 l=1 rev1=0 crypto rx=0 tx=0 comp rx=0 tx=0).connect
2024-04-26T22:18:53.956 INFO:teuthology.orchestra.run.smithi008.stdout:/usr/bin/ceph: stderr
2024-04-26T22:18:53.037+0000 7f798bfff700 1 -- 172.21.15.8:0/2918786255 <== mon.0 v2:172.21.15.8:3300/0 5 ==== osd_map(1..1 src has 1..1) ==== 725+0+0 (secure 0 0 0) 0x7f799404da50 con 0x7f79a41093c0
2024-04-26T22:18:53.956 INFO:teuthology.orchestra.run.smithi008.stdout:/usr/bin/ceph: stderr
2024-04-26T22:18:53.037+0000 7f79a259c700 1 -- 172.21.15.8:0/2918786255 >> [v2:172.21.15.8:6800/1194888476,v1:172.21.15.8:6801/1194888476] conn(0x7f798c039560 msgr2=0x7f798c03ba20 unknown :-1 s=STATE_CONNECTING_RE l=1).process reconnect failed to v2:172.21.15.8:6800/1194888476
2024-04-26T22:18:53.956 INFO:teuthology.orchestra.run.smithi008.stdout:/usr/bin/ceph: stderr
2024-04-26T22:18:53.037+0000 7f79a259c700 1 --2- 172.21.15.8:0/2918786255 >> [v2:172.21.15.8:6800/1194888476,v1:172.21.15.8:6801/1194888476] conn(0x7f798c039560 0x7f798c03ba20 unknown :-1 s=START_CONNECT pgs=0 cs=0 l=1 rev1=0 crypto rx=0 tx=0 comp rx=0 tx=0)._fault waiting 0.200000
2024-04-26T22:18:53.956 INFO:teuthology.orchestra.run.smithi008.stdout:/usr/bin/ceph: stderr
2024-04-26T22:18:53.042+0000 7f798bfff700 1 -- 172.21.15.8:0/2918786255 <== mon.0 v2:172.21.15.8:3300/0 6 ==== mon_command_ack([{"prefix": "get_command_descriptions"}]=0 v0) ==== 72+0+188494 (secure 0 0 0) 0x7f7994024c70 con 0x7f79a41093c0
2024-04-26T22:18:53.957 INFO:teuthology.orchestra.run.smithi008.stdout:/usr/bin/ceph: stderr
2024-04-26T22:18:53.238+0000 7f79a259c700 1 -- 172.21.15.8:0/2918786255 >> [v2:172.21.15.8:6800/1194888476,v1:172.21.15.8:6801/1194888476] conn(0x7f798c039560 msgr2=0x7f798c03ba20 unknown :-1 s=STATE_CONNECTING_RE l=1).process reconnect failed to v2:172.21.15.8:6800/1194888476
2024-04-26T22:18:53.957 INFO:teuthology.orchestra.run.smithi008.stdout:/usr/bin/ceph: stderr
2024-04-26T22:18:53.238+0000 7f79a259c700 1 --2- 172.21.15.8:0/2918786255 >> [v2:172.21.15.8:6800/1194888476,v1:172.21.15.8:6801/1194888476] conn(0x7f798c039560 0x7f798c03ba20 unknown :-1 s=START_CONNECT pgs=0 cs=0 l=1 rev1=0 crypto rx=0 tx=0 comp rx=0 tx=0)._fault waiting 0.400000
2024-04-26T22:18:53.957 INFO:teuthology.orchestra.run.smithi008.stdout:/usr/bin/ceph: stderr
2024-04-26T22:18:53.358+0000 7f79a909b700 1 -- 172.21.15.8:0/2918786255 --> [v2:172.21.15.8:3300/0,v1:172.21.15.8:6789/0] -- mon_command({"prefix": "mgr stat"} v 0) -- 0x7f79a41a26e0 con 0x7f79a41093c0
2024-04-26T22:18:53.957 INFO:teuthology.orchestra.run.smithi008.stdout:/usr/bin/ceph: stderr
2024-04-26T22:18:53.358+0000 7f798bfff700 1 -- 172.21.15.8:0/2918786255 <== mon.0 v2:172.21.15.8:3300/0 7 ==== mon_command_ack([{"prefix": "mgr stat"}]=0 v5) ==== 56+0+88 (secure 0 0 0) 0x7f79a41a26e0 con 0x7f79a41093c0
2024-04-26T22:18:53.957 INFO:teuthology.orchestra.run.smithi008.stdout:/usr/bin/ceph: stderr
2024-04-26T22:18:53.361+0000 7f79a909b700 1 -- 172.21.15.8:0/2918786255 >> [v2:172.21.15.8:6800/1194888476,v1:172.21.15.8:6801/1194888476] conn(0x7f798c039560 msgr2=0x7f798c03ba20 unknown :-1 s=STATE_CONNECTING l=1).mark_down
2024-04-26T22:18:53.957 INFO:teuthology.orchestra.run.smithi008.stdout:/usr/bin/ceph: stderr
2024-04-26T22:18:53.361+0000 7f79a909b700 1 --2- 172.21.15.8:0/2918786255 >> [v2:172.21.15.8:6800/1194888476,v1:172.21.15.8:6801/1194888476] conn(0x7f798c039560 0x7f798c03ba20 unknown :-1 s=START_CONNECT pgs=0 cs=0 l=1 rev1=0 crypto rx=0 tx=0 comp rx=0 tx=0).stop
2024-04-26T22:18:53.957 INFO:teuthology.orchestra.run.smithi008.stdout:/usr/bin/ceph: stderr
2024-04-26T22:18:53.361+0000 7f79a909b700 1 -- 172.21.15.8:0/2918786255 >> [v2:172.21.15.8:3300/0,v1:172.21.15.8:6789/0] conn(0x7f79a41093c0 msgr2=0x7f79a419eec0 secure :-1 s=STATE_CONNECTION_ESTABLISHED l=1).mark_down
2024-04-26T22:18:53.957 INFO:teuthology.orchestra.run.smithi008.stdout:/usr/bin/ceph: stderr
2024-04-26T22:18:53.361+0000 7f79a909b700 1 --2- 172.21.15.8:0/2918786255 >> [v2:172.21.15.8:3300/0,v1:172.21.15.8:6789/0] conn(0x7f79a41093c0 0x7f79a419eec0 secure :-1 s=READY pgs=27 cs=0 l=1 rev1=1 crypto rx=0x7f7994009fb0 tx=0x7f7994011940 comp rx=0 tx=0).stop
2024-04-26T22:18:53.957 INFO:teuthology.orchestra.run.smithi008.stdout:/usr/bin/ceph: stderr
2024-04-26T22:18:53.361+0000 7f79a909b700 1 -- 172.21.15.8:0/2918786255 shutdown_connections
2024-04-26T22:18:53.957 INFO:teuthology.orchestra.run.smithi008.stdout:/usr/bin/ceph: stderr
2024-04-26T22:18:53.361+0000 7f79a909b700 1 --2- 172.21.15.8:0/2918786255 >> [v2:172.21.15.8:6800/1194888476,v1:172.21.15.8:6801/1194888476] conn(0x7f798c039560 0x7f798c03ba20 unknown :-1 s=CLOSED pgs=0 cs=0 l=1 rev1=0 crypto rx=0 tx=0 comp rx=0 tx=0).stop
2024-04-26T22:18:53.957 INFO:teuthology.orchestra.run.smithi008.stdout:/usr/bin/ceph: stderr
2024-04-26T22:18:53.361+0000 7f79a909b700 1 --2- 172.21.15.8:0/2918786255 >> [v2:172.21.15.8:3300/0,v1:172.21.15.8:6789/0] conn(0x7f79a41093c0 0x7f79a419eec0 unknown :-1 s=CLOSED pgs=27 cs=0 l=1 rev1=1 crypto rx=0 tx=0 comp rx=0 tx=0).stop
2024-04-26T22:18:53.957 INFO:teuthology.orchestra.run.smithi008.stdout:/usr/bin/ceph: stderr
2024-04-26T22:18:53.361+0000 7f79a909b700 1 -- 172.21.15.8:0/2918786255 >> 172.21.15.8:0/2918786255 conn(0x7f79a4102af0 msgr2=0x7f79a4195500 unknown :-1 s=STATE_NONE l=0).mark_down
2024-04-26T22:18:53.957 INFO:teuthology.orchestra.run.smithi008.stdout:/usr/bin/ceph: stderr
2024-04-26T22:18:53.361+0000 7f79a909b700 1 -- 172.21.15.8:0/2918786255 shutdown_connections
2024-04-26T22:18:53.957 INFO:teuthology.orchestra.run.smithi008.stdout:/usr/bin/ceph: stderr
2024-04-26T22:18:53.361+0000 7f79a909b700 1 -- 172.21.15.8:0/2918786255 wait complete.
2024-04-26T22:18:53.958 INFO:teuthology.orchestra.run.smithi008.stdout:Waiting for the mgr to restart...
2024-04-26T22:18:53.958 INFO:teuthology.orchestra.run.smithi008.stdout:Waiting for mgr epoch 5...
2024-04-26T22:18:54.207 INFO:journalctl@ceph.mon.a.smithi008.stdout:Apr 26 22:18:53 smithi008 ceph-mon[29221]: from='client.? 172.21.15.8:0/2918786255' entity='client.admin' cmd=[{"prefix": "mgr stat"}]: dispatch
2024-04-26T22:18:54.207 INFO:journalctl@ceph.mgr.x.smithi008.stdout:Apr 26 22:18:54 smithi008 ceph-b8b3e10c-041a-11ef-bc93-c7b262605968-mgr-x[29452]:
2024-04-26T22:18:54.176+0000 7efc77af8200 -1 mgr[py] Module telegraf has missing NOTIFY_TYPES member
2024-04-26T22:18:54.536 INFO:journalctl@ceph.mgr.x.smithi008.stdout:Apr 26 22:18:54 smithi008 ceph-b8b3e10c-041a-11ef-bc93-c7b262605968-mgr-x[29452]:
2024-04-26T22:18:54.357+0000 7efc77af8200 -1 mgr[py] Module osd_support has missing NOTIFY_TYPES member
2024-04-26T22:18:54.536 INFO:journalctl@ceph.mgr.x.smithi008.stdout:Apr 26 22:18:54 smithi008 ceph-b8b3e10c-041a-11ef-bc93-c7b262605968-mgr-x[29452]:
2024-04-26T22:18:54.535+0000 7efc77af8200 -1 mgr[py] Module iostat has missing NOTIFY_TYPES member
2024-04-26T22:18:55.143 INFO:journalctl@ceph.mgr.x.smithi008.stdout:Apr 26 22:18:54 smithi008 ceph-b8b3e10c-041a-11ef-bc93-c7b262605968-mgr-x[29452]:
2024-04-26T22:18:54.835+0000 7efc77af8200 -1 mgr[py] Module alerts has missing NOTIFY_TYPES member
2024-04-26T22:18:55.143 INFO:journalctl@ceph.mgr.x.smithi008.stdout:Apr 26 22:18:54 smithi008 ceph-b8b3e10c-041a-11ef-bc93-c7b262605968-mgr-x[29452]:
2024-04-26T22:18:54.932+0000 7efc77af8200 -1 mgr[py] Module selftest has missing NOTIFY_TYPES member
2024-04-26T22:18:55.143 INFO:journalctl@ceph.mgr.x.smithi008.stdout:Apr 26 22:18:55 smithi008 ceph-b8b3e10c-041a-11ef-bc93-c7b262605968-mgr-x[29452]:
2024-04-26T22:18:55.143+0000 7efc77af8200 -1 mgr[py] Module pg_autoscaler has missing NOTIFY_TYPES member
2024-04-26T22:18:55.443 INFO:journalctl@ceph.mgr.x.smithi008.stdout:Apr 26 22:18:55 smithi008 ceph-b8b3e10c-041a-11ef-bc93-c7b262605968-mgr-x[29452]:
2024-04-26T22:18:55.343+0000 7efc77af8200 -1 mgr[py] Module test_orchestrator has missing NOTIFY_TYPES member
2024-04-26T22:18:56.193 INFO:journalctl@ceph.mgr.x.smithi008.stdout:Apr 26 22:18:55 smithi008 ceph-b8b3e10c-041a-11ef-bc93-c7b262605968-mgr-x[29452]:
2024-04-26T22:18:55.970+0000 7efc77af8200 -1 mgr[py] Module rook has missing NOTIFY_TYPES member
2024-04-26T22:18:56.693 INFO:journalctl@ceph.mgr.x.smithi008.stdout:Apr 26 22:18:56 smithi008 ceph-b8b3e10c-041a-11ef-bc93-c7b262605968-mgr-x[29452]:
2024-04-26T22:18:56.407+0000 7efc77af8200 -1 mgr[py] Module volumes has missing NOTIFY_TYPES member
2024-04-26T22:18:56.693 INFO:journalctl@ceph.mgr.x.smithi008.stdout:Apr 26 22:18:56 smithi008 ceph-b8b3e10c-041a-11ef-bc93-c7b262605968-mgr-x[29452]:
2024-04-26T22:18:56.508+0000 7efc77af8200 -1 mgr[py] Module crash has missing NOTIFY_TYPES member
2024-04-26T22:18:57.193 INFO:journalctl@ceph.mgr.x.smithi008.stdout:Apr 26 22:18:56 smithi008 ceph-b8b3e10c-041a-11ef-bc93-c7b262605968-mgr-x[29452]:
2024-04-26T22:18:56.720+0000 7efc77af8200 -1 mgr[py] Module rgw has missing NOTIFY_TYPES member
2024-04-26T22:18:57.619 INFO:journalctl@ceph.mgr.x.smithi008.stdout:Apr 26 22:18:57 smithi008 ceph-b8b3e10c-041a-11ef-bc93-c7b262605968-mgr-x[29452]:
2024-04-26T22:18:57.269+0000 7efc77af8200 -1 mgr[py] Module prometheus has missing NOTIFY_TYPES member
2024-04-26T22:18:57.619 INFO:journalctl@ceph.mgr.x.smithi008.stdout:Apr 26 22:18:57 smithi008 ceph-b8b3e10c-041a-11ef-bc93-c7b262605968-mgr-x[29452]:
2024-04-26T22:18:57.364+0000 7efc77af8200 -1 mgr[py] Module devicehealth has missing NOTIFY_TYPES member
2024-04-26T22:18:57.943 INFO:journalctl@ceph.mgr.x.smithi008.stdout:Apr 26 22:18:57 smithi008 ceph-b8b3e10c-041a-11ef-bc93-c7b262605968-mgr-x[29452]:
2024-04-26T22:18:57.619+0000 7efc77af8200 -1 mgr[py] Module telemetry has missing NOTIFY_TYPES member
2024-04-26T22:18:57.943 INFO:journalctl@ceph.mgr.x.smithi008.stdout:Apr 26 22:18:57 smithi008 ceph-b8b3e10c-041a-11ef-bc93-c7b262605968-mgr-x[29452]:
2024-04-26T22:18:57.756+0000 7efc77af8200 -1 mgr[py] Module diskprediction_local has missing NOTIFY_TYPES member
2024-04-26T22:18:57.944 INFO:journalctl@ceph.mgr.x.smithi008.stdout:Apr 26 22:18:57 smithi008 ceph-b8b3e10c-041a-11ef-bc93-c7b262605968-mgr-x[29452]:
2024-04-26T22:18:57.855+0000 7efc77af8200 -1 mgr[py] Module osd_perf_query has missing NOTIFY_TYPES member
2024-04-26T22:18:58.287 INFO:journalctl@ceph.mgr.x.smithi008.stdout:Apr 26 22:18:57 smithi008 ceph-b8b3e10c-041a-11ef-bc93-c7b262605968-mgr-x[29452]:
2024-04-26T22:18:57.974+0000 7efc77af8200 -1 mgr[py] Module rbd_support has missing NOTIFY_TYPES member
2024-04-26T22:18:58.287 INFO:journalctl@ceph.mgr.x.smithi008.stdout:Apr 26 22:18:58 smithi008 ceph-b8b3e10c-041a-11ef-bc93-c7b262605968-mgr-x[29452]:
2024-04-26T22:18:58.286+0000 7efc77af8200 -1 mgr[py] Module zabbix has missing NOTIFY_TYPES member
2024-04-26T22:18:59.193 INFO:journalctl@ceph.mgr.x.smithi008.stdout:Apr 26 22:18:58 smithi008 ceph-b8b3e10c-041a-11ef-bc93-c7b262605968-mgr-x[29452]:
2024-04-26T22:18:58.914+0000 7efc77af8200 -1 mgr[py] Module status has missing NOTIFY_TYPES member
2024-04-26T22:18:59.193 INFO:journalctl@ceph.mgr.x.smithi008.stdout:Apr 26 22:18:59 smithi008 ceph-b8b3e10c-041a-11ef-bc93-c7b262605968-mgr-x[29452]:
2024-04-26T22:18:59.140+0000 7efc77af8200 -1 mgr[py] Module nfs has missing NOTIFY_TYPES member
2024-04-26T22:18:59.443 INFO:journalctl@ceph.mon.a.smithi008.stdout:Apr 26 22:18:59 smithi008 ceph-mon[29221]: Active manager daemon x restarted
2024-04-26T22:18:59.443 INFO:journalctl@ceph.mon.a.smithi008.stdout:Apr 26 22:18:59 smithi008 ceph-mon[29221]: Activating manager daemon x
2024-04-26T22:18:59.443 INFO:journalctl@ceph.mon.a.smithi008.stdout:Apr 26 22:18:59 smithi008 ceph-mon[29221]: osdmap e2: 0 total, 0 up, 0 in
2024-04-26T22:18:59.444 INFO:journalctl@ceph.mon.a.smithi008.stdout:Apr 26 22:18:59 smithi008 ceph-mon[29221]: mgrmap e6: x(active, starting, since 0.00330973s)
2024-04-26T22:18:59.444 INFO:journalctl@ceph.mon.a.smithi008.stdout:Apr 26 22:18:59 smithi008 ceph-mon[29221]: from='mgr.14120 172.21.15.8:0/2760773289' entity='mgr.x' cmd=[{"prefix": "mon metadata", "id": "a"}]: dispatch
2024-04-26T22:18:59.444 INFO:journalctl@ceph.mon.a.smithi008.stdout:Apr 26 22:18:59 smithi008 ceph-mon[29221]: from='mgr.14120 172.21.15.8:0/2760773289' entity='mgr.x' cmd=[{"prefix": "mgr metadata", "who": "x", "id": "x"}]: dispatch
2024-04-26T22:18:59.444 INFO:journalctl@ceph.mon.a.smithi008.stdout:Apr 26 22:18:59 smithi008 ceph-mon[29221]: from='mgr.14120 172.21.15.8:0/2760773289' entity='mgr.x' cmd=[{"prefix": "mds metadata"}]: dispatch
2024-04-26T22:18:59.444 INFO:journalctl@ceph.mon.a.smithi008.stdout:Apr 26 22:18:59 smithi008 ceph-mon[29221]: from='mgr.14120 172.21.15.8:0/2760773289' entity='mgr.x' cmd=[{"prefix": "osd metadata"}]: dispatch
2024-04-26T22:18:59.444 INFO:journalctl@ceph.mon.a.smithi008.stdout:Apr 26 22:18:59 smithi008 ceph-mon[29221]: from='mgr.14120 172.21.15.8:0/2760773289' entity='mgr.x' cmd=[{"prefix": "mon metadata"}]: dispatch
2024-04-26T22:18:59.444 INFO:journalctl@ceph.mon.a.smithi008.stdout:Apr 26 22:18:59 smithi008 ceph-mon[29221]: Manager daemon x is now available
2024-04-26T22:18:59.444 INFO:journalctl@ceph.mon.a.smithi008.stdout:Apr 26 22:18:59 smithi008 ceph-mon[29221]: from='mgr.14120 172.21.15.8:0/2760773289' entity='mgr.x'
2024-04-26T22:18:59.444 INFO:journalctl@ceph.mon.a.smithi008.stdout:Apr 26 22:18:59 smithi008 ceph-mon[29221]: from='mgr.14120 172.21.15.8:0/2760773289' entity='mgr.x'
2024-04-26T22:18:59.444 INFO:journalctl@ceph.mon.a.smithi008.stdout:Apr 26 22:18:59 smithi008 ceph-mon[29221]: from='mgr.14120 172.21.15.8:0/2760773289' entity='mgr.x' cmd=[{"prefix": "config dump", "format": "json"}]: dispatch
2024-04-26T22:18:59.444 INFO:journalctl@ceph.mon.a.smithi008.stdout:Apr 26 22:18:59 smithi008 ceph-mon[29221]: from='mgr.14120 172.21.15.8:0/2760773289' entity='mgr.x' cmd=[{"prefix": "config dump", "format": "json"}]: dispatch
2024-04-26T22:19:00.443 INFO:journalctl@ceph.mon.a.smithi008.stdout:Apr 26 22:19:00 smithi008 ceph-mon[29221]: Found migration_current of "None". Setting to last migration.
2024-04-26T22:19:00.443 INFO:journalctl@ceph.mon.a.smithi008.stdout:Apr 26 22:19:00 smithi008 ceph-mon[29221]: from='mgr.14120 172.21.15.8:0/2760773289' entity='mgr.x' cmd=[{"prefix":"config rm","who":"mgr","name":"mgr/rbd_support/x/mirror_snapshot_schedule"}]: dispatch
2024-04-26T22:19:00.443 INFO:journalctl@ceph.mon.a.smithi008.stdout:Apr 26 22:19:00 smithi008 ceph-mon[29221]: from='mgr.14120 172.21.15.8:0/2760773289' entity='mgr.x' cmd=[{"prefix":"config rm","who":"mgr","name":"mgr/rbd_support/x/trash_purge_schedule"}]: dispatch
2024-04-26T22:19:00.444 INFO:journalctl@ceph.mon.a.smithi008.stdout:Apr 26 22:19:00 smithi008 ceph-mon[29221]: from='mgr.14120 172.21.15.8:0/2760773289' entity='mgr.x'
2024-04-26T22:19:00.444 INFO:journalctl@ceph.mon.a.smithi008.stdout:Apr 26 22:19:00 smithi008 ceph-mon[29221]: from='mgr.14120 172.21.15.8:0/2760773289' entity='mgr.x'
2024-04-26T22:19:00.444 INFO:journalctl@ceph.mon.a.smithi008.stdout:Apr 26 22:19:00 smithi008 ceph-mon[29221]: mgrmap e7: x(active, since 1.00546s)
2024-04-26T22:19:00.789 INFO:teuthology.orchestra.run.smithi008.stdout:/usr/bin/ceph: stdout {
2024-04-26T22:19:00.789 INFO:teuthology.orchestra.run.smithi008.stdout:/usr/bin/ceph: stdout "mgrmap_epoch": 7,
2024-04-26T22:19:00.790 INFO:teuthology.orchestra.run.smithi008.stdout:/usr/bin/ceph: stdout "initialized": true
2024-04-26T22:19:00.790 INFO:teuthology.orchestra.run.smithi008.stdout:/usr/bin/ceph: stdout }
2024-04-26T22:19:00.790 INFO:teuthology.orchestra.run.smithi008.stdout:/usr/bin/ceph: stderr
2024-04-26T22:18:54.414+0000 7fb99d9f9700 1 Processor -- start
2024-04-26T22:19:00.790 INFO:teuthology.orchestra.run.smithi008.stdout:/usr/bin/ceph: stderr
2024-04-26T22:18:54.414+0000 7fb99d9f9700 1 -- start start
2024-04-26T22:19:00.790 INFO:teuthology.orchestra.run.smithi008.stdout:/usr/bin/ceph: stderr
2024-04-26T22:18:54.414+0000 7fb99d9f9700 1 --2- >> [v2:172.21.15.8:3300/0,v1:172.21.15.8:6789/0] conn(0x7fb998107790 0x7fb998107bb0 unknown :-1 s=NONE pgs=0 cs=0 l=0 rev1=0 crypto rx=0 tx=0 comp rx=0 tx=0).connect
2024-04-26T22:19:00.790 INFO:teuthology.orchestra.run.smithi008.stdout:/usr/bin/ceph: stderr
2024-04-26T22:18:54.414+0000 7fb99d9f9700 1 -- --> [v2:172.21.15.8:3300/0,v1:172.21.15.8:6789/0] -- mon_getmap magic: 0 -- 0x7fb99807ce20 con 0x7fb998107790
2024-04-26T22:19:00.790 INFO:teuthology.orchestra.run.smithi008.stdout:/usr/bin/ceph: stderr
2024-04-26T22:18:54.414+0000 7fb996ffd700 1 --2- >> [v2:172.21.15.8:3300/0,v1:172.21.15.8:6789/0] conn(0x7fb998107790 0x7fb998107bb0 unknown :-1 s=BANNER_CONNECTING pgs=0 cs=0 l=0 rev1=0 crypto rx=0 tx=0 comp rx=0 tx=0)._handle_peer_banner_payload supported=3 required=0
2024-04-26T22:19:00.790 INFO:teuthology.orchestra.run.smithi008.stdout:/usr/bin/ceph: stderr
2024-04-26T22:18:54.414+0000 7fb996ffd700 1 --2- >> [v2:172.21.15.8:3300/0,v1:172.21.15.8:6789/0] conn(0x7fb998107790 0x7fb998107bb0 unknown :-1 s=HELLO_CONNECTING pgs=0 cs=0 l=0 rev1=1 crypto rx=0 tx=0 comp rx=0 tx=0).handle_hello peer v2:172.21.15.8:3300/0 says I am v2:172.21.15.8:44352/0 (socket says 172.21.15.8:44352)
2024-04-26T22:19:00.790 INFO:teuthology.orchestra.run.smithi008.stdout:/usr/bin/ceph: stderr
2024-04-26T22:18:54.414+0000 7fb996ffd700 1 -- 172.21.15.8:0/220594449 learned_addr learned my addr 172.21.15.8:0/220594449 (peer_addr_for_me v2:172.21.15.8:0/0)
2024-04-26T22:19:00.790 INFO:teuthology.orchestra.run.smithi008.stdout:/usr/bin/ceph: stderr
2024-04-26T22:18:54.415+0000 7fb996ffd700 1 -- 172.21.15.8:0/220594449 --> [v2:172.21.15.8:3300/0,v1:172.21.15.8:6789/0] -- mon_subscribe({config=0+,monmap=0+}) -- 0x7fb9981080f0 con 0x7fb998107790
2024-04-26T22:19:00.790 INFO:teuthology.orchestra.run.smithi008.stdout:/usr/bin/ceph: stderr
2024-04-26T22:18:54.415+0000 7fb996ffd700 1 --2- 172.21.15.8:0/220594449 >> [v2:172.21.15.8:3300/0,v1:172.21.15.8:6789/0] conn(0x7fb998107790 0x7fb998107bb0 secure :-1 s=READY pgs=28 cs=0 l=1 rev1=1 crypto rx=0x7fb9880098a0 tx=0x7fb988009bb0 comp rx=0 tx=0).ready entity=mon.0 client_cookie=d707ee99b7673393 server_cookie=0 in_seq=0 out_seq=0
2024-04-26T22:19:00.790 INFO:teuthology.orchestra.run.smithi008.stdout:/usr/bin/ceph: stderr
2024-04-26T22:18:54.415+0000 7fb995ffb700 1 -- 172.21.15.8:0/220594449 <== mon.0 v2:172.21.15.8:3300/0 1 ==== mon_map magic: 0 ==== 205+0+0 (secure 0 0 0) 0x7fb988004160 con 0x7fb998107790
2024-04-26T22:19:00.791 INFO:teuthology.orchestra.run.smithi008.stdout:/usr/bin/ceph: stderr
2024-04-26T22:18:54.415+0000 7fb995ffb700 1 -- 172.21.15.8:0/220594449 <== mon.0 v2:172.21.15.8:3300/0 2 ==== config(26 keys) ==== 1070+0+0 (secure 0 0 0) 0x7fb988004300 con 0x7fb998107790
2024-04-26T22:19:00.791 INFO:teuthology.orchestra.run.smithi008.stdout:/usr/bin/ceph: stderr
2024-04-26T22:18:54.415+0000 7fb995ffb700 1 -- 172.21.15.8:0/220594449 <== mon.0 v2:172.21.15.8:3300/0 3 ==== mon_map magic: 0 ==== 205+0+0 (secure 0 0 0) 0x7fb988011af0 con 0x7fb998107790
2024-04-26T22:19:00.791 INFO:teuthology.orchestra.run.smithi008.stdout:/usr/bin/ceph: stderr
2024-04-26T22:18:54.416+0000 7fb99d9f9700 1 -- 172.21.15.8:0/220594449 >> [v2:172.21.15.8:3300/0,v1:172.21.15.8:6789/0] conn(0x7fb998107790 msgr2=0x7fb998107bb0 secure :-1 s=STATE_CONNECTION_ESTABLISHED l=1).mark_down
2024-04-26T22:19:00.791 INFO:teuthology.orchestra.run.smithi008.stdout:/usr/bin/ceph: stderr
2024-04-26T22:18:54.416+0000 7fb99d9f9700 1 --2- 172.21.15.8:0/220594449 >> [v2:172.21.15.8:3300/0,v1:172.21.15.8:6789/0] conn(0x7fb998107790 0x7fb998107bb0 secure :-1 s=READY pgs=28 cs=0 l=1 rev1=1 crypto rx=0x7fb9880098a0 tx=0x7fb988009bb0 comp rx=0 tx=0).stop
2024-04-26T22:19:00.791 INFO:teuthology.orchestra.run.smithi008.stdout:/usr/bin/ceph: stderr
2024-04-26T22:18:54.416+0000 7fb99d9f9700 1 -- 172.21.15.8:0/220594449 shutdown_connections
2024-04-26T22:19:00.791 INFO:teuthology.orchestra.run.smithi008.stdout:/usr/bin/ceph: stderr
2024-04-26T22:18:54.416+0000 7fb99d9f9700 1 --2- 172.21.15.8:0/220594449 >> [v2:172.21.15.8:3300/0,v1:172.21.15.8:6789/0] conn(0x7fb998107790 0x7fb998107bb0 unknown :-1 s=CLOSED pgs=28 cs=0 l=1 rev1=1 crypto rx=0 tx=0 comp rx=0 tx=0).stop
2024-04-26T22:19:00.791 INFO:teuthology.orchestra.run.smithi008.stdout:/usr/bin/ceph: stderr
2024-04-26T22:18:54.416+0000 7fb99d9f9700 1 -- 172.21.15.8:0/220594449 >> 172.21.15.8:0/220594449 conn(0x7fb998103370 msgr2=0x7fb998105790 unknown :-1 s=STATE_NONE l=0).mark_down
2024-04-26T22:19:00.791 INFO:teuthology.orchestra.run.smithi008.stdout:/usr/bin/ceph: stderr
2024-04-26T22:18:54.416+0000 7fb99d9f9700 1 -- 172.21.15.8:0/220594449 shutdown_connections
2024-04-26T22:19:00.791 INFO:teuthology.orchestra.run.smithi008.stdout:/usr/bin/ceph: stderr
2024-04-26T22:18:54.416+0000 7fb99d9f9700 1 -- 172.21.15.8:0/220594449 wait complete.
2024-04-26T22:19:00.791 INFO:teuthology.orchestra.run.smithi008.stdout:/usr/bin/ceph: stderr
2024-04-26T22:18:54.417+0000 7fb99d9f9700 1 Processor -- start
2024-04-26T22:19:00.791 INFO:teuthology.orchestra.run.smithi008.stdout:/usr/bin/ceph: stderr
2024-04-26T22:18:54.417+0000 7fb99d9f9700 1 -- start start
2024-04-26T22:19:00.791 INFO:teuthology.orchestra.run.smithi008.stdout:/usr/bin/ceph: stderr
2024-04-26T22:18:54.417+0000 7fb99d9f9700 1 --2- >> [v2:172.21.15.8:3300/0,v1:172.21.15.8:6789/0] conn(0x7fb998107790 0x7fb99819ef40 unknown :-1 s=NONE pgs=0 cs=0 l=1 rev1=0 crypto rx=0 tx=0 comp rx=0 tx=0).connect
2024-04-26T22:19:00.792 INFO:teuthology.orchestra.run.smithi008.stdout:/usr/bin/ceph: stderr
2024-04-26T22:18:54.417+0000 7fb99d9f9700 1 -- --> [v2:172.21.15.8:3300/0,v1:172.21.15.8:6789/0] -- mon_getmap magic: 0 -- 0x7fb9981090b0 con 0x7fb998107790
2024-04-26T22:19:00.792 INFO:teuthology.orchestra.run.smithi008.stdout:/usr/bin/ceph: stderr
2024-04-26T22:18:54.417+0000 7fb996ffd700 1 --2- >> [v2:172.21.15.8:3300/0,v1:172.21.15.8:6789/0] conn(0x7fb998107790 0x7fb99819ef40 unknown :-1 s=BANNER_CONNECTING pgs=0 cs=0 l=1 rev1=0 crypto rx=0 tx=0 comp rx=0 tx=0)._handle_peer_banner_payload supported=3 required=0
2024-04-26T22:19:00.792 INFO:teuthology.orchestra.run.smithi008.stdout:/usr/bin/ceph: stderr
2024-04-26T22:18:54.417+0000 7fb996ffd700 1 --2- >> [v2:172.21.15.8:3300/0,v1:172.21.15.8:6789/0] conn(0x7fb998107790 0x7fb99819ef40 unknown :-1 s=HELLO_CONNECTING pgs=0 cs=0 l=1 rev1=1 crypto rx=0 tx=0 comp rx=0 tx=0).handle_hello peer v2:172.21.15.8:3300/0 says I am v2:172.21.15.8:44354/0 (socket says 172.21.15.8:44354)
2024-04-26T22:19:00.792 INFO:teuthology.orchestra.run.smithi008.stdout:/usr/bin/ceph: stderr
2024-04-26T22:18:54.417+0000 7fb996ffd700 1 -- 172.21.15.8:0/2003718674 learned_addr learned my addr 172.21.15.8:0/2003718674 (peer_addr_for_me v2:172.21.15.8:0/0)
2024-04-26T22:19:00.792 INFO:teuthology.orchestra.run.smithi008.stdout:/usr/bin/ceph: stderr
2024-04-26T22:18:54.417+0000 7fb996ffd700 1 -- 172.21.15.8:0/2003718674 --> [v2:172.21.15.8:3300/0,v1:172.21.15.8:6789/0] -- mon_subscribe({config=0+,monmap=0+}) -- 0x7fb99819f480 con 0x7fb998107790
2024-04-26T22:19:00.792 INFO:teuthology.orchestra.run.smithi008.stdout:/usr/bin/ceph: stderr
2024-04-26T22:18:54.418+0000 7fb996ffd700 1 --2- 172.21.15.8:0/2003718674 >> [v2:172.21.15.8:3300/0,v1:172.21.15.8:6789/0] conn(0x7fb998107790 0x7fb99819ef40 secure :-1 s=READY pgs=29 cs=0 l=1 rev1=1 crypto rx=0x7fb988009fb0 tx=0x7fb988011940 comp rx=0 tx=0).ready entity=mon.0 client_cookie=0 server_cookie=0 in_seq=0 out_seq=0
2024-04-26T22:19:00.792 INFO:teuthology.orchestra.run.smithi008.stdout:/usr/bin/ceph: stderr
2024-04-26T22:18:54.418+0000 7fb99c9f7700 1 -- 172.21.15.8:0/2003718674 <== mon.0 v2:172.21.15.8:3300/0 1 ==== mon_map magic: 0 ==== 205+0+0 (secure 0 0 0) 0x7fb9880036a0 con 0x7fb998107790
2024-04-26T22:19:00.792 INFO:teuthology.orchestra.run.smithi008.stdout:/usr/bin/ceph: stderr
2024-04-26T22:18:54.418+0000 7fb99c9f7700 1 -- 172.21.15.8:0/2003718674 <== mon.0 v2:172.21.15.8:3300/0 2 ==== config(26 keys) ==== 1070+0+0 (secure 0 0 0) 0x7fb98801a430 con 0x7fb998107790
2024-04-26T22:19:00.792 INFO:teuthology.orchestra.run.smithi008.stdout:/usr/bin/ceph: stderr
2024-04-26T22:18:54.418+0000 7fb99d9f9700 1 -- 172.21.15.8:0/2003718674 --> [v2:172.21.15.8:3300/0,v1:172.21.15.8:6789/0] -- mon_subscribe({mgrmap=0+}) -- 0x7fb99819f710 con 0x7fb998107790
2024-04-26T22:19:00.792 INFO:teuthology.orchestra.run.smithi008.stdout:/usr/bin/ceph: stderr
2024-04-26T22:18:54.418+0000 7fb99c9f7700 1 -- 172.21.15.8:0/2003718674 <== mon.0 v2:172.21.15.8:3300/0 3 ==== mon_map magic: 0 ==== 205+0+0 (secure 0 0 0) 0x7fb988019550 con 0x7fb998107790
2024-04-26T22:19:00.792 INFO:teuthology.orchestra.run.smithi008.stdout:/usr/bin/ceph: stderr
2024-04-26T22:18:54.418+0000 7fb99d9f9700 1 -- 172.21.15.8:0/2003718674 --> [v2:172.21.15.8:3300/0,v1:172.21.15.8:6789/0] -- mon_subscribe({osdmap=0}) -- 0x7fb9981a2400 con 0x7fb998107790
2024-04-26T22:19:00.792 INFO:teuthology.orchestra.run.smithi008.stdout:/usr/bin/ceph: stderr
2024-04-26T22:18:54.419+0000 7fb99c9f7700 1 -- 172.21.15.8:0/2003718674 <== mon.0 v2:172.21.15.8:3300/0 4 ==== mgrmap(e 5) ==== 46558+0+0 (secure 0 0 0) 0x7fb988019850 con 0x7fb998107790
2024-04-26T22:19:00.792 INFO:teuthology.orchestra.run.smithi008.stdout:/usr/bin/ceph: stderr
2024-04-26T22:18:54.419+0000 7fb99c9f7700 1 --2- 172.21.15.8:0/2003718674 >> [v2:172.21.15.8:6800/1194888476,v1:172.21.15.8:6801/1194888476] conn(0x7fb980039560 0x7fb98003ba20 unknown :-1 s=NONE pgs=0 cs=0 l=1 rev1=0 crypto rx=0 tx=0 comp rx=0 tx=0).connect
2024-04-26T22:19:00.792 INFO:teuthology.orchestra.run.smithi008.stdout:/usr/bin/ceph: stderr
2024-04-26T22:18:54.419+0000 7fb99c9f7700 1 -- 172.21.15.8:0/2003718674 --> [v2:172.21.15.8:6800/1194888476,v1:172.21.15.8:6801/1194888476] -- command(tid 0: {"prefix": "get_command_descriptions"}) -- 0x7fb98003c130 con 0x7fb980039560
2024-04-26T22:19:00.792 INFO:teuthology.orchestra.run.smithi008.stdout:/usr/bin/ceph: stderr
2024-04-26T22:18:54.419+0000 7fb99c9f7700 1 -- 172.21.15.8:0/2003718674 <== mon.0 v2:172.21.15.8:3300/0 5 ==== osd_map(1..1 src has 1..1) ==== 725+0+0 (secure 0 0 0) 0x7fb98804d920 con 0x7fb998107790
2024-04-26T22:19:00.793 INFO:teuthology.orchestra.run.smithi008.stdout:/usr/bin/ceph: stderr
2024-04-26T22:18:54.419+0000 7fb9967fc700 1 -- 172.21.15.8:0/2003718674 >> [v2:172.21.15.8:6800/1194888476,v1:172.21.15.8:6801/1194888476] conn(0x7fb980039560 msgr2=0x7fb98003ba20 unknown :-1 s=STATE_CONNECTING_RE l=1).process reconnect failed to v2:172.21.15.8:6800/1194888476
2024-04-26T22:19:00.793 INFO:teuthology.orchestra.run.smithi008.stdout:/usr/bin/ceph: stderr
2024-04-26T22:18:54.419+0000 7fb9967fc700 1 --2- 172.21.15.8:0/2003718674 >> [v2:172.21.15.8:6800/1194888476,v1:172.21.15.8:6801/1194888476] conn(0x7fb980039560 0x7fb98003ba20 unknown :-1 s=START_CONNECT pgs=0 cs=0 l=1 rev1=0 crypto rx=0 tx=0 comp rx=0 tx=0)._fault waiting 0.200000
2024-04-26T22:19:00.793 INFO:teuthology.orchestra.run.smithi008.stdout:/usr/bin/ceph: stderr
2024-04-26T22:18:54.620+0000 7fb9967fc700 1 -- 172.21.15.8:0/2003718674 >> [v2:172.21.15.8:6800/1194888476,v1:172.21.15.8:6801/1194888476] conn(0x7fb980039560 msgr2=0x7fb98003ba20 unknown :-1 s=STATE_CONNECTING_RE l=1).process reconnect failed to v2:172.21.15.8:6800/1194888476
2024-04-26T22:19:00.793 INFO:teuthology.orchestra.run.smithi008.stdout:/usr/bin/ceph: stderr
2024-04-26T22:18:54.620+0000 7fb9967fc700 1 --2- 172.21.15.8:0/2003718674 >> [v2:172.21.15.8:6800/1194888476,v1:172.21.15.8:6801/1194888476] conn(0x7fb980039560 0x7fb98003ba20 unknown :-1 s=START_CONNECT pgs=0 cs=0 l=1 rev1=0 crypto rx=0 tx=0 comp rx=0 tx=0)._fault waiting 0.400000
2024-04-26T22:19:00.793 INFO:teuthology.orchestra.run.smithi008.stdout:/usr/bin/ceph: stderr
2024-04-26T22:18:55.021+0000 7fb9967fc700 1 -- 172.21.15.8:0/2003718674 >> [v2:172.21.15.8:6800/1194888476,v1:172.21.15.8:6801/1194888476] conn(0x7fb980039560 msgr2=0x7fb98003ba20 unknown :-1 s=STATE_CONNECTING_RE l=1).process reconnect failed to v2:172.21.15.8:6800/1194888476
2024-04-26T22:19:00.793 INFO:teuthology.orchestra.run.smithi008.stdout:/usr/bin/ceph: stderr
2024-04-26T22:18:55.021+0000 7fb9967fc700 1 --2- 172.21.15.8:0/2003718674 >> [v2:172.21.15.8:6800/1194888476,v1:172.21.15.8:6801/1194888476] conn(0x7fb980039560 0x7fb98003ba20 unknown :-1 s=START_CONNECT pgs=0 cs=0 l=1 rev1=0 crypto rx=0 tx=0 comp rx=0 tx=0)._fault waiting 0.800000
2024-04-26T22:19:00.793 INFO:teuthology.orchestra.run.smithi008.stdout:/usr/bin/ceph: stderr
2024-04-26T22:18:55.822+0000 7fb9967fc700 1 -- 172.21.15.8:0/2003718674 >> [v2:172.21.15.8:6800/1194888476,v1:172.21.15.8:6801/1194888476] conn(0x7fb980039560 msgr2=0x7fb98003ba20 unknown :-1 s=STATE_CONNECTING_RE l=1).process reconnect failed to v2:172.21.15.8:6800/1194888476
2024-04-26T22:19:00.793 INFO:teuthology.orchestra.run.smithi008.stdout:/usr/bin/ceph: stderr
2024-04-26T22:18:55.822+0000 7fb9967fc700 1 --2- 172.21.15.8:0/2003718674 >> [v2:172.21.15.8:6800/1194888476,v1:172.21.15.8:6801/1194888476] conn(0x7fb980039560 0x7fb98003ba20 unknown :-1 s=START_CONNECT pgs=0 cs=0 l=1 rev1=0 crypto rx=0 tx=0 comp rx=0 tx=0)._fault waiting 1.600000
2024-04-26T22:19:00.793 INFO:teuthology.orchestra.run.smithi008.stdout:/usr/bin/ceph: stderr
2024-04-26T22:18:57.423+0000 7fb9967fc700 1 -- 172.21.15.8:0/2003718674 >> [v2:172.21.15.8:6800/1194888476,v1:172.21.15.8:6801/1194888476] conn(0x7fb980039560 msgr2=0x7fb98003ba20 unknown :-1 s=STATE_CONNECTING_RE l=1).process reconnect failed to v2:172.21.15.8:6800/1194888476
2024-04-26T22:19:00.793 INFO:teuthology.orchestra.run.smithi008.stdout:/usr/bin/ceph: stderr
2024-04-26T22:18:57.423+0000 7fb9967fc700 1 --2- 172.21.15.8:0/2003718674 >> [v2:172.21.15.8:6800/1194888476,v1:172.21.15.8:6801/1194888476] conn(0x7fb980039560 0x7fb98003ba20 unknown :-1 s=START_CONNECT pgs=0 cs=0 l=1 rev1=0 crypto rx=0 tx=0 comp rx=0 tx=0)._fault waiting 3.200000
