2024-04-26T22:46:30.532+0000 7f3f3d200700 1 -- start start
2024-04-26T22:46:31.490 INFO:teuthology.orchestra.run.smithi027.stdout:/usr/bin/ceph: stderr
2024-04-26T22:46:30.532+0000 7f3f3d200700 1 --2- >> [v2:172.21.15.27:3300/0,v1:172.21.15.27:6789/0] conn(0x7f3f3810b1a0 0x7f3f3810b5c0 unknown :-1 s=NONE pgs=0 cs=0 l=0 rev1=0 crypto rx=0 tx=0 comp rx=0 tx=0).connect
2024-04-26T22:46:31.490 INFO:teuthology.orchestra.run.smithi027.stdout:/usr/bin/ceph: stderr
2024-04-26T22:46:30.532+0000 7f3f3d200700 1 -- --> [v2:172.21.15.27:3300/0,v1:172.21.15.27:6789/0] -- mon_getmap magic: 0 -- 0x7f3f3810bb90 con 0x7f3f3810b1a0
2024-04-26T22:46:31.490 INFO:teuthology.orchestra.run.smithi027.stdout:/usr/bin/ceph: stderr
2024-04-26T22:46:30.532+0000 7f3f37400700 1 --2- >> [v2:172.21.15.27:3300/0,v1:172.21.15.27:6789/0] conn(0x7f3f3810b1a0 0x7f3f3810b5c0 unknown :-1 s=BANNER_CONNECTING pgs=0 cs=0 l=0 rev1=0 crypto rx=0 tx=0 comp rx=0 tx=0)._handle_peer_banner_payload supported=3 required=0
2024-04-26T22:46:31.490 INFO:teuthology.orchestra.run.smithi027.stdout:/usr/bin/ceph: stderr
2024-04-26T22:46:30.533+0000 7f3f37400700 1 --2- >> [v2:172.21.15.27:3300/0,v1:172.21.15.27:6789/0] conn(0x7f3f3810b1a0 0x7f3f3810b5c0 unknown :-1 s=HELLO_CONNECTING pgs=0 cs=0 l=0 rev1=1 crypto rx=0 tx=0 comp rx=0 tx=0).handle_hello peer v2:172.21.15.27:3300/0 says I am v2:172.21.15.27:36596/0 (socket says 172.21.15.27:36596)
2024-04-26T22:46:31.491 INFO:teuthology.orchestra.run.smithi027.stdout:/usr/bin/ceph: stderr
2024-04-26T22:46:30.533+0000 7f3f37400700 1 -- 172.21.15.27:0/422148332 learned_addr learned my addr 172.21.15.27:0/422148332 (peer_addr_for_me v2:172.21.15.27:0/0)
2024-04-26T22:46:31.491 INFO:teuthology.orchestra.run.smithi027.stdout:/usr/bin/ceph: stderr
2024-04-26T22:46:30.533+0000 7f3f37400700 1 -- 172.21.15.27:0/422148332 --> [v2:172.21.15.27:3300/0,v1:172.21.15.27:6789/0] -- mon_subscribe({config=0+,monmap=0+}) -- 0x7f3f3810bfd0 con 0x7f3f3810b1a0
2024-04-26T22:46:31.491 INFO:teuthology.orchestra.run.smithi027.stdout:/usr/bin/ceph: stderr
2024-04-26T22:46:30.533+0000 7f3f37400700 1 --2- 172.21.15.27:0/422148332 >> [v2:172.21.15.27:3300/0,v1:172.21.15.27:6789/0] conn(0x7f3f3810b1a0 0x7f3f3810b5c0 secure :-1 s=READY pgs=37 cs=0 l=1 rev1=1 crypto rx=0x7f3f280098a0 tx=0x7f3f28009bb0 comp rx=0 tx=0).ready entity=mon.0 client_cookie=ff1eab627094c9cc server_cookie=0 in_seq=0 out_seq=0
2024-04-26T22:46:31.491 INFO:teuthology.orchestra.run.smithi027.stdout:/usr/bin/ceph: stderr
2024-04-26T22:46:30.534+0000 7f3f36a00700 1 -- 172.21.15.27:0/422148332 <== mon.0 v2:172.21.15.27:3300/0 1 ==== mon_map magic: 0 ==== 205+0+0 (secure 0 0 0) 0x7f3f28004160 con 0x7f3f3810b1a0
2024-04-26T22:46:31.491 INFO:teuthology.orchestra.run.smithi027.stdout:/usr/bin/ceph: stderr
2024-04-26T22:46:30.534+0000 7f3f36a00700 1 -- 172.21.15.27:0/422148332 <== mon.0 v2:172.21.15.27:3300/0 2 ==== config(26 keys) ==== 1070+0+0 (secure 0 0 0) 0x7f3f28004300 con 0x7f3f3810b1a0
2024-04-26T22:46:31.491 INFO:teuthology.orchestra.run.smithi027.stdout:/usr/bin/ceph: stderr
2024-04-26T22:46:30.534+0000 7f3f36a00700 1 -- 172.21.15.27:0/422148332 <== mon.0 v2:172.21.15.27:3300/0 3 ==== mon_map magic: 0 ==== 205+0+0 (secure 0 0 0) 0x7f3f28011af0 con 0x7f3f3810b1a0
2024-04-26T22:46:31.492 INFO:teuthology.orchestra.run.smithi027.stdout:/usr/bin/ceph: stderr
2024-04-26T22:46:30.534+0000 7f3f3d200700 1 -- 172.21.15.27:0/422148332 >> [v2:172.21.15.27:3300/0,v1:172.21.15.27:6789/0] conn(0x7f3f3810b1a0 msgr2=0x7f3f3810b5c0 secure :-1 s=STATE_CONNECTION_ESTABLISHED l=1).mark_down
2024-04-26T22:46:31.492 INFO:teuthology.orchestra.run.smithi027.stdout:/usr/bin/ceph: stderr
2024-04-26T22:46:30.534+0000 7f3f3d200700 1 --2- 172.21.15.27:0/422148332 >> [v2:172.21.15.27:3300/0,v1:172.21.15.27:6789/0] conn(0x7f3f3810b1a0 0x7f3f3810b5c0 secure :-1 s=READY pgs=37 cs=0 l=1 rev1=1 crypto rx=0x7f3f280098a0 tx=0x7f3f28009bb0 comp rx=0 tx=0).stop
2024-04-26T22:46:31.492 INFO:teuthology.orchestra.run.smithi027.stdout:/usr/bin/ceph: stderr
2024-04-26T22:46:30.534+0000 7f3f3d200700 1 -- 172.21.15.27:0/422148332 shutdown_connections
2024-04-26T22:46:31.492 INFO:teuthology.orchestra.run.smithi027.stdout:/usr/bin/ceph: stderr
2024-04-26T22:46:30.534+0000 7f3f3d200700 1 --2- 172.21.15.27:0/422148332 >> [v2:172.21.15.27:3300/0,v1:172.21.15.27:6789/0] conn(0x7f3f3810b1a0 0x7f3f3810b5c0 unknown :-1 s=CLOSED pgs=37 cs=0 l=1 rev1=1 crypto rx=0 tx=0 comp rx=0 tx=0).stop
2024-04-26T22:46:31.492 INFO:teuthology.orchestra.run.smithi027.stdout:/usr/bin/ceph: stderr
2024-04-26T22:46:30.534+0000 7f3f3d200700 1 -- 172.21.15.27:0/422148332 >> 172.21.15.27:0/422148332 conn(0x7f3f3807e1b0 msgr2=0x7f3f3807e600 unknown :-1 s=STATE_NONE l=0).mark_down
2024-04-26T22:46:31.492 INFO:teuthology.orchestra.run.smithi027.stdout:/usr/bin/ceph: stderr
2024-04-26T22:46:30.535+0000 7f3f3d200700 1 -- 172.21.15.27:0/422148332 shutdown_connections
2024-04-26T22:46:31.493 INFO:teuthology.orchestra.run.smithi027.stdout:/usr/bin/ceph: stderr
2024-04-26T22:46:30.535+0000 7f3f3d200700 1 -- 172.21.15.27:0/422148332 wait complete.
2024-04-26T22:46:31.493 INFO:teuthology.orchestra.run.smithi027.stdout:/usr/bin/ceph: stderr
2024-04-26T22:46:30.536+0000 7f3f3d200700 1 Processor -- start
2024-04-26T22:46:31.493 INFO:teuthology.orchestra.run.smithi027.stdout:/usr/bin/ceph: stderr
2024-04-26T22:46:30.536+0000 7f3f3d200700 1 -- start start
2024-04-26T22:46:31.493 INFO:teuthology.orchestra.run.smithi027.stdout:/usr/bin/ceph: stderr
2024-04-26T22:46:30.536+0000 7f3f3d200700 1 --2- >> [v2:172.21.15.27:3300/0,v1:172.21.15.27:6789/0] conn(0x7f3f3810b1a0 0x7f3f3819ed20 unknown :-1 s=NONE pgs=0 cs=0 l=1 rev1=0 crypto rx=0 tx=0 comp rx=0 tx=0).connect
2024-04-26T22:46:31.493 INFO:teuthology.orchestra.run.smithi027.stdout:/usr/bin/ceph: stderr
2024-04-26T22:46:30.536+0000 7f3f3d200700 1 -- --> [v2:172.21.15.27:3300/0,v1:172.21.15.27:6789/0] -- mon_getmap magic: 0 -- 0x7f3f3810f380 con 0x7f3f3810b1a0
2024-04-26T22:46:31.494 INFO:teuthology.orchestra.run.smithi027.stdout:/usr/bin/ceph: stderr
2024-04-26T22:46:30.536+0000 7f3f37400700 1 --2- >> [v2:172.21.15.27:3300/0,v1:172.21.15.27:6789/0] conn(0x7f3f3810b1a0 0x7f3f3819ed20 unknown :-1 s=BANNER_CONNECTING pgs=0 cs=0 l=1 rev1=0 crypto rx=0 tx=0 comp rx=0 tx=0)._handle_peer_banner_payload supported=3 required=0
2024-04-26T22:46:31.494 INFO:teuthology.orchestra.run.smithi027.stdout:/usr/bin/ceph: stderr
2024-04-26T22:46:30.536+0000 7f3f37400700 1 --2- >> [v2:172.21.15.27:3300/0,v1:172.21.15.27:6789/0] conn(0x7f3f3810b1a0 0x7f3f3819ed20 unknown :-1 s=HELLO_CONNECTING pgs=0 cs=0 l=1 rev1=1 crypto rx=0 tx=0 comp rx=0 tx=0).handle_hello peer v2:172.21.15.27:3300/0 says I am v2:172.21.15.27:36600/0 (socket says 172.21.15.27:36600)
2024-04-26T22:46:31.494 INFO:teuthology.orchestra.run.smithi027.stdout:/usr/bin/ceph: stderr
2024-04-26T22:46:30.536+0000 7f3f37400700 1 -- 172.21.15.27:0/173679941 learned_addr learned my addr 172.21.15.27:0/173679941 (peer_addr_for_me v2:172.21.15.27:0/0)
2024-04-26T22:46:31.494 INFO:teuthology.orchestra.run.smithi027.stdout:/usr/bin/ceph: stderr
2024-04-26T22:46:30.537+0000 7f3f37400700 1 -- 172.21.15.27:0/173679941 --> [v2:172.21.15.27:3300/0,v1:172.21.15.27:6789/0] -- mon_subscribe({config=0+,monmap=0+}) -- 0x7f3f3819f260 con 0x7f3f3810b1a0
2024-04-26T22:46:31.494 INFO:teuthology.orchestra.run.smithi027.stdout:/usr/bin/ceph: stderr
2024-04-26T22:46:30.537+0000 7f3f37400700 1 --2- 172.21.15.27:0/173679941 >> [v2:172.21.15.27:3300/0,v1:172.21.15.27:6789/0] conn(0x7f3f3810b1a0 0x7f3f3819ed20 secure :-1 s=READY pgs=38 cs=0 l=1 rev1=1 crypto rx=0x7f3f28011ac0 tx=0x7f3f28011ba0 comp rx=0 tx=0).ready entity=mon.0 client_cookie=0 server_cookie=0 in_seq=0 out_seq=0
2024-04-26T22:46:31.495 INFO:teuthology.orchestra.run.smithi027.stdout:/usr/bin/ceph: stderr
2024-04-26T22:46:30.537+0000 7f3f34c00700 1 -- 172.21.15.27:0/173679941 <== mon.0 v2:172.21.15.27:3300/0 1 ==== mon_map magic: 0 ==== 205+0+0 (secure 0 0 0) 0x7f3f28003b20 con 0x7f3f3810b1a0
2024-04-26T22:46:31.495 INFO:teuthology.orchestra.run.smithi027.stdout:/usr/bin/ceph: stderr
2024-04-26T22:46:30.537+0000 7f3f34c00700 1 -- 172.21.15.27:0/173679941 <== mon.0 v2:172.21.15.27:3300/0 2 ==== config(26 keys) ==== 1070+0+0 (secure 0 0 0) 0x7f3f2801a8c0 con 0x7f3f3810b1a0
2024-04-26T22:46:31.495 INFO:teuthology.orchestra.run.smithi027.stdout:/usr/bin/ceph: stderr
2024-04-26T22:46:30.537+0000 7f3f34c00700 1 -- 172.21.15.27:0/173679941 <== mon.0 v2:172.21.15.27:3300/0 3 ==== mon_map magic: 0 ==== 205+0+0 (secure 0 0 0) 0x7f3f280248d0 con 0x7f3f3810b1a0
2024-04-26T22:46:31.495 INFO:teuthology.orchestra.run.smithi027.stdout:/usr/bin/ceph: stderr
2024-04-26T22:46:30.537+0000 7f3f3d200700 1 -- 172.21.15.27:0/173679941 --> [v2:172.21.15.27:3300/0,v1:172.21.15.27:6789/0] -- mon_subscribe({mgrmap=0+}) -- 0x7f3f3819f4f0 con 0x7f3f3810b1a0
2024-04-26T22:46:31.495 INFO:teuthology.orchestra.run.smithi027.stdout:/usr/bin/ceph: stderr
2024-04-26T22:46:30.538+0000 7f3f3d200700 1 -- 172.21.15.27:0/173679941 --> [v2:172.21.15.27:3300/0,v1:172.21.15.27:6789/0] -- mon_subscribe({osdmap=0}) -- 0x7f3f381a21d0 con 0x7f3f3810b1a0
2024-04-26T22:46:31.495 INFO:teuthology.orchestra.run.smithi027.stdout:/usr/bin/ceph: stderr
2024-04-26T22:46:30.539+0000 7f3f3d200700 1 -- 172.21.15.27:0/173679941 --> [v2:172.21.15.27:3300/0,v1:172.21.15.27:6789/0] -- mon_command({"prefix": "get_command_descriptions"} v 0) -- 0x7f3f3810f500 con 0x7f3f3810b1a0
2024-04-26T22:46:31.496 INFO:teuthology.orchestra.run.smithi027.stdout:/usr/bin/ceph: stderr
2024-04-26T22:46:30.539+0000 7f3f34c00700 1 -- 172.21.15.27:0/173679941 <== mon.0 v2:172.21.15.27:3300/0 4 ==== mgrmap(e 8) ==== 46558+0+0 (secure 0 0 0) 0x7f3f28022020 con 0x7f3f3810b1a0
2024-04-26T22:46:31.496 INFO:teuthology.orchestra.run.smithi027.stdout:/usr/bin/ceph: stderr
2024-04-26T22:46:30.539+0000 7f3f34c00700 1 --2- 172.21.15.27:0/173679941 >> [v2:172.21.15.27:6800/1661629783,v1:172.21.15.27:6801/1661629783] conn(0x7f3f1c039600 0x7f3f1c03bac0 unknown :-1 s=NONE pgs=0 cs=0 l=1 rev1=0 crypto rx=0 tx=0 comp rx=0 tx=0).connect
2024-04-26T22:46:31.496 INFO:teuthology.orchestra.run.smithi027.stdout:/usr/bin/ceph: stderr
2024-04-26T22:46:30.540+0000 7f3f34c00700 1 -- 172.21.15.27:0/173679941 <== mon.0 v2:172.21.15.27:3300/0 5 ==== osd_map(2..2 src has 1..2) ==== 940+0+0 (secure 0 0 0) 0x7f3f2804d8e0 con 0x7f3f3810b1a0
2024-04-26T22:46:31.496 INFO:teuthology.orchestra.run.smithi027.stdout:/usr/bin/ceph: stderr
2024-04-26T22:46:30.540+0000 7f3f2fe00700 1 --2- 172.21.15.27:0/173679941 >> [v2:172.21.15.27:6800/1661629783,v1:172.21.15.27:6801/1661629783] conn(0x7f3f1c039600 0x7f3f1c03bac0 unknown :-1 s=BANNER_CONNECTING pgs=0 cs=0 l=1 rev1=0 crypto rx=0 tx=0 comp rx=0 tx=0)._handle_peer_banner_payload supported=3 required=0
2024-04-26T22:46:31.496 INFO:teuthology.orchestra.run.smithi027.stdout:/usr/bin/ceph: stderr
2024-04-26T22:46:30.541+0000 7f3f2fe00700 1 --2- 172.21.15.27:0/173679941 >> [v2:172.21.15.27:6800/1661629783,v1:172.21.15.27:6801/1661629783] conn(0x7f3f1c039600 0x7f3f1c03bac0 secure :-1 s=READY pgs=7 cs=0 l=1 rev1=1 crypto rx=0x7f3f20006fd0 tx=0x7f3f20006e40 comp rx=0 tx=0).ready entity=mgr.14120 client_cookie=0 server_cookie=0 in_seq=0 out_seq=0
2024-04-26T22:46:31.496 INFO:teuthology.orchestra.run.smithi027.stdout:/usr/bin/ceph: stderr
2024-04-26T22:46:30.546+0000 7f3f34c00700 1 -- 172.21.15.27:0/173679941 <== mon.0 v2:172.21.15.27:3300/0 6 ==== mon_command_ack([{"prefix": "get_command_descriptions"}]=0 v0) ==== 72+0+188494 (secure 0 0 0) 0x7f3f2801ab20 con 0x7f3f3810b1a0
2024-04-26T22:46:31.497 INFO:teuthology.orchestra.run.smithi027.stdout:/usr/bin/ceph: stderr
2024-04-26T22:46:30.787+0000 7f3f3d200700 1 -- 172.21.15.27:0/173679941 --> [v2:172.21.15.27:6800/1661629783,v1:172.21.15.27:6801/1661629783] -- mgr_command(tid 0: {"prefix": "orch set backend", "module_name": "cephadm", "target": ["mon-mgr", ""]}) -- 0x7f3f381093e0 con 0x7f3f1c039600
2024-04-26T22:46:31.497 INFO:teuthology.orchestra.run.smithi027.stdout:/usr/bin/ceph: stderr
2024-04-26T22:46:30.803+0000 7f3f34c00700 1 -- 172.21.15.27:0/173679941 <== mgr.14120 v2:172.21.15.27:6800/1661629783 1 ==== mgr_command_reply(tid 0: 0 ) ==== 8+0+0 (secure 0 0 0) 0x7f3f381093e0 con 0x7f3f1c039600
2024-04-26T22:46:31.497 INFO:teuthology.orchestra.run.smithi027.stdout:/usr/bin/ceph: stderr
2024-04-26T22:46:30.806+0000 7f3f3d200700 1 -- 172.21.15.27:0/173679941 >> [v2:172.21.15.27:6800/1661629783,v1:172.21.15.27:6801/1661629783] conn(0x7f3f1c039600 msgr2=0x7f3f1c03bac0 secure :-1 s=STATE_CONNECTION_ESTABLISHED l=1).mark_down
2024-04-26T22:46:31.497 INFO:teuthology.orchestra.run.smithi027.stdout:/usr/bin/ceph: stderr
2024-04-26T22:46:30.806+0000 7f3f3d200700 1 --2- 172.21.15.27:0/173679941 >> [v2:172.21.15.27:6800/1661629783,v1:172.21.15.27:6801/1661629783] conn(0x7f3f1c039600 0x7f3f1c03bac0 secure :-1 s=READY pgs=7 cs=0 l=1 rev1=1 crypto rx=0x7f3f20006fd0 tx=0x7f3f20006e40 comp rx=0 tx=0).stop
2024-04-26T22:46:31.497 INFO:teuthology.orchestra.run.smithi027.stdout:/usr/bin/ceph: stderr
2024-04-26T22:46:30.806+0000 7f3f3d200700 1 -- 172.21.15.27:0/173679941 >> [v2:172.21.15.27:3300/0,v1:172.21.15.27:6789/0] conn(0x7f3f3810b1a0 msgr2=0x7f3f3819ed20 secure :-1 s=STATE_CONNECTION_ESTABLISHED l=1).mark_down
2024-04-26T22:46:31.497 INFO:teuthology.orchestra.run.smithi027.stdout:/usr/bin/ceph: stderr
2024-04-26T22:46:30.806+0000 7f3f3d200700 1 --2- 172.21.15.27:0/173679941 >> [v2:172.21.15.27:3300/0,v1:172.21.15.27:6789/0] conn(0x7f3f3810b1a0 0x7f3f3819ed20 secure :-1 s=READY pgs=38 cs=0 l=1 rev1=1 crypto rx=0x7f3f28011ac0 tx=0x7f3f28011ba0 comp rx=0 tx=0).stop
2024-04-26T22:46:31.498 INFO:teuthology.orchestra.run.smithi027.stdout:/usr/bin/ceph: stderr
2024-04-26T22:46:30.806+0000 7f3f3d200700 1 -- 172.21.15.27:0/173679941 shutdown_connections
2024-04-26T22:46:31.498 INFO:teuthology.orchestra.run.smithi027.stdout:/usr/bin/ceph: stderr
2024-04-26T22:46:30.806+0000 7f3f3d200700 1 --2- 172.21.15.27:0/173679941 >> [v2:172.21.15.27:6800/1661629783,v1:172.21.15.27:6801/1661629783] conn(0x7f3f1c039600 0x7f3f1c03bac0 unknown :-1 s=CLOSED pgs=7 cs=0 l=1 rev1=1 crypto rx=0 tx=0 comp rx=0 tx=0).stop
2024-04-26T22:46:31.498 INFO:teuthology.orchestra.run.smithi027.stdout:/usr/bin/ceph: stderr
2024-04-26T22:46:30.806+0000 7f3f3d200700 1 --2- 172.21.15.27:0/173679941 >> [v2:172.21.15.27:3300/0,v1:172.21.15.27:6789/0] conn(0x7f3f3810b1a0 0x7f3f3819ed20 unknown :-1 s=CLOSED pgs=38 cs=0 l=1 rev1=1 crypto rx=0 tx=0 comp rx=0 tx=0).stop
2024-04-26T22:46:31.498 INFO:teuthology.orchestra.run.smithi027.stdout:/usr/bin/ceph: stderr
2024-04-26T22:46:30.806+0000 7f3f3d200700 1 -- 172.21.15.27:0/173679941 >> 172.21.15.27:0/173679941 conn(0x7f3f3807e1b0 msgr2=0x7f3f38108cd0 unknown :-1 s=STATE_NONE l=0).mark_down
2024-04-26T22:46:31.499 INFO:teuthology.orchestra.run.smithi027.stdout:/usr/bin/ceph: stderr
2024-04-26T22:46:30.806+0000 7f3f3d200700 1 -- 172.21.15.27:0/173679941 shutdown_connections
2024-04-26T22:46:31.499 INFO:teuthology.orchestra.run.smithi027.stdout:/usr/bin/ceph: stderr
2024-04-26T22:46:30.806+0000 7f3f3d200700 1 -- 172.21.15.27:0/173679941 wait complete.
2024-04-26T22:46:33.115 INFO:journalctl@ceph.mon.a.smithi027.stdout:Apr 26 22:46:33 smithi027 ceph-mon[28034]: from='client.14134 -' entity='client.admin' cmd=[{"prefix": "cephadm set-user", "user": "root", "target": ["mon-mgr", ""]}]: dispatch
2024-04-26T22:46:33.164 INFO:teuthology.orchestra.run.smithi027.stdout:/usr/bin/ceph: stdout value unchanged
2024-04-26T22:46:33.165 INFO:teuthology.orchestra.run.smithi027.stdout:/usr/bin/ceph: stderr
2024-04-26T22:46:32.141+0000 7f713e400700 1 Processor -- start
2024-04-26T22:46:33.165 INFO:teuthology.orchestra.run.smithi027.stdout:/usr/bin/ceph: stderr
2024-04-26T22:46:32.142+0000 7f713e400700 1 -- start start
2024-04-26T22:46:33.165 INFO:teuthology.orchestra.run.smithi027.stdout:/usr/bin/ceph: stderr
2024-04-26T22:46:32.142+0000 7f713e400700 1 --2- >> [v2:172.21.15.27:3300/0,v1:172.21.15.27:6789/0] conn(0x7f7138109900 0x7f713810bcf0 unknown :-1 s=NONE pgs=0 cs=0 l=0 rev1=0 crypto rx=0 tx=0 comp rx=0 tx=0).connect
2024-04-26T22:46:33.165 INFO:teuthology.orchestra.run.smithi027.stdout:/usr/bin/ceph: stderr
2024-04-26T22:46:32.142+0000 7f713e400700 1 -- --> [v2:172.21.15.27:3300/0,v1:172.21.15.27:6789/0] -- mon_getmap magic: 0 -- 0x7f713807ce10 con 0x7f7138109900
2024-04-26T22:46:33.165 INFO:teuthology.orchestra.run.smithi027.stdout:/usr/bin/ceph: stderr
2024-04-26T22:46:32.142+0000 7f7137400700 1 --2- >> [v2:172.21.15.27:3300/0,v1:172.21.15.27:6789/0] conn(0x7f7138109900 0x7f713810bcf0 unknown :-1 s=BANNER_CONNECTING pgs=0 cs=0 l=0 rev1=0 crypto rx=0 tx=0 comp rx=0 tx=0)._handle_peer_banner_payload supported=3 required=0
2024-04-26T22:46:33.165 INFO:teuthology.orchestra.run.smithi027.stdout:/usr/bin/ceph: stderr
2024-04-26T22:46:32.142+0000 7f7137400700 1 --2- >> [v2:172.21.15.27:3300/0,v1:172.21.15.27:6789/0] conn(0x7f7138109900 0x7f713810bcf0 unknown :-1 s=HELLO_CONNECTING pgs=0 cs=0 l=0 rev1=1 crypto rx=0 tx=0 comp rx=0 tx=0).handle_hello peer v2:172.21.15.27:3300/0 says I am v2:172.21.15.27:36614/0 (socket says 172.21.15.27:36614)
2024-04-26T22:46:33.165 INFO:teuthology.orchestra.run.smithi027.stdout:/usr/bin/ceph: stderr
2024-04-26T22:46:32.142+0000 7f7137400700 1 -- 172.21.15.27:0/4095175861 learned_addr learned my addr 172.21.15.27:0/4095175861 (peer_addr_for_me v2:172.21.15.27:0/0)
2024-04-26T22:46:33.165 INFO:teuthology.orchestra.run.smithi027.stdout:/usr/bin/ceph: stderr
2024-04-26T22:46:32.143+0000 7f7137400700 1 -- 172.21.15.27:0/4095175861 --> [v2:172.21.15.27:3300/0,v1:172.21.15.27:6789/0] -- mon_subscribe({config=0+,monmap=0+}) -- 0x7f713810c230 con 0x7f7138109900
2024-04-26T22:46:33.166 INFO:teuthology.orchestra.run.smithi027.stdout:/usr/bin/ceph: stderr
2024-04-26T22:46:32.143+0000 7f7137400700 1 --2- 172.21.15.27:0/4095175861 >> [v2:172.21.15.27:3300/0,v1:172.21.15.27:6789/0] conn(0x7f7138109900 0x7f713810bcf0 secure :-1 s=READY pgs=39 cs=0 l=1 rev1=1 crypto rx=0x7f71280098a0 tx=0x7f7128009bb0 comp rx=0 tx=0).ready entity=mon.0 client_cookie=dbe539da5ce0fab5 server_cookie=0 in_seq=0 out_seq=0
2024-04-26T22:46:33.170 INFO:teuthology.orchestra.run.smithi027.stdout:/usr/bin/ceph: stderr
2024-04-26T22:46:32.143+0000 7f7136000700 1 -- 172.21.15.27:0/4095175861 <== mon.0 v2:172.21.15.27:3300/0 1 ==== mon_map magic: 0 ==== 205+0+0 (secure 0 0 0) 0x7f7128004160 con 0x7f7138109900
2024-04-26T22:46:33.170 INFO:teuthology.orchestra.run.smithi027.stdout:/usr/bin/ceph: stderr
2024-04-26T22:46:32.144+0000 7f7136000700 1 -- 172.21.15.27:0/4095175861 <== mon.0 v2:172.21.15.27:3300/0 2 ==== config(26 keys) ==== 1070+0+0 (secure 0 0 0) 0x7f7128004300 con 0x7f7138109900
2024-04-26T22:46:33.170 INFO:teuthology.orchestra.run.smithi027.stdout:/usr/bin/ceph: stderr
2024-04-26T22:46:32.144+0000 7f7136000700 1 -- 172.21.15.27:0/4095175861 <== mon.0 v2:172.21.15.27:3300/0 3 ==== mon_map magic: 0 ==== 205+0+0 (secure 0 0 0) 0x7f7128011af0 con 0x7f7138109900
2024-04-26T22:46:33.170 INFO:teuthology.orchestra.run.smithi027.stdout:/usr/bin/ceph: stderr
2024-04-26T22:46:32.144+0000 7f713e400700 1 -- 172.21.15.27:0/4095175861 >> [v2:172.21.15.27:3300/0,v1:172.21.15.27:6789/0] conn(0x7f7138109900 msgr2=0x7f713810bcf0 secure :-1 s=STATE_CONNECTION_ESTABLISHED l=1).mark_down
2024-04-26T22:46:33.170 INFO:teuthology.orchestra.run.smithi027.stdout:/usr/bin/ceph: stderr
2024-04-26T22:46:32.144+0000 7f713e400700 1 --2- 172.21.15.27:0/4095175861 >> [v2:172.21.15.27:3300/0,v1:172.21.15.27:6789/0] conn(0x7f7138109900 0x7f713810bcf0 secure :-1 s=READY pgs=39 cs=0 l=1 rev1=1 crypto rx=0x7f71280098a0 tx=0x7f7128009bb0 comp rx=0 tx=0).stop
2024-04-26T22:46:33.170 INFO:teuthology.orchestra.run.smithi027.stdout:/usr/bin/ceph: stderr
2024-04-26T22:46:32.144+0000 7f713e400700 1 -- 172.21.15.27:0/4095175861 shutdown_connections
2024-04-26T22:46:33.170 INFO:teuthology.orchestra.run.smithi027.stdout:/usr/bin/ceph: stderr
2024-04-26T22:46:32.144+0000 7f713e400700 1 --2- 172.21.15.27:0/4095175861 >> [v2:172.21.15.27:3300/0,v1:172.21.15.27:6789/0] conn(0x7f7138109900 0x7f713810bcf0 unknown :-1 s=CLOSED pgs=39 cs=0 l=1 rev1=1 crypto rx=0 tx=0 comp rx=0 tx=0).stop
2024-04-26T22:46:33.170 INFO:teuthology.orchestra.run.smithi027.stdout:/usr/bin/ceph: stderr
2024-04-26T22:46:32.144+0000 7f713e400700 1 -- 172.21.15.27:0/4095175861 >> 172.21.15.27:0/4095175861 conn(0x7f7138103290 msgr2=0x7f7138105710 unknown :-1 s=STATE_NONE l=0).mark_down
2024-04-26T22:46:33.170 INFO:teuthology.orchestra.run.smithi027.stdout:/usr/bin/ceph: stderr
2024-04-26T22:46:32.145+0000 7f713e400700 1 -- 172.21.15.27:0/4095175861 shutdown_connections
2024-04-26T22:46:33.170 INFO:teuthology.orchestra.run.smithi027.stdout:/usr/bin/ceph: stderr
2024-04-26T22:46:32.145+0000 7f713e400700 1 -- 172.21.15.27:0/4095175861 wait complete.
2024-04-26T22:46:33.171 INFO:teuthology.orchestra.run.smithi027.stdout:/usr/bin/ceph: stderr
2024-04-26T22:46:32.146+0000 7f713e400700 1 Processor -- start
2024-04-26T22:46:33.171 INFO:teuthology.orchestra.run.smithi027.stdout:/usr/bin/ceph: stderr
2024-04-26T22:46:32.146+0000 7f713e400700 1 -- start start
2024-04-26T22:46:33.171 INFO:teuthology.orchestra.run.smithi027.stdout:/usr/bin/ceph: stderr
2024-04-26T22:46:32.146+0000 7f713e400700 1 --2- >> [v2:172.21.15.27:3300/0,v1:172.21.15.27:6789/0] conn(0x7f7138109900 0x7f7138109180 unknown :-1 s=NONE pgs=0 cs=0 l=1 rev1=0 crypto rx=0 tx=0 comp rx=0 tx=0).connect
2024-04-26T22:46:33.171 INFO:teuthology.orchestra.run.smithi027.stdout:/usr/bin/ceph: stderr
2024-04-26T22:46:32.146+0000 7f713e400700 1 -- --> [v2:172.21.15.27:3300/0,v1:172.21.15.27:6789/0] -- mon_getmap magic: 0 -- 0x7f713810d1a0 con 0x7f7138109900
2024-04-26T22:46:33.171 INFO:teuthology.orchestra.run.smithi027.stdout:/usr/bin/ceph: stderr
2024-04-26T22:46:32.146+0000 7f7137400700 1 --2- >> [v2:172.21.15.27:3300/0,v1:172.21.15.27:6789/0] conn(0x7f7138109900 0x7f7138109180 unknown :-1 s=BANNER_CONNECTING pgs=0 cs=0 l=1 rev1=0 crypto rx=0 tx=0 comp rx=0 tx=0)._handle_peer_banner_payload supported=3 required=0
2024-04-26T22:46:33.171 INFO:teuthology.orchestra.run.smithi027.stdout:/usr/bin/ceph: stderr
2024-04-26T22:46:32.147+0000 7f7137400700 1 --2- >> [v2:172.21.15.27:3300/0,v1:172.21.15.27:6789/0] conn(0x7f7138109900 0x7f7138109180 unknown :-1 s=HELLO_CONNECTING pgs=0 cs=0 l=1 rev1=1 crypto rx=0 tx=0 comp rx=0 tx=0).handle_hello peer v2:172.21.15.27:3300/0 says I am v2:172.21.15.27:36624/0 (socket says 172.21.15.27:36624)
2024-04-26T22:46:33.171 INFO:teuthology.orchestra.run.smithi027.stdout:/usr/bin/ceph: stderr
2024-04-26T22:46:32.147+0000 7f7137400700 1 -- 172.21.15.27:0/1351651218 learned_addr learned my addr 172.21.15.27:0/1351651218 (peer_addr_for_me v2:172.21.15.27:0/0)
2024-04-26T22:46:33.171 INFO:teuthology.orchestra.run.smithi027.stdout:/usr/bin/ceph: stderr
2024-04-26T22:46:32.147+0000 7f7137400700 1 -- 172.21.15.27:0/1351651218 --> [v2:172.21.15.27:3300/0,v1:172.21.15.27:6789/0] -- mon_subscribe({config=0+,monmap=0+}) -- 0x7f71381096c0 con 0x7f7138109900
2024-04-26T22:46:33.171 INFO:teuthology.orchestra.run.smithi027.stdout:/usr/bin/ceph: stderr
2024-04-26T22:46:32.147+0000 7f7137400700 1 --2- 172.21.15.27:0/1351651218 >> [v2:172.21.15.27:3300/0,v1:172.21.15.27:6789/0] conn(0x7f7138109900 0x7f7138109180 secure :-1 s=READY pgs=40 cs=0 l=1 rev1=1 crypto rx=0x7f7128011ac0 tx=0x7f7128011ba0 comp rx=0 tx=0).ready entity=mon.0 client_cookie=0 server_cookie=0 in_seq=0 out_seq=0
2024-04-26T22:46:33.171 INFO:teuthology.orchestra.run.smithi027.stdout:/usr/bin/ceph: stderr
2024-04-26T22:46:32.148+0000 7f712fe00700 1 -- 172.21.15.27:0/1351651218 <== mon.0 v2:172.21.15.27:3300/0 1 ==== mon_map magic: 0 ==== 205+0+0 (secure 0 0 0) 0x7f7128003970 con 0x7f7138109900
2024-04-26T22:46:33.171 INFO:teuthology.orchestra.run.smithi027.stdout:/usr/bin/ceph: stderr
2024-04-26T22:46:32.148+0000 7f712fe00700 1 -- 172.21.15.27:0/1351651218 <== mon.0 v2:172.21.15.27:3300/0 2 ==== config(26 keys) ==== 1070+0+0 (secure 0 0 0) 0x7f7128003b10 con 0x7f7138109900
2024-04-26T22:46:33.171 INFO:teuthology.orchestra.run.smithi027.stdout:/usr/bin/ceph: stderr
2024-04-26T22:46:32.148+0000 7f712fe00700 1 -- 172.21.15.27:0/1351651218 <== mon.0 v2:172.21.15.27:3300/0 3 ==== mon_map magic: 0 ==== 205+0+0 (secure 0 0 0) 0x7f7128024610 con 0x7f7138109900
2024-04-26T22:46:33.171 INFO:teuthology.orchestra.run.smithi027.stdout:/usr/bin/ceph: stderr
2024-04-26T22:46:32.148+0000 7f713e400700 1 -- 172.21.15.27:0/1351651218 --> [v2:172.21.15.27:3300/0,v1:172.21.15.27:6789/0] -- mon_subscribe({mgrmap=0+}) -- 0x7f71381078b0 con 0x7f7138109900
2024-04-26T22:46:33.172 INFO:teuthology.orchestra.run.smithi027.stdout:/usr/bin/ceph: stderr
2024-04-26T22:46:32.148+0000 7f713e400700 1 -- 172.21.15.27:0/1351651218 --> [v2:172.21.15.27:3300/0,v1:172.21.15.27:6789/0] -- mon_subscribe({osdmap=0}) -- 0x7f7138107df0 con 0x7f7138109900
2024-04-26T22:46:33.172 INFO:teuthology.orchestra.run.smithi027.stdout:/usr/bin/ceph: stderr
2024-04-26T22:46:32.149+0000 7f713e400700 1 -- 172.21.15.27:0/1351651218 --> [v2:172.21.15.27:3300/0,v1:172.21.15.27:6789/0] -- mon_command({"prefix": "get_command_descriptions"} v 0) -- 0x7f7138064a80 con 0x7f7138109900
2024-04-26T22:46:33.172 INFO:teuthology.orchestra.run.smithi027.stdout:/usr/bin/ceph: stderr
2024-04-26T22:46:32.150+0000 7f712fe00700 1 -- 172.21.15.27:0/1351651218 <== mon.0 v2:172.21.15.27:3300/0 4 ==== mgrmap(e 8) ==== 46558+0+0 (secure 0 0 0) 0x7f712801a9e0 con 0x7f7138109900
2024-04-26T22:46:33.172 INFO:teuthology.orchestra.run.smithi027.stdout:/usr/bin/ceph: stderr
2024-04-26T22:46:32.150+0000 7f712fe00700 1 --2- 172.21.15.27:0/1351651218 >> [v2:172.21.15.27:6800/1661629783,v1:172.21.15.27:6801/1661629783] conn(0x7f711c039600 0x7f711c03bac0 unknown :-1 s=NONE pgs=0 cs=0 l=1 rev1=0 crypto rx=0 tx=0 comp rx=0 tx=0).connect
2024-04-26T22:46:33.172 INFO:teuthology.orchestra.run.smithi027.stdout:/usr/bin/ceph: stderr
2024-04-26T22:46:32.150+0000 7f712fe00700 1 -- 172.21.15.27:0/1351651218 <== mon.0 v2:172.21.15.27:3300/0 5 ==== osd_map(2..2 src has 1..2) ==== 940+0+0 (secure 0 0 0) 0x7f712804da40 con 0x7f7138109900
2024-04-26T22:46:33.172 INFO:teuthology.orchestra.run.smithi027.stdout:/usr/bin/ceph: stderr
2024-04-26T22:46:32.150+0000 7f7136a00700 1 --2- 172.21.15.27:0/1351651218 >> [v2:172.21.15.27:6800/1661629783,v1:172.21.15.27:6801/1661629783] conn(0x7f711c039600 0x7f711c03bac0 unknown :-1 s=BANNER_CONNECTING pgs=0 cs=0 l=1 rev1=0 crypto rx=0 tx=0 comp rx=0 tx=0)._handle_peer_banner_payload supported=3 required=0
2024-04-26T22:46:33.172 INFO:teuthology.orchestra.run.smithi027.stdout:/usr/bin/ceph: stderr
2024-04-26T22:46:32.151+0000 7f7136a00700 1 --2- 172.21.15.27:0/1351651218 >> [v2:172.21.15.27:6800/1661629783,v1:172.21.15.27:6801/1661629783] conn(0x7f711c039600 0x7f711c03bac0 secure :-1 s=READY pgs=8 cs=0 l=1 rev1=1 crypto rx=0x7f7124006fd0 tx=0x7f7124006e40 comp rx=0 tx=0).ready entity=mgr.14120 client_cookie=0 server_cookie=0 in_seq=0 out_seq=0
2024-04-26T22:46:33.172 INFO:teuthology.orchestra.run.smithi027.stdout:/usr/bin/ceph: stderr
2024-04-26T22:46:32.156+0000 7f712fe00700 1 -- 172.21.15.27:0/1351651218 <== mon.0 v2:172.21.15.27:3300/0 6 ==== mon_command_ack([{"prefix": "get_command_descriptions"}]=0 v0) ==== 72+0+188494 (secure 0 0 0) 0x7f7128029060 con 0x7f7138109900
2024-04-26T22:46:33.172 INFO:teuthology.orchestra.run.smithi027.stdout:/usr/bin/ceph: stderr
2024-04-26T22:46:32.393+0000 7f713e400700 1 -- 172.21.15.27:0/1351651218 --> [v2:172.21.15.27:6800/1661629783,v1:172.21.15.27:6801/1661629783] -- mgr_command(tid 0: {"prefix": "cephadm set-user", "user": "root", "target": ["mon-mgr", ""]}) -- 0x7f7138108600 con 0x7f711c039600
2024-04-26T22:46:33.172 INFO:teuthology.orchestra.run.smithi027.stdout:/usr/bin/ceph: stderr
2024-04-26T22:46:32.394+0000 7f712fe00700 1 -- 172.21.15.27:0/1351651218 <== mgr.14120 v2:172.21.15.27:6800/1661629783 1 ==== mgr_command_reply(tid 0: 0 ) ==== 8+0+16 (secure 0 0 0) 0x7f7138108600 con 0x7f711c039600
2024-04-26T22:46:33.172 INFO:teuthology.orchestra.run.smithi027.stdout:/usr/bin/ceph: stderr
2024-04-26T22:46:32.397+0000 7f713e400700 1 -- 172.21.15.27:0/1351651218 >> [v2:172.21.15.27:6800/1661629783,v1:172.21.15.27:6801/1661629783] conn(0x7f711c039600 msgr2=0x7f711c03bac0 secure :-1 s=STATE_CONNECTION_ESTABLISHED l=1).mark_down
2024-04-26T22:46:33.172 INFO:teuthology.orchestra.run.smithi027.stdout:/usr/bin/ceph: stderr
2024-04-26T22:46:32.397+0000 7f713e400700 1 --2- 172.21.15.27:0/1351651218 >> [v2:172.21.15.27:6800/1661629783,v1:172.21.15.27:6801/1661629783] conn(0x7f711c039600 0x7f711c03bac0 secure :-1 s=READY pgs=8 cs=0 l=1 rev1=1 crypto rx=0x7f7124006fd0 tx=0x7f7124006e40 comp rx=0 tx=0).stop
2024-04-26T22:46:33.172 INFO:teuthology.orchestra.run.smithi027.stdout:/usr/bin/ceph: stderr
2024-04-26T22:46:32.397+0000 7f713e400700 1 -- 172.21.15.27:0/1351651218 >> [v2:172.21.15.27:3300/0,v1:172.21.15.27:6789/0] conn(0x7f7138109900 msgr2=0x7f7138109180 secure :-1 s=STATE_CONNECTION_ESTABLISHED l=1).mark_down
2024-04-26T22:46:33.173 INFO:teuthology.orchestra.run.smithi027.stdout:/usr/bin/ceph: stderr
2024-04-26T22:46:32.397+0000 7f713e400700 1 --2- 172.21.15.27:0/1351651218 >> [v2:172.21.15.27:3300/0,v1:172.21.15.27:6789/0] conn(0x7f7138109900 0x7f7138109180 secure :-1 s=READY pgs=40 cs=0 l=1 rev1=1 crypto rx=0x7f7128011ac0 tx=0x7f7128011ba0 comp rx=0 tx=0).stop
2024-04-26T22:46:33.174 INFO:teuthology.orchestra.run.smithi027.stdout:/usr/bin/ceph: stderr
2024-04-26T22:46:32.397+0000 7f713e400700 1 -- 172.21.15.27:0/1351651218 shutdown_connections
2024-04-26T22:46:33.174 INFO:teuthology.orchestra.run.smithi027.stdout:/usr/bin/ceph: stderr
2024-04-26T22:46:32.397+0000 7f713e400700 1 --2- 172.21.15.27:0/1351651218 >> [v2:172.21.15.27:6800/1661629783,v1:172.21.15.27:6801/1661629783] conn(0x7f711c039600 0x7f711c03bac0 unknown :-1 s=CLOSED pgs=8 cs=0 l=1 rev1=1 crypto rx=0 tx=0 comp rx=0 tx=0).stop
2024-04-26T22:46:33.174 INFO:teuthology.orchestra.run.smithi027.stdout:/usr/bin/ceph: stderr
2024-04-26T22:46:32.397+0000 7f713e400700 1 --2- 172.21.15.27:0/1351651218 >> [v2:172.21.15.27:3300/0,v1:172.21.15.27:6789/0] conn(0x7f7138109900 0x7f7138109180 unknown :-1 s=CLOSED pgs=40 cs=0 l=1 rev1=1 crypto rx=0 tx=0 comp rx=0 tx=0).stop
2024-04-26T22:46:33.174 INFO:teuthology.orchestra.run.smithi027.stdout:/usr/bin/ceph: stderr
2024-04-26T22:46:32.397+0000 7f713e400700 1 -- 172.21.15.27:0/1351651218 >> 172.21.15.27:0/1351651218 conn(0x7f7138103290 msgr2=0x7f7138103e30 unknown :-1 s=STATE_NONE l=0).mark_down
2024-04-26T22:46:33.174 INFO:teuthology.orchestra.run.smithi027.stdout:/usr/bin/ceph: stderr
2024-04-26T22:46:32.398+0000 7f713e400700 1 -- 172.21.15.27:0/1351651218 shutdown_connections
2024-04-26T22:46:33.174 INFO:teuthology.orchestra.run.smithi027.stdout:/usr/bin/ceph: stderr
2024-04-26T22:46:32.398+0000 7f713e400700 1 -- 172.21.15.27:0/1351651218 wait complete.
2024-04-26T22:46:33.174 INFO:teuthology.orchestra.run.smithi027.stdout:Generating ssh key...
2024-04-26T22:46:34.616 INFO:journalctl@ceph.mgr.x.smithi027.stdout:Apr 26 22:46:34 smithi027 ceph-95ebdda6-041e-11ef-bc93-c7b262605968-mgr-x[28263]: Generating public/private rsa key pair.
2024-04-26T22:46:34.617 INFO:journalctl@ceph.mgr.x.smithi027.stdout:Apr 26 22:46:34 smithi027 ceph-95ebdda6-041e-11ef-bc93-c7b262605968-mgr-x[28263]: Your identification has been saved in /tmp/tmprz9d5dtb/key.
2024-04-26T22:46:34.617 INFO:journalctl@ceph.mgr.x.smithi027.stdout:Apr 26 22:46:34 smithi027 ceph-95ebdda6-041e-11ef-bc93-c7b262605968-mgr-x[28263]: Your public key has been saved in /tmp/tmprz9d5dtb/key.pub.
2024-04-26T22:46:34.617 INFO:journalctl@ceph.mgr.x.smithi027.stdout:Apr 26 22:46:34 smithi027 ceph-95ebdda6-041e-11ef-bc93-c7b262605968-mgr-x[28263]: The key fingerprint is:
2024-04-26T22:46:34.617 INFO:journalctl@ceph.mgr.x.smithi027.stdout:Apr 26 22:46:34 smithi027 ceph-95ebdda6-041e-11ef-bc93-c7b262605968-mgr-x[28263]: SHA256:Ildt7P9x7TKhoQHI70/d3GopA6H6uKVn64b8s6EReo0 ceph-95ebdda6-041e-11ef-bc93-c7b262605968
2024-04-26T22:46:34.617 INFO:journalctl@ceph.mgr.x.smithi027.stdout:Apr 26 22:46:34 smithi027 ceph-95ebdda6-041e-11ef-bc93-c7b262605968-mgr-x[28263]: The key's randomart image is:
2024-04-26T22:46:34.617 INFO:journalctl@ceph.mgr.x.smithi027.stdout:Apr 26 22:46:34 smithi027 ceph-95ebdda6-041e-11ef-bc93-c7b262605968-mgr-x[28263]: +---[RSA 3072]----+
2024-04-26T22:46:34.617 INFO:journalctl@ceph.mgr.x.smithi027.stdout:Apr 26 22:46:34 smithi027 ceph-95ebdda6-041e-11ef-bc93-c7b262605968-mgr-x[28263]: | |
2024-04-26T22:46:34.617 INFO:journalctl@ceph.mgr.x.smithi027.stdout:Apr 26 22:46:34 smithi027 ceph-95ebdda6-041e-11ef-bc93-c7b262605968-mgr-x[28263]: | o |
2024-04-26T22:46:34.617 INFO:journalctl@ceph.mgr.x.smithi027.stdout:Apr 26 22:46:34 smithi027 ceph-95ebdda6-041e-11ef-bc93-c7b262605968-mgr-x[28263]: | . .. + |
2024-04-26T22:46:34.617 INFO:journalctl@ceph.mgr.x.smithi027.stdout:Apr 26 22:46:34 smithi027 ceph-95ebdda6-041e-11ef-bc93-c7b262605968-mgr-x[28263]: | o..o. |
2024-04-26T22:46:34.617 INFO:journalctl@ceph.mgr.x.smithi027.stdout:Apr 26 22:46:34 smithi027 ceph-95ebdda6-041e-11ef-bc93-c7b262605968-mgr-x[28263]: | . +.So.. |
2024-04-26T22:46:34.617 INFO:journalctl@ceph.mgr.x.smithi027.stdout:Apr 26 22:46:34 smithi027 ceph-95ebdda6-041e-11ef-bc93-c7b262605968-mgr-x[28263]: | + =o oo.o...|
2024-04-26T22:46:34.617 INFO:journalctl@ceph.mgr.x.smithi027.stdout:Apr 26 22:46:34 smithi027 ceph-95ebdda6-041e-11ef-bc93-c7b262605968-mgr-x[28263]: | ..E++ .+oo+o+|
2024-04-26T22:46:34.618 INFO:journalctl@ceph.mgr.x.smithi027.stdout:Apr 26 22:46:34 smithi027 ceph-95ebdda6-041e-11ef-bc93-c7b262605968-mgr-x[28263]: | .+**o. +.== |
2024-04-26T22:46:34.618 INFO:journalctl@ceph.mgr.x.smithi027.stdout:Apr 26 22:46:34 smithi027 ceph-95ebdda6-041e-11ef-bc93-c7b262605968-mgr-x[28263]: | =O*=. +oo.|
2024-04-26T22:46:34.618 INFO:journalctl@ceph.mgr.x.smithi027.stdout:Apr 26 22:46:34 smithi027 ceph-95ebdda6-041e-11ef-bc93-c7b262605968-mgr-x[28263]: +----[SHA256]-----+
2024-04-26T22:46:35.087 INFO:teuthology.orchestra.run.smithi027.stdout:/usr/bin/ceph: stderr
2024-04-26T22:46:33.791+0000 7fbd8e600700 1 Processor -- start
2024-04-26T22:46:35.092 INFO:teuthology.orchestra.run.smithi027.stdout:/usr/bin/ceph: stderr
2024-04-26T22:46:33.791+0000 7fbd8e600700 1 -- start start
2024-04-26T22:46:35.092 INFO:teuthology.orchestra.run.smithi027.stdout:/usr/bin/ceph: stderr
2024-04-26T22:46:33.791+0000 7fbd8e600700 1 --2- >> [v2:172.21.15.27:3300/0,v1:172.21.15.27:6789/0] conn(0x7fbd8807f730 0x7fbd8807db90 unknown :-1 s=NONE pgs=0 cs=0 l=0 rev1=0 crypto rx=0 tx=0 comp rx=0 tx=0).connect
2024-04-26T22:46:35.093 INFO:teuthology.orchestra.run.smithi027.stdout:/usr/bin/ceph: stderr
2024-04-26T22:46:33.791+0000 7fbd8e600700 1 -- --> [v2:172.21.15.27:3300/0,v1:172.21.15.27:6789/0] -- mon_getmap magic: 0 -- 0x7fbd8807e160 con 0x7fbd8807f730
2024-04-26T22:46:35.093 INFO:teuthology.orchestra.run.smithi027.stdout:/usr/bin/ceph: stderr
2024-04-26T22:46:33.792+0000 7fbd87400700 1 --2- >> [v2:172.21.15.27:3300/0,v1:172.21.15.27:6789/0] conn(0x7fbd8807f730 0x7fbd8807db90 unknown :-1 s=BANNER_CONNECTING pgs=0 cs=0 l=0 rev1=0 crypto rx=0 tx=0 comp rx=0 tx=0)._handle_peer_banner_payload supported=3 required=0
2024-04-26T22:46:35.093 INFO:teuthology.orchestra.run.smithi027.stdout:/usr/bin/ceph: stderr
2024-04-26T22:46:33.792+0000 7fbd87400700 1 --2- >> [v2:172.21.15.27:3300/0,v1:172.21.15.27:6789/0] conn(0x7fbd8807f730 0x7fbd8807db90 unknown :-1 s=HELLO_CONNECTING pgs=0 cs=0 l=0 rev1=1 crypto rx=0 tx=0 comp rx=0 tx=0).handle_hello peer v2:172.21.15.27:3300/0 says I am v2:172.21.15.27:36628/0 (socket says 172.21.15.27:36628)
2024-04-26T22:46:35.093 INFO:teuthology.orchestra.run.smithi027.stdout:/usr/bin/ceph: stderr
2024-04-26T22:46:33.792+0000 7fbd87400700 1 -- 172.21.15.27:0/2191514489 learned_addr learned my addr 172.21.15.27:0/2191514489 (peer_addr_for_me v2:172.21.15.27:0/0)
2024-04-26T22:46:35.093 INFO:teuthology.orchestra.run.smithi027.stdout:/usr/bin/ceph: stderr
2024-04-26T22:46:33.793+0000 7fbd87400700 1 -- 172.21.15.27:0/2191514489 --> [v2:172.21.15.27:3300/0,v1:172.21.15.27:6789/0] -- mon_subscribe({config=0+,monmap=0+}) -- 0x7fbd8807e2e0 con 0x7fbd8807f730
2024-04-26T22:46:35.093 INFO:teuthology.orchestra.run.smithi027.stdout:/usr/bin/ceph: stderr
2024-04-26T22:46:33.793+0000 7fbd87400700 1 --2- 172.21.15.27:0/2191514489 >> [v2:172.21.15.27:3300/0,v1:172.21.15.27:6789/0] conn(0x7fbd8807f730 0x7fbd8807db90 secure :-1 s=READY pgs=41 cs=0 l=1 rev1=1 crypto rx=0x7fbd780098a0 tx=0x7fbd78009bb0 comp rx=0 tx=0).ready entity=mon.0 client_cookie=a65cf7b529a3f128 server_cookie=0 in_seq=0 out_seq=0
2024-04-26T22:46:35.093 INFO:teuthology.orchestra.run.smithi027.stdout:/usr/bin/ceph: stderr
2024-04-26T22:46:33.793+0000 7fbd86a00700 1 -- 172.21.15.27:0/2191514489 <== mon.0 v2:172.21.15.27:3300/0 1 ==== mon_map magic: 0 ==== 205+0+0 (secure 0 0 0) 0x7fbd78004160 con 0x7fbd8807f730
2024-04-26T22:46:35.093 INFO:teuthology.orchestra.run.smithi027.stdout:/usr/bin/ceph: stderr
2024-04-26T22:46:33.793+0000 7fbd86a00700 1 -- 172.21.15.27:0/2191514489 <== mon.0 v2:172.21.15.27:3300/0 2 ==== config(26 keys) ==== 1070+0+0 (secure 0 0 0) 0x7fbd78004300 con 0x7fbd8807f730
2024-04-26T22:46:35.093 INFO:teuthology.orchestra.run.smithi027.stdout:/usr/bin/ceph: stderr
2024-04-26T22:46:33.793+0000 7fbd86a00700 1 -- 172.21.15.27:0/2191514489 <== mon.0 v2:172.21.15.27:3300/0 3 ==== mon_map magic: 0 ==== 205+0+0 (secure 0 0 0) 0x7fbd78011af0 con 0x7fbd8807f730
2024-04-26T22:46:35.093 INFO:teuthology.orchestra.run.smithi027.stdout:/usr/bin/ceph: stderr
2024-04-26T22:46:33.794+0000 7fbd8e600700 1 -- 172.21.15.27:0/2191514489 >> [v2:172.21.15.27:3300/0,v1:172.21.15.27:6789/0] conn(0x7fbd8807f730 msgr2=0x7fbd8807db90 secure :-1 s=STATE_CONNECTION_ESTABLISHED l=1).mark_down
2024-04-26T22:46:35.093 INFO:teuthology.orchestra.run.smithi027.stdout:/usr/bin/ceph: stderr
2024-04-26T22:46:33.794+0000 7fbd8e600700 1 --2- 172.21.15.27:0/2191514489 >> [v2:172.21.15.27:3300/0,v1:172.21.15.27:6789/0] conn(0x7fbd8807f730 0x7fbd8807db90 secure :-1 s=READY pgs=41 cs=0 l=1 rev1=1 crypto rx=0x7fbd780098a0 tx=0x7fbd78009bb0 comp rx=0 tx=0).stop
2024-04-26T22:46:35.093 INFO:teuthology.orchestra.run.smithi027.stdout:/usr/bin/ceph: stderr
2024-04-26T22:46:33.794+0000 7fbd8e600700 1 -- 172.21.15.27:0/2191514489 shutdown_connections
2024-04-26T22:46:35.093 INFO:teuthology.orchestra.run.smithi027.stdout:/usr/bin/ceph: stderr
2024-04-26T22:46:33.794+0000 7fbd8e600700 1 --2- 172.21.15.27:0/2191514489 >> [v2:172.21.15.27:3300/0,v1:172.21.15.27:6789/0] conn(0x7fbd8807f730 0x7fbd8807db90 unknown :-1 s=CLOSED pgs=41 cs=0 l=1 rev1=1 crypto rx=0 tx=0 comp rx=0 tx=0).stop
2024-04-26T22:46:35.094 INFO:teuthology.orchestra.run.smithi027.stdout:/usr/bin/ceph: stderr
2024-04-26T22:46:33.794+0000 7fbd8e600700 1 -- 172.21.15.27:0/2191514489 >> 172.21.15.27:0/2191514489 conn(0x7fbd88104380 msgr2=0x7fbd881067e0 unknown :-1 s=STATE_NONE l=0).mark_down
2024-04-26T22:46:35.094 INFO:teuthology.orchestra.run.smithi027.stdout:/usr/bin/ceph: stderr
2024-04-26T22:46:33.794+0000 7fbd8e600700 1 -- 172.21.15.27:0/2191514489 shutdown_connections
2024-04-26T22:46:35.094 INFO:teuthology.orchestra.run.smithi027.stdout:/usr/bin/ceph: stderr
2024-04-26T22:46:33.794+0000 7fbd8e600700 1 -- 172.21.15.27:0/2191514489 wait complete.
2024-04-26T22:46:35.094 INFO:teuthology.orchestra.run.smithi027.stdout:/usr/bin/ceph: stderr
2024-04-26T22:46:33.795+0000 7fbd8e600700 1 Processor -- start
2024-04-26T22:46:35.094 INFO:teuthology.orchestra.run.smithi027.stdout:/usr/bin/ceph: stderr
2024-04-26T22:46:33.796+0000 7fbd8e600700 1 -- start start
2024-04-26T22:46:35.094 INFO:teuthology.orchestra.run.smithi027.stdout:/usr/bin/ceph: stderr
2024-04-26T22:46:33.796+0000 7fbd8e600700 1 --2- >> [v2:172.21.15.27:3300/0,v1:172.21.15.27:6789/0] conn(0x7fbd8807f730 0x7fbd881a33c0 unknown :-1 s=NONE pgs=0 cs=0 l=1 rev1=0 crypto rx=0 tx=0 comp rx=0 tx=0).connect
2024-04-26T22:46:35.094 INFO:teuthology.orchestra.run.smithi027.stdout:/usr/bin/ceph: stderr
2024-04-26T22:46:33.796+0000 7fbd8e600700 1 -- --> [v2:172.21.15.27:3300/0,v1:172.21.15.27:6789/0] -- mon_getmap magic: 0 -- 0x7fbd8810afb0 con 0x7fbd8807f730
2024-04-26T22:46:35.094 INFO:teuthology.orchestra.run.smithi027.stdout:/usr/bin/ceph: stderr
2024-04-26T22:46:33.796+0000 7fbd87400700 1 --2- >> [v2:172.21.15.27:3300/0,v1:172.21.15.27:6789/0] conn(0x7fbd8807f730 0x7fbd881a33c0 unknown :-1 s=BANNER_CONNECTING pgs=0 cs=0 l=1 rev1=0 crypto rx=0 tx=0 comp rx=0 tx=0)._handle_peer_banner_payload supported=3 required=0
2024-04-26T22:46:35.094 INFO:teuthology.orchestra.run.smithi027.stdout:/usr/bin/ceph: stderr
2024-04-26T22:46:33.796+0000 7fbd87400700 1 --2- >> [v2:172.21.15.27:3300/0,v1:172.21.15.27:6789/0] conn(0x7fbd8807f730 0x7fbd881a33c0 unknown :-1 s=HELLO_CONNECTING pgs=0 cs=0 l=1 rev1=1 crypto rx=0 tx=0 comp rx=0 tx=0).handle_hello peer v2:172.21.15.27:3300/0 says I am v2:172.21.15.27:36644/0 (socket says 172.21.15.27:36644)
2024-04-26T22:46:35.094 INFO:teuthology.orchestra.run.smithi027.stdout:/usr/bin/ceph: stderr
2024-04-26T22:46:33.796+0000 7fbd87400700 1 -- 172.21.15.27:0/4268633222 learned_addr learned my addr 172.21.15.27:0/4268633222 (peer_addr_for_me v2:172.21.15.27:0/0)
2024-04-26T22:46:35.094 INFO:teuthology.orchestra.run.smithi027.stdout:/usr/bin/ceph: stderr
2024-04-26T22:46:33.797+0000 7fbd87400700 1 -- 172.21.15.27:0/4268633222 --> [v2:172.21.15.27:3300/0,v1:172.21.15.27:6789/0] -- mon_subscribe({config=0+,monmap=0+}) -- 0x7fbd881a3900 con 0x7fbd8807f730
2024-04-26T22:46:35.094 INFO:teuthology.orchestra.run.smithi027.stdout:/usr/bin/ceph: stderr
2024-04-26T22:46:33.797+0000 7fbd87400700 1 --2- 172.21.15.27:0/4268633222 >> [v2:172.21.15.27:3300/0,v1:172.21.15.27:6789/0] conn(0x7fbd8807f730 0x7fbd881a33c0 secure :-1 s=READY pgs=42 cs=0 l=1 rev1=1 crypto rx=0x7fbd780117b0 tx=0x7fbd78011b70 comp rx=0 tx=0).ready entity=mon.0 client_cookie=0 server_cookie=0 in_seq=0 out_seq=0
2024-04-26T22:46:35.094 INFO:teuthology.orchestra.run.smithi027.stdout:/usr/bin/ceph: stderr
2024-04-26T22:46:33.797+0000 7fbd84c00700 1 -- 172.21.15.27:0/4268633222 <== mon.0 v2:172.21.15.27:3300/0 1 ==== mon_map magic: 0 ==== 205+0+0 (secure 0 0 0) 0x7fbd78003af0 con 0x7fbd8807f730
2024-04-26T22:46:35.095 INFO:teuthology.orchestra.run.smithi027.stdout:/usr/bin/ceph: stderr
2024-04-26T22:46:33.797+0000 7fbd84c00700 1 -- 172.21.15.27:0/4268633222 <== mon.0 v2:172.21.15.27:3300/0 2 ==== config(26 keys) ==== 1070+0+0 (secure 0 0 0) 0x7fbd78020070 con 0x7fbd8807f730
2024-04-26T22:46:35.095 INFO:teuthology.orchestra.run.smithi027.stdout:/usr/bin/ceph: stderr
2024-04-26T22:46:33.797+0000 7fbd8e600700 1 -- 172.21.15.27:0/4268633222 --> [v2:172.21.15.27:3300/0,v1:172.21.15.27:6789/0] -- mon_subscribe({mgrmap=0+}) -- 0x7fbd881a3b90 con 0x7fbd8807f730
2024-04-26T22:46:35.095 INFO:teuthology.orchestra.run.smithi027.stdout:/usr/bin/ceph: stderr
2024-04-26T22:46:33.797+0000 7fbd84c00700 1 -- 172.21.15.27:0/4268633222 <== mon.0 v2:172.21.15.27:3300/0 3 ==== mon_map magic: 0 ==== 205+0+0 (secure 0 0 0) 0x7fbd78019630 con 0x7fbd8807f730
2024-04-26T22:46:35.095 INFO:teuthology.orchestra.run.smithi027.stdout:/usr/bin/ceph: stderr
2024-04-26T22:46:33.797+0000 7fbd8e600700 1 -- 172.21.15.27:0/4268633222 --> [v2:172.21.15.27:3300/0,v1:172.21.15.27:6789/0] -- mon_subscribe({osdmap=0}) -- 0x7fbd881a6880 con 0x7fbd8807f730
2024-04-26T22:46:35.095 INFO:teuthology.orchestra.run.smithi027.stdout:/usr/bin/ceph: stderr
2024-04-26T22:46:33.799+0000 7fbd84c00700 1 -- 172.21.15.27:0/4268633222 <== mon.0 v2:172.21.15.27:3300/0 4 ==== mgrmap(e 8) ==== 46558+0+0 (secure 0 0 0) 0x7fbd7801a430 con 0x7fbd8807f730
2024-04-26T22:46:35.095 INFO:teuthology.orchestra.run.smithi027.stdout:/usr/bin/ceph: stderr
2024-04-26T22:46:33.799+0000 7fbd8e600700 1 -- 172.21.15.27:0/4268633222 --> [v2:172.21.15.27:3300/0,v1:172.21.15.27:6789/0] -- mon_command({"prefix": "get_command_descriptions"} v 0) -- 0x7fbd88064a80 con 0x7fbd8807f730
2024-04-26T22:46:35.095 INFO:teuthology.orchestra.run.smithi027.stdout:/usr/bin/ceph: stderr
2024-04-26T22:46:33.799+0000 7fbd84c00700 1 --2- 172.21.15.27:0/4268633222 >> [v2:172.21.15.27:6800/1661629783,v1:172.21.15.27:6801/1661629783] conn(0x7fbd6c039600 0x7fbd6c03bac0 unknown :-1 s=NONE pgs=0 cs=0 l=1 rev1=0 crypto rx=0 tx=0 comp rx=0 tx=0).connect
2024-04-26T22:46:35.095 INFO:teuthology.orchestra.run.smithi027.stdout:/usr/bin/ceph: stderr
2024-04-26T22:46:33.799+0000 7fbd84c00700 1 -- 172.21.15.27:0/4268633222 <== mon.0 v2:172.21.15.27:3300/0 5 ==== osd_map(2..2 src has 1..2) ==== 940+0+0 (secure 0 0 0) 0x7fbd7804db90 con 0x7fbd8807f730
2024-04-26T22:46:35.095 INFO:teuthology.orchestra.run.smithi027.stdout:/usr/bin/ceph: stderr
2024-04-26T22:46:33.799+0000 7fbd7ea00700 1 --2- 172.21.15.27:0/4268633222 >> [v2:172.21.15.27:6800/1661629783,v1:172.21.15.27:6801/1661629783] conn(0x7fbd6c039600 0x7fbd6c03bac0 unknown :-1 s=BANNER_CONNECTING pgs=0 cs=0 l=1 rev1=0 crypto rx=0 tx=0 comp rx=0 tx=0)._handle_peer_banner_payload supported=3 required=0
2024-04-26T22:46:35.095 INFO:teuthology.orchestra.run.smithi027.stdout:/usr/bin/ceph: stderr
2024-04-26T22:46:33.800+0000 7fbd7ea00700 1 --2- 172.21.15.27:0/4268633222 >> [v2:172.21.15.27:6800/1661629783,v1:172.21.15.27:6801/1661629783] conn(0x7fbd6c039600 0x7fbd6c03bac0 secure :-1 s=READY pgs=9 cs=0 l=1 rev1=1 crypto rx=0x7fbd70006fd0 tx=0x7fbd70006e40 comp rx=0 tx=0).ready entity=mgr.14120 client_cookie=0 server_cookie=0 in_seq=0 out_seq=0
2024-04-26T22:46:35.095 INFO:teuthology.orchestra.run.smithi027.stdout:/usr/bin/ceph: stderr
2024-04-26T22:46:33.805+0000 7fbd84c00700 1 -- 172.21.15.27:0/4268633222 <== mon.0 v2:172.21.15.27:3300/0 6 ==== mon_command_ack([{"prefix": "get_command_descriptions"}]=0 v0) ==== 72+0+188494 (secure 0 0 0) 0x7fbd7800e260 con 0x7fbd8807f730
2024-04-26T22:46:35.095 INFO:teuthology.orchestra.run.smithi027.stdout:/usr/bin/ceph: stderr
2024-04-26T22:46:34.035+0000 7fbd8e600700 1 -- 172.21.15.27:0/4268633222 --> [v2:172.21.15.27:6800/1661629783,v1:172.21.15.27:6801/1661629783] -- mgr_command(tid 0: {"prefix": "cephadm generate-key", "target": ["mon-mgr", ""]}) -- 0x7fbd88063860 con 0x7fbd6c039600
2024-04-26T22:46:35.095 INFO:teuthology.orchestra.run.smithi027.stdout:/usr/bin/ceph: stderr
2024-04-26T22:46:34.330+0000 7fbd84c00700 1 -- 172.21.15.27:0/4268633222 <== mgr.14120 v2:172.21.15.27:6800/1661629783 1 ==== mgr_command_reply(tid 0: 0 ) ==== 8+0+0 (secure 0 0 0) 0x7fbd88063860 con 0x7fbd6c039600
2024-04-26T22:46:35.095 INFO:teuthology.orchestra.run.smithi027.stdout:/usr/bin/ceph: stderr
2024-04-26T22:46:34.333+0000 7fbd8e600700 1 -- 172.21.15.27:0/4268633222 >> [v2:172.21.15.27:6800/1661629783,v1:172.21.15.27:6801/1661629783] conn(0x7fbd6c039600 msgr2=0x7fbd6c03bac0 secure :-1 s=STATE_CONNECTION_ESTABLISHED l=1).mark_down
2024-04-26T22:46:35.096 INFO:teuthology.orchestra.run.smithi027.stdout:/usr/bin/ceph: stderr
2024-04-26T22:46:34.333+0000 7fbd8e600700 1 --2- 172.21.15.27:0/4268633222 >> [v2:172.21.15.27:6800/1661629783,v1:172.21.15.27:6801/1661629783] conn(0x7fbd6c039600 0x7fbd6c03bac0 secure :-1 s=READY pgs=9 cs=0 l=1 rev1=1 crypto rx=0x7fbd70006fd0 tx=0x7fbd70006e40 comp rx=0 tx=0).stop
2024-04-26T22:46:35.096 INFO:teuthology.orchestra.run.smithi027.stdout:/usr/bin/ceph: stderr
2024-04-26T22:46:34.333+0000 7fbd8e600700 1 -- 172.21.15.27:0/4268633222 >> [v2:172.21.15.27:3300/0,v1:172.21.15.27:6789/0] conn(0x7fbd8807f730 msgr2=0x7fbd881a33c0 secure :-1 s=STATE_CONNECTION_ESTABLISHED l=1).mark_down
2024-04-26T22:46:35.096 INFO:teuthology.orchestra.run.smithi027.stdout:/usr/bin/ceph: stderr
2024-04-26T22:46:34.333+0000 7fbd8e600700 1 --2- 172.21.15.27:0/4268633222 >> [v2:172.21.15.27:3300/0,v1:172.21.15.27:6789/0] conn(0x7fbd8807f730 0x7fbd881a33c0 secure :-1 s=READY pgs=42 cs=0 l=1 rev1=1 crypto rx=0x7fbd780117b0 tx=0x7fbd78011b70 comp rx=0 tx=0).stop
2024-04-26T22:46:35.096 INFO:teuthology.orchestra.run.smithi027.stdout:/usr/bin/ceph: stderr
2024-04-26T22:46:34.333+0000 7fbd8e600700 1 -- 172.21.15.27:0/4268633222 shutdown_connections
2024-04-26T22:46:35.096 INFO:teuthology.orchestra.run.smithi027.stdout:/usr/bin/ceph: stderr
2024-04-26T22:46:34.333+0000 7fbd8e600700 1 --2- 172.21.15.27:0/4268633222 >> [v2:172.21.15.27:6800/1661629783,v1:172.21.15.27:6801/1661629783] conn(0x7fbd6c039600 0x7fbd6c03bac0 unknown :-1 s=CLOSED pgs=9 cs=0 l=1 rev1=1 crypto rx=0 tx=0 comp rx=0 tx=0).stop
2024-04-26T22:46:35.096 INFO:teuthology.orchestra.run.smithi027.stdout:/usr/bin/ceph: stderr
2024-04-26T22:46:34.333+0000 7fbd8e600700 1 --2- 172.21.15.27:0/4268633222 >> [v2:172.21.15.27:3300/0,v1:172.21.15.27:6789/0] conn(0x7fbd8807f730 0x7fbd881a33c0 unknown :-1 s=CLOSED pgs=42 cs=0 l=1 rev1=1 crypto rx=0 tx=0 comp rx=0 tx=0).stop
2024-04-26T22:46:35.096 INFO:teuthology.orchestra.run.smithi027.stdout:/usr/bin/ceph: stderr
2024-04-26T22:46:34.333+0000 7fbd8e600700 1 -- 172.21.15.27:0/4268633222 >> 172.21.15.27:0/4268633222 conn(0x7fbd88104380 msgr2=0x7fbd881067e0 unknown :-1 s=STATE_NONE l=0).mark_down
2024-04-26T22:46:35.096 INFO:teuthology.orchestra.run.smithi027.stdout:/usr/bin/ceph: stderr
2024-04-26T22:46:34.333+0000 7fbd8e600700 1 -- 172.21.15.27:0/4268633222 shutdown_connections
2024-04-26T22:46:35.096 INFO:teuthology.orchestra.run.smithi027.stdout:/usr/bin/ceph: stderr
2024-04-26T22:46:34.333+0000 7fbd8e600700 1 -- 172.21.15.27:0/4268633222 wait complete.
2024-04-26T22:46:35.364 INFO:journalctl@ceph.mon.a.smithi027.stdout:Apr 26 22:46:35 smithi027 ceph-mon[28034]: from='client.14136 -' entity='client.admin' cmd=[{"prefix": "cephadm generate-key", "target": ["mon-mgr", ""]}]: dispatch
2024-04-26T22:46:35.365 INFO:journalctl@ceph.mon.a.smithi027.stdout:Apr 26 22:46:35 smithi027 ceph-mon[28034]: Generating ssh key...
2024-04-26T22:46:35.365 INFO:journalctl@ceph.mon.a.smithi027.stdout:Apr 26 22:46:35 smithi027 ceph-mon[28034]: from='mgr.14120 172.21.15.27:0/2397169387' entity='mgr.x'
