2024-04-26T22:39:56.092 INFO:teuthology.orchestra.run.smithi001.stdout:/usr/bin/ceph: stderr
2024-04-26T22:39:55.160+0000 7f4a7d2f1700 1 -- 172.21.15.1:0/1275715830 --> [v2:172.21.15.1:3300/0,v1:172.21.15.1:6789/0] -- mon_subscribe({osdmap=0}) -- 0x7f4a781a01c0 con 0x7f4a78108dd0
2024-04-26T22:39:56.092 INFO:teuthology.orchestra.run.smithi001.stdout:/usr/bin/ceph: stderr
2024-04-26T22:39:55.161+0000 7f4a5ffff700 1 -- 172.21.15.1:0/1275715830 <== mon.0 v2:172.21.15.1:3300/0 4 ==== mgrmap(e 4) ==== 46547+0+0 (secure 0 0 0) 0x7f4a680198a0 con 0x7f4a78108dd0
2024-04-26T22:39:56.092 INFO:teuthology.orchestra.run.smithi001.stdout:/usr/bin/ceph: stderr
2024-04-26T22:39:55.161+0000 7f4a7d2f1700 1 -- 172.21.15.1:0/1275715830 --> [v2:172.21.15.1:3300/0,v1:172.21.15.1:6789/0] -- mon_command({"prefix": "get_command_descriptions"} v 0) -- 0x7f4a78064a80 con 0x7f4a78108dd0
2024-04-26T22:39:56.092 INFO:teuthology.orchestra.run.smithi001.stdout:/usr/bin/ceph: stderr
2024-04-26T22:39:55.161+0000 7f4a5ffff700 1 --2- 172.21.15.1:0/1275715830 >> [v2:172.21.15.1:6800/722669381,v1:172.21.15.1:6801/722669381] conn(0x7f4a600395b0 0x7f4a6003ba70 unknown :-1 s=NONE pgs=0 cs=0 l=1 rev1=0 crypto rx=0 tx=0 comp rx=0 tx=0).connect
2024-04-26T22:39:56.092 INFO:teuthology.orchestra.run.smithi001.stdout:/usr/bin/ceph: stderr
2024-04-26T22:39:55.161+0000 7f4a5ffff700 1 -- 172.21.15.1:0/1275715830 <== mon.0 v2:172.21.15.1:3300/0 5 ==== osd_map(1..1 src has 1..1) ==== 725+0+0 (secure 0 0 0) 0x7f4a6804dbd0 con 0x7f4a78108dd0
2024-04-26T22:39:56.092 INFO:teuthology.orchestra.run.smithi001.stdout:/usr/bin/ceph: stderr
2024-04-26T22:39:55.161+0000 7f4a767fc700 1 --2- 172.21.15.1:0/1275715830 >> [v2:172.21.15.1:6800/722669381,v1:172.21.15.1:6801/722669381] conn(0x7f4a600395b0 0x7f4a6003ba70 unknown :-1 s=BANNER_CONNECTING pgs=0 cs=0 l=1 rev1=0 crypto rx=0 tx=0 comp rx=0 tx=0)._handle_peer_banner_payload supported=3 required=0
2024-04-26T22:39:56.093 INFO:teuthology.orchestra.run.smithi001.stdout:/usr/bin/ceph: stderr
2024-04-26T22:39:55.161+0000 7f4a767fc700 1 --2- 172.21.15.1:0/1275715830 >> [v2:172.21.15.1:6800/722669381,v1:172.21.15.1:6801/722669381] conn(0x7f4a600395b0 0x7f4a6003ba70 secure :-1 s=READY pgs=8 cs=0 l=1 rev1=1 crypto rx=0x7f4a6c006fd0 tx=0x7f4a6c006e40 comp rx=0 tx=0).ready entity=mgr.14100 client_cookie=0 server_cookie=0 in_seq=0 out_seq=0
2024-04-26T22:39:56.093 INFO:teuthology.orchestra.run.smithi001.stdout:/usr/bin/ceph: stderr
2024-04-26T22:39:55.166+0000 7f4a5ffff700 1 -- 172.21.15.1:0/1275715830 <== mon.0 v2:172.21.15.1:3300/0 6 ==== mon_command_ack([{"prefix": "get_command_descriptions"}]=0 v0) ==== 72+0+188494 (secure 0 0 0) 0x7f4a680042a0 con 0x7f4a78108dd0
2024-04-26T22:39:56.093 INFO:teuthology.orchestra.run.smithi001.stdout:/usr/bin/ceph: stderr
2024-04-26T22:39:55.434+0000 7f4a7d2f1700 1 -- 172.21.15.1:0/1275715830 --> [v2:172.21.15.1:3300/0,v1:172.21.15.1:6789/0] -- mon_command({"prefix": "mgr module enable", "module": "cephadm"} v 0) -- 0x7f4a781a0390 con 0x7f4a78108dd0
2024-04-26T22:39:56.093 INFO:teuthology.orchestra.run.smithi001.stdout:/usr/bin/ceph: stderr
2024-04-26T22:39:55.485+0000 7f4a5ffff700 1 -- 172.21.15.1:0/1275715830 <== mon.0 v2:172.21.15.1:3300/0 7 ==== mon_command_ack([{"prefix": "mgr module enable", "module": "cephadm"}]=0 v5) ==== 86+0+0 (secure 0 0 0) 0x7f4a781a0390 con 0x7f4a78108dd0
2024-04-26T22:39:56.093 INFO:teuthology.orchestra.run.smithi001.stdout:/usr/bin/ceph: stderr
2024-04-26T22:39:55.487+0000 7f4a5ffff700 1 -- 172.21.15.1:0/1275715830 <== mon.0 v2:172.21.15.1:3300/0 8 ==== mgrmap(e 5) ==== 46558+0+0 (secure 0 0 0) 0x7f4a68019b90 con 0x7f4a78108dd0
2024-04-26T22:39:56.093 INFO:teuthology.orchestra.run.smithi001.stdout:/usr/bin/ceph: stderr
2024-04-26T22:39:55.488+0000 7f4a7d2f1700 1 -- 172.21.15.1:0/1275715830 >> [v2:172.21.15.1:6800/722669381,v1:172.21.15.1:6801/722669381] conn(0x7f4a600395b0 msgr2=0x7f4a6003ba70 secure :-1 s=STATE_CONNECTION_ESTABLISHED l=1).mark_down
2024-04-26T22:39:56.093 INFO:teuthology.orchestra.run.smithi001.stdout:/usr/bin/ceph: stderr
2024-04-26T22:39:55.488+0000 7f4a7d2f1700 1 --2- 172.21.15.1:0/1275715830 >> [v2:172.21.15.1:6800/722669381,v1:172.21.15.1:6801/722669381] conn(0x7f4a600395b0 0x7f4a6003ba70 secure :-1 s=READY pgs=8 cs=0 l=1 rev1=1 crypto rx=0x7f4a6c006fd0 tx=0x7f4a6c006e40 comp rx=0 tx=0).stop
2024-04-26T22:39:56.093 INFO:teuthology.orchestra.run.smithi001.stdout:/usr/bin/ceph: stderr
2024-04-26T22:39:55.488+0000 7f4a7d2f1700 1 -- 172.21.15.1:0/1275715830 >> [v2:172.21.15.1:3300/0,v1:172.21.15.1:6789/0] conn(0x7f4a78108dd0 msgr2=0x7f4a7819cd10 secure :-1 s=STATE_CONNECTION_ESTABLISHED l=1).mark_down
2024-04-26T22:39:56.093 INFO:teuthology.orchestra.run.smithi001.stdout:/usr/bin/ceph: stderr
2024-04-26T22:39:55.488+0000 7f4a7d2f1700 1 --2- 172.21.15.1:0/1275715830 >> [v2:172.21.15.1:3300/0,v1:172.21.15.1:6789/0] conn(0x7f4a78108dd0 0x7f4a7819cd10 secure :-1 s=READY pgs=23 cs=0 l=1 rev1=1 crypto rx=0x7f4a680117b0 tx=0x7f4a68011b70 comp rx=0 tx=0).stop
2024-04-26T22:39:56.093 INFO:teuthology.orchestra.run.smithi001.stdout:/usr/bin/ceph: stderr
2024-04-26T22:39:55.488+0000 7f4a7d2f1700 1 -- 172.21.15.1:0/1275715830 shutdown_connections
2024-04-26T22:39:56.093 INFO:teuthology.orchestra.run.smithi001.stdout:/usr/bin/ceph: stderr
2024-04-26T22:39:55.488+0000 7f4a7d2f1700 1 --2- 172.21.15.1:0/1275715830 >> [v2:172.21.15.1:6800/722669381,v1:172.21.15.1:6801/722669381] conn(0x7f4a600395b0 0x7f4a6003ba70 unknown :-1 s=CLOSED pgs=8 cs=0 l=1 rev1=1 crypto rx=0 tx=0 comp rx=0 tx=0).stop
2024-04-26T22:39:56.093 INFO:teuthology.orchestra.run.smithi001.stdout:/usr/bin/ceph: stderr
2024-04-26T22:39:55.488+0000 7f4a7d2f1700 1 --2- 172.21.15.1:0/1275715830 >> [v2:172.21.15.1:3300/0,v1:172.21.15.1:6789/0] conn(0x7f4a78108dd0 0x7f4a7819cd10 unknown :-1 s=CLOSED pgs=23 cs=0 l=1 rev1=1 crypto rx=0 tx=0 comp rx=0 tx=0).stop
2024-04-26T22:39:56.093 INFO:teuthology.orchestra.run.smithi001.stdout:/usr/bin/ceph: stderr
2024-04-26T22:39:55.488+0000 7f4a7d2f1700 1 -- 172.21.15.1:0/1275715830 >> 172.21.15.1:0/1275715830 conn(0x7f4a78104370 msgr2=0x7f4a78104f20 unknown :-1 s=STATE_NONE l=0).mark_down
2024-04-26T22:39:56.094 INFO:teuthology.orchestra.run.smithi001.stdout:/usr/bin/ceph: stderr
2024-04-26T22:39:55.489+0000 7f4a7d2f1700 1 -- 172.21.15.1:0/1275715830 shutdown_connections
2024-04-26T22:39:56.094 INFO:teuthology.orchestra.run.smithi001.stdout:/usr/bin/ceph: stderr
2024-04-26T22:39:55.489+0000 7f4a7d2f1700 1 -- 172.21.15.1:0/1275715830 wait complete.
2024-04-26T22:39:56.346 INFO:journalctl@ceph.mgr.x.smithi001.stdout:Apr 26 22:39:56 smithi001 ceph-bb8b501a-041d-11ef-bc93-c7b262605968-mgr-x[29668]:
2024-04-26T22:39:56.290+0000 7fdfb5993200 -1 mgr[py] Module progress has missing NOTIFY_TYPES member
2024-04-26T22:39:56.748 INFO:journalctl@ceph.mgr.x.smithi001.stdout:Apr 26 22:39:56 smithi001 ceph-bb8b501a-041d-11ef-bc93-c7b262605968-mgr-x[29668]:
2024-04-26T22:39:56.379+0000 7fdfb5993200 -1 mgr[py] Module influx has missing NOTIFY_TYPES member
2024-04-26T22:39:56.749 INFO:journalctl@ceph.mon.a.smithi001.stdout:Apr 26 22:39:56 smithi001 ceph-mon[29435]: from='client.? 172.21.15.1:0/1275715830' entity='client.admin' cmd='[{"prefix": "mgr module enable", "module": "cephadm"}]': finished
2024-04-26T22:39:56.749 INFO:journalctl@ceph.mon.a.smithi001.stdout:Apr 26 22:39:56 smithi001 ceph-mon[29435]: mgrmap e5: x(active, since 14s)
2024-04-26T22:39:57.476 INFO:teuthology.orchestra.run.smithi001.stdout:/usr/bin/ceph: stdout {
2024-04-26T22:39:57.476 INFO:teuthology.orchestra.run.smithi001.stdout:/usr/bin/ceph: stdout "epoch": 5,
2024-04-26T22:39:57.476 INFO:teuthology.orchestra.run.smithi001.stdout:/usr/bin/ceph: stdout "available": true,
2024-04-26T22:39:57.476 INFO:teuthology.orchestra.run.smithi001.stdout:/usr/bin/ceph: stdout "active_name": "x",
2024-04-26T22:39:57.476 INFO:teuthology.orchestra.run.smithi001.stdout:/usr/bin/ceph: stdout "num_standby": 0
2024-04-26T22:39:57.476 INFO:teuthology.orchestra.run.smithi001.stdout:/usr/bin/ceph: stdout }
2024-04-26T22:39:57.477 INFO:teuthology.orchestra.run.smithi001.stdout:/usr/bin/ceph: stderr
2024-04-26T22:39:56.541+0000 7f36dbe55700 1 Processor -- start
2024-04-26T22:39:57.477 INFO:teuthology.orchestra.run.smithi001.stdout:/usr/bin/ceph: stderr
2024-04-26T22:39:56.542+0000 7f36dbe55700 1 -- start start
2024-04-26T22:39:57.477 INFO:teuthology.orchestra.run.smithi001.stdout:/usr/bin/ceph: stderr
2024-04-26T22:39:56.542+0000 7f36dbe55700 1 --2- >> [v2:172.21.15.1:3300/0,v1:172.21.15.1:6789/0] conn(0x7f36d41098e0 0x7f36d410bcd0 unknown :-1 s=NONE pgs=0 cs=0 l=0 rev1=0 crypto rx=0 tx=0 comp rx=0 tx=0).connect
2024-04-26T22:39:57.477 INFO:teuthology.orchestra.run.smithi001.stdout:/usr/bin/ceph: stderr
2024-04-26T22:39:56.542+0000 7f36dbe55700 1 -- --> [v2:172.21.15.1:3300/0,v1:172.21.15.1:6789/0] -- mon_getmap magic: 0 -- 0x7f36d407cdc0 con 0x7f36d41098e0
2024-04-26T22:39:57.477 INFO:teuthology.orchestra.run.smithi001.stdout:/usr/bin/ceph: stderr
2024-04-26T22:39:56.542+0000 7f36d9bf1700 1 --2- >> [v2:172.21.15.1:3300/0,v1:172.21.15.1:6789/0] conn(0x7f36d41098e0 0x7f36d410bcd0 unknown :-1 s=BANNER_CONNECTING pgs=0 cs=0 l=0 rev1=0 crypto rx=0 tx=0 comp rx=0 tx=0)._handle_peer_banner_payload supported=3 required=0
2024-04-26T22:39:57.477 INFO:teuthology.orchestra.run.smithi001.stdout:/usr/bin/ceph: stderr
2024-04-26T22:39:56.542+0000 7f36d9bf1700 1 --2- >> [v2:172.21.15.1:3300/0,v1:172.21.15.1:6789/0] conn(0x7f36d41098e0 0x7f36d410bcd0 unknown :-1 s=HELLO_CONNECTING pgs=0 cs=0 l=0 rev1=1 crypto rx=0 tx=0 comp rx=0 tx=0).handle_hello peer v2:172.21.15.1:3300/0 says I am v2:172.21.15.1:37250/0 (socket says 172.21.15.1:37250)
2024-04-26T22:39:57.477 INFO:teuthology.orchestra.run.smithi001.stdout:/usr/bin/ceph: stderr
2024-04-26T22:39:56.542+0000 7f36d9bf1700 1 -- 172.21.15.1:0/3827157386 learned_addr learned my addr 172.21.15.1:0/3827157386 (peer_addr_for_me v2:172.21.15.1:0/0)
2024-04-26T22:39:57.477 INFO:teuthology.orchestra.run.smithi001.stdout:/usr/bin/ceph: stderr
2024-04-26T22:39:56.542+0000 7f36d9bf1700 1 -- 172.21.15.1:0/3827157386 --> [v2:172.21.15.1:3300/0,v1:172.21.15.1:6789/0] -- mon_subscribe({config=0+,monmap=0+}) -- 0x7f36d410c210 con 0x7f36d41098e0
2024-04-26T22:39:57.477 INFO:teuthology.orchestra.run.smithi001.stdout:/usr/bin/ceph: stderr
2024-04-26T22:39:56.543+0000 7f36d9bf1700 1 --2- 172.21.15.1:0/3827157386 >> [v2:172.21.15.1:3300/0,v1:172.21.15.1:6789/0] conn(0x7f36d41098e0 0x7f36d410bcd0 secure :-1 s=READY pgs=26 cs=0 l=1 rev1=1 crypto rx=0x7f36d00098a0 tx=0x7f36d0009bb0 comp rx=0 tx=0).ready entity=mon.0 client_cookie=eb3192425a30121c server_cookie=0 in_seq=0 out_seq=0
2024-04-26T22:39:57.477 INFO:teuthology.orchestra.run.smithi001.stdout:/usr/bin/ceph: stderr
2024-04-26T22:39:56.543+0000 7f36d8bef700 1 -- 172.21.15.1:0/3827157386 <== mon.0 v2:172.21.15.1:3300/0 1 ==== mon_map magic: 0 ==== 205+0+0 (secure 0 0 0) 0x7f36d0004160 con 0x7f36d41098e0
2024-04-26T22:39:57.477 INFO:teuthology.orchestra.run.smithi001.stdout:/usr/bin/ceph: stderr
2024-04-26T22:39:56.543+0000 7f36d8bef700 1 -- 172.21.15.1:0/3827157386 <== mon.0 v2:172.21.15.1:3300/0 2 ==== config(26 keys) ==== 1070+0+0 (secure 0 0 0) 0x7f36d0004300 con 0x7f36d41098e0
2024-04-26T22:39:57.477 INFO:teuthology.orchestra.run.smithi001.stdout:/usr/bin/ceph: stderr
2024-04-26T22:39:56.543+0000 7f36d8bef700 1 -- 172.21.15.1:0/3827157386 <== mon.0 v2:172.21.15.1:3300/0 3 ==== mon_map magic: 0 ==== 205+0+0 (secure 0 0 0) 0x7f36d0011af0 con 0x7f36d41098e0
2024-04-26T22:39:57.478 INFO:teuthology.orchestra.run.smithi001.stdout:/usr/bin/ceph: stderr
2024-04-26T22:39:56.544+0000 7f36dbe55700 1 -- 172.21.15.1:0/3827157386 >> [v2:172.21.15.1:3300/0,v1:172.21.15.1:6789/0] conn(0x7f36d41098e0 msgr2=0x7f36d410bcd0 secure :-1 s=STATE_CONNECTION_ESTABLISHED l=1).mark_down
2024-04-26T22:39:57.478 INFO:teuthology.orchestra.run.smithi001.stdout:/usr/bin/ceph: stderr
2024-04-26T22:39:56.544+0000 7f36dbe55700 1 --2- 172.21.15.1:0/3827157386 >> [v2:172.21.15.1:3300/0,v1:172.21.15.1:6789/0] conn(0x7f36d41098e0 0x7f36d410bcd0 secure :-1 s=READY pgs=26 cs=0 l=1 rev1=1 crypto rx=0x7f36d00098a0 tx=0x7f36d0009bb0 comp rx=0 tx=0).stop
2024-04-26T22:39:57.478 INFO:teuthology.orchestra.run.smithi001.stdout:/usr/bin/ceph: stderr
2024-04-26T22:39:56.544+0000 7f36dbe55700 1 -- 172.21.15.1:0/3827157386 shutdown_connections
2024-04-26T22:39:57.478 INFO:teuthology.orchestra.run.smithi001.stdout:/usr/bin/ceph: stderr
2024-04-26T22:39:56.544+0000 7f36dbe55700 1 --2- 172.21.15.1:0/3827157386 >> [v2:172.21.15.1:3300/0,v1:172.21.15.1:6789/0] conn(0x7f36d41098e0 0x7f36d410bcd0 unknown :-1 s=CLOSED pgs=26 cs=0 l=1 rev1=1 crypto rx=0 tx=0 comp rx=0 tx=0).stop
2024-04-26T22:39:57.478 INFO:teuthology.orchestra.run.smithi001.stdout:/usr/bin/ceph: stderr
2024-04-26T22:39:56.544+0000 7f36dbe55700 1 -- 172.21.15.1:0/3827157386 >> 172.21.15.1:0/3827157386 conn(0x7f36d41031f0 msgr2=0x7f36d4105670 unknown :-1 s=STATE_NONE l=0).mark_down
2024-04-26T22:39:57.478 INFO:teuthology.orchestra.run.smithi001.stdout:/usr/bin/ceph: stderr
2024-04-26T22:39:56.544+0000 7f36dbe55700 1 -- 172.21.15.1:0/3827157386 shutdown_connections
2024-04-26T22:39:57.478 INFO:teuthology.orchestra.run.smithi001.stdout:/usr/bin/ceph: stderr
2024-04-26T22:39:56.544+0000 7f36dbe55700 1 -- 172.21.15.1:0/3827157386 wait complete.
2024-04-26T22:39:57.478 INFO:teuthology.orchestra.run.smithi001.stdout:/usr/bin/ceph: stderr
2024-04-26T22:39:56.545+0000 7f36dbe55700 1 Processor -- start
2024-04-26T22:39:57.478 INFO:teuthology.orchestra.run.smithi001.stdout:/usr/bin/ceph: stderr
2024-04-26T22:39:56.545+0000 7f36dbe55700 1 -- start start
2024-04-26T22:39:57.478 INFO:teuthology.orchestra.run.smithi001.stdout:/usr/bin/ceph: stderr
2024-04-26T22:39:56.545+0000 7f36dbe55700 1 --2- >> [v2:172.21.15.1:3300/0,v1:172.21.15.1:6789/0] conn(0x7f36d41098e0 0x7f36d419ccf0 unknown :-1 s=NONE pgs=0 cs=0 l=1 rev1=0 crypto rx=0 tx=0 comp rx=0 tx=0).connect
2024-04-26T22:39:57.478 INFO:teuthology.orchestra.run.smithi001.stdout:/usr/bin/ceph: stderr
2024-04-26T22:39:56.545+0000 7f36dbe55700 1 -- --> [v2:172.21.15.1:3300/0,v1:172.21.15.1:6789/0] -- mon_getmap magic: 0 -- 0x7f36d410d110 con 0x7f36d41098e0
2024-04-26T22:39:57.478 INFO:teuthology.orchestra.run.smithi001.stdout:/usr/bin/ceph: stderr
2024-04-26T22:39:56.545+0000 7f36d9bf1700 1 --2- >> [v2:172.21.15.1:3300/0,v1:172.21.15.1:6789/0] conn(0x7f36d41098e0 0x7f36d419ccf0 unknown :-1 s=BANNER_CONNECTING pgs=0 cs=0 l=1 rev1=0 crypto rx=0 tx=0 comp rx=0 tx=0)._handle_peer_banner_payload supported=3 required=0
2024-04-26T22:39:57.478 INFO:teuthology.orchestra.run.smithi001.stdout:/usr/bin/ceph: stderr
2024-04-26T22:39:56.545+0000 7f36d9bf1700 1 --2- >> [v2:172.21.15.1:3300/0,v1:172.21.15.1:6789/0] conn(0x7f36d41098e0 0x7f36d419ccf0 unknown :-1 s=HELLO_CONNECTING pgs=0 cs=0 l=1 rev1=1 crypto rx=0 tx=0 comp rx=0 tx=0).handle_hello peer v2:172.21.15.1:3300/0 says I am v2:172.21.15.1:37252/0 (socket says 172.21.15.1:37252)
2024-04-26T22:39:57.478 INFO:teuthology.orchestra.run.smithi001.stdout:/usr/bin/ceph: stderr
2024-04-26T22:39:56.545+0000 7f36d9bf1700 1 -- 172.21.15.1:0/3909191933 learned_addr learned my addr 172.21.15.1:0/3909191933 (peer_addr_for_me v2:172.21.15.1:0/0)
2024-04-26T22:39:57.479 INFO:teuthology.orchestra.run.smithi001.stdout:/usr/bin/ceph: stderr
2024-04-26T22:39:56.545+0000 7f36d9bf1700 1 -- 172.21.15.1:0/3909191933 --> [v2:172.21.15.1:3300/0,v1:172.21.15.1:6789/0] -- mon_subscribe({config=0+,monmap=0+}) -- 0x7f36d419d230 con 0x7f36d41098e0
2024-04-26T22:39:57.479 INFO:teuthology.orchestra.run.smithi001.stdout:/usr/bin/ceph: stderr
2024-04-26T22:39:56.546+0000 7f36d9bf1700 1 --2- 172.21.15.1:0/3909191933 >> [v2:172.21.15.1:3300/0,v1:172.21.15.1:6789/0] conn(0x7f36d41098e0 0x7f36d419ccf0 secure :-1 s=READY pgs=27 cs=0 l=1 rev1=1 crypto rx=0x7f36d0011ac0 tx=0x7f36d0011ba0 comp rx=0 tx=0).ready entity=mon.0 client_cookie=0 server_cookie=0 in_seq=0 out_seq=0
2024-04-26T22:39:57.479 INFO:teuthology.orchestra.run.smithi001.stdout:/usr/bin/ceph: stderr
2024-04-26T22:39:56.546+0000 7f36caffd700 1 -- 172.21.15.1:0/3909191933 <== mon.0 v2:172.21.15.1:3300/0 1 ==== mon_map magic: 0 ==== 205+0+0 (secure 0 0 0) 0x7f36d0003970 con 0x7f36d41098e0
2024-04-26T22:39:57.479 INFO:teuthology.orchestra.run.smithi001.stdout:/usr/bin/ceph: stderr
2024-04-26T22:39:56.546+0000 7f36caffd700 1 -- 172.21.15.1:0/3909191933 <== mon.0 v2:172.21.15.1:3300/0 2 ==== config(26 keys) ==== 1070+0+0 (secure 0 0 0) 0x7f36d0003b10 con 0x7f36d41098e0
2024-04-26T22:39:57.479 INFO:teuthology.orchestra.run.smithi001.stdout:/usr/bin/ceph: stderr
2024-04-26T22:39:56.546+0000 7f36dbe55700 1 -- 172.21.15.1:0/3909191933 --> [v2:172.21.15.1:3300/0,v1:172.21.15.1:6789/0] -- mon_subscribe({mgrmap=0+}) -- 0x7f36d419d4c0 con 0x7f36d41098e0
2024-04-26T22:39:57.479 INFO:teuthology.orchestra.run.smithi001.stdout:/usr/bin/ceph: stderr
2024-04-26T22:39:56.546+0000 7f36caffd700 1 -- 172.21.15.1:0/3909191933 <== mon.0 v2:172.21.15.1:3300/0 3 ==== mon_map magic: 0 ==== 205+0+0 (secure 0 0 0) 0x7f36d0024610 con 0x7f36d41098e0
2024-04-26T22:39:57.479 INFO:teuthology.orchestra.run.smithi001.stdout:/usr/bin/ceph: stderr
2024-04-26T22:39:56.546+0000 7f36dbe55700 1 -- 172.21.15.1:0/3909191933 --> [v2:172.21.15.1:3300/0,v1:172.21.15.1:6789/0] -- mon_subscribe({osdmap=0}) -- 0x7f36d41a01a0 con 0x7f36d41098e0
2024-04-26T22:39:57.479 INFO:teuthology.orchestra.run.smithi001.stdout:/usr/bin/ceph: stderr
2024-04-26T22:39:56.547+0000 7f36caffd700 1 -- 172.21.15.1:0/3909191933 <== mon.0 v2:172.21.15.1:3300/0 4 ==== mgrmap(e 5) ==== 46558+0+0 (secure 0 0 0) 0x7f36d0024840 con 0x7f36d41098e0
2024-04-26T22:39:57.479 INFO:teuthology.orchestra.run.smithi001.stdout:/usr/bin/ceph: stderr
2024-04-26T22:39:56.547+0000 7f36caffd700 1 --2- 172.21.15.1:0/3909191933 >> [v2:172.21.15.1:6800/722669381,v1:172.21.15.1:6801/722669381] conn(0x7f36c0039600 0x7f36c003bac0 unknown :-1 s=NONE pgs=0 cs=0 l=1 rev1=0 crypto rx=0 tx=0 comp rx=0 tx=0).connect
2024-04-26T22:39:57.479 INFO:teuthology.orchestra.run.smithi001.stdout:/usr/bin/ceph: stderr
2024-04-26T22:39:56.547+0000 7f36caffd700 1 -- 172.21.15.1:0/3909191933 <== mon.0 v2:172.21.15.1:3300/0 5 ==== osd_map(1..1 src has 1..1) ==== 725+0+0 (secure 0 0 0) 0x7f36d004d8e0 con 0x7f36d41098e0
2024-04-26T22:39:57.479 INFO:teuthology.orchestra.run.smithi001.stdout:/usr/bin/ceph: stderr
2024-04-26T22:39:56.547+0000 7f36d93f0700 1 -- 172.21.15.1:0/3909191933 >> [v2:172.21.15.1:6800/722669381,v1:172.21.15.1:6801/722669381] conn(0x7f36c0039600 msgr2=0x7f36c003bac0 unknown :-1 s=STATE_CONNECTING_RE l=1).process reconnect failed to v2:172.21.15.1:6800/722669381
2024-04-26T22:39:57.479 INFO:teuthology.orchestra.run.smithi001.stdout:/usr/bin/ceph: stderr
2024-04-26T22:39:56.547+0000 7f36d93f0700 1 --2- 172.21.15.1:0/3909191933 >> [v2:172.21.15.1:6800/722669381,v1:172.21.15.1:6801/722669381] conn(0x7f36c0039600 0x7f36c003bac0 unknown :-1 s=START_CONNECT pgs=0 cs=0 l=1 rev1=0 crypto rx=0 tx=0 comp rx=0 tx=0)._fault waiting 0.200000
2024-04-26T22:39:57.479 INFO:teuthology.orchestra.run.smithi001.stdout:/usr/bin/ceph: stderr
2024-04-26T22:39:56.547+0000 7f36dbe55700 1 -- 172.21.15.1:0/3909191933 --> [v2:172.21.15.1:3300/0,v1:172.21.15.1:6789/0] -- mon_command({"prefix": "get_command_descriptions"} v 0) -- 0x7f36d4064a80 con 0x7f36d41098e0
2024-04-26T22:39:57.479 INFO:teuthology.orchestra.run.smithi001.stdout:/usr/bin/ceph: stderr
2024-04-26T22:39:56.552+0000 7f36caffd700 1 -- 172.21.15.1:0/3909191933 <== mon.0 v2:172.21.15.1:3300/0 6 ==== mon_command_ack([{"prefix": "get_command_descriptions"}]=0 v0) ==== 72+0+188494 (secure 0 0 0) 0x7f36d00172b0 con 0x7f36d41098e0
2024-04-26T22:39:57.479 INFO:teuthology.orchestra.run.smithi001.stdout:/usr/bin/ceph: stderr
2024-04-26T22:39:56.748+0000 7f36d93f0700 1 -- 172.21.15.1:0/3909191933 >> [v2:172.21.15.1:6800/722669381,v1:172.21.15.1:6801/722669381] conn(0x7f36c0039600 msgr2=0x7f36c003bac0 unknown :-1 s=STATE_CONNECTING_RE l=1).process reconnect failed to v2:172.21.15.1:6800/722669381
2024-04-26T22:39:57.480 INFO:teuthology.orchestra.run.smithi001.stdout:/usr/bin/ceph: stderr
2024-04-26T22:39:56.748+0000 7f36d93f0700 1 --2- 172.21.15.1:0/3909191933 >> [v2:172.21.15.1:6800/722669381,v1:172.21.15.1:6801/722669381] conn(0x7f36c0039600 0x7f36c003bac0 unknown :-1 s=START_CONNECT pgs=0 cs=0 l=1 rev1=0 crypto rx=0 tx=0 comp rx=0 tx=0)._fault waiting 0.400000
2024-04-26T22:39:57.480 INFO:teuthology.orchestra.run.smithi001.stdout:/usr/bin/ceph: stderr
2024-04-26T22:39:56.881+0000 7f36dbe55700 1 -- 172.21.15.1:0/3909191933 --> [v2:172.21.15.1:3300/0,v1:172.21.15.1:6789/0] -- mon_command({"prefix": "mgr stat"} v 0) -- 0x7f36d41a0370 con 0x7f36d41098e0
2024-04-26T22:39:57.480 INFO:teuthology.orchestra.run.smithi001.stdout:/usr/bin/ceph: stderr
2024-04-26T22:39:56.881+0000 7f36caffd700 1 -- 172.21.15.1:0/3909191933 <== mon.0 v2:172.21.15.1:3300/0 7 ==== mon_command_ack([{"prefix": "mgr stat"}]=0 v5) ==== 56+0+88 (secure 0 0 0) 0x7f36d002d910 con 0x7f36d41098e0
2024-04-26T22:39:57.480 INFO:teuthology.orchestra.run.smithi001.stdout:/usr/bin/ceph: stderr
2024-04-26T22:39:56.884+0000 7f36dbe55700 1 -- 172.21.15.1:0/3909191933 >> [v2:172.21.15.1:6800/722669381,v1:172.21.15.1:6801/722669381] conn(0x7f36c0039600 msgr2=0x7f36c003bac0 unknown :-1 s=STATE_CONNECTING l=1).mark_down
2024-04-26T22:39:57.480 INFO:teuthology.orchestra.run.smithi001.stdout:/usr/bin/ceph: stderr
2024-04-26T22:39:56.884+0000 7f36dbe55700 1 --2- 172.21.15.1:0/3909191933 >> [v2:172.21.15.1:6800/722669381,v1:172.21.15.1:6801/722669381] conn(0x7f36c0039600 0x7f36c003bac0 unknown :-1 s=START_CONNECT pgs=0 cs=0 l=1 rev1=0 crypto rx=0 tx=0 comp rx=0 tx=0).stop
2024-04-26T22:39:57.480 INFO:teuthology.orchestra.run.smithi001.stdout:/usr/bin/ceph: stderr
2024-04-26T22:39:56.884+0000 7f36dbe55700 1 -- 172.21.15.1:0/3909191933 >> [v2:172.21.15.1:3300/0,v1:172.21.15.1:6789/0] conn(0x7f36d41098e0 msgr2=0x7f36d419ccf0 secure :-1 s=STATE_CONNECTION_ESTABLISHED l=1).mark_down
2024-04-26T22:39:57.480 INFO:teuthology.orchestra.run.smithi001.stdout:/usr/bin/ceph: stderr
2024-04-26T22:39:56.884+0000 7f36dbe55700 1 --2- 172.21.15.1:0/3909191933 >> [v2:172.21.15.1:3300/0,v1:172.21.15.1:6789/0] conn(0x7f36d41098e0 0x7f36d419ccf0 secure :-1 s=READY pgs=27 cs=0 l=1 rev1=1 crypto rx=0x7f36d0011ac0 tx=0x7f36d0011ba0 comp rx=0 tx=0).stop
2024-04-26T22:39:57.480 INFO:teuthology.orchestra.run.smithi001.stdout:/usr/bin/ceph: stderr
2024-04-26T22:39:56.884+0000 7f36dbe55700 1 -- 172.21.15.1:0/3909191933 shutdown_connections
2024-04-26T22:39:57.480 INFO:teuthology.orchestra.run.smithi001.stdout:/usr/bin/ceph: stderr
2024-04-26T22:39:56.884+0000 7f36dbe55700 1 --2- 172.21.15.1:0/3909191933 >> [v2:172.21.15.1:6800/722669381,v1:172.21.15.1:6801/722669381] conn(0x7f36c0039600 0x7f36c003bac0 unknown :-1 s=CLOSED pgs=0 cs=0 l=1 rev1=0 crypto rx=0 tx=0 comp rx=0 tx=0).stop
2024-04-26T22:39:57.480 INFO:teuthology.orchestra.run.smithi001.stdout:/usr/bin/ceph: stderr
2024-04-26T22:39:56.884+0000 7f36dbe55700 1 --2- 172.21.15.1:0/3909191933 >> [v2:172.21.15.1:3300/0,v1:172.21.15.1:6789/0] conn(0x7f36d41098e0 0x7f36d419ccf0 unknown :-1 s=CLOSED pgs=27 cs=0 l=1 rev1=1 crypto rx=0 tx=0 comp rx=0 tx=0).stop
2024-04-26T22:39:57.480 INFO:teuthology.orchestra.run.smithi001.stdout:/usr/bin/ceph: stderr
2024-04-26T22:39:56.884+0000 7f36dbe55700 1 -- 172.21.15.1:0/3909191933 >> 172.21.15.1:0/3909191933 conn(0x7f36d41031f0 msgr2=0x7f36d4103d70 unknown :-1 s=STATE_NONE l=0).mark_down
2024-04-26T22:39:57.480 INFO:teuthology.orchestra.run.smithi001.stdout:/usr/bin/ceph: stderr
2024-04-26T22:39:56.884+0000 7f36dbe55700 1 -- 172.21.15.1:0/3909191933 shutdown_connections
2024-04-26T22:39:57.480 INFO:teuthology.orchestra.run.smithi001.stdout:/usr/bin/ceph: stderr
2024-04-26T22:39:56.884+0000 7f36dbe55700 1 -- 172.21.15.1:0/3909191933 wait complete.
2024-04-26T22:39:57.480 INFO:teuthology.orchestra.run.smithi001.stdout:Waiting for the mgr to restart...
2024-04-26T22:39:57.480 INFO:teuthology.orchestra.run.smithi001.stdout:Waiting for mgr epoch 5...
2024-04-26T22:39:57.787 INFO:journalctl@ceph.mon.a.smithi001.stdout:Apr 26 22:39:57 smithi001 ceph-mon[29435]: from='client.? 172.21.15.1:0/3909191933' entity='client.admin' cmd=[{"prefix": "mgr stat"}]: dispatch
2024-04-26T22:39:57.787 INFO:journalctl@ceph.mgr.x.smithi001.stdout:Apr 26 22:39:57 smithi001 ceph-bb8b501a-041d-11ef-bc93-c7b262605968-mgr-x[29668]:
2024-04-26T22:39:57.650+0000 7fdfb5993200 -1 mgr[py] Module telegraf has missing NOTIFY_TYPES member
2024-04-26T22:39:58.096 INFO:journalctl@ceph.mgr.x.smithi001.stdout:Apr 26 22:39:57 smithi001 ceph-bb8b501a-041d-11ef-bc93-c7b262605968-mgr-x[29668]:
2024-04-26T22:39:57.835+0000 7fdfb5993200 -1 mgr[py] Module osd_support has missing NOTIFY_TYPES member
2024-04-26T22:39:58.096 INFO:journalctl@ceph.mgr.x.smithi001.stdout:Apr 26 22:39:58 smithi001 ceph-bb8b501a-041d-11ef-bc93-c7b262605968-mgr-x[29668]:
2024-04-26T22:39:58.013+0000 7fdfb5993200 -1 mgr[py] Module iostat has missing NOTIFY_TYPES member
2024-04-26T22:39:58.409 INFO:journalctl@ceph.mgr.x.smithi001.stdout:Apr 26 22:39:58 smithi001 ceph-bb8b501a-041d-11ef-bc93-c7b262605968-mgr-x[29668]:
2024-04-26T22:39:58.312+0000 7fdfb5993200 -1 mgr[py] Module alerts has missing NOTIFY_TYPES member
2024-04-26T22:39:58.409 INFO:journalctl@ceph.mgr.x.smithi001.stdout:Apr 26 22:39:58 smithi001 ceph-bb8b501a-041d-11ef-bc93-c7b262605968-mgr-x[29668]:
2024-04-26T22:39:58.408+0000 7fdfb5993200 -1 mgr[py] Module selftest has missing NOTIFY_TYPES member
2024-04-26T22:39:58.819 INFO:journalctl@ceph.mgr.x.smithi001.stdout:Apr 26 22:39:58 smithi001 ceph-bb8b501a-041d-11ef-bc93-c7b262605968-mgr-x[29668]:
2024-04-26T22:39:58.618+0000 7fdfb5993200 -1 mgr[py] Module pg_autoscaler has missing NOTIFY_TYPES member
2024-04-26T22:39:59.096 INFO:journalctl@ceph.mgr.x.smithi001.stdout:Apr 26 22:39:58 smithi001 ceph-bb8b501a-041d-11ef-bc93-c7b262605968-mgr-x[29668]:
2024-04-26T22:39:58.818+0000 7fdfb5993200 -1 mgr[py] Module test_orchestrator has missing NOTIFY_TYPES member
2024-04-26T22:39:59.596 INFO:journalctl@ceph.mgr.x.smithi001.stdout:Apr 26 22:39:59 smithi001 ceph-bb8b501a-041d-11ef-bc93-c7b262605968-mgr-x[29668]:
2024-04-26T22:39:59.445+0000 7fdfb5993200 -1 mgr[py] Module rook has missing NOTIFY_TYPES member
2024-04-26T22:40:00.193 INFO:journalctl@ceph.mgr.x.smithi001.stdout:Apr 26 22:39:59 smithi001 ceph-bb8b501a-041d-11ef-bc93-c7b262605968-mgr-x[29668]:
2024-04-26T22:39:59.882+0000 7fdfb5993200 -1 mgr[py] Module volumes has missing NOTIFY_TYPES member
2024-04-26T22:40:00.194 INFO:journalctl@ceph.mgr.x.smithi001.stdout:Apr 26 22:39:59 smithi001 ceph-bb8b501a-041d-11ef-bc93-c7b262605968-mgr-x[29668]:
2024-04-26T22:39:59.983+0000 7fdfb5993200 -1 mgr[py] Module crash has missing NOTIFY_TYPES member
2024-04-26T22:40:00.194 INFO:journalctl@ceph.mgr.x.smithi001.stdout:Apr 26 22:40:00 smithi001 ceph-bb8b501a-041d-11ef-bc93-c7b262605968-mgr-x[29668]:
2024-04-26T22:40:00.193+0000 7fdfb5993200 -1 mgr[py] Module rgw has missing NOTIFY_TYPES member
2024-04-26T22:40:01.085 INFO:journalctl@ceph.mgr.x.smithi001.stdout:Apr 26 22:40:00 smithi001 ceph-bb8b501a-041d-11ef-bc93-c7b262605968-mgr-x[29668]:
2024-04-26T22:40:00.737+0000 7fdfb5993200 -1 mgr[py] Module prometheus has missing NOTIFY_TYPES member
2024-04-26T22:40:01.085 INFO:journalctl@ceph.mgr.x.smithi001.stdout:Apr 26 22:40:00 smithi001 ceph-bb8b501a-041d-11ef-bc93-c7b262605968-mgr-x[29668]:
2024-04-26T22:40:00.833+0000 7fdfb5993200 -1 mgr[py] Module devicehealth has missing NOTIFY_TYPES member
2024-04-26T22:40:01.347 INFO:journalctl@ceph.mgr.x.smithi001.stdout:Apr 26 22:40:01 smithi001 ceph-bb8b501a-041d-11ef-bc93-c7b262605968-mgr-x[29668]:
2024-04-26T22:40:01.084+0000 7fdfb5993200 -1 mgr[py] Module telemetry has missing NOTIFY_TYPES member
2024-04-26T22:40:01.347 INFO:journalctl@ceph.mgr.x.smithi001.stdout:Apr 26 22:40:01 smithi001 ceph-bb8b501a-041d-11ef-bc93-c7b262605968-mgr-x[29668]:
2024-04-26T22:40:01.222+0000 7fdfb5993200 -1 mgr[py] Module diskprediction_local has missing NOTIFY_TYPES member
2024-04-26T22:40:01.348 INFO:journalctl@ceph.mgr.x.smithi001.stdout:Apr 26 22:40:01 smithi001 ceph-bb8b501a-041d-11ef-bc93-c7b262605968-mgr-x[29668]:
2024-04-26T22:40:01.321+0000 7fdfb5993200 -1 mgr[py] Module osd_perf_query has missing NOTIFY_TYPES member
2024-04-26T22:40:01.751 INFO:journalctl@ceph.mgr.x.smithi001.stdout:Apr 26 22:40:01 smithi001 ceph-bb8b501a-041d-11ef-bc93-c7b262605968-mgr-x[29668]:
2024-04-26T22:40:01.441+0000 7fdfb5993200 -1 mgr[py] Module rbd_support has missing NOTIFY_TYPES member
2024-04-26T22:40:01.752 INFO:journalctl@ceph.mgr.x.smithi001.stdout:Apr 26 22:40:01 smithi001 ceph-bb8b501a-041d-11ef-bc93-c7b262605968-mgr-x[29668]:
2024-04-26T22:40:01.750+0000 7fdfb5993200 -1 mgr[py] Module zabbix has missing NOTIFY_TYPES member
2024-04-26T22:40:02.659 INFO:journalctl@ceph.mgr.x.smithi001.stdout:Apr 26 22:40:02 smithi001 ceph-bb8b501a-041d-11ef-bc93-c7b262605968-mgr-x[29668]:
2024-04-26T22:40:02.382+0000 7fdfb5993200 -1 mgr[py] Module status has missing NOTIFY_TYPES member
2024-04-26T22:40:02.659 INFO:journalctl@ceph.mgr.x.smithi001.stdout:Apr 26 22:40:02 smithi001 ceph-bb8b501a-041d-11ef-bc93-c7b262605968-mgr-x[29668]:
2024-04-26T22:40:02.605+0000 7fdfb5993200 -1 mgr[py] Module nfs has missing NOTIFY_TYPES member
2024-04-26T22:40:03.096 INFO:journalctl@ceph.mon.a.smithi001.stdout:Apr 26 22:40:02 smithi001 ceph-mon[29435]: Active manager daemon x restarted
2024-04-26T22:40:03.096 INFO:journalctl@ceph.mon.a.smithi001.stdout:Apr 26 22:40:02 smithi001 ceph-mon[29435]: Activating manager daemon x
2024-04-26T22:40:03.096 INFO:journalctl@ceph.mon.a.smithi001.stdout:Apr 26 22:40:02 smithi001 ceph-mon[29435]: osdmap e2: 0 total, 0 up, 0 in
2024-04-26T22:40:03.097 INFO:journalctl@ceph.mon.a.smithi001.stdout:Apr 26 22:40:02 smithi001 ceph-mon[29435]: mgrmap e6: x(active, starting, since 0.00355392s)
2024-04-26T22:40:03.097 INFO:journalctl@ceph.mon.a.smithi001.stdout:Apr 26 22:40:02 smithi001 ceph-mon[29435]: from='mgr.14120 172.21.15.1:0/3268592173' entity='mgr.x' cmd=[{"prefix": "mon metadata", "id": "a"}]: dispatch
2024-04-26T22:40:03.097 INFO:journalctl@ceph.mon.a.smithi001.stdout:Apr 26 22:40:02 smithi001 ceph-mon[29435]: from='mgr.14120 172.21.15.1:0/3268592173' entity='mgr.x' cmd=[{"prefix": "mgr metadata", "who": "x", "id": "x"}]: dispatch
2024-04-26T22:40:03.097 INFO:journalctl@ceph.mon.a.smithi001.stdout:Apr 26 22:40:02 smithi001 ceph-mon[29435]: from='mgr.14120 172.21.15.1:0/3268592173' entity='mgr.x' cmd=[{"prefix": "mds metadata"}]: dispatch
2024-04-26T22:40:03.097 INFO:journalctl@ceph.mon.a.smithi001.stdout:Apr 26 22:40:02 smithi001 ceph-mon[29435]: from='mgr.14120 172.21.15.1:0/3268592173' entity='mgr.x' cmd=[{"prefix": "osd metadata"}]: dispatch
2024-04-26T22:40:03.097 INFO:journalctl@ceph.mon.a.smithi001.stdout:Apr 26 22:40:02 smithi001 ceph-mon[29435]: from='mgr.14120 172.21.15.1:0/3268592173' entity='mgr.x' cmd=[{"prefix": "mon metadata"}]: dispatch
2024-04-26T22:40:03.097 INFO:journalctl@ceph.mon.a.smithi001.stdout:Apr 26 22:40:02 smithi001 ceph-mon[29435]: Manager daemon x is now available
2024-04-26T22:40:03.097 INFO:journalctl@ceph.mon.a.smithi001.stdout:Apr 26 22:40:02 smithi001 ceph-mon[29435]: from='mgr.14120 172.21.15.1:0/3268592173' entity='mgr.x'
2024-04-26T22:40:03.097 INFO:journalctl@ceph.mon.a.smithi001.stdout:Apr 26 22:40:02 smithi001 ceph-mon[29435]: from='mgr.14120 172.21.15.1:0/3268592173' entity='mgr.x'
2024-04-26T22:40:03.097 INFO:journalctl@ceph.mon.a.smithi001.stdout:Apr 26 22:40:02 smithi001 ceph-mon[29435]: from='mgr.14120 172.21.15.1:0/3268592173' entity='mgr.x' cmd=[{"prefix": "config dump", "format": "json"}]: dispatch
2024-04-26T22:40:03.097 INFO:journalctl@ceph.mon.a.smithi001.stdout:Apr 26 22:40:02 smithi001 ceph-mon[29435]: from='mgr.14120 172.21.15.1:0/3268592173' entity='mgr.x' cmd=[{"prefix": "config dump", "format": "json"}]: dispatch
2024-04-26T22:40:03.097 INFO:journalctl@ceph.mon.a.smithi001.stdout:Apr 26 22:40:02 smithi001 ceph-mon[29435]: from='mgr.14120 172.21.15.1:0/3268592173' entity='mgr.x' cmd=[{"prefix":"config rm","who":"mgr","name":"mgr/rbd_support/x/mirror_snapshot_schedule"}]: dispatch
2024-04-26T22:40:03.974 INFO:journalctl@ceph.mon.a.smithi001.stdout:Apr 26 22:40:03 smithi001 ceph-mon[29435]: Found migration_current of "None". Setting to last migration.
2024-04-26T22:40:03.974 INFO:journalctl@ceph.mon.a.smithi001.stdout:Apr 26 22:40:03 smithi001 ceph-mon[29435]: from='mgr.14120 172.21.15.1:0/3268592173' entity='mgr.x' cmd=[{"prefix":"config rm","who":"mgr","name":"mgr/rbd_support/x/trash_purge_schedule"}]: dispatch
2024-04-26T22:40:03.974 INFO:journalctl@ceph.mon.a.smithi001.stdout:Apr 26 22:40:03 smithi001 ceph-mon[29435]: from='mgr.14120 172.21.15.1:0/3268592173' entity='mgr.x'
2024-04-26T22:40:03.974 INFO:journalctl@ceph.mon.a.smithi001.stdout:Apr 26 22:40:03 smithi001 ceph-mon[29435]: from='mgr.14120 172.21.15.1:0/3268592173' entity='mgr.x'
2024-04-26T22:40:03.975 INFO:journalctl@ceph.mon.a.smithi001.stdout:Apr 26 22:40:03 smithi001 ceph-mon[29435]: mgrmap e7: x(active, since 1.00545s)
2024-04-26T22:40:04.244 INFO:teuthology.orchestra.run.smithi001.stdout:/usr/bin/ceph: stdout {
2024-04-26T22:40:04.244 INFO:teuthology.orchestra.run.smithi001.stdout:/usr/bin/ceph: stdout "mgrmap_epoch": 7,
2024-04-26T22:40:04.244 INFO:teuthology.orchestra.run.smithi001.stdout:/usr/bin/ceph: stdout "initialized": true
2024-04-26T22:40:04.244 INFO:teuthology.orchestra.run.smithi001.stdout:/usr/bin/ceph: stdout }
2024-04-26T22:40:04.244 INFO:teuthology.orchestra.run.smithi001.stdout:/usr/bin/ceph: stderr
2024-04-26T22:39:57.891+0000 7fbfc7a01700 1 Processor -- start
2024-04-26T22:40:04.244 INFO:teuthology.orchestra.run.smithi001.stdout:/usr/bin/ceph: stderr
2024-04-26T22:39:57.891+0000 7fbfc7a01700 1 -- start start
2024-04-26T22:40:04.244 INFO:teuthology.orchestra.run.smithi001.stdout:/usr/bin/ceph: stderr
2024-04-26T22:39:57.891+0000 7fbfc7a01700 1 --2- >> [v2:172.21.15.1:3300/0,v1:172.21.15.1:6789/0] conn(0x7fbfc0109800 0x7fbfc010bbf0 unknown :-1 s=NONE pgs=0 cs=0 l=0 rev1=0 crypto rx=0 tx=0 comp rx=0 tx=0).connect
2024-04-26T22:40:04.244 INFO:teuthology.orchestra.run.smithi001.stdout:/usr/bin/ceph: stderr
2024-04-26T22:39:57.891+0000 7fbfc7a01700 1 -- --> [v2:172.21.15.1:3300/0,v1:172.21.15.1:6789/0] -- mon_getmap magic: 0 -- 0x7fbfc007cea0 con 0x7fbfc0109800
2024-04-26T22:40:04.245 INFO:teuthology.orchestra.run.smithi001.stdout:/usr/bin/ceph: stderr
2024-04-26T22:39:57.892+0000 7fbfc579d700 1 --2- >> [v2:172.21.15.1:3300/0,v1:172.21.15.1:6789/0] conn(0x7fbfc0109800 0x7fbfc010bbf0 unknown :-1 s=BANNER_CONNECTING pgs=0 cs=0 l=0 rev1=0 crypto rx=0 tx=0 comp rx=0 tx=0)._handle_peer_banner_payload supported=3 required=0
2024-04-26T22:40:04.245 INFO:teuthology.orchestra.run.smithi001.stdout:/usr/bin/ceph: stderr
2024-04-26T22:39:57.892+0000 7fbfc579d700 1 --2- >> [v2:172.21.15.1:3300/0,v1:172.21.15.1:6789/0] conn(0x7fbfc0109800 0x7fbfc010bbf0 unknown :-1 s=HELLO_CONNECTING pgs=0 cs=0 l=0 rev1=1 crypto rx=0 tx=0 comp rx=0 tx=0).handle_hello peer v2:172.21.15.1:3300/0 says I am v2:172.21.15.1:37262/0 (socket says 172.21.15.1:37262)
2024-04-26T22:40:04.245 INFO:teuthology.orchestra.run.smithi001.stdout:/usr/bin/ceph: stderr
2024-04-26T22:39:57.892+0000 7fbfc579d700 1 -- 172.21.15.1:0/3526816352 learned_addr learned my addr 172.21.15.1:0/3526816352 (peer_addr_for_me v2:172.21.15.1:0/0)
2024-04-26T22:40:04.245 INFO:teuthology.orchestra.run.smithi001.stdout:/usr/bin/ceph: stderr
2024-04-26T22:39:57.892+0000 7fbfc579d700 1 -- 172.21.15.1:0/3526816352 --> [v2:172.21.15.1:3300/0,v1:172.21.15.1:6789/0] -- mon_subscribe({config=0+,monmap=0+}) -- 0x7fbfc010c130 con 0x7fbfc0109800
2024-04-26T22:40:04.245 INFO:teuthology.orchestra.run.smithi001.stdout:/usr/bin/ceph: stderr
2024-04-26T22:39:57.892+0000 7fbfc579d700 1 --2- 172.21.15.1:0/3526816352 >> [v2:172.21.15.1:3300/0,v1:172.21.15.1:6789/0] conn(0x7fbfc0109800 0x7fbfc010bbf0 secure :-1 s=READY pgs=28 cs=0 l=1 rev1=1 crypto rx=0x7fbfb00098a0 tx=0x7fbfb0009bb0 comp rx=0 tx=0).ready entity=mon.0 client_cookie=f1480338187a5fd1 server_cookie=0 in_seq=0 out_seq=0
2024-04-26T22:40:04.245 INFO:teuthology.orchestra.run.smithi001.stdout:/usr/bin/ceph: stderr
2024-04-26T22:39:57.892+0000 7fbfb7fff700 1 -- 172.21.15.1:0/3526816352 <== mon.0 v2:172.21.15.1:3300/0 1 ==== mon_map magic: 0 ==== 205+0+0 (secure 0 0 0) 0x7fbfb0004160 con 0x7fbfc0109800
2024-04-26T22:40:04.245 INFO:teuthology.orchestra.run.smithi001.stdout:/usr/bin/ceph: stderr
2024-04-26T22:39:57.892+0000 7fbfb7fff700 1 -- 172.21.15.1:0/3526816352 <== mon.0 v2:172.21.15.1:3300/0 2 ==== config(26 keys) ==== 1070+0+0 (secure 0 0 0) 0x7fbfb0004300 con 0x7fbfc0109800
2024-04-26T22:40:04.245 INFO:teuthology.orchestra.run.smithi001.stdout:/usr/bin/ceph: stderr
2024-04-26T22:39:57.892+0000 7fbfb7fff700 1 -- 172.21.15.1:0/3526816352 <== mon.0 v2:172.21.15.1:3300/0 3 ==== mon_map magic: 0 ==== 205+0+0 (secure 0 0 0) 0x7fbfb0011af0 con 0x7fbfc0109800
2024-04-26T22:40:04.245 INFO:teuthology.orchestra.run.smithi001.stdout:/usr/bin/ceph: stderr
2024-04-26T22:39:57.893+0000 7fbfc7a01700 1 -- 172.21.15.1:0/3526816352 >> [v2:172.21.15.1:3300/0,v1:172.21.15.1:6789/0] conn(0x7fbfc0109800 msgr2=0x7fbfc010bbf0 secure :-1 s=STATE_CONNECTION_ESTABLISHED l=1).mark_down
2024-04-26T22:40:04.245 INFO:teuthology.orchestra.run.smithi001.stdout:/usr/bin/ceph: stderr
2024-04-26T22:39:57.893+0000 7fbfc7a01700 1 --2- 172.21.15.1:0/3526816352 >> [v2:172.21.15.1:3300/0,v1:172.21.15.1:6789/0] conn(0x7fbfc0109800 0x7fbfc010bbf0 secure :-1 s=READY pgs=28 cs=0 l=1 rev1=1 crypto rx=0x7fbfb00098a0 tx=0x7fbfb0009bb0 comp rx=0 tx=0).stop
2024-04-26T22:40:04.245 INFO:teuthology.orchestra.run.smithi001.stdout:/usr/bin/ceph: stderr
2024-04-26T22:39:57.893+0000 7fbfc7a01700 1 -- 172.21.15.1:0/3526816352 shutdown_connections
2024-04-26T22:40:04.245 INFO:teuthology.orchestra.run.smithi001.stdout:/usr/bin/ceph: stderr
2024-04-26T22:39:57.893+0000 7fbfc7a01700 1 --2- 172.21.15.1:0/3526816352 >> [v2:172.21.15.1:3300/0,v1:172.21.15.1:6789/0] conn(0x7fbfc0109800 0x7fbfc010bbf0 unknown :-1 s=CLOSED pgs=28 cs=0 l=1 rev1=1 crypto rx=0 tx=0 comp rx=0 tx=0).stop
2024-04-26T22:40:04.245 INFO:teuthology.orchestra.run.smithi001.stdout:/usr/bin/ceph: stderr
2024-04-26T22:39:57.893+0000 7fbfc7a01700 1 -- 172.21.15.1:0/3526816352 >> 172.21.15.1:0/3526816352 conn(0x7fbfc01031f0 msgr2=0x7fbfc0105670 unknown :-1 s=STATE_NONE l=0).mark_down
2024-04-26T22:40:04.245 INFO:teuthology.orchestra.run.smithi001.stdout:/usr/bin/ceph: stderr
2024-04-26T22:39:57.893+0000 7fbfc7a01700 1 -- 172.21.15.1:0/3526816352 shutdown_connections
2024-04-26T22:40:04.246 INFO:teuthology.orchestra.run.smithi001.stdout:/usr/bin/ceph: stderr
2024-04-26T22:39:57.893+0000 7fbfc7a01700 1 -- 172.21.15.1:0/3526816352 wait complete.
2024-04-26T22:40:04.246 INFO:teuthology.orchestra.run.smithi001.stdout:/usr/bin/ceph: stderr
2024-04-26T22:39:57.894+0000 7fbfc7a01700 1 Processor -- start
2024-04-26T22:40:04.246 INFO:teuthology.orchestra.run.smithi001.stdout:/usr/bin/ceph: stderr
2024-04-26T22:39:57.894+0000 7fbfc7a01700 1 -- start start
2024-04-26T22:40:04.246 INFO:teuthology.orchestra.run.smithi001.stdout:/usr/bin/ceph: stderr
2024-04-26T22:39:57.894+0000 7fbfc7a01700 1 --2- >> [v2:172.21.15.1:3300/0,v1:172.21.15.1:6789/0] conn(0x7fbfc0109800 0x7fbfc019cd30 unknown :-1 s=NONE pgs=0 cs=0 l=1 rev1=0 crypto rx=0 tx=0 comp rx=0 tx=0).connect
2024-04-26T22:40:04.246 INFO:teuthology.orchestra.run.smithi001.stdout:/usr/bin/ceph: stderr
2024-04-26T22:39:57.894+0000 7fbfc7a01700 1 -- --> [v2:172.21.15.1:3300/0,v1:172.21.15.1:6789/0] -- mon_getmap magic: 0 -- 0x7fbfc010d100 con 0x7fbfc0109800
2024-04-26T22:40:04.246 INFO:teuthology.orchestra.run.smithi001.stdout:/usr/bin/ceph: stderr
2024-04-26T22:39:57.894+0000 7fbfc579d700 1 --2- >> [v2:172.21.15.1:3300/0,v1:172.21.15.1:6789/0] conn(0x7fbfc0109800 0x7fbfc019cd30 unknown :-1 s=BANNER_CONNECTING pgs=0 cs=0 l=1 rev1=0 crypto rx=0 tx=0 comp rx=0 tx=0)._handle_peer_banner_payload supported=3 required=0
2024-04-26T22:40:04.246 INFO:teuthology.orchestra.run.smithi001.stdout:/usr/bin/ceph: stderr
2024-04-26T22:39:57.894+0000 7fbfc579d700 1 --2- >> [v2:172.21.15.1:3300/0,v1:172.21.15.1:6789/0] conn(0x7fbfc0109800 0x7fbfc019cd30 unknown :-1 s=HELLO_CONNECTING pgs=0 cs=0 l=1 rev1=1 crypto rx=0 tx=0 comp rx=0 tx=0).handle_hello peer v2:172.21.15.1:3300/0 says I am v2:172.21.15.1:37266/0 (socket says 172.21.15.1:37266)
2024-04-26T22:40:04.246 INFO:teuthology.orchestra.run.smithi001.stdout:/usr/bin/ceph: stderr
2024-04-26T22:39:57.894+0000 7fbfc579d700 1 -- 172.21.15.1:0/1377808090 learned_addr learned my addr 172.21.15.1:0/1377808090 (peer_addr_for_me v2:172.21.15.1:0/0)
2024-04-26T22:40:04.246 INFO:teuthology.orchestra.run.smithi001.stdout:/usr/bin/ceph: stderr
2024-04-26T22:39:57.895+0000 7fbfc579d700 1 -- 172.21.15.1:0/1377808090 --> [v2:172.21.15.1:3300/0,v1:172.21.15.1:6789/0] -- mon_subscribe({config=0+,monmap=0+}) -- 0x7fbfc019d270 con 0x7fbfc0109800
2024-04-26T22:40:04.246 INFO:teuthology.orchestra.run.smithi001.stdout:/usr/bin/ceph: stderr
2024-04-26T22:39:57.895+0000 7fbfc579d700 1 --2- 172.21.15.1:0/1377808090 >> [v2:172.21.15.1:3300/0,v1:172.21.15.1:6789/0] conn(0x7fbfc0109800 0x7fbfc019cd30 secure :-1 s=READY pgs=29 cs=0 l=1 rev1=1 crypto rx=0x7fbfb0011ac0 tx=0x7fbfb0011ba0 comp rx=0 tx=0).ready entity=mon.0 client_cookie=0 server_cookie=0 in_seq=0 out_seq=0
2024-04-26T22:40:04.246 INFO:teuthology.orchestra.run.smithi001.stdout:/usr/bin/ceph: stderr
2024-04-26T22:39:57.895+0000 7fbfb67fc700 1 -- 172.21.15.1:0/1377808090 <== mon.0 v2:172.21.15.1:3300/0 1 ==== mon_map magic: 0 ==== 205+0+0 (secure 0 0 0) 0x7fbfb0003970 con 0x7fbfc0109800
2024-04-26T22:40:04.246 INFO:teuthology.orchestra.run.smithi001.stdout:/usr/bin/ceph: stderr
2024-04-26T22:39:57.895+0000 7fbfc7a01700 1 -- 172.21.15.1:0/1377808090 --> [v2:172.21.15.1:3300/0,v1:172.21.15.1:6789/0] -- mon_subscribe({mgrmap=0+}) -- 0x7fbfc019d500 con 0x7fbfc0109800
2024-04-26T22:40:04.246 INFO:teuthology.orchestra.run.smithi001.stdout:/usr/bin/ceph: stderr
2024-04-26T22:39:57.895+0000 7fbfc7a01700 1 -- 172.21.15.1:0/1377808090 --> [v2:172.21.15.1:3300/0,v1:172.21.15.1:6789/0] -- mon_subscribe({osdmap=0}) -- 0x7fbfc01a01f0 con 0x7fbfc0109800
2024-04-26T22:40:04.247 INFO:teuthology.orchestra.run.smithi001.stdout:/usr/bin/ceph: stderr
2024-04-26T22:39:57.895+0000 7fbfb67fc700 1 -- 172.21.15.1:0/1377808090 <== mon.0 v2:172.21.15.1:3300/0 2 ==== config(26 keys) ==== 1070+0+0 (secure 0 0 0) 0x7fbfb0003b10 con 0x7fbfc0109800
2024-04-26T22:40:04.247 INFO:teuthology.orchestra.run.smithi001.stdout:/usr/bin/ceph: stderr
2024-04-26T22:39:57.895+0000 7fbfb67fc700 1 -- 172.21.15.1:0/1377808090 <== mon.0 v2:172.21.15.1:3300/0 3 ==== mon_map magic: 0 ==== 205+0+0 (secure 0 0 0) 0x7fbfb0024610 con 0x7fbfc0109800
2024-04-26T22:40:04.247 INFO:teuthology.orchestra.run.smithi001.stdout:/usr/bin/ceph: stderr
2024-04-26T22:39:57.896+0000 7fbfb67fc700 1 -- 172.21.15.1:0/1377808090 <== mon.0 v2:172.21.15.1:3300/0 4 ==== mgrmap(e 5) ==== 46558+0+0 (secure 0 0 0) 0x7fbfb00248b0 con 0x7fbfc0109800
2024-04-26T22:40:04.247 INFO:teuthology.orchestra.run.smithi001.stdout:/usr/bin/ceph: stderr
2024-04-26T22:39:57.896+0000 7fbfb67fc700 1 --2- 172.21.15.1:0/1377808090 >> [v2:172.21.15.1:6800/722669381,v1:172.21.15.1:6801/722669381] conn(0x7fbfac0395b0 0x7fbfac03ba70 unknown :-1 s=NONE pgs=0 cs=0 l=1 rev1=0 crypto rx=0 tx=0 comp rx=0 tx=0).connect
2024-04-26T22:40:04.247 INFO:teuthology.orchestra.run.smithi001.stdout:/usr/bin/ceph: stderr
2024-04-26T22:39:57.896+0000 7fbfb67fc700 1 -- 172.21.15.1:0/1377808090 --> [v2:172.21.15.1:6800/722669381,v1:172.21.15.1:6801/722669381] -- command(tid 0: {"prefix": "get_command_descriptions"}) -- 0x7fbfac03c180 con 0x7fbfac0395b0
2024-04-26T22:40:04.247 INFO:teuthology.orchestra.run.smithi001.stdout:/usr/bin/ceph: stderr
2024-04-26T22:39:57.896+0000 7fbfb67fc700 1 -- 172.21.15.1:0/1377808090 <== mon.0 v2:172.21.15.1:3300/0 5 ==== osd_map(1..1 src has 1..1) ==== 725+0+0 (secure 0 0 0) 0x7fbfb004d8d0 con 0x7fbfc0109800
2024-04-26T22:40:04.247 INFO:teuthology.orchestra.run.smithi001.stdout:/usr/bin/ceph: stderr
2024-04-26T22:39:57.896+0000 7fbfc4f9c700 1 -- 172.21.15.1:0/1377808090 >> [v2:172.21.15.1:6800/722669381,v1:172.21.15.1:6801/722669381] conn(0x7fbfac0395b0 msgr2=0x7fbfac03ba70 unknown :-1 s=STATE_CONNECTING_RE l=1).process reconnect failed to v2:172.21.15.1:6800/722669381
2024-04-26T22:40:04.247 INFO:teuthology.orchestra.run.smithi001.stdout:/usr/bin/ceph: stderr
2024-04-26T22:39:57.896+0000 7fbfc4f9c700 1 --2- 172.21.15.1:0/1377808090 >> [v2:172.21.15.1:6800/722669381,v1:172.21.15.1:6801/722669381] conn(0x7fbfac0395b0 0x7fbfac03ba70 unknown :-1 s=START_CONNECT pgs=0 cs=0 l=1 rev1=0 crypto rx=0 tx=0 comp rx=0 tx=0)._fault waiting 0.200000
2024-04-26T22:40:04.247 INFO:teuthology.orchestra.run.smithi001.stdout:/usr/bin/ceph: stderr
2024-04-26T22:39:58.097+0000 7fbfc4f9c700 1 -- 172.21.15.1:0/1377808090 >> [v2:172.21.15.1:6800/722669381,v1:172.21.15.1:6801/722669381] conn(0x7fbfac0395b0 msgr2=0x7fbfac03ba70 unknown :-1 s=STATE_CONNECTING_RE l=1).process reconnect failed to v2:172.21.15.1:6800/722669381
2024-04-26T22:40:04.247 INFO:teuthology.orchestra.run.smithi001.stdout:/usr/bin/ceph: stderr
2024-04-26T22:39:58.097+0000 7fbfc4f9c700 1 --2- 172.21.15.1:0/1377808090 >> [v2:172.21.15.1:6800/722669381,v1:172.21.15.1:6801/722669381] conn(0x7fbfac0395b0 0x7fbfac03ba70 unknown :-1 s=START_CONNECT pgs=0 cs=0 l=1 rev1=0 crypto rx=0 tx=0 comp rx=0 tx=0)._fault waiting 0.400000
2024-04-26T22:40:04.247 INFO:teuthology.orchestra.run.smithi001.stdout:/usr/bin/ceph: stderr
2024-04-26T22:39:58.498+0000 7fbfc4f9c700 1 -- 172.21.15.1:0/1377808090 >> [v2:172.21.15.1:6800/722669381,v1:172.21.15.1:6801/722669381] conn(0x7fbfac0395b0 msgr2=0x7fbfac03ba70 unknown :-1 s=STATE_CONNECTING_RE l=1).process reconnect failed to v2:172.21.15.1:6800/722669381
2024-04-26T22:40:04.247 INFO:teuthology.orchestra.run.smithi001.stdout:/usr/bin/ceph: stderr
2024-04-26T22:39:58.498+0000 7fbfc4f9c700 1 --2- 172.21.15.1:0/1377808090 >> [v2:172.21.15.1:6800/722669381,v1:172.21.15.1:6801/722669381] conn(0x7fbfac0395b0 0x7fbfac03ba70 unknown :-1 s=START_CONNECT pgs=0 cs=0 l=1 rev1=0 crypto rx=0 tx=0 comp rx=0 tx=0)._fault waiting 0.800000
2024-04-26T22:40:04.248 INFO:teuthology.orchestra.run.smithi001.stdout:/usr/bin/ceph: stderr
2024-04-26T22:39:59.299+0000 7fbfc4f9c700 1 -- 172.21.15.1:0/1377808090 >> [v2:172.21.15.1:6800/722669381,v1:172.21.15.1:6801/722669381] conn(0x7fbfac0395b0 msgr2=0x7fbfac03ba70 unknown :-1 s=STATE_CONNECTING_RE l=1).process reconnect failed to v2:172.21.15.1:6800/722669381
2024-04-26T22:40:04.248 INFO:teuthology.orchestra.run.smithi001.stdout:/usr/bin/ceph: stderr
2024-04-26T22:39:59.299+0000 7fbfc4f9c700 1 --2- 172.21.15.1:0/1377808090 >> [v2:172.21.15.1:6800/722669381,v1:172.21.15.1:6801/722669381] conn(0x7fbfac0395b0 0x7fbfac03ba70 unknown :-1 s=START_CONNECT pgs=0 cs=0 l=1 rev1=0 crypto rx=0 tx=0 comp rx=0 tx=0)._fault waiting 1.600000
2024-04-26T22:40:04.248 INFO:teuthology.orchestra.run.smithi001.stdout:/usr/bin/ceph: stderr
2024-04-26T22:40:00.900+0000 7fbfc4f9c700 1 -- 172.21.15.1:0/1377808090 >> [v2:172.21.15.1:6800/722669381,v1:172.21.15.1:6801/722669381] conn(0x7fbfac0395b0 msgr2=0x7fbfac03ba70 unknown :-1 s=STATE_CONNECTING_RE l=1).process reconnect failed to v2:172.21.15.1:6800/722669381
2024-04-26T22:40:04.248 INFO:teuthology.orchestra.run.smithi001.stdout:/usr/bin/ceph: stderr
2024-04-26T22:40:00.900+0000 7fbfc4f9c700 1 --2- 172.21.15.1:0/1377808090 >> [v2:172.21.15.1:6800/722669381,v1:172.21.15.1:6801/722669381] conn(0x7fbfac0395b0 0x7fbfac03ba70 unknown :-1 s=START_CONNECT pgs=0 cs=0 l=1 rev1=0 crypto rx=0 tx=0 comp rx=0 tx=0)._fault waiting 3.200000
2024-04-26T22:40:04.248 INFO:teuthology.orchestra.run.smithi001.stdout:/usr/bin/ceph: stderr
2024-04-26T22:40:02.609+0000 7fbfb67fc700 1 -- 172.21.15.1:0/1377808090 <== mon.0 v2:172.21.15.1:3300/0 6 ==== mgrmap(e 6) ==== 46325+0+0 (secure 0 0 0) 0x7fbfb0024ba0 con 0x7fbfc0109800
2024-04-26T22:40:04.248 INFO:teuthology.orchestra.run.smithi001.stdout:/usr/bin/ceph: stderr
2024-04-26T22:40:02.609+0000 7fbfb67fc700 1 -- 172.21.15.1:0/1377808090 >> [v2:172.21.15.1:6800/722669381,v1:172.21.15.1:6801/722669381] conn(0x7fbfac0395b0 msgr2=0x7fbfac03ba70 unknown :-1 s=STATE_CONNECTING l=1).mark_down
2024-04-26T22:40:04.248 INFO:teuthology.orchestra.run.smithi001.stdout:/usr/bin/ceph: stderr
2024-04-26T22:40:02.609+0000 7fbfb67fc700 1 --2- 172.21.15.1:0/1377808090 >> [v2:172.21.15.1:6800/722669381,v1:172.21.15.1:6801/722669381] conn(0x7fbfac0395b0 0x7fbfac03ba70 unknown :-1 s=START_CONNECT pgs=0 cs=0 l=1 rev1=0 crypto rx=0 tx=0 comp rx=0 tx=0).stop
2024-04-26T22:40:04.248 INFO:teuthology.orchestra.run.smithi001.stdout:/usr/bin/ceph: stderr
2024-04-26T22:40:03.610+0000 7fbfb67fc700 1 -- 172.21.15.1:0/1377808090 <== mon.0 v2:172.21.15.1:3300/0 7 ==== mgrmap(e 7) ==== 46452+0+0 (secure 0 0 0) 0x7fbfb004f920 con 0x7fbfc0109800
2024-04-26T22:40:04.248 INFO:teuthology.orchestra.run.smithi001.stdout:/usr/bin/ceph: stderr
2024-04-26T22:40:03.610+0000 7fbfb67fc700 1 --2- 172.21.15.1:0/1377808090 >> [v2:172.21.15.1:6800/3267707627,v1:172.21.15.1:6801/3267707627] conn(0x7fbfac03cea0 0x7fbfac03f290 unknown :-1 s=NONE pgs=0 cs=0 l=1 rev1=0 crypto rx=0 tx=0 comp rx=0 tx=0).connect
2024-04-26T22:40:04.248 INFO:teuthology.orchestra.run.smithi001.stdout:/usr/bin/ceph: stderr
2024-04-26T22:40:03.610+0000 7fbfb67fc700 1 -- 172.21.15.1:0/1377808090 --> [v2:172.21.15.1:6800/3267707627,v1:172.21.15.1:6801/3267707627] -- command(tid 0: {"prefix": "get_command_descriptions"}) -- 0x7fbfac03c180 con 0x7fbfac03cea0
2024-04-26T22:40:04.248 INFO:teuthology.orchestra.run.smithi001.stdout:/usr/bin/ceph: stderr
