2024-04-26T22:40:20.283+0000 7f89037fe700 1 -- 172.21.15.1:0/124868053 <== mon.0 v2:172.21.15.1:3300/0 6 ==== mon_command_ack([{"prefix": "get_command_descriptions"}]=0 v0) ==== 72+0+188494 (secure 0 0 0) 0x7f8908015070 con 0x7f890c107c90
2024-04-26T22:40:21.107 INFO:teuthology.orchestra.run.smithi001.stdout:/usr/bin/ceph: stderr
2024-04-26T22:40:20.492+0000 7f89147bc700 1 -- 172.21.15.1:0/124868053 --> [v2:172.21.15.1:3300/0,v1:172.21.15.1:6789/0] -- mon_command([{prefix=config set, name=mgr/dashboard/ssl_server_port}] v 0) -- 0x7f890c193fe0 con 0x7f890c107c90
2024-04-26T22:40:21.107 INFO:teuthology.orchestra.run.smithi001.stdout:/usr/bin/ceph: stderr
2024-04-26T22:40:20.494+0000 7f89037fe700 1 -- 172.21.15.1:0/124868053 <== mon.0 v2:172.21.15.1:3300/0 7 ==== mon_command_ack([{prefix=config set, name=mgr/dashboard/ssl_server_port}]=0 v8)=0 v8) ==== 130+0+0 (secure 0 0 0) 0x7f890c193fe0 con 0x7f890c107c90
2024-04-26T22:40:21.107 INFO:teuthology.orchestra.run.smithi001.stdout:/usr/bin/ceph: stderr
2024-04-26T22:40:20.496+0000 7f89147bc700 1 -- 172.21.15.1:0/124868053 >> [v2:172.21.15.1:6800/3267707627,v1:172.21.15.1:6801/3267707627] conn(0x7f88f80395b0 msgr2=0x7f88f803ba70 secure :-1 s=STATE_CONNECTION_ESTABLISHED l=1).mark_down
2024-04-26T22:40:21.107 INFO:teuthology.orchestra.run.smithi001.stdout:/usr/bin/ceph: stderr
2024-04-26T22:40:20.496+0000 7f89147bc700 1 --2- 172.21.15.1:0/124868053 >> [v2:172.21.15.1:6800/3267707627,v1:172.21.15.1:6801/3267707627] conn(0x7f88f80395b0 0x7f88f803ba70 secure :-1 s=READY pgs=15 cs=0 l=1 rev1=1 crypto rx=0x7f88fc006fd0 tx=0x7f88fc006e40 comp rx=0 tx=0).stop
2024-04-26T22:40:21.107 INFO:teuthology.orchestra.run.smithi001.stdout:/usr/bin/ceph: stderr
2024-04-26T22:40:20.496+0000 7f89147bc700 1 -- 172.21.15.1:0/124868053 >> [v2:172.21.15.1:3300/0,v1:172.21.15.1:6789/0] conn(0x7f890c107c90 msgr2=0x7f890c19aa80 secure :-1 s=STATE_CONNECTION_ESTABLISHED l=1).mark_down
2024-04-26T22:40:21.107 INFO:teuthology.orchestra.run.smithi001.stdout:/usr/bin/ceph: stderr
2024-04-26T22:40:20.496+0000 7f89147bc700 1 --2- 172.21.15.1:0/124868053 >> [v2:172.21.15.1:3300/0,v1:172.21.15.1:6789/0] conn(0x7f890c107c90 0x7f890c19aa80 secure :-1 s=READY pgs=54 cs=0 l=1 rev1=1 crypto rx=0x7f8908003c30 tx=0x7f8908003ff0 comp rx=0 tx=0).stop
2024-04-26T22:40:21.107 INFO:teuthology.orchestra.run.smithi001.stdout:/usr/bin/ceph: stderr
2024-04-26T22:40:20.496+0000 7f89147bc700 1 -- 172.21.15.1:0/124868053 shutdown_connections
2024-04-26T22:40:21.108 INFO:teuthology.orchestra.run.smithi001.stdout:/usr/bin/ceph: stderr
2024-04-26T22:40:20.496+0000 7f89147bc700 1 --2- 172.21.15.1:0/124868053 >> [v2:172.21.15.1:6800/3267707627,v1:172.21.15.1:6801/3267707627] conn(0x7f88f80395b0 0x7f88f803ba70 unknown :-1 s=CLOSED pgs=15 cs=0 l=1 rev1=1 crypto rx=0 tx=0 comp rx=0 tx=0).stop
2024-04-26T22:40:21.108 INFO:teuthology.orchestra.run.smithi001.stdout:/usr/bin/ceph: stderr
2024-04-26T22:40:20.496+0000 7f89147bc700 1 --2- 172.21.15.1:0/124868053 >> [v2:172.21.15.1:3300/0,v1:172.21.15.1:6789/0] conn(0x7f890c107c90 0x7f890c19aa80 unknown :-1 s=CLOSED pgs=54 cs=0 l=1 rev1=1 crypto rx=0 tx=0 comp rx=0 tx=0).stop
2024-04-26T22:40:21.108 INFO:teuthology.orchestra.run.smithi001.stdout:/usr/bin/ceph: stderr
2024-04-26T22:40:20.496+0000 7f89147bc700 1 -- 172.21.15.1:0/124868053 >> 172.21.15.1:0/124868053 conn(0x7f890c103230 msgr2=0x7f890c1910c0 unknown :-1 s=STATE_NONE l=0).mark_down
2024-04-26T22:40:21.108 INFO:teuthology.orchestra.run.smithi001.stdout:/usr/bin/ceph: stderr
2024-04-26T22:40:20.496+0000 7f89147bc700 1 -- 172.21.15.1:0/124868053 shutdown_connections
2024-04-26T22:40:21.108 INFO:teuthology.orchestra.run.smithi001.stdout:/usr/bin/ceph: stderr
2024-04-26T22:40:20.496+0000 7f89147bc700 1 -- 172.21.15.1:0/124868053 wait complete.
2024-04-26T22:40:21.108 INFO:teuthology.orchestra.run.smithi001.stdout:Enabling the dashboard module...
2024-04-26T22:40:21.637 INFO:journalctl@ceph.mon.a.smithi001.stdout:Apr 26 22:40:21 smithi001 ceph-mon[29435]: from='client.? 172.21.15.1:0/124868053' entity='client.admin'
2024-04-26T22:40:21.637 INFO:journalctl@ceph.mon.a.smithi001.stdout:Apr 26 22:40:21 smithi001 ceph-mon[29435]: from='mgr.14120 172.21.15.1:0/3268592173' entity='mgr.x'
2024-04-26T22:40:22.810 INFO:journalctl@ceph.mon.a.smithi001.stdout:Apr 26 22:40:22 smithi001 ceph-mon[29435]: from='client.? 172.21.15.1:0/401414369' entity='client.admin' cmd=[{"prefix": "mgr module enable", "module": "dashboard"}]: dispatch
2024-04-26T22:40:22.810 INFO:journalctl@ceph.mon.a.smithi001.stdout:Apr 26 22:40:22 smithi001 ceph-mon[29435]: from='mgr.14120 172.21.15.1:0/3268592173' entity='mgr.x'
2024-04-26T22:40:22.810 INFO:journalctl@ceph.mgr.x.smithi001.stdout:Apr 26 22:40:22 smithi001 ceph-bb8b501a-041d-11ef-bc93-c7b262605968-mgr-x[29668]: ignoring --setuser ceph since I am not root
2024-04-26T22:40:22.811 INFO:journalctl@ceph.mgr.x.smithi001.stdout:Apr 26 22:40:22 smithi001 ceph-bb8b501a-041d-11ef-bc93-c7b262605968-mgr-x[29668]: ignoring --setgroup ceph since I am not root
2024-04-26T22:40:22.811 INFO:journalctl@ceph.mgr.x.smithi001.stdout:Apr 26 22:40:22 smithi001 ceph-bb8b501a-041d-11ef-bc93-c7b262605968-mgr-x[29668]:
2024-04-26T22:40:22.679+0000 7fd49a6de200 -1 mgr[py] Module balancer has missing NOTIFY_TYPES member
2024-04-26T22:40:23.093 INFO:journalctl@ceph.mgr.x.smithi001.stdout:Apr 26 22:40:22 smithi001 ceph-bb8b501a-041d-11ef-bc93-c7b262605968-mgr-x[29668]:
2024-04-26T22:40:22.873+0000 7fd49a6de200 -1 mgr[py] Module orchestrator has missing NOTIFY_TYPES member
2024-04-26T22:40:23.093 INFO:journalctl@ceph.mgr.x.smithi001.stdout:Apr 26 22:40:22 smithi001 ceph-bb8b501a-041d-11ef-bc93-c7b262605968-mgr-x[29668]:
2024-04-26T22:40:22.979+0000 7fd49a6de200 -1 mgr[py] Module snap_schedule has missing NOTIFY_TYPES member
2024-04-26T22:40:23.102 INFO:teuthology.orchestra.run.smithi001.stdout:/usr/bin/ceph: stderr
2024-04-26T22:40:21.551+0000 7fe3b9780700 1 Processor -- start
2024-04-26T22:40:23.102 INFO:teuthology.orchestra.run.smithi001.stdout:/usr/bin/ceph: stderr
2024-04-26T22:40:21.551+0000 7fe3b9780700 1 -- start start
2024-04-26T22:40:23.102 INFO:teuthology.orchestra.run.smithi001.stdout:/usr/bin/ceph: stderr
2024-04-26T22:40:21.551+0000 7fe3b9780700 1 --2- >> [v2:172.21.15.1:3300/0,v1:172.21.15.1:6789/0] conn(0x7fe3b4109840 0x7fe3b410bc30 unknown :-1 s=NONE pgs=0 cs=0 l=0 rev1=0 crypto rx=0 tx=0 comp rx=0 tx=0).connect
2024-04-26T22:40:23.102 INFO:teuthology.orchestra.run.smithi001.stdout:/usr/bin/ceph: stderr
2024-04-26T22:40:21.551+0000 7fe3b9780700 1 -- --> [v2:172.21.15.1:3300/0,v1:172.21.15.1:6789/0] -- mon_getmap magic: 0 -- 0x7fe3b407d6d0 con 0x7fe3b4109840
2024-04-26T22:40:23.102 INFO:teuthology.orchestra.run.smithi001.stdout:/usr/bin/ceph: stderr
2024-04-26T22:40:21.552+0000 7fe3b2ffd700 1 --2- >> [v2:172.21.15.1:3300/0,v1:172.21.15.1:6789/0] conn(0x7fe3b4109840 0x7fe3b410bc30 unknown :-1 s=BANNER_CONNECTING pgs=0 cs=0 l=0 rev1=0 crypto rx=0 tx=0 comp rx=0 tx=0)._handle_peer_banner_payload supported=3 required=0
2024-04-26T22:40:23.102 INFO:teuthology.orchestra.run.smithi001.stdout:/usr/bin/ceph: stderr
2024-04-26T22:40:21.552+0000 7fe3b2ffd700 1 --2- >> [v2:172.21.15.1:3300/0,v1:172.21.15.1:6789/0] conn(0x7fe3b4109840 0x7fe3b410bc30 unknown :-1 s=HELLO_CONNECTING pgs=0 cs=0 l=0 rev1=1 crypto rx=0 tx=0 comp rx=0 tx=0).handle_hello peer v2:172.21.15.1:3300/0 says I am v2:172.21.15.1:52948/0 (socket says 172.21.15.1:52948)
2024-04-26T22:40:23.102 INFO:teuthology.orchestra.run.smithi001.stdout:/usr/bin/ceph: stderr
2024-04-26T22:40:21.552+0000 7fe3b2ffd700 1 -- 172.21.15.1:0/486050909 learned_addr learned my addr 172.21.15.1:0/486050909 (peer_addr_for_me v2:172.21.15.1:0/0)
2024-04-26T22:40:23.102 INFO:teuthology.orchestra.run.smithi001.stdout:/usr/bin/ceph: stderr
2024-04-26T22:40:21.552+0000 7fe3b2ffd700 1 -- 172.21.15.1:0/486050909 --> [v2:172.21.15.1:3300/0,v1:172.21.15.1:6789/0] -- mon_subscribe({config=0+,monmap=0+}) -- 0x7fe3b410c170 con 0x7fe3b4109840
2024-04-26T22:40:23.102 INFO:teuthology.orchestra.run.smithi001.stdout:/usr/bin/ceph: stderr
2024-04-26T22:40:21.552+0000 7fe3b2ffd700 1 --2- 172.21.15.1:0/486050909 >> [v2:172.21.15.1:3300/0,v1:172.21.15.1:6789/0] conn(0x7fe3b4109840 0x7fe3b410bc30 secure :-1 s=READY pgs=55 cs=0 l=1 rev1=1 crypto rx=0x7fe3a40098a0 tx=0x7fe3a4009bb0 comp rx=0 tx=0).ready entity=mon.0 client_cookie=2d7b8644db6ad0e6 server_cookie=0 in_seq=0 out_seq=0
2024-04-26T22:40:23.102 INFO:teuthology.orchestra.run.smithi001.stdout:/usr/bin/ceph: stderr
2024-04-26T22:40:21.552+0000 7fe3b1ffb700 1 -- 172.21.15.1:0/486050909 <== mon.0 v2:172.21.15.1:3300/0 1 ==== mon_map magic: 0 ==== 205+0+0 (secure 0 0 0) 0x7fe3a4004160 con 0x7fe3b4109840
2024-04-26T22:40:23.102 INFO:teuthology.orchestra.run.smithi001.stdout:/usr/bin/ceph: stderr
2024-04-26T22:40:21.552+0000 7fe3b1ffb700 1 -- 172.21.15.1:0/486050909 <== mon.0 v2:172.21.15.1:3300/0 2 ==== config(26 keys) ==== 1101+0+0 (secure 0 0 0) 0x7fe3a4004300 con 0x7fe3b4109840
2024-04-26T22:40:23.103 INFO:teuthology.orchestra.run.smithi001.stdout:/usr/bin/ceph: stderr
2024-04-26T22:40:21.552+0000 7fe3b1ffb700 1 -- 172.21.15.1:0/486050909 <== mon.0 v2:172.21.15.1:3300/0 3 ==== mon_map magic: 0 ==== 205+0+0 (secure 0 0 0) 0x7fe3a4011a20 con 0x7fe3b4109840
2024-04-26T22:40:23.103 INFO:teuthology.orchestra.run.smithi001.stdout:/usr/bin/ceph: stderr
2024-04-26T22:40:21.553+0000 7fe3b9780700 1 -- 172.21.15.1:0/486050909 >> [v2:172.21.15.1:3300/0,v1:172.21.15.1:6789/0] conn(0x7fe3b4109840 msgr2=0x7fe3b410bc30 secure :-1 s=STATE_CONNECTION_ESTABLISHED l=1).mark_down
2024-04-26T22:40:23.103 INFO:teuthology.orchestra.run.smithi001.stdout:/usr/bin/ceph: stderr
2024-04-26T22:40:21.553+0000 7fe3b9780700 1 --2- 172.21.15.1:0/486050909 >> [v2:172.21.15.1:3300/0,v1:172.21.15.1:6789/0] conn(0x7fe3b4109840 0x7fe3b410bc30 secure :-1 s=READY pgs=55 cs=0 l=1 rev1=1 crypto rx=0x7fe3a40098a0 tx=0x7fe3a4009bb0 comp rx=0 tx=0).stop
2024-04-26T22:40:23.103 INFO:teuthology.orchestra.run.smithi001.stdout:/usr/bin/ceph: stderr
2024-04-26T22:40:21.553+0000 7fe3b9780700 1 -- 172.21.15.1:0/486050909 shutdown_connections
2024-04-26T22:40:23.103 INFO:teuthology.orchestra.run.smithi001.stdout:/usr/bin/ceph: stderr
2024-04-26T22:40:21.553+0000 7fe3b9780700 1 --2- 172.21.15.1:0/486050909 >> [v2:172.21.15.1:3300/0,v1:172.21.15.1:6789/0] conn(0x7fe3b4109840 0x7fe3b410bc30 unknown :-1 s=CLOSED pgs=55 cs=0 l=1 rev1=1 crypto rx=0 tx=0 comp rx=0 tx=0).stop
2024-04-26T22:40:23.103 INFO:teuthology.orchestra.run.smithi001.stdout:/usr/bin/ceph: stderr
2024-04-26T22:40:21.553+0000 7fe3b9780700 1 -- 172.21.15.1:0/486050909 >> 172.21.15.1:0/486050909 conn(0x7fe3b41031d0 msgr2=0x7fe3b4105650 unknown :-1 s=STATE_NONE l=0).mark_down
2024-04-26T22:40:23.103 INFO:teuthology.orchestra.run.smithi001.stdout:/usr/bin/ceph: stderr
2024-04-26T22:40:21.553+0000 7fe3b9780700 1 -- 172.21.15.1:0/486050909 shutdown_connections
2024-04-26T22:40:23.103 INFO:teuthology.orchestra.run.smithi001.stdout:/usr/bin/ceph: stderr
2024-04-26T22:40:21.553+0000 7fe3b9780700 1 -- 172.21.15.1:0/486050909 wait complete.
2024-04-26T22:40:23.103 INFO:teuthology.orchestra.run.smithi001.stdout:/usr/bin/ceph: stderr
2024-04-26T22:40:21.554+0000 7fe3b9780700 1 Processor -- start
2024-04-26T22:40:23.103 INFO:teuthology.orchestra.run.smithi001.stdout:/usr/bin/ceph: stderr
2024-04-26T22:40:21.554+0000 7fe3b9780700 1 -- start start
2024-04-26T22:40:23.103 INFO:teuthology.orchestra.run.smithi001.stdout:/usr/bin/ceph: stderr
2024-04-26T22:40:21.554+0000 7fe3b9780700 1 --2- >> [v2:172.21.15.1:3300/0,v1:172.21.15.1:6789/0] conn(0x7fe3b4109840 0x7fe3b41090c0 unknown :-1 s=NONE pgs=0 cs=0 l=1 rev1=0 crypto rx=0 tx=0 comp rx=0 tx=0).connect
2024-04-26T22:40:23.103 INFO:teuthology.orchestra.run.smithi001.stdout:/usr/bin/ceph: stderr
2024-04-26T22:40:21.554+0000 7fe3b9780700 1 -- --> [v2:172.21.15.1:3300/0,v1:172.21.15.1:6789/0] -- mon_getmap magic: 0 -- 0x7fe3b410d120 con 0x7fe3b4109840
2024-04-26T22:40:23.103 INFO:teuthology.orchestra.run.smithi001.stdout:/usr/bin/ceph: stderr
2024-04-26T22:40:21.554+0000 7fe3b2ffd700 1 --2- >> [v2:172.21.15.1:3300/0,v1:172.21.15.1:6789/0] conn(0x7fe3b4109840 0x7fe3b41090c0 unknown :-1 s=BANNER_CONNECTING pgs=0 cs=0 l=1 rev1=0 crypto rx=0 tx=0 comp rx=0 tx=0)._handle_peer_banner_payload supported=3 required=0
2024-04-26T22:40:23.103 INFO:teuthology.orchestra.run.smithi001.stdout:/usr/bin/ceph: stderr
2024-04-26T22:40:21.554+0000 7fe3b2ffd700 1 --2- >> [v2:172.21.15.1:3300/0,v1:172.21.15.1:6789/0] conn(0x7fe3b4109840 0x7fe3b41090c0 unknown :-1 s=HELLO_CONNECTING pgs=0 cs=0 l=1 rev1=1 crypto rx=0 tx=0 comp rx=0 tx=0).handle_hello peer v2:172.21.15.1:3300/0 says I am v2:172.21.15.1:52950/0 (socket says 172.21.15.1:52950)
2024-04-26T22:40:23.104 INFO:teuthology.orchestra.run.smithi001.stdout:/usr/bin/ceph: stderr
2024-04-26T22:40:21.554+0000 7fe3b2ffd700 1 -- 172.21.15.1:0/401414369 learned_addr learned my addr 172.21.15.1:0/401414369 (peer_addr_for_me v2:172.21.15.1:0/0)
2024-04-26T22:40:23.104 INFO:teuthology.orchestra.run.smithi001.stdout:/usr/bin/ceph: stderr
2024-04-26T22:40:21.554+0000 7fe3b2ffd700 1 -- 172.21.15.1:0/401414369 --> [v2:172.21.15.1:3300/0,v1:172.21.15.1:6789/0] -- mon_subscribe({config=0+,monmap=0+}) -- 0x7fe3b4109600 con 0x7fe3b4109840
2024-04-26T22:40:23.104 INFO:teuthology.orchestra.run.smithi001.stdout:/usr/bin/ceph: stderr
2024-04-26T22:40:21.555+0000 7fe3b2ffd700 1 --2- 172.21.15.1:0/401414369 >> [v2:172.21.15.1:3300/0,v1:172.21.15.1:6789/0] conn(0x7fe3b4109840 0x7fe3b41090c0 secure :-1 s=READY pgs=56 cs=0 l=1 rev1=1 crypto rx=0x7fe3a4004660 tx=0x7fe3a4011aa0 comp rx=0 tx=0).ready entity=mon.0 client_cookie=0 server_cookie=0 in_seq=0 out_seq=0
2024-04-26T22:40:23.104 INFO:teuthology.orchestra.run.smithi001.stdout:/usr/bin/ceph: stderr
2024-04-26T22:40:21.555+0000 7fe39bfff700 1 -- 172.21.15.1:0/401414369 <== mon.0 v2:172.21.15.1:3300/0 1 ==== mon_map magic: 0 ==== 205+0+0 (secure 0 0 0) 0x7fe3a4003aa0 con 0x7fe3b4109840
2024-04-26T22:40:23.104 INFO:teuthology.orchestra.run.smithi001.stdout:/usr/bin/ceph: stderr
2024-04-26T22:40:21.555+0000 7fe3b9780700 1 -- 172.21.15.1:0/401414369 --> [v2:172.21.15.1:3300/0,v1:172.21.15.1:6789/0] -- mon_subscribe({mgrmap=0+}) -- 0x7fe3b41077f0 con 0x7fe3b4109840
2024-04-26T22:40:23.104 INFO:teuthology.orchestra.run.smithi001.stdout:/usr/bin/ceph: stderr
2024-04-26T22:40:21.555+0000 7fe39bfff700 1 -- 172.21.15.1:0/401414369 <== mon.0 v2:172.21.15.1:3300/0 2 ==== config(26 keys) ==== 1101+0+0 (secure 0 0 0) 0x7fe3a401b8f0 con 0x7fe3b4109840
2024-04-26T22:40:23.104 INFO:teuthology.orchestra.run.smithi001.stdout:/usr/bin/ceph: stderr
2024-04-26T22:40:21.555+0000 7fe39bfff700 1 -- 172.21.15.1:0/401414369 <== mon.0 v2:172.21.15.1:3300/0 3 ==== mon_map magic: 0 ==== 205+0+0 (secure 0 0 0) 0x7fe3a4023900 con 0x7fe3b4109840
2024-04-26T22:40:23.104 INFO:teuthology.orchestra.run.smithi001.stdout:/usr/bin/ceph: stderr
2024-04-26T22:40:21.555+0000 7fe3b9780700 1 -- 172.21.15.1:0/401414369 --> [v2:172.21.15.1:3300/0,v1:172.21.15.1:6789/0] -- mon_subscribe({osdmap=0}) -- 0x7fe3b4107d30 con 0x7fe3b4109840
2024-04-26T22:40:23.104 INFO:teuthology.orchestra.run.smithi001.stdout:/usr/bin/ceph: stderr
2024-04-26T22:40:21.556+0000 7fe39bfff700 1 -- 172.21.15.1:0/401414369 <== mon.0 v2:172.21.15.1:3300/0 4 ==== mgrmap(e 8) ==== 46558+0+0 (secure 0 0 0) 0x7fe3a4023bc0 con 0x7fe3b4109840
2024-04-26T22:40:23.104 INFO:teuthology.orchestra.run.smithi001.stdout:/usr/bin/ceph: stderr
2024-04-26T22:40:21.556+0000 7fe3b9780700 1 -- 172.21.15.1:0/401414369 --> [v2:172.21.15.1:3300/0,v1:172.21.15.1:6789/0] -- mon_command({"prefix": "get_command_descriptions"} v 0) -- 0x7fe3b4064a80 con 0x7fe3b4109840
2024-04-26T22:40:23.104 INFO:teuthology.orchestra.run.smithi001.stdout:/usr/bin/ceph: stderr
2024-04-26T22:40:21.556+0000 7fe39bfff700 1 --2- 172.21.15.1:0/401414369 >> [v2:172.21.15.1:6800/3267707627,v1:172.21.15.1:6801/3267707627] conn(0x7fe39c0395b0 0x7fe39c03ba70 unknown :-1 s=NONE pgs=0 cs=0 l=1 rev1=0 crypto rx=0 tx=0 comp rx=0 tx=0).connect
2024-04-26T22:40:23.104 INFO:teuthology.orchestra.run.smithi001.stdout:/usr/bin/ceph: stderr
2024-04-26T22:40:21.556+0000 7fe39bfff700 1 -- 172.21.15.1:0/401414369 <== mon.0 v2:172.21.15.1:3300/0 5 ==== osd_map(2..2 src has 1..2) ==== 940+0+0 (secure 0 0 0) 0x7fe3a404df40 con 0x7fe3b4109840
2024-04-26T22:40:23.104 INFO:teuthology.orchestra.run.smithi001.stdout:/usr/bin/ceph: stderr
2024-04-26T22:40:21.556+0000 7fe3b27fc700 1 --2- 172.21.15.1:0/401414369 >> [v2:172.21.15.1:6800/3267707627,v1:172.21.15.1:6801/3267707627] conn(0x7fe39c0395b0 0x7fe39c03ba70 unknown :-1 s=BANNER_CONNECTING pgs=0 cs=0 l=1 rev1=0 crypto rx=0 tx=0 comp rx=0 tx=0)._handle_peer_banner_payload supported=3 required=0
2024-04-26T22:40:23.105 INFO:teuthology.orchestra.run.smithi001.stdout:/usr/bin/ceph: stderr
2024-04-26T22:40:21.557+0000 7fe3b27fc700 1 --2- 172.21.15.1:0/401414369 >> [v2:172.21.15.1:6800/3267707627,v1:172.21.15.1:6801/3267707627] conn(0x7fe39c0395b0 0x7fe39c03ba70 secure :-1 s=READY pgs=16 cs=0 l=1 rev1=1 crypto rx=0x7fe3a8006fd0 tx=0x7fe3a8006e40 comp rx=0 tx=0).ready entity=mgr.14120 client_cookie=0 server_cookie=0 in_seq=0 out_seq=0
2024-04-26T22:40:23.105 INFO:teuthology.orchestra.run.smithi001.stdout:/usr/bin/ceph: stderr
2024-04-26T22:40:21.565+0000 7fe39bfff700 1 -- 172.21.15.1:0/401414369 <== mon.0 v2:172.21.15.1:3300/0 6 ==== mon_command_ack([{"prefix": "get_command_descriptions"}]=0 v0) ==== 72+0+188494 (secure 0 0 0) 0x7fe3a401f030 con 0x7fe3b4109840
2024-04-26T22:40:23.105 INFO:teuthology.orchestra.run.smithi001.stdout:/usr/bin/ceph: stderr
2024-04-26T22:40:21.841+0000 7fe3b9780700 1 -- 172.21.15.1:0/401414369 --> [v2:172.21.15.1:3300/0,v1:172.21.15.1:6789/0] -- mon_command({"prefix": "mgr module enable", "module": "dashboard"} v 0) -- 0x7fe3b4108610 con 0x7fe3b4109840
2024-04-26T22:40:23.105 INFO:teuthology.orchestra.run.smithi001.stdout:/usr/bin/ceph: stderr
2024-04-26T22:40:22.496+0000 7fe39bfff700 1 -- 172.21.15.1:0/401414369 <== mon.0 v2:172.21.15.1:3300/0 7 ==== mon_command_ack([{"prefix": "mgr module enable", "module": "dashboard"}]=0 v9) ==== 88+0+0 (secure 0 0 0) 0x7fe3a4010380 con 0x7fe3b4109840
2024-04-26T22:40:23.105 INFO:teuthology.orchestra.run.smithi001.stdout:/usr/bin/ceph: stderr
2024-04-26T22:40:22.498+0000 7fe39bfff700 1 -- 172.21.15.1:0/401414369 <== mon.0 v2:172.21.15.1:3300/0 8 ==== mgrmap(e 9) ==== 46571+0+0 (secure 0 0 0) 0x7fe3a401baa0 con 0x7fe3b4109840
2024-04-26T22:40:23.105 INFO:teuthology.orchestra.run.smithi001.stdout:/usr/bin/ceph: stderr
2024-04-26T22:40:22.500+0000 7fe3b9780700 1 -- 172.21.15.1:0/401414369 >> [v2:172.21.15.1:6800/3267707627,v1:172.21.15.1:6801/3267707627] conn(0x7fe39c0395b0 msgr2=0x7fe39c03ba70 secure :-1 s=STATE_CONNECTION_ESTABLISHED l=1).mark_down
2024-04-26T22:40:23.105 INFO:teuthology.orchestra.run.smithi001.stdout:/usr/bin/ceph: stderr
2024-04-26T22:40:22.500+0000 7fe3b9780700 1 --2- 172.21.15.1:0/401414369 >> [v2:172.21.15.1:6800/3267707627,v1:172.21.15.1:6801/3267707627] conn(0x7fe39c0395b0 0x7fe39c03ba70 secure :-1 s=READY pgs=16 cs=0 l=1 rev1=1 crypto rx=0x7fe3a8006fd0 tx=0x7fe3a8006e40 comp rx=0 tx=0).stop
2024-04-26T22:40:23.105 INFO:teuthology.orchestra.run.smithi001.stdout:/usr/bin/ceph: stderr
2024-04-26T22:40:22.500+0000 7fe3b9780700 1 -- 172.21.15.1:0/401414369 >> [v2:172.21.15.1:3300/0,v1:172.21.15.1:6789/0] conn(0x7fe3b4109840 msgr2=0x7fe3b41090c0 secure :-1 s=STATE_CONNECTION_ESTABLISHED l=1).mark_down
2024-04-26T22:40:23.105 INFO:teuthology.orchestra.run.smithi001.stdout:/usr/bin/ceph: stderr
2024-04-26T22:40:22.500+0000 7fe3b9780700 1 --2- 172.21.15.1:0/401414369 >> [v2:172.21.15.1:3300/0,v1:172.21.15.1:6789/0] conn(0x7fe3b4109840 0x7fe3b41090c0 secure :-1 s=READY pgs=56 cs=0 l=1 rev1=1 crypto rx=0x7fe3a4004660 tx=0x7fe3a4011aa0 comp rx=0 tx=0).stop
2024-04-26T22:40:23.105 INFO:teuthology.orchestra.run.smithi001.stdout:/usr/bin/ceph: stderr
2024-04-26T22:40:22.500+0000 7fe3b9780700 1 -- 172.21.15.1:0/401414369 shutdown_connections
2024-04-26T22:40:23.105 INFO:teuthology.orchestra.run.smithi001.stdout:/usr/bin/ceph: stderr
2024-04-26T22:40:22.500+0000 7fe3b9780700 1 --2- 172.21.15.1:0/401414369 >> [v2:172.21.15.1:6800/3267707627,v1:172.21.15.1:6801/3267707627] conn(0x7fe39c0395b0 0x7fe39c03ba70 unknown :-1 s=CLOSED pgs=16 cs=0 l=1 rev1=1 crypto rx=0 tx=0 comp rx=0 tx=0).stop
2024-04-26T22:40:23.105 INFO:teuthology.orchestra.run.smithi001.stdout:/usr/bin/ceph: stderr
2024-04-26T22:40:22.500+0000 7fe3b9780700 1 --2- 172.21.15.1:0/401414369 >> [v2:172.21.15.1:3300/0,v1:172.21.15.1:6789/0] conn(0x7fe3b4109840 0x7fe3b41090c0 unknown :-1 s=CLOSED pgs=56 cs=0 l=1 rev1=1 crypto rx=0 tx=0 comp rx=0 tx=0).stop
2024-04-26T22:40:23.105 INFO:teuthology.orchestra.run.smithi001.stdout:/usr/bin/ceph: stderr
2024-04-26T22:40:22.500+0000 7fe3b9780700 1 -- 172.21.15.1:0/401414369 >> 172.21.15.1:0/401414369 conn(0x7fe3b41031d0 msgr2=0x7fe3b4103cb0 unknown :-1 s=STATE_NONE l=0).mark_down
2024-04-26T22:40:23.105 INFO:teuthology.orchestra.run.smithi001.stdout:/usr/bin/ceph: stderr
2024-04-26T22:40:22.500+0000 7fe3b9780700 1 -- 172.21.15.1:0/401414369 shutdown_connections
2024-04-26T22:40:23.105 INFO:teuthology.orchestra.run.smithi001.stdout:/usr/bin/ceph: stderr
2024-04-26T22:40:22.500+0000 7fe3b9780700 1 -- 172.21.15.1:0/401414369 wait complete.
2024-04-26T22:40:23.346 INFO:journalctl@ceph.mgr.x.smithi001.stdout:Apr 26 22:40:23 smithi001 ceph-bb8b501a-041d-11ef-bc93-c7b262605968-mgr-x[29668]:
2024-04-26T22:40:23.304+0000 7fd49a6de200 -1 mgr[py] Module progress has missing NOTIFY_TYPES member
2024-04-26T22:40:23.748 INFO:journalctl@ceph.mon.a.smithi001.stdout:Apr 26 22:40:23 smithi001 ceph-mon[29435]: from='client.? 172.21.15.1:0/401414369' entity='client.admin' cmd='[{"prefix": "mgr module enable", "module": "dashboard"}]': finished
2024-04-26T22:40:23.749 INFO:journalctl@ceph.mon.a.smithi001.stdout:Apr 26 22:40:23 smithi001 ceph-mon[29435]: mgrmap e9: x(active, since 19s)
2024-04-26T22:40:23.749 INFO:journalctl@ceph.mgr.x.smithi001.stdout:Apr 26 22:40:23 smithi001 ceph-bb8b501a-041d-11ef-bc93-c7b262605968-mgr-x[29668]:
2024-04-26T22:40:23.395+0000 7fd49a6de200 -1 mgr[py] Module influx has missing NOTIFY_TYPES member
2024-04-26T22:40:24.408 INFO:teuthology.orchestra.run.smithi001.stdout:/usr/bin/ceph: stdout {
2024-04-26T22:40:24.409 INFO:teuthology.orchestra.run.smithi001.stdout:/usr/bin/ceph: stdout "epoch": 9,
2024-04-26T22:40:24.409 INFO:teuthology.orchestra.run.smithi001.stdout:/usr/bin/ceph: stdout "available": true,
2024-04-26T22:40:24.409 INFO:teuthology.orchestra.run.smithi001.stdout:/usr/bin/ceph: stdout "active_name": "x",
2024-04-26T22:40:24.409 INFO:teuthology.orchestra.run.smithi001.stdout:/usr/bin/ceph: stdout "num_standby": 0
2024-04-26T22:40:24.409 INFO:teuthology.orchestra.run.smithi001.stdout:/usr/bin/ceph: stdout }
2024-04-26T22:40:24.409 INFO:teuthology.orchestra.run.smithi001.stdout:/usr/bin/ceph: stderr
2024-04-26T22:40:23.541+0000 7f08c6310700 1 Processor -- start
2024-04-26T22:40:24.409 INFO:teuthology.orchestra.run.smithi001.stdout:/usr/bin/ceph: stderr
2024-04-26T22:40:23.541+0000 7f08c6310700 1 -- start start
2024-04-26T22:40:24.409 INFO:teuthology.orchestra.run.smithi001.stdout:/usr/bin/ceph: stderr
2024-04-26T22:40:23.542+0000 7f08c6310700 1 --2- >> [v2:172.21.15.1:3300/0,v1:172.21.15.1:6789/0] conn(0x7f08c007f700 0x7f08c007db60 unknown :-1 s=NONE pgs=0 cs=0 l=0 rev1=0 crypto rx=0 tx=0 comp rx=0 tx=0).connect
2024-04-26T22:40:24.409 INFO:teuthology.orchestra.run.smithi001.stdout:/usr/bin/ceph: stderr
2024-04-26T22:40:23.542+0000 7f08c6310700 1 -- --> [v2:172.21.15.1:3300/0,v1:172.21.15.1:6789/0] -- mon_getmap magic: 0 -- 0x7f08c007e130 con 0x7f08c007f700
2024-04-26T22:40:24.409 INFO:teuthology.orchestra.run.smithi001.stdout:/usr/bin/ceph: stderr
2024-04-26T22:40:23.542+0000 7f08bffff700 1 --2- >> [v2:172.21.15.1:3300/0,v1:172.21.15.1:6789/0] conn(0x7f08c007f700 0x7f08c007db60 unknown :-1 s=BANNER_CONNECTING pgs=0 cs=0 l=0 rev1=0 crypto rx=0 tx=0 comp rx=0 tx=0)._handle_peer_banner_payload supported=3 required=0
2024-04-26T22:40:24.409 INFO:teuthology.orchestra.run.smithi001.stdout:/usr/bin/ceph: stderr
2024-04-26T22:40:23.542+0000 7f08bffff700 1 --2- >> [v2:172.21.15.1:3300/0,v1:172.21.15.1:6789/0] conn(0x7f08c007f700 0x7f08c007db60 unknown :-1 s=HELLO_CONNECTING pgs=0 cs=0 l=0 rev1=1 crypto rx=0 tx=0 comp rx=0 tx=0).handle_hello peer v2:172.21.15.1:3300/0 says I am v2:172.21.15.1:44796/0 (socket says 172.21.15.1:44796)
2024-04-26T22:40:24.409 INFO:teuthology.orchestra.run.smithi001.stdout:/usr/bin/ceph: stderr
2024-04-26T22:40:23.542+0000 7f08bffff700 1 -- 172.21.15.1:0/845785439 learned_addr learned my addr 172.21.15.1:0/845785439 (peer_addr_for_me v2:172.21.15.1:0/0)
2024-04-26T22:40:24.409 INFO:teuthology.orchestra.run.smithi001.stdout:/usr/bin/ceph: stderr
2024-04-26T22:40:23.542+0000 7f08bffff700 1 -- 172.21.15.1:0/845785439 --> [v2:172.21.15.1:3300/0,v1:172.21.15.1:6789/0] -- mon_subscribe({config=0+,monmap=0+}) -- 0x7f08c007e2b0 con 0x7f08c007f700
2024-04-26T22:40:24.410 INFO:teuthology.orchestra.run.smithi001.stdout:/usr/bin/ceph: stderr
2024-04-26T22:40:23.542+0000 7f08bffff700 1 --2- 172.21.15.1:0/845785439 >> [v2:172.21.15.1:3300/0,v1:172.21.15.1:6789/0] conn(0x7f08c007f700 0x7f08c007db60 secure :-1 s=READY pgs=59 cs=0 l=1 rev1=1 crypto rx=0x7f08b00098a0 tx=0x7f08b0009bb0 comp rx=0 tx=0).ready entity=mon.0 client_cookie=a3a3eb882eeb625b server_cookie=0 in_seq=0 out_seq=0
2024-04-26T22:40:24.410 INFO:teuthology.orchestra.run.smithi001.stdout:/usr/bin/ceph: stderr
2024-04-26T22:40:23.542+0000 7f08beffd700 1 -- 172.21.15.1:0/845785439 <== mon.0 v2:172.21.15.1:3300/0 1 ==== mon_map magic: 0 ==== 205+0+0 (secure 0 0 0) 0x7f08b0004160 con 0x7f08c007f700
2024-04-26T22:40:24.410 INFO:teuthology.orchestra.run.smithi001.stdout:/usr/bin/ceph: stderr
2024-04-26T22:40:23.542+0000 7f08beffd700 1 -- 172.21.15.1:0/845785439 <== mon.0 v2:172.21.15.1:3300/0 2 ==== config(26 keys) ==== 1101+0+0 (secure 0 0 0) 0x7f08b0004300 con 0x7f08c007f700
2024-04-26T22:40:24.410 INFO:teuthology.orchestra.run.smithi001.stdout:/usr/bin/ceph: stderr
2024-04-26T22:40:23.542+0000 7f08beffd700 1 -- 172.21.15.1:0/845785439 <== mon.0 v2:172.21.15.1:3300/0 3 ==== mon_map magic: 0 ==== 205+0+0 (secure 0 0 0) 0x7f08b0011a20 con 0x7f08c007f700
2024-04-26T22:40:24.410 INFO:teuthology.orchestra.run.smithi001.stdout:/usr/bin/ceph: stderr
2024-04-26T22:40:23.543+0000 7f08c6310700 1 -- 172.21.15.1:0/845785439 >> [v2:172.21.15.1:3300/0,v1:172.21.15.1:6789/0] conn(0x7f08c007f700 msgr2=0x7f08c007db60 secure :-1 s=STATE_CONNECTION_ESTABLISHED l=1).mark_down
2024-04-26T22:40:24.410 INFO:teuthology.orchestra.run.smithi001.stdout:/usr/bin/ceph: stderr
2024-04-26T22:40:23.543+0000 7f08c6310700 1 --2- 172.21.15.1:0/845785439 >> [v2:172.21.15.1:3300/0,v1:172.21.15.1:6789/0] conn(0x7f08c007f700 0x7f08c007db60 secure :-1 s=READY pgs=59 cs=0 l=1 rev1=1 crypto rx=0x7f08b00098a0 tx=0x7f08b0009bb0 comp rx=0 tx=0).stop
2024-04-26T22:40:24.410 INFO:teuthology.orchestra.run.smithi001.stdout:/usr/bin/ceph: stderr
2024-04-26T22:40:23.543+0000 7f08c6310700 1 -- 172.21.15.1:0/845785439 shutdown_connections
2024-04-26T22:40:24.410 INFO:teuthology.orchestra.run.smithi001.stdout:/usr/bin/ceph: stderr
2024-04-26T22:40:23.543+0000 7f08c6310700 1 --2- 172.21.15.1:0/845785439 >> [v2:172.21.15.1:3300/0,v1:172.21.15.1:6789/0] conn(0x7f08c007f700 0x7f08c007db60 unknown :-1 s=CLOSED pgs=59 cs=0 l=1 rev1=1 crypto rx=0 tx=0 comp rx=0 tx=0).stop
2024-04-26T22:40:24.410 INFO:teuthology.orchestra.run.smithi001.stdout:/usr/bin/ceph: stderr
2024-04-26T22:40:23.543+0000 7f08c6310700 1 -- 172.21.15.1:0/845785439 >> 172.21.15.1:0/845785439 conn(0x7f08c0104310 msgr2=0x7f08c0106750 unknown :-1 s=STATE_NONE l=0).mark_down
2024-04-26T22:40:24.410 INFO:teuthology.orchestra.run.smithi001.stdout:/usr/bin/ceph: stderr
2024-04-26T22:40:23.543+0000 7f08c6310700 1 -- 172.21.15.1:0/845785439 shutdown_connections
2024-04-26T22:40:24.410 INFO:teuthology.orchestra.run.smithi001.stdout:/usr/bin/ceph: stderr
2024-04-26T22:40:23.543+0000 7f08c6310700 1 -- 172.21.15.1:0/845785439 wait complete.
2024-04-26T22:40:24.410 INFO:teuthology.orchestra.run.smithi001.stdout:/usr/bin/ceph: stderr
2024-04-26T22:40:23.544+0000 7f08c6310700 1 Processor -- start
2024-04-26T22:40:24.410 INFO:teuthology.orchestra.run.smithi001.stdout:/usr/bin/ceph: stderr
2024-04-26T22:40:23.544+0000 7f08c6310700 1 -- start start
2024-04-26T22:40:24.410 INFO:teuthology.orchestra.run.smithi001.stdout:/usr/bin/ceph: stderr
2024-04-26T22:40:23.544+0000 7f08c6310700 1 --2- >> [v2:172.21.15.1:3300/0,v1:172.21.15.1:6789/0] conn(0x7f08c007f700 0x7f08c019eed0 unknown :-1 s=NONE pgs=0 cs=0 l=1 rev1=0 crypto rx=0 tx=0 comp rx=0 tx=0).connect
2024-04-26T22:40:24.411 INFO:teuthology.orchestra.run.smithi001.stdout:/usr/bin/ceph: stderr
2024-04-26T22:40:23.544+0000 7f08c6310700 1 -- --> [v2:172.21.15.1:3300/0,v1:172.21.15.1:6789/0] -- mon_getmap magic: 0 -- 0x7f08c010f390 con 0x7f08c007f700
2024-04-26T22:40:24.411 INFO:teuthology.orchestra.run.smithi001.stdout:/usr/bin/ceph: stderr
2024-04-26T22:40:23.544+0000 7f08bffff700 1 --2- >> [v2:172.21.15.1:3300/0,v1:172.21.15.1:6789/0] conn(0x7f08c007f700 0x7f08c019eed0 unknown :-1 s=BANNER_CONNECTING pgs=0 cs=0 l=1 rev1=0 crypto rx=0 tx=0 comp rx=0 tx=0)._handle_peer_banner_payload supported=3 required=0
2024-04-26T22:40:24.411 INFO:teuthology.orchestra.run.smithi001.stdout:/usr/bin/ceph: stderr
2024-04-26T22:40:23.544+0000 7f08bffff700 1 --2- >> [v2:172.21.15.1:3300/0,v1:172.21.15.1:6789/0] conn(0x7f08c007f700 0x7f08c019eed0 unknown :-1 s=HELLO_CONNECTING pgs=0 cs=0 l=1 rev1=1 crypto rx=0 tx=0 comp rx=0 tx=0).handle_hello peer v2:172.21.15.1:3300/0 says I am v2:172.21.15.1:44798/0 (socket says 172.21.15.1:44798)
2024-04-26T22:40:24.411 INFO:teuthology.orchestra.run.smithi001.stdout:/usr/bin/ceph: stderr
2024-04-26T22:40:23.544+0000 7f08bffff700 1 -- 172.21.15.1:0/3933769312 learned_addr learned my addr 172.21.15.1:0/3933769312 (peer_addr_for_me v2:172.21.15.1:0/0)
2024-04-26T22:40:24.411 INFO:teuthology.orchestra.run.smithi001.stdout:/usr/bin/ceph: stderr
2024-04-26T22:40:23.544+0000 7f08bffff700 1 -- 172.21.15.1:0/3933769312 --> [v2:172.21.15.1:3300/0,v1:172.21.15.1:6789/0] -- mon_subscribe({config=0+,monmap=0+}) -- 0x7f08c019f410 con 0x7f08c007f700
2024-04-26T22:40:24.411 INFO:teuthology.orchestra.run.smithi001.stdout:/usr/bin/ceph: stderr
2024-04-26T22:40:23.545+0000 7f08bffff700 1 --2- 172.21.15.1:0/3933769312 >> [v2:172.21.15.1:3300/0,v1:172.21.15.1:6789/0] conn(0x7f08c007f700 0x7f08c019eed0 secure :-1 s=READY pgs=60 cs=0 l=1 rev1=1 crypto rx=0x7f08b00116e0 tx=0x7f08b0011aa0 comp rx=0 tx=0).ready entity=mon.0 client_cookie=0 server_cookie=0 in_seq=0 out_seq=0
2024-04-26T22:40:24.411 INFO:teuthology.orchestra.run.smithi001.stdout:/usr/bin/ceph: stderr
2024-04-26T22:40:23.545+0000 7f08bd7fa700 1 -- 172.21.15.1:0/3933769312 <== mon.0 v2:172.21.15.1:3300/0 1 ==== mon_map magic: 0 ==== 205+0+0 (secure 0 0 0) 0x7f08b0003b20 con 0x7f08c007f700
2024-04-26T22:40:24.411 INFO:teuthology.orchestra.run.smithi001.stdout:/usr/bin/ceph: stderr
2024-04-26T22:40:23.545+0000 7f08bd7fa700 1 -- 172.21.15.1:0/3933769312 <== mon.0 v2:172.21.15.1:3300/0 2 ==== config(26 keys) ==== 1101+0+0 (secure 0 0 0) 0x7f08b001b8f0 con 0x7f08c007f700
2024-04-26T22:40:24.411 INFO:teuthology.orchestra.run.smithi001.stdout:/usr/bin/ceph: stderr
2024-04-26T22:40:23.545+0000 7f08c6310700 1 -- 172.21.15.1:0/3933769312 --> [v2:172.21.15.1:3300/0,v1:172.21.15.1:6789/0] -- mon_subscribe({mgrmap=0+}) -- 0x7f08c019f6a0 con 0x7f08c007f700
2024-04-26T22:40:24.411 INFO:teuthology.orchestra.run.smithi001.stdout:/usr/bin/ceph: stderr
2024-04-26T22:40:23.545+0000 7f08bd7fa700 1 -- 172.21.15.1:0/3933769312 <== mon.0 v2:172.21.15.1:3300/0 3 ==== mon_map magic: 0 ==== 205+0+0 (secure 0 0 0) 0x7f08b00238c0 con 0x7f08c007f700
2024-04-26T22:40:24.411 INFO:teuthology.orchestra.run.smithi001.stdout:/usr/bin/ceph: stderr
2024-04-26T22:40:23.545+0000 7f08c6310700 1 -- 172.21.15.1:0/3933769312 --> [v2:172.21.15.1:3300/0,v1:172.21.15.1:6789/0] -- mon_subscribe({osdmap=0}) -- 0x7f08c01a2340 con 0x7f08c007f700
2024-04-26T22:40:24.411 INFO:teuthology.orchestra.run.smithi001.stdout:/usr/bin/ceph: stderr
2024-04-26T22:40:23.546+0000 7f08bd7fa700 1 -- 172.21.15.1:0/3933769312 <== mon.0 v2:172.21.15.1:3300/0 4 ==== mgrmap(e 9) ==== 46571+0+0 (secure 0 0 0) 0x7f08b0023a60 con 0x7f08c007f700
2024-04-26T22:40:24.411 INFO:teuthology.orchestra.run.smithi001.stdout:/usr/bin/ceph: stderr
2024-04-26T22:40:23.546+0000 7f08c6310700 1 -- 172.21.15.1:0/3933769312 --> [v2:172.21.15.1:3300/0,v1:172.21.15.1:6789/0] -- mon_command({"prefix": "get_command_descriptions"} v 0) -- 0x7f08c0064a80 con 0x7f08c007f700
2024-04-26T22:40:24.411 INFO:teuthology.orchestra.run.smithi001.stdout:/usr/bin/ceph: stderr
2024-04-26T22:40:23.546+0000 7f08bd7fa700 1 --2- 172.21.15.1:0/3933769312 >> [v2:172.21.15.1:6800/3267707627,v1:172.21.15.1:6801/3267707627] conn(0x7f08a8039610 0x7f08a803bad0 unknown :-1 s=NONE pgs=0 cs=0 l=1 rev1=0 crypto rx=0 tx=0 comp rx=0 tx=0).connect
2024-04-26T22:40:24.412 INFO:teuthology.orchestra.run.smithi001.stdout:/usr/bin/ceph: stderr
2024-04-26T22:40:23.546+0000 7f08bd7fa700 1 -- 172.21.15.1:0/3933769312 <== mon.0 v2:172.21.15.1:3300/0 5 ==== osd_map(2..2 src has 1..2) ==== 940+0+0 (secure 0 0 0) 0x7f08b004e090 con 0x7f08c007f700
2024-04-26T22:40:24.412 INFO:teuthology.orchestra.run.smithi001.stdout:/usr/bin/ceph: stderr
2024-04-26T22:40:23.546+0000 7f08bf7fe700 1 -- 172.21.15.1:0/3933769312 >> [v2:172.21.15.1:6800/3267707627,v1:172.21.15.1:6801/3267707627] conn(0x7f08a8039610 msgr2=0x7f08a803bad0 unknown :-1 s=STATE_CONNECTING_RE l=1).process reconnect failed to v2:172.21.15.1:6800/3267707627
2024-04-26T22:40:24.412 INFO:teuthology.orchestra.run.smithi001.stdout:/usr/bin/ceph: stderr
2024-04-26T22:40:23.546+0000 7f08bf7fe700 1 --2- 172.21.15.1:0/3933769312 >> [v2:172.21.15.1:6800/3267707627,v1:172.21.15.1:6801/3267707627] conn(0x7f08a8039610 0x7f08a803bad0 unknown :-1 s=START_CONNECT pgs=0 cs=0 l=1 rev1=0 crypto rx=0 tx=0 comp rx=0 tx=0)._fault waiting 0.200000
2024-04-26T22:40:24.412 INFO:teuthology.orchestra.run.smithi001.stdout:/usr/bin/ceph: stderr
2024-04-26T22:40:23.551+0000 7f08bd7fa700 1 -- 172.21.15.1:0/3933769312 <== mon.0 v2:172.21.15.1:3300/0 6 ==== mon_command_ack([{"prefix": "get_command_descriptions"}]=0 v0) ==== 72+0+188494 (secure 0 0 0) 0x7f08b001f030 con 0x7f08c007f700
2024-04-26T22:40:24.412 INFO:teuthology.orchestra.run.smithi001.stdout:/usr/bin/ceph: stderr
2024-04-26T22:40:23.747+0000 7f08bf7fe700 1 -- 172.21.15.1:0/3933769312 >> [v2:172.21.15.1:6800/3267707627,v1:172.21.15.1:6801/3267707627] conn(0x7f08a8039610 msgr2=0x7f08a803bad0 unknown :-1 s=STATE_CONNECTING_RE l=1).process reconnect failed to v2:172.21.15.1:6800/3267707627
2024-04-26T22:40:24.412 INFO:teuthology.orchestra.run.smithi001.stdout:/usr/bin/ceph: stderr
2024-04-26T22:40:23.747+0000 7f08bf7fe700 1 --2- 172.21.15.1:0/3933769312 >> [v2:172.21.15.1:6800/3267707627,v1:172.21.15.1:6801/3267707627] conn(0x7f08a8039610 0x7f08a803bad0 unknown :-1 s=START_CONNECT pgs=0 cs=0 l=1 rev1=0 crypto rx=0 tx=0 comp rx=0 tx=0)._fault waiting 0.400000
2024-04-26T22:40:24.412 INFO:teuthology.orchestra.run.smithi001.stdout:/usr/bin/ceph: stderr
2024-04-26T22:40:23.862+0000 7f08c6310700 1 -- 172.21.15.1:0/3933769312 --> [v2:172.21.15.1:3300/0,v1:172.21.15.1:6789/0] -- mon_command({"prefix": "mgr stat"} v 0) -- 0x7f08c01a28f0 con 0x7f08c007f700
2024-04-26T22:40:24.412 INFO:teuthology.orchestra.run.smithi001.stdout:/usr/bin/ceph: stderr
2024-04-26T22:40:23.862+0000 7f08bd7fa700 1 -- 172.21.15.1:0/3933769312 <== mon.0 v2:172.21.15.1:3300/0 7 ==== mon_command_ack([{"prefix": "mgr stat"}]=0 v9) ==== 56+0+88 (secure 0 0 0) 0x7f08b0020d70 con 0x7f08c007f700
2024-04-26T22:40:24.412 INFO:teuthology.orchestra.run.smithi001.stdout:/usr/bin/ceph: stderr
2024-04-26T22:40:23.864+0000 7f08c6310700 1 -- 172.21.15.1:0/3933769312 >> [v2:172.21.15.1:6800/3267707627,v1:172.21.15.1:6801/3267707627] conn(0x7f08a8039610 msgr2=0x7f08a803bad0 unknown :-1 s=STATE_CONNECTING l=1).mark_down
2024-04-26T22:40:24.412 INFO:teuthology.orchestra.run.smithi001.stdout:/usr/bin/ceph: stderr
2024-04-26T22:40:23.864+0000 7f08c6310700 1 --2- 172.21.15.1:0/3933769312 >> [v2:172.21.15.1:6800/3267707627,v1:172.21.15.1:6801/3267707627] conn(0x7f08a8039610 0x7f08a803bad0 unknown :-1 s=START_CONNECT pgs=0 cs=0 l=1 rev1=0 crypto rx=0 tx=0 comp rx=0 tx=0).stop
2024-04-26T22:40:24.412 INFO:teuthology.orchestra.run.smithi001.stdout:/usr/bin/ceph: stderr
2024-04-26T22:40:23.864+0000 7f08c6310700 1 -- 172.21.15.1:0/3933769312 >> [v2:172.21.15.1:3300/0,v1:172.21.15.1:6789/0] conn(0x7f08c007f700 msgr2=0x7f08c019eed0 secure :-1 s=STATE_CONNECTION_ESTABLISHED l=1).mark_down
2024-04-26T22:40:24.412 INFO:teuthology.orchestra.run.smithi001.stdout:/usr/bin/ceph: stderr
2024-04-26T22:40:23.864+0000 7f08c6310700 1 --2- 172.21.15.1:0/3933769312 >> [v2:172.21.15.1:3300/0,v1:172.21.15.1:6789/0] conn(0x7f08c007f700 0x7f08c019eed0 secure :-1 s=READY pgs=60 cs=0 l=1 rev1=1 crypto rx=0x7f08b00116e0 tx=0x7f08b0011aa0 comp rx=0 tx=0).stop
2024-04-26T22:40:24.412 INFO:teuthology.orchestra.run.smithi001.stdout:/usr/bin/ceph: stderr
2024-04-26T22:40:23.864+0000 7f08c6310700 1 -- 172.21.15.1:0/3933769312 shutdown_connections
2024-04-26T22:40:24.413 INFO:teuthology.orchestra.run.smithi001.stdout:/usr/bin/ceph: stderr
2024-04-26T22:40:23.865+0000 7f08c6310700 1 --2- 172.21.15.1:0/3933769312 >> [v2:172.21.15.1:6800/3267707627,v1:172.21.15.1:6801/3267707627] conn(0x7f08a8039610 0x7f08a803bad0 unknown :-1 s=CLOSED pgs=0 cs=0 l=1 rev1=0 crypto rx=0 tx=0 comp rx=0 tx=0).stop
2024-04-26T22:40:24.413 INFO:teuthology.orchestra.run.smithi001.stdout:/usr/bin/ceph: stderr
2024-04-26T22:40:23.865+0000 7f08c6310700 1 --2- 172.21.15.1:0/3933769312 >> [v2:172.21.15.1:3300/0,v1:172.21.15.1:6789/0] conn(0x7f08c007f700 0x7f08c019eed0 unknown :-1 s=CLOSED pgs=60 cs=0 l=1 rev1=1 crypto rx=0 tx=0 comp rx=0 tx=0).stop
2024-04-26T22:40:24.413 INFO:teuthology.orchestra.run.smithi001.stdout:/usr/bin/ceph: stderr
2024-04-26T22:40:23.865+0000 7f08c6310700 1 -- 172.21.15.1:0/3933769312 >> 172.21.15.1:0/3933769312 conn(0x7f08c0104310 msgr2=0x7f08c0104e60 unknown :-1 s=STATE_NONE l=0).mark_down
2024-04-26T22:40:24.413 INFO:teuthology.orchestra.run.smithi001.stdout:/usr/bin/ceph: stderr
2024-04-26T22:40:23.865+0000 7f08c6310700 1 -- 172.21.15.1:0/3933769312 shutdown_connections
2024-04-26T22:40:24.413 INFO:teuthology.orchestra.run.smithi001.stdout:/usr/bin/ceph: stderr
2024-04-26T22:40:23.865+0000 7f08c6310700 1 -- 172.21.15.1:0/3933769312 wait complete.
2024-04-26T22:40:24.413 INFO:teuthology.orchestra.run.smithi001.stdout:Waiting for the mgr to restart...
2024-04-26T22:40:24.413 INFO:teuthology.orchestra.run.smithi001.stdout:Waiting for mgr epoch 9...
2024-04-26T22:40:24.761 INFO:journalctl@ceph.mon.a.smithi001.stdout:Apr 26 22:40:24 smithi001 ceph-mon[29435]: from='client.? 172.21.15.1:0/3933769312' entity='client.admin' cmd=[{"prefix": "mgr stat"}]: dispatch
2024-04-26T22:40:24.761 INFO:journalctl@ceph.mgr.x.smithi001.stdout:Apr 26 22:40:24 smithi001 ceph-bb8b501a-041d-11ef-bc93-c7b262605968-mgr-x[29668]:
2024-04-26T22:40:24.660+0000 7fd49a6de200 -1 mgr[py] Module telegraf has missing NOTIFY_TYPES member
2024-04-26T22:40:25.020 INFO:journalctl@ceph.mgr.x.smithi001.stdout:Apr 26 22:40:24 smithi001 ceph-bb8b501a-041d-11ef-bc93-c7b262605968-mgr-x[29668]:
2024-04-26T22:40:24.841+0000 7fd49a6de200 -1 mgr[py] Module osd_support has missing NOTIFY_TYPES member
2024-04-26T22:40:25.021 INFO:journalctl@ceph.mgr.x.smithi001.stdout:Apr 26 22:40:25 smithi001 ceph-bb8b501a-041d-11ef-bc93-c7b262605968-mgr-x[29668]:
2024-04-26T22:40:25.019+0000 7fd49a6de200 -1 mgr[py] Module iostat has missing NOTIFY_TYPES member
2024-04-26T22:40:25.596 INFO:journalctl@ceph.mgr.x.smithi001.stdout:Apr 26 22:40:25 smithi001 ceph-bb8b501a-041d-11ef-bc93-c7b262605968-mgr-x[29668]:
2024-04-26T22:40:25.320+0000 7fd49a6de200 -1 mgr[py] Module alerts has missing NOTIFY_TYPES member
2024-04-26T22:40:25.596 INFO:journalctl@ceph.mgr.x.smithi001.stdout:Apr 26 22:40:25 smithi001 ceph-bb8b501a-041d-11ef-bc93-c7b262605968-mgr-x[29668]:
2024-04-26T22:40:25.417+0000 7fd49a6de200 -1 mgr[py] Module selftest has missing NOTIFY_TYPES member
2024-04-26T22:40:26.096 INFO:journalctl@ceph.mgr.x.smithi001.stdout:Apr 26 22:40:25 smithi001 ceph-bb8b501a-041d-11ef-bc93-c7b262605968-mgr-x[29668]:
2024-04-26T22:40:25.628+0000 7fd49a6de200 -1 mgr[py] Module pg_autoscaler has missing NOTIFY_TYPES member
2024-04-26T22:40:26.096 INFO:journalctl@ceph.mgr.x.smithi001.stdout:Apr 26 22:40:25 smithi001 ceph-bb8b501a-041d-11ef-bc93-c7b262605968-mgr-x[29668]:
2024-04-26T22:40:25.829+0000 7fd49a6de200 -1 mgr[py] Module test_orchestrator has missing NOTIFY_TYPES member
2024-04-26T22:40:26.596 INFO:journalctl@ceph.mgr.x.smithi001.stdout:Apr 26 22:40:26 smithi001 ceph-bb8b501a-041d-11ef-bc93-c7b262605968-mgr-x[29668]:
2024-04-26T22:40:26.458+0000 7fd49a6de200 -1 mgr[py] Module rook has missing NOTIFY_TYPES member
2024-04-26T22:40:27.216 INFO:journalctl@ceph.mgr.x.smithi001.stdout:Apr 26 22:40:26 smithi001 ceph-bb8b501a-041d-11ef-bc93-c7b262605968-mgr-x[29668]:
2024-04-26T22:40:26.903+0000 7fd49a6de200 -1 mgr[py] Module volumes has missing NOTIFY_TYPES member
2024-04-26T22:40:27.217 INFO:journalctl@ceph.mgr.x.smithi001.stdout:Apr 26 22:40:27 smithi001 ceph-bb8b501a-041d-11ef-bc93-c7b262605968-mgr-x[29668]:
2024-04-26T22:40:27.004+0000 7fd49a6de200 -1 mgr[py] Module crash has missing NOTIFY_TYPES member
2024-04-26T22:40:27.217 INFO:journalctl@ceph.mgr.x.smithi001.stdout:Apr 26 22:40:27 smithi001 ceph-bb8b501a-041d-11ef-bc93-c7b262605968-mgr-x[29668]:
2024-04-26T22:40:27.216+0000 7fd49a6de200 -1 mgr[py] Module rgw has missing NOTIFY_TYPES member
2024-04-26T22:40:28.096 INFO:journalctl@ceph.mgr.x.smithi001.stdout:Apr 26 22:40:27 smithi001 ceph-bb8b501a-041d-11ef-bc93-c7b262605968-mgr-x[29668]:
2024-04-26T22:40:27.784+0000 7fd49a6de200 -1 mgr[py] Module prometheus has missing NOTIFY_TYPES member
2024-04-26T22:40:28.096 INFO:journalctl@ceph.mgr.x.smithi001.stdout:Apr 26 22:40:27 smithi001 ceph-bb8b501a-041d-11ef-bc93-c7b262605968-mgr-x[29668]:
2024-04-26T22:40:27.881+0000 7fd49a6de200 -1 mgr[py] Module devicehealth has missing NOTIFY_TYPES member
2024-04-26T22:40:28.496 INFO:journalctl@ceph.mgr.x.smithi001.stdout:Apr 26 22:40:28 smithi001 ceph-bb8b501a-041d-11ef-bc93-c7b262605968-mgr-x[29668]:
2024-04-26T22:40:28.137+0000 7fd49a6de200 -1 mgr[py] Module telemetry has missing NOTIFY_TYPES member
2024-04-26T22:40:28.496 INFO:journalctl@ceph.mgr.x.smithi001.stdout:Apr 26 22:40:28 smithi001 ceph-bb8b501a-041d-11ef-bc93-c7b262605968-mgr-x[29668]:
2024-04-26T22:40:28.276+0000 7fd49a6de200 -1 mgr[py] Module diskprediction_local has missing NOTIFY_TYPES member
2024-04-26T22:40:28.496 INFO:journalctl@ceph.mgr.x.smithi001.stdout:Apr 26 22:40:28 smithi001 ceph-bb8b501a-041d-11ef-bc93-c7b262605968-mgr-x[29668]:
2024-04-26T22:40:28.375+0000 7fd49a6de200 -1 mgr[py] Module osd_perf_query has missing NOTIFY_TYPES member
2024-04-26T22:40:28.496 INFO:journalctl@ceph.mgr.x.smithi001.stdout:Apr 26 22:40:28 smithi001 ceph-bb8b501a-041d-11ef-bc93-c7b262605968-mgr-x[29668]:
2024-04-26T22:40:28.495+0000 7fd49a6de200 -1 mgr[py] Module rbd_support has missing NOTIFY_TYPES member
2024-04-26T22:40:29.096 INFO:journalctl@ceph.mgr.x.smithi001.stdout:Apr 26 22:40:28 smithi001 ceph-bb8b501a-041d-11ef-bc93-c7b262605968-mgr-x[29668]:
2024-04-26T22:40:28.806+0000 7fd49a6de200 -1 mgr[py] Module zabbix has missing NOTIFY_TYPES member
2024-04-26T22:40:29.596 INFO:journalctl@ceph.mgr.x.smithi001.stdout:Apr 26 22:40:29 smithi001 ceph-bb8b501a-041d-11ef-bc93-c7b262605968-mgr-x[29668]:
2024-04-26T22:40:29.437+0000 7fd49a6de200 -1 mgr[py] Module status has missing NOTIFY_TYPES member
2024-04-26T22:40:30.096 INFO:journalctl@ceph.mgr.x.smithi001.stdout:Apr 26 22:40:29 smithi001 ceph-bb8b501a-041d-11ef-bc93-c7b262605968-mgr-x[29668]:
2024-04-26T22:40:29.663+0000 7fd49a6de200 -1 mgr[py] Module nfs has missing NOTIFY_TYPES member
2024-04-26T22:40:30.096 INFO:journalctl@ceph.mon.a.smithi001.stdout:Apr 26 22:40:29 smithi001 ceph-mon[29435]: Active manager daemon x restarted
2024-04-26T22:40:30.096 INFO:journalctl@ceph.mon.a.smithi001.stdout:Apr 26 22:40:29 smithi001 ceph-mon[29435]: Activating manager daemon x
2024-04-26T22:40:30.096 INFO:journalctl@ceph.mon.a.smithi001.stdout:Apr 26 22:40:29 smithi001 ceph-mon[29435]: osdmap e3: 0 total, 0 up, 0 in
2024-04-26T22:40:30.097 INFO:journalctl@ceph.mon.a.smithi001.stdout:Apr 26 22:40:29 smithi001 ceph-mon[29435]: mgrmap e10: x(active, starting, since 0.00343524s)
2024-04-26T22:40:30.097 INFO:journalctl@ceph.mon.a.smithi001.stdout:Apr 26 22:40:29 smithi001 ceph-mon[29435]: from='mgr.14152 172.21.15.1:0/4050829205' entity='mgr.x' cmd=[{"prefix": "mon metadata", "id": "a"}]: dispatch
2024-04-26T22:40:30.097 INFO:journalctl@ceph.mon.a.smithi001.stdout:Apr 26 22:40:29 smithi001 ceph-mon[29435]: from='mgr.14152 172.21.15.1:0/4050829205' entity='mgr.x' cmd=[{"prefix": "mgr metadata", "who": "x", "id": "x"}]: dispatch
2024-04-26T22:40:30.097 INFO:journalctl@ceph.mon.a.smithi001.stdout:Apr 26 22:40:29 smithi001 ceph-mon[29435]: from='mgr.14152 172.21.15.1:0/4050829205' entity='mgr.x' cmd=[{"prefix": "mds metadata"}]: dispatch
2024-04-26T22:40:30.097 INFO:journalctl@ceph.mon.a.smithi001.stdout:Apr 26 22:40:29 smithi001 ceph-mon[29435]: from='mgr.14152 172.21.15.1:0/4050829205' entity='mgr.x' cmd=[{"prefix": "osd metadata"}]: dispatch
2024-04-26T22:40:30.097 INFO:journalctl@ceph.mon.a.smithi001.stdout:Apr 26 22:40:29 smithi001 ceph-mon[29435]: from='mgr.14152 172.21.15.1:0/4050829205' entity='mgr.x' cmd=[{"prefix": "mon metadata"}]: dispatch
2024-04-26T22:40:30.097 INFO:journalctl@ceph.mon.a.smithi001.stdout:Apr 26 22:40:29 smithi001 ceph-mon[29435]: Manager daemon x is now available
2024-04-26T22:40:30.097 INFO:journalctl@ceph.mon.a.smithi001.stdout:Apr 26 22:40:29 smithi001 ceph-mon[29435]: from='mgr.14152 172.21.15.1:0/4050829205' entity='mgr.x' cmd=[{"prefix": "config dump", "format": "json"}]: dispatch
2024-04-26T22:40:30.966 INFO:journalctl@ceph.mon.a.smithi001.stdout:Apr 26 22:40:30 smithi001 ceph-mon[29435]: from='mgr.14152 172.21.15.1:0/4050829205' entity='mgr.x' cmd=[{"prefix":"config rm","who":"mgr","name":"mgr/rbd_support/x/mirror_snapshot_schedule"}]: dispatch
2024-04-26T22:40:30.966 INFO:journalctl@ceph.mon.a.smithi001.stdout:Apr 26 22:40:30 smithi001 ceph-mon[29435]: from='mgr.14152 172.21.15.1:0/4050829205' entity='mgr.x' cmd=[{"prefix":"config rm","who":"mgr","name":"mgr/rbd_support/x/trash_purge_schedule"}]: dispatch
2024-04-26T22:40:30.966 INFO:journalctl@ceph.mon.a.smithi001.stdout:Apr 26 22:40:30 smithi001 ceph-mon[29435]: [26/Apr/2024:22:40:29] ENGINE Bus STARTING
2024-04-26T22:40:30.966 INFO:journalctl@ceph.mon.a.smithi001.stdout:Apr 26 22:40:30 smithi001 ceph-mon[29435]: [26/Apr/2024:22:40:30] ENGINE Serving on https://172.21.15.1:7150
2024-04-26T22:40:30.966 INFO:journalctl@ceph.mon.a.smithi001.stdout:Apr 26 22:40:30 smithi001 ceph-mon[29435]: [26/Apr/2024:22:40:30] ENGINE Serving on http://172.21.15.1:8765
2024-04-26T22:40:30.966 INFO:journalctl@ceph.mon.a.smithi001.stdout:Apr 26 22:40:30 smithi001 ceph-mon[29435]: [26/Apr/2024:22:40:30] ENGINE Bus STARTED
2024-04-26T22:40:30.967 INFO:journalctl@ceph.mon.a.smithi001.stdout:Apr 26 22:40:30 smithi001 ceph-mon[29435]: mgrmap e11: x(active, since 1.00615s)
2024-04-26T22:40:31.210 INFO:teuthology.orchestra.run.smithi001.stdout:/usr/bin/ceph: stdout {
2024-04-26T22:40:31.210 INFO:teuthology.orchestra.run.smithi001.stdout:/usr/bin/ceph: stdout "mgrmap_epoch": 11,
2024-04-26T22:40:31.210 INFO:teuthology.orchestra.run.smithi001.stdout:/usr/bin/ceph: stdout "initialized": true
2024-04-26T22:40:31.210 INFO:teuthology.orchestra.run.smithi001.stdout:/usr/bin/ceph: stdout }
2024-04-26T22:40:31.210 INFO:teuthology.orchestra.run.smithi001.stdout:/usr/bin/ceph: stderr
2024-04-26T22:40:24.863+0000 7f8b85476700 1 Processor -- start
2024-04-26T22:40:31.210 INFO:teuthology.orchestra.run.smithi001.stdout:/usr/bin/ceph: stderr
2024-04-26T22:40:24.863+0000 7f8b85476700 1 -- start start
2024-04-26T22:40:31.210 INFO:teuthology.orchestra.run.smithi001.stdout:/usr/bin/ceph: stderr
2024-04-26T22:40:24.863+0000 7f8b85476700 1 --2- >> [v2:172.21.15.1:3300/0,v1:172.21.15.1:6789/0] conn(0x7f8b80108d70 0x7f8b80109190 unknown :-1 s=NONE pgs=0 cs=0 l=0 rev1=0 crypto rx=0 tx=0 comp rx=0 tx=0).connect
2024-04-26T22:40:31.211 INFO:teuthology.orchestra.run.smithi001.stdout:/usr/bin/ceph: stderr
2024-04-26T22:40:24.863+0000 7f8b85476700 1 -- --> [v2:172.21.15.1:3300/0,v1:172.21.15.1:6789/0] -- mon_getmap magic: 0 -- 0x7f8b80109760 con 0x7f8b80108d70
2024-04-26T22:40:31.211 INFO:teuthology.orchestra.run.smithi001.stdout:/usr/bin/ceph: stderr
2024-04-26T22:40:24.863+0000 7f8b7effd700 1 --2- >> [v2:172.21.15.1:3300/0,v1:172.21.15.1:6789/0] conn(0x7f8b80108d70 0x7f8b80109190 unknown :-1 s=BANNER_CONNECTING pgs=0 cs=0 l=0 rev1=0 crypto rx=0 tx=0 comp rx=0 tx=0)._handle_peer_banner_payload supported=3 required=0
2024-04-26T22:40:31.211 INFO:teuthology.orchestra.run.smithi001.stdout:/usr/bin/ceph: stderr
2024-04-26T22:40:24.864+0000 7f8b7effd700 1 --2- >> [v2:172.21.15.1:3300/0,v1:172.21.15.1:6789/0] conn(0x7f8b80108d70 0x7f8b80109190 unknown :-1 s=HELLO_CONNECTING pgs=0 cs=0 l=0 rev1=1 crypto rx=0 tx=0 comp rx=0 tx=0).handle_hello peer v2:172.21.15.1:3300/0 says I am v2:172.21.15.1:44804/0 (socket says 172.21.15.1:44804)
2024-04-26T22:40:31.211 INFO:teuthology.orchestra.run.smithi001.stdout:/usr/bin/ceph: stderr
2024-04-26T22:40:24.864+0000 7f8b7effd700 1 -- 172.21.15.1:0/4072063691 learned_addr learned my addr 172.21.15.1:0/4072063691 (peer_addr_for_me v2:172.21.15.1:0/0)
2024-04-26T22:40:31.211 INFO:teuthology.orchestra.run.smithi001.stdout:/usr/bin/ceph: stderr
