2024-04-26T22:53:24.971+0000 7f93e8a00700 1 Processor -- start
2024-04-26T22:53:26.238 INFO:teuthology.orchestra.run.smithi151.stdout:/usr/bin/ceph: stderr
2024-04-26T22:53:24.971+0000 7f93e8a00700 1 -- start start
2024-04-26T22:53:26.238 INFO:teuthology.orchestra.run.smithi151.stdout:/usr/bin/ceph: stderr
2024-04-26T22:53:24.971+0000 7f93e8a00700 1 --2- >> [v2:172.21.15.151:3300/0,v1:172.21.15.151:6789/0] conn(0x7f93e4108d60 0x7f93e4109180 unknown :-1 s=NONE pgs=0 cs=0 l=0 rev1=0 crypto rx=0 tx=0 comp rx=0 tx=0).connect
2024-04-26T22:53:26.238 INFO:teuthology.orchestra.run.smithi151.stdout:/usr/bin/ceph: stderr
2024-04-26T22:53:24.971+0000 7f93e8a00700 1 -- --> [v2:172.21.15.151:3300/0,v1:172.21.15.151:6789/0] -- mon_getmap magic: 0 -- 0x7f93e4109750 con 0x7f93e4108d60
2024-04-26T22:53:26.238 INFO:teuthology.orchestra.run.smithi151.stdout:/usr/bin/ceph: stderr
2024-04-26T22:53:24.972+0000 7f93e1e00700 1 --2- >> [v2:172.21.15.151:3300/0,v1:172.21.15.151:6789/0] conn(0x7f93e4108d60 0x7f93e4109180 unknown :-1 s=BANNER_CONNECTING pgs=0 cs=0 l=0 rev1=0 crypto rx=0 tx=0 comp rx=0 tx=0)._handle_peer_banner_payload supported=3 required=0
2024-04-26T22:53:26.238 INFO:teuthology.orchestra.run.smithi151.stdout:/usr/bin/ceph: stderr
2024-04-26T22:53:24.972+0000 7f93e1e00700 1 --2- >> [v2:172.21.15.151:3300/0,v1:172.21.15.151:6789/0] conn(0x7f93e4108d60 0x7f93e4109180 unknown :-1 s=HELLO_CONNECTING pgs=0 cs=0 l=0 rev1=1 crypto rx=0 tx=0 comp rx=0 tx=0).handle_hello peer v2:172.21.15.151:3300/0 says I am v2:172.21.15.151:58318/0 (socket says 172.21.15.151:58318)
2024-04-26T22:53:26.239 INFO:teuthology.orchestra.run.smithi151.stdout:/usr/bin/ceph: stderr
2024-04-26T22:53:24.972+0000 7f93e1e00700 1 -- 172.21.15.151:0/961377727 learned_addr learned my addr 172.21.15.151:0/961377727 (peer_addr_for_me v2:172.21.15.151:0/0)
2024-04-26T22:53:26.239 INFO:teuthology.orchestra.run.smithi151.stdout:/usr/bin/ceph: stderr
2024-04-26T22:53:24.972+0000 7f93e1e00700 1 -- 172.21.15.151:0/961377727 --> [v2:172.21.15.151:3300/0,v1:172.21.15.151:6789/0] -- mon_subscribe({config=0+,monmap=0+}) -- 0x7f93e4109f60 con 0x7f93e4108d60
2024-04-26T22:53:26.239 INFO:teuthology.orchestra.run.smithi151.stdout:/usr/bin/ceph: stderr
2024-04-26T22:53:24.973+0000 7f93e1e00700 1 --2- 172.21.15.151:0/961377727 >> [v2:172.21.15.151:3300/0,v1:172.21.15.151:6789/0] conn(0x7f93e4108d60 0x7f93e4109180 secure :-1 s=READY pgs=51 cs=0 l=1 rev1=1 crypto rx=0x7f93d40098a0 tx=0x7f93d4009bb0 comp rx=0 tx=0).ready entity=mon.0 client_cookie=247413e0efba8abb server_cookie=0 in_seq=0 out_seq=0
2024-04-26T22:53:26.239 INFO:teuthology.orchestra.run.smithi151.stdout:/usr/bin/ceph: stderr
2024-04-26T22:53:24.973+0000 7f93e0a00700 1 -- 172.21.15.151:0/961377727 <== mon.0 v2:172.21.15.151:3300/0 1 ==== mon_map magic: 0 ==== 205+0+0 (secure 0 0 0) 0x7f93d4004160 con 0x7f93e4108d60
2024-04-26T22:53:26.239 INFO:teuthology.orchestra.run.smithi151.stdout:/usr/bin/ceph: stderr
2024-04-26T22:53:24.973+0000 7f93e0a00700 1 -- 172.21.15.151:0/961377727 <== mon.0 v2:172.21.15.151:3300/0 2 ==== config(25 keys) ==== 1063+0+0 (secure 0 0 0) 0x7f93d4004300 con 0x7f93e4108d60
2024-04-26T22:53:26.239 INFO:teuthology.orchestra.run.smithi151.stdout:/usr/bin/ceph: stderr
2024-04-26T22:53:24.973+0000 7f93e0a00700 1 -- 172.21.15.151:0/961377727 <== mon.0 v2:172.21.15.151:3300/0 3 ==== mon_map magic: 0 ==== 205+0+0 (secure 0 0 0) 0x7f93d4011960 con 0x7f93e4108d60
2024-04-26T22:53:26.239 INFO:teuthology.orchestra.run.smithi151.stdout:/usr/bin/ceph: stderr
2024-04-26T22:53:24.974+0000 7f93e8a00700 1 -- 172.21.15.151:0/961377727 >> [v2:172.21.15.151:3300/0,v1:172.21.15.151:6789/0] conn(0x7f93e4108d60 msgr2=0x7f93e4109180 secure :-1 s=STATE_CONNECTION_ESTABLISHED l=1).mark_down
2024-04-26T22:53:26.239 INFO:teuthology.orchestra.run.smithi151.stdout:/usr/bin/ceph: stderr
2024-04-26T22:53:24.974+0000 7f93e8a00700 1 --2- 172.21.15.151:0/961377727 >> [v2:172.21.15.151:3300/0,v1:172.21.15.151:6789/0] conn(0x7f93e4108d60 0x7f93e4109180 secure :-1 s=READY pgs=51 cs=0 l=1 rev1=1 crypto rx=0x7f93d40098a0 tx=0x7f93d4009bb0 comp rx=0 tx=0).stop
2024-04-26T22:53:26.239 INFO:teuthology.orchestra.run.smithi151.stdout:/usr/bin/ceph: stderr
2024-04-26T22:53:24.974+0000 7f93e8a00700 1 -- 172.21.15.151:0/961377727 shutdown_connections
2024-04-26T22:53:26.239 INFO:teuthology.orchestra.run.smithi151.stdout:/usr/bin/ceph: stderr
2024-04-26T22:53:24.974+0000 7f93e8a00700 1 --2- 172.21.15.151:0/961377727 >> [v2:172.21.15.151:3300/0,v1:172.21.15.151:6789/0] conn(0x7f93e4108d60 0x7f93e4109180 unknown :-1 s=CLOSED pgs=51 cs=0 l=1 rev1=1 crypto rx=0 tx=0 comp rx=0 tx=0).stop
2024-04-26T22:53:26.239 INFO:teuthology.orchestra.run.smithi151.stdout:/usr/bin/ceph: stderr
2024-04-26T22:53:24.974+0000 7f93e8a00700 1 -- 172.21.15.151:0/961377727 >> 172.21.15.151:0/961377727 conn(0x7f93e4104320 msgr2=0x7f93e4106740 unknown :-1 s=STATE_NONE l=0).mark_down
2024-04-26T22:53:26.239 INFO:teuthology.orchestra.run.smithi151.stdout:/usr/bin/ceph: stderr
2024-04-26T22:53:24.974+0000 7f93e8a00700 1 -- 172.21.15.151:0/961377727 shutdown_connections
2024-04-26T22:53:26.239 INFO:teuthology.orchestra.run.smithi151.stdout:/usr/bin/ceph: stderr
2024-04-26T22:53:24.974+0000 7f93e8a00700 1 -- 172.21.15.151:0/961377727 wait complete.
2024-04-26T22:53:26.240 INFO:teuthology.orchestra.run.smithi151.stdout:/usr/bin/ceph: stderr
2024-04-26T22:53:24.975+0000 7f93e8a00700 1 Processor -- start
2024-04-26T22:53:26.240 INFO:teuthology.orchestra.run.smithi151.stdout:/usr/bin/ceph: stderr
2024-04-26T22:53:24.975+0000 7f93e8a00700 1 -- start start
2024-04-26T22:53:26.240 INFO:teuthology.orchestra.run.smithi151.stdout:/usr/bin/ceph: stderr
2024-04-26T22:53:24.976+0000 7f93e8a00700 1 --2- >> [v2:172.21.15.151:3300/0,v1:172.21.15.151:6789/0] conn(0x7f93e4108d60 0x7f93e407da60 unknown :-1 s=NONE pgs=0 cs=0 l=1 rev1=0 crypto rx=0 tx=0 comp rx=0 tx=0).connect
2024-04-26T22:53:26.240 INFO:teuthology.orchestra.run.smithi151.stdout:/usr/bin/ceph: stderr
2024-04-26T22:53:24.976+0000 7f93e8a00700 1 -- --> [v2:172.21.15.151:3300/0,v1:172.21.15.151:6789/0] -- mon_getmap magic: 0 -- 0x7f93e410d190 con 0x7f93e4108d60
2024-04-26T22:53:26.240 INFO:teuthology.orchestra.run.smithi151.stdout:/usr/bin/ceph: stderr
2024-04-26T22:53:24.976+0000 7f93e1e00700 1 --2- >> [v2:172.21.15.151:3300/0,v1:172.21.15.151:6789/0] conn(0x7f93e4108d60 0x7f93e407da60 unknown :-1 s=BANNER_CONNECTING pgs=0 cs=0 l=1 rev1=0 crypto rx=0 tx=0 comp rx=0 tx=0)._handle_peer_banner_payload supported=3 required=0
2024-04-26T22:53:26.240 INFO:teuthology.orchestra.run.smithi151.stdout:/usr/bin/ceph: stderr
2024-04-26T22:53:24.976+0000 7f93e1e00700 1 --2- >> [v2:172.21.15.151:3300/0,v1:172.21.15.151:6789/0] conn(0x7f93e4108d60 0x7f93e407da60 unknown :-1 s=HELLO_CONNECTING pgs=0 cs=0 l=1 rev1=1 crypto rx=0 tx=0 comp rx=0 tx=0).handle_hello peer v2:172.21.15.151:3300/0 says I am v2:172.21.15.151:58324/0 (socket says 172.21.15.151:58324)
2024-04-26T22:53:26.240 INFO:teuthology.orchestra.run.smithi151.stdout:/usr/bin/ceph: stderr
2024-04-26T22:53:24.976+0000 7f93e1e00700 1 -- 172.21.15.151:0/2997260618 learned_addr learned my addr 172.21.15.151:0/2997260618 (peer_addr_for_me v2:172.21.15.151:0/0)
2024-04-26T22:53:26.240 INFO:teuthology.orchestra.run.smithi151.stdout:/usr/bin/ceph: stderr
2024-04-26T22:53:24.976+0000 7f93e1e00700 1 -- 172.21.15.151:0/2997260618 --> [v2:172.21.15.151:3300/0,v1:172.21.15.151:6789/0] -- mon_subscribe({config=0+,monmap=0+}) -- 0x7f93e407dfa0 con 0x7f93e4108d60
2024-04-26T22:53:26.240 INFO:teuthology.orchestra.run.smithi151.stdout:/usr/bin/ceph: stderr
2024-04-26T22:53:24.977+0000 7f93e1e00700 1 --2- 172.21.15.151:0/2997260618 >> [v2:172.21.15.151:3300/0,v1:172.21.15.151:6789/0] conn(0x7f93e4108d60 0x7f93e407da60 secure :-1 s=READY pgs=52 cs=0 l=1 rev1=1 crypto rx=0x7f93d4011670 tx=0x7f93d4011a30 comp rx=0 tx=0).ready entity=mon.0 client_cookie=0 server_cookie=0 in_seq=0 out_seq=0
2024-04-26T22:53:26.240 INFO:teuthology.orchestra.run.smithi151.stdout:/usr/bin/ceph: stderr
2024-04-26T22:53:24.977+0000 7f93daa00700 1 -- 172.21.15.151:0/2997260618 <== mon.0 v2:172.21.15.151:3300/0 1 ==== mon_map magic: 0 ==== 205+0+0 (secure 0 0 0) 0x7f93d401f070 con 0x7f93e4108d60
2024-04-26T22:53:26.240 INFO:teuthology.orchestra.run.smithi151.stdout:/usr/bin/ceph: stderr
2024-04-26T22:53:24.977+0000 7f93daa00700 1 -- 172.21.15.151:0/2997260618 <== mon.0 v2:172.21.15.151:3300/0 2 ==== config(25 keys) ==== 1063+0+0 (secure 0 0 0) 0x7f93d4003b20 con 0x7f93e4108d60
2024-04-26T22:53:26.240 INFO:teuthology.orchestra.run.smithi151.stdout:/usr/bin/ceph: stderr
2024-04-26T22:53:24.977+0000 7f93daa00700 1 -- 172.21.15.151:0/2997260618 <== mon.0 v2:172.21.15.151:3300/0 3 ==== mon_map magic: 0 ==== 205+0+0 (secure 0 0 0) 0x7f93d4019580 con 0x7f93e4108d60
2024-04-26T22:53:26.240 INFO:teuthology.orchestra.run.smithi151.stdout:/usr/bin/ceph: stderr
2024-04-26T22:53:24.977+0000 7f93e8a00700 1 -- 172.21.15.151:0/2997260618 --> [v2:172.21.15.151:3300/0,v1:172.21.15.151:6789/0] -- mon_subscribe({mgrmap=0+}) -- 0x7f93e407c190 con 0x7f93e4108d60
2024-04-26T22:53:26.240 INFO:teuthology.orchestra.run.smithi151.stdout:/usr/bin/ceph: stderr
2024-04-26T22:53:24.977+0000 7f93e8a00700 1 -- 172.21.15.151:0/2997260618 --> [v2:172.21.15.151:3300/0,v1:172.21.15.151:6789/0] -- mon_subscribe({osdmap=0}) -- 0x7f93e407c6d0 con 0x7f93e4108d60
2024-04-26T22:53:26.241 INFO:teuthology.orchestra.run.smithi151.stdout:/usr/bin/ceph: stderr
2024-04-26T22:53:24.978+0000 7f93e8a00700 1 -- 172.21.15.151:0/2997260618 --> [v2:172.21.15.151:3300/0,v1:172.21.15.151:6789/0] -- mon_command({"prefix": "get_command_descriptions"} v 0) -- 0x7f93e410d310 con 0x7f93e4108d60
2024-04-26T22:53:26.241 INFO:teuthology.orchestra.run.smithi151.stdout:/usr/bin/ceph: stderr
2024-04-26T22:53:24.979+0000 7f93daa00700 1 -- 172.21.15.151:0/2997260618 <== mon.0 v2:172.21.15.151:3300/0 4 ==== mgrmap(e 8) ==== 46558+0+0 (secure 0 0 0) 0x7f93d4022070 con 0x7f93e4108d60
2024-04-26T22:53:26.241 INFO:teuthology.orchestra.run.smithi151.stdout:/usr/bin/ceph: stderr
2024-04-26T22:53:24.979+0000 7f93daa00700 1 --2- 172.21.15.151:0/2997260618 >> [v2:172.21.15.151:6800/2553709886,v1:172.21.15.151:6801/2553709886] conn(0x7f93c8039600 0x7f93c803bac0 unknown :-1 s=NONE pgs=0 cs=0 l=1 rev1=0 crypto rx=0 tx=0 comp rx=0 tx=0).connect
2024-04-26T22:53:26.241 INFO:teuthology.orchestra.run.smithi151.stdout:/usr/bin/ceph: stderr
2024-04-26T22:53:24.979+0000 7f93daa00700 1 -- 172.21.15.151:0/2997260618 <== mon.0 v2:172.21.15.151:3300/0 5 ==== osd_map(2..2 src has 1..2) ==== 940+0+0 (secure 0 0 0) 0x7f93d404db40 con 0x7f93e4108d60
2024-04-26T22:53:26.241 INFO:teuthology.orchestra.run.smithi151.stdout:/usr/bin/ceph: stderr
2024-04-26T22:53:24.980+0000 7f93e1400700 1 --2- 172.21.15.151:0/2997260618 >> [v2:172.21.15.151:6800/2553709886,v1:172.21.15.151:6801/2553709886] conn(0x7f93c8039600 0x7f93c803bac0 unknown :-1 s=BANNER_CONNECTING pgs=0 cs=0 l=1 rev1=0 crypto rx=0 tx=0 comp rx=0 tx=0)._handle_peer_banner_payload supported=3 required=0
2024-04-26T22:53:26.241 INFO:teuthology.orchestra.run.smithi151.stdout:/usr/bin/ceph: stderr
2024-04-26T22:53:24.981+0000 7f93e1400700 1 --2- 172.21.15.151:0/2997260618 >> [v2:172.21.15.151:6800/2553709886,v1:172.21.15.151:6801/2553709886] conn(0x7f93c8039600 0x7f93c803bac0 secure :-1 s=READY pgs=14 cs=0 l=1 rev1=1 crypto rx=0x7f93d0006fd0 tx=0x7f93d0006e40 comp rx=0 tx=0).ready entity=mgr.14120 client_cookie=0 server_cookie=0 in_seq=0 out_seq=0
2024-04-26T22:53:26.241 INFO:teuthology.orchestra.run.smithi151.stdout:/usr/bin/ceph: stderr
2024-04-26T22:53:24.985+0000 7f93daa00700 1 -- 172.21.15.151:0/2997260618 <== mon.0 v2:172.21.15.151:3300/0 6 ==== mon_command_ack([{"prefix": "get_command_descriptions"}]=0 v0) ==== 72+0+188494 (secure 0 0 0) 0x7f93d404d490 con 0x7f93e4108d60
2024-04-26T22:53:26.241 INFO:teuthology.orchestra.run.smithi151.stdout:/usr/bin/ceph: stderr
2024-04-26T22:53:25.218+0000 7f93e8a00700 1 -- 172.21.15.151:0/2997260618 --> [v2:172.21.15.151:3300/0,v1:172.21.15.151:6789/0] -- mon_command([{prefix=config set, name=mgr/cephadm/container_init}] v 0) -- 0x7f93e4064a80 con 0x7f93e4108d60
2024-04-26T22:53:26.241 INFO:teuthology.orchestra.run.smithi151.stdout:/usr/bin/ceph: stderr
2024-04-26T22:53:25.221+0000 7f93daa00700 1 -- 172.21.15.151:0/2997260618 <== mon.0 v2:172.21.15.151:3300/0 7 ==== mon_command_ack([{prefix=config set, name=mgr/cephadm/container_init}]=0 v7)=0 v7) ==== 142+0+0 (secure 0 0 0) 0x7f93d401b530 con 0x7f93e4108d60
2024-04-26T22:53:26.241 INFO:teuthology.orchestra.run.smithi151.stdout:/usr/bin/ceph: stderr
2024-04-26T22:53:25.224+0000 7f93e8a00700 1 -- 172.21.15.151:0/2997260618 >> [v2:172.21.15.151:6800/2553709886,v1:172.21.15.151:6801/2553709886] conn(0x7f93c8039600 msgr2=0x7f93c803bac0 secure :-1 s=STATE_CONNECTION_ESTABLISHED l=1).mark_down
2024-04-26T22:53:26.241 INFO:teuthology.orchestra.run.smithi151.stdout:/usr/bin/ceph: stderr
2024-04-26T22:53:25.224+0000 7f93e8a00700 1 --2- 172.21.15.151:0/2997260618 >> [v2:172.21.15.151:6800/2553709886,v1:172.21.15.151:6801/2553709886] conn(0x7f93c8039600 0x7f93c803bac0 secure :-1 s=READY pgs=14 cs=0 l=1 rev1=1 crypto rx=0x7f93d0006fd0 tx=0x7f93d0006e40 comp rx=0 tx=0).stop
2024-04-26T22:53:26.241 INFO:teuthology.orchestra.run.smithi151.stdout:/usr/bin/ceph: stderr
2024-04-26T22:53:25.224+0000 7f93e8a00700 1 -- 172.21.15.151:0/2997260618 >> [v2:172.21.15.151:3300/0,v1:172.21.15.151:6789/0] conn(0x7f93e4108d60 msgr2=0x7f93e407da60 secure :-1 s=STATE_CONNECTION_ESTABLISHED l=1).mark_down
2024-04-26T22:53:26.241 INFO:teuthology.orchestra.run.smithi151.stdout:/usr/bin/ceph: stderr
2024-04-26T22:53:25.224+0000 7f93e8a00700 1 --2- 172.21.15.151:0/2997260618 >> [v2:172.21.15.151:3300/0,v1:172.21.15.151:6789/0] conn(0x7f93e4108d60 0x7f93e407da60 secure :-1 s=READY pgs=52 cs=0 l=1 rev1=1 crypto rx=0x7f93d4011670 tx=0x7f93d4011a30 comp rx=0 tx=0).stop
2024-04-26T22:53:26.241 INFO:teuthology.orchestra.run.smithi151.stdout:/usr/bin/ceph: stderr
2024-04-26T22:53:25.225+0000 7f93e8a00700 1 -- 172.21.15.151:0/2997260618 shutdown_connections
2024-04-26T22:53:26.242 INFO:teuthology.orchestra.run.smithi151.stdout:/usr/bin/ceph: stderr
2024-04-26T22:53:25.225+0000 7f93e8a00700 1 --2- 172.21.15.151:0/2997260618 >> [v2:172.21.15.151:6800/2553709886,v1:172.21.15.151:6801/2553709886] conn(0x7f93c8039600 0x7f93c803bac0 unknown :-1 s=CLOSED pgs=14 cs=0 l=1 rev1=1 crypto rx=0 tx=0 comp rx=0 tx=0).stop
2024-04-26T22:53:26.242 INFO:teuthology.orchestra.run.smithi151.stdout:/usr/bin/ceph: stderr
2024-04-26T22:53:25.225+0000 7f93e8a00700 1 --2- 172.21.15.151:0/2997260618 >> [v2:172.21.15.151:3300/0,v1:172.21.15.151:6789/0] conn(0x7f93e4108d60 0x7f93e407da60 unknown :-1 s=CLOSED pgs=52 cs=0 l=1 rev1=1 crypto rx=0 tx=0 comp rx=0 tx=0).stop
2024-04-26T22:53:26.242 INFO:teuthology.orchestra.run.smithi151.stdout:/usr/bin/ceph: stderr
2024-04-26T22:53:25.225+0000 7f93e8a00700 1 -- 172.21.15.151:0/2997260618 >> 172.21.15.151:0/2997260618 conn(0x7f93e4104320 msgr2=0x7f93e4104e30 unknown :-1 s=STATE_NONE l=0).mark_down
2024-04-26T22:53:26.242 INFO:teuthology.orchestra.run.smithi151.stdout:/usr/bin/ceph: stderr
2024-04-26T22:53:25.225+0000 7f93e8a00700 1 -- 172.21.15.151:0/2997260618 shutdown_connections
2024-04-26T22:53:26.242 INFO:teuthology.orchestra.run.smithi151.stdout:/usr/bin/ceph: stderr
2024-04-26T22:53:25.225+0000 7f93e8a00700 1 -- 172.21.15.151:0/2997260618 wait complete.
2024-04-26T22:53:26.654 INFO:journalctl@ceph.mon.a.smithi151.stdout:Apr 26 22:53:26 smithi151 ceph-mon[27785]: from='client.? 172.21.15.151:0/2997260618' entity='client.admin'
2024-04-26T22:53:27.405 INFO:journalctl@ceph.mon.a.smithi151.stdout:Apr 26 22:53:27 smithi151 ceph-mon[27785]: pgmap v4: 0 pgs: ; 0 B data, 0 B used, 0 B / 0 B avail
2024-04-26T22:53:27.405 INFO:journalctl@ceph.mon.a.smithi151.stdout:Apr 26 22:53:27 smithi151 ceph-mon[27785]: from='mgr.14120 172.21.15.151:0/96936970' entity='mgr.x'
2024-04-26T22:53:28.187 INFO:teuthology.orchestra.run.smithi151.stdout:/usr/bin/ceph: stderr
2024-04-26T22:53:27.180+0000 7f5ffd200700 1 Processor -- start
2024-04-26T22:53:28.187 INFO:teuthology.orchestra.run.smithi151.stdout:/usr/bin/ceph: stderr
2024-04-26T22:53:27.180+0000 7f5ffd200700 1 -- start start
2024-04-26T22:53:28.187 INFO:teuthology.orchestra.run.smithi151.stdout:/usr/bin/ceph: stderr
2024-04-26T22:53:27.180+0000 7f5ffd200700 1 --2- >> [v2:172.21.15.151:3300/0,v1:172.21.15.151:6789/0] conn(0x7f5ff81097f0 0x7f5ff810bbe0 unknown :-1 s=NONE pgs=0 cs=0 l=0 rev1=0 crypto rx=0 tx=0 comp rx=0 tx=0).connect
2024-04-26T22:53:28.187 INFO:teuthology.orchestra.run.smithi151.stdout:/usr/bin/ceph: stderr
2024-04-26T22:53:27.181+0000 7f5ffd200700 1 -- --> [v2:172.21.15.151:3300/0,v1:172.21.15.151:6789/0] -- mon_getmap magic: 0 -- 0x7f5ff807ce50 con 0x7f5ff81097f0
2024-04-26T22:53:28.188 INFO:teuthology.orchestra.run.smithi151.stdout:/usr/bin/ceph: stderr
2024-04-26T22:53:27.181+0000 7f5ff5e00700 1 --2- >> [v2:172.21.15.151:3300/0,v1:172.21.15.151:6789/0] conn(0x7f5ff81097f0 0x7f5ff810bbe0 unknown :-1 s=BANNER_CONNECTING pgs=0 cs=0 l=0 rev1=0 crypto rx=0 tx=0 comp rx=0 tx=0)._handle_peer_banner_payload supported=3 required=0
2024-04-26T22:53:28.188 INFO:teuthology.orchestra.run.smithi151.stdout:/usr/bin/ceph: stderr
2024-04-26T22:53:27.181+0000 7f5ff5e00700 1 --2- >> [v2:172.21.15.151:3300/0,v1:172.21.15.151:6789/0] conn(0x7f5ff81097f0 0x7f5ff810bbe0 unknown :-1 s=HELLO_CONNECTING pgs=0 cs=0 l=0 rev1=1 crypto rx=0 tx=0 comp rx=0 tx=0).handle_hello peer v2:172.21.15.151:3300/0 says I am v2:172.21.15.151:58340/0 (socket says 172.21.15.151:58340)
2024-04-26T22:53:28.188 INFO:teuthology.orchestra.run.smithi151.stdout:/usr/bin/ceph: stderr
2024-04-26T22:53:27.181+0000 7f5ff5e00700 1 -- 172.21.15.151:0/3844563053 learned_addr learned my addr 172.21.15.151:0/3844563053 (peer_addr_for_me v2:172.21.15.151:0/0)
2024-04-26T22:53:28.188 INFO:teuthology.orchestra.run.smithi151.stdout:/usr/bin/ceph: stderr
2024-04-26T22:53:27.182+0000 7f5ff5e00700 1 -- 172.21.15.151:0/3844563053 --> [v2:172.21.15.151:3300/0,v1:172.21.15.151:6789/0] -- mon_subscribe({config=0+,monmap=0+}) -- 0x7f5ff810c120 con 0x7f5ff81097f0
2024-04-26T22:53:28.188 INFO:teuthology.orchestra.run.smithi151.stdout:/usr/bin/ceph: stderr
2024-04-26T22:53:27.182+0000 7f5ff5e00700 1 --2- 172.21.15.151:0/3844563053 >> [v2:172.21.15.151:3300/0,v1:172.21.15.151:6789/0] conn(0x7f5ff81097f0 0x7f5ff810bbe0 secure :-1 s=READY pgs=53 cs=0 l=1 rev1=1 crypto rx=0x7f5fe80098a0 tx=0x7f5fe8009bb0 comp rx=0 tx=0).ready entity=mon.0 client_cookie=51390dba2c857fad server_cookie=0 in_seq=0 out_seq=0
2024-04-26T22:53:28.188 INFO:teuthology.orchestra.run.smithi151.stdout:/usr/bin/ceph: stderr
2024-04-26T22:53:27.182+0000 7f5ff4a00700 1 -- 172.21.15.151:0/3844563053 <== mon.0 v2:172.21.15.151:3300/0 1 ==== mon_map magic: 0 ==== 205+0+0 (secure 0 0 0) 0x7f5fe8004160 con 0x7f5ff81097f0
2024-04-26T22:53:28.188 INFO:teuthology.orchestra.run.smithi151.stdout:/usr/bin/ceph: stderr
2024-04-26T22:53:27.182+0000 7f5ff4a00700 1 -- 172.21.15.151:0/3844563053 <== mon.0 v2:172.21.15.151:3300/0 2 ==== config(25 keys) ==== 1063+0+0 (secure 0 0 0) 0x7f5fe8004300 con 0x7f5ff81097f0
2024-04-26T22:53:28.188 INFO:teuthology.orchestra.run.smithi151.stdout:/usr/bin/ceph: stderr
2024-04-26T22:53:27.182+0000 7f5ff4a00700 1 -- 172.21.15.151:0/3844563053 <== mon.0 v2:172.21.15.151:3300/0 3 ==== mon_map magic: 0 ==== 205+0+0 (secure 0 0 0) 0x7f5fe8011960 con 0x7f5ff81097f0
2024-04-26T22:53:28.188 INFO:teuthology.orchestra.run.smithi151.stdout:/usr/bin/ceph: stderr
2024-04-26T22:53:27.183+0000 7f5ffd200700 1 -- 172.21.15.151:0/3844563053 >> [v2:172.21.15.151:3300/0,v1:172.21.15.151:6789/0] conn(0x7f5ff81097f0 msgr2=0x7f5ff810bbe0 secure :-1 s=STATE_CONNECTION_ESTABLISHED l=1).mark_down
2024-04-26T22:53:28.188 INFO:teuthology.orchestra.run.smithi151.stdout:/usr/bin/ceph: stderr
2024-04-26T22:53:27.183+0000 7f5ffd200700 1 --2- 172.21.15.151:0/3844563053 >> [v2:172.21.15.151:3300/0,v1:172.21.15.151:6789/0] conn(0x7f5ff81097f0 0x7f5ff810bbe0 secure :-1 s=READY pgs=53 cs=0 l=1 rev1=1 crypto rx=0x7f5fe80098a0 tx=0x7f5fe8009bb0 comp rx=0 tx=0).stop
2024-04-26T22:53:28.188 INFO:teuthology.orchestra.run.smithi151.stdout:/usr/bin/ceph: stderr
2024-04-26T22:53:27.183+0000 7f5ffd200700 1 -- 172.21.15.151:0/3844563053 shutdown_connections
2024-04-26T22:53:28.188 INFO:teuthology.orchestra.run.smithi151.stdout:/usr/bin/ceph: stderr
2024-04-26T22:53:27.183+0000 7f5ffd200700 1 --2- 172.21.15.151:0/3844563053 >> [v2:172.21.15.151:3300/0,v1:172.21.15.151:6789/0] conn(0x7f5ff81097f0 0x7f5ff810bbe0 unknown :-1 s=CLOSED pgs=53 cs=0 l=1 rev1=1 crypto rx=0 tx=0 comp rx=0 tx=0).stop
2024-04-26T22:53:28.188 INFO:teuthology.orchestra.run.smithi151.stdout:/usr/bin/ceph: stderr
2024-04-26T22:53:27.183+0000 7f5ffd200700 1 -- 172.21.15.151:0/3844563053 >> 172.21.15.151:0/3844563053 conn(0x7f5ff8103220 msgr2=0x7f5ff8105640 unknown :-1 s=STATE_NONE l=0).mark_down
2024-04-26T22:53:28.188 INFO:teuthology.orchestra.run.smithi151.stdout:/usr/bin/ceph: stderr
2024-04-26T22:53:27.183+0000 7f5ffd200700 1 -- 172.21.15.151:0/3844563053 shutdown_connections
2024-04-26T22:53:28.189 INFO:teuthology.orchestra.run.smithi151.stdout:/usr/bin/ceph: stderr
2024-04-26T22:53:27.183+0000 7f5ffd200700 1 -- 172.21.15.151:0/3844563053 wait complete.
2024-04-26T22:53:28.189 INFO:teuthology.orchestra.run.smithi151.stdout:/usr/bin/ceph: stderr
2024-04-26T22:53:27.185+0000 7f5ffd200700 1 Processor -- start
2024-04-26T22:53:28.189 INFO:teuthology.orchestra.run.smithi151.stdout:/usr/bin/ceph: stderr
2024-04-26T22:53:27.185+0000 7f5ffd200700 1 -- start start
2024-04-26T22:53:28.189 INFO:teuthology.orchestra.run.smithi151.stdout:/usr/bin/ceph: stderr
2024-04-26T22:53:27.185+0000 7f5ffd200700 1 --2- >> [v2:172.21.15.151:3300/0,v1:172.21.15.151:6789/0] conn(0x7f5ff81097f0 0x7f5ff8109070 unknown :-1 s=NONE pgs=0 cs=0 l=1 rev1=0 crypto rx=0 tx=0 comp rx=0 tx=0).connect
2024-04-26T22:53:28.189 INFO:teuthology.orchestra.run.smithi151.stdout:/usr/bin/ceph: stderr
2024-04-26T22:53:27.185+0000 7f5ffd200700 1 -- --> [v2:172.21.15.151:3300/0,v1:172.21.15.151:6789/0] -- mon_getmap magic: 0 -- 0x7f5ff810d070 con 0x7f5ff81097f0
2024-04-26T22:53:28.189 INFO:teuthology.orchestra.run.smithi151.stdout:/usr/bin/ceph: stderr
2024-04-26T22:53:27.186+0000 7f5ff5e00700 1 --2- >> [v2:172.21.15.151:3300/0,v1:172.21.15.151:6789/0] conn(0x7f5ff81097f0 0x7f5ff8109070 unknown :-1 s=BANNER_CONNECTING pgs=0 cs=0 l=1 rev1=0 crypto rx=0 tx=0 comp rx=0 tx=0)._handle_peer_banner_payload supported=3 required=0
2024-04-26T22:53:28.189 INFO:teuthology.orchestra.run.smithi151.stdout:/usr/bin/ceph: stderr
2024-04-26T22:53:27.186+0000 7f5ff5e00700 1 --2- >> [v2:172.21.15.151:3300/0,v1:172.21.15.151:6789/0] conn(0x7f5ff81097f0 0x7f5ff8109070 unknown :-1 s=HELLO_CONNECTING pgs=0 cs=0 l=1 rev1=1 crypto rx=0 tx=0 comp rx=0 tx=0).handle_hello peer v2:172.21.15.151:3300/0 says I am v2:172.21.15.151:58350/0 (socket says 172.21.15.151:58350)
2024-04-26T22:53:28.189 INFO:teuthology.orchestra.run.smithi151.stdout:/usr/bin/ceph: stderr
2024-04-26T22:53:27.186+0000 7f5ff5e00700 1 -- 172.21.15.151:0/2730526427 learned_addr learned my addr 172.21.15.151:0/2730526427 (peer_addr_for_me v2:172.21.15.151:0/0)
2024-04-26T22:53:28.189 INFO:teuthology.orchestra.run.smithi151.stdout:/usr/bin/ceph: stderr
2024-04-26T22:53:27.186+0000 7f5ff5e00700 1 -- 172.21.15.151:0/2730526427 --> [v2:172.21.15.151:3300/0,v1:172.21.15.151:6789/0] -- mon_subscribe({config=0+,monmap=0+}) -- 0x7f5ff81095b0 con 0x7f5ff81097f0
2024-04-26T22:53:28.189 INFO:teuthology.orchestra.run.smithi151.stdout:/usr/bin/ceph: stderr
2024-04-26T22:53:27.186+0000 7f5ff5e00700 1 --2- 172.21.15.151:0/2730526427 >> [v2:172.21.15.151:3300/0,v1:172.21.15.151:6789/0] conn(0x7f5ff81097f0 0x7f5ff8109070 secure :-1 s=READY pgs=54 cs=0 l=1 rev1=1 crypto rx=0x7f5fe8004660 tx=0x7f5fe8011a30 comp rx=0 tx=0).ready entity=mon.0 client_cookie=0 server_cookie=0 in_seq=0 out_seq=0
2024-04-26T22:53:28.189 INFO:teuthology.orchestra.run.smithi151.stdout:/usr/bin/ceph: stderr
2024-04-26T22:53:27.187+0000 7f5feea00700 1 -- 172.21.15.151:0/2730526427 <== mon.0 v2:172.21.15.151:3300/0 1 ==== mon_map magic: 0 ==== 205+0+0 (secure 0 0 0) 0x7f5fe8003aa0 con 0x7f5ff81097f0
2024-04-26T22:53:28.189 INFO:teuthology.orchestra.run.smithi151.stdout:/usr/bin/ceph: stderr
2024-04-26T22:53:27.187+0000 7f5ffd200700 1 -- 172.21.15.151:0/2730526427 --> [v2:172.21.15.151:3300/0,v1:172.21.15.151:6789/0] -- mon_subscribe({mgrmap=0+}) -- 0x7f5ff81077a0 con 0x7f5ff81097f0
2024-04-26T22:53:28.189 INFO:teuthology.orchestra.run.smithi151.stdout:/usr/bin/ceph: stderr
2024-04-26T22:53:27.187+0000 7f5feea00700 1 -- 172.21.15.151:0/2730526427 <== mon.0 v2:172.21.15.151:3300/0 2 ==== config(25 keys) ==== 1063+0+0 (secure 0 0 0) 0x7f5fe801b8d0 con 0x7f5ff81097f0
2024-04-26T22:53:28.189 INFO:teuthology.orchestra.run.smithi151.stdout:/usr/bin/ceph: stderr
2024-04-26T22:53:27.187+0000 7f5ffd200700 1 -- 172.21.15.151:0/2730526427 --> [v2:172.21.15.151:3300/0,v1:172.21.15.151:6789/0] -- mon_subscribe({osdmap=0}) -- 0x7f5ff8107ce0 con 0x7f5ff81097f0
2024-04-26T22:53:28.189 INFO:teuthology.orchestra.run.smithi151.stdout:/usr/bin/ceph: stderr
2024-04-26T22:53:27.187+0000 7f5feea00700 1 -- 172.21.15.151:0/2730526427 <== mon.0 v2:172.21.15.151:3300/0 3 ==== mon_map magic: 0 ==== 205+0+0 (secure 0 0 0) 0x7f5fe8023820 con 0x7f5ff81097f0
2024-04-26T22:53:28.189 INFO:teuthology.orchestra.run.smithi151.stdout:/usr/bin/ceph: stderr
2024-04-26T22:53:27.188+0000 7f5ffd200700 1 -- 172.21.15.151:0/2730526427 --> [v2:172.21.15.151:3300/0,v1:172.21.15.151:6789/0] -- mon_command({"prefix": "get_command_descriptions"} v 0) -- 0x7f5ff8064a80 con 0x7f5ff81097f0
2024-04-26T22:53:28.190 INFO:teuthology.orchestra.run.smithi151.stdout:/usr/bin/ceph: stderr
2024-04-26T22:53:27.188+0000 7f5feea00700 1 -- 172.21.15.151:0/2730526427 <== mon.0 v2:172.21.15.151:3300/0 4 ==== mgrmap(e 8) ==== 46558+0+0 (secure 0 0 0) 0x7f5fe801ba80 con 0x7f5ff81097f0
2024-04-26T22:53:28.190 INFO:teuthology.orchestra.run.smithi151.stdout:/usr/bin/ceph: stderr
2024-04-26T22:53:27.189+0000 7f5feea00700 1 --2- 172.21.15.151:0/2730526427 >> [v2:172.21.15.151:6800/2553709886,v1:172.21.15.151:6801/2553709886] conn(0x7f5fdc039560 0x7f5fdc03ba20 unknown :-1 s=NONE pgs=0 cs=0 l=1 rev1=0 crypto rx=0 tx=0 comp rx=0 tx=0).connect
2024-04-26T22:53:28.190 INFO:teuthology.orchestra.run.smithi151.stdout:/usr/bin/ceph: stderr
2024-04-26T22:53:27.189+0000 7f5feea00700 1 -- 172.21.15.151:0/2730526427 <== mon.0 v2:172.21.15.151:3300/0 5 ==== osd_map(2..2 src has 1..2) ==== 940+0+0 (secure 0 0 0) 0x7f5fe804dfb0 con 0x7f5ff81097f0
2024-04-26T22:53:28.190 INFO:teuthology.orchestra.run.smithi151.stdout:/usr/bin/ceph: stderr
2024-04-26T22:53:27.189+0000 7f5ff5400700 1 --2- 172.21.15.151:0/2730526427 >> [v2:172.21.15.151:6800/2553709886,v1:172.21.15.151:6801/2553709886] conn(0x7f5fdc039560 0x7f5fdc03ba20 unknown :-1 s=BANNER_CONNECTING pgs=0 cs=0 l=1 rev1=0 crypto rx=0 tx=0 comp rx=0 tx=0)._handle_peer_banner_payload supported=3 required=0
2024-04-26T22:53:28.190 INFO:teuthology.orchestra.run.smithi151.stdout:/usr/bin/ceph: stderr
2024-04-26T22:53:27.190+0000 7f5ff5400700 1 --2- 172.21.15.151:0/2730526427 >> [v2:172.21.15.151:6800/2553709886,v1:172.21.15.151:6801/2553709886] conn(0x7f5fdc039560 0x7f5fdc03ba20 secure :-1 s=READY pgs=15 cs=0 l=1 rev1=1 crypto rx=0x7f5fe4006fd0 tx=0x7f5fe4006e40 comp rx=0 tx=0).ready entity=mgr.14120 client_cookie=0 server_cookie=0 in_seq=0 out_seq=0
2024-04-26T22:53:28.190 INFO:teuthology.orchestra.run.smithi151.stdout:/usr/bin/ceph: stderr
2024-04-26T22:53:27.194+0000 7f5feea00700 1 -- 172.21.15.151:0/2730526427 <== mon.0 v2:172.21.15.151:3300/0 6 ==== mon_command_ack([{"prefix": "get_command_descriptions"}]=0 v0) ==== 72+0+188494 (secure 0 0 0) 0x7f5fe801f030 con 0x7f5ff81097f0
2024-04-26T22:53:28.190 INFO:teuthology.orchestra.run.smithi151.stdout:/usr/bin/ceph: stderr
2024-04-26T22:53:27.423+0000 7f5ffd200700 1 -- 172.21.15.151:0/2730526427 --> [v2:172.21.15.151:3300/0,v1:172.21.15.151:6789/0] -- mon_command([{prefix=config set, name=mgr/dashboard/ssl_server_port}] v 0) -- 0x7f5ff8108020 con 0x7f5ff81097f0
2024-04-26T22:53:28.190 INFO:teuthology.orchestra.run.smithi151.stdout:/usr/bin/ceph: stderr
2024-04-26T22:53:27.430+0000 7f5feea00700 1 -- 172.21.15.151:0/2730526427 <== mon.0 v2:172.21.15.151:3300/0 7 ==== mon_command_ack([{prefix=config set, name=mgr/dashboard/ssl_server_port}]=0 v8)=0 v8) ==== 130+0+0 (secure 0 0 0) 0x7f5ff8108020 con 0x7f5ff81097f0
2024-04-26T22:53:28.190 INFO:teuthology.orchestra.run.smithi151.stdout:/usr/bin/ceph: stderr
2024-04-26T22:53:27.434+0000 7f5ffd200700 1 -- 172.21.15.151:0/2730526427 >> [v2:172.21.15.151:6800/2553709886,v1:172.21.15.151:6801/2553709886] conn(0x7f5fdc039560 msgr2=0x7f5fdc03ba20 secure :-1 s=STATE_CONNECTION_ESTABLISHED l=1).mark_down
2024-04-26T22:53:28.191 INFO:teuthology.orchestra.run.smithi151.stdout:/usr/bin/ceph: stderr
2024-04-26T22:53:27.434+0000 7f5ffd200700 1 --2- 172.21.15.151:0/2730526427 >> [v2:172.21.15.151:6800/2553709886,v1:172.21.15.151:6801/2553709886] conn(0x7f5fdc039560 0x7f5fdc03ba20 secure :-1 s=READY pgs=15 cs=0 l=1 rev1=1 crypto rx=0x7f5fe4006fd0 tx=0x7f5fe4006e40 comp rx=0 tx=0).stop
2024-04-26T22:53:28.191 INFO:teuthology.orchestra.run.smithi151.stdout:/usr/bin/ceph: stderr
2024-04-26T22:53:27.434+0000 7f5ffd200700 1 -- 172.21.15.151:0/2730526427 >> [v2:172.21.15.151:3300/0,v1:172.21.15.151:6789/0] conn(0x7f5ff81097f0 msgr2=0x7f5ff8109070 secure :-1 s=STATE_CONNECTION_ESTABLISHED l=1).mark_down
2024-04-26T22:53:28.191 INFO:teuthology.orchestra.run.smithi151.stdout:/usr/bin/ceph: stderr
2024-04-26T22:53:27.434+0000 7f5ffd200700 1 --2- 172.21.15.151:0/2730526427 >> [v2:172.21.15.151:3300/0,v1:172.21.15.151:6789/0] conn(0x7f5ff81097f0 0x7f5ff8109070 secure :-1 s=READY pgs=54 cs=0 l=1 rev1=1 crypto rx=0x7f5fe8004660 tx=0x7f5fe8011a30 comp rx=0 tx=0).stop
2024-04-26T22:53:28.191 INFO:teuthology.orchestra.run.smithi151.stdout:/usr/bin/ceph: stderr
2024-04-26T22:53:27.434+0000 7f5ffd200700 1 -- 172.21.15.151:0/2730526427 shutdown_connections
2024-04-26T22:53:28.191 INFO:teuthology.orchestra.run.smithi151.stdout:/usr/bin/ceph: stderr
2024-04-26T22:53:27.434+0000 7f5ffd200700 1 --2- 172.21.15.151:0/2730526427 >> [v2:172.21.15.151:6800/2553709886,v1:172.21.15.151:6801/2553709886] conn(0x7f5fdc039560 0x7f5fdc03ba20 unknown :-1 s=CLOSED pgs=15 cs=0 l=1 rev1=1 crypto rx=0 tx=0 comp rx=0 tx=0).stop
2024-04-26T22:53:28.191 INFO:teuthology.orchestra.run.smithi151.stdout:/usr/bin/ceph: stderr
2024-04-26T22:53:27.434+0000 7f5ffd200700 1 --2- 172.21.15.151:0/2730526427 >> [v2:172.21.15.151:3300/0,v1:172.21.15.151:6789/0] conn(0x7f5ff81097f0 0x7f5ff8109070 unknown :-1 s=CLOSED pgs=54 cs=0 l=1 rev1=1 crypto rx=0 tx=0 comp rx=0 tx=0).stop
2024-04-26T22:53:28.191 INFO:teuthology.orchestra.run.smithi151.stdout:/usr/bin/ceph: stderr
2024-04-26T22:53:27.434+0000 7f5ffd200700 1 -- 172.21.15.151:0/2730526427 >> 172.21.15.151:0/2730526427 conn(0x7f5ff8103220 msgr2=0x7f5ff8103d80 unknown :-1 s=STATE_NONE l=0).mark_down
2024-04-26T22:53:28.191 INFO:teuthology.orchestra.run.smithi151.stdout:/usr/bin/ceph: stderr
2024-04-26T22:53:27.434+0000 7f5ffd200700 1 -- 172.21.15.151:0/2730526427 shutdown_connections
2024-04-26T22:53:28.191 INFO:teuthology.orchestra.run.smithi151.stdout:/usr/bin/ceph: stderr
2024-04-26T22:53:27.434+0000 7f5ffd200700 1 -- 172.21.15.151:0/2730526427 wait complete.
2024-04-26T22:53:28.191 INFO:teuthology.orchestra.run.smithi151.stdout:Enabling the dashboard module...
2024-04-26T22:53:28.686 INFO:journalctl@ceph.mon.a.smithi151.stdout:Apr 26 22:53:28 smithi151 ceph-mon[27785]: from='client.? 172.21.15.151:0/2730526427' entity='client.admin'
2024-04-26T22:53:29.888 INFO:journalctl@ceph.mon.a.smithi151.stdout:Apr 26 22:53:29 smithi151 ceph-mon[27785]: pgmap v5: 0 pgs: ; 0 B data, 0 B used, 0 B / 0 B avail
2024-04-26T22:53:29.888 INFO:journalctl@ceph.mon.a.smithi151.stdout:Apr 26 22:53:29 smithi151 ceph-mon[27785]: from='mgr.14120 172.21.15.151:0/96936970' entity='mgr.x'
2024-04-26T22:53:29.888 INFO:journalctl@ceph.mon.a.smithi151.stdout:Apr 26 22:53:29 smithi151 ceph-mon[27785]: from='client.? 172.21.15.151:0/40155924' entity='client.admin' cmd=[{"prefix": "mgr module enable", "module": "dashboard"}]: dispatch
2024-04-26T22:53:30.404 INFO:journalctl@ceph.mgr.x.smithi151.stdout:Apr 26 22:53:30 smithi151 ceph-7973ecb2-041f-11ef-bc93-c7b262605968-mgr-x[28012]: ignoring --setuser ceph since I am not root
2024-04-26T22:53:30.405 INFO:journalctl@ceph.mgr.x.smithi151.stdout:Apr 26 22:53:30 smithi151 ceph-7973ecb2-041f-11ef-bc93-c7b262605968-mgr-x[28012]: ignoring --setgroup ceph since I am not root
2024-04-26T22:53:30.405 INFO:journalctl@ceph.mgr.x.smithi151.stdout:Apr 26 22:53:30 smithi151 ceph-7973ecb2-041f-11ef-bc93-c7b262605968-mgr-x[28012]:
2024-04-26T22:53:30.320+0000 7fcf2b1c0200 -1 mgr[py] Module balancer has missing NOTIFY_TYPES member
2024-04-26T22:53:30.718 INFO:journalctl@ceph.mgr.x.smithi151.stdout:Apr 26 22:53:30 smithi151 ceph-7973ecb2-041f-11ef-bc93-c7b262605968-mgr-x[28012]:
2024-04-26T22:53:30.573+0000 7fcf2b1c0200 -1 mgr[py] Module orchestrator has missing NOTIFY_TYPES member
2024-04-26T22:53:30.718 INFO:journalctl@ceph.mgr.x.smithi151.stdout:Apr 26 22:53:30 smithi151 ceph-7973ecb2-041f-11ef-bc93-c7b262605968-mgr-x[28012]:
2024-04-26T22:53:30.716+0000 7fcf2b1c0200 -1 mgr[py] Module snap_schedule has missing NOTIFY_TYPES member
2024-04-26T22:53:31.216 INFO:teuthology.orchestra.run.smithi151.stdout:/usr/bin/ceph: stderr
2024-04-26T22:53:28.839+0000 7f44c5600700 1 Processor -- start
2024-04-26T22:53:31.217 INFO:teuthology.orchestra.run.smithi151.stdout:/usr/bin/ceph: stderr
2024-04-26T22:53:28.839+0000 7f44c5600700 1 -- start start
2024-04-26T22:53:31.217 INFO:teuthology.orchestra.run.smithi151.stdout:/usr/bin/ceph: stderr
2024-04-26T22:53:28.839+0000 7f44c5600700 1 --2- >> [v2:172.21.15.151:3300/0,v1:172.21.15.151:6789/0] conn(0x7f44c0108d60 0x7f44c0109180 unknown :-1 s=NONE pgs=0 cs=0 l=0 rev1=0 crypto rx=0 tx=0 comp rx=0 tx=0).connect
2024-04-26T22:53:31.217 INFO:teuthology.orchestra.run.smithi151.stdout:/usr/bin/ceph: stderr
2024-04-26T22:53:28.839+0000 7f44c5600700 1 -- --> [v2:172.21.15.151:3300/0,v1:172.21.15.151:6789/0] -- mon_getmap magic: 0 -- 0x7f44c0109750 con 0x7f44c0108d60
2024-04-26T22:53:31.217 INFO:teuthology.orchestra.run.smithi151.stdout:/usr/bin/ceph: stderr
2024-04-26T22:53:28.840+0000 7f44bea00700 1 --2- >> [v2:172.21.15.151:3300/0,v1:172.21.15.151:6789/0] conn(0x7f44c0108d60 0x7f44c0109180 unknown :-1 s=BANNER_CONNECTING pgs=0 cs=0 l=0 rev1=0 crypto rx=0 tx=0 comp rx=0 tx=0)._handle_peer_banner_payload supported=3 required=0
2024-04-26T22:53:31.217 INFO:teuthology.orchestra.run.smithi151.stdout:/usr/bin/ceph: stderr
2024-04-26T22:53:28.840+0000 7f44bea00700 1 --2- >> [v2:172.21.15.151:3300/0,v1:172.21.15.151:6789/0] conn(0x7f44c0108d60 0x7f44c0109180 unknown :-1 s=HELLO_CONNECTING pgs=0 cs=0 l=0 rev1=1 crypto rx=0 tx=0 comp rx=0 tx=0).handle_hello peer v2:172.21.15.151:3300/0 says I am v2:172.21.15.151:58358/0 (socket says 172.21.15.151:58358)
2024-04-26T22:53:31.217 INFO:teuthology.orchestra.run.smithi151.stdout:/usr/bin/ceph: stderr
2024-04-26T22:53:28.840+0000 7f44bea00700 1 -- 172.21.15.151:0/57437340 learned_addr learned my addr 172.21.15.151:0/57437340 (peer_addr_for_me v2:172.21.15.151:0/0)
2024-04-26T22:53:31.217 INFO:teuthology.orchestra.run.smithi151.stdout:/usr/bin/ceph: stderr
2024-04-26T22:53:28.841+0000 7f44bea00700 1 -- 172.21.15.151:0/57437340 --> [v2:172.21.15.151:3300/0,v1:172.21.15.151:6789/0] -- mon_subscribe({config=0+,monmap=0+}) -- 0x7f44c0109f60 con 0x7f44c0108d60
2024-04-26T22:53:31.217 INFO:teuthology.orchestra.run.smithi151.stdout:/usr/bin/ceph: stderr
2024-04-26T22:53:28.841+0000 7f44bea00700 1 --2- 172.21.15.151:0/57437340 >> [v2:172.21.15.151:3300/0,v1:172.21.15.151:6789/0] conn(0x7f44c0108d60 0x7f44c0109180 secure :-1 s=READY pgs=55 cs=0 l=1 rev1=1 crypto rx=0x7f44b00098a0 tx=0x7f44b0009bb0 comp rx=0 tx=0).ready entity=mon.0 client_cookie=abf66deecf7f9005 server_cookie=0 in_seq=0 out_seq=0
2024-04-26T22:53:31.217 INFO:teuthology.orchestra.run.smithi151.stdout:/usr/bin/ceph: stderr
2024-04-26T22:53:28.841+0000 7f44bd600700 1 -- 172.21.15.151:0/57437340 <== mon.0 v2:172.21.15.151:3300/0 1 ==== mon_map magic: 0 ==== 205+0+0 (secure 0 0 0) 0x7f44b0004160 con 0x7f44c0108d60
2024-04-26T22:53:31.217 INFO:teuthology.orchestra.run.smithi151.stdout:/usr/bin/ceph: stderr
2024-04-26T22:53:28.841+0000 7f44bd600700 1 -- 172.21.15.151:0/57437340 <== mon.0 v2:172.21.15.151:3300/0 2 ==== config(25 keys) ==== 1063+0+0 (secure 0 0 0) 0x7f44b0004300 con 0x7f44c0108d60
2024-04-26T22:53:31.217 INFO:teuthology.orchestra.run.smithi151.stdout:/usr/bin/ceph: stderr
2024-04-26T22:53:28.841+0000 7f44bd600700 1 -- 172.21.15.151:0/57437340 <== mon.0 v2:172.21.15.151:3300/0 3 ==== mon_map magic: 0 ==== 205+0+0 (secure 0 0 0) 0x7f44b0011960 con 0x7f44c0108d60
2024-04-26T22:53:31.220 INFO:teuthology.orchestra.run.smithi151.stdout:/usr/bin/ceph: stderr
2024-04-26T22:53:28.842+0000 7f44c5600700 1 -- 172.21.15.151:0/57437340 >> [v2:172.21.15.151:3300/0,v1:172.21.15.151:6789/0] conn(0x7f44c0108d60 msgr2=0x7f44c0109180 secure :-1 s=STATE_CONNECTION_ESTABLISHED l=1).mark_down
2024-04-26T22:53:31.220 INFO:teuthology.orchestra.run.smithi151.stdout:/usr/bin/ceph: stderr
2024-04-26T22:53:28.842+0000 7f44c5600700 1 --2- 172.21.15.151:0/57437340 >> [v2:172.21.15.151:3300/0,v1:172.21.15.151:6789/0] conn(0x7f44c0108d60 0x7f44c0109180 secure :-1 s=READY pgs=55 cs=0 l=1 rev1=1 crypto rx=0x7f44b00098a0 tx=0x7f44b0009bb0 comp rx=0 tx=0).stop
2024-04-26T22:53:31.220 INFO:teuthology.orchestra.run.smithi151.stdout:/usr/bin/ceph: stderr
2024-04-26T22:53:28.842+0000 7f44c5600700 1 -- 172.21.15.151:0/57437340 shutdown_connections
2024-04-26T22:53:31.220 INFO:teuthology.orchestra.run.smithi151.stdout:/usr/bin/ceph: stderr
2024-04-26T22:53:28.842+0000 7f44c5600700 1 --2- 172.21.15.151:0/57437340 >> [v2:172.21.15.151:3300/0,v1:172.21.15.151:6789/0] conn(0x7f44c0108d60 0x7f44c0109180 unknown :-1 s=CLOSED pgs=55 cs=0 l=1 rev1=1 crypto rx=0 tx=0 comp rx=0 tx=0).stop
2024-04-26T22:53:31.220 INFO:teuthology.orchestra.run.smithi151.stdout:/usr/bin/ceph: stderr
2024-04-26T22:53:28.842+0000 7f44c5600700 1 -- 172.21.15.151:0/57437340 >> 172.21.15.151:0/57437340 conn(0x7f44c0104320 msgr2=0x7f44c0106740 unknown :-1 s=STATE_NONE l=0).mark_down
2024-04-26T22:53:31.220 INFO:teuthology.orchestra.run.smithi151.stdout:/usr/bin/ceph: stderr
2024-04-26T22:53:28.842+0000 7f44c5600700 1 -- 172.21.15.151:0/57437340 shutdown_connections
2024-04-26T22:53:31.220 INFO:teuthology.orchestra.run.smithi151.stdout:/usr/bin/ceph: stderr
2024-04-26T22:53:28.842+0000 7f44c5600700 1 -- 172.21.15.151:0/57437340 wait complete.
2024-04-26T22:53:31.220 INFO:teuthology.orchestra.run.smithi151.stdout:/usr/bin/ceph: stderr
2024-04-26T22:53:28.843+0000 7f44c5600700 1 Processor -- start
2024-04-26T22:53:31.220 INFO:teuthology.orchestra.run.smithi151.stdout:/usr/bin/ceph: stderr
2024-04-26T22:53:28.843+0000 7f44c5600700 1 -- start start
2024-04-26T22:53:31.220 INFO:teuthology.orchestra.run.smithi151.stdout:/usr/bin/ceph: stderr
2024-04-26T22:53:28.844+0000 7f44c5600700 1 --2- >> [v2:172.21.15.151:3300/0,v1:172.21.15.151:6789/0] conn(0x7f44c0108d60 0x7f44c019cc30 unknown :-1 s=NONE pgs=0 cs=0 l=1 rev1=0 crypto rx=0 tx=0 comp rx=0 tx=0).connect
2024-04-26T22:53:31.220 INFO:teuthology.orchestra.run.smithi151.stdout:/usr/bin/ceph: stderr
2024-04-26T22:53:28.844+0000 7f44c5600700 1 -- --> [v2:172.21.15.151:3300/0,v1:172.21.15.151:6789/0] -- mon_getmap magic: 0 -- 0x7f44c010d190 con 0x7f44c0108d60
2024-04-26T22:53:31.220 INFO:teuthology.orchestra.run.smithi151.stdout:/usr/bin/ceph: stderr
2024-04-26T22:53:28.844+0000 7f44bea00700 1 --2- >> [v2:172.21.15.151:3300/0,v1:172.21.15.151:6789/0] conn(0x7f44c0108d60 0x7f44c019cc30 unknown :-1 s=BANNER_CONNECTING pgs=0 cs=0 l=1 rev1=0 crypto rx=0 tx=0 comp rx=0 tx=0)._handle_peer_banner_payload supported=3 required=0
2024-04-26T22:53:31.221 INFO:teuthology.orchestra.run.smithi151.stdout:/usr/bin/ceph: stderr
2024-04-26T22:53:28.844+0000 7f44bea00700 1 --2- >> [v2:172.21.15.151:3300/0,v1:172.21.15.151:6789/0] conn(0x7f44c0108d60 0x7f44c019cc30 unknown :-1 s=HELLO_CONNECTING pgs=0 cs=0 l=1 rev1=1 crypto rx=0 tx=0 comp rx=0 tx=0).handle_hello peer v2:172.21.15.151:3300/0 says I am v2:172.21.15.151:58366/0 (socket says 172.21.15.151:58366)
2024-04-26T22:53:31.221 INFO:teuthology.orchestra.run.smithi151.stdout:/usr/bin/ceph: stderr
2024-04-26T22:53:28.844+0000 7f44bea00700 1 -- 172.21.15.151:0/40155924 learned_addr learned my addr 172.21.15.151:0/40155924 (peer_addr_for_me v2:172.21.15.151:0/0)
2024-04-26T22:53:31.221 INFO:teuthology.orchestra.run.smithi151.stdout:/usr/bin/ceph: stderr
2024-04-26T22:53:28.844+0000 7f44bea00700 1 -- 172.21.15.151:0/40155924 --> [v2:172.21.15.151:3300/0,v1:172.21.15.151:6789/0] -- mon_subscribe({config=0+,monmap=0+}) -- 0x7f44c019d170 con 0x7f44c0108d60
2024-04-26T22:53:31.221 INFO:teuthology.orchestra.run.smithi151.stdout:/usr/bin/ceph: stderr
2024-04-26T22:53:28.845+0000 7f44bea00700 1 --2- 172.21.15.151:0/40155924 >> [v2:172.21.15.151:3300/0,v1:172.21.15.151:6789/0] conn(0x7f44c0108d60 0x7f44c019cc30 secure :-1 s=READY pgs=56 cs=0 l=1 rev1=1 crypto rx=0x7f44b0011670 tx=0x7f44b0011a30 comp rx=0 tx=0).ready entity=mon.0 client_cookie=0 server_cookie=0 in_seq=0 out_seq=0
2024-04-26T22:53:31.221 INFO:teuthology.orchestra.run.smithi151.stdout:/usr/bin/ceph: stderr
2024-04-26T22:53:28.845+0000 7f44b7400700 1 -- 172.21.15.151:0/40155924 <== mon.0 v2:172.21.15.151:3300/0 1 ==== mon_map magic: 0 ==== 205+0+0 (secure 0 0 0) 0x7f44b001f070 con 0x7f44c0108d60
2024-04-26T22:53:31.221 INFO:teuthology.orchestra.run.smithi151.stdout:/usr/bin/ceph: stderr
2024-04-26T22:53:28.845+0000 7f44b7400700 1 -- 172.21.15.151:0/40155924 <== mon.0 v2:172.21.15.151:3300/0 2 ==== config(25 keys) ==== 1063+0+0 (secure 0 0 0) 0x7f44b0003b20 con 0x7f44c0108d60
2024-04-26T22:53:31.221 INFO:teuthology.orchestra.run.smithi151.stdout:/usr/bin/ceph: stderr
2024-04-26T22:53:28.845+0000 7f44b7400700 1 -- 172.21.15.151:0/40155924 <== mon.0 v2:172.21.15.151:3300/0 3 ==== mon_map magic: 0 ==== 205+0+0 (secure 0 0 0) 0x7f44b0019580 con 0x7f44c0108d60
2024-04-26T22:53:31.221 INFO:teuthology.orchestra.run.smithi151.stdout:/usr/bin/ceph: stderr
2024-04-26T22:53:28.845+0000 7f44c5600700 1 -- 172.21.15.151:0/40155924 --> [v2:172.21.15.151:3300/0,v1:172.21.15.151:6789/0] -- mon_subscribe({mgrmap=0+}) -- 0x7f44c019d400 con 0x7f44c0108d60
2024-04-26T22:53:31.221 INFO:teuthology.orchestra.run.smithi151.stdout:/usr/bin/ceph: stderr
2024-04-26T22:53:28.845+0000 7f44c5600700 1 -- 172.21.15.151:0/40155924 --> [v2:172.21.15.151:3300/0,v1:172.21.15.151:6789/0] -- mon_subscribe({osdmap=0}) -- 0x7f44c01a00f0 con 0x7f44c0108d60
2024-04-26T22:53:31.223 INFO:teuthology.orchestra.run.smithi151.stdout:/usr/bin/ceph: stderr
2024-04-26T22:53:28.846+0000 7f44c5600700 1 -- 172.21.15.151:0/40155924 --> [v2:172.21.15.151:3300/0,v1:172.21.15.151:6789/0] -- mon_command({"prefix": "get_command_descriptions"} v 0) -- 0x7f44c010d310 con 0x7f44c0108d60
2024-04-26T22:53:31.223 INFO:teuthology.orchestra.run.smithi151.stdout:/usr/bin/ceph: stderr
2024-04-26T22:53:28.847+0000 7f44b7400700 1 -- 172.21.15.151:0/40155924 <== mon.0 v2:172.21.15.151:3300/0 4 ==== mgrmap(e 8) ==== 46558+0+0 (secure 0 0 0) 0x7f44b0022070 con 0x7f44c0108d60
2024-04-26T22:53:31.223 INFO:teuthology.orchestra.run.smithi151.stdout:/usr/bin/ceph: stderr
2024-04-26T22:53:28.847+0000 7f44b7400700 1 --2- 172.21.15.151:0/40155924 >> [v2:172.21.15.151:6800/2553709886,v1:172.21.15.151:6801/2553709886] conn(0x7f44a4039600 0x7f44a403bac0 unknown :-1 s=NONE pgs=0 cs=0 l=1 rev1=0 crypto rx=0 tx=0 comp rx=0 tx=0).connect
2024-04-26T22:53:31.223 INFO:teuthology.orchestra.run.smithi151.stdout:/usr/bin/ceph: stderr
2024-04-26T22:53:28.847+0000 7f44b7400700 1 -- 172.21.15.151:0/40155924 <== mon.0 v2:172.21.15.151:3300/0 5 ==== osd_map(2..2 src has 1..2) ==== 940+0+0 (secure 0 0 0) 0x7f44b004db40 con 0x7f44c0108d60
2024-04-26T22:53:31.223 INFO:teuthology.orchestra.run.smithi151.stdout:/usr/bin/ceph: stderr
2024-04-26T22:53:28.848+0000 7f44be000700 1 --2- 172.21.15.151:0/40155924 >> [v2:172.21.15.151:6800/2553709886,v1:172.21.15.151:6801/2553709886] conn(0x7f44a4039600 0x7f44a403bac0 unknown :-1 s=BANNER_CONNECTING pgs=0 cs=0 l=1 rev1=0 crypto rx=0 tx=0 comp rx=0 tx=0)._handle_peer_banner_payload supported=3 required=0
2024-04-26T22:53:31.223 INFO:teuthology.orchestra.run.smithi151.stdout:/usr/bin/ceph: stderr
2024-04-26T22:53:28.848+0000 7f44be000700 1 --2- 172.21.15.151:0/40155924 >> [v2:172.21.15.151:6800/2553709886,v1:172.21.15.151:6801/2553709886] conn(0x7f44a4039600 0x7f44a403bac0 secure :-1 s=READY pgs=16 cs=0 l=1 rev1=1 crypto rx=0x7f44ac006fd0 tx=0x7f44ac006e40 comp rx=0 tx=0).ready entity=mgr.14120 client_cookie=0 server_cookie=0 in_seq=0 out_seq=0
2024-04-26T22:53:31.223 INFO:teuthology.orchestra.run.smithi151.stdout:/usr/bin/ceph: stderr
2024-04-26T22:53:28.853+0000 7f44b7400700 1 -- 172.21.15.151:0/40155924 <== mon.0 v2:172.21.15.151:3300/0 6 ==== mon_command_ack([{"prefix": "get_command_descriptions"}]=0 v0) ==== 72+0+188494 (secure 0 0 0) 0x7f44b004d490 con 0x7f44c0108d60
2024-04-26T22:53:31.224 INFO:teuthology.orchestra.run.smithi151.stdout:/usr/bin/ceph: stderr
2024-04-26T22:53:29.171+0000 7f44c5600700 1 -- 172.21.15.151:0/40155924 --> [v2:172.21.15.151:3300/0,v1:172.21.15.151:6789/0] -- mon_command({"prefix": "mgr module enable", "module": "dashboard"} v 0) -- 0x7f44c0064a80 con 0x7f44c0108d60
2024-04-26T22:53:31.224 INFO:teuthology.orchestra.run.smithi151.stdout:/usr/bin/ceph: stderr
2024-04-26T22:53:30.001+0000 7f44b7400700 1 -- 172.21.15.151:0/40155924 <== mon.0 v2:172.21.15.151:3300/0 7 ==== mon_command_ack([{"prefix": "mgr module enable", "module": "dashboard"}]=0 v9) ==== 88+0+0 (secure 0 0 0) 0x7f44b001b530 con 0x7f44c0108d60
2024-04-26T22:53:31.224 INFO:teuthology.orchestra.run.smithi151.stdout:/usr/bin/ceph: stderr
2024-04-26T22:53:30.005+0000 7f44b7400700 1 -- 172.21.15.151:0/40155924 <== mon.0 v2:172.21.15.151:3300/0 8 ==== mgrmap(e 9) ==== 46571+0+0 (secure 0 0 0) 0x7f44b001ba80 con 0x7f44c0108d60
2024-04-26T22:53:31.224 INFO:teuthology.orchestra.run.smithi151.stdout:/usr/bin/ceph: stderr
2024-04-26T22:53:30.006+0000 7f44c5600700 1 -- 172.21.15.151:0/40155924 >> [v2:172.21.15.151:6800/2553709886,v1:172.21.15.151:6801/2553709886] conn(0x7f44a4039600 msgr2=0x7f44a403bac0 secure :-1 s=STATE_CONNECTION_ESTABLISHED l=1).mark_down
2024-04-26T22:53:31.224 INFO:teuthology.orchestra.run.smithi151.stdout:/usr/bin/ceph: stderr
2024-04-26T22:53:30.006+0000 7f44c5600700 1 --2- 172.21.15.151:0/40155924 >> [v2:172.21.15.151:6800/2553709886,v1:172.21.15.151:6801/2553709886] conn(0x7f44a4039600 0x7f44a403bac0 secure :-1 s=READY pgs=16 cs=0 l=1 rev1=1 crypto rx=0x7f44ac006fd0 tx=0x7f44ac006e40 comp rx=0 tx=0).stop
2024-04-26T22:53:31.224 INFO:teuthology.orchestra.run.smithi151.stdout:/usr/bin/ceph: stderr
2024-04-26T22:53:30.006+0000 7f44c5600700 1 -- 172.21.15.151:0/40155924 >> [v2:172.21.15.151:3300/0,v1:172.21.15.151:6789/0] conn(0x7f44c0108d60 msgr2=0x7f44c019cc30 secure :-1 s=STATE_CONNECTION_ESTABLISHED l=1).mark_down
2024-04-26T22:53:31.224 INFO:teuthology.orchestra.run.smithi151.stdout:/usr/bin/ceph: stderr
2024-04-26T22:53:30.006+0000 7f44c5600700 1 --2- 172.21.15.151:0/40155924 >> [v2:172.21.15.151:3300/0,v1:172.21.15.151:6789/0] conn(0x7f44c0108d60 0x7f44c019cc30 secure :-1 s=READY pgs=56 cs=0 l=1 rev1=1 crypto rx=0x7f44b0011670 tx=0x7f44b0011a30 comp rx=0 tx=0).stop
2024-04-26T22:53:31.224 INFO:teuthology.orchestra.run.smithi151.stdout:/usr/bin/ceph: stderr
2024-04-26T22:53:30.007+0000 7f44c5600700 1 -- 172.21.15.151:0/40155924 shutdown_connections
2024-04-26T22:53:31.224 INFO:teuthology.orchestra.run.smithi151.stdout:/usr/bin/ceph: stderr
2024-04-26T22:53:30.007+0000 7f44c5600700 1 --2- 172.21.15.151:0/40155924 >> [v2:172.21.15.151:6800/2553709886,v1:172.21.15.151:6801/2553709886] conn(0x7f44a4039600 0x7f44a403bac0 unknown :-1 s=CLOSED pgs=16 cs=0 l=1 rev1=1 crypto rx=0 tx=0 comp rx=0 tx=0).stop
2024-04-26T22:53:31.224 INFO:teuthology.orchestra.run.smithi151.stdout:/usr/bin/ceph: stderr
2024-04-26T22:53:30.007+0000 7f44c5600700 1 --2- 172.21.15.151:0/40155924 >> [v2:172.21.15.151:3300/0,v1:172.21.15.151:6789/0] conn(0x7f44c0108d60 0x7f44c019cc30 unknown :-1 s=CLOSED pgs=56 cs=0 l=1 rev1=1 crypto rx=0 tx=0 comp rx=0 tx=0).stop
2024-04-26T22:53:31.224 INFO:teuthology.orchestra.run.smithi151.stdout:/usr/bin/ceph: stderr
2024-04-26T22:53:30.007+0000 7f44c5600700 1 -- 172.21.15.151:0/40155924 >> 172.21.15.151:0/40155924 conn(0x7f44c0104320 msgr2=0x7f44c0104e80 unknown :-1 s=STATE_NONE l=0).mark_down
2024-04-26T22:53:31.224 INFO:teuthology.orchestra.run.smithi151.stdout:/usr/bin/ceph: stderr
2024-04-26T22:53:30.008+0000 7f44c5600700 1 -- 172.21.15.151:0/40155924 shutdown_connections
2024-04-26T22:53:31.224 INFO:teuthology.orchestra.run.smithi151.stdout:/usr/bin/ceph: stderr
2024-04-26T22:53:30.008+0000 7f44c5600700 1 -- 172.21.15.151:0/40155924 wait complete.
2024-04-26T22:53:31.320 INFO:journalctl@ceph.mon.a.smithi151.stdout:Apr 26 22:53:31 smithi151 ceph-mon[27785]: from='client.? 172.21.15.151:0/40155924' entity='client.admin' cmd='[{"prefix": "mgr module enable", "module": "dashboard"}]': finished
2024-04-26T22:53:31.320 INFO:journalctl@ceph.mon.a.smithi151.stdout:Apr 26 22:53:31 smithi151 ceph-mon[27785]: mgrmap e9: x(active, since 25s)
2024-04-26T22:53:31.320 INFO:journalctl@ceph.mgr.x.smithi151.stdout:Apr 26 22:53:31 smithi151 ceph-7973ecb2-041f-11ef-bc93-c7b262605968-mgr-x[28012]:
2024-04-26T22:53:31.122+0000 7fcf2b1c0200 -1 mgr[py] Module progress has missing NOTIFY_TYPES member
