2024-04-26T22:53:08.427+0000 7fd5f8a00700 1 -- 172.21.15.151:0/1444665900 --> [v2:172.21.15.151:3300/0,v1:172.21.15.151:6789/0] -- mon_subscribe({config=0+,monmap=0+}) -- 0x7fd5f410bf10 con 0x7fd5f410ad10
2024-04-26T22:53:09.340 INFO:teuthology.orchestra.run.smithi151.stdout:/usr/bin/ceph: stderr
2024-04-26T22:53:08.427+0000 7fd5f8a00700 1 --2- 172.21.15.151:0/1444665900 >> [v2:172.21.15.151:3300/0,v1:172.21.15.151:6789/0] conn(0x7fd5f410ad10 0x7fd5f410b130 secure :-1 s=READY pgs=39 cs=0 l=1 rev1=1 crypto rx=0x7fd5e80098a0 tx=0x7fd5e8009bb0 comp rx=0 tx=0).ready entity=mon.0 client_cookie=3220b8ad3bf6e15f server_cookie=0 in_seq=0 out_seq=0
2024-04-26T22:53:09.340 INFO:teuthology.orchestra.run.smithi151.stdout:/usr/bin/ceph: stderr
2024-04-26T22:53:08.427+0000 7fd5f3400700 1 -- 172.21.15.151:0/1444665900 <== mon.0 v2:172.21.15.151:3300/0 1 ==== mon_map magic: 0 ==== 205+0+0 (secure 0 0 0) 0x7fd5e8004160 con 0x7fd5f410ad10
2024-04-26T22:53:09.340 INFO:teuthology.orchestra.run.smithi151.stdout:/usr/bin/ceph: stderr
2024-04-26T22:53:08.428+0000 7fd5f3400700 1 -- 172.21.15.151:0/1444665900 <== mon.0 v2:172.21.15.151:3300/0 2 ==== config(25 keys) ==== 1032+0+0 (secure 0 0 0) 0x7fd5e8004300 con 0x7fd5f410ad10
2024-04-26T22:53:09.341 INFO:teuthology.orchestra.run.smithi151.stdout:/usr/bin/ceph: stderr
2024-04-26T22:53:08.428+0000 7fd5f3400700 1 -- 172.21.15.151:0/1444665900 <== mon.0 v2:172.21.15.151:3300/0 3 ==== mon_map magic: 0 ==== 205+0+0 (secure 0 0 0) 0x7fd5e80119e0 con 0x7fd5f410ad10
2024-04-26T22:53:09.341 INFO:teuthology.orchestra.run.smithi151.stdout:/usr/bin/ceph: stderr
2024-04-26T22:53:08.428+0000 7fd5f9e00700 1 -- 172.21.15.151:0/1444665900 >> [v2:172.21.15.151:3300/0,v1:172.21.15.151:6789/0] conn(0x7fd5f410ad10 msgr2=0x7fd5f410b130 secure :-1 s=STATE_CONNECTION_ESTABLISHED l=1).mark_down
2024-04-26T22:53:09.341 INFO:teuthology.orchestra.run.smithi151.stdout:/usr/bin/ceph: stderr
2024-04-26T22:53:08.428+0000 7fd5f9e00700 1 --2- 172.21.15.151:0/1444665900 >> [v2:172.21.15.151:3300/0,v1:172.21.15.151:6789/0] conn(0x7fd5f410ad10 0x7fd5f410b130 secure :-1 s=READY pgs=39 cs=0 l=1 rev1=1 crypto rx=0x7fd5e80098a0 tx=0x7fd5e8009bb0 comp rx=0 tx=0).stop
2024-04-26T22:53:09.342 INFO:teuthology.orchestra.run.smithi151.stdout:/usr/bin/ceph: stderr
2024-04-26T22:53:08.428+0000 7fd5f9e00700 1 -- 172.21.15.151:0/1444665900 shutdown_connections
2024-04-26T22:53:09.342 INFO:teuthology.orchestra.run.smithi151.stdout:/usr/bin/ceph: stderr
2024-04-26T22:53:08.428+0000 7fd5f9e00700 1 --2- 172.21.15.151:0/1444665900 >> [v2:172.21.15.151:3300/0,v1:172.21.15.151:6789/0] conn(0x7fd5f410ad10 0x7fd5f410b130 unknown :-1 s=CLOSED pgs=39 cs=0 l=1 rev1=1 crypto rx=0 tx=0 comp rx=0 tx=0).stop
2024-04-26T22:53:09.342 INFO:teuthology.orchestra.run.smithi151.stdout:/usr/bin/ceph: stderr
2024-04-26T22:53:08.428+0000 7fd5f9e00700 1 -- 172.21.15.151:0/1444665900 >> 172.21.15.151:0/1444665900 conn(0x7fd5f407e150 msgr2=0x7fd5f407e560 unknown :-1 s=STATE_NONE l=0).mark_down
2024-04-26T22:53:09.342 INFO:teuthology.orchestra.run.smithi151.stdout:/usr/bin/ceph: stderr
2024-04-26T22:53:08.428+0000 7fd5f9e00700 1 -- 172.21.15.151:0/1444665900 shutdown_connections
2024-04-26T22:53:09.344 INFO:teuthology.orchestra.run.smithi151.stdout:/usr/bin/ceph: stderr
2024-04-26T22:53:08.429+0000 7fd5f9e00700 1 -- 172.21.15.151:0/1444665900 wait complete.
2024-04-26T22:53:09.344 INFO:teuthology.orchestra.run.smithi151.stdout:/usr/bin/ceph: stderr
2024-04-26T22:53:08.430+0000 7fd5f9e00700 1 Processor -- start
2024-04-26T22:53:09.344 INFO:teuthology.orchestra.run.smithi151.stdout:/usr/bin/ceph: stderr
2024-04-26T22:53:08.430+0000 7fd5f9e00700 1 -- start start
2024-04-26T22:53:09.344 INFO:teuthology.orchestra.run.smithi151.stdout:/usr/bin/ceph: stderr
2024-04-26T22:53:08.430+0000 7fd5f9e00700 1 --2- >> [v2:172.21.15.151:3300/0,v1:172.21.15.151:6789/0] conn(0x7fd5f410ad10 0x7fd5f419eba0 unknown :-1 s=NONE pgs=0 cs=0 l=1 rev1=0 crypto rx=0 tx=0 comp rx=0 tx=0).connect
2024-04-26T22:53:09.344 INFO:teuthology.orchestra.run.smithi151.stdout:/usr/bin/ceph: stderr
2024-04-26T22:53:08.430+0000 7fd5f9e00700 1 -- --> [v2:172.21.15.151:3300/0,v1:172.21.15.151:6789/0] -- mon_getmap magic: 0 -- 0x7fd5f410f140 con 0x7fd5f410ad10
2024-04-26T22:53:09.344 INFO:teuthology.orchestra.run.smithi151.stdout:/usr/bin/ceph: stderr
2024-04-26T22:53:08.430+0000 7fd5f8a00700 1 --2- >> [v2:172.21.15.151:3300/0,v1:172.21.15.151:6789/0] conn(0x7fd5f410ad10 0x7fd5f419eba0 unknown :-1 s=BANNER_CONNECTING pgs=0 cs=0 l=1 rev1=0 crypto rx=0 tx=0 comp rx=0 tx=0)._handle_peer_banner_payload supported=3 required=0
2024-04-26T22:53:09.344 INFO:teuthology.orchestra.run.smithi151.stdout:/usr/bin/ceph: stderr
2024-04-26T22:53:08.430+0000 7fd5f8a00700 1 --2- >> [v2:172.21.15.151:3300/0,v1:172.21.15.151:6789/0] conn(0x7fd5f410ad10 0x7fd5f419eba0 unknown :-1 s=HELLO_CONNECTING pgs=0 cs=0 l=1 rev1=1 crypto rx=0 tx=0 comp rx=0 tx=0).handle_hello peer v2:172.21.15.151:3300/0 says I am v2:172.21.15.151:32906/0 (socket says 172.21.15.151:32906)
2024-04-26T22:53:09.344 INFO:teuthology.orchestra.run.smithi151.stdout:/usr/bin/ceph: stderr
2024-04-26T22:53:08.430+0000 7fd5f8a00700 1 -- 172.21.15.151:0/2218844009 learned_addr learned my addr 172.21.15.151:0/2218844009 (peer_addr_for_me v2:172.21.15.151:0/0)
2024-04-26T22:53:09.345 INFO:teuthology.orchestra.run.smithi151.stdout:/usr/bin/ceph: stderr
2024-04-26T22:53:08.431+0000 7fd5f8a00700 1 -- 172.21.15.151:0/2218844009 --> [v2:172.21.15.151:3300/0,v1:172.21.15.151:6789/0] -- mon_subscribe({config=0+,monmap=0+}) -- 0x7fd5f419f0e0 con 0x7fd5f410ad10
2024-04-26T22:53:09.345 INFO:teuthology.orchestra.run.smithi151.stdout:/usr/bin/ceph: stderr
2024-04-26T22:53:08.431+0000 7fd5f8a00700 1 --2- 172.21.15.151:0/2218844009 >> [v2:172.21.15.151:3300/0,v1:172.21.15.151:6789/0] conn(0x7fd5f410ad10 0x7fd5f419eba0 secure :-1 s=READY pgs=40 cs=0 l=1 rev1=1 crypto rx=0x7fd5e80119b0 tx=0x7fd5e8011a90 comp rx=0 tx=0).ready entity=mon.0 client_cookie=0 server_cookie=0 in_seq=0 out_seq=0
2024-04-26T22:53:09.345 INFO:teuthology.orchestra.run.smithi151.stdout:/usr/bin/ceph: stderr
2024-04-26T22:53:08.431+0000 7fd5f1600700 1 -- 172.21.15.151:0/2218844009 <== mon.0 v2:172.21.15.151:3300/0 1 ==== mon_map magic: 0 ==== 205+0+0 (secure 0 0 0) 0x7fd5e8003af0 con 0x7fd5f410ad10
2024-04-26T22:53:09.345 INFO:teuthology.orchestra.run.smithi151.stdout:/usr/bin/ceph: stderr
2024-04-26T22:53:08.431+0000 7fd5f1600700 1 -- 172.21.15.151:0/2218844009 <== mon.0 v2:172.21.15.151:3300/0 2 ==== config(25 keys) ==== 1032+0+0 (secure 0 0 0) 0x7fd5e801a8a0 con 0x7fd5f410ad10
2024-04-26T22:53:09.345 INFO:teuthology.orchestra.run.smithi151.stdout:/usr/bin/ceph: stderr
2024-04-26T22:53:08.431+0000 7fd5f9e00700 1 -- 172.21.15.151:0/2218844009 --> [v2:172.21.15.151:3300/0,v1:172.21.15.151:6789/0] -- mon_subscribe({mgrmap=0+}) -- 0x7fd5f419f370 con 0x7fd5f410ad10
2024-04-26T22:53:09.345 INFO:teuthology.orchestra.run.smithi151.stdout:/usr/bin/ceph: stderr
2024-04-26T22:53:08.431+0000 7fd5f1600700 1 -- 172.21.15.151:0/2218844009 <== mon.0 v2:172.21.15.151:3300/0 3 ==== mon_map magic: 0 ==== 205+0+0 (secure 0 0 0) 0x7fd5e8024830 con 0x7fd5f410ad10
2024-04-26T22:53:09.345 INFO:teuthology.orchestra.run.smithi151.stdout:/usr/bin/ceph: stderr
2024-04-26T22:53:08.432+0000 7fd5f9e00700 1 -- 172.21.15.151:0/2218844009 --> [v2:172.21.15.151:3300/0,v1:172.21.15.151:6789/0] -- mon_subscribe({osdmap=0}) -- 0x7fd5f41a2060 con 0x7fd5f410ad10
2024-04-26T22:53:09.345 INFO:teuthology.orchestra.run.smithi151.stdout:/usr/bin/ceph: stderr
2024-04-26T22:53:08.433+0000 7fd5f9e00700 1 -- 172.21.15.151:0/2218844009 --> [v2:172.21.15.151:3300/0,v1:172.21.15.151:6789/0] -- mon_command({"prefix": "get_command_descriptions"} v 0) -- 0x7fd5f4064a80 con 0x7fd5f410ad10
2024-04-26T22:53:09.347 INFO:teuthology.orchestra.run.smithi151.stdout:/usr/bin/ceph: stderr
2024-04-26T22:53:08.433+0000 7fd5f1600700 1 -- 172.21.15.151:0/2218844009 <== mon.0 v2:172.21.15.151:3300/0 4 ==== mgrmap(e 8) ==== 46558+0+0 (secure 0 0 0) 0x7fd5e8022020 con 0x7fd5f410ad10
2024-04-26T22:53:09.347 INFO:teuthology.orchestra.run.smithi151.stdout:/usr/bin/ceph: stderr
2024-04-26T22:53:08.433+0000 7fd5f1600700 1 --2- 172.21.15.151:0/2218844009 >> [v2:172.21.15.151:6800/2553709886,v1:172.21.15.151:6801/2553709886] conn(0x7fd5dc039600 0x7fd5dc03bac0 unknown :-1 s=NONE pgs=0 cs=0 l=1 rev1=0 crypto rx=0 tx=0 comp rx=0 tx=0).connect
2024-04-26T22:53:09.347 INFO:teuthology.orchestra.run.smithi151.stdout:/usr/bin/ceph: stderr
2024-04-26T22:53:08.433+0000 7fd5f1600700 1 -- 172.21.15.151:0/2218844009 <== mon.0 v2:172.21.15.151:3300/0 5 ==== osd_map(2..2 src has 1..2) ==== 940+0+0 (secure 0 0 0) 0x7fd5e804d990 con 0x7fd5f410ad10
2024-04-26T22:53:09.347 INFO:teuthology.orchestra.run.smithi151.stdout:/usr/bin/ceph: stderr
2024-04-26T22:53:08.433+0000 7fd5f3e00700 1 --2- 172.21.15.151:0/2218844009 >> [v2:172.21.15.151:6800/2553709886,v1:172.21.15.151:6801/2553709886] conn(0x7fd5dc039600 0x7fd5dc03bac0 unknown :-1 s=BANNER_CONNECTING pgs=0 cs=0 l=1 rev1=0 crypto rx=0 tx=0 comp rx=0 tx=0)._handle_peer_banner_payload supported=3 required=0
2024-04-26T22:53:09.347 INFO:teuthology.orchestra.run.smithi151.stdout:/usr/bin/ceph: stderr
2024-04-26T22:53:08.434+0000 7fd5f3e00700 1 --2- 172.21.15.151:0/2218844009 >> [v2:172.21.15.151:6800/2553709886,v1:172.21.15.151:6801/2553709886] conn(0x7fd5dc039600 0x7fd5dc03bac0 secure :-1 s=READY pgs=8 cs=0 l=1 rev1=1 crypto rx=0x7fd5e0006fd0 tx=0x7fd5e0006e40 comp rx=0 tx=0).ready entity=mgr.14120 client_cookie=0 server_cookie=0 in_seq=0 out_seq=0
2024-04-26T22:53:09.348 INFO:teuthology.orchestra.run.smithi151.stdout:/usr/bin/ceph: stderr
2024-04-26T22:53:08.439+0000 7fd5f1600700 1 -- 172.21.15.151:0/2218844009 <== mon.0 v2:172.21.15.151:3300/0 6 ==== mon_command_ack([{"prefix": "get_command_descriptions"}]=0 v0) ==== 72+0+188494 (secure 0 0 0) 0x7fd5e800f2e0 con 0x7fd5f410ad10
2024-04-26T22:53:09.348 INFO:teuthology.orchestra.run.smithi151.stdout:/usr/bin/ceph: stderr
2024-04-26T22:53:08.666+0000 7fd5f9e00700 1 -- 172.21.15.151:0/2218844009 --> [v2:172.21.15.151:6800/2553709886,v1:172.21.15.151:6801/2553709886] -- mgr_command(tid 0: {"prefix": "cephadm set-user", "user": "root", "target": ["mon-mgr", ""]}) -- 0x7fd5f4108bb0 con 0x7fd5dc039600
2024-04-26T22:53:09.348 INFO:teuthology.orchestra.run.smithi151.stdout:/usr/bin/ceph: stderr
2024-04-26T22:53:08.668+0000 7fd5f1600700 1 -- 172.21.15.151:0/2218844009 <== mgr.14120 v2:172.21.15.151:6800/2553709886 1 ==== mgr_command_reply(tid 0: 0 ) ==== 8+0+16 (secure 0 0 0) 0x7fd5f4108bb0 con 0x7fd5dc039600
2024-04-26T22:53:09.348 INFO:teuthology.orchestra.run.smithi151.stdout:/usr/bin/ceph: stderr
2024-04-26T22:53:08.671+0000 7fd5f9e00700 1 -- 172.21.15.151:0/2218844009 >> [v2:172.21.15.151:6800/2553709886,v1:172.21.15.151:6801/2553709886] conn(0x7fd5dc039600 msgr2=0x7fd5dc03bac0 secure :-1 s=STATE_CONNECTION_ESTABLISHED l=1).mark_down
2024-04-26T22:53:09.348 INFO:teuthology.orchestra.run.smithi151.stdout:/usr/bin/ceph: stderr
2024-04-26T22:53:08.671+0000 7fd5f9e00700 1 --2- 172.21.15.151:0/2218844009 >> [v2:172.21.15.151:6800/2553709886,v1:172.21.15.151:6801/2553709886] conn(0x7fd5dc039600 0x7fd5dc03bac0 secure :-1 s=READY pgs=8 cs=0 l=1 rev1=1 crypto rx=0x7fd5e0006fd0 tx=0x7fd5e0006e40 comp rx=0 tx=0).stop
2024-04-26T22:53:09.348 INFO:teuthology.orchestra.run.smithi151.stdout:/usr/bin/ceph: stderr
2024-04-26T22:53:08.671+0000 7fd5f9e00700 1 -- 172.21.15.151:0/2218844009 >> [v2:172.21.15.151:3300/0,v1:172.21.15.151:6789/0] conn(0x7fd5f410ad10 msgr2=0x7fd5f419eba0 secure :-1 s=STATE_CONNECTION_ESTABLISHED l=1).mark_down
2024-04-26T22:53:09.348 INFO:teuthology.orchestra.run.smithi151.stdout:/usr/bin/ceph: stderr
2024-04-26T22:53:08.671+0000 7fd5f9e00700 1 --2- 172.21.15.151:0/2218844009 >> [v2:172.21.15.151:3300/0,v1:172.21.15.151:6789/0] conn(0x7fd5f410ad10 0x7fd5f419eba0 secure :-1 s=READY pgs=40 cs=0 l=1 rev1=1 crypto rx=0x7fd5e80119b0 tx=0x7fd5e8011a90 comp rx=0 tx=0).stop
2024-04-26T22:53:09.348 INFO:teuthology.orchestra.run.smithi151.stdout:/usr/bin/ceph: stderr
2024-04-26T22:53:08.671+0000 7fd5f9e00700 1 -- 172.21.15.151:0/2218844009 shutdown_connections
2024-04-26T22:53:09.348 INFO:teuthology.orchestra.run.smithi151.stdout:/usr/bin/ceph: stderr
2024-04-26T22:53:08.671+0000 7fd5f9e00700 1 --2- 172.21.15.151:0/2218844009 >> [v2:172.21.15.151:6800/2553709886,v1:172.21.15.151:6801/2553709886] conn(0x7fd5dc039600 0x7fd5dc03bac0 unknown :-1 s=CLOSED pgs=8 cs=0 l=1 rev1=1 crypto rx=0 tx=0 comp rx=0 tx=0).stop
2024-04-26T22:53:09.348 INFO:teuthology.orchestra.run.smithi151.stdout:/usr/bin/ceph: stderr
2024-04-26T22:53:08.671+0000 7fd5f9e00700 1 --2- 172.21.15.151:0/2218844009 >> [v2:172.21.15.151:3300/0,v1:172.21.15.151:6789/0] conn(0x7fd5f410ad10 0x7fd5f419eba0 unknown :-1 s=CLOSED pgs=40 cs=0 l=1 rev1=1 crypto rx=0 tx=0 comp rx=0 tx=0).stop
2024-04-26T22:53:09.348 INFO:teuthology.orchestra.run.smithi151.stdout:/usr/bin/ceph: stderr
2024-04-26T22:53:08.671+0000 7fd5f9e00700 1 -- 172.21.15.151:0/2218844009 >> 172.21.15.151:0/2218844009 conn(0x7fd5f407e150 msgr2=0x7fd5f41084a0 unknown :-1 s=STATE_NONE l=0).mark_down
2024-04-26T22:53:09.348 INFO:teuthology.orchestra.run.smithi151.stdout:/usr/bin/ceph: stderr
2024-04-26T22:53:08.672+0000 7fd5f9e00700 1 -- 172.21.15.151:0/2218844009 shutdown_connections
2024-04-26T22:53:09.348 INFO:teuthology.orchestra.run.smithi151.stdout:/usr/bin/ceph: stderr
2024-04-26T22:53:08.672+0000 7fd5f9e00700 1 -- 172.21.15.151:0/2218844009 wait complete.
2024-04-26T22:53:09.348 INFO:teuthology.orchestra.run.smithi151.stdout:Generating ssh key...
2024-04-26T22:53:09.652 INFO:journalctl@ceph.mon.a.smithi151.stdout:Apr 26 22:53:09 smithi151 ceph-mon[27785]: from='client.14134 -' entity='client.admin' cmd=[{"prefix": "cephadm set-user", "user": "root", "target": ["mon-mgr", ""]}]: dispatch
2024-04-26T22:53:10.656 INFO:journalctl@ceph.mgr.x.smithi151.stdout:Apr 26 22:53:10 smithi151 ceph-7973ecb2-041f-11ef-bc93-c7b262605968-mgr-x[28012]: Generating public/private rsa key pair.
2024-04-26T22:53:10.656 INFO:journalctl@ceph.mgr.x.smithi151.stdout:Apr 26 22:53:10 smithi151 ceph-7973ecb2-041f-11ef-bc93-c7b262605968-mgr-x[28012]: Your identification has been saved in /tmp/tmp3erprhw2/key.
2024-04-26T22:53:10.656 INFO:journalctl@ceph.mgr.x.smithi151.stdout:Apr 26 22:53:10 smithi151 ceph-7973ecb2-041f-11ef-bc93-c7b262605968-mgr-x[28012]: Your public key has been saved in /tmp/tmp3erprhw2/key.pub.
2024-04-26T22:53:10.656 INFO:journalctl@ceph.mgr.x.smithi151.stdout:Apr 26 22:53:10 smithi151 ceph-7973ecb2-041f-11ef-bc93-c7b262605968-mgr-x[28012]: The key fingerprint is:
2024-04-26T22:53:10.656 INFO:journalctl@ceph.mgr.x.smithi151.stdout:Apr 26 22:53:10 smithi151 ceph-7973ecb2-041f-11ef-bc93-c7b262605968-mgr-x[28012]: SHA256:bufHxG+RT/I9fIS8N8jUBPLx9rpV6jikkcLaTLwvUQg ceph-7973ecb2-041f-11ef-bc93-c7b262605968
2024-04-26T22:53:10.656 INFO:journalctl@ceph.mgr.x.smithi151.stdout:Apr 26 22:53:10 smithi151 ceph-7973ecb2-041f-11ef-bc93-c7b262605968-mgr-x[28012]: The key's randomart image is:
2024-04-26T22:53:10.656 INFO:journalctl@ceph.mgr.x.smithi151.stdout:Apr 26 22:53:10 smithi151 ceph-7973ecb2-041f-11ef-bc93-c7b262605968-mgr-x[28012]: +---[RSA 3072]----+
2024-04-26T22:53:10.656 INFO:journalctl@ceph.mgr.x.smithi151.stdout:Apr 26 22:53:10 smithi151 ceph-7973ecb2-041f-11ef-bc93-c7b262605968-mgr-x[28012]: | |
2024-04-26T22:53:10.657 INFO:journalctl@ceph.mgr.x.smithi151.stdout:Apr 26 22:53:10 smithi151 ceph-7973ecb2-041f-11ef-bc93-c7b262605968-mgr-x[28012]: | E . o |
2024-04-26T22:53:10.657 INFO:journalctl@ceph.mgr.x.smithi151.stdout:Apr 26 22:53:10 smithi151 ceph-7973ecb2-041f-11ef-bc93-c7b262605968-mgr-x[28012]: | . . o + |
2024-04-26T22:53:10.657 INFO:journalctl@ceph.mgr.x.smithi151.stdout:Apr 26 22:53:10 smithi151 ceph-7973ecb2-041f-11ef-bc93-c7b262605968-mgr-x[28012]: | . . . + |
2024-04-26T22:53:10.657 INFO:journalctl@ceph.mgr.x.smithi151.stdout:Apr 26 22:53:10 smithi151 ceph-7973ecb2-041f-11ef-bc93-c7b262605968-mgr-x[28012]: | oS. o .+oo|
2024-04-26T22:53:10.657 INFO:journalctl@ceph.mgr.x.smithi151.stdout:Apr 26 22:53:10 smithi151 ceph-7973ecb2-041f-11ef-bc93-c7b262605968-mgr-x[28012]: | .* o +.*o=|
2024-04-26T22:53:10.657 INFO:journalctl@ceph.mgr.x.smithi151.stdout:Apr 26 22:53:10 smithi151 ceph-7973ecb2-041f-11ef-bc93-c7b262605968-mgr-x[28012]: | =o+.*o.+Xo|
2024-04-26T22:53:10.657 INFO:journalctl@ceph.mgr.x.smithi151.stdout:Apr 26 22:53:10 smithi151 ceph-7973ecb2-041f-11ef-bc93-c7b262605968-mgr-x[28012]: | ..=o. +===*|
2024-04-26T22:53:10.657 INFO:journalctl@ceph.mgr.x.smithi151.stdout:Apr 26 22:53:10 smithi151 ceph-7973ecb2-041f-11ef-bc93-c7b262605968-mgr-x[28012]: | oo..ooo+|
2024-04-26T22:53:10.657 INFO:journalctl@ceph.mgr.x.smithi151.stdout:Apr 26 22:53:10 smithi151 ceph-7973ecb2-041f-11ef-bc93-c7b262605968-mgr-x[28012]: +----[SHA256]-----+
2024-04-26T22:53:11.071 INFO:teuthology.orchestra.run.smithi151.stdout:/usr/bin/ceph: stderr
2024-04-26T22:53:09.954+0000 7f8f17600700 1 Processor -- start
2024-04-26T22:53:11.072 INFO:teuthology.orchestra.run.smithi151.stdout:/usr/bin/ceph: stderr
2024-04-26T22:53:09.954+0000 7f8f17600700 1 -- start start
2024-04-26T22:53:11.072 INFO:teuthology.orchestra.run.smithi151.stdout:/usr/bin/ceph: stderr
2024-04-26T22:53:09.955+0000 7f8f17600700 1 --2- >> [v2:172.21.15.151:3300/0,v1:172.21.15.151:6789/0] conn(0x7f8f10107c50 0x7f8f10108070 unknown :-1 s=NONE pgs=0 cs=0 l=0 rev1=0 crypto rx=0 tx=0 comp rx=0 tx=0).connect
2024-04-26T22:53:11.072 INFO:teuthology.orchestra.run.smithi151.stdout:/usr/bin/ceph: stderr
2024-04-26T22:53:09.955+0000 7f8f17600700 1 -- --> [v2:172.21.15.151:3300/0,v1:172.21.15.151:6789/0] -- mon_getmap magic: 0 -- 0x7f8f10108640 con 0x7f8f10107c50
2024-04-26T22:53:11.072 INFO:teuthology.orchestra.run.smithi151.stdout:/usr/bin/ceph: stderr
2024-04-26T22:53:09.955+0000 7f8f14c00700 1 --2- >> [v2:172.21.15.151:3300/0,v1:172.21.15.151:6789/0] conn(0x7f8f10107c50 0x7f8f10108070 unknown :-1 s=BANNER_CONNECTING pgs=0 cs=0 l=0 rev1=0 crypto rx=0 tx=0 comp rx=0 tx=0)._handle_peer_banner_payload supported=3 required=0
2024-04-26T22:53:11.072 INFO:teuthology.orchestra.run.smithi151.stdout:/usr/bin/ceph: stderr
2024-04-26T22:53:09.955+0000 7f8f14c00700 1 --2- >> [v2:172.21.15.151:3300/0,v1:172.21.15.151:6789/0] conn(0x7f8f10107c50 0x7f8f10108070 unknown :-1 s=HELLO_CONNECTING pgs=0 cs=0 l=0 rev1=1 crypto rx=0 tx=0 comp rx=0 tx=0).handle_hello peer v2:172.21.15.151:3300/0 says I am v2:172.21.15.151:32912/0 (socket says 172.21.15.151:32912)
2024-04-26T22:53:11.072 INFO:teuthology.orchestra.run.smithi151.stdout:/usr/bin/ceph: stderr
2024-04-26T22:53:09.955+0000 7f8f14c00700 1 -- 172.21.15.151:0/733640698 learned_addr learned my addr 172.21.15.151:0/733640698 (peer_addr_for_me v2:172.21.15.151:0/0)
2024-04-26T22:53:11.072 INFO:teuthology.orchestra.run.smithi151.stdout:/usr/bin/ceph: stderr
2024-04-26T22:53:09.956+0000 7f8f14c00700 1 -- 172.21.15.151:0/733640698 --> [v2:172.21.15.151:3300/0,v1:172.21.15.151:6789/0] -- mon_subscribe({config=0+,monmap=0+}) -- 0x7f8f10108e50 con 0x7f8f10107c50
2024-04-26T22:53:11.072 INFO:teuthology.orchestra.run.smithi151.stdout:/usr/bin/ceph: stderr
2024-04-26T22:53:09.956+0000 7f8f14c00700 1 --2- 172.21.15.151:0/733640698 >> [v2:172.21.15.151:3300/0,v1:172.21.15.151:6789/0] conn(0x7f8f10107c50 0x7f8f10108070 secure :-1 s=READY pgs=41 cs=0 l=1 rev1=1 crypto rx=0x7f8f0400bb40 tx=0x7f8f0400be50 comp rx=0 tx=0).ready entity=mon.0 client_cookie=219f3240aebc2dee server_cookie=0 in_seq=0 out_seq=0
2024-04-26T22:53:11.072 INFO:teuthology.orchestra.run.smithi151.stdout:/usr/bin/ceph: stderr
2024-04-26T22:53:09.956+0000 7f8f0f400700 1 -- 172.21.15.151:0/733640698 <== mon.0 v2:172.21.15.151:3300/0 1 ==== mon_map magic: 0 ==== 205+0+0 (secure 0 0 0) 0x7f8f0400dbe0 con 0x7f8f10107c50
2024-04-26T22:53:11.072 INFO:teuthology.orchestra.run.smithi151.stdout:/usr/bin/ceph: stderr
2024-04-26T22:53:09.956+0000 7f8f0f400700 1 -- 172.21.15.151:0/733640698 <== mon.0 v2:172.21.15.151:3300/0 2 ==== config(25 keys) ==== 1032+0+0 (secure 0 0 0) 0x7f8f040044a0 con 0x7f8f10107c50
2024-04-26T22:53:11.072 INFO:teuthology.orchestra.run.smithi151.stdout:/usr/bin/ceph: stderr
2024-04-26T22:53:09.956+0000 7f8f0f400700 1 -- 172.21.15.151:0/733640698 <== mon.0 v2:172.21.15.151:3300/0 3 ==== mon_map magic: 0 ==== 205+0+0 (secure 0 0 0) 0x7f8f04003e30 con 0x7f8f10107c50
2024-04-26T22:53:11.072 INFO:teuthology.orchestra.run.smithi151.stdout:/usr/bin/ceph: stderr
2024-04-26T22:53:09.957+0000 7f8f17600700 1 -- 172.21.15.151:0/733640698 >> [v2:172.21.15.151:3300/0,v1:172.21.15.151:6789/0] conn(0x7f8f10107c50 msgr2=0x7f8f10108070 secure :-1 s=STATE_CONNECTION_ESTABLISHED l=1).mark_down
2024-04-26T22:53:11.072 INFO:teuthology.orchestra.run.smithi151.stdout:/usr/bin/ceph: stderr
2024-04-26T22:53:09.957+0000 7f8f17600700 1 --2- 172.21.15.151:0/733640698 >> [v2:172.21.15.151:3300/0,v1:172.21.15.151:6789/0] conn(0x7f8f10107c50 0x7f8f10108070 secure :-1 s=READY pgs=41 cs=0 l=1 rev1=1 crypto rx=0x7f8f0400bb40 tx=0x7f8f0400be50 comp rx=0 tx=0).stop
2024-04-26T22:53:11.073 INFO:teuthology.orchestra.run.smithi151.stdout:/usr/bin/ceph: stderr
2024-04-26T22:53:09.957+0000 7f8f17600700 1 -- 172.21.15.151:0/733640698 shutdown_connections
2024-04-26T22:53:11.073 INFO:teuthology.orchestra.run.smithi151.stdout:/usr/bin/ceph: stderr
2024-04-26T22:53:09.957+0000 7f8f17600700 1 --2- 172.21.15.151:0/733640698 >> [v2:172.21.15.151:3300/0,v1:172.21.15.151:6789/0] conn(0x7f8f10107c50 0x7f8f10108070 unknown :-1 s=CLOSED pgs=41 cs=0 l=1 rev1=1 crypto rx=0 tx=0 comp rx=0 tx=0).stop
2024-04-26T22:53:11.073 INFO:teuthology.orchestra.run.smithi151.stdout:/usr/bin/ceph: stderr
2024-04-26T22:53:09.957+0000 7f8f17600700 1 -- 172.21.15.151:0/733640698 >> 172.21.15.151:0/733640698 conn(0x7f8f10103230 msgr2=0x7f8f10105650 unknown :-1 s=STATE_NONE l=0).mark_down
2024-04-26T22:53:11.073 INFO:teuthology.orchestra.run.smithi151.stdout:/usr/bin/ceph: stderr
2024-04-26T22:53:09.957+0000 7f8f17600700 1 -- 172.21.15.151:0/733640698 shutdown_connections
2024-04-26T22:53:11.073 INFO:teuthology.orchestra.run.smithi151.stdout:/usr/bin/ceph: stderr
2024-04-26T22:53:09.957+0000 7f8f17600700 1 -- 172.21.15.151:0/733640698 wait complete.
2024-04-26T22:53:11.073 INFO:teuthology.orchestra.run.smithi151.stdout:/usr/bin/ceph: stderr
2024-04-26T22:53:09.958+0000 7f8f17600700 1 Processor -- start
2024-04-26T22:53:11.073 INFO:teuthology.orchestra.run.smithi151.stdout:/usr/bin/ceph: stderr
2024-04-26T22:53:09.958+0000 7f8f17600700 1 -- start start
2024-04-26T22:53:11.073 INFO:teuthology.orchestra.run.smithi151.stdout:/usr/bin/ceph: stderr
2024-04-26T22:53:09.959+0000 7f8f17600700 1 --2- >> [v2:172.21.15.151:3300/0,v1:172.21.15.151:6789/0] conn(0x7f8f10107c50 0x7f8f1019ede0 unknown :-1 s=NONE pgs=0 cs=0 l=1 rev1=0 crypto rx=0 tx=0 comp rx=0 tx=0).connect
2024-04-26T22:53:11.073 INFO:teuthology.orchestra.run.smithi151.stdout:/usr/bin/ceph: stderr
2024-04-26T22:53:09.959+0000 7f8f17600700 1 -- --> [v2:172.21.15.151:3300/0,v1:172.21.15.151:6789/0] -- mon_getmap magic: 0 -- 0x7f8f10063860 con 0x7f8f10107c50
2024-04-26T22:53:11.073 INFO:teuthology.orchestra.run.smithi151.stdout:/usr/bin/ceph: stderr
2024-04-26T22:53:09.959+0000 7f8f14c00700 1 --2- >> [v2:172.21.15.151:3300/0,v1:172.21.15.151:6789/0] conn(0x7f8f10107c50 0x7f8f1019ede0 unknown :-1 s=BANNER_CONNECTING pgs=0 cs=0 l=1 rev1=0 crypto rx=0 tx=0 comp rx=0 tx=0)._handle_peer_banner_payload supported=3 required=0
2024-04-26T22:53:11.073 INFO:teuthology.orchestra.run.smithi151.stdout:/usr/bin/ceph: stderr
2024-04-26T22:53:09.959+0000 7f8f14c00700 1 --2- >> [v2:172.21.15.151:3300/0,v1:172.21.15.151:6789/0] conn(0x7f8f10107c50 0x7f8f1019ede0 unknown :-1 s=HELLO_CONNECTING pgs=0 cs=0 l=1 rev1=1 crypto rx=0 tx=0 comp rx=0 tx=0).handle_hello peer v2:172.21.15.151:3300/0 says I am v2:172.21.15.151:32924/0 (socket says 172.21.15.151:32924)
2024-04-26T22:53:11.073 INFO:teuthology.orchestra.run.smithi151.stdout:/usr/bin/ceph: stderr
2024-04-26T22:53:09.959+0000 7f8f14c00700 1 -- 172.21.15.151:0/1548041731 learned_addr learned my addr 172.21.15.151:0/1548041731 (peer_addr_for_me v2:172.21.15.151:0/0)
2024-04-26T22:53:11.073 INFO:teuthology.orchestra.run.smithi151.stdout:/usr/bin/ceph: stderr
2024-04-26T22:53:09.959+0000 7f8f14c00700 1 -- 172.21.15.151:0/1548041731 --> [v2:172.21.15.151:3300/0,v1:172.21.15.151:6789/0] -- mon_subscribe({config=0+,monmap=0+}) -- 0x7f8f1019f320 con 0x7f8f10107c50
2024-04-26T22:53:11.073 INFO:teuthology.orchestra.run.smithi151.stdout:/usr/bin/ceph: stderr
2024-04-26T22:53:09.960+0000 7f8f14c00700 1 --2- 172.21.15.151:0/1548041731 >> [v2:172.21.15.151:3300/0,v1:172.21.15.151:6789/0] conn(0x7f8f10107c50 0x7f8f1019ede0 secure :-1 s=READY pgs=42 cs=0 l=1 rev1=1 crypto rx=0x7f8f0400b340 tx=0x7f8f04003f80 comp rx=0 tx=0).ready entity=mon.0 client_cookie=0 server_cookie=0 in_seq=0 out_seq=0
2024-04-26T22:53:11.073 INFO:teuthology.orchestra.run.smithi151.stdout:/usr/bin/ceph: stderr
2024-04-26T22:53:09.960+0000 7f8f0d600700 1 -- 172.21.15.151:0/1548041731 <== mon.0 v2:172.21.15.151:3300/0 1 ==== mon_map magic: 0 ==== 205+0+0 (secure 0 0 0) 0x7f8f04010580 con 0x7f8f10107c50
2024-04-26T22:53:11.074 INFO:teuthology.orchestra.run.smithi151.stdout:/usr/bin/ceph: stderr
2024-04-26T22:53:09.960+0000 7f8f0d600700 1 -- 172.21.15.151:0/1548041731 <== mon.0 v2:172.21.15.151:3300/0 2 ==== config(25 keys) ==== 1032+0+0 (secure 0 0 0) 0x7f8f0401d070 con 0x7f8f10107c50
2024-04-26T22:53:11.074 INFO:teuthology.orchestra.run.smithi151.stdout:/usr/bin/ceph: stderr
2024-04-26T22:53:09.960+0000 7f8f17600700 1 -- 172.21.15.151:0/1548041731 --> [v2:172.21.15.151:3300/0,v1:172.21.15.151:6789/0] -- mon_subscribe({mgrmap=0+}) -- 0x7f8f1019f5b0 con 0x7f8f10107c50
2024-04-26T22:53:11.074 INFO:teuthology.orchestra.run.smithi151.stdout:/usr/bin/ceph: stderr
2024-04-26T22:53:09.960+0000 7f8f0d600700 1 -- 172.21.15.151:0/1548041731 <== mon.0 v2:172.21.15.151:3300/0 3 ==== mon_map magic: 0 ==== 205+0+0 (secure 0 0 0) 0x7f8f040219e0 con 0x7f8f10107c50
2024-04-26T22:53:11.074 INFO:teuthology.orchestra.run.smithi151.stdout:/usr/bin/ceph: stderr
2024-04-26T22:53:09.960+0000 7f8f17600700 1 -- 172.21.15.151:0/1548041731 --> [v2:172.21.15.151:3300/0,v1:172.21.15.151:6789/0] -- mon_subscribe({osdmap=0}) -- 0x7f8f101a22a0 con 0x7f8f10107c50
2024-04-26T22:53:11.074 INFO:teuthology.orchestra.run.smithi151.stdout:/usr/bin/ceph: stderr
2024-04-26T22:53:09.961+0000 7f8f0d600700 1 -- 172.21.15.151:0/1548041731 <== mon.0 v2:172.21.15.151:3300/0 4 ==== mgrmap(e 8) ==== 46558+0+0 (secure 0 0 0) 0x7f8f0401f030 con 0x7f8f10107c50
2024-04-26T22:53:11.074 INFO:teuthology.orchestra.run.smithi151.stdout:/usr/bin/ceph: stderr
2024-04-26T22:53:09.961+0000 7f8f17600700 1 -- 172.21.15.151:0/1548041731 --> [v2:172.21.15.151:3300/0,v1:172.21.15.151:6789/0] -- mon_command({"prefix": "get_command_descriptions"} v 0) -- 0x7f8f10064a80 con 0x7f8f10107c50
2024-04-26T22:53:11.074 INFO:teuthology.orchestra.run.smithi151.stdout:/usr/bin/ceph: stderr
2024-04-26T22:53:09.962+0000 7f8f0d600700 1 --2- 172.21.15.151:0/1548041731 >> [v2:172.21.15.151:6800/2553709886,v1:172.21.15.151:6801/2553709886] conn(0x7f8ef8039600 0x7f8ef803bac0 unknown :-1 s=NONE pgs=0 cs=0 l=1 rev1=0 crypto rx=0 tx=0 comp rx=0 tx=0).connect
2024-04-26T22:53:11.074 INFO:teuthology.orchestra.run.smithi151.stdout:/usr/bin/ceph: stderr
2024-04-26T22:53:09.962+0000 7f8f0d600700 1 -- 172.21.15.151:0/1548041731 <== mon.0 v2:172.21.15.151:3300/0 5 ==== osd_map(2..2 src has 1..2) ==== 940+0+0 (secure 0 0 0) 0x7f8f0404da30 con 0x7f8f10107c50
2024-04-26T22:53:11.074 INFO:teuthology.orchestra.run.smithi151.stdout:/usr/bin/ceph: stderr
2024-04-26T22:53:09.962+0000 7f8f0fe00700 1 --2- 172.21.15.151:0/1548041731 >> [v2:172.21.15.151:6800/2553709886,v1:172.21.15.151:6801/2553709886] conn(0x7f8ef8039600 0x7f8ef803bac0 unknown :-1 s=BANNER_CONNECTING pgs=0 cs=0 l=1 rev1=0 crypto rx=0 tx=0 comp rx=0 tx=0)._handle_peer_banner_payload supported=3 required=0
2024-04-26T22:53:11.074 INFO:teuthology.orchestra.run.smithi151.stdout:/usr/bin/ceph: stderr
2024-04-26T22:53:09.963+0000 7f8f0fe00700 1 --2- 172.21.15.151:0/1548041731 >> [v2:172.21.15.151:6800/2553709886,v1:172.21.15.151:6801/2553709886] conn(0x7f8ef8039600 0x7f8ef803bac0 secure :-1 s=READY pgs=9 cs=0 l=1 rev1=1 crypto rx=0x7f8efc006fd0 tx=0x7f8efc006e40 comp rx=0 tx=0).ready entity=mgr.14120 client_cookie=0 server_cookie=0 in_seq=0 out_seq=0
2024-04-26T22:53:11.074 INFO:teuthology.orchestra.run.smithi151.stdout:/usr/bin/ceph: stderr
2024-04-26T22:53:09.967+0000 7f8f0d600700 1 -- 172.21.15.151:0/1548041731 <== mon.0 v2:172.21.15.151:3300/0 6 ==== mon_command_ack([{"prefix": "get_command_descriptions"}]=0 v0) ==== 72+0+188494 (secure 0 0 0) 0x7f8f04015070 con 0x7f8f10107c50
2024-04-26T22:53:11.074 INFO:teuthology.orchestra.run.smithi151.stdout:/usr/bin/ceph: stderr
2024-04-26T22:53:10.191+0000 7f8f17600700 1 -- 172.21.15.151:0/1548041731 --> [v2:172.21.15.151:6800/2553709886,v1:172.21.15.151:6801/2553709886] -- mgr_command(tid 0: {"prefix": "cephadm generate-key", "target": ["mon-mgr", ""]}) -- 0x7f8f10075db0 con 0x7f8ef8039600
2024-04-26T22:53:11.074 INFO:teuthology.orchestra.run.smithi151.stdout:/usr/bin/ceph: stderr
2024-04-26T22:53:10.324+0000 7f8f0d600700 1 -- 172.21.15.151:0/1548041731 <== mgr.14120 v2:172.21.15.151:6800/2553709886 1 ==== mgr_command_reply(tid 0: 0 ) ==== 8+0+0 (secure 0 0 0) 0x7f8f10075db0 con 0x7f8ef8039600
2024-04-26T22:53:11.075 INFO:teuthology.orchestra.run.smithi151.stdout:/usr/bin/ceph: stderr
2024-04-26T22:53:10.327+0000 7f8f17600700 1 -- 172.21.15.151:0/1548041731 >> [v2:172.21.15.151:6800/2553709886,v1:172.21.15.151:6801/2553709886] conn(0x7f8ef8039600 msgr2=0x7f8ef803bac0 secure :-1 s=STATE_CONNECTION_ESTABLISHED l=1).mark_down
2024-04-26T22:53:11.075 INFO:teuthology.orchestra.run.smithi151.stdout:/usr/bin/ceph: stderr
2024-04-26T22:53:10.327+0000 7f8f17600700 1 --2- 172.21.15.151:0/1548041731 >> [v2:172.21.15.151:6800/2553709886,v1:172.21.15.151:6801/2553709886] conn(0x7f8ef8039600 0x7f8ef803bac0 secure :-1 s=READY pgs=9 cs=0 l=1 rev1=1 crypto rx=0x7f8efc006fd0 tx=0x7f8efc006e40 comp rx=0 tx=0).stop
2024-04-26T22:53:11.075 INFO:teuthology.orchestra.run.smithi151.stdout:/usr/bin/ceph: stderr
2024-04-26T22:53:10.327+0000 7f8f17600700 1 -- 172.21.15.151:0/1548041731 >> [v2:172.21.15.151:3300/0,v1:172.21.15.151:6789/0] conn(0x7f8f10107c50 msgr2=0x7f8f1019ede0 secure :-1 s=STATE_CONNECTION_ESTABLISHED l=1).mark_down
2024-04-26T22:53:11.075 INFO:teuthology.orchestra.run.smithi151.stdout:/usr/bin/ceph: stderr
2024-04-26T22:53:10.327+0000 7f8f17600700 1 --2- 172.21.15.151:0/1548041731 >> [v2:172.21.15.151:3300/0,v1:172.21.15.151:6789/0] conn(0x7f8f10107c50 0x7f8f1019ede0 secure :-1 s=READY pgs=42 cs=0 l=1 rev1=1 crypto rx=0x7f8f0400b340 tx=0x7f8f04003f80 comp rx=0 tx=0).stop
2024-04-26T22:53:11.075 INFO:teuthology.orchestra.run.smithi151.stdout:/usr/bin/ceph: stderr
2024-04-26T22:53:10.327+0000 7f8f17600700 1 -- 172.21.15.151:0/1548041731 shutdown_connections
2024-04-26T22:53:11.075 INFO:teuthology.orchestra.run.smithi151.stdout:/usr/bin/ceph: stderr
2024-04-26T22:53:10.327+0000 7f8f17600700 1 --2- 172.21.15.151:0/1548041731 >> [v2:172.21.15.151:6800/2553709886,v1:172.21.15.151:6801/2553709886] conn(0x7f8ef8039600 0x7f8ef803bac0 unknown :-1 s=CLOSED pgs=9 cs=0 l=1 rev1=1 crypto rx=0 tx=0 comp rx=0 tx=0).stop
2024-04-26T22:53:11.075 INFO:teuthology.orchestra.run.smithi151.stdout:/usr/bin/ceph: stderr
2024-04-26T22:53:10.327+0000 7f8f17600700 1 --2- 172.21.15.151:0/1548041731 >> [v2:172.21.15.151:3300/0,v1:172.21.15.151:6789/0] conn(0x7f8f10107c50 0x7f8f1019ede0 unknown :-1 s=CLOSED pgs=42 cs=0 l=1 rev1=1 crypto rx=0 tx=0 comp rx=0 tx=0).stop
2024-04-26T22:53:11.075 INFO:teuthology.orchestra.run.smithi151.stdout:/usr/bin/ceph: stderr
2024-04-26T22:53:10.327+0000 7f8f17600700 1 -- 172.21.15.151:0/1548041731 >> 172.21.15.151:0/1548041731 conn(0x7f8f10103230 msgr2=0x7f8f10195420 unknown :-1 s=STATE_NONE l=0).mark_down
2024-04-26T22:53:11.075 INFO:teuthology.orchestra.run.smithi151.stdout:/usr/bin/ceph: stderr
2024-04-26T22:53:10.327+0000 7f8f17600700 1 -- 172.21.15.151:0/1548041731 shutdown_connections
2024-04-26T22:53:11.075 INFO:teuthology.orchestra.run.smithi151.stdout:/usr/bin/ceph: stderr
2024-04-26T22:53:10.327+0000 7f8f17600700 1 -- 172.21.15.151:0/1548041731 wait complete.
2024-04-26T22:53:11.637 INFO:journalctl@ceph.mon.a.smithi151.stdout:Apr 26 22:53:11 smithi151 ceph-mon[27785]: from='client.14136 -' entity='client.admin' cmd=[{"prefix": "cephadm generate-key", "target": ["mon-mgr", ""]}]: dispatch
2024-04-26T22:53:11.637 INFO:journalctl@ceph.mon.a.smithi151.stdout:Apr 26 22:53:11 smithi151 ceph-mon[27785]: Generating ssh key...
2024-04-26T22:53:11.637 INFO:journalctl@ceph.mon.a.smithi151.stdout:Apr 26 22:53:11 smithi151 ceph-mon[27785]: from='mgr.14120 172.21.15.151:0/96936970' entity='mgr.x'
2024-04-26T22:53:11.637 INFO:journalctl@ceph.mon.a.smithi151.stdout:Apr 26 22:53:11 smithi151 ceph-mon[27785]: from='mgr.14120 172.21.15.151:0/96936970' entity='mgr.x'
2024-04-26T22:53:12.621 INFO:teuthology.orchestra.run.smithi151.stdout:/usr/bin/ceph: stdout ssh-rsa AAAAB3NzaC1yc2EAAAADAQABAAABgQCtNOvBADPGLHqsNryjNdNa4KPj4whMbRZ0qFqK8Qm3EWOFNBCCVL8PDE58nqIiTxh2BqLznJPaxDw/36wLWEXqXtfXGJ1pOdvQi7BzNAQ3qGp0wiv5YTD+KihEohHdG8wnH1tGKcSr8ACKk6Km0V2+XzqFqJ52vR7QK8FQpb0YXjjrVJUtPmK5dc3gh4Or388nqEiZZjAjedy4/pEjOLGBDCAbFD1T3jAgLmPRx8gIh+wvn0I6URaDASUVAnO56H95ZCqYaW7Sn+u+xsVon6sTH1F9ohZJ4EG751N3hWKASy7I6ZG+DrpOh/sWexMoC88AhsBv/X0fPUoFxiqqQqxHjzPNb4UydNs6kM0HKAcq8jx3BDJwzG4MUYpnTAtsX4brNmotQg7QbV3+MXrX+bJHFWCRin7WX/KsmdmUVMbQyW4WriCPaG1ZTq+/qoIc/GBD0nVDmaBB3TacycCU320HbXMaqD+MWz3gsoeWgDmV/ukKzXRFU/r9HTmVMPKdoRU= ceph-7973ecb2-041f-11ef-bc93-c7b262605968
2024-04-26T22:53:12.621 INFO:teuthology.orchestra.run.smithi151.stdout:/usr/bin/ceph: stderr
2024-04-26T22:53:11.637+0000 7fa6c1600700 1 Processor -- start
2024-04-26T22:53:12.621 INFO:teuthology.orchestra.run.smithi151.stdout:/usr/bin/ceph: stderr
2024-04-26T22:53:11.637+0000 7fa6c1600700 1 -- start start
2024-04-26T22:53:12.621 INFO:teuthology.orchestra.run.smithi151.stdout:/usr/bin/ceph: stderr
2024-04-26T22:53:11.637+0000 7fa6c1600700 1 --2- >> [v2:172.21.15.151:3300/0,v1:172.21.15.151:6789/0] conn(0x7fa6bc07eee0 0x7fa6bc07d340 unknown :-1 s=NONE pgs=0 cs=0 l=0 rev1=0 crypto rx=0 tx=0 comp rx=0 tx=0).connect
2024-04-26T22:53:12.622 INFO:teuthology.orchestra.run.smithi151.stdout:/usr/bin/ceph: stderr
2024-04-26T22:53:11.637+0000 7fa6c1600700 1 -- --> [v2:172.21.15.151:3300/0,v1:172.21.15.151:6789/0] -- mon_getmap magic: 0 -- 0x7fa6bc07d910 con 0x7fa6bc07eee0
2024-04-26T22:53:12.623 INFO:teuthology.orchestra.run.smithi151.stdout:/usr/bin/ceph: stderr
2024-04-26T22:53:11.638+0000 7fa6bbe00700 1 --2- >> [v2:172.21.15.151:3300/0,v1:172.21.15.151:6789/0] conn(0x7fa6bc07eee0 0x7fa6bc07d340 unknown :-1 s=BANNER_CONNECTING pgs=0 cs=0 l=0 rev1=0 crypto rx=0 tx=0 comp rx=0 tx=0)._handle_peer_banner_payload supported=3 required=0
2024-04-26T22:53:12.623 INFO:teuthology.orchestra.run.smithi151.stdout:/usr/bin/ceph: stderr
2024-04-26T22:53:11.638+0000 7fa6bbe00700 1 --2- >> [v2:172.21.15.151:3300/0,v1:172.21.15.151:6789/0] conn(0x7fa6bc07eee0 0x7fa6bc07d340 unknown :-1 s=HELLO_CONNECTING pgs=0 cs=0 l=0 rev1=1 crypto rx=0 tx=0 comp rx=0 tx=0).handle_hello peer v2:172.21.15.151:3300/0 says I am v2:172.21.15.151:32926/0 (socket says 172.21.15.151:32926)
2024-04-26T22:53:12.623 INFO:teuthology.orchestra.run.smithi151.stdout:/usr/bin/ceph: stderr
2024-04-26T22:53:11.638+0000 7fa6bbe00700 1 -- 172.21.15.151:0/3800521805 learned_addr learned my addr 172.21.15.151:0/3800521805 (peer_addr_for_me v2:172.21.15.151:0/0)
2024-04-26T22:53:12.623 INFO:teuthology.orchestra.run.smithi151.stdout:/usr/bin/ceph: stderr
2024-04-26T22:53:11.638+0000 7fa6bbe00700 1 -- 172.21.15.151:0/3800521805 --> [v2:172.21.15.151:3300/0,v1:172.21.15.151:6789/0] -- mon_subscribe({config=0+,monmap=0+}) -- 0x7fa6bc07da90 con 0x7fa6bc07eee0
2024-04-26T22:53:12.623 INFO:teuthology.orchestra.run.smithi151.stdout:/usr/bin/ceph: stderr
2024-04-26T22:53:11.639+0000 7fa6bbe00700 1 --2- 172.21.15.151:0/3800521805 >> [v2:172.21.15.151:3300/0,v1:172.21.15.151:6789/0] conn(0x7fa6bc07eee0 0x7fa6bc07d340 secure :-1 s=READY pgs=43 cs=0 l=1 rev1=1 crypto rx=0x7fa6ac0098a0 tx=0x7fa6ac009bb0 comp rx=0 tx=0).ready entity=mon.0 client_cookie=83e9437b7ef8070d server_cookie=0 in_seq=0 out_seq=0
2024-04-26T22:53:12.623 INFO:teuthology.orchestra.run.smithi151.stdout:/usr/bin/ceph: stderr
2024-04-26T22:53:11.639+0000 7fa6baa00700 1 -- 172.21.15.151:0/3800521805 <== mon.0 v2:172.21.15.151:3300/0 1 ==== mon_map magic: 0 ==== 205+0+0 (secure 0 0 0) 0x7fa6ac004160 con 0x7fa6bc07eee0
2024-04-26T22:53:12.623 INFO:teuthology.orchestra.run.smithi151.stdout:/usr/bin/ceph: stderr
2024-04-26T22:53:11.639+0000 7fa6baa00700 1 -- 172.21.15.151:0/3800521805 <== mon.0 v2:172.21.15.151:3300/0 2 ==== config(25 keys) ==== 1032+0+0 (secure 0 0 0) 0x7fa6ac004300 con 0x7fa6bc07eee0
2024-04-26T22:53:12.624 INFO:teuthology.orchestra.run.smithi151.stdout:/usr/bin/ceph: stderr
2024-04-26T22:53:11.639+0000 7fa6baa00700 1 -- 172.21.15.151:0/3800521805 <== mon.0 v2:172.21.15.151:3300/0 3 ==== mon_map magic: 0 ==== 205+0+0 (secure 0 0 0) 0x7fa6ac0119e0 con 0x7fa6bc07eee0
2024-04-26T22:53:12.624 INFO:teuthology.orchestra.run.smithi151.stdout:/usr/bin/ceph: stderr
2024-04-26T22:53:11.640+0000 7fa6c1600700 1 -- 172.21.15.151:0/3800521805 >> [v2:172.21.15.151:3300/0,v1:172.21.15.151:6789/0] conn(0x7fa6bc07eee0 msgr2=0x7fa6bc07d340 secure :-1 s=STATE_CONNECTION_ESTABLISHED l=1).mark_down
2024-04-26T22:53:12.624 INFO:teuthology.orchestra.run.smithi151.stdout:/usr/bin/ceph: stderr
2024-04-26T22:53:11.640+0000 7fa6c1600700 1 --2- 172.21.15.151:0/3800521805 >> [v2:172.21.15.151:3300/0,v1:172.21.15.151:6789/0] conn(0x7fa6bc07eee0 0x7fa6bc07d340 secure :-1 s=READY pgs=43 cs=0 l=1 rev1=1 crypto rx=0x7fa6ac0098a0 tx=0x7fa6ac009bb0 comp rx=0 tx=0).stop
2024-04-26T22:53:12.624 INFO:teuthology.orchestra.run.smithi151.stdout:/usr/bin/ceph: stderr
2024-04-26T22:53:11.640+0000 7fa6c1600700 1 -- 172.21.15.151:0/3800521805 shutdown_connections
2024-04-26T22:53:12.625 INFO:teuthology.orchestra.run.smithi151.stdout:/usr/bin/ceph: stderr
2024-04-26T22:53:11.640+0000 7fa6c1600700 1 --2- 172.21.15.151:0/3800521805 >> [v2:172.21.15.151:3300/0,v1:172.21.15.151:6789/0] conn(0x7fa6bc07eee0 0x7fa6bc07d340 unknown :-1 s=CLOSED pgs=43 cs=0 l=1 rev1=1 crypto rx=0 tx=0 comp rx=0 tx=0).stop
2024-04-26T22:53:12.625 INFO:teuthology.orchestra.run.smithi151.stdout:/usr/bin/ceph: stderr
2024-04-26T22:53:11.640+0000 7fa6c1600700 1 -- 172.21.15.151:0/3800521805 >> 172.21.15.151:0/3800521805 conn(0x7fa6bc104130 msgr2=0x7fa6bc106550 unknown :-1 s=STATE_NONE l=0).mark_down
2024-04-26T22:53:12.625 INFO:teuthology.orchestra.run.smithi151.stdout:/usr/bin/ceph: stderr
2024-04-26T22:53:11.640+0000 7fa6c1600700 1 -- 172.21.15.151:0/3800521805 shutdown_connections
2024-04-26T22:53:12.625 INFO:teuthology.orchestra.run.smithi151.stdout:/usr/bin/ceph: stderr
2024-04-26T22:53:11.640+0000 7fa6c1600700 1 -- 172.21.15.151:0/3800521805 wait complete.
2024-04-26T22:53:12.625 INFO:teuthology.orchestra.run.smithi151.stdout:/usr/bin/ceph: stderr
2024-04-26T22:53:11.641+0000 7fa6c1600700 1 Processor -- start
2024-04-26T22:53:12.625 INFO:teuthology.orchestra.run.smithi151.stdout:/usr/bin/ceph: stderr
2024-04-26T22:53:11.641+0000 7fa6c1600700 1 -- start start
2024-04-26T22:53:12.625 INFO:teuthology.orchestra.run.smithi151.stdout:/usr/bin/ceph: stderr
2024-04-26T22:53:11.642+0000 7fa6c1600700 1 --2- >> [v2:172.21.15.151:3300/0,v1:172.21.15.151:6789/0] conn(0x7fa6bc07eee0 0x7fa6bc1a2fc0 unknown :-1 s=NONE pgs=0 cs=0 l=1 rev1=0 crypto rx=0 tx=0 comp rx=0 tx=0).connect
2024-04-26T22:53:12.628 INFO:teuthology.orchestra.run.smithi151.stdout:/usr/bin/ceph: stderr
2024-04-26T22:53:11.642+0000 7fa6c1600700 1 -- --> [v2:172.21.15.151:3300/0,v1:172.21.15.151:6789/0] -- mon_getmap magic: 0 -- 0x7fa6bc10ac80 con 0x7fa6bc07eee0
2024-04-26T22:53:12.628 INFO:teuthology.orchestra.run.smithi151.stdout:/usr/bin/ceph: stderr
2024-04-26T22:53:11.642+0000 7fa6bbe00700 1 --2- >> [v2:172.21.15.151:3300/0,v1:172.21.15.151:6789/0] conn(0x7fa6bc07eee0 0x7fa6bc1a2fc0 unknown :-1 s=BANNER_CONNECTING pgs=0 cs=0 l=1 rev1=0 crypto rx=0 tx=0 comp rx=0 tx=0)._handle_peer_banner_payload supported=3 required=0
2024-04-26T22:53:12.628 INFO:teuthology.orchestra.run.smithi151.stdout:/usr/bin/ceph: stderr
2024-04-26T22:53:11.642+0000 7fa6bbe00700 1 --2- >> [v2:172.21.15.151:3300/0,v1:172.21.15.151:6789/0] conn(0x7fa6bc07eee0 0x7fa6bc1a2fc0 unknown :-1 s=HELLO_CONNECTING pgs=0 cs=0 l=1 rev1=1 crypto rx=0 tx=0 comp rx=0 tx=0).handle_hello peer v2:172.21.15.151:3300/0 says I am v2:172.21.15.151:32934/0 (socket says 172.21.15.151:32934)
2024-04-26T22:53:12.628 INFO:teuthology.orchestra.run.smithi151.stdout:/usr/bin/ceph: stderr
2024-04-26T22:53:11.642+0000 7fa6bbe00700 1 -- 172.21.15.151:0/2000234271 learned_addr learned my addr 172.21.15.151:0/2000234271 (peer_addr_for_me v2:172.21.15.151:0/0)
2024-04-26T22:53:12.628 INFO:teuthology.orchestra.run.smithi151.stdout:/usr/bin/ceph: stderr
2024-04-26T22:53:11.642+0000 7fa6bbe00700 1 -- 172.21.15.151:0/2000234271 --> [v2:172.21.15.151:3300/0,v1:172.21.15.151:6789/0] -- mon_subscribe({config=0+,monmap=0+}) -- 0x7fa6bc1a3500 con 0x7fa6bc07eee0
2024-04-26T22:53:12.628 INFO:teuthology.orchestra.run.smithi151.stdout:/usr/bin/ceph: stderr
2024-04-26T22:53:11.643+0000 7fa6bbe00700 1 --2- 172.21.15.151:0/2000234271 >> [v2:172.21.15.151:3300/0,v1:172.21.15.151:6789/0] conn(0x7fa6bc07eee0 0x7fa6bc1a2fc0 secure :-1 s=READY pgs=44 cs=0 l=1 rev1=1 crypto rx=0x7fa6ac0119b0 tx=0x7fa6ac011a90 comp rx=0 tx=0).ready entity=mon.0 client_cookie=0 server_cookie=0 in_seq=0 out_seq=0
2024-04-26T22:53:12.629 INFO:teuthology.orchestra.run.smithi151.stdout:/usr/bin/ceph: stderr
2024-04-26T22:53:11.643+0000 7fa6b8c00700 1 -- 172.21.15.151:0/2000234271 <== mon.0 v2:172.21.15.151:3300/0 1 ==== mon_map magic: 0 ==== 205+0+0 (secure 0 0 0) 0x7fa6ac003af0 con 0x7fa6bc07eee0
2024-04-26T22:53:12.629 INFO:teuthology.orchestra.run.smithi151.stdout:/usr/bin/ceph: stderr
2024-04-26T22:53:11.643+0000 7fa6b8c00700 1 -- 172.21.15.151:0/2000234271 <== mon.0 v2:172.21.15.151:3300/0 2 ==== config(25 keys) ==== 1032+0+0 (secure 0 0 0) 0x7fa6ac01a8a0 con 0x7fa6bc07eee0
2024-04-26T22:53:12.629 INFO:teuthology.orchestra.run.smithi151.stdout:/usr/bin/ceph: stderr
2024-04-26T22:53:11.643+0000 7fa6c1600700 1 -- 172.21.15.151:0/2000234271 --> [v2:172.21.15.151:3300/0,v1:172.21.15.151:6789/0] -- mon_subscribe({mgrmap=0+}) -- 0x7fa6bc1a3790 con 0x7fa6bc07eee0
2024-04-26T22:53:12.629 INFO:teuthology.orchestra.run.smithi151.stdout:/usr/bin/ceph: stderr
2024-04-26T22:53:11.643+0000 7fa6b8c00700 1 -- 172.21.15.151:0/2000234271 <== mon.0 v2:172.21.15.151:3300/0 3 ==== mon_map magic: 0 ==== 205+0+0 (secure 0 0 0) 0x7fa6ac024830 con 0x7fa6bc07eee0
2024-04-26T22:53:12.629 INFO:teuthology.orchestra.run.smithi151.stdout:/usr/bin/ceph: stderr
2024-04-26T22:53:11.643+0000 7fa6c1600700 1 -- 172.21.15.151:0/2000234271 --> [v2:172.21.15.151:3300/0,v1:172.21.15.151:6789/0] -- mon_subscribe({osdmap=0}) -- 0x7fa6bc1a6480 con 0x7fa6bc07eee0
2024-04-26T22:53:12.629 INFO:teuthology.orchestra.run.smithi151.stdout:/usr/bin/ceph: stderr
2024-04-26T22:53:11.644+0000 7fa6c1600700 1 -- 172.21.15.151:0/2000234271 --> [v2:172.21.15.151:3300/0,v1:172.21.15.151:6789/0] -- mon_command({"prefix": "get_command_descriptions"} v 0) -- 0x7fa6bc064a80 con 0x7fa6bc07eee0
2024-04-26T22:53:12.629 INFO:teuthology.orchestra.run.smithi151.stdout:/usr/bin/ceph: stderr
2024-04-26T22:53:11.645+0000 7fa6b8c00700 1 -- 172.21.15.151:0/2000234271 <== mon.0 v2:172.21.15.151:3300/0 4 ==== mgrmap(e 8) ==== 46558+0+0 (secure 0 0 0) 0x7fa6ac022020 con 0x7fa6bc07eee0
2024-04-26T22:53:12.629 INFO:teuthology.orchestra.run.smithi151.stdout:/usr/bin/ceph: stderr
2024-04-26T22:53:11.645+0000 7fa6b8c00700 1 --2- 172.21.15.151:0/2000234271 >> [v2:172.21.15.151:6800/2553709886,v1:172.21.15.151:6801/2553709886] conn(0x7fa6a0039600 0x7fa6a003bac0 unknown :-1 s=NONE pgs=0 cs=0 l=1 rev1=0 crypto rx=0 tx=0 comp rx=0 tx=0).connect
2024-04-26T22:53:12.629 INFO:teuthology.orchestra.run.smithi151.stdout:/usr/bin/ceph: stderr
2024-04-26T22:53:11.645+0000 7fa6b8c00700 1 -- 172.21.15.151:0/2000234271 <== mon.0 v2:172.21.15.151:3300/0 5 ==== osd_map(2..2 src has 1..2) ==== 940+0+0 (secure 0 0 0) 0x7fa6ac04d9c0 con 0x7fa6bc07eee0
2024-04-26T22:53:12.629 INFO:teuthology.orchestra.run.smithi151.stdout:/usr/bin/ceph: stderr
2024-04-26T22:53:11.646+0000 7fa6bb400700 1 --2- 172.21.15.151:0/2000234271 >> [v2:172.21.15.151:6800/2553709886,v1:172.21.15.151:6801/2553709886] conn(0x7fa6a0039600 0x7fa6a003bac0 unknown :-1 s=BANNER_CONNECTING pgs=0 cs=0 l=1 rev1=0 crypto rx=0 tx=0 comp rx=0 tx=0)._handle_peer_banner_payload supported=3 required=0
2024-04-26T22:53:12.629 INFO:teuthology.orchestra.run.smithi151.stdout:/usr/bin/ceph: stderr
2024-04-26T22:53:11.646+0000 7fa6bb400700 1 --2- 172.21.15.151:0/2000234271 >> [v2:172.21.15.151:6800/2553709886,v1:172.21.15.151:6801/2553709886] conn(0x7fa6a0039600 0x7fa6a003bac0 secure :-1 s=READY pgs=10 cs=0 l=1 rev1=1 crypto rx=0x7fa6a8006fd0 tx=0x7fa6a8006e40 comp rx=0 tx=0).ready entity=mgr.14120 client_cookie=0 server_cookie=0 in_seq=0 out_seq=0
2024-04-26T22:53:12.629 INFO:teuthology.orchestra.run.smithi151.stdout:/usr/bin/ceph: stderr
2024-04-26T22:53:11.651+0000 7fa6b8c00700 1 -- 172.21.15.151:0/2000234271 <== mon.0 v2:172.21.15.151:3300/0 6 ==== mon_command_ack([{"prefix": "get_command_descriptions"}]=0 v0) ==== 72+0+188494 (secure 0 0 0) 0x7fa6ac02c3a0 con 0x7fa6bc07eee0
2024-04-26T22:53:12.629 INFO:teuthology.orchestra.run.smithi151.stdout:/usr/bin/ceph: stderr
2024-04-26T22:53:11.881+0000 7fa6c1600700 1 -- 172.21.15.151:0/2000234271 --> [v2:172.21.15.151:6800/2553709886,v1:172.21.15.151:6801/2553709886] -- mgr_command(tid 0: {"prefix": "cephadm get-pub-key", "target": ["mon-mgr", ""]}) -- 0x7fa6bc0008d0 con 0x7fa6a0039600
2024-04-26T22:53:12.629 INFO:teuthology.orchestra.run.smithi151.stdout:/usr/bin/ceph: stderr
2024-04-26T22:53:11.882+0000 7fa6b8c00700 1 -- 172.21.15.151:0/2000234271 <== mgr.14120 v2:172.21.15.151:6800/2553709886 1 ==== mgr_command_reply(tid 0: 0 ) ==== 8+0+595 (secure 0 0 0) 0x7fa6bc0008d0 con 0x7fa6a0039600
2024-04-26T22:53:12.630 INFO:teuthology.orchestra.run.smithi151.stdout:/usr/bin/ceph: stderr
2024-04-26T22:53:11.885+0000 7fa6c1600700 1 -- 172.21.15.151:0/2000234271 >> [v2:172.21.15.151:6800/2553709886,v1:172.21.15.151:6801/2553709886] conn(0x7fa6a0039600 msgr2=0x7fa6a003bac0 secure :-1 s=STATE_CONNECTION_ESTABLISHED l=1).mark_down
2024-04-26T22:53:12.630 INFO:teuthology.orchestra.run.smithi151.stdout:/usr/bin/ceph: stderr
2024-04-26T22:53:11.885+0000 7fa6c1600700 1 --2- 172.21.15.151:0/2000234271 >> [v2:172.21.15.151:6800/2553709886,v1:172.21.15.151:6801/2553709886] conn(0x7fa6a0039600 0x7fa6a003bac0 secure :-1 s=READY pgs=10 cs=0 l=1 rev1=1 crypto rx=0x7fa6a8006fd0 tx=0x7fa6a8006e40 comp rx=0 tx=0).stop
2024-04-26T22:53:12.630 INFO:teuthology.orchestra.run.smithi151.stdout:/usr/bin/ceph: stderr
2024-04-26T22:53:11.885+0000 7fa6c1600700 1 -- 172.21.15.151:0/2000234271 >> [v2:172.21.15.151:3300/0,v1:172.21.15.151:6789/0] conn(0x7fa6bc07eee0 msgr2=0x7fa6bc1a2fc0 secure :-1 s=STATE_CONNECTION_ESTABLISHED l=1).mark_down
2024-04-26T22:53:12.630 INFO:teuthology.orchestra.run.smithi151.stdout:/usr/bin/ceph: stderr
2024-04-26T22:53:11.885+0000 7fa6c1600700 1 --2- 172.21.15.151:0/2000234271 >> [v2:172.21.15.151:3300/0,v1:172.21.15.151:6789/0] conn(0x7fa6bc07eee0 0x7fa6bc1a2fc0 secure :-1 s=READY pgs=44 cs=0 l=1 rev1=1 crypto rx=0x7fa6ac0119b0 tx=0x7fa6ac011a90 comp rx=0 tx=0).stop
2024-04-26T22:53:12.630 INFO:teuthology.orchestra.run.smithi151.stdout:/usr/bin/ceph: stderr
2024-04-26T22:53:11.886+0000 7fa6c1600700 1 -- 172.21.15.151:0/2000234271 shutdown_connections
2024-04-26T22:53:12.630 INFO:teuthology.orchestra.run.smithi151.stdout:/usr/bin/ceph: stderr
2024-04-26T22:53:11.886+0000 7fa6c1600700 1 --2- 172.21.15.151:0/2000234271 >> [v2:172.21.15.151:6800/2553709886,v1:172.21.15.151:6801/2553709886] conn(0x7fa6a0039600 0x7fa6a003bac0 unknown :-1 s=CLOSED pgs=10 cs=0 l=1 rev1=1 crypto rx=0 tx=0 comp rx=0 tx=0).stop
2024-04-26T22:53:12.630 INFO:teuthology.orchestra.run.smithi151.stdout:/usr/bin/ceph: stderr
2024-04-26T22:53:11.886+0000 7fa6c1600700 1 --2- 172.21.15.151:0/2000234271 >> [v2:172.21.15.151:3300/0,v1:172.21.15.151:6789/0] conn(0x7fa6bc07eee0 0x7fa6bc1a2fc0 unknown :-1 s=CLOSED pgs=44 cs=0 l=1 rev1=1 crypto rx=0 tx=0 comp rx=0 tx=0).stop
2024-04-26T22:53:12.630 INFO:teuthology.orchestra.run.smithi151.stdout:/usr/bin/ceph: stderr
2024-04-26T22:53:11.886+0000 7fa6c1600700 1 -- 172.21.15.151:0/2000234271 >> 172.21.15.151:0/2000234271 conn(0x7fa6bc104130 msgr2=0x7fa6bc106520 unknown :-1 s=STATE_NONE l=0).mark_down
2024-04-26T22:53:12.630 INFO:teuthology.orchestra.run.smithi151.stdout:/usr/bin/ceph: stderr
2024-04-26T22:53:11.886+0000 7fa6c1600700 1 -- 172.21.15.151:0/2000234271 shutdown_connections
2024-04-26T22:53:12.630 INFO:teuthology.orchestra.run.smithi151.stdout:/usr/bin/ceph: stderr
2024-04-26T22:53:11.886+0000 7fa6c1600700 1 -- 172.21.15.151:0/2000234271 wait complete.
2024-04-26T22:53:12.631 INFO:teuthology.orchestra.run.smithi151.stdout:Wrote public SSH key to /home/ubuntu/cephtest/ceph.pub
2024-04-26T22:53:12.631 INFO:teuthology.orchestra.run.smithi151.stdout:Adding key to root@localhost authorized_keys...
2024-04-26T22:53:12.636 INFO:teuthology.orchestra.run.smithi151.stdout:Adding host smithi151...
2024-04-26T22:53:12.791 INFO:journalctl@ceph.mon.a.smithi151.stdout:Apr 26 22:53:12 smithi151 ceph-mon[27785]: from='client.14138 -' entity='client.admin' cmd=[{"prefix": "cephadm get-pub-key", "target": ["mon-mgr", ""]}]: dispatch
