2024-04-26T22:53:41.911+0000 7f0dc3e00700 1 --2- >> [v2:172.21.15.151:3300/0,v1:172.21.15.151:6789/0] conn(0x7f0dc407ddd0 0x7f0dc407c230 unknown :-1 s=HELLO_CONNECTING pgs=0 cs=0 l=0 rev1=1 crypto rx=0 tx=0 comp rx=0 tx=0).handle_hello peer v2:172.21.15.151:3300/0 says I am v2:172.21.15.151:41282/0 (socket says 172.21.15.151:41282)
2024-04-26T22:53:42.910 INFO:teuthology.orchestra.run.smithi151.stdout:/usr/bin/ceph: stderr
2024-04-26T22:53:41.911+0000 7f0dc3e00700 1 -- 172.21.15.151:0/4186128384 learned_addr learned my addr 172.21.15.151:0/4186128384 (peer_addr_for_me v2:172.21.15.151:0/0)
2024-04-26T22:53:42.910 INFO:teuthology.orchestra.run.smithi151.stdout:/usr/bin/ceph: stderr
2024-04-26T22:53:41.911+0000 7f0dc3e00700 1 -- 172.21.15.151:0/4186128384 --> [v2:172.21.15.151:3300/0,v1:172.21.15.151:6789/0] -- mon_subscribe({config=0+,monmap=0+}) -- 0x7f0dc407c980 con 0x7f0dc407ddd0
2024-04-26T22:53:42.910 INFO:teuthology.orchestra.run.smithi151.stdout:/usr/bin/ceph: stderr
2024-04-26T22:53:41.912+0000 7f0dc3e00700 1 --2- 172.21.15.151:0/4186128384 >> [v2:172.21.15.151:3300/0,v1:172.21.15.151:6789/0] conn(0x7f0dc407ddd0 0x7f0dc407c230 secure :-1 s=READY pgs=70 cs=0 l=1 rev1=1 crypto rx=0x7f0db40098a0 tx=0x7f0db4009bb0 comp rx=0 tx=0).ready entity=mon.0 client_cookie=51223301f3fe1e66 server_cookie=0 in_seq=0 out_seq=0
2024-04-26T22:53:42.911 INFO:teuthology.orchestra.run.smithi151.stdout:/usr/bin/ceph: stderr
2024-04-26T22:53:41.912+0000 7f0dc2a00700 1 -- 172.21.15.151:0/4186128384 <== mon.0 v2:172.21.15.151:3300/0 1 ==== mon_map magic: 0 ==== 205+0+0 (secure 0 0 0) 0x7f0db4004160 con 0x7f0dc407ddd0
2024-04-26T22:53:42.911 INFO:teuthology.orchestra.run.smithi151.stdout:/usr/bin/ceph: stderr
2024-04-26T22:53:41.912+0000 7f0dc2a00700 1 -- 172.21.15.151:0/4186128384 <== mon.0 v2:172.21.15.151:3300/0 2 ==== config(25 keys) ==== 1063+0+0 (secure 0 0 0) 0x7f0db4004300 con 0x7f0dc407ddd0
2024-04-26T22:53:42.911 INFO:teuthology.orchestra.run.smithi151.stdout:/usr/bin/ceph: stderr
2024-04-26T22:53:41.912+0000 7f0dc2a00700 1 -- 172.21.15.151:0/4186128384 <== mon.0 v2:172.21.15.151:3300/0 3 ==== mon_map magic: 0 ==== 205+0+0 (secure 0 0 0) 0x7f0db4011960 con 0x7f0dc407ddd0
2024-04-26T22:53:42.911 INFO:teuthology.orchestra.run.smithi151.stdout:/usr/bin/ceph: stderr
2024-04-26T22:53:41.913+0000 7f0dcaa00700 1 -- 172.21.15.151:0/4186128384 >> [v2:172.21.15.151:3300/0,v1:172.21.15.151:6789/0] conn(0x7f0dc407ddd0 msgr2=0x7f0dc407c230 secure :-1 s=STATE_CONNECTION_ESTABLISHED l=1).mark_down
2024-04-26T22:53:42.911 INFO:teuthology.orchestra.run.smithi151.stdout:/usr/bin/ceph: stderr
2024-04-26T22:53:41.913+0000 7f0dcaa00700 1 --2- 172.21.15.151:0/4186128384 >> [v2:172.21.15.151:3300/0,v1:172.21.15.151:6789/0] conn(0x7f0dc407ddd0 0x7f0dc407c230 secure :-1 s=READY pgs=70 cs=0 l=1 rev1=1 crypto rx=0x7f0db40098a0 tx=0x7f0db4009bb0 comp rx=0 tx=0).stop
2024-04-26T22:53:42.911 INFO:teuthology.orchestra.run.smithi151.stdout:/usr/bin/ceph: stderr
2024-04-26T22:53:41.913+0000 7f0dcaa00700 1 -- 172.21.15.151:0/4186128384 shutdown_connections
2024-04-26T22:53:42.911 INFO:teuthology.orchestra.run.smithi151.stdout:/usr/bin/ceph: stderr
2024-04-26T22:53:41.913+0000 7f0dcaa00700 1 --2- 172.21.15.151:0/4186128384 >> [v2:172.21.15.151:3300/0,v1:172.21.15.151:6789/0] conn(0x7f0dc407ddd0 0x7f0dc407c230 unknown :-1 s=CLOSED pgs=70 cs=0 l=1 rev1=1 crypto rx=0 tx=0 comp rx=0 tx=0).stop
2024-04-26T22:53:42.911 INFO:teuthology.orchestra.run.smithi151.stdout:/usr/bin/ceph: stderr
2024-04-26T22:53:41.913+0000 7f0dcaa00700 1 -- 172.21.15.151:0/4186128384 >> 172.21.15.151:0/4186128384 conn(0x7f0dc4104320 msgr2=0x7f0dc4106740 unknown :-1 s=STATE_NONE l=0).mark_down
2024-04-26T22:53:42.911 INFO:teuthology.orchestra.run.smithi151.stdout:/usr/bin/ceph: stderr
2024-04-26T22:53:41.913+0000 7f0dcaa00700 1 -- 172.21.15.151:0/4186128384 shutdown_connections
2024-04-26T22:53:42.911 INFO:teuthology.orchestra.run.smithi151.stdout:/usr/bin/ceph: stderr
2024-04-26T22:53:41.913+0000 7f0dcaa00700 1 -- 172.21.15.151:0/4186128384 wait complete.
2024-04-26T22:53:42.911 INFO:teuthology.orchestra.run.smithi151.stdout:/usr/bin/ceph: stderr
2024-04-26T22:53:41.914+0000 7f0dcaa00700 1 Processor -- start
2024-04-26T22:53:42.911 INFO:teuthology.orchestra.run.smithi151.stdout:/usr/bin/ceph: stderr
2024-04-26T22:53:41.914+0000 7f0dcaa00700 1 -- start start
2024-04-26T22:53:42.911 INFO:teuthology.orchestra.run.smithi151.stdout:/usr/bin/ceph: stderr
2024-04-26T22:53:41.915+0000 7f0dcaa00700 1 --2- >> [v2:172.21.15.151:3300/0,v1:172.21.15.151:6789/0] conn(0x7f0dc407ddd0 0x7f0dc419ee40 unknown :-1 s=NONE pgs=0 cs=0 l=1 rev1=0 crypto rx=0 tx=0 comp rx=0 tx=0).connect
2024-04-26T22:53:42.912 INFO:teuthology.orchestra.run.smithi151.stdout:/usr/bin/ceph: stderr
2024-04-26T22:53:41.915+0000 7f0dcaa00700 1 -- --> [v2:172.21.15.151:3300/0,v1:172.21.15.151:6789/0] -- mon_getmap magic: 0 -- 0x7f0dc410f310 con 0x7f0dc407ddd0
2024-04-26T22:53:42.912 INFO:teuthology.orchestra.run.smithi151.stdout:/usr/bin/ceph: stderr
2024-04-26T22:53:41.915+0000 7f0dc3e00700 1 --2- >> [v2:172.21.15.151:3300/0,v1:172.21.15.151:6789/0] conn(0x7f0dc407ddd0 0x7f0dc419ee40 unknown :-1 s=BANNER_CONNECTING pgs=0 cs=0 l=1 rev1=0 crypto rx=0 tx=0 comp rx=0 tx=0)._handle_peer_banner_payload supported=3 required=0
2024-04-26T22:53:42.912 INFO:teuthology.orchestra.run.smithi151.stdout:/usr/bin/ceph: stderr
2024-04-26T22:53:41.915+0000 7f0dc3e00700 1 --2- >> [v2:172.21.15.151:3300/0,v1:172.21.15.151:6789/0] conn(0x7f0dc407ddd0 0x7f0dc419ee40 unknown :-1 s=HELLO_CONNECTING pgs=0 cs=0 l=1 rev1=1 crypto rx=0 tx=0 comp rx=0 tx=0).handle_hello peer v2:172.21.15.151:3300/0 says I am v2:172.21.15.151:41292/0 (socket says 172.21.15.151:41292)
2024-04-26T22:53:42.912 INFO:teuthology.orchestra.run.smithi151.stdout:/usr/bin/ceph: stderr
2024-04-26T22:53:41.915+0000 7f0dc3e00700 1 -- 172.21.15.151:0/542043395 learned_addr learned my addr 172.21.15.151:0/542043395 (peer_addr_for_me v2:172.21.15.151:0/0)
2024-04-26T22:53:42.912 INFO:teuthology.orchestra.run.smithi151.stdout:/usr/bin/ceph: stderr
2024-04-26T22:53:41.916+0000 7f0dc3e00700 1 -- 172.21.15.151:0/542043395 --> [v2:172.21.15.151:3300/0,v1:172.21.15.151:6789/0] -- mon_subscribe({config=0+,monmap=0+}) -- 0x7f0dc419f380 con 0x7f0dc407ddd0
2024-04-26T22:53:42.912 INFO:teuthology.orchestra.run.smithi151.stdout:/usr/bin/ceph: stderr
2024-04-26T22:53:41.916+0000 7f0dc3e00700 1 --2- 172.21.15.151:0/542043395 >> [v2:172.21.15.151:3300/0,v1:172.21.15.151:6789/0] conn(0x7f0dc407ddd0 0x7f0dc419ee40 secure :-1 s=READY pgs=71 cs=0 l=1 rev1=1 crypto rx=0x7f0db4009520 tx=0x7f0db4011a30 comp rx=0 tx=0).ready entity=mon.0 client_cookie=0 server_cookie=0 in_seq=0 out_seq=0
2024-04-26T22:53:42.912 INFO:teuthology.orchestra.run.smithi151.stdout:/usr/bin/ceph: stderr
2024-04-26T22:53:41.916+0000 7f0dc0c00700 1 -- 172.21.15.151:0/542043395 <== mon.0 v2:172.21.15.151:3300/0 1 ==== mon_map magic: 0 ==== 205+0+0 (secure 0 0 0) 0x7f0db4003aa0 con 0x7f0dc407ddd0
2024-04-26T22:53:42.912 INFO:teuthology.orchestra.run.smithi151.stdout:/usr/bin/ceph: stderr
2024-04-26T22:53:41.916+0000 7f0dc0c00700 1 -- 172.21.15.151:0/542043395 <== mon.0 v2:172.21.15.151:3300/0 2 ==== config(25 keys) ==== 1063+0+0 (secure 0 0 0) 0x7f0db401b8d0 con 0x7f0dc407ddd0
2024-04-26T22:53:42.912 INFO:teuthology.orchestra.run.smithi151.stdout:/usr/bin/ceph: stderr
2024-04-26T22:53:41.916+0000 7f0dc0c00700 1 -- 172.21.15.151:0/542043395 <== mon.0 v2:172.21.15.151:3300/0 3 ==== mon_map magic: 0 ==== 205+0+0 (secure 0 0 0) 0x7f0db4023790 con 0x7f0dc407ddd0
2024-04-26T22:53:42.912 INFO:teuthology.orchestra.run.smithi151.stdout:/usr/bin/ceph: stderr
2024-04-26T22:53:41.916+0000 7f0dcaa00700 1 -- 172.21.15.151:0/542043395 --> [v2:172.21.15.151:3300/0,v1:172.21.15.151:6789/0] -- mon_subscribe({mgrmap=0+}) -- 0x7f0dc419f610 con 0x7f0dc407ddd0
2024-04-26T22:53:42.912 INFO:teuthology.orchestra.run.smithi151.stdout:/usr/bin/ceph: stderr
2024-04-26T22:53:41.916+0000 7f0dcaa00700 1 -- 172.21.15.151:0/542043395 --> [v2:172.21.15.151:3300/0,v1:172.21.15.151:6789/0] -- mon_subscribe({osdmap=0}) -- 0x7f0dc41a2300 con 0x7f0dc407ddd0
2024-04-26T22:53:42.912 INFO:teuthology.orchestra.run.smithi151.stdout:/usr/bin/ceph: stderr
2024-04-26T22:53:41.918+0000 7f0dcaa00700 1 -- 172.21.15.151:0/542043395 --> [v2:172.21.15.151:3300/0,v1:172.21.15.151:6789/0] -- mon_command({"prefix": "get_command_descriptions"} v 0) -- 0x7f0dc4064a80 con 0x7f0dc407ddd0
2024-04-26T22:53:42.912 INFO:teuthology.orchestra.run.smithi151.stdout:/usr/bin/ceph: stderr
2024-04-26T22:53:41.918+0000 7f0dc0c00700 1 -- 172.21.15.151:0/542043395 <== mon.0 v2:172.21.15.151:3300/0 4 ==== mgrmap(e 12) ==== 46571+0+0 (secure 0 0 0) 0x7f0db4023a00 con 0x7f0dc407ddd0
2024-04-26T22:53:42.912 INFO:teuthology.orchestra.run.smithi151.stdout:/usr/bin/ceph: stderr
2024-04-26T22:53:41.918+0000 7f0dc0c00700 1 --2- 172.21.15.151:0/542043395 >> [v2:172.21.15.151:6800/3030242288,v1:172.21.15.151:6801/3030242288] conn(0x7f0da8039660 0x7f0da803bb20 unknown :-1 s=NONE pgs=0 cs=0 l=1 rev1=0 crypto rx=0 tx=0 comp rx=0 tx=0).connect
2024-04-26T22:53:42.913 INFO:teuthology.orchestra.run.smithi151.stdout:/usr/bin/ceph: stderr
2024-04-26T22:53:41.918+0000 7f0dc0c00700 1 -- 172.21.15.151:0/542043395 <== mon.0 v2:172.21.15.151:3300/0 5 ==== osd_map(3..3 src has 1..3) ==== 1155+0+0 (secure 0 0 0) 0x7f0db404dfe0 con 0x7f0dc407ddd0
2024-04-26T22:53:42.913 INFO:teuthology.orchestra.run.smithi151.stdout:/usr/bin/ceph: stderr
2024-04-26T22:53:41.919+0000 7f0dc3400700 1 --2- 172.21.15.151:0/542043395 >> [v2:172.21.15.151:6800/3030242288,v1:172.21.15.151:6801/3030242288] conn(0x7f0da8039660 0x7f0da803bb20 unknown :-1 s=BANNER_CONNECTING pgs=0 cs=0 l=1 rev1=0 crypto rx=0 tx=0 comp rx=0 tx=0)._handle_peer_banner_payload supported=3 required=0
2024-04-26T22:53:42.913 INFO:teuthology.orchestra.run.smithi151.stdout:/usr/bin/ceph: stderr
2024-04-26T22:53:41.920+0000 7f0dc3400700 1 --2- 172.21.15.151:0/542043395 >> [v2:172.21.15.151:6800/3030242288,v1:172.21.15.151:6801/3030242288] conn(0x7f0da8039660 0x7f0da803bb20 secure :-1 s=READY pgs=7 cs=0 l=1 rev1=1 crypto rx=0x7f0db0006fd0 tx=0x7f0db0006e40 comp rx=0 tx=0).ready entity=mgr.14152 client_cookie=0 server_cookie=0 in_seq=0 out_seq=0
2024-04-26T22:53:42.913 INFO:teuthology.orchestra.run.smithi151.stdout:/usr/bin/ceph: stderr
2024-04-26T22:53:41.924+0000 7f0dc0c00700 1 -- 172.21.15.151:0/542043395 <== mon.0 v2:172.21.15.151:3300/0 6 ==== mon_command_ack([{"prefix": "get_command_descriptions"}]=0 v0) ==== 72+0+188494 (secure 0 0 0) 0x7f0db401f030 con 0x7f0dc407ddd0
2024-04-26T22:53:42.913 INFO:teuthology.orchestra.run.smithi151.stdout:/usr/bin/ceph: stderr
2024-04-26T22:53:42.163+0000 7f0dcaa00700 1 -- 172.21.15.151:0/542043395 --> [v2:172.21.15.151:6800/3030242288,v1:172.21.15.151:6801/3030242288] -- mgr_command(tid 0: {"prefix": "dashboard create-self-signed-cert", "target": ["mon-mgr", ""]}) -- 0x7f0dc4105520 con 0x7f0da8039660
2024-04-26T22:53:42.913 INFO:teuthology.orchestra.run.smithi151.stdout:/usr/bin/ceph: stderr
2024-04-26T22:53:42.255+0000 7f0dc0c00700 1 -- 172.21.15.151:0/542043395 <== mgr.14152 v2:172.21.15.151:6800/3030242288 1 ==== mgr_command_reply(tid 0: 0 ) ==== 8+0+32 (secure 0 0 0) 0x7f0dc4105520 con 0x7f0da8039660
2024-04-26T22:53:42.913 INFO:teuthology.orchestra.run.smithi151.stdout:/usr/bin/ceph: stderr
2024-04-26T22:53:42.258+0000 7f0dcaa00700 1 -- 172.21.15.151:0/542043395 >> [v2:172.21.15.151:6800/3030242288,v1:172.21.15.151:6801/3030242288] conn(0x7f0da8039660 msgr2=0x7f0da803bb20 secure :-1 s=STATE_CONNECTION_ESTABLISHED l=1).mark_down
2024-04-26T22:53:42.913 INFO:teuthology.orchestra.run.smithi151.stdout:/usr/bin/ceph: stderr
2024-04-26T22:53:42.258+0000 7f0dcaa00700 1 --2- 172.21.15.151:0/542043395 >> [v2:172.21.15.151:6800/3030242288,v1:172.21.15.151:6801/3030242288] conn(0x7f0da8039660 0x7f0da803bb20 secure :-1 s=READY pgs=7 cs=0 l=1 rev1=1 crypto rx=0x7f0db0006fd0 tx=0x7f0db0006e40 comp rx=0 tx=0).stop
2024-04-26T22:53:42.913 INFO:teuthology.orchestra.run.smithi151.stdout:/usr/bin/ceph: stderr
2024-04-26T22:53:42.258+0000 7f0dcaa00700 1 -- 172.21.15.151:0/542043395 >> [v2:172.21.15.151:3300/0,v1:172.21.15.151:6789/0] conn(0x7f0dc407ddd0 msgr2=0x7f0dc419ee40 secure :-1 s=STATE_CONNECTION_ESTABLISHED l=1).mark_down
2024-04-26T22:53:42.913 INFO:teuthology.orchestra.run.smithi151.stdout:/usr/bin/ceph: stderr
2024-04-26T22:53:42.258+0000 7f0dcaa00700 1 --2- 172.21.15.151:0/542043395 >> [v2:172.21.15.151:3300/0,v1:172.21.15.151:6789/0] conn(0x7f0dc407ddd0 0x7f0dc419ee40 secure :-1 s=READY pgs=71 cs=0 l=1 rev1=1 crypto rx=0x7f0db4009520 tx=0x7f0db4011a30 comp rx=0 tx=0).stop
2024-04-26T22:53:42.913 INFO:teuthology.orchestra.run.smithi151.stdout:/usr/bin/ceph: stderr
2024-04-26T22:53:42.258+0000 7f0dcaa00700 1 -- 172.21.15.151:0/542043395 shutdown_connections
2024-04-26T22:53:42.913 INFO:teuthology.orchestra.run.smithi151.stdout:/usr/bin/ceph: stderr
2024-04-26T22:53:42.258+0000 7f0dcaa00700 1 --2- 172.21.15.151:0/542043395 >> [v2:172.21.15.151:6800/3030242288,v1:172.21.15.151:6801/3030242288] conn(0x7f0da8039660 0x7f0da803bb20 unknown :-1 s=CLOSED pgs=7 cs=0 l=1 rev1=1 crypto rx=0 tx=0 comp rx=0 tx=0).stop
2024-04-26T22:53:42.913 INFO:teuthology.orchestra.run.smithi151.stdout:/usr/bin/ceph: stderr
2024-04-26T22:53:42.258+0000 7f0dcaa00700 1 --2- 172.21.15.151:0/542043395 >> [v2:172.21.15.151:3300/0,v1:172.21.15.151:6789/0] conn(0x7f0dc407ddd0 0x7f0dc419ee40 unknown :-1 s=CLOSED pgs=71 cs=0 l=1 rev1=1 crypto rx=0 tx=0 comp rx=0 tx=0).stop
2024-04-26T22:53:42.913 INFO:teuthology.orchestra.run.smithi151.stdout:/usr/bin/ceph: stderr
2024-04-26T22:53:42.258+0000 7f0dcaa00700 1 -- 172.21.15.151:0/542043395 >> 172.21.15.151:0/542043395 conn(0x7f0dc4104320 msgr2=0x7f0dc4104e10 unknown :-1 s=STATE_NONE l=0).mark_down
2024-04-26T22:53:42.914 INFO:teuthology.orchestra.run.smithi151.stdout:/usr/bin/ceph: stderr
2024-04-26T22:53:42.258+0000 7f0dcaa00700 1 -- 172.21.15.151:0/542043395 shutdown_connections
2024-04-26T22:53:42.914 INFO:teuthology.orchestra.run.smithi151.stdout:/usr/bin/ceph: stderr
2024-04-26T22:53:42.259+0000 7f0dcaa00700 1 -- 172.21.15.151:0/542043395 wait complete.
2024-04-26T22:53:42.914 INFO:teuthology.orchestra.run.smithi151.stdout:Creating initial admin user...
2024-04-26T22:53:43.508 INFO:journalctl@ceph.mon.a.smithi151.stdout:Apr 26 22:53:43 smithi151 ceph-mon[27785]: from='client.14164 -' entity='client.admin' cmd=[{"prefix": "dashboard create-self-signed-cert", "target": ["mon-mgr", ""]}]: dispatch
2024-04-26T22:53:43.508 INFO:journalctl@ceph.mon.a.smithi151.stdout:Apr 26 22:53:43 smithi151 ceph-mon[27785]: from='mgr.14152 172.21.15.151:0/3261036058' entity='mgr.x'
2024-04-26T22:53:43.508 INFO:journalctl@ceph.mon.a.smithi151.stdout:Apr 26 22:53:43 smithi151 ceph-mon[27785]: from='mgr.14152 172.21.15.151:0/3261036058' entity='mgr.x'
2024-04-26T22:53:44.674 INFO:teuthology.orchestra.run.smithi151.stdout:/usr/bin/ceph: stdout {"username": "admin", "password": "$2b$12$louTzxhMuimM4Y9HhCxFBOv0JlxhhwxYoZCH6HtlncF6bygk3xHAW", "roles": ["administrator"], "name": null, "email": null, "lastUpdate": 1714172024, "enabled": true, "pwdExpirationDate": null, "pwdUpdateRequired": true}
2024-04-26T22:53:44.675 INFO:teuthology.orchestra.run.smithi151.stdout:/usr/bin/ceph: stderr
2024-04-26T22:53:43.507+0000 7fd652000700 1 Processor -- start
2024-04-26T22:53:44.675 INFO:teuthology.orchestra.run.smithi151.stdout:/usr/bin/ceph: stderr
2024-04-26T22:53:43.507+0000 7fd652000700 1 -- start start
2024-04-26T22:53:44.675 INFO:teuthology.orchestra.run.smithi151.stdout:/usr/bin/ceph: stderr
2024-04-26T22:53:43.508+0000 7fd652000700 1 --2- >> [v2:172.21.15.151:3300/0,v1:172.21.15.151:6789/0] conn(0x7fd64c07dd50 0x7fd64c07c1b0 unknown :-1 s=NONE pgs=0 cs=0 l=0 rev1=0 crypto rx=0 tx=0 comp rx=0 tx=0).connect
2024-04-26T22:53:44.675 INFO:teuthology.orchestra.run.smithi151.stdout:/usr/bin/ceph: stderr
2024-04-26T22:53:43.508+0000 7fd652000700 1 -- --> [v2:172.21.15.151:3300/0,v1:172.21.15.151:6789/0] -- mon_getmap magic: 0 -- 0x7fd64c07c780 con 0x7fd64c07dd50
2024-04-26T22:53:44.675 INFO:teuthology.orchestra.run.smithi151.stdout:/usr/bin/ceph: stderr
2024-04-26T22:53:43.508+0000 7fd64b400700 1 --2- >> [v2:172.21.15.151:3300/0,v1:172.21.15.151:6789/0] conn(0x7fd64c07dd50 0x7fd64c07c1b0 unknown :-1 s=BANNER_CONNECTING pgs=0 cs=0 l=0 rev1=0 crypto rx=0 tx=0 comp rx=0 tx=0)._handle_peer_banner_payload supported=3 required=0
2024-04-26T22:53:44.676 INFO:teuthology.orchestra.run.smithi151.stdout:/usr/bin/ceph: stderr
2024-04-26T22:53:43.508+0000 7fd64b400700 1 --2- >> [v2:172.21.15.151:3300/0,v1:172.21.15.151:6789/0] conn(0x7fd64c07dd50 0x7fd64c07c1b0 unknown :-1 s=HELLO_CONNECTING pgs=0 cs=0 l=0 rev1=1 crypto rx=0 tx=0 comp rx=0 tx=0).handle_hello peer v2:172.21.15.151:3300/0 says I am v2:172.21.15.151:47508/0 (socket says 172.21.15.151:47508)
2024-04-26T22:53:44.676 INFO:teuthology.orchestra.run.smithi151.stdout:/usr/bin/ceph: stderr
2024-04-26T22:53:43.508+0000 7fd64b400700 1 -- 172.21.15.151:0/3391041824 learned_addr learned my addr 172.21.15.151:0/3391041824 (peer_addr_for_me v2:172.21.15.151:0/0)
2024-04-26T22:53:44.676 INFO:teuthology.orchestra.run.smithi151.stdout:/usr/bin/ceph: stderr
2024-04-26T22:53:43.509+0000 7fd64b400700 1 -- 172.21.15.151:0/3391041824 --> [v2:172.21.15.151:3300/0,v1:172.21.15.151:6789/0] -- mon_subscribe({config=0+,monmap=0+}) -- 0x7fd64c07c900 con 0x7fd64c07dd50
2024-04-26T22:53:44.676 INFO:teuthology.orchestra.run.smithi151.stdout:/usr/bin/ceph: stderr
2024-04-26T22:53:43.509+0000 7fd64b400700 1 --2- 172.21.15.151:0/3391041824 >> [v2:172.21.15.151:3300/0,v1:172.21.15.151:6789/0] conn(0x7fd64c07dd50 0x7fd64c07c1b0 secure :-1 s=READY pgs=72 cs=0 l=1 rev1=1 crypto rx=0x7fd63c0098a0 tx=0x7fd63c009bb0 comp rx=0 tx=0).ready entity=mon.0 client_cookie=356663bed4a44c49 server_cookie=0 in_seq=0 out_seq=0
2024-04-26T22:53:44.676 INFO:teuthology.orchestra.run.smithi151.stdout:/usr/bin/ceph: stderr
2024-04-26T22:53:43.510+0000 7fd64a000700 1 -- 172.21.15.151:0/3391041824 <== mon.0 v2:172.21.15.151:3300/0 1 ==== mon_map magic: 0 ==== 205+0+0 (secure 0 0 0) 0x7fd63c004160 con 0x7fd64c07dd50
2024-04-26T22:53:44.676 INFO:teuthology.orchestra.run.smithi151.stdout:/usr/bin/ceph: stderr
2024-04-26T22:53:43.510+0000 7fd64a000700 1 -- 172.21.15.151:0/3391041824 <== mon.0 v2:172.21.15.151:3300/0 2 ==== config(25 keys) ==== 1063+0+0 (secure 0 0 0) 0x7fd63c004300 con 0x7fd64c07dd50
2024-04-26T22:53:44.676 INFO:teuthology.orchestra.run.smithi151.stdout:/usr/bin/ceph: stderr
2024-04-26T22:53:43.510+0000 7fd64a000700 1 -- 172.21.15.151:0/3391041824 <== mon.0 v2:172.21.15.151:3300/0 3 ==== mon_map magic: 0 ==== 205+0+0 (secure 0 0 0) 0x7fd63c011960 con 0x7fd64c07dd50
2024-04-26T22:53:44.676 INFO:teuthology.orchestra.run.smithi151.stdout:/usr/bin/ceph: stderr
2024-04-26T22:53:43.510+0000 7fd652000700 1 -- 172.21.15.151:0/3391041824 >> [v2:172.21.15.151:3300/0,v1:172.21.15.151:6789/0] conn(0x7fd64c07dd50 msgr2=0x7fd64c07c1b0 secure :-1 s=STATE_CONNECTION_ESTABLISHED l=1).mark_down
2024-04-26T22:53:44.677 INFO:teuthology.orchestra.run.smithi151.stdout:/usr/bin/ceph: stderr
2024-04-26T22:53:43.510+0000 7fd652000700 1 --2- 172.21.15.151:0/3391041824 >> [v2:172.21.15.151:3300/0,v1:172.21.15.151:6789/0] conn(0x7fd64c07dd50 0x7fd64c07c1b0 secure :-1 s=READY pgs=72 cs=0 l=1 rev1=1 crypto rx=0x7fd63c0098a0 tx=0x7fd63c009bb0 comp rx=0 tx=0).stop
2024-04-26T22:53:44.677 INFO:teuthology.orchestra.run.smithi151.stdout:/usr/bin/ceph: stderr
2024-04-26T22:53:43.511+0000 7fd652000700 1 -- 172.21.15.151:0/3391041824 shutdown_connections
2024-04-26T22:53:44.677 INFO:teuthology.orchestra.run.smithi151.stdout:/usr/bin/ceph: stderr
2024-04-26T22:53:43.511+0000 7fd652000700 1 --2- 172.21.15.151:0/3391041824 >> [v2:172.21.15.151:3300/0,v1:172.21.15.151:6789/0] conn(0x7fd64c07dd50 0x7fd64c07c1b0 unknown :-1 s=CLOSED pgs=72 cs=0 l=1 rev1=1 crypto rx=0 tx=0 comp rx=0 tx=0).stop
2024-04-26T22:53:44.677 INFO:teuthology.orchestra.run.smithi151.stdout:/usr/bin/ceph: stderr
2024-04-26T22:53:43.511+0000 7fd652000700 1 -- 172.21.15.151:0/3391041824 >> 172.21.15.151:0/3391041824 conn(0x7fd64c104320 msgr2=0x7fd64c106740 unknown :-1 s=STATE_NONE l=0).mark_down
2024-04-26T22:53:44.677 INFO:teuthology.orchestra.run.smithi151.stdout:/usr/bin/ceph: stderr
2024-04-26T22:53:43.511+0000 7fd652000700 1 -- 172.21.15.151:0/3391041824 shutdown_connections
2024-04-26T22:53:44.677 INFO:teuthology.orchestra.run.smithi151.stdout:/usr/bin/ceph: stderr
2024-04-26T22:53:43.511+0000 7fd652000700 1 -- 172.21.15.151:0/3391041824 wait complete.
2024-04-26T22:53:44.677 INFO:teuthology.orchestra.run.smithi151.stdout:/usr/bin/ceph: stderr
2024-04-26T22:53:43.512+0000 7fd652000700 1 Processor -- start
2024-04-26T22:53:44.677 INFO:teuthology.orchestra.run.smithi151.stdout:/usr/bin/ceph: stderr
2024-04-26T22:53:43.512+0000 7fd652000700 1 -- start start
2024-04-26T22:53:44.677 INFO:teuthology.orchestra.run.smithi151.stdout:/usr/bin/ceph: stderr
2024-04-26T22:53:43.512+0000 7fd652000700 1 --2- >> [v2:172.21.15.151:3300/0,v1:172.21.15.151:6789/0] conn(0x7fd64c07dd50 0x7fd64c19ee00 unknown :-1 s=NONE pgs=0 cs=0 l=1 rev1=0 crypto rx=0 tx=0 comp rx=0 tx=0).connect
2024-04-26T22:53:44.677 INFO:teuthology.orchestra.run.smithi151.stdout:/usr/bin/ceph: stderr
2024-04-26T22:53:43.512+0000 7fd652000700 1 -- --> [v2:172.21.15.151:3300/0,v1:172.21.15.151:6789/0] -- mon_getmap magic: 0 -- 0x7fd64c10f2e0 con 0x7fd64c07dd50
2024-04-26T22:53:44.677 INFO:teuthology.orchestra.run.smithi151.stdout:/usr/bin/ceph: stderr
2024-04-26T22:53:43.512+0000 7fd64b400700 1 --2- >> [v2:172.21.15.151:3300/0,v1:172.21.15.151:6789/0] conn(0x7fd64c07dd50 0x7fd64c19ee00 unknown :-1 s=BANNER_CONNECTING pgs=0 cs=0 l=1 rev1=0 crypto rx=0 tx=0 comp rx=0 tx=0)._handle_peer_banner_payload supported=3 required=0
2024-04-26T22:53:44.677 INFO:teuthology.orchestra.run.smithi151.stdout:/usr/bin/ceph: stderr
2024-04-26T22:53:43.512+0000 7fd64b400700 1 --2- >> [v2:172.21.15.151:3300/0,v1:172.21.15.151:6789/0] conn(0x7fd64c07dd50 0x7fd64c19ee00 unknown :-1 s=HELLO_CONNECTING pgs=0 cs=0 l=1 rev1=1 crypto rx=0 tx=0 comp rx=0 tx=0).handle_hello peer v2:172.21.15.151:3300/0 says I am v2:172.21.15.151:47510/0 (socket says 172.21.15.151:47510)
2024-04-26T22:53:44.677 INFO:teuthology.orchestra.run.smithi151.stdout:/usr/bin/ceph: stderr
2024-04-26T22:53:43.512+0000 7fd64b400700 1 -- 172.21.15.151:0/1955644659 learned_addr learned my addr 172.21.15.151:0/1955644659 (peer_addr_for_me v2:172.21.15.151:0/0)
2024-04-26T22:53:44.677 INFO:teuthology.orchestra.run.smithi151.stdout:/usr/bin/ceph: stderr
2024-04-26T22:53:43.513+0000 7fd64b400700 1 -- 172.21.15.151:0/1955644659 --> [v2:172.21.15.151:3300/0,v1:172.21.15.151:6789/0] -- mon_subscribe({config=0+,monmap=0+}) -- 0x7fd64c19f340 con 0x7fd64c07dd50
2024-04-26T22:53:44.677 INFO:teuthology.orchestra.run.smithi151.stdout:/usr/bin/ceph: stderr
2024-04-26T22:53:43.513+0000 7fd64b400700 1 --2- 172.21.15.151:0/1955644659 >> [v2:172.21.15.151:3300/0,v1:172.21.15.151:6789/0] conn(0x7fd64c07dd50 0x7fd64c19ee00 secure :-1 s=READY pgs=73 cs=0 l=1 rev1=1 crypto rx=0x7fd63c011670 tx=0x7fd63c011a30 comp rx=0 tx=0).ready entity=mon.0 client_cookie=0 server_cookie=0 in_seq=0 out_seq=0
2024-04-26T22:53:44.678 INFO:teuthology.orchestra.run.smithi151.stdout:/usr/bin/ceph: stderr
2024-04-26T22:53:43.513+0000 7fd643e00700 1 -- 172.21.15.151:0/1955644659 <== mon.0 v2:172.21.15.151:3300/0 1 ==== mon_map magic: 0 ==== 205+0+0 (secure 0 0 0) 0x7fd63c01f070 con 0x7fd64c07dd50
2024-04-26T22:53:44.678 INFO:teuthology.orchestra.run.smithi151.stdout:/usr/bin/ceph: stderr
2024-04-26T22:53:43.513+0000 7fd643e00700 1 -- 172.21.15.151:0/1955644659 <== mon.0 v2:172.21.15.151:3300/0 2 ==== config(25 keys) ==== 1063+0+0 (secure 0 0 0) 0x7fd63c003b20 con 0x7fd64c07dd50
2024-04-26T22:53:44.678 INFO:teuthology.orchestra.run.smithi151.stdout:/usr/bin/ceph: stderr
2024-04-26T22:53:43.513+0000 7fd643e00700 1 -- 172.21.15.151:0/1955644659 <== mon.0 v2:172.21.15.151:3300/0 3 ==== mon_map magic: 0 ==== 205+0+0 (secure 0 0 0) 0x7fd63c0195f0 con 0x7fd64c07dd50
2024-04-26T22:53:44.678 INFO:teuthology.orchestra.run.smithi151.stdout:/usr/bin/ceph: stderr
2024-04-26T22:53:43.513+0000 7fd652000700 1 -- 172.21.15.151:0/1955644659 --> [v2:172.21.15.151:3300/0,v1:172.21.15.151:6789/0] -- mon_subscribe({mgrmap=0+}) -- 0x7fd64c19f5d0 con 0x7fd64c07dd50
2024-04-26T22:53:44.678 INFO:teuthology.orchestra.run.smithi151.stdout:/usr/bin/ceph: stderr
2024-04-26T22:53:43.514+0000 7fd652000700 1 -- 172.21.15.151:0/1955644659 --> [v2:172.21.15.151:3300/0,v1:172.21.15.151:6789/0] -- mon_subscribe({osdmap=0}) -- 0x7fd64c1a22c0 con 0x7fd64c07dd50
2024-04-26T22:53:44.678 INFO:teuthology.orchestra.run.smithi151.stdout:/usr/bin/ceph: stderr
2024-04-26T22:53:43.515+0000 7fd652000700 1 -- 172.21.15.151:0/1955644659 --> [v2:172.21.15.151:3300/0,v1:172.21.15.151:6789/0] -- mon_command({"prefix": "get_command_descriptions"} v 0) -- 0x7fd64c064a80 con 0x7fd64c07dd50
2024-04-26T22:53:44.678 INFO:teuthology.orchestra.run.smithi151.stdout:/usr/bin/ceph: stderr
2024-04-26T22:53:43.515+0000 7fd643e00700 1 -- 172.21.15.151:0/1955644659 <== mon.0 v2:172.21.15.151:3300/0 4 ==== mgrmap(e 12) ==== 46571+0+0 (secure 0 0 0) 0x7fd63c022070 con 0x7fd64c07dd50
2024-04-26T22:53:44.678 INFO:teuthology.orchestra.run.smithi151.stdout:/usr/bin/ceph: stderr
2024-04-26T22:53:43.516+0000 7fd643e00700 1 --2- 172.21.15.151:0/1955644659 >> [v2:172.21.15.151:6800/3030242288,v1:172.21.15.151:6801/3030242288] conn(0x7fd630039660 0x7fd63003bb20 unknown :-1 s=NONE pgs=0 cs=0 l=1 rev1=0 crypto rx=0 tx=0 comp rx=0 tx=0).connect
2024-04-26T22:53:44.678 INFO:teuthology.orchestra.run.smithi151.stdout:/usr/bin/ceph: stderr
2024-04-26T22:53:43.516+0000 7fd643e00700 1 -- 172.21.15.151:0/1955644659 <== mon.0 v2:172.21.15.151:3300/0 5 ==== osd_map(3..3 src has 1..3) ==== 1155+0+0 (secure 0 0 0) 0x7fd63c04dc70 con 0x7fd64c07dd50
2024-04-26T22:53:44.678 INFO:teuthology.orchestra.run.smithi151.stdout:/usr/bin/ceph: stderr
2024-04-26T22:53:43.516+0000 7fd64aa00700 1 --2- 172.21.15.151:0/1955644659 >> [v2:172.21.15.151:6800/3030242288,v1:172.21.15.151:6801/3030242288] conn(0x7fd630039660 0x7fd63003bb20 unknown :-1 s=BANNER_CONNECTING pgs=0 cs=0 l=1 rev1=0 crypto rx=0 tx=0 comp rx=0 tx=0)._handle_peer_banner_payload supported=3 required=0
2024-04-26T22:53:44.678 INFO:teuthology.orchestra.run.smithi151.stdout:/usr/bin/ceph: stderr
2024-04-26T22:53:43.517+0000 7fd64aa00700 1 --2- 172.21.15.151:0/1955644659 >> [v2:172.21.15.151:6800/3030242288,v1:172.21.15.151:6801/3030242288] conn(0x7fd630039660 0x7fd63003bb20 secure :-1 s=READY pgs=8 cs=0 l=1 rev1=1 crypto rx=0x7fd638006fd0 tx=0x7fd638006e40 comp rx=0 tx=0).ready entity=mgr.14152 client_cookie=0 server_cookie=0 in_seq=0 out_seq=0
2024-04-26T22:53:44.678 INFO:teuthology.orchestra.run.smithi151.stdout:/usr/bin/ceph: stderr
2024-04-26T22:53:43.521+0000 7fd643e00700 1 -- 172.21.15.151:0/1955644659 <== mon.0 v2:172.21.15.151:3300/0 6 ==== mon_command_ack([{"prefix": "get_command_descriptions"}]=0 v0) ==== 72+0+188494 (secure 0 0 0) 0x7fd63c01b490 con 0x7fd64c07dd50
2024-04-26T22:53:44.679 INFO:teuthology.orchestra.run.smithi151.stdout:/usr/bin/ceph: stderr
2024-04-26T22:53:43.769+0000 7fd652000700 1 -- 172.21.15.151:0/1955644659 --> [v2:172.21.15.151:6800/3030242288,v1:172.21.15.151:6801/3030242288] -- mgr_command(tid 0: {"prefix": "dashboard ac-user-create", "username": "admin", "rolename": "administrator", "force_password": true, "pwd_update_required": true, "target": ["mon-mgr", ""]}) -- 0x7fd64c1a2550 con 0x7fd630039660
2024-04-26T22:53:44.679 INFO:teuthology.orchestra.run.smithi151.stdout:/usr/bin/ceph: stderr
2024-04-26T22:53:44.006+0000 7fd643e00700 1 -- 172.21.15.151:0/1955644659 <== mgr.14152 v2:172.21.15.151:6800/3030242288 1 ==== mgr_command_reply(tid 0: 0 ) ==== 8+0+252 (secure 0 0 0) 0x7fd64c1a2550 con 0x7fd630039660
2024-04-26T22:53:44.679 INFO:teuthology.orchestra.run.smithi151.stdout:/usr/bin/ceph: stderr
2024-04-26T22:53:44.008+0000 7fd652000700 1 -- 172.21.15.151:0/1955644659 >> [v2:172.21.15.151:6800/3030242288,v1:172.21.15.151:6801/3030242288] conn(0x7fd630039660 msgr2=0x7fd63003bb20 secure :-1 s=STATE_CONNECTION_ESTABLISHED l=1).mark_down
2024-04-26T22:53:44.679 INFO:teuthology.orchestra.run.smithi151.stdout:/usr/bin/ceph: stderr
2024-04-26T22:53:44.008+0000 7fd652000700 1 --2- 172.21.15.151:0/1955644659 >> [v2:172.21.15.151:6800/3030242288,v1:172.21.15.151:6801/3030242288] conn(0x7fd630039660 0x7fd63003bb20 secure :-1 s=READY pgs=8 cs=0 l=1 rev1=1 crypto rx=0x7fd638006fd0 tx=0x7fd638006e40 comp rx=0 tx=0).stop
2024-04-26T22:53:44.679 INFO:teuthology.orchestra.run.smithi151.stdout:/usr/bin/ceph: stderr
2024-04-26T22:53:44.008+0000 7fd652000700 1 -- 172.21.15.151:0/1955644659 >> [v2:172.21.15.151:3300/0,v1:172.21.15.151:6789/0] conn(0x7fd64c07dd50 msgr2=0x7fd64c19ee00 secure :-1 s=STATE_CONNECTION_ESTABLISHED l=1).mark_down
2024-04-26T22:53:44.679 INFO:teuthology.orchestra.run.smithi151.stdout:/usr/bin/ceph: stderr
2024-04-26T22:53:44.008+0000 7fd652000700 1 --2- 172.21.15.151:0/1955644659 >> [v2:172.21.15.151:3300/0,v1:172.21.15.151:6789/0] conn(0x7fd64c07dd50 0x7fd64c19ee00 secure :-1 s=READY pgs=73 cs=0 l=1 rev1=1 crypto rx=0x7fd63c011670 tx=0x7fd63c011a30 comp rx=0 tx=0).stop
2024-04-26T22:53:44.679 INFO:teuthology.orchestra.run.smithi151.stdout:/usr/bin/ceph: stderr
2024-04-26T22:53:44.008+0000 7fd652000700 1 -- 172.21.15.151:0/1955644659 shutdown_connections
2024-04-26T22:53:44.679 INFO:teuthology.orchestra.run.smithi151.stdout:/usr/bin/ceph: stderr
2024-04-26T22:53:44.008+0000 7fd652000700 1 --2- 172.21.15.151:0/1955644659 >> [v2:172.21.15.151:6800/3030242288,v1:172.21.15.151:6801/3030242288] conn(0x7fd630039660 0x7fd63003bb20 unknown :-1 s=CLOSED pgs=8 cs=0 l=1 rev1=1 crypto rx=0 tx=0 comp rx=0 tx=0).stop
2024-04-26T22:53:44.679 INFO:teuthology.orchestra.run.smithi151.stdout:/usr/bin/ceph: stderr
2024-04-26T22:53:44.008+0000 7fd652000700 1 --2- 172.21.15.151:0/1955644659 >> [v2:172.21.15.151:3300/0,v1:172.21.15.151:6789/0] conn(0x7fd64c07dd50 0x7fd64c19ee00 unknown :-1 s=CLOSED pgs=73 cs=0 l=1 rev1=1 crypto rx=0 tx=0 comp rx=0 tx=0).stop
2024-04-26T22:53:44.679 INFO:teuthology.orchestra.run.smithi151.stdout:/usr/bin/ceph: stderr
2024-04-26T22:53:44.008+0000 7fd652000700 1 -- 172.21.15.151:0/1955644659 >> 172.21.15.151:0/1955644659 conn(0x7fd64c104320 msgr2=0x7fd64c104dc0 unknown :-1 s=STATE_NONE l=0).mark_down
2024-04-26T22:53:44.679 INFO:teuthology.orchestra.run.smithi151.stdout:/usr/bin/ceph: stderr
2024-04-26T22:53:44.009+0000 7fd652000700 1 -- 172.21.15.151:0/1955644659 shutdown_connections
2024-04-26T22:53:44.679 INFO:teuthology.orchestra.run.smithi151.stdout:/usr/bin/ceph: stderr
2024-04-26T22:53:44.009+0000 7fd652000700 1 -- 172.21.15.151:0/1955644659 wait complete.
2024-04-26T22:53:44.679 INFO:teuthology.orchestra.run.smithi151.stdout:Fetching dashboard port number...
2024-04-26T22:53:44.910 INFO:journalctl@ceph.mon.a.smithi151.stdout:Apr 26 22:53:44 smithi151 ceph-mon[27785]: from='client.14166 -' entity='client.admin' cmd=[{"prefix": "dashboard ac-user-create", "username": "admin", "rolename": "administrator", "force_password": true, "pwd_update_required": true, "target": ["mon-mgr", ""]}]: dispatch
2024-04-26T22:53:44.911 INFO:journalctl@ceph.mon.a.smithi151.stdout:Apr 26 22:53:44 smithi151 ceph-mon[27785]: from='mgr.14152 172.21.15.151:0/3261036058' entity='mgr.x'
2024-04-26T22:53:44.911 INFO:journalctl@ceph.mon.a.smithi151.stdout:Apr 26 22:53:44 smithi151 ceph-mon[27785]: from='mgr.14152 172.21.15.151:0/3261036058' entity='mgr.x'
2024-04-26T22:53:46.155 INFO:journalctl@ceph.mon.a.smithi151.stdout:Apr 26 22:53:45 smithi151 ceph-mon[27785]: from='client.? 172.21.15.151:0/2775726490' entity='client.admin' cmd=[{"prefix": "config get", "who": "mgr", "key": "mgr/dashboard/ssl_server_port"}]: dispatch
2024-04-26T22:53:46.612 INFO:teuthology.orchestra.run.smithi151.stdout:/usr/bin/ceph: stdout 8443
2024-04-26T22:53:46.612 INFO:teuthology.orchestra.run.smithi151.stdout:/usr/bin/ceph: stderr
2024-04-26T22:53:45.193+0000 7f6881c00700 1 Processor -- start
2024-04-26T22:53:46.612 INFO:teuthology.orchestra.run.smithi151.stdout:/usr/bin/ceph: stderr
2024-04-26T22:53:45.193+0000 7f6881c00700 1 -- start start
2024-04-26T22:53:46.612 INFO:teuthology.orchestra.run.smithi151.stdout:/usr/bin/ceph: stderr
2024-04-26T22:53:45.194+0000 7f6881c00700 1 --2- >> [v2:172.21.15.151:3300/0,v1:172.21.15.151:6789/0] conn(0x7f687c07dd70 0x7f687c07c1d0 unknown :-1 s=NONE pgs=0 cs=0 l=0 rev1=0 crypto rx=0 tx=0 comp rx=0 tx=0).connect
2024-04-26T22:53:46.612 INFO:teuthology.orchestra.run.smithi151.stdout:/usr/bin/ceph: stderr
2024-04-26T22:53:45.194+0000 7f6881c00700 1 -- --> [v2:172.21.15.151:3300/0,v1:172.21.15.151:6789/0] -- mon_getmap magic: 0 -- 0x7f687c07c7a0 con 0x7f687c07dd70
2024-04-26T22:53:46.618 INFO:teuthology.orchestra.run.smithi151.stdout:/usr/bin/ceph: stderr
2024-04-26T22:53:45.194+0000 7f687aa00700 1 --2- >> [v2:172.21.15.151:3300/0,v1:172.21.15.151:6789/0] conn(0x7f687c07dd70 0x7f687c07c1d0 unknown :-1 s=BANNER_CONNECTING pgs=0 cs=0 l=0 rev1=0 crypto rx=0 tx=0 comp rx=0 tx=0)._handle_peer_banner_payload supported=3 required=0
2024-04-26T22:53:46.618 INFO:teuthology.orchestra.run.smithi151.stdout:/usr/bin/ceph: stderr
2024-04-26T22:53:45.194+0000 7f687aa00700 1 --2- >> [v2:172.21.15.151:3300/0,v1:172.21.15.151:6789/0] conn(0x7f687c07dd70 0x7f687c07c1d0 unknown :-1 s=HELLO_CONNECTING pgs=0 cs=0 l=0 rev1=1 crypto rx=0 tx=0 comp rx=0 tx=0).handle_hello peer v2:172.21.15.151:3300/0 says I am v2:172.21.15.151:47526/0 (socket says 172.21.15.151:47526)
2024-04-26T22:53:46.618 INFO:teuthology.orchestra.run.smithi151.stdout:/usr/bin/ceph: stderr
2024-04-26T22:53:45.194+0000 7f687aa00700 1 -- 172.21.15.151:0/4154308227 learned_addr learned my addr 172.21.15.151:0/4154308227 (peer_addr_for_me v2:172.21.15.151:0/0)
2024-04-26T22:53:46.618 INFO:teuthology.orchestra.run.smithi151.stdout:/usr/bin/ceph: stderr
2024-04-26T22:53:45.194+0000 7f687aa00700 1 -- 172.21.15.151:0/4154308227 --> [v2:172.21.15.151:3300/0,v1:172.21.15.151:6789/0] -- mon_subscribe({config=0+,monmap=0+}) -- 0x7f687c07c920 con 0x7f687c07dd70
2024-04-26T22:53:46.618 INFO:teuthology.orchestra.run.smithi151.stdout:/usr/bin/ceph: stderr
2024-04-26T22:53:45.195+0000 7f687aa00700 1 --2- 172.21.15.151:0/4154308227 >> [v2:172.21.15.151:3300/0,v1:172.21.15.151:6789/0] conn(0x7f687c07dd70 0x7f687c07c1d0 secure :-1 s=READY pgs=74 cs=0 l=1 rev1=1 crypto rx=0x7f686c0098a0 tx=0x7f686c009bb0 comp rx=0 tx=0).ready entity=mon.0 client_cookie=c9bd9f56595cb1ee server_cookie=0 in_seq=0 out_seq=0
2024-04-26T22:53:46.618 INFO:teuthology.orchestra.run.smithi151.stdout:/usr/bin/ceph: stderr
2024-04-26T22:53:45.195+0000 7f6879600700 1 -- 172.21.15.151:0/4154308227 <== mon.0 v2:172.21.15.151:3300/0 1 ==== mon_map magic: 0 ==== 205+0+0 (secure 0 0 0) 0x7f686c004160 con 0x7f687c07dd70
2024-04-26T22:53:46.618 INFO:teuthology.orchestra.run.smithi151.stdout:/usr/bin/ceph: stderr
2024-04-26T22:53:45.195+0000 7f6879600700 1 -- 172.21.15.151:0/4154308227 <== mon.0 v2:172.21.15.151:3300/0 2 ==== config(25 keys) ==== 1063+0+0 (secure 0 0 0) 0x7f686c004300 con 0x7f687c07dd70
2024-04-26T22:53:46.619 INFO:teuthology.orchestra.run.smithi151.stdout:/usr/bin/ceph: stderr
2024-04-26T22:53:45.195+0000 7f6879600700 1 -- 172.21.15.151:0/4154308227 <== mon.0 v2:172.21.15.151:3300/0 3 ==== mon_map magic: 0 ==== 205+0+0 (secure 0 0 0) 0x7f686c011960 con 0x7f687c07dd70
2024-04-26T22:53:46.619 INFO:teuthology.orchestra.run.smithi151.stdout:/usr/bin/ceph: stderr
2024-04-26T22:53:45.196+0000 7f6881c00700 1 -- 172.21.15.151:0/4154308227 >> [v2:172.21.15.151:3300/0,v1:172.21.15.151:6789/0] conn(0x7f687c07dd70 msgr2=0x7f687c07c1d0 secure :-1 s=STATE_CONNECTION_ESTABLISHED l=1).mark_down
2024-04-26T22:53:46.619 INFO:teuthology.orchestra.run.smithi151.stdout:/usr/bin/ceph: stderr
2024-04-26T22:53:45.196+0000 7f6881c00700 1 --2- 172.21.15.151:0/4154308227 >> [v2:172.21.15.151:3300/0,v1:172.21.15.151:6789/0] conn(0x7f687c07dd70 0x7f687c07c1d0 secure :-1 s=READY pgs=74 cs=0 l=1 rev1=1 crypto rx=0x7f686c0098a0 tx=0x7f686c009bb0 comp rx=0 tx=0).stop
2024-04-26T22:53:46.619 INFO:teuthology.orchestra.run.smithi151.stdout:/usr/bin/ceph: stderr
2024-04-26T22:53:45.196+0000 7f6881c00700 1 -- 172.21.15.151:0/4154308227 shutdown_connections
2024-04-26T22:53:46.619 INFO:teuthology.orchestra.run.smithi151.stdout:/usr/bin/ceph: stderr
2024-04-26T22:53:45.196+0000 7f6881c00700 1 --2- 172.21.15.151:0/4154308227 >> [v2:172.21.15.151:3300/0,v1:172.21.15.151:6789/0] conn(0x7f687c07dd70 0x7f687c07c1d0 unknown :-1 s=CLOSED pgs=74 cs=0 l=1 rev1=1 crypto rx=0 tx=0 comp rx=0 tx=0).stop
2024-04-26T22:53:46.619 INFO:teuthology.orchestra.run.smithi151.stdout:/usr/bin/ceph: stderr
2024-04-26T22:53:45.196+0000 7f6881c00700 1 -- 172.21.15.151:0/4154308227 >> 172.21.15.151:0/4154308227 conn(0x7f687c104320 msgr2=0x7f687c106740 unknown :-1 s=STATE_NONE l=0).mark_down
2024-04-26T22:53:46.619 INFO:teuthology.orchestra.run.smithi151.stdout:/usr/bin/ceph: stderr
2024-04-26T22:53:45.196+0000 7f6881c00700 1 -- 172.21.15.151:0/4154308227 shutdown_connections
2024-04-26T22:53:46.619 INFO:teuthology.orchestra.run.smithi151.stdout:/usr/bin/ceph: stderr
2024-04-26T22:53:45.196+0000 7f6881c00700 1 -- 172.21.15.151:0/4154308227 wait complete.
2024-04-26T22:53:46.619 INFO:teuthology.orchestra.run.smithi151.stdout:/usr/bin/ceph: stderr
2024-04-26T22:53:45.198+0000 7f6881c00700 1 Processor -- start
2024-04-26T22:53:46.619 INFO:teuthology.orchestra.run.smithi151.stdout:/usr/bin/ceph: stderr
2024-04-26T22:53:45.198+0000 7f6881c00700 1 -- start start
2024-04-26T22:53:46.619 INFO:teuthology.orchestra.run.smithi151.stdout:/usr/bin/ceph: stderr
2024-04-26T22:53:45.198+0000 7f6881c00700 1 --2- >> [v2:172.21.15.151:3300/0,v1:172.21.15.151:6789/0] conn(0x7f687c07dd70 0x7f687c19edc0 unknown :-1 s=NONE pgs=0 cs=0 l=1 rev1=0 crypto rx=0 tx=0 comp rx=0 tx=0).connect
2024-04-26T22:53:46.619 INFO:teuthology.orchestra.run.smithi151.stdout:/usr/bin/ceph: stderr
2024-04-26T22:53:45.198+0000 7f6881c00700 1 -- --> [v2:172.21.15.151:3300/0,v1:172.21.15.151:6789/0] -- mon_getmap magic: 0 -- 0x7f687c10f320 con 0x7f687c07dd70
2024-04-26T22:53:46.619 INFO:teuthology.orchestra.run.smithi151.stdout:/usr/bin/ceph: stderr
2024-04-26T22:53:45.198+0000 7f687aa00700 1 --2- >> [v2:172.21.15.151:3300/0,v1:172.21.15.151:6789/0] conn(0x7f687c07dd70 0x7f687c19edc0 unknown :-1 s=BANNER_CONNECTING pgs=0 cs=0 l=1 rev1=0 crypto rx=0 tx=0 comp rx=0 tx=0)._handle_peer_banner_payload supported=3 required=0
2024-04-26T22:53:46.619 INFO:teuthology.orchestra.run.smithi151.stdout:/usr/bin/ceph: stderr
2024-04-26T22:53:45.198+0000 7f687aa00700 1 --2- >> [v2:172.21.15.151:3300/0,v1:172.21.15.151:6789/0] conn(0x7f687c07dd70 0x7f687c19edc0 unknown :-1 s=HELLO_CONNECTING pgs=0 cs=0 l=1 rev1=1 crypto rx=0 tx=0 comp rx=0 tx=0).handle_hello peer v2:172.21.15.151:3300/0 says I am v2:172.21.15.151:47528/0 (socket says 172.21.15.151:47528)
2024-04-26T22:53:46.620 INFO:teuthology.orchestra.run.smithi151.stdout:/usr/bin/ceph: stderr
2024-04-26T22:53:45.198+0000 7f687aa00700 1 -- 172.21.15.151:0/2775726490 learned_addr learned my addr 172.21.15.151:0/2775726490 (peer_addr_for_me v2:172.21.15.151:0/0)
2024-04-26T22:53:46.620 INFO:teuthology.orchestra.run.smithi151.stdout:/usr/bin/ceph: stderr
2024-04-26T22:53:45.199+0000 7f687aa00700 1 -- 172.21.15.151:0/2775726490 --> [v2:172.21.15.151:3300/0,v1:172.21.15.151:6789/0] -- mon_subscribe({config=0+,monmap=0+}) -- 0x7f687c19f300 con 0x7f687c07dd70
2024-04-26T22:53:46.620 INFO:teuthology.orchestra.run.smithi151.stdout:/usr/bin/ceph: stderr
2024-04-26T22:53:45.199+0000 7f687aa00700 1 --2- 172.21.15.151:0/2775726490 >> [v2:172.21.15.151:3300/0,v1:172.21.15.151:6789/0] conn(0x7f687c07dd70 0x7f687c19edc0 secure :-1 s=READY pgs=75 cs=0 l=1 rev1=1 crypto rx=0x7f686c011670 tx=0x7f686c011a30 comp rx=0 tx=0).ready entity=mon.0 client_cookie=0 server_cookie=0 in_seq=0 out_seq=0
2024-04-26T22:53:46.620 INFO:teuthology.orchestra.run.smithi151.stdout:/usr/bin/ceph: stderr
2024-04-26T22:53:45.199+0000 7f6873400700 1 -- 172.21.15.151:0/2775726490 <== mon.0 v2:172.21.15.151:3300/0 1 ==== mon_map magic: 0 ==== 205+0+0 (secure 0 0 0) 0x7f686c01f070 con 0x7f687c07dd70
2024-04-26T22:53:46.620 INFO:teuthology.orchestra.run.smithi151.stdout:/usr/bin/ceph: stderr
2024-04-26T22:53:45.199+0000 7f6873400700 1 -- 172.21.15.151:0/2775726490 <== mon.0 v2:172.21.15.151:3300/0 2 ==== config(25 keys) ==== 1063+0+0 (secure 0 0 0) 0x7f686c003b20 con 0x7f687c07dd70
2024-04-26T22:53:46.620 INFO:teuthology.orchestra.run.smithi151.stdout:/usr/bin/ceph: stderr
2024-04-26T22:53:45.199+0000 7f6881c00700 1 -- 172.21.15.151:0/2775726490 --> [v2:172.21.15.151:3300/0,v1:172.21.15.151:6789/0] -- mon_subscribe({mgrmap=0+}) -- 0x7f687c19f590 con 0x7f687c07dd70
2024-04-26T22:53:46.620 INFO:teuthology.orchestra.run.smithi151.stdout:/usr/bin/ceph: stderr
2024-04-26T22:53:45.199+0000 7f6873400700 1 -- 172.21.15.151:0/2775726490 <== mon.0 v2:172.21.15.151:3300/0 3 ==== mon_map magic: 0 ==== 205+0+0 (secure 0 0 0) 0x7f686c0195f0 con 0x7f687c07dd70
2024-04-26T22:53:46.620 INFO:teuthology.orchestra.run.smithi151.stdout:/usr/bin/ceph: stderr
2024-04-26T22:53:45.200+0000 7f6881c00700 1 -- 172.21.15.151:0/2775726490 --> [v2:172.21.15.151:3300/0,v1:172.21.15.151:6789/0] -- mon_subscribe({osdmap=0}) -- 0x7f687c1a2280 con 0x7f687c07dd70
2024-04-26T22:53:46.620 INFO:teuthology.orchestra.run.smithi151.stdout:/usr/bin/ceph: stderr
2024-04-26T22:53:45.201+0000 7f6873400700 1 -- 172.21.15.151:0/2775726490 <== mon.0 v2:172.21.15.151:3300/0 4 ==== mgrmap(e 12) ==== 46571+0+0 (secure 0 0 0) 0x7f686c022070 con 0x7f687c07dd70
2024-04-26T22:53:46.620 INFO:teuthology.orchestra.run.smithi151.stdout:/usr/bin/ceph: stderr
2024-04-26T22:53:45.201+0000 7f6881c00700 1 -- 172.21.15.151:0/2775726490 --> [v2:172.21.15.151:3300/0,v1:172.21.15.151:6789/0] -- mon_command({"prefix": "get_command_descriptions"} v 0) -- 0x7f687c064a80 con 0x7f687c07dd70
2024-04-26T22:53:46.620 INFO:teuthology.orchestra.run.smithi151.stdout:/usr/bin/ceph: stderr
2024-04-26T22:53:45.202+0000 7f6873400700 1 --2- 172.21.15.151:0/2775726490 >> [v2:172.21.15.151:6800/3030242288,v1:172.21.15.151:6801/3030242288] conn(0x7f6860039600 0x7f686003bac0 unknown :-1 s=NONE pgs=0 cs=0 l=1 rev1=0 crypto rx=0 tx=0 comp rx=0 tx=0).connect
2024-04-26T22:53:46.620 INFO:teuthology.orchestra.run.smithi151.stdout:/usr/bin/ceph: stderr
2024-04-26T22:53:45.202+0000 7f6873400700 1 -- 172.21.15.151:0/2775726490 <== mon.0 v2:172.21.15.151:3300/0 5 ==== osd_map(3..3 src has 1..3) ==== 1155+0+0 (secure 0 0 0) 0x7f686c04dbe0 con 0x7f687c07dd70
2024-04-26T22:53:46.620 INFO:teuthology.orchestra.run.smithi151.stdout:/usr/bin/ceph: stderr
2024-04-26T22:53:45.202+0000 7f687a000700 1 --2- 172.21.15.151:0/2775726490 >> [v2:172.21.15.151:6800/3030242288,v1:172.21.15.151:6801/3030242288] conn(0x7f6860039600 0x7f686003bac0 unknown :-1 s=BANNER_CONNECTING pgs=0 cs=0 l=1 rev1=0 crypto rx=0 tx=0 comp rx=0 tx=0)._handle_peer_banner_payload supported=3 required=0
2024-04-26T22:53:46.621 INFO:teuthology.orchestra.run.smithi151.stdout:/usr/bin/ceph: stderr
2024-04-26T22:53:45.203+0000 7f687a000700 1 --2- 172.21.15.151:0/2775726490 >> [v2:172.21.15.151:6800/3030242288,v1:172.21.15.151:6801/3030242288] conn(0x7f6860039600 0x7f686003bac0 secure :-1 s=READY pgs=9 cs=0 l=1 rev1=1 crypto rx=0x7f6868006fd0 tx=0x7f6868006e40 comp rx=0 tx=0).ready entity=mgr.14152 client_cookie=0 server_cookie=0 in_seq=0 out_seq=0
2024-04-26T22:53:46.621 INFO:teuthology.orchestra.run.smithi151.stdout:/usr/bin/ceph: stderr
2024-04-26T22:53:45.207+0000 7f6873400700 1 -- 172.21.15.151:0/2775726490 <== mon.0 v2:172.21.15.151:3300/0 6 ==== mon_command_ack([{"prefix": "get_command_descriptions"}]=0 v0) ==== 72+0+188494 (secure 0 0 0) 0x7f686c01b490 con 0x7f687c07dd70
2024-04-26T22:53:46.621 INFO:teuthology.orchestra.run.smithi151.stdout:/usr/bin/ceph: stderr
2024-04-26T22:53:45.436+0000 7f6881c00700 1 -- 172.21.15.151:0/2775726490 --> [v2:172.21.15.151:3300/0,v1:172.21.15.151:6789/0] -- mon_command({"prefix": "config get", "who": "mgr", "key": "mgr/dashboard/ssl_server_port"} v 0) -- 0x7f687c1a2450 con 0x7f687c07dd70
2024-04-26T22:53:46.621 INFO:teuthology.orchestra.run.smithi151.stdout:/usr/bin/ceph: stderr
2024-04-26T22:53:45.437+0000 7f6873400700 1 -- 172.21.15.151:0/2775726490 <== mon.0 v2:172.21.15.151:3300/0 7 ==== mon_command_ack([{"prefix": "config get", "who": "mgr", "key": "mgr/dashboard/ssl_server_port"}]=0 v8) ==== 112+0+5 (secure 0 0 0) 0x7f686c01baf0 con 0x7f687c07dd70
2024-04-26T22:53:46.621 INFO:teuthology.orchestra.run.smithi151.stdout:/usr/bin/ceph: stderr
2024-04-26T22:53:45.440+0000 7f6881c00700 1 -- 172.21.15.151:0/2775726490 >> [v2:172.21.15.151:6800/3030242288,v1:172.21.15.151:6801/3030242288] conn(0x7f6860039600 msgr2=0x7f686003bac0 secure :-1 s=STATE_CONNECTION_ESTABLISHED l=1).mark_down
2024-04-26T22:53:46.621 INFO:teuthology.orchestra.run.smithi151.stdout:/usr/bin/ceph: stderr
2024-04-26T22:53:45.440+0000 7f6881c00700 1 --2- 172.21.15.151:0/2775726490 >> [v2:172.21.15.151:6800/3030242288,v1:172.21.15.151:6801/3030242288] conn(0x7f6860039600 0x7f686003bac0 secure :-1 s=READY pgs=9 cs=0 l=1 rev1=1 crypto rx=0x7f6868006fd0 tx=0x7f6868006e40 comp rx=0 tx=0).stop
2024-04-26T22:53:46.621 INFO:teuthology.orchestra.run.smithi151.stdout:/usr/bin/ceph: stderr
2024-04-26T22:53:45.440+0000 7f6881c00700 1 -- 172.21.15.151:0/2775726490 >> [v2:172.21.15.151:3300/0,v1:172.21.15.151:6789/0] conn(0x7f687c07dd70 msgr2=0x7f687c19edc0 secure :-1 s=STATE_CONNECTION_ESTABLISHED l=1).mark_down
2024-04-26T22:53:46.621 INFO:teuthology.orchestra.run.smithi151.stdout:/usr/bin/ceph: stderr
2024-04-26T22:53:45.440+0000 7f6881c00700 1 --2- 172.21.15.151:0/2775726490 >> [v2:172.21.15.151:3300/0,v1:172.21.15.151:6789/0] conn(0x7f687c07dd70 0x7f687c19edc0 secure :-1 s=READY pgs=75 cs=0 l=1 rev1=1 crypto rx=0x7f686c011670 tx=0x7f686c011a30 comp rx=0 tx=0).stop
2024-04-26T22:53:46.621 INFO:teuthology.orchestra.run.smithi151.stdout:/usr/bin/ceph: stderr
2024-04-26T22:53:45.440+0000 7f6881c00700 1 -- 172.21.15.151:0/2775726490 shutdown_connections
2024-04-26T22:53:46.621 INFO:teuthology.orchestra.run.smithi151.stdout:/usr/bin/ceph: stderr
2024-04-26T22:53:45.440+0000 7f6881c00700 1 --2- 172.21.15.151:0/2775726490 >> [v2:172.21.15.151:6800/3030242288,v1:172.21.15.151:6801/3030242288] conn(0x7f6860039600 0x7f686003bac0 unknown :-1 s=CLOSED pgs=9 cs=0 l=1 rev1=1 crypto rx=0 tx=0 comp rx=0 tx=0).stop
2024-04-26T22:53:46.621 INFO:teuthology.orchestra.run.smithi151.stdout:/usr/bin/ceph: stderr
2024-04-26T22:53:45.440+0000 7f6881c00700 1 --2- 172.21.15.151:0/2775726490 >> [v2:172.21.15.151:3300/0,v1:172.21.15.151:6789/0] conn(0x7f687c07dd70 0x7f687c19edc0 unknown :-1 s=CLOSED pgs=75 cs=0 l=1 rev1=1 crypto rx=0 tx=0 comp rx=0 tx=0).stop
2024-04-26T22:53:46.621 INFO:teuthology.orchestra.run.smithi151.stdout:/usr/bin/ceph: stderr
2024-04-26T22:53:45.440+0000 7f6881c00700 1 -- 172.21.15.151:0/2775726490 >> 172.21.15.151:0/2775726490 conn(0x7f687c104320 msgr2=0x7f687c104da0 unknown :-1 s=STATE_NONE l=0).mark_down
2024-04-26T22:53:46.621 INFO:teuthology.orchestra.run.smithi151.stdout:/usr/bin/ceph: stderr
2024-04-26T22:53:45.440+0000 7f6881c00700 1 -- 172.21.15.151:0/2775726490 shutdown_connections
2024-04-26T22:53:46.621 INFO:teuthology.orchestra.run.smithi151.stdout:/usr/bin/ceph: stderr
2024-04-26T22:53:45.440+0000 7f6881c00700 1 -- 172.21.15.151:0/2775726490 wait complete.
2024-04-26T22:53:46.647 INFO:teuthology.orchestra.run.smithi151.stdout:Non-zero exit code 1 from systemctl is-enabled firewalld.service
2024-04-26T22:53:46.647 INFO:teuthology.orchestra.run.smithi151.stdout:systemctl: stdout disabled
2024-04-26T22:53:46.669 INFO:teuthology.orchestra.run.smithi151.stdout:Non-zero exit code 3 from systemctl is-active firewalld.service
2024-04-26T22:53:46.669 INFO:teuthology.orchestra.run.smithi151.stdout:systemctl: stdout inactive
2024-04-26T22:53:46.669 INFO:teuthology.orchestra.run.smithi151.stdout:firewalld.service is not enabled
2024-04-26T22:53:46.670 INFO:teuthology.orchestra.run.smithi151.stdout:Not possible to open ports <[8443]>. firewalld.service is not available
2024-04-26T22:53:46.676 INFO:teuthology.orchestra.run.smithi151.stdout:Ceph Dashboard is now available at:
2024-04-26T22:53:46.676 INFO:teuthology.orchestra.run.smithi151.stdout:
2024-04-26T22:53:46.676 INFO:teuthology.orchestra.run.smithi151.stdout: URL: https://smithi151.front.sepia.ceph.com:8443/
2024-04-26T22:53:46.676 INFO:teuthology.orchestra.run.smithi151.stdout: User: admin
2024-04-26T22:53:46.676 INFO:teuthology.orchestra.run.smithi151.stdout: Password: eeh5syjkcz
2024-04-26T22:53:46.676 INFO:teuthology.orchestra.run.smithi151.stdout:
2024-04-26T22:53:46.677 INFO:teuthology.orchestra.run.smithi151.stdout:Saving cluster configuration to /var/lib/ceph/7973ecb2-041f-11ef-bc93-c7b262605968/config directory
2024-04-26T22:53:46.679 INFO:teuthology.orchestra.run.smithi151.stdout:Enabling autotune for osd_memory_target
2024-04-26T22:53:46.905 INFO:journalctl@ceph.mon.a.smithi151.stdout:Apr 26 22:53:46 smithi151 ceph-mon[27785]: mgrmap e13: x(active, since 6s)
2024-04-26T22:53:48.529 INFO:teuthology.orchestra.run.smithi151.stdout:/usr/bin/ceph: stderr
2024-04-26T22:53:47.549+0000 7f03dce00700 1 Processor -- start
2024-04-26T22:53:48.529 INFO:teuthology.orchestra.run.smithi151.stdout:/usr/bin/ceph: stderr
2024-04-26T22:53:47.550+0000 7f03dce00700 1 -- start start
2024-04-26T22:53:48.529 INFO:teuthology.orchestra.run.smithi151.stdout:/usr/bin/ceph: stderr
2024-04-26T22:53:47.550+0000 7f03dce00700 1 --2- >> [v2:172.21.15.151:3300/0,v1:172.21.15.151:6789/0] conn(0x7f03d810fcd0 0x7f03d81120c0 unknown :-1 s=NONE pgs=0 cs=0 l=0 rev1=0 crypto rx=0 tx=0 comp rx=0 tx=0).connect
