2024-04-26T22:56:40.994+0000 7f53d1337700 1 --2- 172.21.15.136:0/4043336875 >> [v2:172.21.15.136:3300/0,v1:172.21.15.136:6789/0] conn(0x7f53cc109750 0x7f53cc10bb40 secure :-1 s=READY pgs=22 cs=0 l=1 rev1=1 crypto rx=0x7f53c00098a0 tx=0x7f53c0009bb0 comp rx=0 tx=0).stop
2024-04-26T22:56:41.998 INFO:teuthology.orchestra.run.smithi136.stdout:/usr/bin/ceph: stderr
2024-04-26T22:56:40.994+0000 7f53d1337700 1 -- 172.21.15.136:0/4043336875 shutdown_connections
2024-04-26T22:56:41.998 INFO:teuthology.orchestra.run.smithi136.stdout:/usr/bin/ceph: stderr
2024-04-26T22:56:40.994+0000 7f53d1337700 1 --2- 172.21.15.136:0/4043336875 >> [v2:172.21.15.136:3300/0,v1:172.21.15.136:6789/0] conn(0x7f53cc109750 0x7f53cc10bb40 unknown :-1 s=CLOSED pgs=22 cs=0 l=1 rev1=1 crypto rx=0 tx=0 comp rx=0 tx=0).stop
2024-04-26T22:56:41.998 INFO:teuthology.orchestra.run.smithi136.stdout:/usr/bin/ceph: stderr
2024-04-26T22:56:40.994+0000 7f53d1337700 1 -- 172.21.15.136:0/4043336875 >> 172.21.15.136:0/4043336875 conn(0x7f53cc103140 msgr2=0x7f53cc105560 unknown :-1 s=STATE_NONE l=0).mark_down
2024-04-26T22:56:41.998 INFO:teuthology.orchestra.run.smithi136.stdout:/usr/bin/ceph: stderr
2024-04-26T22:56:40.994+0000 7f53d1337700 1 -- 172.21.15.136:0/4043336875 shutdown_connections
2024-04-26T22:56:41.998 INFO:teuthology.orchestra.run.smithi136.stdout:/usr/bin/ceph: stderr
2024-04-26T22:56:40.994+0000 7f53d1337700 1 -- 172.21.15.136:0/4043336875 wait complete.
2024-04-26T22:56:41.998 INFO:teuthology.orchestra.run.smithi136.stdout:/usr/bin/ceph: stderr
2024-04-26T22:56:40.995+0000 7f53d1337700 1 Processor -- start
2024-04-26T22:56:41.998 INFO:teuthology.orchestra.run.smithi136.stdout:/usr/bin/ceph: stderr
2024-04-26T22:56:40.995+0000 7f53d1337700 1 -- start start
2024-04-26T22:56:41.998 INFO:teuthology.orchestra.run.smithi136.stdout:/usr/bin/ceph: stderr
2024-04-26T22:56:40.995+0000 7f53d1337700 1 --2- >> [v2:172.21.15.136:3300/0,v1:172.21.15.136:6789/0] conn(0x7f53cc109750 0x7f53cc19cc20 unknown :-1 s=NONE pgs=0 cs=0 l=1 rev1=0 crypto rx=0 tx=0 comp rx=0 tx=0).connect
2024-04-26T22:56:41.999 INFO:teuthology.orchestra.run.smithi136.stdout:/usr/bin/ceph: stderr
2024-04-26T22:56:40.995+0000 7f53d1337700 1 -- --> [v2:172.21.15.136:3300/0,v1:172.21.15.136:6789/0] -- mon_getmap magic: 0 -- 0x7f53cc10cff0 con 0x7f53cc109750
2024-04-26T22:56:41.999 INFO:teuthology.orchestra.run.smithi136.stdout:/usr/bin/ceph: stderr
2024-04-26T22:56:40.995+0000 7f53caffd700 1 --2- >> [v2:172.21.15.136:3300/0,v1:172.21.15.136:6789/0] conn(0x7f53cc109750 0x7f53cc19cc20 unknown :-1 s=BANNER_CONNECTING pgs=0 cs=0 l=1 rev1=0 crypto rx=0 tx=0 comp rx=0 tx=0)._handle_peer_banner_payload supported=3 required=0
2024-04-26T22:56:41.999 INFO:teuthology.orchestra.run.smithi136.stdout:/usr/bin/ceph: stderr
2024-04-26T22:56:40.995+0000 7f53caffd700 1 --2- >> [v2:172.21.15.136:3300/0,v1:172.21.15.136:6789/0] conn(0x7f53cc109750 0x7f53cc19cc20 unknown :-1 s=HELLO_CONNECTING pgs=0 cs=0 l=1 rev1=1 crypto rx=0 tx=0 comp rx=0 tx=0).handle_hello peer v2:172.21.15.136:3300/0 says I am v2:172.21.15.136:46992/0 (socket says 172.21.15.136:46992)
2024-04-26T22:56:41.999 INFO:teuthology.orchestra.run.smithi136.stdout:/usr/bin/ceph: stderr
2024-04-26T22:56:40.995+0000 7f53caffd700 1 -- 172.21.15.136:0/188438763 learned_addr learned my addr 172.21.15.136:0/188438763 (peer_addr_for_me v2:172.21.15.136:0/0)
2024-04-26T22:56:41.999 INFO:teuthology.orchestra.run.smithi136.stdout:/usr/bin/ceph: stderr
2024-04-26T22:56:40.995+0000 7f53caffd700 1 -- 172.21.15.136:0/188438763 --> [v2:172.21.15.136:3300/0,v1:172.21.15.136:6789/0] -- mon_subscribe({config=0+,monmap=0+}) -- 0x7f53cc19d160 con 0x7f53cc109750
2024-04-26T22:56:41.999 INFO:teuthology.orchestra.run.smithi136.stdout:/usr/bin/ceph: stderr
2024-04-26T22:56:40.995+0000 7f53caffd700 1 --2- 172.21.15.136:0/188438763 >> [v2:172.21.15.136:3300/0,v1:172.21.15.136:6789/0] conn(0x7f53cc109750 0x7f53cc19cc20 secure :-1 s=READY pgs=23 cs=0 l=1 rev1=1 crypto rx=0x7f53c0003f40 tx=0x7f53c0011890 comp rx=0 tx=0).ready entity=mon.0 client_cookie=0 server_cookie=0 in_seq=0 out_seq=0
2024-04-26T22:56:41.999 INFO:teuthology.orchestra.run.smithi136.stdout:/usr/bin/ceph: stderr
2024-04-26T22:56:40.996+0000 7f53b3fff700 1 -- 172.21.15.136:0/188438763 <== mon.0 v2:172.21.15.136:3300/0 1 ==== mon_map magic: 0 ==== 205+0+0 (secure 0 0 0) 0x7f53c00038b0 con 0x7f53cc109750
2024-04-26T22:56:41.999 INFO:teuthology.orchestra.run.smithi136.stdout:/usr/bin/ceph: stderr
2024-04-26T22:56:40.996+0000 7f53b3fff700 1 -- 172.21.15.136:0/188438763 <== mon.0 v2:172.21.15.136:3300/0 2 ==== config(26 keys) ==== 1070+0+0 (secure 0 0 0) 0x7f53c0003a50 con 0x7f53cc109750
2024-04-26T22:56:41.999 INFO:teuthology.orchestra.run.smithi136.stdout:/usr/bin/ceph: stderr
2024-04-26T22:56:40.996+0000 7f53d1337700 1 -- 172.21.15.136:0/188438763 --> [v2:172.21.15.136:3300/0,v1:172.21.15.136:6789/0] -- mon_subscribe({mgrmap=0+}) -- 0x7f53cc19d3f0 con 0x7f53cc109750
2024-04-26T22:56:41.999 INFO:teuthology.orchestra.run.smithi136.stdout:/usr/bin/ceph: stderr
2024-04-26T22:56:40.996+0000 7f53b3fff700 1 -- 172.21.15.136:0/188438763 <== mon.0 v2:172.21.15.136:3300/0 3 ==== mon_map magic: 0 ==== 205+0+0 (secure 0 0 0) 0x7f53c001a5c0 con 0x7f53cc109750
2024-04-26T22:56:41.999 INFO:teuthology.orchestra.run.smithi136.stdout:/usr/bin/ceph: stderr
2024-04-26T22:56:40.996+0000 7f53d1337700 1 -- 172.21.15.136:0/188438763 --> [v2:172.21.15.136:3300/0,v1:172.21.15.136:6789/0] -- mon_subscribe({osdmap=0}) -- 0x7f53cc1a00e0 con 0x7f53cc109750
2024-04-26T22:56:41.999 INFO:teuthology.orchestra.run.smithi136.stdout:/usr/bin/ceph: stderr
2024-04-26T22:56:40.996+0000 7f53b3fff700 1 -- 172.21.15.136:0/188438763 <== mon.0 v2:172.21.15.136:3300/0 4 ==== mgrmap(e 4) ==== 46547+0+0 (secure 0 0 0) 0x7f53c001a8c0 con 0x7f53cc109750
2024-04-26T22:56:41.999 INFO:teuthology.orchestra.run.smithi136.stdout:/usr/bin/ceph: stderr
2024-04-26T22:56:40.997+0000 7f53d1337700 1 -- 172.21.15.136:0/188438763 --> [v2:172.21.15.136:3300/0,v1:172.21.15.136:6789/0] -- mon_command({"prefix": "get_command_descriptions"} v 0) -- 0x7f53cc064a80 con 0x7f53cc109750
2024-04-26T22:56:42.000 INFO:teuthology.orchestra.run.smithi136.stdout:/usr/bin/ceph: stderr
2024-04-26T22:56:40.997+0000 7f53b3fff700 1 --2- 172.21.15.136:0/188438763 >> [v2:172.21.15.136:6800/455012925,v1:172.21.15.136:6801/455012925] conn(0x7f53b4039510 0x7f53b403b9d0 unknown :-1 s=NONE pgs=0 cs=0 l=1 rev1=0 crypto rx=0 tx=0 comp rx=0 tx=0).connect
2024-04-26T22:56:42.000 INFO:teuthology.orchestra.run.smithi136.stdout:/usr/bin/ceph: stderr
2024-04-26T22:56:40.997+0000 7f53b3fff700 1 -- 172.21.15.136:0/188438763 <== mon.0 v2:172.21.15.136:3300/0 5 ==== osd_map(1..1 src has 1..1) ==== 725+0+0 (secure 0 0 0) 0x7f53c004dab0 con 0x7f53cc109750
2024-04-26T22:56:42.000 INFO:teuthology.orchestra.run.smithi136.stdout:/usr/bin/ceph: stderr
2024-04-26T22:56:40.997+0000 7f53ca7fc700 1 --2- 172.21.15.136:0/188438763 >> [v2:172.21.15.136:6800/455012925,v1:172.21.15.136:6801/455012925] conn(0x7f53b4039510 0x7f53b403b9d0 unknown :-1 s=BANNER_CONNECTING pgs=0 cs=0 l=1 rev1=0 crypto rx=0 tx=0 comp rx=0 tx=0)._handle_peer_banner_payload supported=3 required=0
2024-04-26T22:56:42.000 INFO:teuthology.orchestra.run.smithi136.stdout:/usr/bin/ceph: stderr
2024-04-26T22:56:40.997+0000 7f53ca7fc700 1 --2- 172.21.15.136:0/188438763 >> [v2:172.21.15.136:6800/455012925,v1:172.21.15.136:6801/455012925] conn(0x7f53b4039510 0x7f53b403b9d0 secure :-1 s=READY pgs=8 cs=0 l=1 rev1=1 crypto rx=0x7f53bc006fd0 tx=0x7f53bc006e40 comp rx=0 tx=0).ready entity=mgr.14100 client_cookie=0 server_cookie=0 in_seq=0 out_seq=0
2024-04-26T22:56:42.000 INFO:teuthology.orchestra.run.smithi136.stdout:/usr/bin/ceph: stderr
2024-04-26T22:56:41.002+0000 7f53b3fff700 1 -- 172.21.15.136:0/188438763 <== mon.0 v2:172.21.15.136:3300/0 6 ==== mon_command_ack([{"prefix": "get_command_descriptions"}]=0 v0) ==== 72+0+188494 (secure 0 0 0) 0x7f53c0019c70 con 0x7f53cc109750
2024-04-26T22:56:42.000 INFO:teuthology.orchestra.run.smithi136.stdout:/usr/bin/ceph: stderr
2024-04-26T22:56:41.256+0000 7f53d1337700 1 -- 172.21.15.136:0/188438763 --> [v2:172.21.15.136:3300/0,v1:172.21.15.136:6789/0] -- mon_command({"prefix": "mgr module enable", "module": "cephadm"} v 0) -- 0x7f53cc1a02b0 con 0x7f53cc109750
2024-04-26T22:56:42.000 INFO:teuthology.orchestra.run.smithi136.stdout:/usr/bin/ceph: stderr
2024-04-26T22:56:41.403+0000 7f53b3fff700 1 -- 172.21.15.136:0/188438763 <== mon.0 v2:172.21.15.136:3300/0 7 ==== mon_command_ack([{"prefix": "mgr module enable", "module": "cephadm"}]=0 v5) ==== 86+0+0 (secure 0 0 0) 0x7f53cc1a02b0 con 0x7f53cc109750
2024-04-26T22:56:42.000 INFO:teuthology.orchestra.run.smithi136.stdout:/usr/bin/ceph: stderr
2024-04-26T22:56:41.404+0000 7f53b3fff700 1 -- 172.21.15.136:0/188438763 <== mon.0 v2:172.21.15.136:3300/0 8 ==== mgrmap(e 5) ==== 46558+0+0 (secure 0 0 0) 0x7f53c002d910 con 0x7f53cc109750
2024-04-26T22:56:42.000 INFO:teuthology.orchestra.run.smithi136.stdout:/usr/bin/ceph: stderr
2024-04-26T22:56:41.406+0000 7f53d1337700 1 -- 172.21.15.136:0/188438763 >> [v2:172.21.15.136:6800/455012925,v1:172.21.15.136:6801/455012925] conn(0x7f53b4039510 msgr2=0x7f53b403b9d0 secure :-1 s=STATE_CONNECTION_ESTABLISHED l=1).mark_down
2024-04-26T22:56:42.000 INFO:teuthology.orchestra.run.smithi136.stdout:/usr/bin/ceph: stderr
2024-04-26T22:56:41.406+0000 7f53d1337700 1 --2- 172.21.15.136:0/188438763 >> [v2:172.21.15.136:6800/455012925,v1:172.21.15.136:6801/455012925] conn(0x7f53b4039510 0x7f53b403b9d0 secure :-1 s=READY pgs=8 cs=0 l=1 rev1=1 crypto rx=0x7f53bc006fd0 tx=0x7f53bc006e40 comp rx=0 tx=0).stop
2024-04-26T22:56:42.000 INFO:teuthology.orchestra.run.smithi136.stdout:/usr/bin/ceph: stderr
2024-04-26T22:56:41.406+0000 7f53d1337700 1 -- 172.21.15.136:0/188438763 >> [v2:172.21.15.136:3300/0,v1:172.21.15.136:6789/0] conn(0x7f53cc109750 msgr2=0x7f53cc19cc20 secure :-1 s=STATE_CONNECTION_ESTABLISHED l=1).mark_down
2024-04-26T22:56:42.000 INFO:teuthology.orchestra.run.smithi136.stdout:/usr/bin/ceph: stderr
2024-04-26T22:56:41.406+0000 7f53d1337700 1 --2- 172.21.15.136:0/188438763 >> [v2:172.21.15.136:3300/0,v1:172.21.15.136:6789/0] conn(0x7f53cc109750 0x7f53cc19cc20 secure :-1 s=READY pgs=23 cs=0 l=1 rev1=1 crypto rx=0x7f53c0003f40 tx=0x7f53c0011890 comp rx=0 tx=0).stop
2024-04-26T22:56:42.000 INFO:teuthology.orchestra.run.smithi136.stdout:/usr/bin/ceph: stderr
2024-04-26T22:56:41.406+0000 7f53d1337700 1 -- 172.21.15.136:0/188438763 shutdown_connections
2024-04-26T22:56:42.000 INFO:teuthology.orchestra.run.smithi136.stdout:/usr/bin/ceph: stderr
2024-04-26T22:56:41.406+0000 7f53d1337700 1 --2- 172.21.15.136:0/188438763 >> [v2:172.21.15.136:6800/455012925,v1:172.21.15.136:6801/455012925] conn(0x7f53b4039510 0x7f53b403b9d0 unknown :-1 s=CLOSED pgs=8 cs=0 l=1 rev1=1 crypto rx=0 tx=0 comp rx=0 tx=0).stop
2024-04-26T22:56:42.000 INFO:teuthology.orchestra.run.smithi136.stdout:/usr/bin/ceph: stderr
2024-04-26T22:56:41.406+0000 7f53d1337700 1 --2- 172.21.15.136:0/188438763 >> [v2:172.21.15.136:3300/0,v1:172.21.15.136:6789/0] conn(0x7f53cc109750 0x7f53cc19cc20 unknown :-1 s=CLOSED pgs=23 cs=0 l=1 rev1=1 crypto rx=0 tx=0 comp rx=0 tx=0).stop
2024-04-26T22:56:42.001 INFO:teuthology.orchestra.run.smithi136.stdout:/usr/bin/ceph: stderr
2024-04-26T22:56:41.406+0000 7f53d1337700 1 -- 172.21.15.136:0/188438763 >> 172.21.15.136:0/188438763 conn(0x7f53cc103140 msgr2=0x7f53cc103ca0 unknown :-1 s=STATE_NONE l=0).mark_down
2024-04-26T22:56:42.001 INFO:teuthology.orchestra.run.smithi136.stdout:/usr/bin/ceph: stderr
2024-04-26T22:56:41.406+0000 7f53d1337700 1 -- 172.21.15.136:0/188438763 shutdown_connections
2024-04-26T22:56:42.001 INFO:teuthology.orchestra.run.smithi136.stdout:/usr/bin/ceph: stderr
2024-04-26T22:56:41.406+0000 7f53d1337700 1 -- 172.21.15.136:0/188438763 wait complete.
2024-04-26T22:56:42.487 INFO:journalctl@ceph.mon.a.smithi136.stdout:Apr 26 22:56:42 smithi136 ceph-mon[29145]: from='client.? 172.21.15.136:0/188438763' entity='client.admin' cmd='[{"prefix": "mgr module enable", "module": "cephadm"}]': finished
2024-04-26T22:56:42.487 INFO:journalctl@ceph.mon.a.smithi136.stdout:Apr 26 22:56:42 smithi136 ceph-mon[29145]: mgrmap e5: x(active, since 6s)
2024-04-26T22:56:42.487 INFO:journalctl@ceph.mgr.x.smithi136.stdout:Apr 26 22:56:42 smithi136 ceph-042df91a-0420-11ef-bc93-c7b262605968-mgr-x[29380]:
2024-04-26T22:56:42.179+0000 7f25e3a7b200 -1 mgr[py] Module progress has missing NOTIFY_TYPES member
2024-04-26T22:56:42.487 INFO:journalctl@ceph.mgr.x.smithi136.stdout:Apr 26 22:56:42 smithi136 ceph-042df91a-0420-11ef-bc93-c7b262605968-mgr-x[29380]:
2024-04-26T22:56:42.270+0000 7f25e3a7b200 -1 mgr[py] Module influx has missing NOTIFY_TYPES member
2024-04-26T22:56:43.272 INFO:teuthology.orchestra.run.smithi136.stdout:/usr/bin/ceph: stdout {
2024-04-26T22:56:43.272 INFO:teuthology.orchestra.run.smithi136.stdout:/usr/bin/ceph: stdout "epoch": 5,
2024-04-26T22:56:43.273 INFO:teuthology.orchestra.run.smithi136.stdout:/usr/bin/ceph: stdout "available": true,
2024-04-26T22:56:43.273 INFO:teuthology.orchestra.run.smithi136.stdout:/usr/bin/ceph: stdout "active_name": "x",
2024-04-26T22:56:43.273 INFO:teuthology.orchestra.run.smithi136.stdout:/usr/bin/ceph: stdout "num_standby": 0
2024-04-26T22:56:43.273 INFO:teuthology.orchestra.run.smithi136.stdout:/usr/bin/ceph: stdout }
2024-04-26T22:56:43.273 INFO:teuthology.orchestra.run.smithi136.stdout:/usr/bin/ceph: stderr
2024-04-26T22:56:42.392+0000 7f354be0a700 1 Processor -- start
2024-04-26T22:56:43.273 INFO:teuthology.orchestra.run.smithi136.stdout:/usr/bin/ceph: stderr
2024-04-26T22:56:42.393+0000 7f354be0a700 1 -- start start
2024-04-26T22:56:43.273 INFO:teuthology.orchestra.run.smithi136.stdout:/usr/bin/ceph: stderr
2024-04-26T22:56:42.393+0000 7f354be0a700 1 --2- >> [v2:172.21.15.136:3300/0,v1:172.21.15.136:6789/0] conn(0x7f354407ee50 0x7f354407d300 unknown :-1 s=NONE pgs=0 cs=0 l=0 rev1=0 crypto rx=0 tx=0 comp rx=0 tx=0).connect
2024-04-26T22:56:43.273 INFO:teuthology.orchestra.run.smithi136.stdout:/usr/bin/ceph: stderr
2024-04-26T22:56:42.393+0000 7f354be0a700 1 -- --> [v2:172.21.15.136:3300/0,v1:172.21.15.136:6789/0] -- mon_getmap magic: 0 -- 0x7f354407d8d0 con 0x7f354407ee50
2024-04-26T22:56:43.273 INFO:teuthology.orchestra.run.smithi136.stdout:/usr/bin/ceph: stderr
2024-04-26T22:56:42.393+0000 7f3549ba6700 1 --2- >> [v2:172.21.15.136:3300/0,v1:172.21.15.136:6789/0] conn(0x7f354407ee50 0x7f354407d300 unknown :-1 s=BANNER_CONNECTING pgs=0 cs=0 l=0 rev1=0 crypto rx=0 tx=0 comp rx=0 tx=0)._handle_peer_banner_payload supported=3 required=0
2024-04-26T22:56:43.273 INFO:teuthology.orchestra.run.smithi136.stdout:/usr/bin/ceph: stderr
2024-04-26T22:56:42.393+0000 7f3549ba6700 1 --2- >> [v2:172.21.15.136:3300/0,v1:172.21.15.136:6789/0] conn(0x7f354407ee50 0x7f354407d300 unknown :-1 s=HELLO_CONNECTING pgs=0 cs=0 l=0 rev1=1 crypto rx=0 tx=0 comp rx=0 tx=0).handle_hello peer v2:172.21.15.136:3300/0 says I am v2:172.21.15.136:47012/0 (socket says 172.21.15.136:47012)
2024-04-26T22:56:43.273 INFO:teuthology.orchestra.run.smithi136.stdout:/usr/bin/ceph: stderr
2024-04-26T22:56:42.393+0000 7f3549ba6700 1 -- 172.21.15.136:0/2494097469 learned_addr learned my addr 172.21.15.136:0/2494097469 (peer_addr_for_me v2:172.21.15.136:0/0)
2024-04-26T22:56:43.273 INFO:teuthology.orchestra.run.smithi136.stdout:/usr/bin/ceph: stderr
2024-04-26T22:56:42.393+0000 7f3549ba6700 1 -- 172.21.15.136:0/2494097469 --> [v2:172.21.15.136:3300/0,v1:172.21.15.136:6789/0] -- mon_subscribe({config=0+,monmap=0+}) -- 0x7f354407da50 con 0x7f354407ee50
2024-04-26T22:56:43.273 INFO:teuthology.orchestra.run.smithi136.stdout:/usr/bin/ceph: stderr
2024-04-26T22:56:42.393+0000 7f3549ba6700 1 --2- 172.21.15.136:0/2494097469 >> [v2:172.21.15.136:3300/0,v1:172.21.15.136:6789/0] conn(0x7f354407ee50 0x7f354407d300 secure :-1 s=READY pgs=26 cs=0 l=1 rev1=1 crypto rx=0x7f35400098a0 tx=0x7f3540009bb0 comp rx=0 tx=0).ready entity=mon.0 client_cookie=15f474367021d36d server_cookie=0 in_seq=0 out_seq=0
2024-04-26T22:56:43.273 INFO:teuthology.orchestra.run.smithi136.stdout:/usr/bin/ceph: stderr
2024-04-26T22:56:42.394+0000 7f3548ba4700 1 -- 172.21.15.136:0/2494097469 <== mon.0 v2:172.21.15.136:3300/0 1 ==== mon_map magic: 0 ==== 205+0+0 (secure 0 0 0) 0x7f3540004160 con 0x7f354407ee50
2024-04-26T22:56:43.273 INFO:teuthology.orchestra.run.smithi136.stdout:/usr/bin/ceph: stderr
2024-04-26T22:56:42.394+0000 7f3548ba4700 1 -- 172.21.15.136:0/2494097469 <== mon.0 v2:172.21.15.136:3300/0 2 ==== config(26 keys) ==== 1070+0+0 (secure 0 0 0) 0x7f3540004300 con 0x7f354407ee50
2024-04-26T22:56:43.274 INFO:teuthology.orchestra.run.smithi136.stdout:/usr/bin/ceph: stderr
2024-04-26T22:56:42.394+0000 7f3548ba4700 1 -- 172.21.15.136:0/2494097469 <== mon.0 v2:172.21.15.136:3300/0 3 ==== mon_map magic: 0 ==== 205+0+0 (secure 0 0 0) 0x7f3540011af0 con 0x7f354407ee50
2024-04-26T22:56:43.274 INFO:teuthology.orchestra.run.smithi136.stdout:/usr/bin/ceph: stderr
2024-04-26T22:56:42.394+0000 7f354be0a700 1 -- 172.21.15.136:0/2494097469 >> [v2:172.21.15.136:3300/0,v1:172.21.15.136:6789/0] conn(0x7f354407ee50 msgr2=0x7f354407d300 secure :-1 s=STATE_CONNECTION_ESTABLISHED l=1).mark_down
2024-04-26T22:56:43.274 INFO:teuthology.orchestra.run.smithi136.stdout:/usr/bin/ceph: stderr
2024-04-26T22:56:42.394+0000 7f354be0a700 1 --2- 172.21.15.136:0/2494097469 >> [v2:172.21.15.136:3300/0,v1:172.21.15.136:6789/0] conn(0x7f354407ee50 0x7f354407d300 secure :-1 s=READY pgs=26 cs=0 l=1 rev1=1 crypto rx=0x7f35400098a0 tx=0x7f3540009bb0 comp rx=0 tx=0).stop
2024-04-26T22:56:43.274 INFO:teuthology.orchestra.run.smithi136.stdout:/usr/bin/ceph: stderr
2024-04-26T22:56:42.394+0000 7f354be0a700 1 -- 172.21.15.136:0/2494097469 shutdown_connections
2024-04-26T22:56:43.274 INFO:teuthology.orchestra.run.smithi136.stdout:/usr/bin/ceph: stderr
2024-04-26T22:56:42.394+0000 7f354be0a700 1 --2- 172.21.15.136:0/2494097469 >> [v2:172.21.15.136:3300/0,v1:172.21.15.136:6789/0] conn(0x7f354407ee50 0x7f354407d300 unknown :-1 s=CLOSED pgs=26 cs=0 l=1 rev1=1 crypto rx=0 tx=0 comp rx=0 tx=0).stop
2024-04-26T22:56:43.274 INFO:teuthology.orchestra.run.smithi136.stdout:/usr/bin/ceph: stderr
2024-04-26T22:56:42.394+0000 7f354be0a700 1 -- 172.21.15.136:0/2494097469 >> 172.21.15.136:0/2494097469 conn(0x7f3544104280 msgr2=0x7f35441066a0 unknown :-1 s=STATE_NONE l=0).mark_down
2024-04-26T22:56:43.274 INFO:teuthology.orchestra.run.smithi136.stdout:/usr/bin/ceph: stderr
2024-04-26T22:56:42.395+0000 7f354be0a700 1 -- 172.21.15.136:0/2494097469 shutdown_connections
2024-04-26T22:56:43.274 INFO:teuthology.orchestra.run.smithi136.stdout:/usr/bin/ceph: stderr
2024-04-26T22:56:42.395+0000 7f354be0a700 1 -- 172.21.15.136:0/2494097469 wait complete.
2024-04-26T22:56:43.274 INFO:teuthology.orchestra.run.smithi136.stdout:/usr/bin/ceph: stderr
2024-04-26T22:56:42.395+0000 7f354be0a700 1 Processor -- start
2024-04-26T22:56:43.274 INFO:teuthology.orchestra.run.smithi136.stdout:/usr/bin/ceph: stderr
2024-04-26T22:56:42.395+0000 7f354be0a700 1 -- start start
2024-04-26T22:56:43.275 INFO:teuthology.orchestra.run.smithi136.stdout:/usr/bin/ceph: stderr
2024-04-26T22:56:42.396+0000 7f354be0a700 1 --2- >> [v2:172.21.15.136:3300/0,v1:172.21.15.136:6789/0] conn(0x7f354407ee50 0x7f354419ee30 unknown :-1 s=NONE pgs=0 cs=0 l=1 rev1=0 crypto rx=0 tx=0 comp rx=0 tx=0).connect
2024-04-26T22:56:43.275 INFO:teuthology.orchestra.run.smithi136.stdout:/usr/bin/ceph: stderr
2024-04-26T22:56:42.396+0000 7f354be0a700 1 -- --> [v2:172.21.15.136:3300/0,v1:172.21.15.136:6789/0] -- mon_getmap magic: 0 -- 0x7f354410f210 con 0x7f354407ee50
2024-04-26T22:56:43.275 INFO:teuthology.orchestra.run.smithi136.stdout:/usr/bin/ceph: stderr
2024-04-26T22:56:42.396+0000 7f3549ba6700 1 --2- >> [v2:172.21.15.136:3300/0,v1:172.21.15.136:6789/0] conn(0x7f354407ee50 0x7f354419ee30 unknown :-1 s=BANNER_CONNECTING pgs=0 cs=0 l=1 rev1=0 crypto rx=0 tx=0 comp rx=0 tx=0)._handle_peer_banner_payload supported=3 required=0
2024-04-26T22:56:43.275 INFO:teuthology.orchestra.run.smithi136.stdout:/usr/bin/ceph: stderr
2024-04-26T22:56:42.396+0000 7f3549ba6700 1 --2- >> [v2:172.21.15.136:3300/0,v1:172.21.15.136:6789/0] conn(0x7f354407ee50 0x7f354419ee30 unknown :-1 s=HELLO_CONNECTING pgs=0 cs=0 l=1 rev1=1 crypto rx=0 tx=0 comp rx=0 tx=0).handle_hello peer v2:172.21.15.136:3300/0 says I am v2:172.21.15.136:47018/0 (socket says 172.21.15.136:47018)
2024-04-26T22:56:43.275 INFO:teuthology.orchestra.run.smithi136.stdout:/usr/bin/ceph: stderr
2024-04-26T22:56:42.396+0000 7f3549ba6700 1 -- 172.21.15.136:0/248957702 learned_addr learned my addr 172.21.15.136:0/248957702 (peer_addr_for_me v2:172.21.15.136:0/0)
2024-04-26T22:56:43.275 INFO:teuthology.orchestra.run.smithi136.stdout:/usr/bin/ceph: stderr
2024-04-26T22:56:42.396+0000 7f3549ba6700 1 -- 172.21.15.136:0/248957702 --> [v2:172.21.15.136:3300/0,v1:172.21.15.136:6789/0] -- mon_subscribe({config=0+,monmap=0+}) -- 0x7f354419f370 con 0x7f354407ee50
2024-04-26T22:56:43.275 INFO:teuthology.orchestra.run.smithi136.stdout:/usr/bin/ceph: stderr
2024-04-26T22:56:42.396+0000 7f3549ba6700 1 --2- 172.21.15.136:0/248957702 >> [v2:172.21.15.136:3300/0,v1:172.21.15.136:6789/0] conn(0x7f354407ee50 0x7f354419ee30 secure :-1 s=READY pgs=27 cs=0 l=1 rev1=1 crypto rx=0x7f3540011ac0 tx=0x7f3540011ba0 comp rx=0 tx=0).ready entity=mon.0 client_cookie=0 server_cookie=0 in_seq=0 out_seq=0
2024-04-26T22:56:43.275 INFO:teuthology.orchestra.run.smithi136.stdout:/usr/bin/ceph: stderr
2024-04-26T22:56:42.396+0000 7f353affd700 1 -- 172.21.15.136:0/248957702 <== mon.0 v2:172.21.15.136:3300/0 1 ==== mon_map magic: 0 ==== 205+0+0 (secure 0 0 0) 0x7f3540003970 con 0x7f354407ee50
2024-04-26T22:56:43.275 INFO:teuthology.orchestra.run.smithi136.stdout:/usr/bin/ceph: stderr
2024-04-26T22:56:42.396+0000 7f353affd700 1 -- 172.21.15.136:0/248957702 <== mon.0 v2:172.21.15.136:3300/0 2 ==== config(26 keys) ==== 1070+0+0 (secure 0 0 0) 0x7f3540003b10 con 0x7f354407ee50
2024-04-26T22:56:43.275 INFO:teuthology.orchestra.run.smithi136.stdout:/usr/bin/ceph: stderr
2024-04-26T22:56:42.396+0000 7f354be0a700 1 -- 172.21.15.136:0/248957702 --> [v2:172.21.15.136:3300/0,v1:172.21.15.136:6789/0] -- mon_subscribe({mgrmap=0+}) -- 0x7f354419f600 con 0x7f354407ee50
2024-04-26T22:56:43.275 INFO:teuthology.orchestra.run.smithi136.stdout:/usr/bin/ceph: stderr
2024-04-26T22:56:42.396+0000 7f353affd700 1 -- 172.21.15.136:0/248957702 <== mon.0 v2:172.21.15.136:3300/0 3 ==== mon_map magic: 0 ==== 205+0+0 (secure 0 0 0) 0x7f3540024610 con 0x7f354407ee50
2024-04-26T22:56:43.275 INFO:teuthology.orchestra.run.smithi136.stdout:/usr/bin/ceph: stderr
2024-04-26T22:56:42.397+0000 7f354be0a700 1 -- 172.21.15.136:0/248957702 --> [v2:172.21.15.136:3300/0,v1:172.21.15.136:6789/0] -- mon_subscribe({osdmap=0}) -- 0x7f35441a22f0 con 0x7f354407ee50
2024-04-26T22:56:43.275 INFO:teuthology.orchestra.run.smithi136.stdout:/usr/bin/ceph: stderr
2024-04-26T22:56:42.397+0000 7f353affd700 1 -- 172.21.15.136:0/248957702 <== mon.0 v2:172.21.15.136:3300/0 4 ==== mgrmap(e 5) ==== 46558+0+0 (secure 0 0 0) 0x7f3540024860 con 0x7f354407ee50
2024-04-26T22:56:43.275 INFO:teuthology.orchestra.run.smithi136.stdout:/usr/bin/ceph: stderr
2024-04-26T22:56:42.397+0000 7f354be0a700 1 -- 172.21.15.136:0/248957702 --> [v2:172.21.15.136:3300/0,v1:172.21.15.136:6789/0] -- mon_command({"prefix": "get_command_descriptions"} v 0) -- 0x7f354419fae0 con 0x7f354407ee50
2024-04-26T22:56:43.275 INFO:teuthology.orchestra.run.smithi136.stdout:/usr/bin/ceph: stderr
2024-04-26T22:56:42.398+0000 7f353affd700 1 --2- 172.21.15.136:0/248957702 >> [v2:172.21.15.136:6800/455012925,v1:172.21.15.136:6801/455012925] conn(0x7f3530039600 0x7f353003bac0 unknown :-1 s=NONE pgs=0 cs=0 l=1 rev1=0 crypto rx=0 tx=0 comp rx=0 tx=0).connect
2024-04-26T22:56:43.276 INFO:teuthology.orchestra.run.smithi136.stdout:/usr/bin/ceph: stderr
2024-04-26T22:56:42.398+0000 7f353affd700 1 -- 172.21.15.136:0/248957702 <== mon.0 v2:172.21.15.136:3300/0 5 ==== osd_map(1..1 src has 1..1) ==== 725+0+0 (secure 0 0 0) 0x7f354004e840 con 0x7f354407ee50
2024-04-26T22:56:43.276 INFO:teuthology.orchestra.run.smithi136.stdout:/usr/bin/ceph: stderr
2024-04-26T22:56:42.398+0000 7f35493a5700 1 -- 172.21.15.136:0/248957702 >> [v2:172.21.15.136:6800/455012925,v1:172.21.15.136:6801/455012925] conn(0x7f3530039600 msgr2=0x7f353003bac0 unknown :-1 s=STATE_CONNECTING_RE l=1).process reconnect failed to v2:172.21.15.136:6800/455012925
2024-04-26T22:56:43.276 INFO:teuthology.orchestra.run.smithi136.stdout:/usr/bin/ceph: stderr
2024-04-26T22:56:42.398+0000 7f35493a5700 1 --2- 172.21.15.136:0/248957702 >> [v2:172.21.15.136:6800/455012925,v1:172.21.15.136:6801/455012925] conn(0x7f3530039600 0x7f353003bac0 unknown :-1 s=START_CONNECT pgs=0 cs=0 l=1 rev1=0 crypto rx=0 tx=0 comp rx=0 tx=0)._fault waiting 0.200000
2024-04-26T22:56:43.276 INFO:teuthology.orchestra.run.smithi136.stdout:/usr/bin/ceph: stderr
2024-04-26T22:56:42.403+0000 7f353affd700 1 -- 172.21.15.136:0/248957702 <== mon.0 v2:172.21.15.136:3300/0 6 ==== mon_command_ack([{"prefix": "get_command_descriptions"}]=0 v0) ==== 72+0+188494 (secure 0 0 0) 0x7f354419fae0 con 0x7f354407ee50
2024-04-26T22:56:43.276 INFO:teuthology.orchestra.run.smithi136.stdout:/usr/bin/ceph: stderr
2024-04-26T22:56:42.599+0000 7f35493a5700 1 -- 172.21.15.136:0/248957702 >> [v2:172.21.15.136:6800/455012925,v1:172.21.15.136:6801/455012925] conn(0x7f3530039600 msgr2=0x7f353003bac0 unknown :-1 s=STATE_CONNECTING_RE l=1).process reconnect failed to v2:172.21.15.136:6800/455012925
2024-04-26T22:56:43.276 INFO:teuthology.orchestra.run.smithi136.stdout:/usr/bin/ceph: stderr
2024-04-26T22:56:42.599+0000 7f35493a5700 1 --2- 172.21.15.136:0/248957702 >> [v2:172.21.15.136:6800/455012925,v1:172.21.15.136:6801/455012925] conn(0x7f3530039600 0x7f353003bac0 unknown :-1 s=START_CONNECT pgs=0 cs=0 l=1 rev1=0 crypto rx=0 tx=0 comp rx=0 tx=0)._fault waiting 0.400000
2024-04-26T22:56:43.276 INFO:teuthology.orchestra.run.smithi136.stdout:/usr/bin/ceph: stderr
2024-04-26T22:56:42.683+0000 7f354be0a700 1 -- 172.21.15.136:0/248957702 --> [v2:172.21.15.136:3300/0,v1:172.21.15.136:6789/0] -- mon_command({"prefix": "mgr stat"} v 0) -- 0x7f35441a2930 con 0x7f354407ee50
2024-04-26T22:56:43.276 INFO:teuthology.orchestra.run.smithi136.stdout:/usr/bin/ceph: stderr
2024-04-26T22:56:42.685+0000 7f353affd700 1 -- 172.21.15.136:0/248957702 <== mon.0 v2:172.21.15.136:3300/0 7 ==== mon_command_ack([{"prefix": "mgr stat"}]=0 v5) ==== 56+0+88 (secure 0 0 0) 0x7f35400172b0 con 0x7f354407ee50
2024-04-26T22:56:43.276 INFO:teuthology.orchestra.run.smithi136.stdout:/usr/bin/ceph: stderr
2024-04-26T22:56:42.692+0000 7f354be0a700 1 -- 172.21.15.136:0/248957702 >> [v2:172.21.15.136:6800/455012925,v1:172.21.15.136:6801/455012925] conn(0x7f3530039600 msgr2=0x7f353003bac0 unknown :-1 s=STATE_CONNECTING l=1).mark_down
2024-04-26T22:56:43.276 INFO:teuthology.orchestra.run.smithi136.stdout:/usr/bin/ceph: stderr
2024-04-26T22:56:42.692+0000 7f354be0a700 1 --2- 172.21.15.136:0/248957702 >> [v2:172.21.15.136:6800/455012925,v1:172.21.15.136:6801/455012925] conn(0x7f3530039600 0x7f353003bac0 unknown :-1 s=START_CONNECT pgs=0 cs=0 l=1 rev1=0 crypto rx=0 tx=0 comp rx=0 tx=0).stop
2024-04-26T22:56:43.276 INFO:teuthology.orchestra.run.smithi136.stdout:/usr/bin/ceph: stderr
2024-04-26T22:56:42.692+0000 7f354be0a700 1 -- 172.21.15.136:0/248957702 >> [v2:172.21.15.136:3300/0,v1:172.21.15.136:6789/0] conn(0x7f354407ee50 msgr2=0x7f354419ee30 secure :-1 s=STATE_CONNECTION_ESTABLISHED l=1).mark_down
2024-04-26T22:56:43.276 INFO:teuthology.orchestra.run.smithi136.stdout:/usr/bin/ceph: stderr
2024-04-26T22:56:42.692+0000 7f354be0a700 1 --2- 172.21.15.136:0/248957702 >> [v2:172.21.15.136:3300/0,v1:172.21.15.136:6789/0] conn(0x7f354407ee50 0x7f354419ee30 secure :-1 s=READY pgs=27 cs=0 l=1 rev1=1 crypto rx=0x7f3540011ac0 tx=0x7f3540011ba0 comp rx=0 tx=0).stop
2024-04-26T22:56:43.276 INFO:teuthology.orchestra.run.smithi136.stdout:/usr/bin/ceph: stderr
2024-04-26T22:56:42.693+0000 7f354be0a700 1 -- 172.21.15.136:0/248957702 shutdown_connections
2024-04-26T22:56:43.276 INFO:teuthology.orchestra.run.smithi136.stdout:/usr/bin/ceph: stderr
2024-04-26T22:56:42.693+0000 7f354be0a700 1 --2- 172.21.15.136:0/248957702 >> [v2:172.21.15.136:6800/455012925,v1:172.21.15.136:6801/455012925] conn(0x7f3530039600 0x7f353003bac0 unknown :-1 s=CLOSED pgs=0 cs=0 l=1 rev1=0 crypto rx=0 tx=0 comp rx=0 tx=0).stop
2024-04-26T22:56:43.277 INFO:teuthology.orchestra.run.smithi136.stdout:/usr/bin/ceph: stderr
2024-04-26T22:56:42.693+0000 7f354be0a700 1 --2- 172.21.15.136:0/248957702 >> [v2:172.21.15.136:3300/0,v1:172.21.15.136:6789/0] conn(0x7f354407ee50 0x7f354419ee30 unknown :-1 s=CLOSED pgs=27 cs=0 l=1 rev1=1 crypto rx=0 tx=0 comp rx=0 tx=0).stop
2024-04-26T22:56:43.277 INFO:teuthology.orchestra.run.smithi136.stdout:/usr/bin/ceph: stderr
2024-04-26T22:56:42.693+0000 7f354be0a700 1 -- 172.21.15.136:0/248957702 >> 172.21.15.136:0/248957702 conn(0x7f3544104280 msgr2=0x7f3544104e50 unknown :-1 s=STATE_NONE l=0).mark_down
2024-04-26T22:56:43.277 INFO:teuthology.orchestra.run.smithi136.stdout:/usr/bin/ceph: stderr
2024-04-26T22:56:42.695+0000 7f354be0a700 1 -- 172.21.15.136:0/248957702 shutdown_connections
2024-04-26T22:56:43.277 INFO:teuthology.orchestra.run.smithi136.stdout:/usr/bin/ceph: stderr
2024-04-26T22:56:42.695+0000 7f354be0a700 1 -- 172.21.15.136:0/248957702 wait complete.
2024-04-26T22:56:43.277 INFO:teuthology.orchestra.run.smithi136.stdout:Waiting for the mgr to restart...
2024-04-26T22:56:43.277 INFO:teuthology.orchestra.run.smithi136.stdout:Waiting for mgr epoch 5...
2024-04-26T22:56:43.694 INFO:journalctl@ceph.mon.a.smithi136.stdout:Apr 26 22:56:43 smithi136 ceph-mon[29145]: from='client.? 172.21.15.136:0/248957702' entity='client.admin' cmd=[{"prefix": "mgr stat"}]: dispatch
2024-04-26T22:56:43.694 INFO:journalctl@ceph.mgr.x.smithi136.stdout:Apr 26 22:56:43 smithi136 ceph-042df91a-0420-11ef-bc93-c7b262605968-mgr-x[29380]:
2024-04-26T22:56:43.520+0000 7f25e3a7b200 -1 mgr[py] Module telegraf has missing NOTIFY_TYPES member
2024-04-26T22:56:43.694 INFO:journalctl@ceph.mgr.x.smithi136.stdout:Apr 26 22:56:43 smithi136 ceph-042df91a-0420-11ef-bc93-c7b262605968-mgr-x[29380]:
2024-04-26T22:56:43.693+0000 7f25e3a7b200 -1 mgr[py] Module osd_support has missing NOTIFY_TYPES member
2024-04-26T22:56:44.008 INFO:journalctl@ceph.mgr.x.smithi136.stdout:Apr 26 22:56:43 smithi136 ceph-042df91a-0420-11ef-bc93-c7b262605968-mgr-x[29380]:
2024-04-26T22:56:43.866+0000 7f25e3a7b200 -1 mgr[py] Module iostat has missing NOTIFY_TYPES member
2024-04-26T22:56:44.449 INFO:journalctl@ceph.mgr.x.smithi136.stdout:Apr 26 22:56:44 smithi136 ceph-042df91a-0420-11ef-bc93-c7b262605968-mgr-x[29380]:
2024-04-26T22:56:44.151+0000 7f25e3a7b200 -1 mgr[py] Module alerts has missing NOTIFY_TYPES member
2024-04-26T22:56:44.449 INFO:journalctl@ceph.mgr.x.smithi136.stdout:Apr 26 22:56:44 smithi136 ceph-042df91a-0420-11ef-bc93-c7b262605968-mgr-x[29380]:
2024-04-26T22:56:44.244+0000 7f25e3a7b200 -1 mgr[py] Module selftest has missing NOTIFY_TYPES member
2024-04-26T22:56:44.450 INFO:journalctl@ceph.mgr.x.smithi136.stdout:Apr 26 22:56:44 smithi136 ceph-042df91a-0420-11ef-bc93-c7b262605968-mgr-x[29380]:
2024-04-26T22:56:44.448+0000 7f25e3a7b200 -1 mgr[py] Module pg_autoscaler has missing NOTIFY_TYPES member
2024-04-26T22:56:44.759 INFO:journalctl@ceph.mgr.x.smithi136.stdout:Apr 26 22:56:44 smithi136 ceph-042df91a-0420-11ef-bc93-c7b262605968-mgr-x[29380]:
2024-04-26T22:56:44.640+0000 7f25e3a7b200 -1 mgr[py] Module test_orchestrator has missing NOTIFY_TYPES member
2024-04-26T22:56:45.508 INFO:journalctl@ceph.mgr.x.smithi136.stdout:Apr 26 22:56:45 smithi136 ceph-042df91a-0420-11ef-bc93-c7b262605968-mgr-x[29380]:
2024-04-26T22:56:45.233+0000 7f25e3a7b200 -1 mgr[py] Module rook has missing NOTIFY_TYPES member
2024-04-26T22:56:45.945 INFO:journalctl@ceph.mgr.x.smithi136.stdout:Apr 26 22:56:45 smithi136 ceph-042df91a-0420-11ef-bc93-c7b262605968-mgr-x[29380]:
2024-04-26T22:56:45.648+0000 7f25e3a7b200 -1 mgr[py] Module volumes has missing NOTIFY_TYPES member
2024-04-26T22:56:45.945 INFO:journalctl@ceph.mgr.x.smithi136.stdout:Apr 26 22:56:45 smithi136 ceph-042df91a-0420-11ef-bc93-c7b262605968-mgr-x[29380]:
2024-04-26T22:56:45.743+0000 7f25e3a7b200 -1 mgr[py] Module crash has missing NOTIFY_TYPES member
2024-04-26T22:56:45.945 INFO:journalctl@ceph.mgr.x.smithi136.stdout:Apr 26 22:56:45 smithi136 ceph-042df91a-0420-11ef-bc93-c7b262605968-mgr-x[29380]:
2024-04-26T22:56:45.944+0000 7f25e3a7b200 -1 mgr[py] Module rgw has missing NOTIFY_TYPES member
2024-04-26T22:56:46.726 INFO:journalctl@ceph.mgr.x.smithi136.stdout:Apr 26 22:56:46 smithi136 ceph-042df91a-0420-11ef-bc93-c7b262605968-mgr-x[29380]:
2024-04-26T22:56:46.468+0000 7f25e3a7b200 -1 mgr[py] Module prometheus has missing NOTIFY_TYPES member
2024-04-26T22:56:46.727 INFO:journalctl@ceph.mgr.x.smithi136.stdout:Apr 26 22:56:46 smithi136 ceph-042df91a-0420-11ef-bc93-c7b262605968-mgr-x[29380]:
2024-04-26T22:56:46.558+0000 7f25e3a7b200 -1 mgr[py] Module devicehealth has missing NOTIFY_TYPES member
2024-04-26T22:56:47.008 INFO:journalctl@ceph.mgr.x.smithi136.stdout:Apr 26 22:56:46 smithi136 ceph-042df91a-0420-11ef-bc93-c7b262605968-mgr-x[29380]:
2024-04-26T22:56:46.798+0000 7f25e3a7b200 -1 mgr[py] Module telemetry has missing NOTIFY_TYPES member
2024-04-26T22:56:47.009 INFO:journalctl@ceph.mgr.x.smithi136.stdout:Apr 26 22:56:46 smithi136 ceph-042df91a-0420-11ef-bc93-c7b262605968-mgr-x[29380]:
2024-04-26T22:56:46.929+0000 7f25e3a7b200 -1 mgr[py] Module diskprediction_local has missing NOTIFY_TYPES member
2024-04-26T22:56:47.439 INFO:journalctl@ceph.mgr.x.smithi136.stdout:Apr 26 22:56:47 smithi136 ceph-042df91a-0420-11ef-bc93-c7b262605968-mgr-x[29380]:
2024-04-26T22:56:47.024+0000 7f25e3a7b200 -1 mgr[py] Module osd_perf_query has missing NOTIFY_TYPES member
2024-04-26T22:56:47.439 INFO:journalctl@ceph.mgr.x.smithi136.stdout:Apr 26 22:56:47 smithi136 ceph-042df91a-0420-11ef-bc93-c7b262605968-mgr-x[29380]:
2024-04-26T22:56:47.137+0000 7f25e3a7b200 -1 mgr[py] Module rbd_support has missing NOTIFY_TYPES member
2024-04-26T22:56:47.440 INFO:journalctl@ceph.mgr.x.smithi136.stdout:Apr 26 22:56:47 smithi136 ceph-042df91a-0420-11ef-bc93-c7b262605968-mgr-x[29380]:
2024-04-26T22:56:47.438+0000 7f25e3a7b200 -1 mgr[py] Module zabbix has missing NOTIFY_TYPES member
2024-04-26T22:56:48.300 INFO:journalctl@ceph.mgr.x.smithi136.stdout:Apr 26 22:56:48 smithi136 ceph-042df91a-0420-11ef-bc93-c7b262605968-mgr-x[29380]:
2024-04-26T22:56:48.034+0000 7f25e3a7b200 -1 mgr[py] Module status has missing NOTIFY_TYPES member
2024-04-26T22:56:48.300 INFO:journalctl@ceph.mgr.x.smithi136.stdout:Apr 26 22:56:48 smithi136 ceph-042df91a-0420-11ef-bc93-c7b262605968-mgr-x[29380]:
2024-04-26T22:56:48.246+0000 7f25e3a7b200 -1 mgr[py] Module nfs has missing NOTIFY_TYPES member
2024-04-26T22:56:48.758 INFO:journalctl@ceph.mon.a.smithi136.stdout:Apr 26 22:56:48 smithi136 ceph-mon[29145]: Active manager daemon x restarted
2024-04-26T22:56:48.759 INFO:journalctl@ceph.mon.a.smithi136.stdout:Apr 26 22:56:48 smithi136 ceph-mon[29145]: Activating manager daemon x
2024-04-26T22:56:48.759 INFO:journalctl@ceph.mon.a.smithi136.stdout:Apr 26 22:56:48 smithi136 ceph-mon[29145]: osdmap e2: 0 total, 0 up, 0 in
2024-04-26T22:56:48.759 INFO:journalctl@ceph.mon.a.smithi136.stdout:Apr 26 22:56:48 smithi136 ceph-mon[29145]: mgrmap e6: x(active, starting, since 0.00345925s)
2024-04-26T22:56:48.759 INFO:journalctl@ceph.mon.a.smithi136.stdout:Apr 26 22:56:48 smithi136 ceph-mon[29145]: from='mgr.14120 172.21.15.136:0/1340480758' entity='mgr.x' cmd=[{"prefix": "mon metadata", "id": "a"}]: dispatch
2024-04-26T22:56:48.759 INFO:journalctl@ceph.mon.a.smithi136.stdout:Apr 26 22:56:48 smithi136 ceph-mon[29145]: from='mgr.14120 172.21.15.136:0/1340480758' entity='mgr.x' cmd=[{"prefix": "mgr metadata", "who": "x", "id": "x"}]: dispatch
2024-04-26T22:56:48.759 INFO:journalctl@ceph.mon.a.smithi136.stdout:Apr 26 22:56:48 smithi136 ceph-mon[29145]: from='mgr.14120 172.21.15.136:0/1340480758' entity='mgr.x' cmd=[{"prefix": "mds metadata"}]: dispatch
2024-04-26T22:56:48.759 INFO:journalctl@ceph.mon.a.smithi136.stdout:Apr 26 22:56:48 smithi136 ceph-mon[29145]: from='mgr.14120 172.21.15.136:0/1340480758' entity='mgr.x' cmd=[{"prefix": "osd metadata"}]: dispatch
2024-04-26T22:56:48.759 INFO:journalctl@ceph.mon.a.smithi136.stdout:Apr 26 22:56:48 smithi136 ceph-mon[29145]: from='mgr.14120 172.21.15.136:0/1340480758' entity='mgr.x' cmd=[{"prefix": "mon metadata"}]: dispatch
2024-04-26T22:56:48.759 INFO:journalctl@ceph.mon.a.smithi136.stdout:Apr 26 22:56:48 smithi136 ceph-mon[29145]: Manager daemon x is now available
2024-04-26T22:56:48.759 INFO:journalctl@ceph.mon.a.smithi136.stdout:Apr 26 22:56:48 smithi136 ceph-mon[29145]: from='mgr.14120 172.21.15.136:0/1340480758' entity='mgr.x'
2024-04-26T22:56:48.759 INFO:journalctl@ceph.mon.a.smithi136.stdout:Apr 26 22:56:48 smithi136 ceph-mon[29145]: from='mgr.14120 172.21.15.136:0/1340480758' entity='mgr.x'
2024-04-26T22:56:48.759 INFO:journalctl@ceph.mon.a.smithi136.stdout:Apr 26 22:56:48 smithi136 ceph-mon[29145]: from='mgr.14120 172.21.15.136:0/1340480758' entity='mgr.x' cmd=[{"prefix": "config dump", "format": "json"}]: dispatch
2024-04-26T22:56:48.759 INFO:journalctl@ceph.mon.a.smithi136.stdout:Apr 26 22:56:48 smithi136 ceph-mon[29145]: from='mgr.14120 172.21.15.136:0/1340480758' entity='mgr.x' cmd=[{"prefix": "config dump", "format": "json"}]: dispatch
2024-04-26T22:56:48.759 INFO:journalctl@ceph.mon.a.smithi136.stdout:Apr 26 22:56:48 smithi136 ceph-mon[29145]: from='mgr.14120 172.21.15.136:0/1340480758' entity='mgr.x' cmd=[{"prefix":"config rm","who":"mgr","name":"mgr/rbd_support/x/mirror_snapshot_schedule"}]: dispatch
2024-04-26T22:56:48.759 INFO:journalctl@ceph.mon.a.smithi136.stdout:Apr 26 22:56:48 smithi136 ceph-mon[29145]: from='mgr.14120 172.21.15.136:0/1340480758' entity='mgr.x' cmd=[{"prefix":"config rm","who":"mgr","name":"mgr/rbd_support/x/trash_purge_schedule"}]: dispatch
2024-04-26T22:56:49.509 INFO:journalctl@ceph.mon.a.smithi136.stdout:Apr 26 22:56:49 smithi136 ceph-mon[29145]: Found migration_current of "None". Setting to last migration.
2024-04-26T22:56:49.509 INFO:journalctl@ceph.mon.a.smithi136.stdout:Apr 26 22:56:49 smithi136 ceph-mon[29145]: from='mgr.14120 172.21.15.136:0/1340480758' entity='mgr.x'
2024-04-26T22:56:49.509 INFO:journalctl@ceph.mon.a.smithi136.stdout:Apr 26 22:56:49 smithi136 ceph-mon[29145]: from='mgr.14120 172.21.15.136:0/1340480758' entity='mgr.x'
2024-04-26T22:56:49.509 INFO:journalctl@ceph.mon.a.smithi136.stdout:Apr 26 22:56:49 smithi136 ceph-mon[29145]: mgrmap e7: x(active, since 1.00554s)
2024-04-26T22:56:49.878 INFO:teuthology.orchestra.run.smithi136.stdout:/usr/bin/ceph: stdout {
2024-04-26T22:56:49.878 INFO:teuthology.orchestra.run.smithi136.stdout:/usr/bin/ceph: stdout "mgrmap_epoch": 7,
2024-04-26T22:56:49.878 INFO:teuthology.orchestra.run.smithi136.stdout:/usr/bin/ceph: stdout "initialized": true
2024-04-26T22:56:49.878 INFO:teuthology.orchestra.run.smithi136.stdout:/usr/bin/ceph: stdout }
2024-04-26T22:56:49.878 INFO:teuthology.orchestra.run.smithi136.stdout:/usr/bin/ceph: stderr
2024-04-26T22:56:43.716+0000 7fc63d237700 1 Processor -- start
2024-04-26T22:56:49.878 INFO:teuthology.orchestra.run.smithi136.stdout:/usr/bin/ceph: stderr
2024-04-26T22:56:43.716+0000 7fc63d237700 1 -- start start
2024-04-26T22:56:49.878 INFO:teuthology.orchestra.run.smithi136.stdout:/usr/bin/ceph: stderr
2024-04-26T22:56:43.716+0000 7fc63d237700 1 --2- >> [v2:172.21.15.136:3300/0,v1:172.21.15.136:6789/0] conn(0x7fc638109770 0x7fc63810bb60 unknown :-1 s=NONE pgs=0 cs=0 l=0 rev1=0 crypto rx=0 tx=0 comp rx=0 tx=0).connect
2024-04-26T22:56:49.879 INFO:teuthology.orchestra.run.smithi136.stdout:/usr/bin/ceph: stderr
2024-04-26T22:56:43.716+0000 7fc63d237700 1 -- --> [v2:172.21.15.136:3300/0,v1:172.21.15.136:6789/0] -- mon_getmap magic: 0 -- 0x7fc63807ce70 con 0x7fc638109770
2024-04-26T22:56:49.879 INFO:teuthology.orchestra.run.smithi136.stdout:/usr/bin/ceph: stderr
2024-04-26T22:56:43.717+0000 7fc636d9d700 1 --2- >> [v2:172.21.15.136:3300/0,v1:172.21.15.136:6789/0] conn(0x7fc638109770 0x7fc63810bb60 unknown :-1 s=BANNER_CONNECTING pgs=0 cs=0 l=0 rev1=0 crypto rx=0 tx=0 comp rx=0 tx=0)._handle_peer_banner_payload supported=3 required=0
2024-04-26T22:56:49.879 INFO:teuthology.orchestra.run.smithi136.stdout:/usr/bin/ceph: stderr
2024-04-26T22:56:43.717+0000 7fc636d9d700 1 --2- >> [v2:172.21.15.136:3300/0,v1:172.21.15.136:6789/0] conn(0x7fc638109770 0x7fc63810bb60 unknown :-1 s=HELLO_CONNECTING pgs=0 cs=0 l=0 rev1=1 crypto rx=0 tx=0 comp rx=0 tx=0).handle_hello peer v2:172.21.15.136:3300/0 says I am v2:172.21.15.136:45548/0 (socket says 172.21.15.136:45548)
2024-04-26T22:56:49.879 INFO:teuthology.orchestra.run.smithi136.stdout:/usr/bin/ceph: stderr
2024-04-26T22:56:43.717+0000 7fc636d9d700 1 -- 172.21.15.136:0/846951675 learned_addr learned my addr 172.21.15.136:0/846951675 (peer_addr_for_me v2:172.21.15.136:0/0)
2024-04-26T22:56:49.879 INFO:teuthology.orchestra.run.smithi136.stdout:/usr/bin/ceph: stderr
2024-04-26T22:56:43.717+0000 7fc636d9d700 1 -- 172.21.15.136:0/846951675 --> [v2:172.21.15.136:3300/0,v1:172.21.15.136:6789/0] -- mon_subscribe({config=0+,monmap=0+}) -- 0x7fc63810c0a0 con 0x7fc638109770
2024-04-26T22:56:49.879 INFO:teuthology.orchestra.run.smithi136.stdout:/usr/bin/ceph: stderr
2024-04-26T22:56:43.717+0000 7fc636d9d700 1 --2- 172.21.15.136:0/846951675 >> [v2:172.21.15.136:3300/0,v1:172.21.15.136:6789/0] conn(0x7fc638109770 0x7fc63810bb60 secure :-1 s=READY pgs=28 cs=0 l=1 rev1=1 crypto rx=0x7fc6280098a0 tx=0x7fc628009bb0 comp rx=0 tx=0).ready entity=mon.0 client_cookie=1b7d53ad140c5681 server_cookie=0 in_seq=0 out_seq=0
2024-04-26T22:56:49.879 INFO:teuthology.orchestra.run.smithi136.stdout:/usr/bin/ceph: stderr
2024-04-26T22:56:43.717+0000 7fc635d9b700 1 -- 172.21.15.136:0/846951675 <== mon.0 v2:172.21.15.136:3300/0 1 ==== mon_map magic: 0 ==== 205+0+0 (secure 0 0 0) 0x7fc628004160 con 0x7fc638109770
2024-04-26T22:56:49.879 INFO:teuthology.orchestra.run.smithi136.stdout:/usr/bin/ceph: stderr
2024-04-26T22:56:43.717+0000 7fc635d9b700 1 -- 172.21.15.136:0/846951675 <== mon.0 v2:172.21.15.136:3300/0 2 ==== config(26 keys) ==== 1070+0+0 (secure 0 0 0) 0x7fc628004300 con 0x7fc638109770
2024-04-26T22:56:49.879 INFO:teuthology.orchestra.run.smithi136.stdout:/usr/bin/ceph: stderr
2024-04-26T22:56:43.717+0000 7fc635d9b700 1 -- 172.21.15.136:0/846951675 <== mon.0 v2:172.21.15.136:3300/0 3 ==== mon_map magic: 0 ==== 205+0+0 (secure 0 0 0) 0x7fc628011af0 con 0x7fc638109770
2024-04-26T22:56:49.879 INFO:teuthology.orchestra.run.smithi136.stdout:/usr/bin/ceph: stderr
2024-04-26T22:56:43.718+0000 7fc63d237700 1 -- 172.21.15.136:0/846951675 >> [v2:172.21.15.136:3300/0,v1:172.21.15.136:6789/0] conn(0x7fc638109770 msgr2=0x7fc63810bb60 secure :-1 s=STATE_CONNECTION_ESTABLISHED l=1).mark_down
2024-04-26T22:56:49.879 INFO:teuthology.orchestra.run.smithi136.stdout:/usr/bin/ceph: stderr
2024-04-26T22:56:43.718+0000 7fc63d237700 1 --2- 172.21.15.136:0/846951675 >> [v2:172.21.15.136:3300/0,v1:172.21.15.136:6789/0] conn(0x7fc638109770 0x7fc63810bb60 secure :-1 s=READY pgs=28 cs=0 l=1 rev1=1 crypto rx=0x7fc6280098a0 tx=0x7fc628009bb0 comp rx=0 tx=0).stop
2024-04-26T22:56:49.879 INFO:teuthology.orchestra.run.smithi136.stdout:/usr/bin/ceph: stderr
2024-04-26T22:56:43.718+0000 7fc63d237700 1 -- 172.21.15.136:0/846951675 shutdown_connections
2024-04-26T22:56:49.879 INFO:teuthology.orchestra.run.smithi136.stdout:/usr/bin/ceph: stderr
2024-04-26T22:56:43.718+0000 7fc63d237700 1 --2- 172.21.15.136:0/846951675 >> [v2:172.21.15.136:3300/0,v1:172.21.15.136:6789/0] conn(0x7fc638109770 0x7fc63810bb60 unknown :-1 s=CLOSED pgs=28 cs=0 l=1 rev1=1 crypto rx=0 tx=0 comp rx=0 tx=0).stop
2024-04-26T22:56:49.879 INFO:teuthology.orchestra.run.smithi136.stdout:/usr/bin/ceph: stderr
2024-04-26T22:56:43.718+0000 7fc63d237700 1 -- 172.21.15.136:0/846951675 >> 172.21.15.136:0/846951675 conn(0x7fc638103180 msgr2=0x7fc6381055a0 unknown :-1 s=STATE_NONE l=0).mark_down
2024-04-26T22:56:49.880 INFO:teuthology.orchestra.run.smithi136.stdout:/usr/bin/ceph: stderr
2024-04-26T22:56:43.718+0000 7fc63d237700 1 -- 172.21.15.136:0/846951675 shutdown_connections
2024-04-26T22:56:49.880 INFO:teuthology.orchestra.run.smithi136.stdout:/usr/bin/ceph: stderr
2024-04-26T22:56:43.718+0000 7fc63d237700 1 -- 172.21.15.136:0/846951675 wait complete.
2024-04-26T22:56:49.880 INFO:teuthology.orchestra.run.smithi136.stdout:/usr/bin/ceph: stderr
2024-04-26T22:56:43.719+0000 7fc63d237700 1 Processor -- start
2024-04-26T22:56:49.880 INFO:teuthology.orchestra.run.smithi136.stdout:/usr/bin/ceph: stderr
2024-04-26T22:56:43.719+0000 7fc63d237700 1 -- start start
2024-04-26T22:56:49.880 INFO:teuthology.orchestra.run.smithi136.stdout:/usr/bin/ceph: stderr
2024-04-26T22:56:43.719+0000 7fc63d237700 1 --2- >> [v2:172.21.15.136:3300/0,v1:172.21.15.136:6789/0] conn(0x7fc638109770 0x7fc63819cbe0 unknown :-1 s=NONE pgs=0 cs=0 l=1 rev1=0 crypto rx=0 tx=0 comp rx=0 tx=0).connect
2024-04-26T22:56:49.880 INFO:teuthology.orchestra.run.smithi136.stdout:/usr/bin/ceph: stderr
2024-04-26T22:56:43.719+0000 7fc63d237700 1 -- --> [v2:172.21.15.136:3300/0,v1:172.21.15.136:6789/0] -- mon_getmap magic: 0 -- 0x7fc63810d060 con 0x7fc638109770
2024-04-26T22:56:49.880 INFO:teuthology.orchestra.run.smithi136.stdout:/usr/bin/ceph: stderr
2024-04-26T22:56:43.719+0000 7fc636d9d700 1 --2- >> [v2:172.21.15.136:3300/0,v1:172.21.15.136:6789/0] conn(0x7fc638109770 0x7fc63819cbe0 unknown :-1 s=BANNER_CONNECTING pgs=0 cs=0 l=1 rev1=0 crypto rx=0 tx=0 comp rx=0 tx=0)._handle_peer_banner_payload supported=3 required=0
2024-04-26T22:56:49.880 INFO:teuthology.orchestra.run.smithi136.stdout:/usr/bin/ceph: stderr
2024-04-26T22:56:43.719+0000 7fc636d9d700 1 --2- >> [v2:172.21.15.136:3300/0,v1:172.21.15.136:6789/0] conn(0x7fc638109770 0x7fc63819cbe0 unknown :-1 s=HELLO_CONNECTING pgs=0 cs=0 l=1 rev1=1 crypto rx=0 tx=0 comp rx=0 tx=0).handle_hello peer v2:172.21.15.136:3300/0 says I am v2:172.21.15.136:45552/0 (socket says 172.21.15.136:45552)
2024-04-26T22:56:49.880 INFO:teuthology.orchestra.run.smithi136.stdout:/usr/bin/ceph: stderr
2024-04-26T22:56:43.719+0000 7fc636d9d700 1 -- 172.21.15.136:0/4161647728 learned_addr learned my addr 172.21.15.136:0/4161647728 (peer_addr_for_me v2:172.21.15.136:0/0)
2024-04-26T22:56:49.880 INFO:teuthology.orchestra.run.smithi136.stdout:/usr/bin/ceph: stderr
2024-04-26T22:56:43.720+0000 7fc636d9d700 1 -- 172.21.15.136:0/4161647728 --> [v2:172.21.15.136:3300/0,v1:172.21.15.136:6789/0] -- mon_subscribe({config=0+,monmap=0+}) -- 0x7fc63819d120 con 0x7fc638109770
2024-04-26T22:56:49.880 INFO:teuthology.orchestra.run.smithi136.stdout:/usr/bin/ceph: stderr
2024-04-26T22:56:43.720+0000 7fc636d9d700 1 --2- 172.21.15.136:0/4161647728 >> [v2:172.21.15.136:3300/0,v1:172.21.15.136:6789/0] conn(0x7fc638109770 0x7fc63819cbe0 secure :-1 s=READY pgs=29 cs=0 l=1 rev1=1 crypto rx=0x7fc628003f40 tx=0x7fc628011890 comp rx=0 tx=0).ready entity=mon.0 client_cookie=0 server_cookie=0 in_seq=0 out_seq=0
2024-04-26T22:56:49.880 INFO:teuthology.orchestra.run.smithi136.stdout:/usr/bin/ceph: stderr
2024-04-26T22:56:43.720+0000 7fc61ffff700 1 -- 172.21.15.136:0/4161647728 <== mon.0 v2:172.21.15.136:3300/0 1 ==== mon_map magic: 0 ==== 205+0+0 (secure 0 0 0) 0x7fc6280038b0 con 0x7fc638109770
2024-04-26T22:56:49.880 INFO:teuthology.orchestra.run.smithi136.stdout:/usr/bin/ceph: stderr
2024-04-26T22:56:43.720+0000 7fc61ffff700 1 -- 172.21.15.136:0/4161647728 <== mon.0 v2:172.21.15.136:3300/0 2 ==== config(26 keys) ==== 1070+0+0 (secure 0 0 0) 0x7fc628003a50 con 0x7fc638109770
2024-04-26T22:56:49.880 INFO:teuthology.orchestra.run.smithi136.stdout:/usr/bin/ceph: stderr
2024-04-26T22:56:43.720+0000 7fc63d237700 1 -- 172.21.15.136:0/4161647728 --> [v2:172.21.15.136:3300/0,v1:172.21.15.136:6789/0] -- mon_subscribe({mgrmap=0+}) -- 0x7fc63819d3b0 con 0x7fc638109770
2024-04-26T22:56:49.881 INFO:teuthology.orchestra.run.smithi136.stdout:/usr/bin/ceph: stderr
2024-04-26T22:56:43.720+0000 7fc61ffff700 1 -- 172.21.15.136:0/4161647728 <== mon.0 v2:172.21.15.136:3300/0 3 ==== mon_map magic: 0 ==== 205+0+0 (secure 0 0 0) 0x7fc62801a5c0 con 0x7fc638109770
2024-04-26T22:56:49.881 INFO:teuthology.orchestra.run.smithi136.stdout:/usr/bin/ceph: stderr
2024-04-26T22:56:43.720+0000 7fc63d237700 1 -- 172.21.15.136:0/4161647728 --> [v2:172.21.15.136:3300/0,v1:172.21.15.136:6789/0] -- mon_subscribe({osdmap=0}) -- 0x7fc6381a00a0 con 0x7fc638109770
2024-04-26T22:56:49.881 INFO:teuthology.orchestra.run.smithi136.stdout:/usr/bin/ceph: stderr
2024-04-26T22:56:43.721+0000 7fc61ffff700 1 -- 172.21.15.136:0/4161647728 <== mon.0 v2:172.21.15.136:3300/0 4 ==== mgrmap(e 5) ==== 46558+0+0 (secure 0 0 0) 0x7fc62801a8c0 con 0x7fc638109770
2024-04-26T22:56:49.881 INFO:teuthology.orchestra.run.smithi136.stdout:/usr/bin/ceph: stderr
2024-04-26T22:56:43.721+0000 7fc61ffff700 1 --2- 172.21.15.136:0/4161647728 >> [v2:172.21.15.136:6800/455012925,v1:172.21.15.136:6801/455012925] conn(0x7fc620039560 0x7fc62003ba20 unknown :-1 s=NONE pgs=0 cs=0 l=1 rev1=0 crypto rx=0 tx=0 comp rx=0 tx=0).connect
2024-04-26T22:56:49.881 INFO:teuthology.orchestra.run.smithi136.stdout:/usr/bin/ceph: stderr
2024-04-26T22:56:43.721+0000 7fc61ffff700 1 -- 172.21.15.136:0/4161647728 --> [v2:172.21.15.136:6800/455012925,v1:172.21.15.136:6801/455012925] -- command(tid 0: {"prefix": "get_command_descriptions"}) -- 0x7fc62003c130 con 0x7fc620039560
2024-04-26T22:56:49.881 INFO:teuthology.orchestra.run.smithi136.stdout:/usr/bin/ceph: stderr
2024-04-26T22:56:43.721+0000 7fc63659c700 1 -- 172.21.15.136:0/4161647728 >> [v2:172.21.15.136:6800/455012925,v1:172.21.15.136:6801/455012925] conn(0x7fc620039560 msgr2=0x7fc62003ba20 unknown :-1 s=STATE_CONNECTING_RE l=1).process reconnect failed to v2:172.21.15.136:6800/455012925
