2024-04-26T22:57:12.205+0000 7f4ed603b200 -1 mgr[py] Module volumes has missing NOTIFY_TYPES member
2024-04-26T22:57:12.509 INFO:journalctl@ceph.mgr.x.smithi136.stdout:Apr 26 22:57:12 smithi136 ceph-042df91a-0420-11ef-bc93-c7b262605968-mgr-x[29380]:
2024-04-26T22:57:12.306+0000 7f4ed603b200 -1 mgr[py] Module crash has missing NOTIFY_TYPES member
2024-04-26T22:57:13.008 INFO:journalctl@ceph.mgr.x.smithi136.stdout:Apr 26 22:57:12 smithi136 ceph-042df91a-0420-11ef-bc93-c7b262605968-mgr-x[29380]:
2024-04-26T22:57:12.514+0000 7f4ed603b200 -1 mgr[py] Module rgw has missing NOTIFY_TYPES member
2024-04-26T22:57:13.380 INFO:journalctl@ceph.mgr.x.smithi136.stdout:Apr 26 22:57:13 smithi136 ceph-042df91a-0420-11ef-bc93-c7b262605968-mgr-x[29380]:
2024-04-26T22:57:13.047+0000 7f4ed603b200 -1 mgr[py] Module prometheus has missing NOTIFY_TYPES member
2024-04-26T22:57:13.380 INFO:journalctl@ceph.mgr.x.smithi136.stdout:Apr 26 22:57:13 smithi136 ceph-042df91a-0420-11ef-bc93-c7b262605968-mgr-x[29380]:
2024-04-26T22:57:13.138+0000 7f4ed603b200 -1 mgr[py] Module devicehealth has missing NOTIFY_TYPES member
2024-04-26T22:57:13.691 INFO:journalctl@ceph.mgr.x.smithi136.stdout:Apr 26 22:57:13 smithi136 ceph-042df91a-0420-11ef-bc93-c7b262605968-mgr-x[29380]:
2024-04-26T22:57:13.380+0000 7f4ed603b200 -1 mgr[py] Module telemetry has missing NOTIFY_TYPES member
2024-04-26T22:57:13.691 INFO:journalctl@ceph.mgr.x.smithi136.stdout:Apr 26 22:57:13 smithi136 ceph-042df91a-0420-11ef-bc93-c7b262605968-mgr-x[29380]:
2024-04-26T22:57:13.513+0000 7f4ed603b200 -1 mgr[py] Module diskprediction_local has missing NOTIFY_TYPES member
2024-04-26T22:57:13.691 INFO:journalctl@ceph.mgr.x.smithi136.stdout:Apr 26 22:57:13 smithi136 ceph-042df91a-0420-11ef-bc93-c7b262605968-mgr-x[29380]:
2024-04-26T22:57:13.608+0000 7f4ed603b200 -1 mgr[py] Module osd_perf_query has missing NOTIFY_TYPES member
2024-04-26T22:57:14.010 INFO:journalctl@ceph.mgr.x.smithi136.stdout:Apr 26 22:57:13 smithi136 ceph-042df91a-0420-11ef-bc93-c7b262605968-mgr-x[29380]:
2024-04-26T22:57:13.724+0000 7f4ed603b200 -1 mgr[py] Module rbd_support has missing NOTIFY_TYPES member
2024-04-26T22:57:14.508 INFO:journalctl@ceph.mgr.x.smithi136.stdout:Apr 26 22:57:14 smithi136 ceph-042df91a-0420-11ef-bc93-c7b262605968-mgr-x[29380]:
2024-04-26T22:57:14.026+0000 7f4ed603b200 -1 mgr[py] Module zabbix has missing NOTIFY_TYPES member
2024-04-26T22:57:14.897 INFO:journalctl@ceph.mgr.x.smithi136.stdout:Apr 26 22:57:14 smithi136 ceph-042df91a-0420-11ef-bc93-c7b262605968-mgr-x[29380]:
2024-04-26T22:57:14.627+0000 7f4ed603b200 -1 mgr[py] Module status has missing NOTIFY_TYPES member
2024-04-26T22:57:14.897 INFO:journalctl@ceph.mgr.x.smithi136.stdout:Apr 26 22:57:14 smithi136 ceph-042df91a-0420-11ef-bc93-c7b262605968-mgr-x[29380]:
2024-04-26T22:57:14.843+0000 7f4ed603b200 -1 mgr[py] Module nfs has missing NOTIFY_TYPES member
2024-04-26T22:57:15.258 INFO:journalctl@ceph.mon.a.smithi136.stdout:Apr 26 22:57:14 smithi136 ceph-mon[29145]: Active manager daemon x restarted
2024-04-26T22:57:15.259 INFO:journalctl@ceph.mon.a.smithi136.stdout:Apr 26 22:57:14 smithi136 ceph-mon[29145]: Activating manager daemon x
2024-04-26T22:57:15.259 INFO:journalctl@ceph.mon.a.smithi136.stdout:Apr 26 22:57:14 smithi136 ceph-mon[29145]: osdmap e3: 0 total, 0 up, 0 in
2024-04-26T22:57:15.259 INFO:journalctl@ceph.mon.a.smithi136.stdout:Apr 26 22:57:14 smithi136 ceph-mon[29145]: mgrmap e10: x(active, starting, since 0.00339455s)
2024-04-26T22:57:15.259 INFO:journalctl@ceph.mon.a.smithi136.stdout:Apr 26 22:57:14 smithi136 ceph-mon[29145]: from='mgr.14152 172.21.15.136:0/2478711636' entity='mgr.x' cmd=[{"prefix": "mon metadata", "id": "a"}]: dispatch
2024-04-26T22:57:15.259 INFO:journalctl@ceph.mon.a.smithi136.stdout:Apr 26 22:57:14 smithi136 ceph-mon[29145]: from='mgr.14152 172.21.15.136:0/2478711636' entity='mgr.x' cmd=[{"prefix": "mgr metadata", "who": "x", "id": "x"}]: dispatch
2024-04-26T22:57:15.259 INFO:journalctl@ceph.mon.a.smithi136.stdout:Apr 26 22:57:14 smithi136 ceph-mon[29145]: from='mgr.14152 172.21.15.136:0/2478711636' entity='mgr.x' cmd=[{"prefix": "mds metadata"}]: dispatch
2024-04-26T22:57:15.259 INFO:journalctl@ceph.mon.a.smithi136.stdout:Apr 26 22:57:14 smithi136 ceph-mon[29145]: from='mgr.14152 172.21.15.136:0/2478711636' entity='mgr.x' cmd=[{"prefix": "osd metadata"}]: dispatch
2024-04-26T22:57:15.259 INFO:journalctl@ceph.mon.a.smithi136.stdout:Apr 26 22:57:14 smithi136 ceph-mon[29145]: from='mgr.14152 172.21.15.136:0/2478711636' entity='mgr.x' cmd=[{"prefix": "mon metadata"}]: dispatch
2024-04-26T22:57:15.259 INFO:journalctl@ceph.mon.a.smithi136.stdout:Apr 26 22:57:14 smithi136 ceph-mon[29145]: Manager daemon x is now available
2024-04-26T22:57:15.259 INFO:journalctl@ceph.mon.a.smithi136.stdout:Apr 26 22:57:14 smithi136 ceph-mon[29145]: from='mgr.14152 172.21.15.136:0/2478711636' entity='mgr.x' cmd=[{"prefix": "config dump", "format": "json"}]: dispatch
2024-04-26T22:57:15.259 INFO:journalctl@ceph.mon.a.smithi136.stdout:Apr 26 22:57:14 smithi136 ceph-mon[29145]: from='mgr.14152 172.21.15.136:0/2478711636' entity='mgr.x' cmd=[{"prefix":"config rm","who":"mgr","name":"mgr/rbd_support/x/mirror_snapshot_schedule"}]: dispatch
2024-04-26T22:57:16.009 INFO:journalctl@ceph.mon.a.smithi136.stdout:Apr 26 22:57:15 smithi136 ceph-mon[29145]: from='mgr.14152 172.21.15.136:0/2478711636' entity='mgr.x' cmd=[{"prefix":"config rm","who":"mgr","name":"mgr/rbd_support/x/trash_purge_schedule"}]: dispatch
2024-04-26T22:57:16.009 INFO:journalctl@ceph.mon.a.smithi136.stdout:Apr 26 22:57:15 smithi136 ceph-mon[29145]: mgrmap e11: x(active, since 1.00587s)
2024-04-26T22:57:16.772 INFO:teuthology.orchestra.run.smithi136.stdout:/usr/bin/ceph: stdout {
2024-04-26T22:57:16.772 INFO:teuthology.orchestra.run.smithi136.stdout:/usr/bin/ceph: stdout "mgrmap_epoch": 11,
2024-04-26T22:57:16.773 INFO:teuthology.orchestra.run.smithi136.stdout:/usr/bin/ceph: stdout "initialized": true
2024-04-26T22:57:16.773 INFO:teuthology.orchestra.run.smithi136.stdout:/usr/bin/ceph: stdout }
2024-04-26T22:57:16.773 INFO:teuthology.orchestra.run.smithi136.stdout:/usr/bin/ceph: stderr
2024-04-26T22:57:10.683+0000 7f5f0fe32700 1 Processor -- start
2024-04-26T22:57:16.773 INFO:teuthology.orchestra.run.smithi136.stdout:/usr/bin/ceph: stderr
2024-04-26T22:57:10.683+0000 7f5f0fe32700 1 -- start start
2024-04-26T22:57:16.773 INFO:teuthology.orchestra.run.smithi136.stdout:/usr/bin/ceph: stderr
2024-04-26T22:57:10.683+0000 7f5f0fe32700 1 --2- >> [v2:172.21.15.136:3300/0,v1:172.21.15.136:6789/0] conn(0x7f5f08107560 0x7f5f08107980 unknown :-1 s=NONE pgs=0 cs=0 l=0 rev1=0 crypto rx=0 tx=0 comp rx=0 tx=0).connect
2024-04-26T22:57:16.773 INFO:teuthology.orchestra.run.smithi136.stdout:/usr/bin/ceph: stderr
2024-04-26T22:57:10.683+0000 7f5f0fe32700 1 -- --> [v2:172.21.15.136:3300/0,v1:172.21.15.136:6789/0] -- mon_getmap magic: 0 -- 0x7f5f0807ce30 con 0x7f5f08107560
2024-04-26T22:57:16.773 INFO:teuthology.orchestra.run.smithi136.stdout:/usr/bin/ceph: stderr
2024-04-26T22:57:10.684+0000 7f5f0dbce700 1 --2- >> [v2:172.21.15.136:3300/0,v1:172.21.15.136:6789/0] conn(0x7f5f08107560 0x7f5f08107980 unknown :-1 s=BANNER_CONNECTING pgs=0 cs=0 l=0 rev1=0 crypto rx=0 tx=0 comp rx=0 tx=0)._handle_peer_banner_payload supported=3 required=0
2024-04-26T22:57:16.773 INFO:teuthology.orchestra.run.smithi136.stdout:/usr/bin/ceph: stderr
2024-04-26T22:57:10.684+0000 7f5f0dbce700 1 --2- >> [v2:172.21.15.136:3300/0,v1:172.21.15.136:6789/0] conn(0x7f5f08107560 0x7f5f08107980 unknown :-1 s=HELLO_CONNECTING pgs=0 cs=0 l=0 rev1=1 crypto rx=0 tx=0 comp rx=0 tx=0).handle_hello peer v2:172.21.15.136:3300/0 says I am v2:172.21.15.136:42158/0 (socket says 172.21.15.136:42158)
2024-04-26T22:57:16.773 INFO:teuthology.orchestra.run.smithi136.stdout:/usr/bin/ceph: stderr
2024-04-26T22:57:10.684+0000 7f5f0dbce700 1 -- 172.21.15.136:0/2458966198 learned_addr learned my addr 172.21.15.136:0/2458966198 (peer_addr_for_me v2:172.21.15.136:0/0)
2024-04-26T22:57:16.773 INFO:teuthology.orchestra.run.smithi136.stdout:/usr/bin/ceph: stderr
2024-04-26T22:57:10.684+0000 7f5f0dbce700 1 -- 172.21.15.136:0/2458966198 --> [v2:172.21.15.136:3300/0,v1:172.21.15.136:6789/0] -- mon_subscribe({config=0+,monmap=0+}) -- 0x7f5f08107ec0 con 0x7f5f08107560
2024-04-26T22:57:16.773 INFO:teuthology.orchestra.run.smithi136.stdout:/usr/bin/ceph: stderr
2024-04-26T22:57:10.684+0000 7f5f0dbce700 1 --2- 172.21.15.136:0/2458966198 >> [v2:172.21.15.136:3300/0,v1:172.21.15.136:6789/0] conn(0x7f5f08107560 0x7f5f08107980 secure :-1 s=READY pgs=61 cs=0 l=1 rev1=1 crypto rx=0x7f5ef80098a0 tx=0x7f5ef8009bb0 comp rx=0 tx=0).ready entity=mon.0 client_cookie=b270637e176900a5 server_cookie=0 in_seq=0 out_seq=0
2024-04-26T22:57:16.773 INFO:teuthology.orchestra.run.smithi136.stdout:/usr/bin/ceph: stderr
2024-04-26T22:57:10.684+0000 7f5f0cbcc700 1 -- 172.21.15.136:0/2458966198 <== mon.0 v2:172.21.15.136:3300/0 1 ==== mon_map magic: 0 ==== 205+0+0 (secure 0 0 0) 0x7f5ef8004160 con 0x7f5f08107560
2024-04-26T22:57:16.774 INFO:teuthology.orchestra.run.smithi136.stdout:/usr/bin/ceph: stderr
2024-04-26T22:57:10.684+0000 7f5f0cbcc700 1 -- 172.21.15.136:0/2458966198 <== mon.0 v2:172.21.15.136:3300/0 2 ==== config(26 keys) ==== 1101+0+0 (secure 0 0 0) 0x7f5ef8004300 con 0x7f5f08107560
2024-04-26T22:57:16.774 INFO:teuthology.orchestra.run.smithi136.stdout:/usr/bin/ceph: stderr
2024-04-26T22:57:10.684+0000 7f5f0cbcc700 1 -- 172.21.15.136:0/2458966198 <== mon.0 v2:172.21.15.136:3300/0 3 ==== mon_map magic: 0 ==== 205+0+0 (secure 0 0 0) 0x7f5ef8011a20 con 0x7f5f08107560
2024-04-26T22:57:16.774 INFO:teuthology.orchestra.run.smithi136.stdout:/usr/bin/ceph: stderr
2024-04-26T22:57:10.685+0000 7f5f0fe32700 1 -- 172.21.15.136:0/2458966198 >> [v2:172.21.15.136:3300/0,v1:172.21.15.136:6789/0] conn(0x7f5f08107560 msgr2=0x7f5f08107980 secure :-1 s=STATE_CONNECTION_ESTABLISHED l=1).mark_down
2024-04-26T22:57:16.774 INFO:teuthology.orchestra.run.smithi136.stdout:/usr/bin/ceph: stderr
2024-04-26T22:57:10.685+0000 7f5f0fe32700 1 --2- 172.21.15.136:0/2458966198 >> [v2:172.21.15.136:3300/0,v1:172.21.15.136:6789/0] conn(0x7f5f08107560 0x7f5f08107980 secure :-1 s=READY pgs=61 cs=0 l=1 rev1=1 crypto rx=0x7f5ef80098a0 tx=0x7f5ef8009bb0 comp rx=0 tx=0).stop
2024-04-26T22:57:16.774 INFO:teuthology.orchestra.run.smithi136.stdout:/usr/bin/ceph: stderr
2024-04-26T22:57:10.685+0000 7f5f0fe32700 1 -- 172.21.15.136:0/2458966198 shutdown_connections
2024-04-26T22:57:16.774 INFO:teuthology.orchestra.run.smithi136.stdout:/usr/bin/ceph: stderr
2024-04-26T22:57:10.685+0000 7f5f0fe32700 1 --2- 172.21.15.136:0/2458966198 >> [v2:172.21.15.136:3300/0,v1:172.21.15.136:6789/0] conn(0x7f5f08107560 0x7f5f08107980 unknown :-1 s=CLOSED pgs=61 cs=0 l=1 rev1=1 crypto rx=0 tx=0 comp rx=0 tx=0).stop
2024-04-26T22:57:16.774 INFO:teuthology.orchestra.run.smithi136.stdout:/usr/bin/ceph: stderr
2024-04-26T22:57:10.685+0000 7f5f0fe32700 1 -- 172.21.15.136:0/2458966198 >> 172.21.15.136:0/2458966198 conn(0x7f5f08103140 msgr2=0x7f5f08105560 unknown :-1 s=STATE_NONE l=0).mark_down
2024-04-26T22:57:16.774 INFO:teuthology.orchestra.run.smithi136.stdout:/usr/bin/ceph: stderr
2024-04-26T22:57:10.685+0000 7f5f0fe32700 1 -- 172.21.15.136:0/2458966198 shutdown_connections
2024-04-26T22:57:16.774 INFO:teuthology.orchestra.run.smithi136.stdout:/usr/bin/ceph: stderr
2024-04-26T22:57:10.685+0000 7f5f0fe32700 1 -- 172.21.15.136:0/2458966198 wait complete.
2024-04-26T22:57:16.774 INFO:teuthology.orchestra.run.smithi136.stdout:/usr/bin/ceph: stderr
2024-04-26T22:57:10.685+0000 7f5f0fe32700 1 Processor -- start
2024-04-26T22:57:16.774 INFO:teuthology.orchestra.run.smithi136.stdout:/usr/bin/ceph: stderr
2024-04-26T22:57:10.686+0000 7f5f0fe32700 1 -- start start
2024-04-26T22:57:16.775 INFO:teuthology.orchestra.run.smithi136.stdout:/usr/bin/ceph: stderr
2024-04-26T22:57:10.686+0000 7f5f0fe32700 1 --2- >> [v2:172.21.15.136:3300/0,v1:172.21.15.136:6789/0] conn(0x7f5f08107560 0x7f5f0819edb0 unknown :-1 s=NONE pgs=0 cs=0 l=1 rev1=0 crypto rx=0 tx=0 comp rx=0 tx=0).connect
2024-04-26T22:57:16.775 INFO:teuthology.orchestra.run.smithi136.stdout:/usr/bin/ceph: stderr
2024-04-26T22:57:10.686+0000 7f5f0fe32700 1 -- --> [v2:172.21.15.136:3300/0,v1:172.21.15.136:6789/0] -- mon_getmap magic: 0 -- 0x7f5f08108f30 con 0x7f5f08107560
2024-04-26T22:57:16.775 INFO:teuthology.orchestra.run.smithi136.stdout:/usr/bin/ceph: stderr
2024-04-26T22:57:10.686+0000 7f5f0dbce700 1 --2- >> [v2:172.21.15.136:3300/0,v1:172.21.15.136:6789/0] conn(0x7f5f08107560 0x7f5f0819edb0 unknown :-1 s=BANNER_CONNECTING pgs=0 cs=0 l=1 rev1=0 crypto rx=0 tx=0 comp rx=0 tx=0)._handle_peer_banner_payload supported=3 required=0
2024-04-26T22:57:16.775 INFO:teuthology.orchestra.run.smithi136.stdout:/usr/bin/ceph: stderr
2024-04-26T22:57:10.686+0000 7f5f0dbce700 1 --2- >> [v2:172.21.15.136:3300/0,v1:172.21.15.136:6789/0] conn(0x7f5f08107560 0x7f5f0819edb0 unknown :-1 s=HELLO_CONNECTING pgs=0 cs=0 l=1 rev1=1 crypto rx=0 tx=0 comp rx=0 tx=0).handle_hello peer v2:172.21.15.136:3300/0 says I am v2:172.21.15.136:42162/0 (socket says 172.21.15.136:42162)
2024-04-26T22:57:16.775 INFO:teuthology.orchestra.run.smithi136.stdout:/usr/bin/ceph: stderr
2024-04-26T22:57:10.686+0000 7f5f0dbce700 1 -- 172.21.15.136:0/1288626331 learned_addr learned my addr 172.21.15.136:0/1288626331 (peer_addr_for_me v2:172.21.15.136:0/0)
2024-04-26T22:57:16.775 INFO:teuthology.orchestra.run.smithi136.stdout:/usr/bin/ceph: stderr
2024-04-26T22:57:10.686+0000 7f5f0dbce700 1 -- 172.21.15.136:0/1288626331 --> [v2:172.21.15.136:3300/0,v1:172.21.15.136:6789/0] -- mon_subscribe({config=0+,monmap=0+}) -- 0x7f5f0819f2f0 con 0x7f5f08107560
2024-04-26T22:57:16.775 INFO:teuthology.orchestra.run.smithi136.stdout:/usr/bin/ceph: stderr
2024-04-26T22:57:10.686+0000 7f5f0dbce700 1 --2- 172.21.15.136:0/1288626331 >> [v2:172.21.15.136:3300/0,v1:172.21.15.136:6789/0] conn(0x7f5f08107560 0x7f5f0819edb0 secure :-1 s=READY pgs=62 cs=0 l=1 rev1=1 crypto rx=0x7f5ef80116e0 tx=0x7f5ef8011aa0 comp rx=0 tx=0).ready entity=mon.0 client_cookie=0 server_cookie=0 in_seq=0 out_seq=0
2024-04-26T22:57:16.775 INFO:teuthology.orchestra.run.smithi136.stdout:/usr/bin/ceph: stderr
2024-04-26T22:57:10.686+0000 7f5efeffd700 1 -- 172.21.15.136:0/1288626331 <== mon.0 v2:172.21.15.136:3300/0 1 ==== mon_map magic: 0 ==== 205+0+0 (secure 0 0 0) 0x7f5ef8003a60 con 0x7f5f08107560
2024-04-26T22:57:16.775 INFO:teuthology.orchestra.run.smithi136.stdout:/usr/bin/ceph: stderr
2024-04-26T22:57:10.686+0000 7f5efeffd700 1 -- 172.21.15.136:0/1288626331 <== mon.0 v2:172.21.15.136:3300/0 2 ==== config(26 keys) ==== 1101+0+0 (secure 0 0 0) 0x7f5ef801b8f0 con 0x7f5f08107560
2024-04-26T22:57:16.775 INFO:teuthology.orchestra.run.smithi136.stdout:/usr/bin/ceph: stderr
2024-04-26T22:57:10.686+0000 7f5f0fe32700 1 -- 172.21.15.136:0/1288626331 --> [v2:172.21.15.136:3300/0,v1:172.21.15.136:6789/0] -- mon_subscribe({mgrmap=0+}) -- 0x7f5f0819f580 con 0x7f5f08107560
2024-04-26T22:57:16.775 INFO:teuthology.orchestra.run.smithi136.stdout:/usr/bin/ceph: stderr
2024-04-26T22:57:10.687+0000 7f5efeffd700 1 -- 172.21.15.136:0/1288626331 <== mon.0 v2:172.21.15.136:3300/0 3 ==== mon_map magic: 0 ==== 205+0+0 (secure 0 0 0) 0x7f5ef8019860 con 0x7f5f08107560
2024-04-26T22:57:16.775 INFO:teuthology.orchestra.run.smithi136.stdout:/usr/bin/ceph: stderr
2024-04-26T22:57:10.687+0000 7f5f0fe32700 1 -- 172.21.15.136:0/1288626331 --> [v2:172.21.15.136:3300/0,v1:172.21.15.136:6789/0] -- mon_subscribe({osdmap=0}) -- 0x7f5f081a2270 con 0x7f5f08107560
2024-04-26T22:57:16.776 INFO:teuthology.orchestra.run.smithi136.stdout:/usr/bin/ceph: stderr
2024-04-26T22:57:10.687+0000 7f5efeffd700 1 -- 172.21.15.136:0/1288626331 <== mon.0 v2:172.21.15.136:3300/0 4 ==== mgrmap(e 9) ==== 46571+0+0 (secure 0 0 0) 0x7f5ef8019b30 con 0x7f5f08107560
2024-04-26T22:57:16.776 INFO:teuthology.orchestra.run.smithi136.stdout:/usr/bin/ceph: stderr
2024-04-26T22:57:10.687+0000 7f5efeffd700 1 --2- 172.21.15.136:0/1288626331 >> [v2:172.21.15.136:6800/2190087596,v1:172.21.15.136:6801/2190087596] conn(0x7f5ef4039610 0x7f5ef403bad0 unknown :-1 s=NONE pgs=0 cs=0 l=1 rev1=0 crypto rx=0 tx=0 comp rx=0 tx=0).connect
2024-04-26T22:57:16.776 INFO:teuthology.orchestra.run.smithi136.stdout:/usr/bin/ceph: stderr
2024-04-26T22:57:10.687+0000 7f5f0fe32700 1 -- 172.21.15.136:0/1288626331 --> [v2:172.21.15.136:6800/2190087596,v1:172.21.15.136:6801/2190087596] -- command(tid 0: {"prefix": "get_command_descriptions"}) -- 0x7f5f0806a520 con 0x7f5ef4039610
2024-04-26T22:57:16.776 INFO:teuthology.orchestra.run.smithi136.stdout:/usr/bin/ceph: stderr
2024-04-26T22:57:10.687+0000 7f5efeffd700 1 -- 172.21.15.136:0/1288626331 <== mon.0 v2:172.21.15.136:3300/0 5 ==== osd_map(2..2 src has 1..2) ==== 940+0+0 (secure 0 0 0) 0x7f5ef804de30 con 0x7f5f08107560
2024-04-26T22:57:16.776 INFO:teuthology.orchestra.run.smithi136.stdout:/usr/bin/ceph: stderr
2024-04-26T22:57:10.687+0000 7f5f0d3cd700 1 -- 172.21.15.136:0/1288626331 >> [v2:172.21.15.136:6800/2190087596,v1:172.21.15.136:6801/2190087596] conn(0x7f5ef4039610 msgr2=0x7f5ef403bad0 unknown :-1 s=STATE_CONNECTING_RE l=1).process reconnect failed to v2:172.21.15.136:6800/2190087596
2024-04-26T22:57:16.776 INFO:teuthology.orchestra.run.smithi136.stdout:/usr/bin/ceph: stderr
2024-04-26T22:57:10.687+0000 7f5f0d3cd700 1 --2- 172.21.15.136:0/1288626331 >> [v2:172.21.15.136:6800/2190087596,v1:172.21.15.136:6801/2190087596] conn(0x7f5ef4039610 0x7f5ef403bad0 unknown :-1 s=START_CONNECT pgs=0 cs=0 l=1 rev1=0 crypto rx=0 tx=0 comp rx=0 tx=0)._fault waiting 0.200000
2024-04-26T22:57:16.776 INFO:teuthology.orchestra.run.smithi136.stdout:/usr/bin/ceph: stderr
2024-04-26T22:57:10.888+0000 7f5f0d3cd700 1 -- 172.21.15.136:0/1288626331 >> [v2:172.21.15.136:6800/2190087596,v1:172.21.15.136:6801/2190087596] conn(0x7f5ef4039610 msgr2=0x7f5ef403bad0 unknown :-1 s=STATE_CONNECTING_RE l=1).process reconnect failed to v2:172.21.15.136:6800/2190087596
2024-04-26T22:57:16.776 INFO:teuthology.orchestra.run.smithi136.stdout:/usr/bin/ceph: stderr
2024-04-26T22:57:10.888+0000 7f5f0d3cd700 1 --2- 172.21.15.136:0/1288626331 >> [v2:172.21.15.136:6800/2190087596,v1:172.21.15.136:6801/2190087596] conn(0x7f5ef4039610 0x7f5ef403bad0 unknown :-1 s=START_CONNECT pgs=0 cs=0 l=1 rev1=0 crypto rx=0 tx=0 comp rx=0 tx=0)._fault waiting 0.400000
2024-04-26T22:57:16.776 INFO:teuthology.orchestra.run.smithi136.stdout:/usr/bin/ceph: stderr
2024-04-26T22:57:11.289+0000 7f5f0d3cd700 1 -- 172.21.15.136:0/1288626331 >> [v2:172.21.15.136:6800/2190087596,v1:172.21.15.136:6801/2190087596] conn(0x7f5ef4039610 msgr2=0x7f5ef403bad0 unknown :-1 s=STATE_CONNECTING_RE l=1).process reconnect failed to v2:172.21.15.136:6800/2190087596
2024-04-26T22:57:16.776 INFO:teuthology.orchestra.run.smithi136.stdout:/usr/bin/ceph: stderr
2024-04-26T22:57:11.289+0000 7f5f0d3cd700 1 --2- 172.21.15.136:0/1288626331 >> [v2:172.21.15.136:6800/2190087596,v1:172.21.15.136:6801/2190087596] conn(0x7f5ef4039610 0x7f5ef403bad0 unknown :-1 s=START_CONNECT pgs=0 cs=0 l=1 rev1=0 crypto rx=0 tx=0 comp rx=0 tx=0)._fault waiting 0.800000
2024-04-26T22:57:16.776 INFO:teuthology.orchestra.run.smithi136.stdout:/usr/bin/ceph: stderr
2024-04-26T22:57:12.090+0000 7f5f0d3cd700 1 -- 172.21.15.136:0/1288626331 >> [v2:172.21.15.136:6800/2190087596,v1:172.21.15.136:6801/2190087596] conn(0x7f5ef4039610 msgr2=0x7f5ef403bad0 unknown :-1 s=STATE_CONNECTING_RE l=1).process reconnect failed to v2:172.21.15.136:6800/2190087596
2024-04-26T22:57:16.776 INFO:teuthology.orchestra.run.smithi136.stdout:/usr/bin/ceph: stderr
2024-04-26T22:57:12.090+0000 7f5f0d3cd700 1 --2- 172.21.15.136:0/1288626331 >> [v2:172.21.15.136:6800/2190087596,v1:172.21.15.136:6801/2190087596] conn(0x7f5ef4039610 0x7f5ef403bad0 unknown :-1 s=START_CONNECT pgs=0 cs=0 l=1 rev1=0 crypto rx=0 tx=0 comp rx=0 tx=0)._fault waiting 1.600000
2024-04-26T22:57:16.776 INFO:teuthology.orchestra.run.smithi136.stdout:/usr/bin/ceph: stderr
2024-04-26T22:57:13.691+0000 7f5f0d3cd700 1 -- 172.21.15.136:0/1288626331 >> [v2:172.21.15.136:6800/2190087596,v1:172.21.15.136:6801/2190087596] conn(0x7f5ef4039610 msgr2=0x7f5ef403bad0 unknown :-1 s=STATE_CONNECTING_RE l=1).process reconnect failed to v2:172.21.15.136:6800/2190087596
2024-04-26T22:57:16.777 INFO:teuthology.orchestra.run.smithi136.stdout:/usr/bin/ceph: stderr
2024-04-26T22:57:13.691+0000 7f5f0d3cd700 1 --2- 172.21.15.136:0/1288626331 >> [v2:172.21.15.136:6800/2190087596,v1:172.21.15.136:6801/2190087596] conn(0x7f5ef4039610 0x7f5ef403bad0 unknown :-1 s=START_CONNECT pgs=0 cs=0 l=1 rev1=0 crypto rx=0 tx=0 comp rx=0 tx=0)._fault waiting 3.200000
2024-04-26T22:57:16.777 INFO:teuthology.orchestra.run.smithi136.stdout:/usr/bin/ceph: stderr
2024-04-26T22:57:14.847+0000 7f5efeffd700 1 -- 172.21.15.136:0/1288626331 <== mon.0 v2:172.21.15.136:3300/0 6 ==== mgrmap(e 10) ==== 46338+0+0 (secure 0 0 0) 0x7f5ef801a8f0 con 0x7f5f08107560
2024-04-26T22:57:16.777 INFO:teuthology.orchestra.run.smithi136.stdout:/usr/bin/ceph: stderr
2024-04-26T22:57:14.847+0000 7f5efeffd700 1 -- 172.21.15.136:0/1288626331 >> [v2:172.21.15.136:6800/2190087596,v1:172.21.15.136:6801/2190087596] conn(0x7f5ef4039610 msgr2=0x7f5ef403bad0 unknown :-1 s=STATE_CONNECTING l=1).mark_down
2024-04-26T22:57:16.777 INFO:teuthology.orchestra.run.smithi136.stdout:/usr/bin/ceph: stderr
2024-04-26T22:57:14.847+0000 7f5efeffd700 1 --2- 172.21.15.136:0/1288626331 >> [v2:172.21.15.136:6800/2190087596,v1:172.21.15.136:6801/2190087596] conn(0x7f5ef4039610 0x7f5ef403bad0 unknown :-1 s=START_CONNECT pgs=0 cs=0 l=1 rev1=0 crypto rx=0 tx=0 comp rx=0 tx=0).stop
2024-04-26T22:57:16.777 INFO:teuthology.orchestra.run.smithi136.stdout:/usr/bin/ceph: stderr
2024-04-26T22:57:15.848+0000 7f5efeffd700 1 -- 172.21.15.136:0/1288626331 <== mon.0 v2:172.21.15.136:3300/0 7 ==== mgrmap(e 11) ==== 46465+0+0 (secure 0 0 0) 0x7f5ef804fdb0 con 0x7f5f08107560
2024-04-26T22:57:16.777 INFO:teuthology.orchestra.run.smithi136.stdout:/usr/bin/ceph: stderr
2024-04-26T22:57:15.848+0000 7f5efeffd700 1 --2- 172.21.15.136:0/1288626331 >> [v2:172.21.15.136:6800/254966544,v1:172.21.15.136:6801/254966544] conn(0x7f5ef403cea0 0x7f5ef403f290 unknown :-1 s=NONE pgs=0 cs=0 l=1 rev1=0 crypto rx=0 tx=0 comp rx=0 tx=0).connect
2024-04-26T22:57:16.777 INFO:teuthology.orchestra.run.smithi136.stdout:/usr/bin/ceph: stderr
2024-04-26T22:57:15.848+0000 7f5efeffd700 1 -- 172.21.15.136:0/1288626331 --> [v2:172.21.15.136:6800/254966544,v1:172.21.15.136:6801/254966544] -- command(tid 0: {"prefix": "get_command_descriptions"}) -- 0x7f5f0806a520 con 0x7f5ef403cea0
2024-04-26T22:57:16.777 INFO:teuthology.orchestra.run.smithi136.stdout:/usr/bin/ceph: stderr
2024-04-26T22:57:15.849+0000 7f5f0d3cd700 1 --2- 172.21.15.136:0/1288626331 >> [v2:172.21.15.136:6800/254966544,v1:172.21.15.136:6801/254966544] conn(0x7f5ef403cea0 0x7f5ef403f290 unknown :-1 s=BANNER_CONNECTING pgs=0 cs=0 l=1 rev1=0 crypto rx=0 tx=0 comp rx=0 tx=0)._handle_peer_banner_payload supported=3 required=0
2024-04-26T22:57:16.777 INFO:teuthology.orchestra.run.smithi136.stdout:/usr/bin/ceph: stderr
2024-04-26T22:57:15.849+0000 7f5f0d3cd700 1 --2- 172.21.15.136:0/1288626331 >> [v2:172.21.15.136:6800/254966544,v1:172.21.15.136:6801/254966544] conn(0x7f5ef403cea0 0x7f5ef403f290 secure :-1 s=READY pgs=1 cs=0 l=1 rev1=1 crypto rx=0x7f5f04003a10 tx=0x7f5f04009270 comp rx=0 tx=0).ready entity=mgr.14152 client_cookie=0 server_cookie=0 in_seq=0 out_seq=0
2024-04-26T22:57:16.777 INFO:teuthology.orchestra.run.smithi136.stdout:/usr/bin/ceph: stderr
2024-04-26T22:57:15.850+0000 7f5efeffd700 1 -- 172.21.15.136:0/1288626331 <== mgr.14152 v2:172.21.15.136:6800/254966544 1 ==== command_reply(tid 0: 0 ) ==== 8+0+9564 (secure 0 0 0) 0x7f5f0806a520 con 0x7f5ef403cea0
2024-04-26T22:57:16.777 INFO:teuthology.orchestra.run.smithi136.stdout:/usr/bin/ceph: stderr
2024-04-26T22:57:15.858+0000 7f5f0fe32700 1 -- 172.21.15.136:0/1288626331 --> [v2:172.21.15.136:6800/254966544,v1:172.21.15.136:6801/254966544] -- command(tid 1: {"prefix": "mgr_status"}) -- 0x7f5f08063860 con 0x7f5ef403cea0
2024-04-26T22:57:16.777 INFO:teuthology.orchestra.run.smithi136.stdout:/usr/bin/ceph: stderr
2024-04-26T22:57:15.859+0000 7f5efeffd700 1 -- 172.21.15.136:0/1288626331 <== mgr.14152 v2:172.21.15.136:6800/254966544 2 ==== command_reply(tid 1: 0 ) ==== 8+0+52 (secure 0 0 0) 0x7f5f08063860 con 0x7f5ef403cea0
2024-04-26T22:57:16.777 INFO:teuthology.orchestra.run.smithi136.stdout:/usr/bin/ceph: stderr
2024-04-26T22:57:15.859+0000 7f5f0fe32700 1 -- 172.21.15.136:0/1288626331 >> [v2:172.21.15.136:6800/254966544,v1:172.21.15.136:6801/254966544] conn(0x7f5ef403cea0 msgr2=0x7f5ef403f290 secure :-1 s=STATE_CONNECTION_ESTABLISHED l=1).mark_down
2024-04-26T22:57:16.778 INFO:teuthology.orchestra.run.smithi136.stdout:/usr/bin/ceph: stderr
2024-04-26T22:57:15.859+0000 7f5f0fe32700 1 --2- 172.21.15.136:0/1288626331 >> [v2:172.21.15.136:6800/254966544,v1:172.21.15.136:6801/254966544] conn(0x7f5ef403cea0 0x7f5ef403f290 secure :-1 s=READY pgs=1 cs=0 l=1 rev1=1 crypto rx=0x7f5f04003a10 tx=0x7f5f04009270 comp rx=0 tx=0).stop
2024-04-26T22:57:16.778 INFO:teuthology.orchestra.run.smithi136.stdout:/usr/bin/ceph: stderr
2024-04-26T22:57:15.859+0000 7f5f0fe32700 1 -- 172.21.15.136:0/1288626331 >> [v2:172.21.15.136:3300/0,v1:172.21.15.136:6789/0] conn(0x7f5f08107560 msgr2=0x7f5f0819edb0 secure :-1 s=STATE_CONNECTION_ESTABLISHED l=1).mark_down
2024-04-26T22:57:16.778 INFO:teuthology.orchestra.run.smithi136.stdout:/usr/bin/ceph: stderr
2024-04-26T22:57:15.859+0000 7f5f0fe32700 1 --2- 172.21.15.136:0/1288626331 >> [v2:172.21.15.136:3300/0,v1:172.21.15.136:6789/0] conn(0x7f5f08107560 0x7f5f0819edb0 secure :-1 s=READY pgs=62 cs=0 l=1 rev1=1 crypto rx=0x7f5ef80116e0 tx=0x7f5ef8011aa0 comp rx=0 tx=0).stop
2024-04-26T22:57:16.778 INFO:teuthology.orchestra.run.smithi136.stdout:/usr/bin/ceph: stderr
2024-04-26T22:57:15.859+0000 7f5f0fe32700 1 -- 172.21.15.136:0/1288626331 shutdown_connections
2024-04-26T22:57:16.778 INFO:teuthology.orchestra.run.smithi136.stdout:/usr/bin/ceph: stderr
2024-04-26T22:57:15.859+0000 7f5f0fe32700 1 --2- 172.21.15.136:0/1288626331 >> [v2:172.21.15.136:3300/0,v1:172.21.15.136:6789/0] conn(0x7f5f08107560 0x7f5f0819edb0 unknown :-1 s=CLOSED pgs=62 cs=0 l=1 rev1=1 crypto rx=0 tx=0 comp rx=0 tx=0).stop
2024-04-26T22:57:16.778 INFO:teuthology.orchestra.run.smithi136.stdout:/usr/bin/ceph: stderr
2024-04-26T22:57:15.859+0000 7f5f0fe32700 1 --2- 172.21.15.136:0/1288626331 >> [v2:172.21.15.136:6800/254966544,v1:172.21.15.136:6801/254966544] conn(0x7f5ef403cea0 0x7f5ef403f290 unknown :-1 s=CLOSED pgs=1 cs=0 l=1 rev1=1 crypto rx=0 tx=0 comp rx=0 tx=0).stop
2024-04-26T22:57:16.778 INFO:teuthology.orchestra.run.smithi136.stdout:/usr/bin/ceph: stderr
2024-04-26T22:57:15.859+0000 7f5f0fe32700 1 --2- 172.21.15.136:0/1288626331 >> [v2:172.21.15.136:6800/2190087596,v1:172.21.15.136:6801/2190087596] conn(0x7f5ef4039610 0x7f5ef403bad0 unknown :-1 s=CLOSED pgs=0 cs=0 l=1 rev1=0 crypto rx=0 tx=0 comp rx=0 tx=0).stop
2024-04-26T22:57:16.778 INFO:teuthology.orchestra.run.smithi136.stdout:/usr/bin/ceph: stderr
2024-04-26T22:57:15.859+0000 7f5f0fe32700 1 -- 172.21.15.136:0/1288626331 >> 172.21.15.136:0/1288626331 conn(0x7f5f08103140 msgr2=0x7f5f081959d0 unknown :-1 s=STATE_NONE l=0).mark_down
2024-04-26T22:57:16.778 INFO:teuthology.orchestra.run.smithi136.stdout:/usr/bin/ceph: stderr
2024-04-26T22:57:15.859+0000 7f5f0fe32700 1 -- 172.21.15.136:0/1288626331 shutdown_connections
2024-04-26T22:57:16.778 INFO:teuthology.orchestra.run.smithi136.stdout:/usr/bin/ceph: stderr
2024-04-26T22:57:15.859+0000 7f5f0fe32700 1 -- 172.21.15.136:0/1288626331 wait complete.
2024-04-26T22:57:16.778 INFO:teuthology.orchestra.run.smithi136.stdout:mgr epoch 9 is available
2024-04-26T22:57:16.778 INFO:teuthology.orchestra.run.smithi136.stdout:Generating a dashboard self-signed certificate...
2024-04-26T22:57:17.015 INFO:journalctl@ceph.mon.a.smithi136.stdout:Apr 26 22:57:16 smithi136 ceph-mon[29145]: [26/Apr/2024:22:57:15] ENGINE Bus STARTING
2024-04-26T22:57:17.015 INFO:journalctl@ceph.mon.a.smithi136.stdout:Apr 26 22:57:16 smithi136 ceph-mon[29145]: [26/Apr/2024:22:57:15] ENGINE Serving on http://172.21.15.136:8765
2024-04-26T22:57:17.015 INFO:journalctl@ceph.mon.a.smithi136.stdout:Apr 26 22:57:16 smithi136 ceph-mon[29145]: [26/Apr/2024:22:57:15] ENGINE Serving on https://172.21.15.136:7150
2024-04-26T22:57:17.015 INFO:journalctl@ceph.mon.a.smithi136.stdout:Apr 26 22:57:16 smithi136 ceph-mon[29145]: [26/Apr/2024:22:57:15] ENGINE Bus STARTED
2024-04-26T22:57:17.015 INFO:journalctl@ceph.mon.a.smithi136.stdout:Apr 26 22:57:16 smithi136 ceph-mon[29145]: from='client.14156 -' entity='client.admin' cmd=[{"prefix": "get_command_descriptions"}]: dispatch
2024-04-26T22:57:17.015 INFO:journalctl@ceph.mon.a.smithi136.stdout:Apr 26 22:57:16 smithi136 ceph-mon[29145]: from='client.14156 -' entity='client.admin' cmd=[{"prefix": "mgr_status"}]: dispatch
2024-04-26T22:57:17.015 INFO:journalctl@ceph.mon.a.smithi136.stdout:Apr 26 22:57:16 smithi136 ceph-mon[29145]: from='mgr.14152 172.21.15.136:0/2478711636' entity='mgr.x'
2024-04-26T22:57:18.110 INFO:teuthology.orchestra.run.smithi136.stdout:/usr/bin/ceph: stdout Self-signed certificate created
2024-04-26T22:57:18.110 INFO:teuthology.orchestra.run.smithi136.stdout:/usr/bin/ceph: stderr
2024-04-26T22:57:17.209+0000 7f3cd9cc1700 1 Processor -- start
2024-04-26T22:57:18.110 INFO:teuthology.orchestra.run.smithi136.stdout:/usr/bin/ceph: stderr
2024-04-26T22:57:17.209+0000 7f3cd9cc1700 1 -- start start
2024-04-26T22:57:18.110 INFO:teuthology.orchestra.run.smithi136.stdout:/usr/bin/ceph: stderr
2024-04-26T22:57:17.209+0000 7f3cd9cc1700 1 --2- >> [v2:172.21.15.136:3300/0,v1:172.21.15.136:6789/0] conn(0x7f3cd41091f0 0x7f3cd4109610 unknown :-1 s=NONE pgs=0 cs=0 l=0 rev1=0 crypto rx=0 tx=0 comp rx=0 tx=0).connect
2024-04-26T22:57:18.110 INFO:teuthology.orchestra.run.smithi136.stdout:/usr/bin/ceph: stderr
2024-04-26T22:57:17.209+0000 7f3cd9cc1700 1 -- --> [v2:172.21.15.136:3300/0,v1:172.21.15.136:6789/0] -- mon_getmap magic: 0 -- 0x7f3cd4109be0 con 0x7f3cd41091f0
2024-04-26T22:57:18.110 INFO:teuthology.orchestra.run.smithi136.stdout:/usr/bin/ceph: stderr
2024-04-26T22:57:17.210+0000 7f3cd37fe700 1 --2- >> [v2:172.21.15.136:3300/0,v1:172.21.15.136:6789/0] conn(0x7f3cd41091f0 0x7f3cd4109610 unknown :-1 s=BANNER_CONNECTING pgs=0 cs=0 l=0 rev1=0 crypto rx=0 tx=0 comp rx=0 tx=0)._handle_peer_banner_payload supported=3 required=0
2024-04-26T22:57:18.110 INFO:teuthology.orchestra.run.smithi136.stdout:/usr/bin/ceph: stderr
2024-04-26T22:57:17.210+0000 7f3cd37fe700 1 --2- >> [v2:172.21.15.136:3300/0,v1:172.21.15.136:6789/0] conn(0x7f3cd41091f0 0x7f3cd4109610 unknown :-1 s=HELLO_CONNECTING pgs=0 cs=0 l=0 rev1=1 crypto rx=0 tx=0 comp rx=0 tx=0).handle_hello peer v2:172.21.15.136:3300/0 says I am v2:172.21.15.136:52080/0 (socket says 172.21.15.136:52080)
2024-04-26T22:57:18.110 INFO:teuthology.orchestra.run.smithi136.stdout:/usr/bin/ceph: stderr
2024-04-26T22:57:17.210+0000 7f3cd37fe700 1 -- 172.21.15.136:0/3293074243 learned_addr learned my addr 172.21.15.136:0/3293074243 (peer_addr_for_me v2:172.21.15.136:0/0)
2024-04-26T22:57:18.111 INFO:teuthology.orchestra.run.smithi136.stdout:/usr/bin/ceph: stderr
2024-04-26T22:57:17.210+0000 7f3cd37fe700 1 -- 172.21.15.136:0/3293074243 --> [v2:172.21.15.136:3300/0,v1:172.21.15.136:6789/0] -- mon_subscribe({config=0+,monmap=0+}) -- 0x7f3cd4109d60 con 0x7f3cd41091f0
2024-04-26T22:57:18.111 INFO:teuthology.orchestra.run.smithi136.stdout:/usr/bin/ceph: stderr
2024-04-26T22:57:17.210+0000 7f3cd37fe700 1 --2- 172.21.15.136:0/3293074243 >> [v2:172.21.15.136:3300/0,v1:172.21.15.136:6789/0] conn(0x7f3cd41091f0 0x7f3cd4109610 secure :-1 s=READY pgs=70 cs=0 l=1 rev1=1 crypto rx=0x7f3cc80098a0 tx=0x7f3cc8009bb0 comp rx=0 tx=0).ready entity=mon.0 client_cookie=24b1419bcfd03262 server_cookie=0 in_seq=0 out_seq=0
2024-04-26T22:57:18.111 INFO:teuthology.orchestra.run.smithi136.stdout:/usr/bin/ceph: stderr
2024-04-26T22:57:17.210+0000 7f3cd27fc700 1 -- 172.21.15.136:0/3293074243 <== mon.0 v2:172.21.15.136:3300/0 1 ==== mon_map magic: 0 ==== 205+0+0 (secure 0 0 0) 0x7f3cc8004160 con 0x7f3cd41091f0
2024-04-26T22:57:18.111 INFO:teuthology.orchestra.run.smithi136.stdout:/usr/bin/ceph: stderr
2024-04-26T22:57:17.210+0000 7f3cd27fc700 1 -- 172.21.15.136:0/3293074243 <== mon.0 v2:172.21.15.136:3300/0 2 ==== config(26 keys) ==== 1101+0+0 (secure 0 0 0) 0x7f3cc8004300 con 0x7f3cd41091f0
2024-04-26T22:57:18.111 INFO:teuthology.orchestra.run.smithi136.stdout:/usr/bin/ceph: stderr
2024-04-26T22:57:17.210+0000 7f3cd27fc700 1 -- 172.21.15.136:0/3293074243 <== mon.0 v2:172.21.15.136:3300/0 3 ==== mon_map magic: 0 ==== 205+0+0 (secure 0 0 0) 0x7f3cc8011a20 con 0x7f3cd41091f0
2024-04-26T22:57:18.111 INFO:teuthology.orchestra.run.smithi136.stdout:/usr/bin/ceph: stderr
2024-04-26T22:57:17.211+0000 7f3cd9cc1700 1 -- 172.21.15.136:0/3293074243 >> [v2:172.21.15.136:3300/0,v1:172.21.15.136:6789/0] conn(0x7f3cd41091f0 msgr2=0x7f3cd4109610 secure :-1 s=STATE_CONNECTION_ESTABLISHED l=1).mark_down
2024-04-26T22:57:18.111 INFO:teuthology.orchestra.run.smithi136.stdout:/usr/bin/ceph: stderr
2024-04-26T22:57:17.211+0000 7f3cd9cc1700 1 --2- 172.21.15.136:0/3293074243 >> [v2:172.21.15.136:3300/0,v1:172.21.15.136:6789/0] conn(0x7f3cd41091f0 0x7f3cd4109610 secure :-1 s=READY pgs=70 cs=0 l=1 rev1=1 crypto rx=0x7f3cc80098a0 tx=0x7f3cc8009bb0 comp rx=0 tx=0).stop
2024-04-26T22:57:18.111 INFO:teuthology.orchestra.run.smithi136.stdout:/usr/bin/ceph: stderr
2024-04-26T22:57:17.211+0000 7f3cd9cc1700 1 -- 172.21.15.136:0/3293074243 shutdown_connections
2024-04-26T22:57:18.111 INFO:teuthology.orchestra.run.smithi136.stdout:/usr/bin/ceph: stderr
2024-04-26T22:57:17.211+0000 7f3cd9cc1700 1 --2- 172.21.15.136:0/3293074243 >> [v2:172.21.15.136:3300/0,v1:172.21.15.136:6789/0] conn(0x7f3cd41091f0 0x7f3cd4109610 unknown :-1 s=CLOSED pgs=70 cs=0 l=1 rev1=1 crypto rx=0 tx=0 comp rx=0 tx=0).stop
2024-04-26T22:57:18.111 INFO:teuthology.orchestra.run.smithi136.stdout:/usr/bin/ceph: stderr
2024-04-26T22:57:17.211+0000 7f3cd9cc1700 1 -- 172.21.15.136:0/3293074243 >> 172.21.15.136:0/3293074243 conn(0x7f3cd41029a0 msgr2=0x7f3cd4104dc0 unknown :-1 s=STATE_NONE l=0).mark_down
2024-04-26T22:57:18.111 INFO:teuthology.orchestra.run.smithi136.stdout:/usr/bin/ceph: stderr
2024-04-26T22:57:17.211+0000 7f3cd9cc1700 1 -- 172.21.15.136:0/3293074243 shutdown_connections
2024-04-26T22:57:18.111 INFO:teuthology.orchestra.run.smithi136.stdout:/usr/bin/ceph: stderr
2024-04-26T22:57:17.211+0000 7f3cd9cc1700 1 -- 172.21.15.136:0/3293074243 wait complete.
2024-04-26T22:57:18.111 INFO:teuthology.orchestra.run.smithi136.stdout:/usr/bin/ceph: stderr
2024-04-26T22:57:17.212+0000 7f3cd9cc1700 1 Processor -- start
2024-04-26T22:57:18.111 INFO:teuthology.orchestra.run.smithi136.stdout:/usr/bin/ceph: stderr
2024-04-26T22:57:17.212+0000 7f3cd9cc1700 1 -- start start
2024-04-26T22:57:18.112 INFO:teuthology.orchestra.run.smithi136.stdout:/usr/bin/ceph: stderr
2024-04-26T22:57:17.212+0000 7f3cd9cc1700 1 --2- >> [v2:172.21.15.136:3300/0,v1:172.21.15.136:6789/0] conn(0x7f3cd41091f0 0x7f3cd419ecf0 unknown :-1 s=NONE pgs=0 cs=0 l=1 rev1=0 crypto rx=0 tx=0 comp rx=0 tx=0).connect
2024-04-26T22:57:18.112 INFO:teuthology.orchestra.run.smithi136.stdout:/usr/bin/ceph: stderr
2024-04-26T22:57:17.212+0000 7f3cd9cc1700 1 -- --> [v2:172.21.15.136:3300/0,v1:172.21.15.136:6789/0] -- mon_getmap magic: 0 -- 0x7f3cd4107bb0 con 0x7f3cd41091f0
2024-04-26T22:57:18.112 INFO:teuthology.orchestra.run.smithi136.stdout:/usr/bin/ceph: stderr
2024-04-26T22:57:17.212+0000 7f3cd37fe700 1 --2- >> [v2:172.21.15.136:3300/0,v1:172.21.15.136:6789/0] conn(0x7f3cd41091f0 0x7f3cd419ecf0 unknown :-1 s=BANNER_CONNECTING pgs=0 cs=0 l=1 rev1=0 crypto rx=0 tx=0 comp rx=0 tx=0)._handle_peer_banner_payload supported=3 required=0
2024-04-26T22:57:18.112 INFO:teuthology.orchestra.run.smithi136.stdout:/usr/bin/ceph: stderr
2024-04-26T22:57:17.212+0000 7f3cd37fe700 1 --2- >> [v2:172.21.15.136:3300/0,v1:172.21.15.136:6789/0] conn(0x7f3cd41091f0 0x7f3cd419ecf0 unknown :-1 s=HELLO_CONNECTING pgs=0 cs=0 l=1 rev1=1 crypto rx=0 tx=0 comp rx=0 tx=0).handle_hello peer v2:172.21.15.136:3300/0 says I am v2:172.21.15.136:52090/0 (socket says 172.21.15.136:52090)
2024-04-26T22:57:18.112 INFO:teuthology.orchestra.run.smithi136.stdout:/usr/bin/ceph: stderr
2024-04-26T22:57:17.212+0000 7f3cd37fe700 1 -- 172.21.15.136:0/1799863863 learned_addr learned my addr 172.21.15.136:0/1799863863 (peer_addr_for_me v2:172.21.15.136:0/0)
2024-04-26T22:57:18.112 INFO:teuthology.orchestra.run.smithi136.stdout:/usr/bin/ceph: stderr
2024-04-26T22:57:17.212+0000 7f3cd37fe700 1 -- 172.21.15.136:0/1799863863 --> [v2:172.21.15.136:3300/0,v1:172.21.15.136:6789/0] -- mon_subscribe({config=0+,monmap=0+}) -- 0x7f3cd419f230 con 0x7f3cd41091f0
2024-04-26T22:57:18.112 INFO:teuthology.orchestra.run.smithi136.stdout:/usr/bin/ceph: stderr
2024-04-26T22:57:17.213+0000 7f3cd37fe700 1 --2- 172.21.15.136:0/1799863863 >> [v2:172.21.15.136:3300/0,v1:172.21.15.136:6789/0] conn(0x7f3cd41091f0 0x7f3cd419ecf0 secure :-1 s=READY pgs=71 cs=0 l=1 rev1=1 crypto rx=0x7f3cc80116e0 tx=0x7f3cc8011aa0 comp rx=0 tx=0).ready entity=mon.0 client_cookie=0 server_cookie=0 in_seq=0 out_seq=0
2024-04-26T22:57:18.112 INFO:teuthology.orchestra.run.smithi136.stdout:/usr/bin/ceph: stderr
2024-04-26T22:57:17.213+0000 7f3cd0ff9700 1 -- 172.21.15.136:0/1799863863 <== mon.0 v2:172.21.15.136:3300/0 1 ==== mon_map magic: 0 ==== 205+0+0 (secure 0 0 0) 0x7f3cc80039e0 con 0x7f3cd41091f0
2024-04-26T22:57:18.112 INFO:teuthology.orchestra.run.smithi136.stdout:/usr/bin/ceph: stderr
2024-04-26T22:57:17.213+0000 7f3cd0ff9700 1 -- 172.21.15.136:0/1799863863 <== mon.0 v2:172.21.15.136:3300/0 2 ==== config(26 keys) ==== 1101+0+0 (secure 0 0 0) 0x7f3cc801b8f0 con 0x7f3cd41091f0
2024-04-26T22:57:18.112 INFO:teuthology.orchestra.run.smithi136.stdout:/usr/bin/ceph: stderr
2024-04-26T22:57:17.213+0000 7f3cd0ff9700 1 -- 172.21.15.136:0/1799863863 <== mon.0 v2:172.21.15.136:3300/0 3 ==== mon_map magic: 0 ==== 205+0+0 (secure 0 0 0) 0x7f3cc8023760 con 0x7f3cd41091f0
2024-04-26T22:57:18.112 INFO:teuthology.orchestra.run.smithi136.stdout:/usr/bin/ceph: stderr
2024-04-26T22:57:17.213+0000 7f3cd9cc1700 1 -- 172.21.15.136:0/1799863863 --> [v2:172.21.15.136:3300/0,v1:172.21.15.136:6789/0] -- mon_subscribe({mgrmap=0+}) -- 0x7f3cd419f520 con 0x7f3cd41091f0
2024-04-26T22:57:18.112 INFO:teuthology.orchestra.run.smithi136.stdout:/usr/bin/ceph: stderr
2024-04-26T22:57:17.213+0000 7f3cd9cc1700 1 -- 172.21.15.136:0/1799863863 --> [v2:172.21.15.136:3300/0,v1:172.21.15.136:6789/0] -- mon_subscribe({osdmap=0}) -- 0x7f3cd41a21a0 con 0x7f3cd41091f0
2024-04-26T22:57:18.112 INFO:teuthology.orchestra.run.smithi136.stdout:/usr/bin/ceph: stderr
2024-04-26T22:57:17.214+0000 7f3cd0ff9700 1 -- 172.21.15.136:0/1799863863 <== mon.0 v2:172.21.15.136:3300/0 4 ==== mgrmap(e 11) ==== 46465+0+0 (secure 0 0 0) 0x7f3cc8023920 con 0x7f3cd41091f0
2024-04-26T22:57:18.112 INFO:teuthology.orchestra.run.smithi136.stdout:/usr/bin/ceph: stderr
2024-04-26T22:57:17.214+0000 7f3cd9cc1700 1 -- 172.21.15.136:0/1799863863 --> [v2:172.21.15.136:3300/0,v1:172.21.15.136:6789/0] -- mon_command({"prefix": "get_command_descriptions"} v 0) -- 0x7f3cd4064a80 con 0x7f3cd41091f0
2024-04-26T22:57:18.112 INFO:teuthology.orchestra.run.smithi136.stdout:/usr/bin/ceph: stderr
2024-04-26T22:57:17.214+0000 7f3cd0ff9700 1 --2- 172.21.15.136:0/1799863863 >> [v2:172.21.15.136:6800/254966544,v1:172.21.15.136:6801/254966544] conn(0x7f3cbc0394f0 0x7f3cbc03b9b0 unknown :-1 s=NONE pgs=0 cs=0 l=1 rev1=0 crypto rx=0 tx=0 comp rx=0 tx=0).connect
2024-04-26T22:57:18.113 INFO:teuthology.orchestra.run.smithi136.stdout:/usr/bin/ceph: stderr
2024-04-26T22:57:17.214+0000 7f3cd0ff9700 1 -- 172.21.15.136:0/1799863863 <== mon.0 v2:172.21.15.136:3300/0 5 ==== osd_map(3..3 src has 1..3) ==== 1155+0+0 (secure 0 0 0) 0x7f3cc804de30 con 0x7f3cd41091f0
2024-04-26T22:57:18.113 INFO:teuthology.orchestra.run.smithi136.stdout:/usr/bin/ceph: stderr
2024-04-26T22:57:17.214+0000 7f3cd2ffd700 1 --2- 172.21.15.136:0/1799863863 >> [v2:172.21.15.136:6800/254966544,v1:172.21.15.136:6801/254966544] conn(0x7f3cbc0394f0 0x7f3cbc03b9b0 unknown :-1 s=BANNER_CONNECTING pgs=0 cs=0 l=1 rev1=0 crypto rx=0 tx=0 comp rx=0 tx=0)._handle_peer_banner_payload supported=3 required=0
2024-04-26T22:57:18.113 INFO:teuthology.orchestra.run.smithi136.stdout:/usr/bin/ceph: stderr
2024-04-26T22:57:17.215+0000 7f3cd2ffd700 1 --2- 172.21.15.136:0/1799863863 >> [v2:172.21.15.136:6800/254966544,v1:172.21.15.136:6801/254966544] conn(0x7f3cbc0394f0 0x7f3cbc03b9b0 secure :-1 s=READY pgs=7 cs=0 l=1 rev1=1 crypto rx=0x7f3cc4006fd0 tx=0x7f3cc4006e40 comp rx=0 tx=0).ready entity=mgr.14152 client_cookie=0 server_cookie=0 in_seq=0 out_seq=0
2024-04-26T22:57:18.113 INFO:teuthology.orchestra.run.smithi136.stdout:/usr/bin/ceph: stderr
2024-04-26T22:57:17.224+0000 7f3cd0ff9700 1 -- 172.21.15.136:0/1799863863 <== mon.0 v2:172.21.15.136:3300/0 6 ==== mon_command_ack([{"prefix": "get_command_descriptions"}]=0 v0) ==== 72+0+188494 (secure 0 0 0) 0x7f3cc801f030 con 0x7f3cd41091f0
2024-04-26T22:57:18.113 INFO:teuthology.orchestra.run.smithi136.stdout:/usr/bin/ceph: stderr
2024-04-26T22:57:17.255+0000 7f3cd0ff9700 1 -- 172.21.15.136:0/1799863863 <== mon.0 v2:172.21.15.136:3300/0 7 ==== mgrmap(e 12) ==== 46571+0+0 (secure 0 0 0) 0x7f3cc8023d10 con 0x7f3cd41091f0
2024-04-26T22:57:18.113 INFO:teuthology.orchestra.run.smithi136.stdout:/usr/bin/ceph: stderr
2024-04-26T22:57:17.438+0000 7f3cd9cc1700 1 -- 172.21.15.136:0/1799863863 --> [v2:172.21.15.136:6800/254966544,v1:172.21.15.136:6801/254966544] -- mgr_command(tid 0: {"prefix": "dashboard create-self-signed-cert", "target": ["mon-mgr", ""]}) -- 0x7f3cd41a2370 con 0x7f3cbc0394f0
2024-04-26T22:57:18.113 INFO:teuthology.orchestra.run.smithi136.stdout:/usr/bin/ceph: stderr
2024-04-26T22:57:17.533+0000 7f3cd0ff9700 1 -- 172.21.15.136:0/1799863863 <== mgr.14152 v2:172.21.15.136:6800/254966544 1 ==== mgr_command_reply(tid 0: 0 ) ==== 8+0+32 (secure 0 0 0) 0x7f3cd41a2370 con 0x7f3cbc0394f0
2024-04-26T22:57:18.113 INFO:teuthology.orchestra.run.smithi136.stdout:/usr/bin/ceph: stderr
2024-04-26T22:57:17.535+0000 7f3cd9cc1700 1 -- 172.21.15.136:0/1799863863 >> [v2:172.21.15.136:6800/254966544,v1:172.21.15.136:6801/254966544] conn(0x7f3cbc0394f0 msgr2=0x7f3cbc03b9b0 secure :-1 s=STATE_CONNECTION_ESTABLISHED l=1).mark_down
2024-04-26T22:57:18.113 INFO:teuthology.orchestra.run.smithi136.stdout:/usr/bin/ceph: stderr
2024-04-26T22:57:17.535+0000 7f3cd9cc1700 1 --2- 172.21.15.136:0/1799863863 >> [v2:172.21.15.136:6800/254966544,v1:172.21.15.136:6801/254966544] conn(0x7f3cbc0394f0 0x7f3cbc03b9b0 secure :-1 s=READY pgs=7 cs=0 l=1 rev1=1 crypto rx=0x7f3cc4006fd0 tx=0x7f3cc4006e40 comp rx=0 tx=0).stop
2024-04-26T22:57:18.113 INFO:teuthology.orchestra.run.smithi136.stdout:/usr/bin/ceph: stderr
2024-04-26T22:57:17.535+0000 7f3cd9cc1700 1 -- 172.21.15.136:0/1799863863 >> [v2:172.21.15.136:3300/0,v1:172.21.15.136:6789/0] conn(0x7f3cd41091f0 msgr2=0x7f3cd419ecf0 secure :-1 s=STATE_CONNECTION_ESTABLISHED l=1).mark_down
2024-04-26T22:57:18.113 INFO:teuthology.orchestra.run.smithi136.stdout:/usr/bin/ceph: stderr
2024-04-26T22:57:17.535+0000 7f3cd9cc1700 1 --2- 172.21.15.136:0/1799863863 >> [v2:172.21.15.136:3300/0,v1:172.21.15.136:6789/0] conn(0x7f3cd41091f0 0x7f3cd419ecf0 secure :-1 s=READY pgs=71 cs=0 l=1 rev1=1 crypto rx=0x7f3cc80116e0 tx=0x7f3cc8011aa0 comp rx=0 tx=0).stop
2024-04-26T22:57:18.113 INFO:teuthology.orchestra.run.smithi136.stdout:/usr/bin/ceph: stderr
2024-04-26T22:57:17.535+0000 7f3cd9cc1700 1 -- 172.21.15.136:0/1799863863 shutdown_connections
2024-04-26T22:57:18.113 INFO:teuthology.orchestra.run.smithi136.stdout:/usr/bin/ceph: stderr
2024-04-26T22:57:17.535+0000 7f3cd9cc1700 1 --2- 172.21.15.136:0/1799863863 >> [v2:172.21.15.136:6800/254966544,v1:172.21.15.136:6801/254966544] conn(0x7f3cbc0394f0 0x7f3cbc03b9b0 unknown :-1 s=CLOSED pgs=7 cs=0 l=1 rev1=1 crypto rx=0 tx=0 comp rx=0 tx=0).stop
2024-04-26T22:57:18.113 INFO:teuthology.orchestra.run.smithi136.stdout:/usr/bin/ceph: stderr
2024-04-26T22:57:17.535+0000 7f3cd9cc1700 1 --2- 172.21.15.136:0/1799863863 >> [v2:172.21.15.136:3300/0,v1:172.21.15.136:6789/0] conn(0x7f3cd41091f0 0x7f3cd419ecf0 unknown :-1 s=CLOSED pgs=71 cs=0 l=1 rev1=1 crypto rx=0 tx=0 comp rx=0 tx=0).stop
2024-04-26T22:57:18.113 INFO:teuthology.orchestra.run.smithi136.stdout:/usr/bin/ceph: stderr
2024-04-26T22:57:17.535+0000 7f3cd9cc1700 1 -- 172.21.15.136:0/1799863863 >> 172.21.15.136:0/1799863863 conn(0x7f3cd41029a0 msgr2=0x7f3cd4195330 unknown :-1 s=STATE_NONE l=0).mark_down
2024-04-26T22:57:18.113 INFO:teuthology.orchestra.run.smithi136.stdout:/usr/bin/ceph: stderr
2024-04-26T22:57:17.535+0000 7f3cd9cc1700 1 -- 172.21.15.136:0/1799863863 shutdown_connections
2024-04-26T22:57:18.114 INFO:teuthology.orchestra.run.smithi136.stdout:/usr/bin/ceph: stderr
2024-04-26T22:57:17.535+0000 7f3cd9cc1700 1 -- 172.21.15.136:0/1799863863 wait complete.
2024-04-26T22:57:18.114 INFO:teuthology.orchestra.run.smithi136.stdout:Creating initial admin user...
2024-04-26T22:57:18.504 INFO:journalctl@ceph.mon.a.smithi136.stdout:Apr 26 22:57:18 smithi136 ceph-mon[29145]: mgrmap e12: x(active, since 2s)
2024-04-26T22:57:18.505 INFO:journalctl@ceph.mon.a.smithi136.stdout:Apr 26 22:57:18 smithi136 ceph-mon[29145]: from='mgr.14152 172.21.15.136:0/2478711636' entity='mgr.x'
2024-04-26T22:57:18.505 INFO:journalctl@ceph.mon.a.smithi136.stdout:Apr 26 22:57:18 smithi136 ceph-mon[29145]: from='client.14164 -' entity='client.admin' cmd=[{"prefix": "dashboard create-self-signed-cert", "target": ["mon-mgr", ""]}]: dispatch
2024-04-26T22:57:18.505 INFO:journalctl@ceph.mon.a.smithi136.stdout:Apr 26 22:57:18 smithi136 ceph-mon[29145]: from='mgr.14152 172.21.15.136:0/2478711636' entity='mgr.x'
2024-04-26T22:57:18.505 INFO:journalctl@ceph.mon.a.smithi136.stdout:Apr 26 22:57:18 smithi136 ceph-mon[29145]: from='mgr.14152 172.21.15.136:0/2478711636' entity='mgr.x'
2024-04-26T22:57:19.361 INFO:journalctl@ceph.mon.a.smithi136.stdout:Apr 26 22:57:19 smithi136 ceph-mon[29145]: from='client.14166 -' entity='client.admin' cmd=[{"prefix": "dashboard ac-user-create", "username": "admin", "rolename": "administrator", "force_password": true, "pwd_update_required": true, "target": ["mon-mgr", ""]}]: dispatch
2024-04-26T22:57:19.361 INFO:journalctl@ceph.mon.a.smithi136.stdout:Apr 26 22:57:19 smithi136 ceph-mon[29145]: from='mgr.14152 172.21.15.136:0/2478711636' entity='mgr.x'
2024-04-26T22:57:19.996 INFO:teuthology.orchestra.run.smithi136.stdout:/usr/bin/ceph: stdout {"username": "admin", "password": "$2b$12$UPoHTndUGApXBQmJgDxs..OGHToGiXpTQjd2OVYizKaRGILph0Qta", "roles": ["administrator"], "name": null, "email": null, "lastUpdate": 1714172238, "enabled": true, "pwdExpirationDate": null, "pwdUpdateRequired": true}
2024-04-26T22:57:19.997 INFO:teuthology.orchestra.run.smithi136.stdout:/usr/bin/ceph: stderr
2024-04-26T22:57:18.535+0000 7f1219735700 1 Processor -- start
2024-04-26T22:57:19.997 INFO:teuthology.orchestra.run.smithi136.stdout:/usr/bin/ceph: stderr
2024-04-26T22:57:18.535+0000 7f1219735700 1 -- start start
2024-04-26T22:57:19.997 INFO:teuthology.orchestra.run.smithi136.stdout:/usr/bin/ceph: stderr
2024-04-26T22:57:18.535+0000 7f1219735700 1 --2- >> [v2:172.21.15.136:3300/0,v1:172.21.15.136:6789/0] conn(0x7f1214106f10 0x7f1214107330 unknown :-1 s=NONE pgs=0 cs=0 l=0 rev1=0 crypto rx=0 tx=0 comp rx=0 tx=0).connect
2024-04-26T22:57:19.997 INFO:teuthology.orchestra.run.smithi136.stdout:/usr/bin/ceph: stderr
2024-04-26T22:57:18.535+0000 7f1219735700 1 -- --> [v2:172.21.15.136:3300/0,v1:172.21.15.136:6789/0] -- mon_getmap magic: 0 -- 0x7f1214107900 con 0x7f1214106f10
2024-04-26T22:57:19.997 INFO:teuthology.orchestra.run.smithi136.stdout:/usr/bin/ceph: stderr
2024-04-26T22:57:18.535+0000 7f1212ffd700 1 --2- >> [v2:172.21.15.136:3300/0,v1:172.21.15.136:6789/0] conn(0x7f1214106f10 0x7f1214107330 unknown :-1 s=BANNER_CONNECTING pgs=0 cs=0 l=0 rev1=0 crypto rx=0 tx=0 comp rx=0 tx=0)._handle_peer_banner_payload supported=3 required=0
2024-04-26T22:57:19.997 INFO:teuthology.orchestra.run.smithi136.stdout:/usr/bin/ceph: stderr
2024-04-26T22:57:18.535+0000 7f1212ffd700 1 --2- >> [v2:172.21.15.136:3300/0,v1:172.21.15.136:6789/0] conn(0x7f1214106f10 0x7f1214107330 unknown :-1 s=HELLO_CONNECTING pgs=0 cs=0 l=0 rev1=1 crypto rx=0 tx=0 comp rx=0 tx=0).handle_hello peer v2:172.21.15.136:3300/0 says I am v2:172.21.15.136:52104/0 (socket says 172.21.15.136:52104)
2024-04-26T22:57:19.997 INFO:teuthology.orchestra.run.smithi136.stdout:/usr/bin/ceph: stderr
2024-04-26T22:57:18.535+0000 7f1212ffd700 1 -- 172.21.15.136:0/1330761039 learned_addr learned my addr 172.21.15.136:0/1330761039 (peer_addr_for_me v2:172.21.15.136:0/0)
2024-04-26T22:57:19.997 INFO:teuthology.orchestra.run.smithi136.stdout:/usr/bin/ceph: stderr
2024-04-26T22:57:18.536+0000 7f1212ffd700 1 -- 172.21.15.136:0/1330761039 --> [v2:172.21.15.136:3300/0,v1:172.21.15.136:6789/0] -- mon_subscribe({config=0+,monmap=0+}) -- 0x7f1214109ef0 con 0x7f1214106f10
2024-04-26T22:57:19.997 INFO:teuthology.orchestra.run.smithi136.stdout:/usr/bin/ceph: stderr
2024-04-26T22:57:18.536+0000 7f1212ffd700 1 --2- 172.21.15.136:0/1330761039 >> [v2:172.21.15.136:3300/0,v1:172.21.15.136:6789/0] conn(0x7f1214106f10 0x7f1214107330 secure :-1 s=READY pgs=72 cs=0 l=1 rev1=1 crypto rx=0x7f12040098a0 tx=0x7f1204009bb0 comp rx=0 tx=0).ready entity=mon.0 client_cookie=244508564f39135c server_cookie=0 in_seq=0 out_seq=0
2024-04-26T22:57:19.997 INFO:teuthology.orchestra.run.smithi136.stdout:/usr/bin/ceph: stderr
2024-04-26T22:57:18.536+0000 7f1211ffb700 1 -- 172.21.15.136:0/1330761039 <== mon.0 v2:172.21.15.136:3300/0 1 ==== mon_map magic: 0 ==== 205+0+0 (secure 0 0 0) 0x7f1204004160 con 0x7f1214106f10
2024-04-26T22:57:19.997 INFO:teuthology.orchestra.run.smithi136.stdout:/usr/bin/ceph: stderr
