2024-04-26T22:57:18.536+0000 7f1211ffb700 1 -- 172.21.15.136:0/1330761039 <== mon.0 v2:172.21.15.136:3300/0 2 ==== config(26 keys) ==== 1101+0+0 (secure 0 0 0) 0x7f1204004300 con 0x7f1214106f10
2024-04-26T22:57:19.997 INFO:teuthology.orchestra.run.smithi136.stdout:/usr/bin/ceph: stderr
2024-04-26T22:57:18.536+0000 7f1211ffb700 1 -- 172.21.15.136:0/1330761039 <== mon.0 v2:172.21.15.136:3300/0 3 ==== mon_map magic: 0 ==== 205+0+0 (secure 0 0 0) 0x7f1204011a20 con 0x7f1214106f10
2024-04-26T22:57:19.998 INFO:teuthology.orchestra.run.smithi136.stdout:/usr/bin/ceph: stderr
2024-04-26T22:57:18.537+0000 7f1219735700 1 -- 172.21.15.136:0/1330761039 >> [v2:172.21.15.136:3300/0,v1:172.21.15.136:6789/0] conn(0x7f1214106f10 msgr2=0x7f1214107330 secure :-1 s=STATE_CONNECTION_ESTABLISHED l=1).mark_down
2024-04-26T22:57:19.998 INFO:teuthology.orchestra.run.smithi136.stdout:/usr/bin/ceph: stderr
2024-04-26T22:57:18.537+0000 7f1219735700 1 --2- 172.21.15.136:0/1330761039 >> [v2:172.21.15.136:3300/0,v1:172.21.15.136:6789/0] conn(0x7f1214106f10 0x7f1214107330 secure :-1 s=READY pgs=72 cs=0 l=1 rev1=1 crypto rx=0x7f12040098a0 tx=0x7f1204009bb0 comp rx=0 tx=0).stop
2024-04-26T22:57:19.998 INFO:teuthology.orchestra.run.smithi136.stdout:/usr/bin/ceph: stderr
2024-04-26T22:57:18.537+0000 7f1219735700 1 -- 172.21.15.136:0/1330761039 shutdown_connections
2024-04-26T22:57:19.998 INFO:teuthology.orchestra.run.smithi136.stdout:/usr/bin/ceph: stderr
2024-04-26T22:57:18.537+0000 7f1219735700 1 --2- 172.21.15.136:0/1330761039 >> [v2:172.21.15.136:3300/0,v1:172.21.15.136:6789/0] conn(0x7f1214106f10 0x7f1214107330 unknown :-1 s=CLOSED pgs=72 cs=0 l=1 rev1=1 crypto rx=0 tx=0 comp rx=0 tx=0).stop
2024-04-26T22:57:19.998 INFO:teuthology.orchestra.run.smithi136.stdout:/usr/bin/ceph: stderr
2024-04-26T22:57:18.537+0000 7f1219735700 1 -- 172.21.15.136:0/1330761039 >> 172.21.15.136:0/1330761039 conn(0x7f12141028d0 msgr2=0x7f1214104cf0 unknown :-1 s=STATE_NONE l=0).mark_down
2024-04-26T22:57:19.998 INFO:teuthology.orchestra.run.smithi136.stdout:/usr/bin/ceph: stderr
2024-04-26T22:57:18.537+0000 7f1219735700 1 -- 172.21.15.136:0/1330761039 shutdown_connections
2024-04-26T22:57:19.998 INFO:teuthology.orchestra.run.smithi136.stdout:/usr/bin/ceph: stderr
2024-04-26T22:57:18.537+0000 7f1219735700 1 -- 172.21.15.136:0/1330761039 wait complete.
2024-04-26T22:57:19.998 INFO:teuthology.orchestra.run.smithi136.stdout:/usr/bin/ceph: stderr
2024-04-26T22:57:18.538+0000 7f1219735700 1 Processor -- start
2024-04-26T22:57:19.998 INFO:teuthology.orchestra.run.smithi136.stdout:/usr/bin/ceph: stderr
2024-04-26T22:57:18.538+0000 7f1219735700 1 -- start start
2024-04-26T22:57:19.998 INFO:teuthology.orchestra.run.smithi136.stdout:/usr/bin/ceph: stderr
2024-04-26T22:57:18.538+0000 7f1219735700 1 --2- >> [v2:172.21.15.136:3300/0,v1:172.21.15.136:6789/0] conn(0x7f1214106f10 0x7f121419cbb0 unknown :-1 s=NONE pgs=0 cs=0 l=1 rev1=0 crypto rx=0 tx=0 comp rx=0 tx=0).connect
2024-04-26T22:57:19.998 INFO:teuthology.orchestra.run.smithi136.stdout:/usr/bin/ceph: stderr
2024-04-26T22:57:18.538+0000 7f1219735700 1 -- --> [v2:172.21.15.136:3300/0,v1:172.21.15.136:6789/0] -- mon_getmap magic: 0 -- 0x7f121410d2a0 con 0x7f1214106f10
2024-04-26T22:57:19.998 INFO:teuthology.orchestra.run.smithi136.stdout:/usr/bin/ceph: stderr
2024-04-26T22:57:18.538+0000 7f1212ffd700 1 --2- >> [v2:172.21.15.136:3300/0,v1:172.21.15.136:6789/0] conn(0x7f1214106f10 0x7f121419cbb0 unknown :-1 s=BANNER_CONNECTING pgs=0 cs=0 l=1 rev1=0 crypto rx=0 tx=0 comp rx=0 tx=0)._handle_peer_banner_payload supported=3 required=0
2024-04-26T22:57:19.998 INFO:teuthology.orchestra.run.smithi136.stdout:/usr/bin/ceph: stderr
2024-04-26T22:57:18.538+0000 7f1212ffd700 1 --2- >> [v2:172.21.15.136:3300/0,v1:172.21.15.136:6789/0] conn(0x7f1214106f10 0x7f121419cbb0 unknown :-1 s=HELLO_CONNECTING pgs=0 cs=0 l=1 rev1=1 crypto rx=0 tx=0 comp rx=0 tx=0).handle_hello peer v2:172.21.15.136:3300/0 says I am v2:172.21.15.136:52108/0 (socket says 172.21.15.136:52108)
2024-04-26T22:57:19.998 INFO:teuthology.orchestra.run.smithi136.stdout:/usr/bin/ceph: stderr
2024-04-26T22:57:18.538+0000 7f1212ffd700 1 -- 172.21.15.136:0/1847191503 learned_addr learned my addr 172.21.15.136:0/1847191503 (peer_addr_for_me v2:172.21.15.136:0/0)
2024-04-26T22:57:19.999 INFO:teuthology.orchestra.run.smithi136.stdout:/usr/bin/ceph: stderr
2024-04-26T22:57:18.538+0000 7f1212ffd700 1 -- 172.21.15.136:0/1847191503 --> [v2:172.21.15.136:3300/0,v1:172.21.15.136:6789/0] -- mon_subscribe({config=0+,monmap=0+}) -- 0x7f121419d0f0 con 0x7f1214106f10
2024-04-26T22:57:19.999 INFO:teuthology.orchestra.run.smithi136.stdout:/usr/bin/ceph: stderr
2024-04-26T22:57:18.539+0000 7f1212ffd700 1 --2- 172.21.15.136:0/1847191503 >> [v2:172.21.15.136:3300/0,v1:172.21.15.136:6789/0] conn(0x7f1214106f10 0x7f121419cbb0 secure :-1 s=READY pgs=73 cs=0 l=1 rev1=1 crypto rx=0x7f12040116e0 tx=0x7f1204011aa0 comp rx=0 tx=0).ready entity=mon.0 client_cookie=0 server_cookie=0 in_seq=0 out_seq=0
2024-04-26T22:57:19.999 INFO:teuthology.orchestra.run.smithi136.stdout:/usr/bin/ceph: stderr
2024-04-26T22:57:18.539+0000 7f11fbfff700 1 -- 172.21.15.136:0/1847191503 <== mon.0 v2:172.21.15.136:3300/0 1 ==== mon_map magic: 0 ==== 205+0+0 (secure 0 0 0) 0x7f12040039e0 con 0x7f1214106f10
2024-04-26T22:57:19.999 INFO:teuthology.orchestra.run.smithi136.stdout:/usr/bin/ceph: stderr
2024-04-26T22:57:18.539+0000 7f11fbfff700 1 -- 172.21.15.136:0/1847191503 <== mon.0 v2:172.21.15.136:3300/0 2 ==== config(26 keys) ==== 1101+0+0 (secure 0 0 0) 0x7f120401b8f0 con 0x7f1214106f10
2024-04-26T22:57:19.999 INFO:teuthology.orchestra.run.smithi136.stdout:/usr/bin/ceph: stderr
2024-04-26T22:57:18.539+0000 7f1219735700 1 -- 172.21.15.136:0/1847191503 --> [v2:172.21.15.136:3300/0,v1:172.21.15.136:6789/0] -- mon_subscribe({mgrmap=0+}) -- 0x7f121419d380 con 0x7f1214106f10
2024-04-26T22:57:19.999 INFO:teuthology.orchestra.run.smithi136.stdout:/usr/bin/ceph: stderr
2024-04-26T22:57:18.539+0000 7f11fbfff700 1 -- 172.21.15.136:0/1847191503 <== mon.0 v2:172.21.15.136:3300/0 3 ==== mon_map magic: 0 ==== 205+0+0 (secure 0 0 0) 0x7f1204023760 con 0x7f1214106f10
2024-04-26T22:57:19.999 INFO:teuthology.orchestra.run.smithi136.stdout:/usr/bin/ceph: stderr
2024-04-26T22:57:18.539+0000 7f1219735700 1 -- 172.21.15.136:0/1847191503 --> [v2:172.21.15.136:3300/0,v1:172.21.15.136:6789/0] -- mon_subscribe({osdmap=0}) -- 0x7f12141a0070 con 0x7f1214106f10
2024-04-26T22:57:19.999 INFO:teuthology.orchestra.run.smithi136.stdout:/usr/bin/ceph: stderr
2024-04-26T22:57:18.540+0000 7f1219735700 1 -- 172.21.15.136:0/1847191503 --> [v2:172.21.15.136:3300/0,v1:172.21.15.136:6789/0] -- mon_command({"prefix": "get_command_descriptions"} v 0) -- 0x7f1214064a80 con 0x7f1214106f10
2024-04-26T22:57:19.999 INFO:teuthology.orchestra.run.smithi136.stdout:/usr/bin/ceph: stderr
2024-04-26T22:57:18.540+0000 7f11fbfff700 1 -- 172.21.15.136:0/1847191503 <== mon.0 v2:172.21.15.136:3300/0 4 ==== mgrmap(e 12) ==== 46571+0+0 (secure 0 0 0) 0x7f12040239d0 con 0x7f1214106f10
2024-04-26T22:57:19.999 INFO:teuthology.orchestra.run.smithi136.stdout:/usr/bin/ceph: stderr
2024-04-26T22:57:18.540+0000 7f11fbfff700 1 --2- 172.21.15.136:0/1847191503 >> [v2:172.21.15.136:6800/254966544,v1:172.21.15.136:6801/254966544] conn(0x7f11fc0395b0 0x7f11fc03ba70 unknown :-1 s=NONE pgs=0 cs=0 l=1 rev1=0 crypto rx=0 tx=0 comp rx=0 tx=0).connect
2024-04-26T22:57:19.999 INFO:teuthology.orchestra.run.smithi136.stdout:/usr/bin/ceph: stderr
2024-04-26T22:57:18.540+0000 7f11fbfff700 1 -- 172.21.15.136:0/1847191503 <== mon.0 v2:172.21.15.136:3300/0 5 ==== osd_map(3..3 src has 1..3) ==== 1155+0+0 (secure 0 0 0) 0x7f120404e1a0 con 0x7f1214106f10
2024-04-26T22:57:19.999 INFO:teuthology.orchestra.run.smithi136.stdout:/usr/bin/ceph: stderr
2024-04-26T22:57:18.540+0000 7f12127fc700 1 --2- 172.21.15.136:0/1847191503 >> [v2:172.21.15.136:6800/254966544,v1:172.21.15.136:6801/254966544] conn(0x7f11fc0395b0 0x7f11fc03ba70 unknown :-1 s=BANNER_CONNECTING pgs=0 cs=0 l=1 rev1=0 crypto rx=0 tx=0 comp rx=0 tx=0)._handle_peer_banner_payload supported=3 required=0
2024-04-26T22:57:19.999 INFO:teuthology.orchestra.run.smithi136.stdout:/usr/bin/ceph: stderr
2024-04-26T22:57:18.541+0000 7f12127fc700 1 --2- 172.21.15.136:0/1847191503 >> [v2:172.21.15.136:6800/254966544,v1:172.21.15.136:6801/254966544] conn(0x7f11fc0395b0 0x7f11fc03ba70 secure :-1 s=READY pgs=8 cs=0 l=1 rev1=1 crypto rx=0x7f1208006fd0 tx=0x7f1208006e40 comp rx=0 tx=0).ready entity=mgr.14152 client_cookie=0 server_cookie=0 in_seq=0 out_seq=0
2024-04-26T22:57:19.999 INFO:teuthology.orchestra.run.smithi136.stdout:/usr/bin/ceph: stderr
2024-04-26T22:57:18.545+0000 7f11fbfff700 1 -- 172.21.15.136:0/1847191503 <== mon.0 v2:172.21.15.136:3300/0 6 ==== mon_command_ack([{"prefix": "get_command_descriptions"}]=0 v0) ==== 72+0+188494 (secure 0 0 0) 0x7f120401f030 con 0x7f1214106f10
2024-04-26T22:57:20.000 INFO:teuthology.orchestra.run.smithi136.stdout:/usr/bin/ceph: stderr
2024-04-26T22:57:18.766+0000 7f1219735700 1 -- 172.21.15.136:0/1847191503 --> [v2:172.21.15.136:6800/254966544,v1:172.21.15.136:6801/254966544] -- mgr_command(tid 0: {"prefix": "dashboard ac-user-create", "username": "admin", "rolename": "administrator", "force_password": true, "pwd_update_required": true, "target": ["mon-mgr", ""]}) -- 0x7f121419d860 con 0x7f11fc0395b0
2024-04-26T22:57:20.000 INFO:teuthology.orchestra.run.smithi136.stdout:/usr/bin/ceph: stderr
2024-04-26T22:57:18.988+0000 7f11fbfff700 1 -- 172.21.15.136:0/1847191503 <== mgr.14152 v2:172.21.15.136:6800/254966544 1 ==== mgr_command_reply(tid 0: 0 ) ==== 8+0+252 (secure 0 0 0) 0x7f121419d860 con 0x7f11fc0395b0
2024-04-26T22:57:20.000 INFO:teuthology.orchestra.run.smithi136.stdout:/usr/bin/ceph: stderr
2024-04-26T22:57:18.990+0000 7f1219735700 1 -- 172.21.15.136:0/1847191503 >> [v2:172.21.15.136:6800/254966544,v1:172.21.15.136:6801/254966544] conn(0x7f11fc0395b0 msgr2=0x7f11fc03ba70 secure :-1 s=STATE_CONNECTION_ESTABLISHED l=1).mark_down
2024-04-26T22:57:20.000 INFO:teuthology.orchestra.run.smithi136.stdout:/usr/bin/ceph: stderr
2024-04-26T22:57:18.990+0000 7f1219735700 1 --2- 172.21.15.136:0/1847191503 >> [v2:172.21.15.136:6800/254966544,v1:172.21.15.136:6801/254966544] conn(0x7f11fc0395b0 0x7f11fc03ba70 secure :-1 s=READY pgs=8 cs=0 l=1 rev1=1 crypto rx=0x7f1208006fd0 tx=0x7f1208006e40 comp rx=0 tx=0).stop
2024-04-26T22:57:20.000 INFO:teuthology.orchestra.run.smithi136.stdout:/usr/bin/ceph: stderr
2024-04-26T22:57:18.990+0000 7f1219735700 1 -- 172.21.15.136:0/1847191503 >> [v2:172.21.15.136:3300/0,v1:172.21.15.136:6789/0] conn(0x7f1214106f10 msgr2=0x7f121419cbb0 secure :-1 s=STATE_CONNECTION_ESTABLISHED l=1).mark_down
2024-04-26T22:57:20.000 INFO:teuthology.orchestra.run.smithi136.stdout:/usr/bin/ceph: stderr
2024-04-26T22:57:18.990+0000 7f1219735700 1 --2- 172.21.15.136:0/1847191503 >> [v2:172.21.15.136:3300/0,v1:172.21.15.136:6789/0] conn(0x7f1214106f10 0x7f121419cbb0 secure :-1 s=READY pgs=73 cs=0 l=1 rev1=1 crypto rx=0x7f12040116e0 tx=0x7f1204011aa0 comp rx=0 tx=0).stop
2024-04-26T22:57:20.000 INFO:teuthology.orchestra.run.smithi136.stdout:/usr/bin/ceph: stderr
2024-04-26T22:57:18.990+0000 7f1219735700 1 -- 172.21.15.136:0/1847191503 shutdown_connections
2024-04-26T22:57:20.000 INFO:teuthology.orchestra.run.smithi136.stdout:/usr/bin/ceph: stderr
2024-04-26T22:57:18.990+0000 7f1219735700 1 --2- 172.21.15.136:0/1847191503 >> [v2:172.21.15.136:6800/254966544,v1:172.21.15.136:6801/254966544] conn(0x7f11fc0395b0 0x7f11fc03ba70 unknown :-1 s=CLOSED pgs=8 cs=0 l=1 rev1=1 crypto rx=0 tx=0 comp rx=0 tx=0).stop
2024-04-26T22:57:20.000 INFO:teuthology.orchestra.run.smithi136.stdout:/usr/bin/ceph: stderr
2024-04-26T22:57:18.990+0000 7f1219735700 1 --2- 172.21.15.136:0/1847191503 >> [v2:172.21.15.136:3300/0,v1:172.21.15.136:6789/0] conn(0x7f1214106f10 0x7f121419cbb0 unknown :-1 s=CLOSED pgs=73 cs=0 l=1 rev1=1 crypto rx=0 tx=0 comp rx=0 tx=0).stop
2024-04-26T22:57:20.000 INFO:teuthology.orchestra.run.smithi136.stdout:/usr/bin/ceph: stderr
2024-04-26T22:57:18.990+0000 7f1219735700 1 -- 172.21.15.136:0/1847191503 >> 172.21.15.136:0/1847191503 conn(0x7f12141028d0 msgr2=0x7f1214103430 unknown :-1 s=STATE_NONE l=0).mark_down
2024-04-26T22:57:20.000 INFO:teuthology.orchestra.run.smithi136.stdout:/usr/bin/ceph: stderr
2024-04-26T22:57:18.991+0000 7f1219735700 1 -- 172.21.15.136:0/1847191503 shutdown_connections
2024-04-26T22:57:20.000 INFO:teuthology.orchestra.run.smithi136.stdout:/usr/bin/ceph: stderr
2024-04-26T22:57:18.991+0000 7f1219735700 1 -- 172.21.15.136:0/1847191503 wait complete.
2024-04-26T22:57:20.000 INFO:teuthology.orchestra.run.smithi136.stdout:Fetching dashboard port number...
2024-04-26T22:57:21.008 INFO:journalctl@ceph.mon.a.smithi136.stdout:Apr 26 22:57:20 smithi136 ceph-mon[29145]: from='client.? 172.21.15.136:0/13308145' entity='client.admin' cmd=[{"prefix": "config get", "who": "mgr", "key": "mgr/dashboard/ssl_server_port"}]: dispatch
2024-04-26T22:57:21.244 INFO:teuthology.orchestra.run.smithi136.stdout:/usr/bin/ceph: stdout 8443
2024-04-26T22:57:21.244 INFO:teuthology.orchestra.run.smithi136.stdout:/usr/bin/ceph: stderr
2024-04-26T22:57:20.440+0000 7fab97155700 1 Processor -- start
2024-04-26T22:57:21.244 INFO:teuthology.orchestra.run.smithi136.stdout:/usr/bin/ceph: stderr
2024-04-26T22:57:20.440+0000 7fab97155700 1 -- start start
2024-04-26T22:57:21.244 INFO:teuthology.orchestra.run.smithi136.stdout:/usr/bin/ceph: stderr
2024-04-26T22:57:20.440+0000 7fab97155700 1 --2- >> [v2:172.21.15.136:3300/0,v1:172.21.15.136:6789/0] conn(0x7fab90108cd0 0x7fab901090f0 unknown :-1 s=NONE pgs=0 cs=0 l=0 rev1=0 crypto rx=0 tx=0 comp rx=0 tx=0).connect
2024-04-26T22:57:21.244 INFO:teuthology.orchestra.run.smithi136.stdout:/usr/bin/ceph: stderr
2024-04-26T22:57:20.440+0000 7fab97155700 1 -- --> [v2:172.21.15.136:3300/0,v1:172.21.15.136:6789/0] -- mon_getmap magic: 0 -- 0x7fab901096c0 con 0x7fab90108cd0
2024-04-26T22:57:21.244 INFO:teuthology.orchestra.run.smithi136.stdout:/usr/bin/ceph: stderr
2024-04-26T22:57:20.440+0000 7fab94ef1700 1 --2- >> [v2:172.21.15.136:3300/0,v1:172.21.15.136:6789/0] conn(0x7fab90108cd0 0x7fab901090f0 unknown :-1 s=BANNER_CONNECTING pgs=0 cs=0 l=0 rev1=0 crypto rx=0 tx=0 comp rx=0 tx=0)._handle_peer_banner_payload supported=3 required=0
2024-04-26T22:57:21.244 INFO:teuthology.orchestra.run.smithi136.stdout:/usr/bin/ceph: stderr
2024-04-26T22:57:20.440+0000 7fab94ef1700 1 --2- >> [v2:172.21.15.136:3300/0,v1:172.21.15.136:6789/0] conn(0x7fab90108cd0 0x7fab901090f0 unknown :-1 s=HELLO_CONNECTING pgs=0 cs=0 l=0 rev1=1 crypto rx=0 tx=0 comp rx=0 tx=0).handle_hello peer v2:172.21.15.136:3300/0 says I am v2:172.21.15.136:52114/0 (socket says 172.21.15.136:52114)
2024-04-26T22:57:21.244 INFO:teuthology.orchestra.run.smithi136.stdout:/usr/bin/ceph: stderr
2024-04-26T22:57:20.440+0000 7fab94ef1700 1 -- 172.21.15.136:0/3463069226 learned_addr learned my addr 172.21.15.136:0/3463069226 (peer_addr_for_me v2:172.21.15.136:0/0)
2024-04-26T22:57:21.244 INFO:teuthology.orchestra.run.smithi136.stdout:/usr/bin/ceph: stderr
2024-04-26T22:57:20.441+0000 7fab94ef1700 1 -- 172.21.15.136:0/3463069226 --> [v2:172.21.15.136:3300/0,v1:172.21.15.136:6789/0] -- mon_subscribe({config=0+,monmap=0+}) -- 0x7fab90109ed0 con 0x7fab90108cd0
2024-04-26T22:57:21.244 INFO:teuthology.orchestra.run.smithi136.stdout:/usr/bin/ceph: stderr
2024-04-26T22:57:20.441+0000 7fab94ef1700 1 --2- 172.21.15.136:0/3463069226 >> [v2:172.21.15.136:3300/0,v1:172.21.15.136:6789/0] conn(0x7fab90108cd0 0x7fab901090f0 secure :-1 s=READY pgs=74 cs=0 l=1 rev1=1 crypto rx=0x7fab840098a0 tx=0x7fab84009bb0 comp rx=0 tx=0).ready entity=mon.0 client_cookie=b77f0e4a0f0cc8cd server_cookie=0 in_seq=0 out_seq=0
2024-04-26T22:57:21.244 INFO:teuthology.orchestra.run.smithi136.stdout:/usr/bin/ceph: stderr
2024-04-26T22:57:20.441+0000 7fab8f7fe700 1 -- 172.21.15.136:0/3463069226 <== mon.0 v2:172.21.15.136:3300/0 1 ==== mon_map magic: 0 ==== 205+0+0 (secure 0 0 0) 0x7fab84004160 con 0x7fab90108cd0
2024-04-26T22:57:21.244 INFO:teuthology.orchestra.run.smithi136.stdout:/usr/bin/ceph: stderr
2024-04-26T22:57:20.441+0000 7fab8f7fe700 1 -- 172.21.15.136:0/3463069226 <== mon.0 v2:172.21.15.136:3300/0 2 ==== config(26 keys) ==== 1101+0+0 (secure 0 0 0) 0x7fab84004300 con 0x7fab90108cd0
2024-04-26T22:57:21.245 INFO:teuthology.orchestra.run.smithi136.stdout:/usr/bin/ceph: stderr
2024-04-26T22:57:20.441+0000 7fab8f7fe700 1 -- 172.21.15.136:0/3463069226 <== mon.0 v2:172.21.15.136:3300/0 3 ==== mon_map magic: 0 ==== 205+0+0 (secure 0 0 0) 0x7fab84011a20 con 0x7fab90108cd0
2024-04-26T22:57:21.245 INFO:teuthology.orchestra.run.smithi136.stdout:/usr/bin/ceph: stderr
2024-04-26T22:57:20.442+0000 7fab97155700 1 -- 172.21.15.136:0/3463069226 >> [v2:172.21.15.136:3300/0,v1:172.21.15.136:6789/0] conn(0x7fab90108cd0 msgr2=0x7fab901090f0 secure :-1 s=STATE_CONNECTION_ESTABLISHED l=1).mark_down
2024-04-26T22:57:21.245 INFO:teuthology.orchestra.run.smithi136.stdout:/usr/bin/ceph: stderr
2024-04-26T22:57:20.442+0000 7fab97155700 1 --2- 172.21.15.136:0/3463069226 >> [v2:172.21.15.136:3300/0,v1:172.21.15.136:6789/0] conn(0x7fab90108cd0 0x7fab901090f0 secure :-1 s=READY pgs=74 cs=0 l=1 rev1=1 crypto rx=0x7fab840098a0 tx=0x7fab84009bb0 comp rx=0 tx=0).stop
2024-04-26T22:57:21.245 INFO:teuthology.orchestra.run.smithi136.stdout:/usr/bin/ceph: stderr
2024-04-26T22:57:20.442+0000 7fab97155700 1 -- 172.21.15.136:0/3463069226 shutdown_connections
2024-04-26T22:57:21.245 INFO:teuthology.orchestra.run.smithi136.stdout:/usr/bin/ceph: stderr
2024-04-26T22:57:20.442+0000 7fab97155700 1 --2- 172.21.15.136:0/3463069226 >> [v2:172.21.15.136:3300/0,v1:172.21.15.136:6789/0] conn(0x7fab90108cd0 0x7fab901090f0 unknown :-1 s=CLOSED pgs=74 cs=0 l=1 rev1=1 crypto rx=0 tx=0 comp rx=0 tx=0).stop
2024-04-26T22:57:21.245 INFO:teuthology.orchestra.run.smithi136.stdout:/usr/bin/ceph: stderr
2024-04-26T22:57:20.442+0000 7fab97155700 1 -- 172.21.15.136:0/3463069226 >> 172.21.15.136:0/3463069226 conn(0x7fab901042b0 msgr2=0x7fab901066d0 unknown :-1 s=STATE_NONE l=0).mark_down
2024-04-26T22:57:21.245 INFO:teuthology.orchestra.run.smithi136.stdout:/usr/bin/ceph: stderr
2024-04-26T22:57:20.442+0000 7fab97155700 1 -- 172.21.15.136:0/3463069226 shutdown_connections
2024-04-26T22:57:21.245 INFO:teuthology.orchestra.run.smithi136.stdout:/usr/bin/ceph: stderr
2024-04-26T22:57:20.442+0000 7fab97155700 1 -- 172.21.15.136:0/3463069226 wait complete.
2024-04-26T22:57:21.245 INFO:teuthology.orchestra.run.smithi136.stdout:/usr/bin/ceph: stderr
2024-04-26T22:57:20.442+0000 7fab97155700 1 Processor -- start
2024-04-26T22:57:21.245 INFO:teuthology.orchestra.run.smithi136.stdout:/usr/bin/ceph: stderr
2024-04-26T22:57:20.442+0000 7fab97155700 1 -- start start
2024-04-26T22:57:21.245 INFO:teuthology.orchestra.run.smithi136.stdout:/usr/bin/ceph: stderr
2024-04-26T22:57:20.442+0000 7fab97155700 1 --2- >> [v2:172.21.15.136:3300/0,v1:172.21.15.136:6789/0] conn(0x7fab90108cd0 0x7fab9019cbc0 unknown :-1 s=NONE pgs=0 cs=0 l=1 rev1=0 crypto rx=0 tx=0 comp rx=0 tx=0).connect
2024-04-26T22:57:21.245 INFO:teuthology.orchestra.run.smithi136.stdout:/usr/bin/ceph: stderr
2024-04-26T22:57:20.442+0000 7fab97155700 1 -- --> [v2:172.21.15.136:3300/0,v1:172.21.15.136:6789/0] -- mon_getmap magic: 0 -- 0x7fab9010d280 con 0x7fab90108cd0
2024-04-26T22:57:21.245 INFO:teuthology.orchestra.run.smithi136.stdout:/usr/bin/ceph: stderr
2024-04-26T22:57:20.442+0000 7fab94ef1700 1 --2- >> [v2:172.21.15.136:3300/0,v1:172.21.15.136:6789/0] conn(0x7fab90108cd0 0x7fab9019cbc0 unknown :-1 s=BANNER_CONNECTING pgs=0 cs=0 l=1 rev1=0 crypto rx=0 tx=0 comp rx=0 tx=0)._handle_peer_banner_payload supported=3 required=0
2024-04-26T22:57:21.245 INFO:teuthology.orchestra.run.smithi136.stdout:/usr/bin/ceph: stderr
2024-04-26T22:57:20.442+0000 7fab94ef1700 1 --2- >> [v2:172.21.15.136:3300/0,v1:172.21.15.136:6789/0] conn(0x7fab90108cd0 0x7fab9019cbc0 unknown :-1 s=HELLO_CONNECTING pgs=0 cs=0 l=1 rev1=1 crypto rx=0 tx=0 comp rx=0 tx=0).handle_hello peer v2:172.21.15.136:3300/0 says I am v2:172.21.15.136:52120/0 (socket says 172.21.15.136:52120)
2024-04-26T22:57:21.246 INFO:teuthology.orchestra.run.smithi136.stdout:/usr/bin/ceph: stderr
2024-04-26T22:57:20.442+0000 7fab94ef1700 1 -- 172.21.15.136:0/13308145 learned_addr learned my addr 172.21.15.136:0/13308145 (peer_addr_for_me v2:172.21.15.136:0/0)
2024-04-26T22:57:21.246 INFO:teuthology.orchestra.run.smithi136.stdout:/usr/bin/ceph: stderr
2024-04-26T22:57:20.443+0000 7fab94ef1700 1 -- 172.21.15.136:0/13308145 --> [v2:172.21.15.136:3300/0,v1:172.21.15.136:6789/0] -- mon_subscribe({config=0+,monmap=0+}) -- 0x7fab9019d100 con 0x7fab90108cd0
2024-04-26T22:57:21.246 INFO:teuthology.orchestra.run.smithi136.stdout:/usr/bin/ceph: stderr
2024-04-26T22:57:20.443+0000 7fab94ef1700 1 --2- 172.21.15.136:0/13308145 >> [v2:172.21.15.136:3300/0,v1:172.21.15.136:6789/0] conn(0x7fab90108cd0 0x7fab9019cbc0 secure :-1 s=READY pgs=75 cs=0 l=1 rev1=1 crypto rx=0x7fab840119f0 tx=0x7fab84011ad0 comp rx=0 tx=0).ready entity=mon.0 client_cookie=0 server_cookie=0 in_seq=0 out_seq=0
2024-04-26T22:57:21.246 INFO:teuthology.orchestra.run.smithi136.stdout:/usr/bin/ceph: stderr
2024-04-26T22:57:20.443+0000 7fab8dffb700 1 -- 172.21.15.136:0/13308145 <== mon.0 v2:172.21.15.136:3300/0 1 ==== mon_map magic: 0 ==== 205+0+0 (secure 0 0 0) 0x7fab840039e0 con 0x7fab90108cd0
2024-04-26T22:57:21.246 INFO:teuthology.orchestra.run.smithi136.stdout:/usr/bin/ceph: stderr
2024-04-26T22:57:20.443+0000 7fab8dffb700 1 -- 172.21.15.136:0/13308145 <== mon.0 v2:172.21.15.136:3300/0 2 ==== config(26 keys) ==== 1101+0+0 (secure 0 0 0) 0x7fab8401b8f0 con 0x7fab90108cd0
2024-04-26T22:57:21.246 INFO:teuthology.orchestra.run.smithi136.stdout:/usr/bin/ceph: stderr
2024-04-26T22:57:20.443+0000 7fab8dffb700 1 -- 172.21.15.136:0/13308145 <== mon.0 v2:172.21.15.136:3300/0 3 ==== mon_map magic: 0 ==== 205+0+0 (secure 0 0 0) 0x7fab840237a0 con 0x7fab90108cd0
2024-04-26T22:57:21.246 INFO:teuthology.orchestra.run.smithi136.stdout:/usr/bin/ceph: stderr
2024-04-26T22:57:20.443+0000 7fab97155700 1 -- 172.21.15.136:0/13308145 --> [v2:172.21.15.136:3300/0,v1:172.21.15.136:6789/0] -- mon_subscribe({mgrmap=0+}) -- 0x7fab9019d390 con 0x7fab90108cd0
2024-04-26T22:57:21.246 INFO:teuthology.orchestra.run.smithi136.stdout:/usr/bin/ceph: stderr
2024-04-26T22:57:20.443+0000 7fab97155700 1 -- 172.21.15.136:0/13308145 --> [v2:172.21.15.136:3300/0,v1:172.21.15.136:6789/0] -- mon_subscribe({osdmap=0}) -- 0x7fab901a0080 con 0x7fab90108cd0
2024-04-26T22:57:21.246 INFO:teuthology.orchestra.run.smithi136.stdout:/usr/bin/ceph: stderr
2024-04-26T22:57:20.444+0000 7fab8dffb700 1 -- 172.21.15.136:0/13308145 <== mon.0 v2:172.21.15.136:3300/0 4 ==== mgrmap(e 12) ==== 46571+0+0 (secure 0 0 0) 0x7fab8401b440 con 0x7fab90108cd0
2024-04-26T22:57:21.246 INFO:teuthology.orchestra.run.smithi136.stdout:/usr/bin/ceph: stderr
2024-04-26T22:57:20.444+0000 7fab8dffb700 1 --2- 172.21.15.136:0/13308145 >> [v2:172.21.15.136:6800/254966544,v1:172.21.15.136:6801/254966544] conn(0x7fab80039610 0x7fab8003bad0 unknown :-1 s=NONE pgs=0 cs=0 l=1 rev1=0 crypto rx=0 tx=0 comp rx=0 tx=0).connect
2024-04-26T22:57:21.246 INFO:teuthology.orchestra.run.smithi136.stdout:/usr/bin/ceph: stderr
2024-04-26T22:57:20.444+0000 7fab97155700 1 -- 172.21.15.136:0/13308145 --> [v2:172.21.15.136:3300/0,v1:172.21.15.136:6789/0] -- mon_command({"prefix": "get_command_descriptions"} v 0) -- 0x7fab90064a80 con 0x7fab90108cd0
2024-04-26T22:57:21.246 INFO:teuthology.orchestra.run.smithi136.stdout:/usr/bin/ceph: stderr
2024-04-26T22:57:20.444+0000 7fab8dffb700 1 -- 172.21.15.136:0/13308145 <== mon.0 v2:172.21.15.136:3300/0 5 ==== osd_map(3..3 src has 1..3) ==== 1155+0+0 (secure 0 0 0) 0x7fab8404e060 con 0x7fab90108cd0
2024-04-26T22:57:21.246 INFO:teuthology.orchestra.run.smithi136.stdout:/usr/bin/ceph: stderr
2024-04-26T22:57:20.444+0000 7fab8ffff700 1 --2- 172.21.15.136:0/13308145 >> [v2:172.21.15.136:6800/254966544,v1:172.21.15.136:6801/254966544] conn(0x7fab80039610 0x7fab8003bad0 unknown :-1 s=BANNER_CONNECTING pgs=0 cs=0 l=1 rev1=0 crypto rx=0 tx=0 comp rx=0 tx=0)._handle_peer_banner_payload supported=3 required=0
2024-04-26T22:57:21.247 INFO:teuthology.orchestra.run.smithi136.stdout:/usr/bin/ceph: stderr
2024-04-26T22:57:20.445+0000 7fab8ffff700 1 --2- 172.21.15.136:0/13308145 >> [v2:172.21.15.136:6800/254966544,v1:172.21.15.136:6801/254966544] conn(0x7fab80039610 0x7fab8003bad0 secure :-1 s=READY pgs=9 cs=0 l=1 rev1=1 crypto rx=0x7fab7c006fd0 tx=0x7fab7c006e40 comp rx=0 tx=0).ready entity=mgr.14152 client_cookie=0 server_cookie=0 in_seq=0 out_seq=0
2024-04-26T22:57:21.247 INFO:teuthology.orchestra.run.smithi136.stdout:/usr/bin/ceph: stderr
2024-04-26T22:57:20.449+0000 7fab8dffb700 1 -- 172.21.15.136:0/13308145 <== mon.0 v2:172.21.15.136:3300/0 6 ==== mon_command_ack([{"prefix": "get_command_descriptions"}]=0 v0) ==== 72+0+188494 (secure 0 0 0) 0x7fab8401f030 con 0x7fab90108cd0
2024-04-26T22:57:21.247 INFO:teuthology.orchestra.run.smithi136.stdout:/usr/bin/ceph: stderr
2024-04-26T22:57:20.647+0000 7fab97155700 1 -- 172.21.15.136:0/13308145 --> [v2:172.21.15.136:3300/0,v1:172.21.15.136:6789/0] -- mon_command({"prefix": "config get", "who": "mgr", "key": "mgr/dashboard/ssl_server_port"} v 0) -- 0x7fab901a0630 con 0x7fab90108cd0
2024-04-26T22:57:21.247 INFO:teuthology.orchestra.run.smithi136.stdout:/usr/bin/ceph: stderr
2024-04-26T22:57:20.647+0000 7fab8dffb700 1 -- 172.21.15.136:0/13308145 <== mon.0 v2:172.21.15.136:3300/0 7 ==== mon_command_ack([{"prefix": "config get", "who": "mgr", "key": "mgr/dashboard/ssl_server_port"}]=0 v8) ==== 112+0+5 (secure 0 0 0) 0x7fab84016260 con 0x7fab90108cd0
2024-04-26T22:57:21.247 INFO:teuthology.orchestra.run.smithi136.stdout:/usr/bin/ceph: stderr
2024-04-26T22:57:20.650+0000 7fab97155700 1 -- 172.21.15.136:0/13308145 >> [v2:172.21.15.136:6800/254966544,v1:172.21.15.136:6801/254966544] conn(0x7fab80039610 msgr2=0x7fab8003bad0 secure :-1 s=STATE_CONNECTION_ESTABLISHED l=1).mark_down
2024-04-26T22:57:21.247 INFO:teuthology.orchestra.run.smithi136.stdout:/usr/bin/ceph: stderr
2024-04-26T22:57:20.650+0000 7fab97155700 1 --2- 172.21.15.136:0/13308145 >> [v2:172.21.15.136:6800/254966544,v1:172.21.15.136:6801/254966544] conn(0x7fab80039610 0x7fab8003bad0 secure :-1 s=READY pgs=9 cs=0 l=1 rev1=1 crypto rx=0x7fab7c006fd0 tx=0x7fab7c006e40 comp rx=0 tx=0).stop
2024-04-26T22:57:21.247 INFO:teuthology.orchestra.run.smithi136.stdout:/usr/bin/ceph: stderr
2024-04-26T22:57:20.650+0000 7fab97155700 1 -- 172.21.15.136:0/13308145 >> [v2:172.21.15.136:3300/0,v1:172.21.15.136:6789/0] conn(0x7fab90108cd0 msgr2=0x7fab9019cbc0 secure :-1 s=STATE_CONNECTION_ESTABLISHED l=1).mark_down
2024-04-26T22:57:21.247 INFO:teuthology.orchestra.run.smithi136.stdout:/usr/bin/ceph: stderr
2024-04-26T22:57:20.650+0000 7fab97155700 1 --2- 172.21.15.136:0/13308145 >> [v2:172.21.15.136:3300/0,v1:172.21.15.136:6789/0] conn(0x7fab90108cd0 0x7fab9019cbc0 secure :-1 s=READY pgs=75 cs=0 l=1 rev1=1 crypto rx=0x7fab840119f0 tx=0x7fab84011ad0 comp rx=0 tx=0).stop
2024-04-26T22:57:21.247 INFO:teuthology.orchestra.run.smithi136.stdout:/usr/bin/ceph: stderr
2024-04-26T22:57:20.650+0000 7fab97155700 1 -- 172.21.15.136:0/13308145 shutdown_connections
2024-04-26T22:57:21.247 INFO:teuthology.orchestra.run.smithi136.stdout:/usr/bin/ceph: stderr
2024-04-26T22:57:20.650+0000 7fab97155700 1 --2- 172.21.15.136:0/13308145 >> [v2:172.21.15.136:6800/254966544,v1:172.21.15.136:6801/254966544] conn(0x7fab80039610 0x7fab8003bad0 unknown :-1 s=CLOSED pgs=9 cs=0 l=1 rev1=1 crypto rx=0 tx=0 comp rx=0 tx=0).stop
2024-04-26T22:57:21.247 INFO:teuthology.orchestra.run.smithi136.stdout:/usr/bin/ceph: stderr
2024-04-26T22:57:20.650+0000 7fab97155700 1 --2- 172.21.15.136:0/13308145 >> [v2:172.21.15.136:3300/0,v1:172.21.15.136:6789/0] conn(0x7fab90108cd0 0x7fab9019cbc0 unknown :-1 s=CLOSED pgs=75 cs=0 l=1 rev1=1 crypto rx=0 tx=0 comp rx=0 tx=0).stop
2024-04-26T22:57:21.247 INFO:teuthology.orchestra.run.smithi136.stdout:/usr/bin/ceph: stderr
2024-04-26T22:57:20.650+0000 7fab97155700 1 -- 172.21.15.136:0/13308145 >> 172.21.15.136:0/13308145 conn(0x7fab901042b0 msgr2=0x7fab90104d30 unknown :-1 s=STATE_NONE l=0).mark_down
2024-04-26T22:57:21.247 INFO:teuthology.orchestra.run.smithi136.stdout:/usr/bin/ceph: stderr
2024-04-26T22:57:20.650+0000 7fab97155700 1 -- 172.21.15.136:0/13308145 shutdown_connections
2024-04-26T22:57:21.247 INFO:teuthology.orchestra.run.smithi136.stdout:/usr/bin/ceph: stderr
2024-04-26T22:57:20.650+0000 7fab97155700 1 -- 172.21.15.136:0/13308145 wait complete.
2024-04-26T22:57:21.250 INFO:teuthology.orchestra.run.smithi136.stdout:Non-zero exit code 1 from systemctl is-enabled firewalld.service
2024-04-26T22:57:21.250 INFO:teuthology.orchestra.run.smithi136.stdout:systemctl: stdout disabled
2024-04-26T22:57:21.257 INFO:teuthology.orchestra.run.smithi136.stdout:Non-zero exit code 3 from systemctl is-active firewalld.service
2024-04-26T22:57:21.258 INFO:teuthology.orchestra.run.smithi136.stdout:systemctl: stdout inactive
2024-04-26T22:57:21.258 INFO:teuthology.orchestra.run.smithi136.stdout:firewalld.service is not enabled
2024-04-26T22:57:21.258 INFO:teuthology.orchestra.run.smithi136.stdout:Not possible to open ports <[8443]>. firewalld.service is not available
2024-04-26T22:57:21.259 INFO:teuthology.orchestra.run.smithi136.stdout:Ceph Dashboard is now available at:
2024-04-26T22:57:21.259 INFO:teuthology.orchestra.run.smithi136.stdout:
2024-04-26T22:57:21.259 INFO:teuthology.orchestra.run.smithi136.stdout: URL: https://smithi136:8443/
2024-04-26T22:57:21.259 INFO:teuthology.orchestra.run.smithi136.stdout: User: admin
2024-04-26T22:57:21.259 INFO:teuthology.orchestra.run.smithi136.stdout: Password: z5xyswym80
2024-04-26T22:57:21.259 INFO:teuthology.orchestra.run.smithi136.stdout:
2024-04-26T22:57:21.260 INFO:teuthology.orchestra.run.smithi136.stdout:Saving cluster configuration to /var/lib/ceph/042df91a-0420-11ef-bc93-c7b262605968/config directory
2024-04-26T22:57:21.260 INFO:teuthology.orchestra.run.smithi136.stdout:Enabling autotune for osd_memory_target
2024-04-26T22:57:22.557 INFO:teuthology.orchestra.run.smithi136.stdout:/usr/bin/ceph: stderr
2024-04-26T22:57:21.708+0000 7faae646b700 1 Processor -- start
2024-04-26T22:57:22.557 INFO:teuthology.orchestra.run.smithi136.stdout:/usr/bin/ceph: stderr
2024-04-26T22:57:21.708+0000 7faae646b700 1 -- start start
2024-04-26T22:57:22.557 INFO:teuthology.orchestra.run.smithi136.stdout:/usr/bin/ceph: stderr
2024-04-26T22:57:21.708+0000 7faae646b700 1 --2- >> [v2:172.21.15.136:3300/0,v1:172.21.15.136:6789/0] conn(0x7faae0108cc0 0x7faae01090e0 unknown :-1 s=NONE pgs=0 cs=0 l=0 rev1=0 crypto rx=0 tx=0 comp rx=0 tx=0).connect
2024-04-26T22:57:22.557 INFO:teuthology.orchestra.run.smithi136.stdout:/usr/bin/ceph: stderr
2024-04-26T22:57:21.708+0000 7faae646b700 1 -- --> [v2:172.21.15.136:3300/0,v1:172.21.15.136:6789/0] -- mon_getmap magic: 0 -- 0x7faae01096b0 con 0x7faae0108cc0
2024-04-26T22:57:22.558 INFO:teuthology.orchestra.run.smithi136.stdout:/usr/bin/ceph: stderr
2024-04-26T22:57:21.708+0000 7faadffff700 1 --2- >> [v2:172.21.15.136:3300/0,v1:172.21.15.136:6789/0] conn(0x7faae0108cc0 0x7faae01090e0 unknown :-1 s=BANNER_CONNECTING pgs=0 cs=0 l=0 rev1=0 crypto rx=0 tx=0 comp rx=0 tx=0)._handle_peer_banner_payload supported=3 required=0
2024-04-26T22:57:22.558 INFO:teuthology.orchestra.run.smithi136.stdout:/usr/bin/ceph: stderr
2024-04-26T22:57:21.708+0000 7faadffff700 1 --2- >> [v2:172.21.15.136:3300/0,v1:172.21.15.136:6789/0] conn(0x7faae0108cc0 0x7faae01090e0 unknown :-1 s=HELLO_CONNECTING pgs=0 cs=0 l=0 rev1=1 crypto rx=0 tx=0 comp rx=0 tx=0).handle_hello peer v2:172.21.15.136:3300/0 says I am v2:172.21.15.136:52136/0 (socket says 172.21.15.136:52136)
2024-04-26T22:57:22.558 INFO:teuthology.orchestra.run.smithi136.stdout:/usr/bin/ceph: stderr
2024-04-26T22:57:21.708+0000 7faadffff700 1 -- 172.21.15.136:0/26890069 learned_addr learned my addr 172.21.15.136:0/26890069 (peer_addr_for_me v2:172.21.15.136:0/0)
2024-04-26T22:57:22.558 INFO:teuthology.orchestra.run.smithi136.stdout:/usr/bin/ceph: stderr
2024-04-26T22:57:21.708+0000 7faadffff700 1 -- 172.21.15.136:0/26890069 --> [v2:172.21.15.136:3300/0,v1:172.21.15.136:6789/0] -- mon_subscribe({config=0+,monmap=0+}) -- 0x7faae0109ec0 con 0x7faae0108cc0
2024-04-26T22:57:22.558 INFO:teuthology.orchestra.run.smithi136.stdout:/usr/bin/ceph: stderr
2024-04-26T22:57:21.708+0000 7faadffff700 1 --2- 172.21.15.136:0/26890069 >> [v2:172.21.15.136:3300/0,v1:172.21.15.136:6789/0] conn(0x7faae0108cc0 0x7faae01090e0 secure :-1 s=READY pgs=76 cs=0 l=1 rev1=1 crypto rx=0x7faad00098a0 tx=0x7faad0009bb0 comp rx=0 tx=0).ready entity=mon.0 client_cookie=9be1b2c98dbec02 server_cookie=0 in_seq=0 out_seq=0
2024-04-26T22:57:22.558 INFO:teuthology.orchestra.run.smithi136.stdout:/usr/bin/ceph: stderr
2024-04-26T22:57:21.709+0000 7faadeffd700 1 -- 172.21.15.136:0/26890069 <== mon.0 v2:172.21.15.136:3300/0 1 ==== mon_map magic: 0 ==== 205+0+0 (secure 0 0 0) 0x7faad0004160 con 0x7faae0108cc0
2024-04-26T22:57:22.558 INFO:teuthology.orchestra.run.smithi136.stdout:/usr/bin/ceph: stderr
2024-04-26T22:57:21.709+0000 7faadeffd700 1 -- 172.21.15.136:0/26890069 <== mon.0 v2:172.21.15.136:3300/0 2 ==== config(26 keys) ==== 1101+0+0 (secure 0 0 0) 0x7faad0004300 con 0x7faae0108cc0
2024-04-26T22:57:22.558 INFO:teuthology.orchestra.run.smithi136.stdout:/usr/bin/ceph: stderr
2024-04-26T22:57:21.709+0000 7faadeffd700 1 -- 172.21.15.136:0/26890069 <== mon.0 v2:172.21.15.136:3300/0 3 ==== mon_map magic: 0 ==== 205+0+0 (secure 0 0 0) 0x7faad0011a20 con 0x7faae0108cc0
2024-04-26T22:57:22.558 INFO:teuthology.orchestra.run.smithi136.stdout:/usr/bin/ceph: stderr
2024-04-26T22:57:21.709+0000 7faae646b700 1 -- 172.21.15.136:0/26890069 >> [v2:172.21.15.136:3300/0,v1:172.21.15.136:6789/0] conn(0x7faae0108cc0 msgr2=0x7faae01090e0 secure :-1 s=STATE_CONNECTION_ESTABLISHED l=1).mark_down
2024-04-26T22:57:22.558 INFO:teuthology.orchestra.run.smithi136.stdout:/usr/bin/ceph: stderr
2024-04-26T22:57:21.709+0000 7faae646b700 1 --2- 172.21.15.136:0/26890069 >> [v2:172.21.15.136:3300/0,v1:172.21.15.136:6789/0] conn(0x7faae0108cc0 0x7faae01090e0 secure :-1 s=READY pgs=76 cs=0 l=1 rev1=1 crypto rx=0x7faad00098a0 tx=0x7faad0009bb0 comp rx=0 tx=0).stop
2024-04-26T22:57:22.558 INFO:teuthology.orchestra.run.smithi136.stdout:/usr/bin/ceph: stderr
2024-04-26T22:57:21.709+0000 7faae646b700 1 -- 172.21.15.136:0/26890069 shutdown_connections
2024-04-26T22:57:22.558 INFO:teuthology.orchestra.run.smithi136.stdout:/usr/bin/ceph: stderr
2024-04-26T22:57:21.709+0000 7faae646b700 1 --2- 172.21.15.136:0/26890069 >> [v2:172.21.15.136:3300/0,v1:172.21.15.136:6789/0] conn(0x7faae0108cc0 0x7faae01090e0 unknown :-1 s=CLOSED pgs=76 cs=0 l=1 rev1=1 crypto rx=0 tx=0 comp rx=0 tx=0).stop
2024-04-26T22:57:22.559 INFO:teuthology.orchestra.run.smithi136.stdout:/usr/bin/ceph: stderr
2024-04-26T22:57:21.709+0000 7faae646b700 1 -- 172.21.15.136:0/26890069 >> 172.21.15.136:0/26890069 conn(0x7faae0104260 msgr2=0x7faae01066a0 unknown :-1 s=STATE_NONE l=0).mark_down
2024-04-26T22:57:22.559 INFO:teuthology.orchestra.run.smithi136.stdout:/usr/bin/ceph: stderr
2024-04-26T22:57:21.709+0000 7faae646b700 1 -- 172.21.15.136:0/26890069 shutdown_connections
2024-04-26T22:57:22.559 INFO:teuthology.orchestra.run.smithi136.stdout:/usr/bin/ceph: stderr
2024-04-26T22:57:21.709+0000 7faae646b700 1 -- 172.21.15.136:0/26890069 wait complete.
2024-04-26T22:57:22.559 INFO:teuthology.orchestra.run.smithi136.stdout:/usr/bin/ceph: stderr
2024-04-26T22:57:21.710+0000 7faae646b700 1 Processor -- start
2024-04-26T22:57:22.559 INFO:teuthology.orchestra.run.smithi136.stdout:/usr/bin/ceph: stderr
2024-04-26T22:57:21.710+0000 7faae646b700 1 -- start start
2024-04-26T22:57:22.559 INFO:teuthology.orchestra.run.smithi136.stdout:/usr/bin/ceph: stderr
2024-04-26T22:57:21.710+0000 7faae646b700 1 --2- >> [v2:172.21.15.136:3300/0,v1:172.21.15.136:6789/0] conn(0x7faae0108cc0 0x7faae019cc10 unknown :-1 s=NONE pgs=0 cs=0 l=1 rev1=0 crypto rx=0 tx=0 comp rx=0 tx=0).connect
2024-04-26T22:57:22.559 INFO:teuthology.orchestra.run.smithi136.stdout:/usr/bin/ceph: stderr
2024-04-26T22:57:21.710+0000 7faae646b700 1 -- --> [v2:172.21.15.136:3300/0,v1:172.21.15.136:6789/0] -- mon_getmap magic: 0 -- 0x7faae010d270 con 0x7faae0108cc0
2024-04-26T22:57:22.559 INFO:teuthology.orchestra.run.smithi136.stdout:/usr/bin/ceph: stderr
2024-04-26T22:57:21.710+0000 7faadffff700 1 --2- >> [v2:172.21.15.136:3300/0,v1:172.21.15.136:6789/0] conn(0x7faae0108cc0 0x7faae019cc10 unknown :-1 s=BANNER_CONNECTING pgs=0 cs=0 l=1 rev1=0 crypto rx=0 tx=0 comp rx=0 tx=0)._handle_peer_banner_payload supported=3 required=0
2024-04-26T22:57:22.559 INFO:teuthology.orchestra.run.smithi136.stdout:/usr/bin/ceph: stderr
2024-04-26T22:57:21.710+0000 7faadffff700 1 --2- >> [v2:172.21.15.136:3300/0,v1:172.21.15.136:6789/0] conn(0x7faae0108cc0 0x7faae019cc10 unknown :-1 s=HELLO_CONNECTING pgs=0 cs=0 l=1 rev1=1 crypto rx=0 tx=0 comp rx=0 tx=0).handle_hello peer v2:172.21.15.136:3300/0 says I am v2:172.21.15.136:52140/0 (socket says 172.21.15.136:52140)
2024-04-26T22:57:22.559 INFO:teuthology.orchestra.run.smithi136.stdout:/usr/bin/ceph: stderr
2024-04-26T22:57:21.710+0000 7faadffff700 1 -- 172.21.15.136:0/3970651162 learned_addr learned my addr 172.21.15.136:0/3970651162 (peer_addr_for_me v2:172.21.15.136:0/0)
2024-04-26T22:57:22.559 INFO:teuthology.orchestra.run.smithi136.stdout:/usr/bin/ceph: stderr
2024-04-26T22:57:21.710+0000 7faadffff700 1 -- 172.21.15.136:0/3970651162 --> [v2:172.21.15.136:3300/0,v1:172.21.15.136:6789/0] -- mon_subscribe({config=0+,monmap=0+}) -- 0x7faae019d150 con 0x7faae0108cc0
2024-04-26T22:57:22.559 INFO:teuthology.orchestra.run.smithi136.stdout:/usr/bin/ceph: stderr
2024-04-26T22:57:21.711+0000 7faadffff700 1 --2- 172.21.15.136:0/3970651162 >> [v2:172.21.15.136:3300/0,v1:172.21.15.136:6789/0] conn(0x7faae0108cc0 0x7faae019cc10 secure :-1 s=READY pgs=77 cs=0 l=1 rev1=1 crypto rx=0x7faad0000c00 tx=0x7faad0011aa0 comp rx=0 tx=0).ready entity=mon.0 client_cookie=0 server_cookie=0 in_seq=0 out_seq=0
2024-04-26T22:57:22.559 INFO:teuthology.orchestra.run.smithi136.stdout:/usr/bin/ceph: stderr
2024-04-26T22:57:21.711+0000 7faadd7fa700 1 -- 172.21.15.136:0/3970651162 <== mon.0 v2:172.21.15.136:3300/0 1 ==== mon_map magic: 0 ==== 205+0+0 (secure 0 0 0) 0x7faad0003aa0 con 0x7faae0108cc0
2024-04-26T22:57:22.560 INFO:teuthology.orchestra.run.smithi136.stdout:/usr/bin/ceph: stderr
2024-04-26T22:57:21.711+0000 7faadd7fa700 1 -- 172.21.15.136:0/3970651162 <== mon.0 v2:172.21.15.136:3300/0 2 ==== config(26 keys) ==== 1101+0+0 (secure 0 0 0) 0x7faad001b8f0 con 0x7faae0108cc0
2024-04-26T22:57:22.560 INFO:teuthology.orchestra.run.smithi136.stdout:/usr/bin/ceph: stderr
2024-04-26T22:57:21.711+0000 7faadd7fa700 1 -- 172.21.15.136:0/3970651162 <== mon.0 v2:172.21.15.136:3300/0 3 ==== mon_map magic: 0 ==== 205+0+0 (secure 0 0 0) 0x7faad0023890 con 0x7faae0108cc0
2024-04-26T22:57:22.560 INFO:teuthology.orchestra.run.smithi136.stdout:/usr/bin/ceph: stderr
2024-04-26T22:57:21.711+0000 7faae646b700 1 -- 172.21.15.136:0/3970651162 --> [v2:172.21.15.136:3300/0,v1:172.21.15.136:6789/0] -- mon_subscribe({mgrmap=0+}) -- 0x7faae019d3e0 con 0x7faae0108cc0
2024-04-26T22:57:22.560 INFO:teuthology.orchestra.run.smithi136.stdout:/usr/bin/ceph: stderr
2024-04-26T22:57:21.711+0000 7faae646b700 1 -- 172.21.15.136:0/3970651162 --> [v2:172.21.15.136:3300/0,v1:172.21.15.136:6789/0] -- mon_subscribe({osdmap=0}) -- 0x7faae01a00d0 con 0x7faae0108cc0
2024-04-26T22:57:22.560 INFO:teuthology.orchestra.run.smithi136.stdout:/usr/bin/ceph: stderr
2024-04-26T22:57:21.712+0000 7faadd7fa700 1 -- 172.21.15.136:0/3970651162 <== mon.0 v2:172.21.15.136:3300/0 4 ==== mgrmap(e 13) ==== 46615+0+0 (secure 0 0 0) 0x7faad002c3f0 con 0x7faae0108cc0
2024-04-26T22:57:22.560 INFO:teuthology.orchestra.run.smithi136.stdout:/usr/bin/ceph: stderr
2024-04-26T22:57:21.712+0000 7faae646b700 1 -- 172.21.15.136:0/3970651162 --> [v2:172.21.15.136:3300/0,v1:172.21.15.136:6789/0] -- mon_command({"prefix": "get_command_descriptions"} v 0) -- 0x7faae0064a80 con 0x7faae0108cc0
2024-04-26T22:57:22.560 INFO:teuthology.orchestra.run.smithi136.stdout:/usr/bin/ceph: stderr
2024-04-26T22:57:21.712+0000 7faadd7fa700 1 --2- 172.21.15.136:0/3970651162 >> [v2:172.21.15.136:6800/254966544,v1:172.21.15.136:6801/254966544] conn(0x7faac8039700 0x7faac803bbc0 unknown :-1 s=NONE pgs=0 cs=0 l=1 rev1=0 crypto rx=0 tx=0 comp rx=0 tx=0).connect
2024-04-26T22:57:22.560 INFO:teuthology.orchestra.run.smithi136.stdout:/usr/bin/ceph: stderr
2024-04-26T22:57:21.712+0000 7faadd7fa700 1 -- 172.21.15.136:0/3970651162 <== mon.0 v2:172.21.15.136:3300/0 5 ==== osd_map(3..3 src has 1..3) ==== 1155+0+0 (secure 0 0 0) 0x7faad004e290 con 0x7faae0108cc0
2024-04-26T22:57:22.560 INFO:teuthology.orchestra.run.smithi136.stdout:/usr/bin/ceph: stderr
2024-04-26T22:57:21.712+0000 7faadf7fe700 1 --2- 172.21.15.136:0/3970651162 >> [v2:172.21.15.136:6800/254966544,v1:172.21.15.136:6801/254966544] conn(0x7faac8039700 0x7faac803bbc0 unknown :-1 s=BANNER_CONNECTING pgs=0 cs=0 l=1 rev1=0 crypto rx=0 tx=0 comp rx=0 tx=0)._handle_peer_banner_payload supported=3 required=0
2024-04-26T22:57:22.560 INFO:teuthology.orchestra.run.smithi136.stdout:/usr/bin/ceph: stderr
2024-04-26T22:57:21.712+0000 7faadf7fe700 1 --2- 172.21.15.136:0/3970651162 >> [v2:172.21.15.136:6800/254966544,v1:172.21.15.136:6801/254966544] conn(0x7faac8039700 0x7faac803bbc0 secure :-1 s=READY pgs=10 cs=0 l=1 rev1=1 crypto rx=0x7faad4006fd0 tx=0x7faad4006e40 comp rx=0 tx=0).ready entity=mgr.14152 client_cookie=0 server_cookie=0 in_seq=0 out_seq=0
2024-04-26T22:57:22.560 INFO:teuthology.orchestra.run.smithi136.stdout:/usr/bin/ceph: stderr
2024-04-26T22:57:21.717+0000 7faadd7fa700 1 -- 172.21.15.136:0/3970651162 <== mon.0 v2:172.21.15.136:3300/0 6 ==== mon_command_ack([{"prefix": "get_command_descriptions"}]=0 v0) ==== 72+0+188494 (secure 0 0 0) 0x7faad001f030 con 0x7faae0108cc0
2024-04-26T22:57:22.560 INFO:teuthology.orchestra.run.smithi136.stdout:/usr/bin/ceph: stderr
2024-04-26T22:57:21.915+0000 7faae646b700 1 -- 172.21.15.136:0/3970651162 --> [v2:172.21.15.136:3300/0,v1:172.21.15.136:6789/0] -- mon_command([{prefix=config set, name=osd_memory_target_autotune}] v 0) -- 0x7faae01a02a0 con 0x7faae0108cc0
2024-04-26T22:57:22.561 INFO:teuthology.orchestra.run.smithi136.stdout:/usr/bin/ceph: stderr
2024-04-26T22:57:21.915+0000 7faadd7fa700 1 -- 172.21.15.136:0/3970651162 <== mon.0 v2:172.21.15.136:3300/0 7 ==== mon_command_ack([{prefix=config set, name=osd_memory_target_autotune}]=0 v8)=0 v8) ==== 127+0+0 (secure 0 0 0) 0x7faad00105e0 con 0x7faae0108cc0
2024-04-26T22:57:22.561 INFO:teuthology.orchestra.run.smithi136.stdout:/usr/bin/ceph: stderr
2024-04-26T22:57:21.917+0000 7faae646b700 1 -- 172.21.15.136:0/3970651162 >> [v2:172.21.15.136:6800/254966544,v1:172.21.15.136:6801/254966544] conn(0x7faac8039700 msgr2=0x7faac803bbc0 secure :-1 s=STATE_CONNECTION_ESTABLISHED l=1).mark_down
2024-04-26T22:57:22.561 INFO:teuthology.orchestra.run.smithi136.stdout:/usr/bin/ceph: stderr
2024-04-26T22:57:21.917+0000 7faae646b700 1 --2- 172.21.15.136:0/3970651162 >> [v2:172.21.15.136:6800/254966544,v1:172.21.15.136:6801/254966544] conn(0x7faac8039700 0x7faac803bbc0 secure :-1 s=READY pgs=10 cs=0 l=1 rev1=1 crypto rx=0x7faad4006fd0 tx=0x7faad4006e40 comp rx=0 tx=0).stop
2024-04-26T22:57:22.561 INFO:teuthology.orchestra.run.smithi136.stdout:/usr/bin/ceph: stderr
2024-04-26T22:57:21.917+0000 7faae646b700 1 -- 172.21.15.136:0/3970651162 >> [v2:172.21.15.136:3300/0,v1:172.21.15.136:6789/0] conn(0x7faae0108cc0 msgr2=0x7faae019cc10 secure :-1 s=STATE_CONNECTION_ESTABLISHED l=1).mark_down
2024-04-26T22:57:22.561 INFO:teuthology.orchestra.run.smithi136.stdout:/usr/bin/ceph: stderr
2024-04-26T22:57:21.917+0000 7faae646b700 1 --2- 172.21.15.136:0/3970651162 >> [v2:172.21.15.136:3300/0,v1:172.21.15.136:6789/0] conn(0x7faae0108cc0 0x7faae019cc10 secure :-1 s=READY pgs=77 cs=0 l=1 rev1=1 crypto rx=0x7faad0000c00 tx=0x7faad0011aa0 comp rx=0 tx=0).stop
2024-04-26T22:57:22.561 INFO:teuthology.orchestra.run.smithi136.stdout:/usr/bin/ceph: stderr
2024-04-26T22:57:21.918+0000 7faae646b700 1 -- 172.21.15.136:0/3970651162 shutdown_connections
2024-04-26T22:57:22.561 INFO:teuthology.orchestra.run.smithi136.stdout:/usr/bin/ceph: stderr
2024-04-26T22:57:21.918+0000 7faae646b700 1 --2- 172.21.15.136:0/3970651162 >> [v2:172.21.15.136:6800/254966544,v1:172.21.15.136:6801/254966544] conn(0x7faac8039700 0x7faac803bbc0 unknown :-1 s=CLOSED pgs=10 cs=0 l=1 rev1=1 crypto rx=0 tx=0 comp rx=0 tx=0).stop
2024-04-26T22:57:22.561 INFO:teuthology.orchestra.run.smithi136.stdout:/usr/bin/ceph: stderr
2024-04-26T22:57:21.918+0000 7faae646b700 1 --2- 172.21.15.136:0/3970651162 >> [v2:172.21.15.136:3300/0,v1:172.21.15.136:6789/0] conn(0x7faae0108cc0 0x7faae019cc10 unknown :-1 s=CLOSED pgs=77 cs=0 l=1 rev1=1 crypto rx=0 tx=0 comp rx=0 tx=0).stop
2024-04-26T22:57:22.561 INFO:teuthology.orchestra.run.smithi136.stdout:/usr/bin/ceph: stderr
2024-04-26T22:57:21.918+0000 7faae646b700 1 -- 172.21.15.136:0/3970651162 >> 172.21.15.136:0/3970651162 conn(0x7faae0104260 msgr2=0x7faae0104d50 unknown :-1 s=STATE_NONE l=0).mark_down
2024-04-26T22:57:22.561 INFO:teuthology.orchestra.run.smithi136.stdout:/usr/bin/ceph: stderr
2024-04-26T22:57:21.918+0000 7faae646b700 1 -- 172.21.15.136:0/3970651162 shutdown_connections
2024-04-26T22:57:22.561 INFO:teuthology.orchestra.run.smithi136.stdout:/usr/bin/ceph: stderr
2024-04-26T22:57:21.918+0000 7faae646b700 1 -- 172.21.15.136:0/3970651162 wait complete.
2024-04-26T22:57:22.800 INFO:journalctl@ceph.mon.a.smithi136.stdout:Apr 26 22:57:22 smithi136 ceph-mon[29145]: mgrmap e13: x(active, since 6s)
2024-04-26T22:57:23.922 INFO:teuthology.orchestra.run.smithi136.stdout:/usr/bin/ceph: stderr
2024-04-26T22:57:23.011+0000 7fb3b7cb8700 1 Processor -- start
2024-04-26T22:57:23.922 INFO:teuthology.orchestra.run.smithi136.stdout:/usr/bin/ceph: stderr
2024-04-26T22:57:23.011+0000 7fb3b7cb8700 1 -- start start
2024-04-26T22:57:23.922 INFO:teuthology.orchestra.run.smithi136.stdout:/usr/bin/ceph: stderr
2024-04-26T22:57:23.011+0000 7fb3b7cb8700 1 --2- >> [v2:172.21.15.136:3300/0,v1:172.21.15.136:6789/0] conn(0x7fb3b0107b80 0x7fb3b0107fa0 unknown :-1 s=NONE pgs=0 cs=0 l=0 rev1=0 crypto rx=0 tx=0 comp rx=0 tx=0).connect
2024-04-26T22:57:23.922 INFO:teuthology.orchestra.run.smithi136.stdout:/usr/bin/ceph: stderr
2024-04-26T22:57:23.011+0000 7fb3b7cb8700 1 -- --> [v2:172.21.15.136:3300/0,v1:172.21.15.136:6789/0] -- mon_getmap magic: 0 -- 0x7fb3b0108570 con 0x7fb3b0107b80
2024-04-26T22:57:23.922 INFO:teuthology.orchestra.run.smithi136.stdout:/usr/bin/ceph: stderr
2024-04-26T22:57:23.012+0000 7fb3b5a54700 1 --2- >> [v2:172.21.15.136:3300/0,v1:172.21.15.136:6789/0] conn(0x7fb3b0107b80 0x7fb3b0107fa0 unknown :-1 s=BANNER_CONNECTING pgs=0 cs=0 l=0 rev1=0 crypto rx=0 tx=0 comp rx=0 tx=0)._handle_peer_banner_payload supported=3 required=0
2024-04-26T22:57:23.922 INFO:teuthology.orchestra.run.smithi136.stdout:/usr/bin/ceph: stderr
2024-04-26T22:57:23.012+0000 7fb3b5a54700 1 --2- >> [v2:172.21.15.136:3300/0,v1:172.21.15.136:6789/0] conn(0x7fb3b0107b80 0x7fb3b0107fa0 unknown :-1 s=HELLO_CONNECTING pgs=0 cs=0 l=0 rev1=1 crypto rx=0 tx=0 comp rx=0 tx=0).handle_hello peer v2:172.21.15.136:3300/0 says I am v2:172.21.15.136:52142/0 (socket says 172.21.15.136:52142)
2024-04-26T22:57:23.922 INFO:teuthology.orchestra.run.smithi136.stdout:/usr/bin/ceph: stderr
2024-04-26T22:57:23.012+0000 7fb3b5a54700 1 -- 172.21.15.136:0/1526328973 learned_addr learned my addr 172.21.15.136:0/1526328973 (peer_addr_for_me v2:172.21.15.136:0/0)
2024-04-26T22:57:23.922 INFO:teuthology.orchestra.run.smithi136.stdout:/usr/bin/ceph: stderr
2024-04-26T22:57:23.012+0000 7fb3b5a54700 1 -- 172.21.15.136:0/1526328973 --> [v2:172.21.15.136:3300/0,v1:172.21.15.136:6789/0] -- mon_subscribe({config=0+,monmap=0+}) -- 0x7fb3b0108d80 con 0x7fb3b0107b80
2024-04-26T22:57:23.922 INFO:teuthology.orchestra.run.smithi136.stdout:/usr/bin/ceph: stderr
2024-04-26T22:57:23.012+0000 7fb3b5a54700 1 --2- 172.21.15.136:0/1526328973 >> [v2:172.21.15.136:3300/0,v1:172.21.15.136:6789/0] conn(0x7fb3b0107b80 0x7fb3b0107fa0 secure :-1 s=READY pgs=78 cs=0 l=1 rev1=1 crypto rx=0x7fb3a0009e80 tx=0x7fb3a000b330 comp rx=0 tx=0).ready entity=mon.0 client_cookie=bd7bcc039f31d4b6 server_cookie=0 in_seq=0 out_seq=0
2024-04-26T22:57:23.922 INFO:teuthology.orchestra.run.smithi136.stdout:/usr/bin/ceph: stderr
2024-04-26T22:57:23.012+0000 7fb3b4a52700 1 -- 172.21.15.136:0/1526328973 <== mon.0 v2:172.21.15.136:3300/0 1 ==== mon_map magic: 0 ==== 205+0+0 (secure 0 0 0) 0x7fb3a0017070 con 0x7fb3b0107b80
2024-04-26T22:57:23.923 INFO:teuthology.orchestra.run.smithi136.stdout:/usr/bin/ceph: stderr
2024-04-26T22:57:23.012+0000 7fb3b4a52700 1 -- 172.21.15.136:0/1526328973 <== mon.0 v2:172.21.15.136:3300/0 2 ==== config(26 keys) ==== 1101+0+0 (secure 0 0 0) 0x7fb3a000b8c0 con 0x7fb3b0107b80
2024-04-26T22:57:23.923 INFO:teuthology.orchestra.run.smithi136.stdout:/usr/bin/ceph: stderr
2024-04-26T22:57:23.012+0000 7fb3b4a52700 1 -- 172.21.15.136:0/1526328973 <== mon.0 v2:172.21.15.136:3300/0 3 ==== mon_map magic: 0 ==== 205+0+0 (secure 0 0 0) 0x7fb3a0004490 con 0x7fb3b0107b80
2024-04-26T22:57:23.923 INFO:teuthology.orchestra.run.smithi136.stdout:/usr/bin/ceph: stderr
2024-04-26T22:57:23.013+0000 7fb3b7cb8700 1 -- 172.21.15.136:0/1526328973 >> [v2:172.21.15.136:3300/0,v1:172.21.15.136:6789/0] conn(0x7fb3b0107b80 msgr2=0x7fb3b0107fa0 secure :-1 s=STATE_CONNECTION_ESTABLISHED l=1).mark_down
2024-04-26T22:57:23.923 INFO:teuthology.orchestra.run.smithi136.stdout:/usr/bin/ceph: stderr
2024-04-26T22:57:23.013+0000 7fb3b7cb8700 1 --2- 172.21.15.136:0/1526328973 >> [v2:172.21.15.136:3300/0,v1:172.21.15.136:6789/0] conn(0x7fb3b0107b80 0x7fb3b0107fa0 secure :-1 s=READY pgs=78 cs=0 l=1 rev1=1 crypto rx=0x7fb3a0009e80 tx=0x7fb3a000b330 comp rx=0 tx=0).stop
