2024-04-26T23:35:06.239 INFO:teuthology.orchestra.run.smithi072.stdout:/usr/bin/ceph: stderr
2024-04-26T23:35:04.832+0000 7f6b7b000700 1 -- 172.21.15.72:0/2753667771 >> [v2:172.21.15.72:3300/0,v1:172.21.15.72:6789/0] conn(0x7f6b74108d50 msgr2=0x7f6b74109170 secure :-1 s=STATE_CONNECTION_ESTABLISHED l=1).mark_down
2024-04-26T23:35:06.239 INFO:teuthology.orchestra.run.smithi072.stdout:/usr/bin/ceph: stderr
2024-04-26T23:35:04.832+0000 7f6b7b000700 1 --2- 172.21.15.72:0/2753667771 >> [v2:172.21.15.72:3300/0,v1:172.21.15.72:6789/0] conn(0x7f6b74108d50 0x7f6b74109170 secure :-1 s=READY pgs=74 cs=0 l=1 rev1=1 crypto rx=0x7f6b640098a0 tx=0x7f6b64009bb0 comp rx=0 tx=0).stop
2024-04-26T23:35:06.239 INFO:teuthology.orchestra.run.smithi072.stdout:/usr/bin/ceph: stderr
2024-04-26T23:35:04.832+0000 7f6b7b000700 1 -- 172.21.15.72:0/2753667771 shutdown_connections
2024-04-26T23:35:06.239 INFO:teuthology.orchestra.run.smithi072.stdout:/usr/bin/ceph: stderr
2024-04-26T23:35:04.832+0000 7f6b7b000700 1 --2- 172.21.15.72:0/2753667771 >> [v2:172.21.15.72:3300/0,v1:172.21.15.72:6789/0] conn(0x7f6b74108d50 0x7f6b74109170 unknown :-1 s=CLOSED pgs=74 cs=0 l=1 rev1=1 crypto rx=0 tx=0 comp rx=0 tx=0).stop
2024-04-26T23:35:06.239 INFO:teuthology.orchestra.run.smithi072.stdout:/usr/bin/ceph: stderr
2024-04-26T23:35:04.832+0000 7f6b7b000700 1 -- 172.21.15.72:0/2753667771 >> 172.21.15.72:0/2753667771 conn(0x7f6b741042d0 msgr2=0x7f6b74106730 unknown :-1 s=STATE_NONE l=0).mark_down
2024-04-26T23:35:06.239 INFO:teuthology.orchestra.run.smithi072.stdout:/usr/bin/ceph: stderr
2024-04-26T23:35:04.832+0000 7f6b7b000700 1 -- 172.21.15.72:0/2753667771 shutdown_connections
2024-04-26T23:35:06.240 INFO:teuthology.orchestra.run.smithi072.stdout:/usr/bin/ceph: stderr
2024-04-26T23:35:04.832+0000 7f6b7b000700 1 -- 172.21.15.72:0/2753667771 wait complete.
2024-04-26T23:35:06.240 INFO:teuthology.orchestra.run.smithi072.stdout:/usr/bin/ceph: stderr
2024-04-26T23:35:04.833+0000 7f6b7b000700 1 Processor -- start
2024-04-26T23:35:06.240 INFO:teuthology.orchestra.run.smithi072.stdout:/usr/bin/ceph: stderr
2024-04-26T23:35:04.833+0000 7f6b7b000700 1 -- start start
2024-04-26T23:35:06.240 INFO:teuthology.orchestra.run.smithi072.stdout:/usr/bin/ceph: stderr
2024-04-26T23:35:04.833+0000 7f6b7b000700 1 --2- >> [v2:172.21.15.72:3300/0,v1:172.21.15.72:6789/0] conn(0x7f6b74108d50 0x7f6b7419cc80 unknown :-1 s=NONE pgs=0 cs=0 l=1 rev1=0 crypto rx=0 tx=0 comp rx=0 tx=0).connect
2024-04-26T23:35:06.240 INFO:teuthology.orchestra.run.smithi072.stdout:/usr/bin/ceph: stderr
2024-04-26T23:35:04.833+0000 7f6b7b000700 1 -- --> [v2:172.21.15.72:3300/0,v1:172.21.15.72:6789/0] -- mon_getmap magic: 0 -- 0x7f6b7410d300 con 0x7f6b74108d50
2024-04-26T23:35:06.240 INFO:teuthology.orchestra.run.smithi072.stdout:/usr/bin/ceph: stderr
2024-04-26T23:35:04.834+0000 7f6b73e00700 1 --2- >> [v2:172.21.15.72:3300/0,v1:172.21.15.72:6789/0] conn(0x7f6b74108d50 0x7f6b7419cc80 unknown :-1 s=BANNER_CONNECTING pgs=0 cs=0 l=1 rev1=0 crypto rx=0 tx=0 comp rx=0 tx=0)._handle_peer_banner_payload supported=3 required=0
2024-04-26T23:35:06.240 INFO:teuthology.orchestra.run.smithi072.stdout:/usr/bin/ceph: stderr
2024-04-26T23:35:04.834+0000 7f6b73e00700 1 --2- >> [v2:172.21.15.72:3300/0,v1:172.21.15.72:6789/0] conn(0x7f6b74108d50 0x7f6b7419cc80 unknown :-1 s=HELLO_CONNECTING pgs=0 cs=0 l=1 rev1=1 crypto rx=0 tx=0 comp rx=0 tx=0).handle_hello peer v2:172.21.15.72:3300/0 says I am v2:172.21.15.72:34924/0 (socket says 172.21.15.72:34924)
2024-04-26T23:35:06.240 INFO:teuthology.orchestra.run.smithi072.stdout:/usr/bin/ceph: stderr
2024-04-26T23:35:04.834+0000 7f6b73e00700 1 -- 172.21.15.72:0/247148032 learned_addr learned my addr 172.21.15.72:0/247148032 (peer_addr_for_me v2:172.21.15.72:0/0)
2024-04-26T23:35:06.240 INFO:teuthology.orchestra.run.smithi072.stdout:/usr/bin/ceph: stderr
2024-04-26T23:35:04.834+0000 7f6b73e00700 1 -- 172.21.15.72:0/247148032 --> [v2:172.21.15.72:3300/0,v1:172.21.15.72:6789/0] -- mon_subscribe({config=0+,monmap=0+}) -- 0x7f6b7419d1c0 con 0x7f6b74108d50
2024-04-26T23:35:06.240 INFO:teuthology.orchestra.run.smithi072.stdout:/usr/bin/ceph: stderr
2024-04-26T23:35:04.834+0000 7f6b73e00700 1 --2- 172.21.15.72:0/247148032 >> [v2:172.21.15.72:3300/0,v1:172.21.15.72:6789/0] conn(0x7f6b74108d50 0x7f6b7419cc80 secure :-1 s=READY pgs=75 cs=0 l=1 rev1=1 crypto rx=0x7f6b64000c00 tx=0x7f6b64011aa0 comp rx=0 tx=0).ready entity=mon.0 client_cookie=0 server_cookie=0 in_seq=0 out_seq=0
2024-04-26T23:35:06.240 INFO:teuthology.orchestra.run.smithi072.stdout:/usr/bin/ceph: stderr
2024-04-26T23:35:04.835+0000 7f6b70c00700 1 -- 172.21.15.72:0/247148032 <== mon.0 v2:172.21.15.72:3300/0 1 ==== mon_map magic: 0 ==== 205+0+0 (secure 0 0 0) 0x7f6b64003aa0 con 0x7f6b74108d50
2024-04-26T23:35:06.240 INFO:teuthology.orchestra.run.smithi072.stdout:/usr/bin/ceph: stderr
2024-04-26T23:35:04.835+0000 7f6b70c00700 1 -- 172.21.15.72:0/247148032 <== mon.0 v2:172.21.15.72:3300/0 2 ==== config(26 keys) ==== 1101+0+0 (secure 0 0 0) 0x7f6b6401b8f0 con 0x7f6b74108d50
2024-04-26T23:35:06.240 INFO:teuthology.orchestra.run.smithi072.stdout:/usr/bin/ceph: stderr
2024-04-26T23:35:04.835+0000 7f6b70c00700 1 -- 172.21.15.72:0/247148032 <== mon.0 v2:172.21.15.72:3300/0 3 ==== mon_map magic: 0 ==== 205+0+0 (secure 0 0 0) 0x7f6b64023890 con 0x7f6b74108d50
2024-04-26T23:35:06.240 INFO:teuthology.orchestra.run.smithi072.stdout:/usr/bin/ceph: stderr
2024-04-26T23:35:04.835+0000 7f6b7b000700 1 -- 172.21.15.72:0/247148032 --> [v2:172.21.15.72:3300/0,v1:172.21.15.72:6789/0] -- mon_subscribe({mgrmap=0+}) -- 0x7f6b7419d450 con 0x7f6b74108d50
2024-04-26T23:35:06.240 INFO:teuthology.orchestra.run.smithi072.stdout:/usr/bin/ceph: stderr
2024-04-26T23:35:04.835+0000 7f6b7b000700 1 -- 172.21.15.72:0/247148032 --> [v2:172.21.15.72:3300/0,v1:172.21.15.72:6789/0] -- mon_subscribe({osdmap=0}) -- 0x7f6b741a0140 con 0x7f6b74108d50
2024-04-26T23:35:06.241 INFO:teuthology.orchestra.run.smithi072.stdout:/usr/bin/ceph: stderr
2024-04-26T23:35:04.836+0000 7f6b70c00700 1 -- 172.21.15.72:0/247148032 <== mon.0 v2:172.21.15.72:3300/0 4 ==== mgrmap(e 13) ==== 46614+0+0 (secure 0 0 0) 0x7f6b6401b440 con 0x7f6b74108d50
2024-04-26T23:35:06.241 INFO:teuthology.orchestra.run.smithi072.stdout:/usr/bin/ceph: stderr
2024-04-26T23:35:04.836+0000 7f6b7b000700 1 -- 172.21.15.72:0/247148032 --> [v2:172.21.15.72:3300/0,v1:172.21.15.72:6789/0] -- mon_command({"prefix": "get_command_descriptions"} v 0) -- 0x7f6b74064a80 con 0x7f6b74108d50
2024-04-26T23:35:06.241 INFO:teuthology.orchestra.run.smithi072.stdout:/usr/bin/ceph: stderr
2024-04-26T23:35:04.837+0000 7f6b70c00700 1 --2- 172.21.15.72:0/247148032 >> [v2:172.21.15.72:6800/4281177709,v1:172.21.15.72:6801/4281177709] conn(0x7f6b58039700 0x7f6b5803bbc0 unknown :-1 s=NONE pgs=0 cs=0 l=1 rev1=0 crypto rx=0 tx=0 comp rx=0 tx=0).connect
2024-04-26T23:35:06.241 INFO:teuthology.orchestra.run.smithi072.stdout:/usr/bin/ceph: stderr
2024-04-26T23:35:04.837+0000 7f6b70c00700 1 -- 172.21.15.72:0/247148032 <== mon.0 v2:172.21.15.72:3300/0 5 ==== osd_map(3..3 src has 1..3) ==== 1155+0+0 (secure 0 0 0) 0x7f6b6404e100 con 0x7f6b74108d50
2024-04-26T23:35:06.241 INFO:teuthology.orchestra.run.smithi072.stdout:/usr/bin/ceph: stderr
2024-04-26T23:35:04.837+0000 7f6b73400700 1 --2- 172.21.15.72:0/247148032 >> [v2:172.21.15.72:6800/4281177709,v1:172.21.15.72:6801/4281177709] conn(0x7f6b58039700 0x7f6b5803bbc0 unknown :-1 s=BANNER_CONNECTING pgs=0 cs=0 l=1 rev1=0 crypto rx=0 tx=0 comp rx=0 tx=0)._handle_peer_banner_payload supported=3 required=0
2024-04-26T23:35:06.241 INFO:teuthology.orchestra.run.smithi072.stdout:/usr/bin/ceph: stderr
2024-04-26T23:35:04.837+0000 7f6b73400700 1 --2- 172.21.15.72:0/247148032 >> [v2:172.21.15.72:6800/4281177709,v1:172.21.15.72:6801/4281177709] conn(0x7f6b58039700 0x7f6b5803bbc0 secure :-1 s=READY pgs=9 cs=0 l=1 rev1=1 crypto rx=0x7f6b60006fd0 tx=0x7f6b60006e40 comp rx=0 tx=0).ready entity=mgr.14152 client_cookie=0 server_cookie=0 in_seq=0 out_seq=0
2024-04-26T23:35:06.241 INFO:teuthology.orchestra.run.smithi072.stdout:/usr/bin/ceph: stderr
2024-04-26T23:35:04.842+0000 7f6b70c00700 1 -- 172.21.15.72:0/247148032 <== mon.0 v2:172.21.15.72:3300/0 6 ==== mon_command_ack([{"prefix": "get_command_descriptions"}]=0 v0) ==== 72+0+188494 (secure 0 0 0) 0x7f6b6401f030 con 0x7f6b74108d50
2024-04-26T23:35:06.241 INFO:teuthology.orchestra.run.smithi072.stdout:/usr/bin/ceph: stderr
2024-04-26T23:35:05.069+0000 7f6b7b000700 1 -- 172.21.15.72:0/247148032 --> [v2:172.21.15.72:3300/0,v1:172.21.15.72:6789/0] -- mon_command({"prefix": "config get", "who": "mgr", "key": "mgr/dashboard/ssl_server_port"} v 0) -- 0x7f6b741a0730 con 0x7f6b74108d50
2024-04-26T23:35:06.241 INFO:teuthology.orchestra.run.smithi072.stdout:/usr/bin/ceph: stderr
2024-04-26T23:35:05.069+0000 7f6b70c00700 1 -- 172.21.15.72:0/247148032 <== mon.0 v2:172.21.15.72:3300/0 7 ==== mon_command_ack([{"prefix": "config get", "who": "mgr", "key": "mgr/dashboard/ssl_server_port"}]=0 v8) ==== 112+0+5 (secure 0 0 0) 0x7f6b640189e0 con 0x7f6b74108d50
2024-04-26T23:35:06.241 INFO:teuthology.orchestra.run.smithi072.stdout:/usr/bin/ceph: stderr
2024-04-26T23:35:05.072+0000 7f6b7b000700 1 -- 172.21.15.72:0/247148032 >> [v2:172.21.15.72:6800/4281177709,v1:172.21.15.72:6801/4281177709] conn(0x7f6b58039700 msgr2=0x7f6b5803bbc0 secure :-1 s=STATE_CONNECTION_ESTABLISHED l=1).mark_down
2024-04-26T23:35:06.241 INFO:teuthology.orchestra.run.smithi072.stdout:/usr/bin/ceph: stderr
2024-04-26T23:35:05.072+0000 7f6b7b000700 1 --2- 172.21.15.72:0/247148032 >> [v2:172.21.15.72:6800/4281177709,v1:172.21.15.72:6801/4281177709] conn(0x7f6b58039700 0x7f6b5803bbc0 secure :-1 s=READY pgs=9 cs=0 l=1 rev1=1 crypto rx=0x7f6b60006fd0 tx=0x7f6b60006e40 comp rx=0 tx=0).stop
2024-04-26T23:35:06.241 INFO:teuthology.orchestra.run.smithi072.stdout:/usr/bin/ceph: stderr
2024-04-26T23:35:05.072+0000 7f6b7b000700 1 -- 172.21.15.72:0/247148032 >> [v2:172.21.15.72:3300/0,v1:172.21.15.72:6789/0] conn(0x7f6b74108d50 msgr2=0x7f6b7419cc80 secure :-1 s=STATE_CONNECTION_ESTABLISHED l=1).mark_down
2024-04-26T23:35:06.241 INFO:teuthology.orchestra.run.smithi072.stdout:/usr/bin/ceph: stderr
2024-04-26T23:35:05.072+0000 7f6b7b000700 1 --2- 172.21.15.72:0/247148032 >> [v2:172.21.15.72:3300/0,v1:172.21.15.72:6789/0] conn(0x7f6b74108d50 0x7f6b7419cc80 secure :-1 s=READY pgs=75 cs=0 l=1 rev1=1 crypto rx=0x7f6b64000c00 tx=0x7f6b64011aa0 comp rx=0 tx=0).stop
2024-04-26T23:35:06.242 INFO:teuthology.orchestra.run.smithi072.stdout:/usr/bin/ceph: stderr
2024-04-26T23:35:05.072+0000 7f6b7b000700 1 -- 172.21.15.72:0/247148032 shutdown_connections
2024-04-26T23:35:06.242 INFO:teuthology.orchestra.run.smithi072.stdout:/usr/bin/ceph: stderr
2024-04-26T23:35:05.072+0000 7f6b7b000700 1 --2- 172.21.15.72:0/247148032 >> [v2:172.21.15.72:6800/4281177709,v1:172.21.15.72:6801/4281177709] conn(0x7f6b58039700 0x7f6b5803bbc0 unknown :-1 s=CLOSED pgs=9 cs=0 l=1 rev1=1 crypto rx=0 tx=0 comp rx=0 tx=0).stop
2024-04-26T23:35:06.242 INFO:teuthology.orchestra.run.smithi072.stdout:/usr/bin/ceph: stderr
2024-04-26T23:35:05.072+0000 7f6b7b000700 1 --2- 172.21.15.72:0/247148032 >> [v2:172.21.15.72:3300/0,v1:172.21.15.72:6789/0] conn(0x7f6b74108d50 0x7f6b7419cc80 unknown :-1 s=CLOSED pgs=75 cs=0 l=1 rev1=1 crypto rx=0 tx=0 comp rx=0 tx=0).stop
2024-04-26T23:35:06.242 INFO:teuthology.orchestra.run.smithi072.stdout:/usr/bin/ceph: stderr
2024-04-26T23:35:05.072+0000 7f6b7b000700 1 -- 172.21.15.72:0/247148032 >> 172.21.15.72:0/247148032 conn(0x7f6b741042d0 msgr2=0x7f6b74104db0 unknown :-1 s=STATE_NONE l=0).mark_down
2024-04-26T23:35:06.242 INFO:teuthology.orchestra.run.smithi072.stdout:/usr/bin/ceph: stderr
2024-04-26T23:35:05.073+0000 7f6b7b000700 1 -- 172.21.15.72:0/247148032 shutdown_connections
2024-04-26T23:35:06.242 INFO:teuthology.orchestra.run.smithi072.stdout:/usr/bin/ceph: stderr
2024-04-26T23:35:05.073+0000 7f6b7b000700 1 -- 172.21.15.72:0/247148032 wait complete.
2024-04-26T23:35:06.263 INFO:teuthology.orchestra.run.smithi072.stdout:Non-zero exit code 1 from systemctl is-enabled firewalld.service
2024-04-26T23:35:06.263 INFO:teuthology.orchestra.run.smithi072.stdout:systemctl: stdout disabled
2024-04-26T23:35:06.287 INFO:teuthology.orchestra.run.smithi072.stdout:Non-zero exit code 3 from systemctl is-active firewalld.service
2024-04-26T23:35:06.287 INFO:teuthology.orchestra.run.smithi072.stdout:systemctl: stdout inactive
2024-04-26T23:35:06.288 INFO:teuthology.orchestra.run.smithi072.stdout:firewalld.service is not enabled
2024-04-26T23:35:06.288 INFO:teuthology.orchestra.run.smithi072.stdout:Not possible to open ports <[8443]>. firewalld.service is not available
2024-04-26T23:35:06.295 INFO:teuthology.orchestra.run.smithi072.stdout:Ceph Dashboard is now available at:
2024-04-26T23:35:06.295 INFO:teuthology.orchestra.run.smithi072.stdout:
2024-04-26T23:35:06.295 INFO:teuthology.orchestra.run.smithi072.stdout: URL: https://smithi072.front.sepia.ceph.com:8443/
2024-04-26T23:35:06.295 INFO:teuthology.orchestra.run.smithi072.stdout: User: admin
2024-04-26T23:35:06.296 INFO:teuthology.orchestra.run.smithi072.stdout: Password: cftp3azlpf
2024-04-26T23:35:06.296 INFO:teuthology.orchestra.run.smithi072.stdout:
2024-04-26T23:35:06.296 INFO:teuthology.orchestra.run.smithi072.stdout:Saving cluster configuration to /var/lib/ceph/3c8453ae-0425-11ef-bc93-c7b262605968/config directory
2024-04-26T23:35:06.299 INFO:teuthology.orchestra.run.smithi072.stdout:Enabling autotune for osd_memory_target
2024-04-26T23:35:08.321 INFO:teuthology.orchestra.run.smithi072.stdout:/usr/bin/ceph: stderr
2024-04-26T23:35:07.408+0000 7f809f600700 1 Processor -- start
2024-04-26T23:35:08.321 INFO:teuthology.orchestra.run.smithi072.stdout:/usr/bin/ceph: stderr
2024-04-26T23:35:07.408+0000 7f809f600700 1 -- start start
2024-04-26T23:35:08.321 INFO:teuthology.orchestra.run.smithi072.stdout:/usr/bin/ceph: stderr
2024-04-26T23:35:07.408+0000 7f809f600700 1 --2- >> [v2:172.21.15.72:3300/0,v1:172.21.15.72:6789/0] conn(0x7f8098082dd0 0x7f80980831f0 unknown :-1 s=NONE pgs=0 cs=0 l=0 rev1=0 crypto rx=0 tx=0 comp rx=0 tx=0).connect
2024-04-26T23:35:08.321 INFO:teuthology.orchestra.run.smithi072.stdout:/usr/bin/ceph: stderr
2024-04-26T23:35:07.408+0000 7f809f600700 1 -- --> [v2:172.21.15.72:3300/0,v1:172.21.15.72:6789/0] -- mon_getmap magic: 0 -- 0x7f80980837c0 con 0x7f8098082dd0
2024-04-26T23:35:08.321 INFO:teuthology.orchestra.run.smithi072.stdout:/usr/bin/ceph: stderr
2024-04-26T23:35:07.408+0000 7f809cc00700 1 --2- >> [v2:172.21.15.72:3300/0,v1:172.21.15.72:6789/0] conn(0x7f8098082dd0 0x7f80980831f0 unknown :-1 s=BANNER_CONNECTING pgs=0 cs=0 l=0 rev1=0 crypto rx=0 tx=0 comp rx=0 tx=0)._handle_peer_banner_payload supported=3 required=0
2024-04-26T23:35:08.321 INFO:teuthology.orchestra.run.smithi072.stdout:/usr/bin/ceph: stderr
2024-04-26T23:35:07.408+0000 7f809cc00700 1 --2- >> [v2:172.21.15.72:3300/0,v1:172.21.15.72:6789/0] conn(0x7f8098082dd0 0x7f80980831f0 unknown :-1 s=HELLO_CONNECTING pgs=0 cs=0 l=0 rev1=1 crypto rx=0 tx=0 comp rx=0 tx=0).handle_hello peer v2:172.21.15.72:3300/0 says I am v2:172.21.15.72:36006/0 (socket says 172.21.15.72:36006)
2024-04-26T23:35:08.322 INFO:teuthology.orchestra.run.smithi072.stdout:/usr/bin/ceph: stderr
2024-04-26T23:35:07.408+0000 7f809cc00700 1 -- 172.21.15.72:0/2812585598 learned_addr learned my addr 172.21.15.72:0/2812585598 (peer_addr_for_me v2:172.21.15.72:0/0)
2024-04-26T23:35:08.322 INFO:teuthology.orchestra.run.smithi072.stdout:/usr/bin/ceph: stderr
2024-04-26T23:35:07.409+0000 7f809cc00700 1 -- 172.21.15.72:0/2812585598 --> [v2:172.21.15.72:3300/0,v1:172.21.15.72:6789/0] -- mon_subscribe({config=0+,monmap=0+}) -- 0x7f8098110550 con 0x7f8098082dd0
2024-04-26T23:35:08.322 INFO:teuthology.orchestra.run.smithi072.stdout:/usr/bin/ceph: stderr
2024-04-26T23:35:07.409+0000 7f809cc00700 1 --2- 172.21.15.72:0/2812585598 >> [v2:172.21.15.72:3300/0,v1:172.21.15.72:6789/0] conn(0x7f8098082dd0 0x7f80980831f0 secure :-1 s=READY pgs=76 cs=0 l=1 rev1=1 crypto rx=0x7f80880098a0 tx=0x7f8088009bb0 comp rx=0 tx=0).ready entity=mon.0 client_cookie=ee4203f0a71e023 server_cookie=0 in_seq=0 out_seq=0
2024-04-26T23:35:08.322 INFO:teuthology.orchestra.run.smithi072.stdout:/usr/bin/ceph: stderr
2024-04-26T23:35:07.409+0000 7f8097e00700 1 -- 172.21.15.72:0/2812585598 <== mon.0 v2:172.21.15.72:3300/0 1 ==== mon_map magic: 0 ==== 205+0+0 (secure 0 0 0) 0x7f8088004160 con 0x7f8098082dd0
2024-04-26T23:35:08.322 INFO:teuthology.orchestra.run.smithi072.stdout:/usr/bin/ceph: stderr
2024-04-26T23:35:07.410+0000 7f8097e00700 1 -- 172.21.15.72:0/2812585598 <== mon.0 v2:172.21.15.72:3300/0 2 ==== config(26 keys) ==== 1101+0+0 (secure 0 0 0) 0x7f8088004300 con 0x7f8098082dd0
2024-04-26T23:35:08.322 INFO:teuthology.orchestra.run.smithi072.stdout:/usr/bin/ceph: stderr
2024-04-26T23:35:07.410+0000 7f8097e00700 1 -- 172.21.15.72:0/2812585598 <== mon.0 v2:172.21.15.72:3300/0 3 ==== mon_map magic: 0 ==== 205+0+0 (secure 0 0 0) 0x7f8088011a20 con 0x7f8098082dd0
2024-04-26T23:35:08.322 INFO:teuthology.orchestra.run.smithi072.stdout:/usr/bin/ceph: stderr
2024-04-26T23:35:07.410+0000 7f809f600700 1 -- 172.21.15.72:0/2812585598 >> [v2:172.21.15.72:3300/0,v1:172.21.15.72:6789/0] conn(0x7f8098082dd0 msgr2=0x7f80980831f0 secure :-1 s=STATE_CONNECTION_ESTABLISHED l=1).mark_down
2024-04-26T23:35:08.322 INFO:teuthology.orchestra.run.smithi072.stdout:/usr/bin/ceph: stderr
2024-04-26T23:35:07.410+0000 7f809f600700 1 --2- 172.21.15.72:0/2812585598 >> [v2:172.21.15.72:3300/0,v1:172.21.15.72:6789/0] conn(0x7f8098082dd0 0x7f80980831f0 secure :-1 s=READY pgs=76 cs=0 l=1 rev1=1 crypto rx=0x7f80880098a0 tx=0x7f8088009bb0 comp rx=0 tx=0).stop
2024-04-26T23:35:08.326 INFO:teuthology.orchestra.run.smithi072.stdout:/usr/bin/ceph: stderr
2024-04-26T23:35:07.410+0000 7f809f600700 1 -- 172.21.15.72:0/2812585598 shutdown_connections
2024-04-26T23:35:08.326 INFO:teuthology.orchestra.run.smithi072.stdout:/usr/bin/ceph: stderr
2024-04-26T23:35:07.410+0000 7f809f600700 1 --2- 172.21.15.72:0/2812585598 >> [v2:172.21.15.72:3300/0,v1:172.21.15.72:6789/0] conn(0x7f8098082dd0 0x7f80980831f0 unknown :-1 s=CLOSED pgs=76 cs=0 l=1 rev1=1 crypto rx=0 tx=0 comp rx=0 tx=0).stop
2024-04-26T23:35:08.326 INFO:teuthology.orchestra.run.smithi072.stdout:/usr/bin/ceph: stderr
2024-04-26T23:35:07.410+0000 7f809f600700 1 -- 172.21.15.72:0/2812585598 >> 172.21.15.72:0/2812585598 conn(0x7f809807e390 msgr2=0x7f80980807b0 unknown :-1 s=STATE_NONE l=0).mark_down
2024-04-26T23:35:08.326 INFO:teuthology.orchestra.run.smithi072.stdout:/usr/bin/ceph: stderr
2024-04-26T23:35:07.410+0000 7f809f600700 1 -- 172.21.15.72:0/2812585598 shutdown_connections
2024-04-26T23:35:08.326 INFO:teuthology.orchestra.run.smithi072.stdout:/usr/bin/ceph: stderr
2024-04-26T23:35:07.410+0000 7f809f600700 1 -- 172.21.15.72:0/2812585598 wait complete.
2024-04-26T23:35:08.326 INFO:teuthology.orchestra.run.smithi072.stdout:/usr/bin/ceph: stderr
2024-04-26T23:35:07.411+0000 7f809f600700 1 Processor -- start
2024-04-26T23:35:08.326 INFO:teuthology.orchestra.run.smithi072.stdout:/usr/bin/ceph: stderr
2024-04-26T23:35:07.412+0000 7f809f600700 1 -- start start
2024-04-26T23:35:08.326 INFO:teuthology.orchestra.run.smithi072.stdout:/usr/bin/ceph: stderr
2024-04-26T23:35:07.412+0000 7f809f600700 1 --2- >> [v2:172.21.15.72:3300/0,v1:172.21.15.72:6789/0] conn(0x7f8098082dd0 0x7f80981a32a0 unknown :-1 s=NONE pgs=0 cs=0 l=1 rev1=0 crypto rx=0 tx=0 comp rx=0 tx=0).connect
2024-04-26T23:35:08.327 INFO:teuthology.orchestra.run.smithi072.stdout:/usr/bin/ceph: stderr
2024-04-26T23:35:07.412+0000 7f809f600700 1 -- --> [v2:172.21.15.72:3300/0,v1:172.21.15.72:6789/0] -- mon_getmap magic: 0 -- 0x7f8098113900 con 0x7f8098082dd0
2024-04-26T23:35:08.327 INFO:teuthology.orchestra.run.smithi072.stdout:/usr/bin/ceph: stderr
2024-04-26T23:35:07.412+0000 7f809cc00700 1 --2- >> [v2:172.21.15.72:3300/0,v1:172.21.15.72:6789/0] conn(0x7f8098082dd0 0x7f80981a32a0 unknown :-1 s=BANNER_CONNECTING pgs=0 cs=0 l=1 rev1=0 crypto rx=0 tx=0 comp rx=0 tx=0)._handle_peer_banner_payload supported=3 required=0
2024-04-26T23:35:08.327 INFO:teuthology.orchestra.run.smithi072.stdout:/usr/bin/ceph: stderr
2024-04-26T23:35:07.412+0000 7f809cc00700 1 --2- >> [v2:172.21.15.72:3300/0,v1:172.21.15.72:6789/0] conn(0x7f8098082dd0 0x7f80981a32a0 unknown :-1 s=HELLO_CONNECTING pgs=0 cs=0 l=1 rev1=1 crypto rx=0 tx=0 comp rx=0 tx=0).handle_hello peer v2:172.21.15.72:3300/0 says I am v2:172.21.15.72:36016/0 (socket says 172.21.15.72:36016)
2024-04-26T23:35:08.327 INFO:teuthology.orchestra.run.smithi072.stdout:/usr/bin/ceph: stderr
2024-04-26T23:35:07.412+0000 7f809cc00700 1 -- 172.21.15.72:0/1382593724 learned_addr learned my addr 172.21.15.72:0/1382593724 (peer_addr_for_me v2:172.21.15.72:0/0)
2024-04-26T23:35:08.327 INFO:teuthology.orchestra.run.smithi072.stdout:/usr/bin/ceph: stderr
2024-04-26T23:35:07.413+0000 7f809cc00700 1 -- 172.21.15.72:0/1382593724 --> [v2:172.21.15.72:3300/0,v1:172.21.15.72:6789/0] -- mon_subscribe({config=0+,monmap=0+}) -- 0x7f80981a37e0 con 0x7f8098082dd0
2024-04-26T23:35:08.327 INFO:teuthology.orchestra.run.smithi072.stdout:/usr/bin/ceph: stderr
2024-04-26T23:35:07.413+0000 7f809cc00700 1 --2- 172.21.15.72:0/1382593724 >> [v2:172.21.15.72:3300/0,v1:172.21.15.72:6789/0] conn(0x7f8098082dd0 0x7f80981a32a0 secure :-1 s=READY pgs=77 cs=0 l=1 rev1=1 crypto rx=0x7f80880119f0 tx=0x7f8088011ad0 comp rx=0 tx=0).ready entity=mon.0 client_cookie=0 server_cookie=0 in_seq=0 out_seq=0
2024-04-26T23:35:08.327 INFO:teuthology.orchestra.run.smithi072.stdout:/usr/bin/ceph: stderr
2024-04-26T23:35:07.413+0000 7f8096000700 1 -- 172.21.15.72:0/1382593724 <== mon.0 v2:172.21.15.72:3300/0 1 ==== mon_map magic: 0 ==== 205+0+0 (secure 0 0 0) 0x7f80880039e0 con 0x7f8098082dd0
2024-04-26T23:35:08.327 INFO:teuthology.orchestra.run.smithi072.stdout:/usr/bin/ceph: stderr
2024-04-26T23:35:07.413+0000 7f8096000700 1 -- 172.21.15.72:0/1382593724 <== mon.0 v2:172.21.15.72:3300/0 2 ==== config(26 keys) ==== 1101+0+0 (secure 0 0 0) 0x7f808801b8f0 con 0x7f8098082dd0
2024-04-26T23:35:08.327 INFO:teuthology.orchestra.run.smithi072.stdout:/usr/bin/ceph: stderr
2024-04-26T23:35:07.413+0000 7f809f600700 1 -- 172.21.15.72:0/1382593724 --> [v2:172.21.15.72:3300/0,v1:172.21.15.72:6789/0] -- mon_subscribe({mgrmap=0+}) -- 0x7f80981a3a70 con 0x7f8098082dd0
2024-04-26T23:35:08.327 INFO:teuthology.orchestra.run.smithi072.stdout:/usr/bin/ceph: stderr
2024-04-26T23:35:07.413+0000 7f8096000700 1 -- 172.21.15.72:0/1382593724 <== mon.0 v2:172.21.15.72:3300/0 3 ==== mon_map magic: 0 ==== 205+0+0 (secure 0 0 0) 0x7f80880237a0 con 0x7f8098082dd0
2024-04-26T23:35:08.327 INFO:teuthology.orchestra.run.smithi072.stdout:/usr/bin/ceph: stderr
2024-04-26T23:35:07.413+0000 7f809f600700 1 -- 172.21.15.72:0/1382593724 --> [v2:172.21.15.72:3300/0,v1:172.21.15.72:6789/0] -- mon_subscribe({osdmap=0}) -- 0x7f80981a6760 con 0x7f8098082dd0
2024-04-26T23:35:08.327 INFO:teuthology.orchestra.run.smithi072.stdout:/usr/bin/ceph: stderr
2024-04-26T23:35:07.414+0000 7f8096000700 1 -- 172.21.15.72:0/1382593724 <== mon.0 v2:172.21.15.72:3300/0 4 ==== mgrmap(e 13) ==== 46614+0+0 (secure 0 0 0) 0x7f8088023a50 con 0x7f8098082dd0
2024-04-26T23:35:08.327 INFO:teuthology.orchestra.run.smithi072.stdout:/usr/bin/ceph: stderr
2024-04-26T23:35:07.414+0000 7f809f600700 1 -- 172.21.15.72:0/1382593724 --> [v2:172.21.15.72:3300/0,v1:172.21.15.72:6789/0] -- mon_command({"prefix": "get_command_descriptions"} v 0) -- 0x7f8098064a80 con 0x7f8098082dd0
2024-04-26T23:35:08.328 INFO:teuthology.orchestra.run.smithi072.stdout:/usr/bin/ceph: stderr
2024-04-26T23:35:07.415+0000 7f8096000700 1 --2- 172.21.15.72:0/1382593724 >> [v2:172.21.15.72:6800/4281177709,v1:172.21.15.72:6801/4281177709] conn(0x7f807c0396b0 0x7f807c03bb70 unknown :-1 s=NONE pgs=0 cs=0 l=1 rev1=0 crypto rx=0 tx=0 comp rx=0 tx=0).connect
2024-04-26T23:35:08.328 INFO:teuthology.orchestra.run.smithi072.stdout:/usr/bin/ceph: stderr
2024-04-26T23:35:07.415+0000 7f8096000700 1 -- 172.21.15.72:0/1382593724 <== mon.0 v2:172.21.15.72:3300/0 5 ==== osd_map(3..3 src has 1..3) ==== 1155+0+0 (secure 0 0 0) 0x7f808804e0d0 con 0x7f8098082dd0
2024-04-26T23:35:08.328 INFO:teuthology.orchestra.run.smithi072.stdout:/usr/bin/ceph: stderr
2024-04-26T23:35:07.415+0000 7f808fe00700 1 --2- 172.21.15.72:0/1382593724 >> [v2:172.21.15.72:6800/4281177709,v1:172.21.15.72:6801/4281177709] conn(0x7f807c0396b0 0x7f807c03bb70 unknown :-1 s=BANNER_CONNECTING pgs=0 cs=0 l=1 rev1=0 crypto rx=0 tx=0 comp rx=0 tx=0)._handle_peer_banner_payload supported=3 required=0
2024-04-26T23:35:08.328 INFO:teuthology.orchestra.run.smithi072.stdout:/usr/bin/ceph: stderr
2024-04-26T23:35:07.416+0000 7f808fe00700 1 --2- 172.21.15.72:0/1382593724 >> [v2:172.21.15.72:6800/4281177709,v1:172.21.15.72:6801/4281177709] conn(0x7f807c0396b0 0x7f807c03bb70 secure :-1 s=READY pgs=10 cs=0 l=1 rev1=1 crypto rx=0x7f8080006fd0 tx=0x7f8080006e40 comp rx=0 tx=0).ready entity=mgr.14152 client_cookie=0 server_cookie=0 in_seq=0 out_seq=0
2024-04-26T23:35:08.328 INFO:teuthology.orchestra.run.smithi072.stdout:/usr/bin/ceph: stderr
2024-04-26T23:35:07.420+0000 7f8096000700 1 -- 172.21.15.72:0/1382593724 <== mon.0 v2:172.21.15.72:3300/0 6 ==== mon_command_ack([{"prefix": "get_command_descriptions"}]=0 v0) ==== 72+0+188494 (secure 0 0 0) 0x7f808801f030 con 0x7f8098082dd0
2024-04-26T23:35:08.328 INFO:teuthology.orchestra.run.smithi072.stdout:/usr/bin/ceph: stderr
2024-04-26T23:35:07.645+0000 7f809f600700 1 -- 172.21.15.72:0/1382593724 --> [v2:172.21.15.72:3300/0,v1:172.21.15.72:6789/0] -- mon_command([{prefix=config set, name=osd_memory_target_autotune}] v 0) -- 0x7f80981a6d80 con 0x7f8098082dd0
2024-04-26T23:35:08.328 INFO:teuthology.orchestra.run.smithi072.stdout:/usr/bin/ceph: stderr
2024-04-26T23:35:07.646+0000 7f8096000700 1 -- 172.21.15.72:0/1382593724 <== mon.0 v2:172.21.15.72:3300/0 7 ==== mon_command_ack([{prefix=config set, name=osd_memory_target_autotune}]=0 v8)=0 v8) ==== 127+0+0 (secure 0 0 0) 0x7f8088018c10 con 0x7f8098082dd0
2024-04-26T23:35:08.328 INFO:teuthology.orchestra.run.smithi072.stdout:/usr/bin/ceph: stderr
2024-04-26T23:35:07.649+0000 7f809f600700 1 -- 172.21.15.72:0/1382593724 >> [v2:172.21.15.72:6800/4281177709,v1:172.21.15.72:6801/4281177709] conn(0x7f807c0396b0 msgr2=0x7f807c03bb70 secure :-1 s=STATE_CONNECTION_ESTABLISHED l=1).mark_down
2024-04-26T23:35:08.328 INFO:teuthology.orchestra.run.smithi072.stdout:/usr/bin/ceph: stderr
2024-04-26T23:35:07.649+0000 7f809f600700 1 --2- 172.21.15.72:0/1382593724 >> [v2:172.21.15.72:6800/4281177709,v1:172.21.15.72:6801/4281177709] conn(0x7f807c0396b0 0x7f807c03bb70 secure :-1 s=READY pgs=10 cs=0 l=1 rev1=1 crypto rx=0x7f8080006fd0 tx=0x7f8080006e40 comp rx=0 tx=0).stop
2024-04-26T23:35:08.328 INFO:teuthology.orchestra.run.smithi072.stdout:/usr/bin/ceph: stderr
2024-04-26T23:35:07.649+0000 7f809f600700 1 -- 172.21.15.72:0/1382593724 >> [v2:172.21.15.72:3300/0,v1:172.21.15.72:6789/0] conn(0x7f8098082dd0 msgr2=0x7f80981a32a0 secure :-1 s=STATE_CONNECTION_ESTABLISHED l=1).mark_down
2024-04-26T23:35:08.328 INFO:teuthology.orchestra.run.smithi072.stdout:/usr/bin/ceph: stderr
2024-04-26T23:35:07.649+0000 7f809f600700 1 --2- 172.21.15.72:0/1382593724 >> [v2:172.21.15.72:3300/0,v1:172.21.15.72:6789/0] conn(0x7f8098082dd0 0x7f80981a32a0 secure :-1 s=READY pgs=77 cs=0 l=1 rev1=1 crypto rx=0x7f80880119f0 tx=0x7f8088011ad0 comp rx=0 tx=0).stop
2024-04-26T23:35:08.328 INFO:teuthology.orchestra.run.smithi072.stdout:/usr/bin/ceph: stderr
2024-04-26T23:35:07.649+0000 7f809f600700 1 -- 172.21.15.72:0/1382593724 shutdown_connections
2024-04-26T23:35:08.328 INFO:teuthology.orchestra.run.smithi072.stdout:/usr/bin/ceph: stderr
2024-04-26T23:35:07.649+0000 7f809f600700 1 --2- 172.21.15.72:0/1382593724 >> [v2:172.21.15.72:6800/4281177709,v1:172.21.15.72:6801/4281177709] conn(0x7f807c0396b0 0x7f807c03bb70 unknown :-1 s=CLOSED pgs=10 cs=0 l=1 rev1=1 crypto rx=0 tx=0 comp rx=0 tx=0).stop
2024-04-26T23:35:08.328 INFO:teuthology.orchestra.run.smithi072.stdout:/usr/bin/ceph: stderr
2024-04-26T23:35:07.649+0000 7f809f600700 1 --2- 172.21.15.72:0/1382593724 >> [v2:172.21.15.72:3300/0,v1:172.21.15.72:6789/0] conn(0x7f8098082dd0 0x7f80981a32a0 unknown :-1 s=CLOSED pgs=77 cs=0 l=1 rev1=1 crypto rx=0 tx=0 comp rx=0 tx=0).stop
2024-04-26T23:35:08.329 INFO:teuthology.orchestra.run.smithi072.stdout:/usr/bin/ceph: stderr
2024-04-26T23:35:07.649+0000 7f809f600700 1 -- 172.21.15.72:0/1382593724 >> 172.21.15.72:0/1382593724 conn(0x7f809807e390 msgr2=0x7f809807eeb0 unknown :-1 s=STATE_NONE l=0).mark_down
2024-04-26T23:35:08.329 INFO:teuthology.orchestra.run.smithi072.stdout:/usr/bin/ceph: stderr
2024-04-26T23:35:07.649+0000 7f809f600700 1 -- 172.21.15.72:0/1382593724 shutdown_connections
2024-04-26T23:35:08.329 INFO:teuthology.orchestra.run.smithi072.stdout:/usr/bin/ceph: stderr
2024-04-26T23:35:07.649+0000 7f809f600700 1 -- 172.21.15.72:0/1382593724 wait complete.
2024-04-26T23:35:10.002 INFO:teuthology.orchestra.run.smithi072.stdout:/usr/bin/ceph: stderr
2024-04-26T23:35:08.975+0000 7fdc9f400700 1 Processor -- start
2024-04-26T23:35:10.002 INFO:teuthology.orchestra.run.smithi072.stdout:/usr/bin/ceph: stderr
2024-04-26T23:35:08.975+0000 7fdc9f400700 1 -- start start
2024-04-26T23:35:10.003 INFO:teuthology.orchestra.run.smithi072.stdout:/usr/bin/ceph: stderr
2024-04-26T23:35:08.976+0000 7fdc9f400700 1 --2- >> [v2:172.21.15.72:3300/0,v1:172.21.15.72:6789/0] conn(0x7fdc98108d70 0x7fdc98109190 unknown :-1 s=NONE pgs=0 cs=0 l=0 rev1=0 crypto rx=0 tx=0 comp rx=0 tx=0).connect
2024-04-26T23:35:10.003 INFO:teuthology.orchestra.run.smithi072.stdout:/usr/bin/ceph: stderr
2024-04-26T23:35:08.976+0000 7fdc9f400700 1 -- --> [v2:172.21.15.72:3300/0,v1:172.21.15.72:6789/0] -- mon_getmap magic: 0 -- 0x7fdc98109760 con 0x7fdc98108d70
2024-04-26T23:35:10.003 INFO:teuthology.orchestra.run.smithi072.stdout:/usr/bin/ceph: stderr
2024-04-26T23:35:08.976+0000 7fdc9ca00700 1 --2- >> [v2:172.21.15.72:3300/0,v1:172.21.15.72:6789/0] conn(0x7fdc98108d70 0x7fdc98109190 unknown :-1 s=BANNER_CONNECTING pgs=0 cs=0 l=0 rev1=0 crypto rx=0 tx=0 comp rx=0 tx=0)._handle_peer_banner_payload supported=3 required=0
2024-04-26T23:35:10.003 INFO:teuthology.orchestra.run.smithi072.stdout:/usr/bin/ceph: stderr
2024-04-26T23:35:08.976+0000 7fdc9ca00700 1 --2- >> [v2:172.21.15.72:3300/0,v1:172.21.15.72:6789/0] conn(0x7fdc98108d70 0x7fdc98109190 unknown :-1 s=HELLO_CONNECTING pgs=0 cs=0 l=0 rev1=1 crypto rx=0 tx=0 comp rx=0 tx=0).handle_hello peer v2:172.21.15.72:3300/0 says I am v2:172.21.15.72:36024/0 (socket says 172.21.15.72:36024)
2024-04-26T23:35:10.003 INFO:teuthology.orchestra.run.smithi072.stdout:/usr/bin/ceph: stderr
2024-04-26T23:35:08.976+0000 7fdc9ca00700 1 -- 172.21.15.72:0/3800979717 learned_addr learned my addr 172.21.15.72:0/3800979717 (peer_addr_for_me v2:172.21.15.72:0/0)
2024-04-26T23:35:10.003 INFO:teuthology.orchestra.run.smithi072.stdout:/usr/bin/ceph: stderr
2024-04-26T23:35:08.977+0000 7fdc9ca00700 1 -- 172.21.15.72:0/3800979717 --> [v2:172.21.15.72:3300/0,v1:172.21.15.72:6789/0] -- mon_subscribe({config=0+,monmap=0+}) -- 0x7fdc98109f70 con 0x7fdc98108d70
2024-04-26T23:35:10.004 INFO:teuthology.orchestra.run.smithi072.stdout:/usr/bin/ceph: stderr
2024-04-26T23:35:08.977+0000 7fdc9ca00700 1 --2- 172.21.15.72:0/3800979717 >> [v2:172.21.15.72:3300/0,v1:172.21.15.72:6789/0] conn(0x7fdc98108d70 0x7fdc98109190 secure :-1 s=READY pgs=78 cs=0 l=1 rev1=1 crypto rx=0x7fdc8c0098a0 tx=0x7fdc8c009bb0 comp rx=0 tx=0).ready entity=mon.0 client_cookie=4c81f7431f1a1771 server_cookie=0 in_seq=0 out_seq=0
2024-04-26T23:35:10.004 INFO:teuthology.orchestra.run.smithi072.stdout:/usr/bin/ceph: stderr
2024-04-26T23:35:08.977+0000 7fdc97400700 1 -- 172.21.15.72:0/3800979717 <== mon.0 v2:172.21.15.72:3300/0 1 ==== mon_map magic: 0 ==== 205+0+0 (secure 0 0 0) 0x7fdc8c004160 con 0x7fdc98108d70
2024-04-26T23:35:10.004 INFO:teuthology.orchestra.run.smithi072.stdout:/usr/bin/ceph: stderr
2024-04-26T23:35:08.977+0000 7fdc97400700 1 -- 172.21.15.72:0/3800979717 <== mon.0 v2:172.21.15.72:3300/0 2 ==== config(26 keys) ==== 1101+0+0 (secure 0 0 0) 0x7fdc8c004300 con 0x7fdc98108d70
2024-04-26T23:35:10.004 INFO:teuthology.orchestra.run.smithi072.stdout:/usr/bin/ceph: stderr
2024-04-26T23:35:08.977+0000 7fdc97400700 1 -- 172.21.15.72:0/3800979717 <== mon.0 v2:172.21.15.72:3300/0 3 ==== mon_map magic: 0 ==== 205+0+0 (secure 0 0 0) 0x7fdc8c011a20 con 0x7fdc98108d70
2024-04-26T23:35:10.004 INFO:teuthology.orchestra.run.smithi072.stdout:/usr/bin/ceph: stderr
2024-04-26T23:35:08.978+0000 7fdc9f400700 1 -- 172.21.15.72:0/3800979717 >> [v2:172.21.15.72:3300/0,v1:172.21.15.72:6789/0] conn(0x7fdc98108d70 msgr2=0x7fdc98109190 secure :-1 s=STATE_CONNECTION_ESTABLISHED l=1).mark_down
2024-04-26T23:35:10.004 INFO:teuthology.orchestra.run.smithi072.stdout:/usr/bin/ceph: stderr
2024-04-26T23:35:08.978+0000 7fdc9f400700 1 --2- 172.21.15.72:0/3800979717 >> [v2:172.21.15.72:3300/0,v1:172.21.15.72:6789/0] conn(0x7fdc98108d70 0x7fdc98109190 secure :-1 s=READY pgs=78 cs=0 l=1 rev1=1 crypto rx=0x7fdc8c0098a0 tx=0x7fdc8c009bb0 comp rx=0 tx=0).stop
2024-04-26T23:35:10.005 INFO:teuthology.orchestra.run.smithi072.stdout:/usr/bin/ceph: stderr
2024-04-26T23:35:08.978+0000 7fdc9f400700 1 -- 172.21.15.72:0/3800979717 shutdown_connections
2024-04-26T23:35:10.005 INFO:teuthology.orchestra.run.smithi072.stdout:/usr/bin/ceph: stderr
2024-04-26T23:35:08.978+0000 7fdc9f400700 1 --2- 172.21.15.72:0/3800979717 >> [v2:172.21.15.72:3300/0,v1:172.21.15.72:6789/0] conn(0x7fdc98108d70 0x7fdc98109190 unknown :-1 s=CLOSED pgs=78 cs=0 l=1 rev1=1 crypto rx=0 tx=0 comp rx=0 tx=0).stop
2024-04-26T23:35:10.005 INFO:teuthology.orchestra.run.smithi072.stdout:/usr/bin/ceph: stderr
2024-04-26T23:35:08.978+0000 7fdc9f400700 1 -- 172.21.15.72:0/3800979717 >> 172.21.15.72:0/3800979717 conn(0x7fdc981042d0 msgr2=0x7fdc98106750 unknown :-1 s=STATE_NONE l=0).mark_down
2024-04-26T23:35:10.005 INFO:teuthology.orchestra.run.smithi072.stdout:/usr/bin/ceph: stderr
2024-04-26T23:35:08.978+0000 7fdc9f400700 1 -- 172.21.15.72:0/3800979717 shutdown_connections
2024-04-26T23:35:10.005 INFO:teuthology.orchestra.run.smithi072.stdout:/usr/bin/ceph: stderr
2024-04-26T23:35:08.978+0000 7fdc9f400700 1 -- 172.21.15.72:0/3800979717 wait complete.
2024-04-26T23:35:10.005 INFO:teuthology.orchestra.run.smithi072.stdout:/usr/bin/ceph: stderr
2024-04-26T23:35:08.979+0000 7fdc9f400700 1 Processor -- start
2024-04-26T23:35:10.006 INFO:teuthology.orchestra.run.smithi072.stdout:/usr/bin/ceph: stderr
2024-04-26T23:35:08.980+0000 7fdc9f400700 1 -- start start
2024-04-26T23:35:10.006 INFO:teuthology.orchestra.run.smithi072.stdout:/usr/bin/ceph: stderr
2024-04-26T23:35:08.980+0000 7fdc9f400700 1 --2- >> [v2:172.21.15.72:3300/0,v1:172.21.15.72:6789/0] conn(0x7fdc98108d70 0x7fdc9819eec0 unknown :-1 s=NONE pgs=0 cs=0 l=1 rev1=0 crypto rx=0 tx=0 comp rx=0 tx=0).connect
2024-04-26T23:35:10.006 INFO:teuthology.orchestra.run.smithi072.stdout:/usr/bin/ceph: stderr
2024-04-26T23:35:08.980+0000 7fdc9f400700 1 -- --> [v2:172.21.15.72:3300/0,v1:172.21.15.72:6789/0] -- mon_getmap magic: 0 -- 0x7fdc9810d320 con 0x7fdc98108d70
2024-04-26T23:35:10.006 INFO:teuthology.orchestra.run.smithi072.stdout:/usr/bin/ceph: stderr
2024-04-26T23:35:08.980+0000 7fdc9ca00700 1 --2- >> [v2:172.21.15.72:3300/0,v1:172.21.15.72:6789/0] conn(0x7fdc98108d70 0x7fdc9819eec0 unknown :-1 s=BANNER_CONNECTING pgs=0 cs=0 l=1 rev1=0 crypto rx=0 tx=0 comp rx=0 tx=0)._handle_peer_banner_payload supported=3 required=0
2024-04-26T23:35:10.006 INFO:teuthology.orchestra.run.smithi072.stdout:/usr/bin/ceph: stderr
2024-04-26T23:35:08.980+0000 7fdc9ca00700 1 --2- >> [v2:172.21.15.72:3300/0,v1:172.21.15.72:6789/0] conn(0x7fdc98108d70 0x7fdc9819eec0 unknown :-1 s=HELLO_CONNECTING pgs=0 cs=0 l=1 rev1=1 crypto rx=0 tx=0 comp rx=0 tx=0).handle_hello peer v2:172.21.15.72:3300/0 says I am v2:172.21.15.72:36026/0 (socket says 172.21.15.72:36026)
2024-04-26T23:35:10.006 INFO:teuthology.orchestra.run.smithi072.stdout:/usr/bin/ceph: stderr
2024-04-26T23:35:08.980+0000 7fdc9ca00700 1 -- 172.21.15.72:0/2548932711 learned_addr learned my addr 172.21.15.72:0/2548932711 (peer_addr_for_me v2:172.21.15.72:0/0)
2024-04-26T23:35:10.007 INFO:teuthology.orchestra.run.smithi072.stdout:/usr/bin/ceph: stderr
2024-04-26T23:35:08.980+0000 7fdc9ca00700 1 -- 172.21.15.72:0/2548932711 --> [v2:172.21.15.72:3300/0,v1:172.21.15.72:6789/0] -- mon_subscribe({config=0+,monmap=0+}) -- 0x7fdc9819f400 con 0x7fdc98108d70
2024-04-26T23:35:10.007 INFO:teuthology.orchestra.run.smithi072.stdout:/usr/bin/ceph: stderr
2024-04-26T23:35:08.981+0000 7fdc9ca00700 1 --2- 172.21.15.72:0/2548932711 >> [v2:172.21.15.72:3300/0,v1:172.21.15.72:6789/0] conn(0x7fdc98108d70 0x7fdc9819eec0 secure :-1 s=READY pgs=79 cs=0 l=1 rev1=1 crypto rx=0x7fdc8c000c00 tx=0x7fdc8c011aa0 comp rx=0 tx=0).ready entity=mon.0 client_cookie=0 server_cookie=0 in_seq=0 out_seq=0
2024-04-26T23:35:10.007 INFO:teuthology.orchestra.run.smithi072.stdout:/usr/bin/ceph: stderr
2024-04-26T23:35:08.981+0000 7fdc95600700 1 -- 172.21.15.72:0/2548932711 <== mon.0 v2:172.21.15.72:3300/0 1 ==== mon_map magic: 0 ==== 205+0+0 (secure 0 0 0) 0x7fdc8c003aa0 con 0x7fdc98108d70
2024-04-26T23:35:10.007 INFO:teuthology.orchestra.run.smithi072.stdout:/usr/bin/ceph: stderr
2024-04-26T23:35:08.981+0000 7fdc95600700 1 -- 172.21.15.72:0/2548932711 <== mon.0 v2:172.21.15.72:3300/0 2 ==== config(26 keys) ==== 1101+0+0 (secure 0 0 0) 0x7fdc8c01b8f0 con 0x7fdc98108d70
2024-04-26T23:35:10.007 INFO:teuthology.orchestra.run.smithi072.stdout:/usr/bin/ceph: stderr
2024-04-26T23:35:08.981+0000 7fdc95600700 1 -- 172.21.15.72:0/2548932711 <== mon.0 v2:172.21.15.72:3300/0 3 ==== mon_map magic: 0 ==== 205+0+0 (secure 0 0 0) 0x7fdc8c023890 con 0x7fdc98108d70
2024-04-26T23:35:10.007 INFO:teuthology.orchestra.run.smithi072.stdout:/usr/bin/ceph: stderr
2024-04-26T23:35:08.981+0000 7fdc9f400700 1 -- 172.21.15.72:0/2548932711 --> [v2:172.21.15.72:3300/0,v1:172.21.15.72:6789/0] -- mon_subscribe({mgrmap=0+}) -- 0x7fdc9819f690 con 0x7fdc98108d70
2024-04-26T23:35:10.008 INFO:teuthology.orchestra.run.smithi072.stdout:/usr/bin/ceph: stderr
2024-04-26T23:35:08.981+0000 7fdc9f400700 1 -- 172.21.15.72:0/2548932711 --> [v2:172.21.15.72:3300/0,v1:172.21.15.72:6789/0] -- mon_subscribe({osdmap=0}) -- 0x7fdc981a2380 con 0x7fdc98108d70
2024-04-26T23:35:10.008 INFO:teuthology.orchestra.run.smithi072.stdout:/usr/bin/ceph: stderr
2024-04-26T23:35:08.982+0000 7fdc95600700 1 -- 172.21.15.72:0/2548932711 <== mon.0 v2:172.21.15.72:3300/0 4 ==== mgrmap(e 13) ==== 46614+0+0 (secure 0 0 0) 0x7fdc8c01b440 con 0x7fdc98108d70
2024-04-26T23:35:10.008 INFO:teuthology.orchestra.run.smithi072.stdout:/usr/bin/ceph: stderr
2024-04-26T23:35:08.982+0000 7fdc9f400700 1 -- 172.21.15.72:0/2548932711 --> [v2:172.21.15.72:3300/0,v1:172.21.15.72:6789/0] -- mon_command({"prefix": "get_command_descriptions"} v 0) -- 0x7fdc98064a80 con 0x7fdc98108d70
2024-04-26T23:35:10.008 INFO:teuthology.orchestra.run.smithi072.stdout:/usr/bin/ceph: stderr
2024-04-26T23:35:08.983+0000 7fdc95600700 1 --2- 172.21.15.72:0/2548932711 >> [v2:172.21.15.72:6800/4281177709,v1:172.21.15.72:6801/4281177709] conn(0x7fdc80039700 0x7fdc8003bbc0 unknown :-1 s=NONE pgs=0 cs=0 l=1 rev1=0 crypto rx=0 tx=0 comp rx=0 tx=0).connect
2024-04-26T23:35:10.008 INFO:teuthology.orchestra.run.smithi072.stdout:/usr/bin/ceph: stderr
2024-04-26T23:35:08.983+0000 7fdc95600700 1 -- 172.21.15.72:0/2548932711 <== mon.0 v2:172.21.15.72:3300/0 5 ==== osd_map(3..3 src has 1..3) ==== 1155+0+0 (secure 0 0 0) 0x7fdc8c04e020 con 0x7fdc98108d70
2024-04-26T23:35:10.008 INFO:teuthology.orchestra.run.smithi072.stdout:/usr/bin/ceph: stderr
2024-04-26T23:35:08.983+0000 7fdc97e00700 1 --2- 172.21.15.72:0/2548932711 >> [v2:172.21.15.72:6800/4281177709,v1:172.21.15.72:6801/4281177709] conn(0x7fdc80039700 0x7fdc8003bbc0 unknown :-1 s=BANNER_CONNECTING pgs=0 cs=0 l=1 rev1=0 crypto rx=0 tx=0 comp rx=0 tx=0)._handle_peer_banner_payload supported=3 required=0
2024-04-26T23:35:10.009 INFO:teuthology.orchestra.run.smithi072.stdout:/usr/bin/ceph: stderr
2024-04-26T23:35:08.984+0000 7fdc97e00700 1 --2- 172.21.15.72:0/2548932711 >> [v2:172.21.15.72:6800/4281177709,v1:172.21.15.72:6801/4281177709] conn(0x7fdc80039700 0x7fdc8003bbc0 secure :-1 s=READY pgs=11 cs=0 l=1 rev1=1 crypto rx=0x7fdc88006fd0 tx=0x7fdc88006e40 comp rx=0 tx=0).ready entity=mgr.14152 client_cookie=0 server_cookie=0 in_seq=0 out_seq=0
2024-04-26T23:35:10.009 INFO:teuthology.orchestra.run.smithi072.stdout:/usr/bin/ceph: stderr
2024-04-26T23:35:08.989+0000 7fdc95600700 1 -- 172.21.15.72:0/2548932711 <== mon.0 v2:172.21.15.72:3300/0 6 ==== mon_command_ack([{"prefix": "get_command_descriptions"}]=0 v0) ==== 72+0+188494 (secure 0 0 0) 0x7fdc8c01f030 con 0x7fdc98108d70
2024-04-26T23:35:10.009 INFO:teuthology.orchestra.run.smithi072.stdout:/usr/bin/ceph: stderr
2024-04-26T23:35:09.328+0000 7fdc9f400700 1 -- 172.21.15.72:0/2548932711 --> [v2:172.21.15.72:3300/0,v1:172.21.15.72:6789/0] -- mon_command([{prefix=config-key set, key=mgr/dashboard/cluster/status}] v 0) -- 0x7fdc981a2970 con 0x7fdc98108d70
2024-04-26T23:35:10.009 INFO:teuthology.orchestra.run.smithi072.stdout:/usr/bin/ceph: stderr
2024-04-26T23:35:09.331+0000 7fdc95600700 1 -- 172.21.15.72:0/2548932711 <== mon.0 v2:172.21.15.72:3300/0 7 ==== mon_command_ack([{prefix=config-key set, key=mgr/dashboard/cluster/status}]=0 set mgr/dashboard/cluster/status v27)=0 set mgr/dashboard/cluster/status v27) ==== 153+0+0 (secure 0 0 0) 0x7fdc8c0185b0 con 0x7fdc98108d70
2024-04-26T23:35:10.009 INFO:teuthology.orchestra.run.smithi072.stdout:/usr/bin/ceph: stderr
2024-04-26T23:35:09.334+0000 7fdc9f400700 1 -- 172.21.15.72:0/2548932711 >> [v2:172.21.15.72:6800/4281177709,v1:172.21.15.72:6801/4281177709] conn(0x7fdc80039700 msgr2=0x7fdc8003bbc0 secure :-1 s=STATE_CONNECTION_ESTABLISHED l=1).mark_down
2024-04-26T23:35:10.009 INFO:teuthology.orchestra.run.smithi072.stdout:/usr/bin/ceph: stderr
2024-04-26T23:35:09.334+0000 7fdc9f400700 1 --2- 172.21.15.72:0/2548932711 >> [v2:172.21.15.72:6800/4281177709,v1:172.21.15.72:6801/4281177709] conn(0x7fdc80039700 0x7fdc8003bbc0 secure :-1 s=READY pgs=11 cs=0 l=1 rev1=1 crypto rx=0x7fdc88006fd0 tx=0x7fdc88006e40 comp rx=0 tx=0).stop
2024-04-26T23:35:10.010 INFO:teuthology.orchestra.run.smithi072.stdout:/usr/bin/ceph: stderr
2024-04-26T23:35:09.335+0000 7fdc9f400700 1 -- 172.21.15.72:0/2548932711 >> [v2:172.21.15.72:3300/0,v1:172.21.15.72:6789/0] conn(0x7fdc98108d70 msgr2=0x7fdc9819eec0 secure :-1 s=STATE_CONNECTION_ESTABLISHED l=1).mark_down
2024-04-26T23:35:10.010 INFO:teuthology.orchestra.run.smithi072.stdout:/usr/bin/ceph: stderr
2024-04-26T23:35:09.335+0000 7fdc9f400700 1 --2- 172.21.15.72:0/2548932711 >> [v2:172.21.15.72:3300/0,v1:172.21.15.72:6789/0] conn(0x7fdc98108d70 0x7fdc9819eec0 secure :-1 s=READY pgs=79 cs=0 l=1 rev1=1 crypto rx=0x7fdc8c000c00 tx=0x7fdc8c011aa0 comp rx=0 tx=0).stop
2024-04-26T23:35:10.010 INFO:teuthology.orchestra.run.smithi072.stdout:/usr/bin/ceph: stderr
2024-04-26T23:35:09.335+0000 7fdc9f400700 1 -- 172.21.15.72:0/2548932711 shutdown_connections
2024-04-26T23:35:10.010 INFO:teuthology.orchestra.run.smithi072.stdout:/usr/bin/ceph: stderr
2024-04-26T23:35:09.335+0000 7fdc9f400700 1 --2- 172.21.15.72:0/2548932711 >> [v2:172.21.15.72:6800/4281177709,v1:172.21.15.72:6801/4281177709] conn(0x7fdc80039700 0x7fdc8003bbc0 unknown :-1 s=CLOSED pgs=11 cs=0 l=1 rev1=1 crypto rx=0 tx=0 comp rx=0 tx=0).stop
2024-04-26T23:35:10.010 INFO:teuthology.orchestra.run.smithi072.stdout:/usr/bin/ceph: stderr
2024-04-26T23:35:09.335+0000 7fdc9f400700 1 --2- 172.21.15.72:0/2548932711 >> [v2:172.21.15.72:3300/0,v1:172.21.15.72:6789/0] conn(0x7fdc98108d70 0x7fdc9819eec0 unknown :-1 s=CLOSED pgs=79 cs=0 l=1 rev1=1 crypto rx=0 tx=0 comp rx=0 tx=0).stop
2024-04-26T23:35:10.011 INFO:teuthology.orchestra.run.smithi072.stdout:/usr/bin/ceph: stderr
2024-04-26T23:35:09.335+0000 7fdc9f400700 1 -- 172.21.15.72:0/2548932711 >> 172.21.15.72:0/2548932711 conn(0x7fdc981042d0 msgr2=0x7fdc98104d60 unknown :-1 s=STATE_NONE l=0).mark_down
2024-04-26T23:35:10.011 INFO:teuthology.orchestra.run.smithi072.stdout:/usr/bin/ceph: stderr
2024-04-26T23:35:09.335+0000 7fdc9f400700 1 -- 172.21.15.72:0/2548932711 shutdown_connections
2024-04-26T23:35:10.011 INFO:teuthology.orchestra.run.smithi072.stdout:/usr/bin/ceph: stderr
2024-04-26T23:35:09.335+0000 7fdc9f400700 1 -- 172.21.15.72:0/2548932711 wait complete.
2024-04-26T23:35:10.011 INFO:teuthology.orchestra.run.smithi072.stdout:/usr/bin/ceph: stderr set mgr/dashboard/cluster/status
2024-04-26T23:35:10.011 INFO:teuthology.orchestra.run.smithi072.stdout:You can access the Ceph CLI as following in case of multi-cluster or non-default config:
2024-04-26T23:35:10.011 INFO:teuthology.orchestra.run.smithi072.stdout:
2024-04-26T23:35:10.012 INFO:teuthology.orchestra.run.smithi072.stdout: sudo /home/ubuntu/cephtest/cephadm shell --fsid 3c8453ae-0425-11ef-bc93-c7b262605968 -c /etc/ceph/ceph.conf -k /etc/ceph/ceph.client.admin.keyring
2024-04-26T23:35:10.012 INFO:teuthology.orchestra.run.smithi072.stdout:
2024-04-26T23:35:10.012 INFO:teuthology.orchestra.run.smithi072.stdout:Or, if you are only running a single cluster on this host:
2024-04-26T23:35:10.012 INFO:teuthology.orchestra.run.smithi072.stdout:
2024-04-26T23:35:10.012 INFO:teuthology.orchestra.run.smithi072.stdout: sudo /home/ubuntu/cephtest/cephadm shell
2024-04-26T23:35:10.013 INFO:teuthology.orchestra.run.smithi072.stdout:
2024-04-26T23:35:10.013 INFO:teuthology.orchestra.run.smithi072.stdout:Please consider enabling telemetry to help improve Ceph:
2024-04-26T23:35:10.013 INFO:teuthology.orchestra.run.smithi072.stdout:
2024-04-26T23:35:10.013 INFO:teuthology.orchestra.run.smithi072.stdout: ceph telemetry on
2024-04-26T23:35:10.013 INFO:teuthology.orchestra.run.smithi072.stdout:
2024-04-26T23:35:10.013 INFO:teuthology.orchestra.run.smithi072.stdout:For more information see:
2024-04-26T23:35:10.014 INFO:teuthology.orchestra.run.smithi072.stdout:
2024-04-26T23:35:10.014 INFO:teuthology.orchestra.run.smithi072.stdout: https://docs.ceph.com/en/latest/mgr/telemetry/
2024-04-26T23:35:10.014 INFO:teuthology.orchestra.run.smithi072.stdout:
2024-04-26T23:35:10.014 INFO:teuthology.orchestra.run.smithi072.stdout:Bootstrap complete.
2024-04-26T23:35:10.086 INFO:tasks.cephadm:Fetching config...
2024-04-26T23:35:10.086 DEBUG:teuthology.orchestra.run.smithi072:> set -ex
2024-04-26T23:35:10.086 DEBUG:teuthology.orchestra.run.smithi072:> dd if=/etc/ceph/ceph.conf of=/dev/stdout
2024-04-26T23:35:10.133 INFO:tasks.cephadm:Fetching client.admin keyring...
2024-04-26T23:35:10.133 DEBUG:teuthology.orchestra.run.smithi072:> set -ex
2024-04-26T23:35:10.133 DEBUG:teuthology.orchestra.run.smithi072:> dd if=/etc/ceph/ceph.client.admin.keyring of=/dev/stdout
2024-04-26T23:35:10.216 INFO:tasks.cephadm:Fetching mon keyring...
2024-04-26T23:35:10.216 DEBUG:teuthology.orchestra.run.smithi072:> set -ex
2024-04-26T23:35:10.216 DEBUG:teuthology.orchestra.run.smithi072:> sudo dd if=/var/lib/ceph/3c8453ae-0425-11ef-bc93-c7b262605968/mon.a/keyring of=/dev/stdout
2024-04-26T23:35:10.333 INFO:tasks.cephadm:Fetching pub ssh key...
2024-04-26T23:35:10.333 DEBUG:teuthology.orchestra.run.smithi072:> set -ex
2024-04-26T23:35:10.334 DEBUG:teuthology.orchestra.run.smithi072:> dd if=/home/ubuntu/cephtest/ceph.pub of=/dev/stdout
2024-04-26T23:35:10.428 INFO:tasks.cephadm:Installing pub ssh key for root users...
2024-04-26T23:35:10.428 DEBUG:teuthology.orchestra.run.smithi072:> sudo install -d -m 0700 /root/.ssh && echo 'ssh-rsa AAAAB3NzaC1yc2EAAAADAQABAAABgQDQ8x+3x4cLVQ0JokUHrmSSlrt+iv2TrdIBotlq7h6PSXdQuM04AokPyvhQ0c+lcsrmeRA+epFiFOrD6Ms5mS/jJugqZFnFkakiHBdWXVO+zD/Zls8m/VPZF4MU9tFU4SJRG6KvxaMeO9/qncAUSiB2IIbOfM4TknJ0A73UU7AohshgENnurjWTif4PX2OVMqa1j0jkSsg1iupCZ7QKg/+6soF+uAHhFq9QqeM2G/k8Q4nzWmG0Woonkn561tB7rsAiJ4MyTvBUeKSdPtO+E+yFRFwQgPyZXjsAcDMLB7/vQA9JEmFCuyjl0OLefxmy+1KyTDSPvDOxNdFrTEHtz1/K9i661U/tujnDENADNZma+UCQGiB9OE9arzmlZWjb3EZkXTJn247mo2fKWPbiQcld+fUmvgi4PaYmIbHWwePlVOhFMeFlh9lN+4WIto15WVYstQqAsJ3ZB4s0pU2M61k873GMX5OO5sHEzUh+nWxZoO5Zflp/NBPYhIVa7ma+onM= ceph-3c8453ae-0425-11ef-bc93-c7b262605968' | sudo tee -a /root/.ssh/authorized_keys && sudo chmod 0600 /root/.ssh/authorized_keys
2024-04-26T23:35:10.536 INFO:teuthology.orchestra.run.smithi072.stdout:ssh-rsa AAAAB3NzaC1yc2EAAAADAQABAAABgQDQ8x+3x4cLVQ0JokUHrmSSlrt+iv2TrdIBotlq7h6PSXdQuM04AokPyvhQ0c+lcsrmeRA+epFiFOrD6Ms5mS/jJugqZFnFkakiHBdWXVO+zD/Zls8m/VPZF4MU9tFU4SJRG6KvxaMeO9/qncAUSiB2IIbOfM4TknJ0A73UU7AohshgENnurjWTif4PX2OVMqa1j0jkSsg1iupCZ7QKg/+6soF+uAHhFq9QqeM2G/k8Q4nzWmG0Woonkn561tB7rsAiJ4MyTvBUeKSdPtO+E+yFRFwQgPyZXjsAcDMLB7/vQA9JEmFCuyjl0OLefxmy+1KyTDSPvDOxNdFrTEHtz1/K9i661U/tujnDENADNZma+UCQGiB9OE9arzmlZWjb3EZkXTJn247mo2fKWPbiQcld+fUmvgi4PaYmIbHWwePlVOhFMeFlh9lN+4WIto15WVYstQqAsJ3ZB4s0pU2M61k873GMX5OO5sHEzUh+nWxZoO5Zflp/NBPYhIVa7ma+onM= ceph-3c8453ae-0425-11ef-bc93-c7b262605968
2024-04-26T23:35:10.571 INFO:journalctl@ceph.mon.a.smithi072.stdout:Apr 26 23:35:10 smithi072 ceph-mon[28184]: from='client.? 172.21.15.72:0/2548932711' entity='client.admin'
2024-04-26T23:35:10.588 DEBUG:teuthology.orchestra.run.smithi076:> sudo install -d -m 0700 /root/.ssh && echo 'ssh-rsa AAAAB3NzaC1yc2EAAAADAQABAAABgQDQ8x+3x4cLVQ0JokUHrmSSlrt+iv2TrdIBotlq7h6PSXdQuM04AokPyvhQ0c+lcsrmeRA+epFiFOrD6Ms5mS/jJugqZFnFkakiHBdWXVO+zD/Zls8m/VPZF4MU9tFU4SJRG6KvxaMeO9/qncAUSiB2IIbOfM4TknJ0A73UU7AohshgENnurjWTif4PX2OVMqa1j0jkSsg1iupCZ7QKg/+6soF+uAHhFq9QqeM2G/k8Q4nzWmG0Woonkn561tB7rsAiJ4MyTvBUeKSdPtO+E+yFRFwQgPyZXjsAcDMLB7/vQA9JEmFCuyjl0OLefxmy+1KyTDSPvDOxNdFrTEHtz1/K9i661U/tujnDENADNZma+UCQGiB9OE9arzmlZWjb3EZkXTJn247mo2fKWPbiQcld+fUmvgi4PaYmIbHWwePlVOhFMeFlh9lN+4WIto15WVYstQqAsJ3ZB4s0pU2M61k873GMX5OO5sHEzUh+nWxZoO5Zflp/NBPYhIVa7ma+onM= ceph-3c8453ae-0425-11ef-bc93-c7b262605968' | sudo tee -a /root/.ssh/authorized_keys && sudo chmod 0600 /root/.ssh/authorized_keys
