2024-04-26T23:39:52.785+0000 7f645f200700 1 --2- >> [v2:172.21.15.49:3300/0,v1:172.21.15.49:6789/0] conn(0x7f6458077bb0 0x7f6458076160 unknown :-1 s=NONE pgs=0 cs=0 l=0 rev1=0 crypto rx=0 tx=0 comp rx=0 tx=0).connect
2024-04-26T23:39:53.866 INFO:teuthology.orchestra.run.smithi049.stdout:/usr/bin/ceph: stderr
2024-04-26T23:39:52.785+0000 7f645f200700 1 -- --> [v2:172.21.15.49:3300/0,v1:172.21.15.49:6789/0] -- mon_getmap magic: 0 v1 -- 0x7f6458077fc0 con 0x7f6458077bb0
2024-04-26T23:39:53.866 INFO:teuthology.orchestra.run.smithi049.stdout:/usr/bin/ceph: stderr
2024-04-26T23:39:52.786+0000 7f6457e00700 1 --2- >> [v2:172.21.15.49:3300/0,v1:172.21.15.49:6789/0] conn(0x7f6458077bb0 0x7f6458076160 unknown :-1 s=BANNER_CONNECTING pgs=0 cs=0 l=0 rev1=0 crypto rx=0 tx=0 comp rx=0 tx=0)._handle_peer_banner_payload supported=3 required=0
2024-04-26T23:39:53.867 INFO:teuthology.orchestra.run.smithi049.stdout:/usr/bin/ceph: stderr
2024-04-26T23:39:52.786+0000 7f6457e00700 1 --2- >> [v2:172.21.15.49:3300/0,v1:172.21.15.49:6789/0] conn(0x7f6458077bb0 0x7f6458076160 unknown :-1 s=HELLO_CONNECTING pgs=0 cs=0 l=0 rev1=1 crypto rx=0 tx=0 comp rx=0 tx=0).handle_hello peer v2:172.21.15.49:3300/0 says I am v2:172.21.15.49:34900/0 (socket says 172.21.15.49:34900)
2024-04-26T23:39:53.867 INFO:teuthology.orchestra.run.smithi049.stdout:/usr/bin/ceph: stderr
2024-04-26T23:39:52.786+0000 7f6457e00700 1 -- 172.21.15.49:0/2631999916 learned_addr learned my addr 172.21.15.49:0/2631999916 (peer_addr_for_me v2:172.21.15.49:0/0)
2024-04-26T23:39:53.867 INFO:teuthology.orchestra.run.smithi049.stdout:/usr/bin/ceph: stderr
2024-04-26T23:39:52.787+0000 7f6457e00700 1 -- 172.21.15.49:0/2631999916 --> [v2:172.21.15.49:3300/0,v1:172.21.15.49:6789/0] -- mon_subscribe({config=0+,monmap=0+}) v3 -- 0x7f64580766a0 con 0x7f6458077bb0
2024-04-26T23:39:53.867 INFO:teuthology.orchestra.run.smithi049.stdout:/usr/bin/ceph: stderr
2024-04-26T23:39:52.787+0000 7f6457e00700 1 --2- 172.21.15.49:0/2631999916 >> [v2:172.21.15.49:3300/0,v1:172.21.15.49:6789/0] conn(0x7f6458077bb0 0x7f6458076160 secure :-1 s=READY pgs=80 cs=0 l=1 rev1=1 crypto rx=0x7f64480098e0 tx=0x7f6448009250 comp rx=0 tx=0).ready entity=mon.0 client_cookie=344a3eba9b904a58 server_cookie=0 in_seq=0 out_seq=0
2024-04-26T23:39:53.867 INFO:teuthology.orchestra.run.smithi049.stdout:/usr/bin/ceph: stderr
2024-04-26T23:39:52.787+0000 7f6456a00700 1 -- 172.21.15.49:0/2631999916 <== mon.0 v2:172.21.15.49:3300/0 1 ==== mon_map magic: 0 v1 ==== 229+0+0 (secure 0 0 0) 0x7f644800b860 con 0x7f6458077bb0
2024-04-26T23:39:53.867 INFO:teuthology.orchestra.run.smithi049.stdout:/usr/bin/ceph: stderr
2024-04-26T23:39:52.788+0000 7f6456a00700 1 -- 172.21.15.49:0/2631999916 <== mon.0 v2:172.21.15.49:3300/0 2 ==== config(27 keys) v1 ==== 1109+0+0 (secure 0 0 0) 0x7f644800be90 con 0x7f6458077bb0
2024-04-26T23:39:53.867 INFO:teuthology.orchestra.run.smithi049.stdout:/usr/bin/ceph: stderr
2024-04-26T23:39:52.788+0000 7f6456a00700 1 -- 172.21.15.49:0/2631999916 <== mon.0 v2:172.21.15.49:3300/0 3 ==== mon_map magic: 0 v1 ==== 229+0+0 (secure 0 0 0) 0x7f64480103c0 con 0x7f6458077bb0
2024-04-26T23:39:53.871 INFO:teuthology.orchestra.run.smithi049.stdout:/usr/bin/ceph: stderr
2024-04-26T23:39:52.788+0000 7f645f200700 1 -- 172.21.15.49:0/2631999916 >> [v2:172.21.15.49:3300/0,v1:172.21.15.49:6789/0] conn(0x7f6458077bb0 msgr2=0x7f6458076160 secure :-1 s=STATE_CONNECTION_ESTABLISHED l=1).mark_down
2024-04-26T23:39:53.871 INFO:teuthology.orchestra.run.smithi049.stdout:/usr/bin/ceph: stderr
2024-04-26T23:39:52.788+0000 7f645f200700 1 --2- 172.21.15.49:0/2631999916 >> [v2:172.21.15.49:3300/0,v1:172.21.15.49:6789/0] conn(0x7f6458077bb0 0x7f6458076160 secure :-1 s=READY pgs=80 cs=0 l=1 rev1=1 crypto rx=0x7f64480098e0 tx=0x7f6448009250 comp rx=0 tx=0).stop
2024-04-26T23:39:53.871 INFO:teuthology.orchestra.run.smithi049.stdout:/usr/bin/ceph: stderr
2024-04-26T23:39:52.789+0000 7f645f200700 1 -- 172.21.15.49:0/2631999916 shutdown_connections
2024-04-26T23:39:53.871 INFO:teuthology.orchestra.run.smithi049.stdout:/usr/bin/ceph: stderr
2024-04-26T23:39:52.789+0000 7f645f200700 1 --2- 172.21.15.49:0/2631999916 >> [v2:172.21.15.49:3300/0,v1:172.21.15.49:6789/0] conn(0x7f6458077bb0 0x7f6458076160 unknown :-1 s=CLOSED pgs=80 cs=0 l=1 rev1=1 crypto rx=0 tx=0 comp rx=0 tx=0).stop
2024-04-26T23:39:53.871 INFO:teuthology.orchestra.run.smithi049.stdout:/usr/bin/ceph: stderr
2024-04-26T23:39:52.789+0000 7f645f200700 1 -- 172.21.15.49:0/2631999916 >> 172.21.15.49:0/2631999916 conn(0x7f64580fdf90 msgr2=0x7f6458100400 unknown :-1 s=STATE_NONE l=0).mark_down
2024-04-26T23:39:53.872 INFO:teuthology.orchestra.run.smithi049.stdout:/usr/bin/ceph: stderr
2024-04-26T23:39:52.789+0000 7f645f200700 1 -- 172.21.15.49:0/2631999916 shutdown_connections
2024-04-26T23:39:53.872 INFO:teuthology.orchestra.run.smithi049.stdout:/usr/bin/ceph: stderr
2024-04-26T23:39:52.789+0000 7f645f200700 1 -- 172.21.15.49:0/2631999916 wait complete.
2024-04-26T23:39:53.872 INFO:teuthology.orchestra.run.smithi049.stdout:/usr/bin/ceph: stderr
2024-04-26T23:39:52.790+0000 7f645f200700 1 Processor -- start
2024-04-26T23:39:53.872 INFO:teuthology.orchestra.run.smithi049.stdout:/usr/bin/ceph: stderr
2024-04-26T23:39:52.790+0000 7f645f200700 1 -- start start
2024-04-26T23:39:53.872 INFO:teuthology.orchestra.run.smithi049.stdout:/usr/bin/ceph: stderr
2024-04-26T23:39:52.790+0000 7f645f200700 1 --2- >> [v2:172.21.15.49:3300/0,v1:172.21.15.49:6789/0] conn(0x7f6458077bb0 0x7f6458117c60 unknown :-1 s=NONE pgs=0 cs=0 l=1 rev1=0 crypto rx=0 tx=0 comp rx=0 tx=0).connect
2024-04-26T23:39:53.872 INFO:teuthology.orchestra.run.smithi049.stdout:/usr/bin/ceph: stderr
2024-04-26T23:39:52.790+0000 7f645f200700 1 -- --> [v2:172.21.15.49:3300/0,v1:172.21.15.49:6789/0] -- mon_getmap magic: 0 v1 -- 0x7f64581181a0 con 0x7f6458077bb0
2024-04-26T23:39:53.872 INFO:teuthology.orchestra.run.smithi049.stdout:/usr/bin/ceph: stderr
2024-04-26T23:39:52.791+0000 7f6457e00700 1 --2- >> [v2:172.21.15.49:3300/0,v1:172.21.15.49:6789/0] conn(0x7f6458077bb0 0x7f6458117c60 unknown :-1 s=BANNER_CONNECTING pgs=0 cs=0 l=1 rev1=0 crypto rx=0 tx=0 comp rx=0 tx=0)._handle_peer_banner_payload supported=3 required=0
2024-04-26T23:39:53.872 INFO:teuthology.orchestra.run.smithi049.stdout:/usr/bin/ceph: stderr
2024-04-26T23:39:52.791+0000 7f6457e00700 1 --2- >> [v2:172.21.15.49:3300/0,v1:172.21.15.49:6789/0] conn(0x7f6458077bb0 0x7f6458117c60 unknown :-1 s=HELLO_CONNECTING pgs=0 cs=0 l=1 rev1=1 crypto rx=0 tx=0 comp rx=0 tx=0).handle_hello peer v2:172.21.15.49:3300/0 says I am v2:172.21.15.49:34908/0 (socket says 172.21.15.49:34908)
2024-04-26T23:39:53.872 INFO:teuthology.orchestra.run.smithi049.stdout:/usr/bin/ceph: stderr
2024-04-26T23:39:52.791+0000 7f6457e00700 1 -- 172.21.15.49:0/4122691909 learned_addr learned my addr 172.21.15.49:0/4122691909 (peer_addr_for_me v2:172.21.15.49:0/0)
2024-04-26T23:39:53.872 INFO:teuthology.orchestra.run.smithi049.stdout:/usr/bin/ceph: stderr
2024-04-26T23:39:52.791+0000 7f6457e00700 1 -- 172.21.15.49:0/4122691909 --> [v2:172.21.15.49:3300/0,v1:172.21.15.49:6789/0] -- mon_subscribe({config=0+,monmap=0+}) v3 -- 0x7f64480094f0 con 0x7f6458077bb0
2024-04-26T23:39:53.872 INFO:teuthology.orchestra.run.smithi049.stdout:/usr/bin/ceph: stderr
2024-04-26T23:39:52.792+0000 7f6457e00700 1 --2- 172.21.15.49:0/4122691909 >> [v2:172.21.15.49:3300/0,v1:172.21.15.49:6789/0] conn(0x7f6458077bb0 0x7f6458117c60 secure :-1 s=READY pgs=81 cs=0 l=1 rev1=1 crypto rx=0x7f64480094c0 tx=0x7f6448009250 comp rx=0 tx=0).ready entity=mon.0 client_cookie=0 server_cookie=0 in_seq=0 out_seq=0
2024-04-26T23:39:53.872 INFO:teuthology.orchestra.run.smithi049.stdout:/usr/bin/ceph: stderr
2024-04-26T23:39:52.792+0000 7f644fe00700 1 -- 172.21.15.49:0/4122691909 <== mon.0 v2:172.21.15.49:3300/0 1 ==== mon_map magic: 0 v1 ==== 229+0+0 (secure 0 0 0) 0x7f6448010680 con 0x7f6458077bb0
2024-04-26T23:39:53.872 INFO:teuthology.orchestra.run.smithi049.stdout:/usr/bin/ceph: stderr
2024-04-26T23:39:52.792+0000 7f644fe00700 1 -- 172.21.15.49:0/4122691909 <== mon.0 v2:172.21.15.49:3300/0 2 ==== config(27 keys) v1 ==== 1109+0+0 (secure 0 0 0) 0x7f6448010cb0 con 0x7f6458077bb0
2024-04-26T23:39:53.872 INFO:teuthology.orchestra.run.smithi049.stdout:/usr/bin/ceph: stderr
2024-04-26T23:39:52.792+0000 7f644fe00700 1 -- 172.21.15.49:0/4122691909 <== mon.0 v2:172.21.15.49:3300/0 3 ==== mon_map magic: 0 v1 ==== 229+0+0 (secure 0 0 0) 0x7f644801ad40 con 0x7f6458077bb0
2024-04-26T23:39:53.872 INFO:teuthology.orchestra.run.smithi049.stdout:/usr/bin/ceph: stderr
2024-04-26T23:39:52.792+0000 7f645f200700 1 -- 172.21.15.49:0/4122691909 --> [v2:172.21.15.49:3300/0,v1:172.21.15.49:6789/0] -- mon_subscribe({mgrmap=0+}) v3 -- 0x7f64581183a0 con 0x7f6458077bb0
2024-04-26T23:39:53.873 INFO:teuthology.orchestra.run.smithi049.stdout:/usr/bin/ceph: stderr
2024-04-26T23:39:52.792+0000 7f645f200700 1 -- 172.21.15.49:0/4122691909 --> [v2:172.21.15.49:3300/0,v1:172.21.15.49:6789/0] -- mon_subscribe({osdmap=0}) v3 -- 0x7f6458118f10 con 0x7f6458077bb0
2024-04-26T23:39:53.873 INFO:teuthology.orchestra.run.smithi049.stdout:/usr/bin/ceph: stderr
2024-04-26T23:39:52.794+0000 7f645f200700 1 -- 172.21.15.49:0/4122691909 --> [v2:172.21.15.49:3300/0,v1:172.21.15.49:6789/0] -- mon_command({"prefix": "get_command_descriptions"} v 0) v1 -- 0x7f645805f5c0 con 0x7f6458077bb0
2024-04-26T23:39:53.873 INFO:teuthology.orchestra.run.smithi049.stdout:/usr/bin/ceph: stderr
2024-04-26T23:39:52.794+0000 7f644fe00700 1 -- 172.21.15.49:0/4122691909 <== mon.0 v2:172.21.15.49:3300/0 4 ==== mgrmap(e 12) v1 ==== 43389+0+0 (secure 0 0 0) 0x7f64480107e0 con 0x7f6458077bb0
2024-04-26T23:39:53.873 INFO:teuthology.orchestra.run.smithi049.stdout:/usr/bin/ceph: stderr
2024-04-26T23:39:52.794+0000 7f644fe00700 1 --2- 172.21.15.49:0/4122691909 >> [v2:172.21.15.49:6800/1267942615,v1:172.21.15.49:6801/1267942615] conn(0x7f643c0368f0 0x7f643c038da0 unknown :-1 s=NONE pgs=0 cs=0 l=1 rev1=0 crypto rx=0 tx=0 comp rx=0 tx=0).connect
2024-04-26T23:39:53.873 INFO:teuthology.orchestra.run.smithi049.stdout:/usr/bin/ceph: stderr
2024-04-26T23:39:52.794+0000 7f644fe00700 1 -- 172.21.15.49:0/4122691909 <== mon.0 v2:172.21.15.49:3300/0 5 ==== osd_map(3..3 src has 1..3) v4 ==== 1151+0+0 (secure 0 0 0) 0x7f644804a4b0 con 0x7f6458077bb0
2024-04-26T23:39:53.873 INFO:teuthology.orchestra.run.smithi049.stdout:/usr/bin/ceph: stderr
2024-04-26T23:39:52.795+0000 7f6457400700 1 --2- 172.21.15.49:0/4122691909 >> [v2:172.21.15.49:6800/1267942615,v1:172.21.15.49:6801/1267942615] conn(0x7f643c0368f0 0x7f643c038da0 unknown :-1 s=BANNER_CONNECTING pgs=0 cs=0 l=1 rev1=0 crypto rx=0 tx=0 comp rx=0 tx=0)._handle_peer_banner_payload supported=3 required=0
2024-04-26T23:39:53.873 INFO:teuthology.orchestra.run.smithi049.stdout:/usr/bin/ceph: stderr
2024-04-26T23:39:52.796+0000 7f6457400700 1 --2- 172.21.15.49:0/4122691909 >> [v2:172.21.15.49:6800/1267942615,v1:172.21.15.49:6801/1267942615] conn(0x7f643c0368f0 0x7f643c038da0 secure :-1 s=READY pgs=7 cs=0 l=1 rev1=1 crypto rx=0x7f6444009990 tx=0x7f6444006e40 comp rx=0 tx=0).ready entity=mgr.14162 client_cookie=0 server_cookie=0 in_seq=0 out_seq=0
2024-04-26T23:39:53.873 INFO:teuthology.orchestra.run.smithi049.stdout:/usr/bin/ceph: stderr
2024-04-26T23:39:52.805+0000 7f644fe00700 1 -- 172.21.15.49:0/4122691909 <== mon.0 v2:172.21.15.49:3300/0 6 ==== mon_command_ack([{"prefix": "get_command_descriptions"}]=0 v0) v1 ==== 72+0+176702 (secure 0 0 0) 0x7f64480186d0 con 0x7f6458077bb0
2024-04-26T23:39:53.873 INFO:teuthology.orchestra.run.smithi049.stdout:/usr/bin/ceph: stderr
2024-04-26T23:39:53.047+0000 7f645f200700 1 -- 172.21.15.49:0/4122691909 --> [v2:172.21.15.49:6800/1267942615,v1:172.21.15.49:6801/1267942615] -- mgr_command(tid 0: {"prefix": "dashboard create-self-signed-cert", "target": ["mon-mgr", ""]}) v1 -- 0x7f6458119aa0 con 0x7f643c0368f0
2024-04-26T23:39:53.873 INFO:teuthology.orchestra.run.smithi049.stdout:/usr/bin/ceph: stderr
2024-04-26T23:39:53.166+0000 7f644fe00700 1 -- 172.21.15.49:0/4122691909 <== mgr.14162 v2:172.21.15.49:6800/1267942615 1 ==== mgr_command_reply(tid 0: 0 ) v1 ==== 8+0+32 (secure 0 0 0) 0x7f6458119aa0 con 0x7f643c0368f0
2024-04-26T23:39:53.873 INFO:teuthology.orchestra.run.smithi049.stdout:/usr/bin/ceph: stderr
2024-04-26T23:39:53.169+0000 7f645f200700 1 -- 172.21.15.49:0/4122691909 >> [v2:172.21.15.49:6800/1267942615,v1:172.21.15.49:6801/1267942615] conn(0x7f643c0368f0 msgr2=0x7f643c038da0 secure :-1 s=STATE_CONNECTION_ESTABLISHED l=1).mark_down
2024-04-26T23:39:53.873 INFO:teuthology.orchestra.run.smithi049.stdout:/usr/bin/ceph: stderr
2024-04-26T23:39:53.169+0000 7f645f200700 1 --2- 172.21.15.49:0/4122691909 >> [v2:172.21.15.49:6800/1267942615,v1:172.21.15.49:6801/1267942615] conn(0x7f643c0368f0 0x7f643c038da0 secure :-1 s=READY pgs=7 cs=0 l=1 rev1=1 crypto rx=0x7f6444009990 tx=0x7f6444006e40 comp rx=0 tx=0).stop
2024-04-26T23:39:53.873 INFO:teuthology.orchestra.run.smithi049.stdout:/usr/bin/ceph: stderr
2024-04-26T23:39:53.169+0000 7f645f200700 1 -- 172.21.15.49:0/4122691909 >> [v2:172.21.15.49:3300/0,v1:172.21.15.49:6789/0] conn(0x7f6458077bb0 msgr2=0x7f6458117c60 secure :-1 s=STATE_CONNECTION_ESTABLISHED l=1).mark_down
2024-04-26T23:39:53.873 INFO:teuthology.orchestra.run.smithi049.stdout:/usr/bin/ceph: stderr
2024-04-26T23:39:53.169+0000 7f645f200700 1 --2- 172.21.15.49:0/4122691909 >> [v2:172.21.15.49:3300/0,v1:172.21.15.49:6789/0] conn(0x7f6458077bb0 0x7f6458117c60 secure :-1 s=READY pgs=81 cs=0 l=1 rev1=1 crypto rx=0x7f64480094c0 tx=0x7f6448009250 comp rx=0 tx=0).stop
2024-04-26T23:39:53.873 INFO:teuthology.orchestra.run.smithi049.stdout:/usr/bin/ceph: stderr
2024-04-26T23:39:53.169+0000 7f645f200700 1 -- 172.21.15.49:0/4122691909 shutdown_connections
2024-04-26T23:39:53.873 INFO:teuthology.orchestra.run.smithi049.stdout:/usr/bin/ceph: stderr
2024-04-26T23:39:53.169+0000 7f645f200700 1 --2- 172.21.15.49:0/4122691909 >> [v2:172.21.15.49:6800/1267942615,v1:172.21.15.49:6801/1267942615] conn(0x7f643c0368f0 0x7f643c038da0 unknown :-1 s=CLOSED pgs=7 cs=0 l=1 rev1=1 crypto rx=0 tx=0 comp rx=0 tx=0).stop
2024-04-26T23:39:53.874 INFO:teuthology.orchestra.run.smithi049.stdout:/usr/bin/ceph: stderr
2024-04-26T23:39:53.169+0000 7f645f200700 1 --2- 172.21.15.49:0/4122691909 >> [v2:172.21.15.49:3300/0,v1:172.21.15.49:6789/0] conn(0x7f6458077bb0 0x7f6458117c60 unknown :-1 s=CLOSED pgs=81 cs=0 l=1 rev1=1 crypto rx=0 tx=0 comp rx=0 tx=0).stop
2024-04-26T23:39:53.874 INFO:teuthology.orchestra.run.smithi049.stdout:/usr/bin/ceph: stderr
2024-04-26T23:39:53.169+0000 7f645f200700 1 -- 172.21.15.49:0/4122691909 >> 172.21.15.49:0/4122691909 conn(0x7f64580fdf90 msgr2=0x7f645810efa0 unknown :-1 s=STATE_NONE l=0).mark_down
2024-04-26T23:39:53.874 INFO:teuthology.orchestra.run.smithi049.stdout:/usr/bin/ceph: stderr
2024-04-26T23:39:53.170+0000 7f645f200700 1 -- 172.21.15.49:0/4122691909 shutdown_connections
2024-04-26T23:39:53.874 INFO:teuthology.orchestra.run.smithi049.stdout:/usr/bin/ceph: stderr
2024-04-26T23:39:53.170+0000 7f645f200700 1 -- 172.21.15.49:0/4122691909 wait complete.
2024-04-26T23:39:53.874 INFO:teuthology.orchestra.run.smithi049.stdout:Creating initial admin user...
2024-04-26T23:39:54.416 INFO:journalctl@ceph.mon.smithi049.smithi049.stdout:Apr 26 23:39:54 smithi049 ceph-mon[25514]: from='client.14174 -' entity='client.admin' cmd=[{"prefix": "dashboard create-self-signed-cert", "target": ["mon-mgr", ""]}]: dispatch
2024-04-26T23:39:54.417 INFO:journalctl@ceph.mon.smithi049.smithi049.stdout:Apr 26 23:39:54 smithi049 ceph-mon[25514]: from='mgr.14162 172.21.15.49:0/1679262833' entity='mgr.smithi049.yrkvlb'
2024-04-26T23:39:54.417 INFO:journalctl@ceph.mon.smithi049.smithi049.stdout:Apr 26 23:39:54 smithi049 ceph-mon[25514]: from='mgr.14162 172.21.15.49:0/1679262833' entity='mgr.smithi049.yrkvlb'
2024-04-26T23:39:54.417 INFO:journalctl@ceph.mon.smithi049.smithi049.stdout:Apr 26 23:39:54 smithi049 ceph-mon[25514]: from='mgr.14162 172.21.15.49:0/1679262833' entity='mgr.smithi049.yrkvlb'
2024-04-26T23:39:55.754 INFO:teuthology.orchestra.run.smithi049.stdout:/usr/bin/ceph: stdout {"username": "admin", "password": "$2b$12$vIIrBJZqSPew.VLgv7Ojdep1pE57JYm9KUkb0B5H9qpy91jCa1Sqm", "roles": ["administrator"], "name": null, "email": null, "lastUpdate": 1714174794, "enabled": true, "pwdExpirationDate": null, "pwdUpdateRequired": true}
2024-04-26T23:39:55.755 INFO:teuthology.orchestra.run.smithi049.stdout:/usr/bin/ceph: stderr
2024-04-26T23:39:54.485+0000 7f6939400700 1 Processor -- start
2024-04-26T23:39:55.756 INFO:teuthology.orchestra.run.smithi049.stdout:/usr/bin/ceph: stderr
2024-04-26T23:39:54.485+0000 7f6939400700 1 -- start start
2024-04-26T23:39:55.756 INFO:teuthology.orchestra.run.smithi049.stdout:/usr/bin/ceph: stderr
2024-04-26T23:39:54.485+0000 7f6939400700 1 --2- >> [v2:172.21.15.49:3300/0,v1:172.21.15.49:6789/0] conn(0x7f6934101740 0x7f6934101b50 unknown :-1 s=NONE pgs=0 cs=0 l=0 rev1=0 crypto rx=0 tx=0 comp rx=0 tx=0).connect
2024-04-26T23:39:55.756 INFO:teuthology.orchestra.run.smithi049.stdout:/usr/bin/ceph: stderr
2024-04-26T23:39:54.486+0000 7f6939400700 1 -- --> [v2:172.21.15.49:3300/0,v1:172.21.15.49:6789/0] -- mon_getmap magic: 0 v1 -- 0x7f6934102090 con 0x7f6934101740
2024-04-26T23:39:55.756 INFO:teuthology.orchestra.run.smithi049.stdout:/usr/bin/ceph: stderr
2024-04-26T23:39:54.486+0000 7f6932800700 1 --2- >> [v2:172.21.15.49:3300/0,v1:172.21.15.49:6789/0] conn(0x7f6934101740 0x7f6934101b50 unknown :-1 s=BANNER_CONNECTING pgs=0 cs=0 l=0 rev1=0 crypto rx=0 tx=0 comp rx=0 tx=0)._handle_peer_banner_payload supported=3 required=0
2024-04-26T23:39:55.756 INFO:teuthology.orchestra.run.smithi049.stdout:/usr/bin/ceph: stderr
2024-04-26T23:39:54.486+0000 7f6932800700 1 --2- >> [v2:172.21.15.49:3300/0,v1:172.21.15.49:6789/0] conn(0x7f6934101740 0x7f6934101b50 unknown :-1 s=HELLO_CONNECTING pgs=0 cs=0 l=0 rev1=1 crypto rx=0 tx=0 comp rx=0 tx=0).handle_hello peer v2:172.21.15.49:3300/0 says I am v2:172.21.15.49:34912/0 (socket says 172.21.15.49:34912)
2024-04-26T23:39:55.757 INFO:teuthology.orchestra.run.smithi049.stdout:/usr/bin/ceph: stderr
2024-04-26T23:39:54.486+0000 7f6932800700 1 -- 172.21.15.49:0/3914585332 learned_addr learned my addr 172.21.15.49:0/3914585332 (peer_addr_for_me v2:172.21.15.49:0/0)
2024-04-26T23:39:55.758 INFO:teuthology.orchestra.run.smithi049.stdout:/usr/bin/ceph: stderr
2024-04-26T23:39:54.486+0000 7f6932800700 1 -- 172.21.15.49:0/3914585332 --> [v2:172.21.15.49:3300/0,v1:172.21.15.49:6789/0] -- mon_subscribe({config=0+,monmap=0+}) v3 -- 0x7f69341021d0 con 0x7f6934101740
2024-04-26T23:39:55.758 INFO:teuthology.orchestra.run.smithi049.stdout:/usr/bin/ceph: stderr
2024-04-26T23:39:54.487+0000 7f6932800700 1 --2- 172.21.15.49:0/3914585332 >> [v2:172.21.15.49:3300/0,v1:172.21.15.49:6789/0] conn(0x7f6934101740 0x7f6934101b50 secure :-1 s=READY pgs=82 cs=0 l=1 rev1=1 crypto rx=0x7f69240098e0 tx=0x7f6924009250 comp rx=0 tx=0).ready entity=mon.0 client_cookie=f318768249bad4b7 server_cookie=0 in_seq=0 out_seq=0
2024-04-26T23:39:55.758 INFO:teuthology.orchestra.run.smithi049.stdout:/usr/bin/ceph: stderr
2024-04-26T23:39:54.487+0000 7f6931400700 1 -- 172.21.15.49:0/3914585332 <== mon.0 v2:172.21.15.49:3300/0 1 ==== mon_map magic: 0 v1 ==== 229+0+0 (secure 0 0 0) 0x7f692400b860 con 0x7f6934101740
2024-04-26T23:39:55.758 INFO:teuthology.orchestra.run.smithi049.stdout:/usr/bin/ceph: stderr
2024-04-26T23:39:54.487+0000 7f6931400700 1 -- 172.21.15.49:0/3914585332 <== mon.0 v2:172.21.15.49:3300/0 2 ==== config(27 keys) v1 ==== 1109+0+0 (secure 0 0 0) 0x7f692400be90 con 0x7f6934101740
2024-04-26T23:39:55.758 INFO:teuthology.orchestra.run.smithi049.stdout:/usr/bin/ceph: stderr
2024-04-26T23:39:54.487+0000 7f6931400700 1 -- 172.21.15.49:0/3914585332 <== mon.0 v2:172.21.15.49:3300/0 3 ==== mon_map magic: 0 v1 ==== 229+0+0 (secure 0 0 0) 0x7f69240103c0 con 0x7f6934101740
2024-04-26T23:39:55.758 INFO:teuthology.orchestra.run.smithi049.stdout:/usr/bin/ceph: stderr
2024-04-26T23:39:54.488+0000 7f6939400700 1 -- 172.21.15.49:0/3914585332 >> [v2:172.21.15.49:3300/0,v1:172.21.15.49:6789/0] conn(0x7f6934101740 msgr2=0x7f6934101b50 secure :-1 s=STATE_CONNECTION_ESTABLISHED l=1).mark_down
2024-04-26T23:39:55.758 INFO:teuthology.orchestra.run.smithi049.stdout:/usr/bin/ceph: stderr
2024-04-26T23:39:54.488+0000 7f6939400700 1 --2- 172.21.15.49:0/3914585332 >> [v2:172.21.15.49:3300/0,v1:172.21.15.49:6789/0] conn(0x7f6934101740 0x7f6934101b50 secure :-1 s=READY pgs=82 cs=0 l=1 rev1=1 crypto rx=0x7f69240098e0 tx=0x7f6924009250 comp rx=0 tx=0).stop
2024-04-26T23:39:55.758 INFO:teuthology.orchestra.run.smithi049.stdout:/usr/bin/ceph: stderr
2024-04-26T23:39:54.488+0000 7f6939400700 1 -- 172.21.15.49:0/3914585332 shutdown_connections
2024-04-26T23:39:55.758 INFO:teuthology.orchestra.run.smithi049.stdout:/usr/bin/ceph: stderr
2024-04-26T23:39:54.488+0000 7f6939400700 1 --2- 172.21.15.49:0/3914585332 >> [v2:172.21.15.49:3300/0,v1:172.21.15.49:6789/0] conn(0x7f6934101740 0x7f6934101b50 unknown :-1 s=CLOSED pgs=82 cs=0 l=1 rev1=1 crypto rx=0 tx=0 comp rx=0 tx=0).stop
2024-04-26T23:39:55.758 INFO:teuthology.orchestra.run.smithi049.stdout:/usr/bin/ceph: stderr
2024-04-26T23:39:54.488+0000 7f6939400700 1 -- 172.21.15.49:0/3914585332 >> 172.21.15.49:0/3914585332 conn(0x7f69340fcec0 msgr2=0x7f69340ff2d0 unknown :-1 s=STATE_NONE l=0).mark_down
2024-04-26T23:39:55.758 INFO:teuthology.orchestra.run.smithi049.stdout:/usr/bin/ceph: stderr
2024-04-26T23:39:54.488+0000 7f6939400700 1 -- 172.21.15.49:0/3914585332 shutdown_connections
2024-04-26T23:39:55.758 INFO:teuthology.orchestra.run.smithi049.stdout:/usr/bin/ceph: stderr
2024-04-26T23:39:54.489+0000 7f6939400700 1 -- 172.21.15.49:0/3914585332 wait complete.
2024-04-26T23:39:55.758 INFO:teuthology.orchestra.run.smithi049.stdout:/usr/bin/ceph: stderr
2024-04-26T23:39:54.489+0000 7f6939400700 1 Processor -- start
2024-04-26T23:39:55.758 INFO:teuthology.orchestra.run.smithi049.stdout:/usr/bin/ceph: stderr
2024-04-26T23:39:54.490+0000 7f6939400700 1 -- start start
2024-04-26T23:39:55.762 INFO:teuthology.orchestra.run.smithi049.stdout:/usr/bin/ceph: stderr
2024-04-26T23:39:54.490+0000 7f6939400700 1 --2- >> [v2:172.21.15.49:3300/0,v1:172.21.15.49:6789/0] conn(0x7f6934101740 0x7f69341137d0 unknown :-1 s=NONE pgs=0 cs=0 l=1 rev1=0 crypto rx=0 tx=0 comp rx=0 tx=0).connect
2024-04-26T23:39:55.762 INFO:teuthology.orchestra.run.smithi049.stdout:/usr/bin/ceph: stderr
2024-04-26T23:39:54.490+0000 7f6939400700 1 -- --> [v2:172.21.15.49:3300/0,v1:172.21.15.49:6789/0] -- mon_getmap magic: 0 v1 -- 0x7f6934113d10 con 0x7f6934101740
2024-04-26T23:39:55.762 INFO:teuthology.orchestra.run.smithi049.stdout:/usr/bin/ceph: stderr
2024-04-26T23:39:54.490+0000 7f6932800700 1 --2- >> [v2:172.21.15.49:3300/0,v1:172.21.15.49:6789/0] conn(0x7f6934101740 0x7f69341137d0 unknown :-1 s=BANNER_CONNECTING pgs=0 cs=0 l=1 rev1=0 crypto rx=0 tx=0 comp rx=0 tx=0)._handle_peer_banner_payload supported=3 required=0
2024-04-26T23:39:55.762 INFO:teuthology.orchestra.run.smithi049.stdout:/usr/bin/ceph: stderr
2024-04-26T23:39:54.490+0000 7f6932800700 1 --2- >> [v2:172.21.15.49:3300/0,v1:172.21.15.49:6789/0] conn(0x7f6934101740 0x7f69341137d0 unknown :-1 s=HELLO_CONNECTING pgs=0 cs=0 l=1 rev1=1 crypto rx=0 tx=0 comp rx=0 tx=0).handle_hello peer v2:172.21.15.49:3300/0 says I am v2:172.21.15.49:34920/0 (socket says 172.21.15.49:34920)
2024-04-26T23:39:55.762 INFO:teuthology.orchestra.run.smithi049.stdout:/usr/bin/ceph: stderr
2024-04-26T23:39:54.490+0000 7f6932800700 1 -- 172.21.15.49:0/2101414227 learned_addr learned my addr 172.21.15.49:0/2101414227 (peer_addr_for_me v2:172.21.15.49:0/0)
2024-04-26T23:39:55.762 INFO:teuthology.orchestra.run.smithi049.stdout:/usr/bin/ceph: stderr
2024-04-26T23:39:54.491+0000 7f6932800700 1 -- 172.21.15.49:0/2101414227 --> [v2:172.21.15.49:3300/0,v1:172.21.15.49:6789/0] -- mon_subscribe({config=0+,monmap=0+}) v3 -- 0x7f69240094f0 con 0x7f6934101740
2024-04-26T23:39:55.762 INFO:teuthology.orchestra.run.smithi049.stdout:/usr/bin/ceph: stderr
2024-04-26T23:39:54.491+0000 7f6932800700 1 --2- 172.21.15.49:0/2101414227 >> [v2:172.21.15.49:3300/0,v1:172.21.15.49:6789/0] conn(0x7f6934101740 0x7f69341137d0 secure :-1 s=READY pgs=83 cs=0 l=1 rev1=1 crypto rx=0x7f69240090b0 tx=0x7f6924009250 comp rx=0 tx=0).ready entity=mon.0 client_cookie=0 server_cookie=0 in_seq=0 out_seq=0
2024-04-26T23:39:55.762 INFO:teuthology.orchestra.run.smithi049.stdout:/usr/bin/ceph: stderr
2024-04-26T23:39:54.491+0000 7f692aa00700 1 -- 172.21.15.49:0/2101414227 <== mon.0 v2:172.21.15.49:3300/0 1 ==== mon_map magic: 0 v1 ==== 229+0+0 (secure 0 0 0) 0x7f6924010840 con 0x7f6934101740
2024-04-26T23:39:55.762 INFO:teuthology.orchestra.run.smithi049.stdout:/usr/bin/ceph: stderr
2024-04-26T23:39:54.491+0000 7f692aa00700 1 -- 172.21.15.49:0/2101414227 <== mon.0 v2:172.21.15.49:3300/0 2 ==== config(27 keys) v1 ==== 1109+0+0 (secure 0 0 0) 0x7f6924010e70 con 0x7f6934101740
2024-04-26T23:39:55.762 INFO:teuthology.orchestra.run.smithi049.stdout:/usr/bin/ceph: stderr
2024-04-26T23:39:54.491+0000 7f6939400700 1 -- 172.21.15.49:0/2101414227 --> [v2:172.21.15.49:3300/0,v1:172.21.15.49:6789/0] -- mon_subscribe({mgrmap=0+}) v3 -- 0x7f6934113f10 con 0x7f6934101740
2024-04-26T23:39:55.763 INFO:teuthology.orchestra.run.smithi049.stdout:/usr/bin/ceph: stderr
2024-04-26T23:39:54.491+0000 7f692aa00700 1 -- 172.21.15.49:0/2101414227 <== mon.0 v2:172.21.15.49:3300/0 3 ==== mon_map magic: 0 v1 ==== 229+0+0 (secure 0 0 0) 0x7f6924024e40 con 0x7f6934101740
2024-04-26T23:39:55.763 INFO:teuthology.orchestra.run.smithi049.stdout:/usr/bin/ceph: stderr
2024-04-26T23:39:54.492+0000 7f6939400700 1 -- 172.21.15.49:0/2101414227 --> [v2:172.21.15.49:3300/0,v1:172.21.15.49:6789/0] -- mon_subscribe({osdmap=0}) v3 -- 0x7f6934114a80 con 0x7f6934101740
2024-04-26T23:39:55.763 INFO:teuthology.orchestra.run.smithi049.stdout:/usr/bin/ceph: stderr
2024-04-26T23:39:54.493+0000 7f6939400700 1 -- 172.21.15.49:0/2101414227 --> [v2:172.21.15.49:3300/0,v1:172.21.15.49:6789/0] -- mon_command({"prefix": "get_command_descriptions"} v 0) v1 -- 0x7f693405f5c0 con 0x7f6934101740
2024-04-26T23:39:55.763 INFO:teuthology.orchestra.run.smithi049.stdout:/usr/bin/ceph: stderr
2024-04-26T23:39:54.493+0000 7f692aa00700 1 -- 172.21.15.49:0/2101414227 <== mon.0 v2:172.21.15.49:3300/0 4 ==== mgrmap(e 12) v1 ==== 43389+0+0 (secure 0 0 0) 0x7f6924024430 con 0x7f6934101740
2024-04-26T23:39:55.763 INFO:teuthology.orchestra.run.smithi049.stdout:/usr/bin/ceph: stderr
2024-04-26T23:39:54.493+0000 7f692aa00700 1 --2- 172.21.15.49:0/2101414227 >> [v2:172.21.15.49:6800/1267942615,v1:172.21.15.49:6801/1267942615] conn(0x7f69180368f0 0x7f6918038da0 unknown :-1 s=NONE pgs=0 cs=0 l=1 rev1=0 crypto rx=0 tx=0 comp rx=0 tx=0).connect
2024-04-26T23:39:55.763 INFO:teuthology.orchestra.run.smithi049.stdout:/usr/bin/ceph: stderr
2024-04-26T23:39:54.494+0000 7f692aa00700 1 -- 172.21.15.49:0/2101414227 <== mon.0 v2:172.21.15.49:3300/0 5 ==== osd_map(3..3 src has 1..3) v4 ==== 1151+0+0 (secure 0 0 0) 0x7f692404a930 con 0x7f6934101740
2024-04-26T23:39:55.763 INFO:teuthology.orchestra.run.smithi049.stdout:/usr/bin/ceph: stderr
2024-04-26T23:39:54.494+0000 7f6931e00700 1 --2- 172.21.15.49:0/2101414227 >> [v2:172.21.15.49:6800/1267942615,v1:172.21.15.49:6801/1267942615] conn(0x7f69180368f0 0x7f6918038da0 unknown :-1 s=BANNER_CONNECTING pgs=0 cs=0 l=1 rev1=0 crypto rx=0 tx=0 comp rx=0 tx=0)._handle_peer_banner_payload supported=3 required=0
2024-04-26T23:39:55.763 INFO:teuthology.orchestra.run.smithi049.stdout:/usr/bin/ceph: stderr
2024-04-26T23:39:54.495+0000 7f6931e00700 1 --2- 172.21.15.49:0/2101414227 >> [v2:172.21.15.49:6800/1267942615,v1:172.21.15.49:6801/1267942615] conn(0x7f69180368f0 0x7f6918038da0 secure :-1 s=READY pgs=8 cs=0 l=1 rev1=1 crypto rx=0x7f6920009990 tx=0x7f6920006e40 comp rx=0 tx=0).ready entity=mgr.14162 client_cookie=0 server_cookie=0 in_seq=0 out_seq=0
2024-04-26T23:39:55.763 INFO:teuthology.orchestra.run.smithi049.stdout:/usr/bin/ceph: stderr
2024-04-26T23:39:54.499+0000 7f692aa00700 1 -- 172.21.15.49:0/2101414227 <== mon.0 v2:172.21.15.49:3300/0 6 ==== mon_command_ack([{"prefix": "get_command_descriptions"}]=0 v0) v1 ==== 72+0+176702 (secure 0 0 0) 0x7f692402c930 con 0x7f6934101740
2024-04-26T23:39:55.763 INFO:teuthology.orchestra.run.smithi049.stdout:/usr/bin/ceph: stderr
2024-04-26T23:39:54.738+0000 7f6939400700 1 -- 172.21.15.49:0/2101414227 --> [v2:172.21.15.49:6800/1267942615,v1:172.21.15.49:6801/1267942615] -- mgr_command(tid 0: {"prefix": "dashboard ac-user-create", "username": "admin", "rolename": "administrator", "force_password": true, "pwd_update_required": true, "target": ["mon-mgr", ""]}) v1 -- 0x7f693405f3b0 con 0x7f69180368f0
2024-04-26T23:39:55.763 INFO:teuthology.orchestra.run.smithi049.stdout:/usr/bin/ceph: stderr
2024-04-26T23:39:55.000+0000 7f692aa00700 1 -- 172.21.15.49:0/2101414227 <== mgr.14162 v2:172.21.15.49:6800/1267942615 1 ==== mgr_command_reply(tid 0: 0 ) v1 ==== 8+0+252 (secure 0 0 0) 0x7f693405f3b0 con 0x7f69180368f0
2024-04-26T23:39:55.763 INFO:teuthology.orchestra.run.smithi049.stdout:/usr/bin/ceph: stderr
2024-04-26T23:39:55.003+0000 7f6939400700 1 -- 172.21.15.49:0/2101414227 >> [v2:172.21.15.49:6800/1267942615,v1:172.21.15.49:6801/1267942615] conn(0x7f69180368f0 msgr2=0x7f6918038da0 secure :-1 s=STATE_CONNECTION_ESTABLISHED l=1).mark_down
2024-04-26T23:39:55.763 INFO:teuthology.orchestra.run.smithi049.stdout:/usr/bin/ceph: stderr
2024-04-26T23:39:55.003+0000 7f6939400700 1 --2- 172.21.15.49:0/2101414227 >> [v2:172.21.15.49:6800/1267942615,v1:172.21.15.49:6801/1267942615] conn(0x7f69180368f0 0x7f6918038da0 secure :-1 s=READY pgs=8 cs=0 l=1 rev1=1 crypto rx=0x7f6920009990 tx=0x7f6920006e40 comp rx=0 tx=0).stop
2024-04-26T23:39:55.764 INFO:teuthology.orchestra.run.smithi049.stdout:/usr/bin/ceph: stderr
2024-04-26T23:39:55.003+0000 7f6939400700 1 -- 172.21.15.49:0/2101414227 >> [v2:172.21.15.49:3300/0,v1:172.21.15.49:6789/0] conn(0x7f6934101740 msgr2=0x7f69341137d0 secure :-1 s=STATE_CONNECTION_ESTABLISHED l=1).mark_down
2024-04-26T23:39:55.764 INFO:teuthology.orchestra.run.smithi049.stdout:/usr/bin/ceph: stderr
2024-04-26T23:39:55.003+0000 7f6939400700 1 --2- 172.21.15.49:0/2101414227 >> [v2:172.21.15.49:3300/0,v1:172.21.15.49:6789/0] conn(0x7f6934101740 0x7f69341137d0 secure :-1 s=READY pgs=83 cs=0 l=1 rev1=1 crypto rx=0x7f69240090b0 tx=0x7f6924009250 comp rx=0 tx=0).stop
2024-04-26T23:39:55.764 INFO:teuthology.orchestra.run.smithi049.stdout:/usr/bin/ceph: stderr
2024-04-26T23:39:55.003+0000 7f6939400700 1 -- 172.21.15.49:0/2101414227 shutdown_connections
2024-04-26T23:39:55.764 INFO:teuthology.orchestra.run.smithi049.stdout:/usr/bin/ceph: stderr
2024-04-26T23:39:55.003+0000 7f6939400700 1 --2- 172.21.15.49:0/2101414227 >> [v2:172.21.15.49:6800/1267942615,v1:172.21.15.49:6801/1267942615] conn(0x7f69180368f0 0x7f6918038da0 unknown :-1 s=CLOSED pgs=8 cs=0 l=1 rev1=1 crypto rx=0 tx=0 comp rx=0 tx=0).stop
2024-04-26T23:39:55.764 INFO:teuthology.orchestra.run.smithi049.stdout:/usr/bin/ceph: stderr
2024-04-26T23:39:55.003+0000 7f6939400700 1 --2- 172.21.15.49:0/2101414227 >> [v2:172.21.15.49:3300/0,v1:172.21.15.49:6789/0] conn(0x7f6934101740 0x7f69341137d0 unknown :-1 s=CLOSED pgs=83 cs=0 l=1 rev1=1 crypto rx=0 tx=0 comp rx=0 tx=0).stop
2024-04-26T23:39:55.764 INFO:teuthology.orchestra.run.smithi049.stdout:/usr/bin/ceph: stderr
2024-04-26T23:39:55.003+0000 7f6939400700 1 -- 172.21.15.49:0/2101414227 >> 172.21.15.49:0/2101414227 conn(0x7f69340fcec0 msgr2=0x7f69340fdce0 unknown :-1 s=STATE_NONE l=0).mark_down
2024-04-26T23:39:55.764 INFO:teuthology.orchestra.run.smithi049.stdout:/usr/bin/ceph: stderr
2024-04-26T23:39:55.003+0000 7f6939400700 1 -- 172.21.15.49:0/2101414227 shutdown_connections
2024-04-26T23:39:55.764 INFO:teuthology.orchestra.run.smithi049.stdout:/usr/bin/ceph: stderr
2024-04-26T23:39:55.003+0000 7f6939400700 1 -- 172.21.15.49:0/2101414227 wait complete.
2024-04-26T23:39:55.764 INFO:teuthology.orchestra.run.smithi049.stdout:Fetching dashboard port number...
2024-04-26T23:39:56.349 INFO:journalctl@ceph.mon.smithi049.smithi049.stdout:Apr 26 23:39:56 smithi049 ceph-mon[25514]: from='client.14176 -' entity='client.admin' cmd=[{"prefix": "dashboard ac-user-create", "username": "admin", "rolename": "administrator", "force_password": true, "pwd_update_required": true, "target": ["mon-mgr", ""]}]: dispatch
2024-04-26T23:39:56.350 INFO:journalctl@ceph.mon.smithi049.smithi049.stdout:Apr 26 23:39:56 smithi049 ceph-mon[25514]: from='mgr.14162 172.21.15.49:0/1679262833' entity='mgr.smithi049.yrkvlb'
2024-04-26T23:39:57.349 INFO:journalctl@ceph.mon.smithi049.smithi049.stdout:Apr 26 23:39:57 smithi049 ceph-mon[25514]: mgrmap e13: smithi049.yrkvlb(active, since 6s)
2024-04-26T23:39:57.680 INFO:teuthology.orchestra.run.smithi049.stdout:/usr/bin/ceph: stdout 8443
2024-04-26T23:39:57.681 INFO:teuthology.orchestra.run.smithi049.stdout:/usr/bin/ceph: stderr
2024-04-26T23:39:56.786+0000 7fd011400700 1 Processor -- start
2024-04-26T23:39:57.681 INFO:teuthology.orchestra.run.smithi049.stdout:/usr/bin/ceph: stderr
2024-04-26T23:39:56.786+0000 7fd011400700 1 -- start start
2024-04-26T23:39:57.681 INFO:teuthology.orchestra.run.smithi049.stdout:/usr/bin/ceph: stderr
2024-04-26T23:39:56.786+0000 7fd011400700 1 --2- >> [v2:172.21.15.49:3300/0,v1:172.21.15.49:6789/0] conn(0x7fd00c104bb0 0x7fd00c104fc0 unknown :-1 s=NONE pgs=0 cs=0 l=0 rev1=0 crypto rx=0 tx=0 comp rx=0 tx=0).connect
2024-04-26T23:39:57.681 INFO:teuthology.orchestra.run.smithi049.stdout:/usr/bin/ceph: stderr
2024-04-26T23:39:56.786+0000 7fd011400700 1 -- --> [v2:172.21.15.49:3300/0,v1:172.21.15.49:6789/0] -- mon_getmap magic: 0 v1 -- 0x7fd00c105590 con 0x7fd00c104bb0
2024-04-26T23:39:57.685 INFO:teuthology.orchestra.run.smithi049.stdout:/usr/bin/ceph: stderr
2024-04-26T23:39:56.787+0000 7fd00a800700 1 --2- >> [v2:172.21.15.49:3300/0,v1:172.21.15.49:6789/0] conn(0x7fd00c104bb0 0x7fd00c104fc0 unknown :-1 s=BANNER_CONNECTING pgs=0 cs=0 l=0 rev1=0 crypto rx=0 tx=0 comp rx=0 tx=0)._handle_peer_banner_payload supported=3 required=0
2024-04-26T23:39:57.685 INFO:teuthology.orchestra.run.smithi049.stdout:/usr/bin/ceph: stderr
2024-04-26T23:39:56.787+0000 7fd00a800700 1 --2- >> [v2:172.21.15.49:3300/0,v1:172.21.15.49:6789/0] conn(0x7fd00c104bb0 0x7fd00c104fc0 unknown :-1 s=HELLO_CONNECTING pgs=0 cs=0 l=0 rev1=1 crypto rx=0 tx=0 comp rx=0 tx=0).handle_hello peer v2:172.21.15.49:3300/0 says I am v2:172.21.15.49:34936/0 (socket says 172.21.15.49:34936)
2024-04-26T23:39:57.685 INFO:teuthology.orchestra.run.smithi049.stdout:/usr/bin/ceph: stderr
2024-04-26T23:39:56.787+0000 7fd00a800700 1 -- 172.21.15.49:0/1769565890 learned_addr learned my addr 172.21.15.49:0/1769565890 (peer_addr_for_me v2:172.21.15.49:0/0)
2024-04-26T23:39:57.685 INFO:teuthology.orchestra.run.smithi049.stdout:/usr/bin/ceph: stderr
2024-04-26T23:39:56.787+0000 7fd00a800700 1 -- 172.21.15.49:0/1769565890 --> [v2:172.21.15.49:3300/0,v1:172.21.15.49:6789/0] -- mon_subscribe({config=0+,monmap=0+}) v3 -- 0x7fd00c1056d0 con 0x7fd00c104bb0
2024-04-26T23:39:57.685 INFO:teuthology.orchestra.run.smithi049.stdout:/usr/bin/ceph: stderr
2024-04-26T23:39:56.788+0000 7fd00a800700 1 --2- 172.21.15.49:0/1769565890 >> [v2:172.21.15.49:3300/0,v1:172.21.15.49:6789/0] conn(0x7fd00c104bb0 0x7fd00c104fc0 secure :-1 s=READY pgs=84 cs=0 l=1 rev1=1 crypto rx=0x7fcffc0098e0 tx=0x7fcffc009250 comp rx=0 tx=0).ready entity=mon.0 client_cookie=17bb45a9b0c87b23 server_cookie=0 in_seq=0 out_seq=0
2024-04-26T23:39:57.685 INFO:teuthology.orchestra.run.smithi049.stdout:/usr/bin/ceph: stderr
2024-04-26T23:39:56.788+0000 7fd009400700 1 -- 172.21.15.49:0/1769565890 <== mon.0 v2:172.21.15.49:3300/0 1 ==== mon_map magic: 0 v1 ==== 229+0+0 (secure 0 0 0) 0x7fcffc00b860 con 0x7fd00c104bb0
2024-04-26T23:39:57.685 INFO:teuthology.orchestra.run.smithi049.stdout:/usr/bin/ceph: stderr
2024-04-26T23:39:56.788+0000 7fd009400700 1 -- 172.21.15.49:0/1769565890 <== mon.0 v2:172.21.15.49:3300/0 2 ==== config(27 keys) v1 ==== 1109+0+0 (secure 0 0 0) 0x7fcffc00be90 con 0x7fd00c104bb0
2024-04-26T23:39:57.685 INFO:teuthology.orchestra.run.smithi049.stdout:/usr/bin/ceph: stderr
2024-04-26T23:39:56.788+0000 7fd009400700 1 -- 172.21.15.49:0/1769565890 <== mon.0 v2:172.21.15.49:3300/0 3 ==== mon_map magic: 0 v1 ==== 229+0+0 (secure 0 0 0) 0x7fcffc0103c0 con 0x7fd00c104bb0
2024-04-26T23:39:57.685 INFO:teuthology.orchestra.run.smithi049.stdout:/usr/bin/ceph: stderr
2024-04-26T23:39:56.789+0000 7fd011400700 1 -- 172.21.15.49:0/1769565890 >> [v2:172.21.15.49:3300/0,v1:172.21.15.49:6789/0] conn(0x7fd00c104bb0 msgr2=0x7fd00c104fc0 secure :-1 s=STATE_CONNECTION_ESTABLISHED l=1).mark_down
2024-04-26T23:39:57.685 INFO:teuthology.orchestra.run.smithi049.stdout:/usr/bin/ceph: stderr
2024-04-26T23:39:56.789+0000 7fd011400700 1 --2- 172.21.15.49:0/1769565890 >> [v2:172.21.15.49:3300/0,v1:172.21.15.49:6789/0] conn(0x7fd00c104bb0 0x7fd00c104fc0 secure :-1 s=READY pgs=84 cs=0 l=1 rev1=1 crypto rx=0x7fcffc0098e0 tx=0x7fcffc009250 comp rx=0 tx=0).stop
2024-04-26T23:39:57.686 INFO:teuthology.orchestra.run.smithi049.stdout:/usr/bin/ceph: stderr
2024-04-26T23:39:56.789+0000 7fd011400700 1 -- 172.21.15.49:0/1769565890 shutdown_connections
2024-04-26T23:39:57.686 INFO:teuthology.orchestra.run.smithi049.stdout:/usr/bin/ceph: stderr
2024-04-26T23:39:56.789+0000 7fd011400700 1 --2- 172.21.15.49:0/1769565890 >> [v2:172.21.15.49:3300/0,v1:172.21.15.49:6789/0] conn(0x7fd00c104bb0 0x7fd00c104fc0 unknown :-1 s=CLOSED pgs=84 cs=0 l=1 rev1=1 crypto rx=0 tx=0 comp rx=0 tx=0).stop
2024-04-26T23:39:57.686 INFO:teuthology.orchestra.run.smithi049.stdout:/usr/bin/ceph: stderr
2024-04-26T23:39:56.789+0000 7fd011400700 1 -- 172.21.15.49:0/1769565890 >> 172.21.15.49:0/1769565890 conn(0x7fd00c078300 msgr2=0x7fd00c078700 unknown :-1 s=STATE_NONE l=0).mark_down
2024-04-26T23:39:57.686 INFO:teuthology.orchestra.run.smithi049.stdout:/usr/bin/ceph: stderr
2024-04-26T23:39:56.789+0000 7fd011400700 1 -- 172.21.15.49:0/1769565890 shutdown_connections
2024-04-26T23:39:57.686 INFO:teuthology.orchestra.run.smithi049.stdout:/usr/bin/ceph: stderr
2024-04-26T23:39:56.789+0000 7fd011400700 1 -- 172.21.15.49:0/1769565890 wait complete.
2024-04-26T23:39:57.686 INFO:teuthology.orchestra.run.smithi049.stdout:/usr/bin/ceph: stderr
2024-04-26T23:39:56.790+0000 7fd011400700 1 Processor -- start
2024-04-26T23:39:57.686 INFO:teuthology.orchestra.run.smithi049.stdout:/usr/bin/ceph: stderr
2024-04-26T23:39:56.790+0000 7fd011400700 1 -- start start
2024-04-26T23:39:57.687 INFO:teuthology.orchestra.run.smithi049.stdout:/usr/bin/ceph: stderr
2024-04-26T23:39:56.790+0000 7fd011400700 1 --2- >> [v2:172.21.15.49:3300/0,v1:172.21.15.49:6789/0] conn(0x7fd00c104bb0 0x7fd00c113820 unknown :-1 s=NONE pgs=0 cs=0 l=1 rev1=0 crypto rx=0 tx=0 comp rx=0 tx=0).connect
2024-04-26T23:39:57.687 INFO:teuthology.orchestra.run.smithi049.stdout:/usr/bin/ceph: stderr
2024-04-26T23:39:56.790+0000 7fd011400700 1 -- --> [v2:172.21.15.49:3300/0,v1:172.21.15.49:6789/0] -- mon_getmap magic: 0 v1 -- 0x7fd00c113d60 con 0x7fd00c104bb0
2024-04-26T23:39:57.688 INFO:teuthology.orchestra.run.smithi049.stdout:/usr/bin/ceph: stderr
2024-04-26T23:39:56.791+0000 7fd00a800700 1 --2- >> [v2:172.21.15.49:3300/0,v1:172.21.15.49:6789/0] conn(0x7fd00c104bb0 0x7fd00c113820 unknown :-1 s=BANNER_CONNECTING pgs=0 cs=0 l=1 rev1=0 crypto rx=0 tx=0 comp rx=0 tx=0)._handle_peer_banner_payload supported=3 required=0
2024-04-26T23:39:57.688 INFO:teuthology.orchestra.run.smithi049.stdout:/usr/bin/ceph: stderr
2024-04-26T23:39:56.791+0000 7fd00a800700 1 --2- >> [v2:172.21.15.49:3300/0,v1:172.21.15.49:6789/0] conn(0x7fd00c104bb0 0x7fd00c113820 unknown :-1 s=HELLO_CONNECTING pgs=0 cs=0 l=1 rev1=1 crypto rx=0 tx=0 comp rx=0 tx=0).handle_hello peer v2:172.21.15.49:3300/0 says I am v2:172.21.15.49:34950/0 (socket says 172.21.15.49:34950)
2024-04-26T23:39:57.688 INFO:teuthology.orchestra.run.smithi049.stdout:/usr/bin/ceph: stderr
2024-04-26T23:39:56.791+0000 7fd00a800700 1 -- 172.21.15.49:0/1986763394 learned_addr learned my addr 172.21.15.49:0/1986763394 (peer_addr_for_me v2:172.21.15.49:0/0)
2024-04-26T23:39:57.688 INFO:teuthology.orchestra.run.smithi049.stdout:/usr/bin/ceph: stderr
2024-04-26T23:39:56.791+0000 7fd00a800700 1 -- 172.21.15.49:0/1986763394 --> [v2:172.21.15.49:3300/0,v1:172.21.15.49:6789/0] -- mon_subscribe({config=0+,monmap=0+}) v3 -- 0x7fcffc0094f0 con 0x7fd00c104bb0
2024-04-26T23:39:57.688 INFO:teuthology.orchestra.run.smithi049.stdout:/usr/bin/ceph: stderr
2024-04-26T23:39:56.791+0000 7fd00a800700 1 --2- 172.21.15.49:0/1986763394 >> [v2:172.21.15.49:3300/0,v1:172.21.15.49:6789/0] conn(0x7fd00c104bb0 0x7fd00c113820 secure :-1 s=READY pgs=85 cs=0 l=1 rev1=1 crypto rx=0x7fcffc006d40 tx=0x7fcffc009250 comp rx=0 tx=0).ready entity=mon.0 client_cookie=0 server_cookie=0 in_seq=0 out_seq=0
2024-04-26T23:39:57.688 INFO:teuthology.orchestra.run.smithi049.stdout:/usr/bin/ceph: stderr
2024-04-26T23:39:56.792+0000 7fd002a00700 1 -- 172.21.15.49:0/1986763394 <== mon.0 v2:172.21.15.49:3300/0 1 ==== mon_map magic: 0 v1 ==== 229+0+0 (secure 0 0 0) 0x7fcffc010840 con 0x7fd00c104bb0
2024-04-26T23:39:57.688 INFO:teuthology.orchestra.run.smithi049.stdout:/usr/bin/ceph: stderr
2024-04-26T23:39:56.792+0000 7fd002a00700 1 -- 172.21.15.49:0/1986763394 <== mon.0 v2:172.21.15.49:3300/0 2 ==== config(27 keys) v1 ==== 1109+0+0 (secure 0 0 0) 0x7fcffc010e70 con 0x7fd00c104bb0
2024-04-26T23:39:57.688 INFO:teuthology.orchestra.run.smithi049.stdout:/usr/bin/ceph: stderr
2024-04-26T23:39:56.792+0000 7fd011400700 1 -- 172.21.15.49:0/1986763394 --> [v2:172.21.15.49:3300/0,v1:172.21.15.49:6789/0] -- mon_subscribe({mgrmap=0+}) v3 -- 0x7fd00c113f60 con 0x7fd00c104bb0
2024-04-26T23:39:57.688 INFO:teuthology.orchestra.run.smithi049.stdout:/usr/bin/ceph: stderr
2024-04-26T23:39:56.792+0000 7fd002a00700 1 -- 172.21.15.49:0/1986763394 <== mon.0 v2:172.21.15.49:3300/0 3 ==== mon_map magic: 0 v1 ==== 229+0+0 (secure 0 0 0) 0x7fcffc024ea0 con 0x7fd00c104bb0
2024-04-26T23:39:57.689 INFO:teuthology.orchestra.run.smithi049.stdout:/usr/bin/ceph: stderr
2024-04-26T23:39:56.792+0000 7fd011400700 1 -- 172.21.15.49:0/1986763394 --> [v2:172.21.15.49:3300/0,v1:172.21.15.49:6789/0] -- mon_subscribe({osdmap=0}) v3 -- 0x7fd00c114ad0 con 0x7fd00c104bb0
2024-04-26T23:39:57.689 INFO:teuthology.orchestra.run.smithi049.stdout:/usr/bin/ceph: stderr
2024-04-26T23:39:56.793+0000 7fd011400700 1 -- 172.21.15.49:0/1986763394 --> [v2:172.21.15.49:3300/0,v1:172.21.15.49:6789/0] -- mon_command({"prefix": "get_command_descriptions"} v 0) v1 -- 0x7fd00c05f5c0 con 0x7fd00c104bb0
2024-04-26T23:39:57.689 INFO:teuthology.orchestra.run.smithi049.stdout:/usr/bin/ceph: stderr
2024-04-26T23:39:56.793+0000 7fd002a00700 1 -- 172.21.15.49:0/1986763394 <== mon.0 v2:172.21.15.49:3300/0 4 ==== mgrmap(e 13) v1 ==== 43432+0+0 (secure 0 0 0) 0x7fcffc024780 con 0x7fd00c104bb0
2024-04-26T23:39:57.689 INFO:teuthology.orchestra.run.smithi049.stdout:/usr/bin/ceph: stderr
2024-04-26T23:39:56.794+0000 7fd002a00700 1 --2- 172.21.15.49:0/1986763394 >> [v2:172.21.15.49:6800/1267942615,v1:172.21.15.49:6801/1267942615] conn(0x7fcff0036940 0x7fcff0038df0 unknown :-1 s=NONE pgs=0 cs=0 l=1 rev1=0 crypto rx=0 tx=0 comp rx=0 tx=0).connect
2024-04-26T23:39:57.689 INFO:teuthology.orchestra.run.smithi049.stdout:/usr/bin/ceph: stderr
2024-04-26T23:39:56.794+0000 7fd002a00700 1 -- 172.21.15.49:0/1986763394 <== mon.0 v2:172.21.15.49:3300/0 5 ==== osd_map(3..3 src has 1..3) v4 ==== 1151+0+0 (secure 0 0 0) 0x7fcffc04a970 con 0x7fd00c104bb0
2024-04-26T23:39:57.690 INFO:teuthology.orchestra.run.smithi049.stdout:/usr/bin/ceph: stderr
2024-04-26T23:39:56.794+0000 7fd009e00700 1 --2- 172.21.15.49:0/1986763394 >> [v2:172.21.15.49:6800/1267942615,v1:172.21.15.49:6801/1267942615] conn(0x7fcff0036940 0x7fcff0038df0 unknown :-1 s=BANNER_CONNECTING pgs=0 cs=0 l=1 rev1=0 crypto rx=0 tx=0 comp rx=0 tx=0)._handle_peer_banner_payload supported=3 required=0
2024-04-26T23:39:57.690 INFO:teuthology.orchestra.run.smithi049.stdout:/usr/bin/ceph: stderr
2024-04-26T23:39:56.795+0000 7fd009e00700 1 --2- 172.21.15.49:0/1986763394 >> [v2:172.21.15.49:6800/1267942615,v1:172.21.15.49:6801/1267942615] conn(0x7fcff0036940 0x7fcff0038df0 secure :-1 s=READY pgs=9 cs=0 l=1 rev1=1 crypto rx=0x7fcff8009990 tx=0x7fcff8006e40 comp rx=0 tx=0).ready entity=mgr.14162 client_cookie=0 server_cookie=0 in_seq=0 out_seq=0
2024-04-26T23:39:57.690 INFO:teuthology.orchestra.run.smithi049.stdout:/usr/bin/ceph: stderr
2024-04-26T23:39:56.799+0000 7fd002a00700 1 -- 172.21.15.49:0/1986763394 <== mon.0 v2:172.21.15.49:3300/0 6 ==== mon_command_ack([{"prefix": "get_command_descriptions"}]=0 v0) v1 ==== 72+0+176702 (secure 0 0 0) 0x7fcffc02c930 con 0x7fd00c104bb0
2024-04-26T23:39:57.691 INFO:teuthology.orchestra.run.smithi049.stdout:/usr/bin/ceph: stderr
2024-04-26T23:39:57.018+0000 7fd011400700 1 -- 172.21.15.49:0/1986763394 --> [v2:172.21.15.49:3300/0,v1:172.21.15.49:6789/0] -- mon_command({"prefix": "config get", "who": "mgr", "key": "mgr/dashboard/ssl_server_port"} v 0) v1 -- 0x7fd00c04bed0 con 0x7fd00c104bb0
2024-04-26T23:39:57.691 INFO:teuthology.orchestra.run.smithi049.stdout:/usr/bin/ceph: stderr
2024-04-26T23:39:57.019+0000 7fd002a00700 1 -- 172.21.15.49:0/1986763394 <== mon.0 v2:172.21.15.49:3300/0 7 ==== mon_command_ack([{"prefix": "config get", "who": "mgr", "key": "mgr/dashboard/ssl_server_port"}]=0 v8) v1 ==== 112+0+5 (secure 0 0 0) 0x7fcffc02c340 con 0x7fd00c104bb0
2024-04-26T23:39:57.691 INFO:teuthology.orchestra.run.smithi049.stdout:/usr/bin/ceph: stderr
2024-04-26T23:39:57.022+0000 7fd011400700 1 -- 172.21.15.49:0/1986763394 >> [v2:172.21.15.49:6800/1267942615,v1:172.21.15.49:6801/1267942615] conn(0x7fcff0036940 msgr2=0x7fcff0038df0 secure :-1 s=STATE_CONNECTION_ESTABLISHED l=1).mark_down
2024-04-26T23:39:57.691 INFO:teuthology.orchestra.run.smithi049.stdout:/usr/bin/ceph: stderr
2024-04-26T23:39:57.022+0000 7fd011400700 1 --2- 172.21.15.49:0/1986763394 >> [v2:172.21.15.49:6800/1267942615,v1:172.21.15.49:6801/1267942615] conn(0x7fcff0036940 0x7fcff0038df0 secure :-1 s=READY pgs=9 cs=0 l=1 rev1=1 crypto rx=0x7fcff8009990 tx=0x7fcff8006e40 comp rx=0 tx=0).stop
2024-04-26T23:39:57.691 INFO:teuthology.orchestra.run.smithi049.stdout:/usr/bin/ceph: stderr
2024-04-26T23:39:57.022+0000 7fd011400700 1 -- 172.21.15.49:0/1986763394 >> [v2:172.21.15.49:3300/0,v1:172.21.15.49:6789/0] conn(0x7fd00c104bb0 msgr2=0x7fd00c113820 secure :-1 s=STATE_CONNECTION_ESTABLISHED l=1).mark_down
2024-04-26T23:39:57.691 INFO:teuthology.orchestra.run.smithi049.stdout:/usr/bin/ceph: stderr
2024-04-26T23:39:57.022+0000 7fd011400700 1 --2- 172.21.15.49:0/1986763394 >> [v2:172.21.15.49:3300/0,v1:172.21.15.49:6789/0] conn(0x7fd00c104bb0 0x7fd00c113820 secure :-1 s=READY pgs=85 cs=0 l=1 rev1=1 crypto rx=0x7fcffc006d40 tx=0x7fcffc009250 comp rx=0 tx=0).stop
2024-04-26T23:39:57.691 INFO:teuthology.orchestra.run.smithi049.stdout:/usr/bin/ceph: stderr
2024-04-26T23:39:57.022+0000 7fd011400700 1 -- 172.21.15.49:0/1986763394 shutdown_connections
2024-04-26T23:39:57.692 INFO:teuthology.orchestra.run.smithi049.stdout:/usr/bin/ceph: stderr
2024-04-26T23:39:57.022+0000 7fd011400700 1 --2- 172.21.15.49:0/1986763394 >> [v2:172.21.15.49:6800/1267942615,v1:172.21.15.49:6801/1267942615] conn(0x7fcff0036940 0x7fcff0038df0 unknown :-1 s=CLOSED pgs=9 cs=0 l=1 rev1=1 crypto rx=0 tx=0 comp rx=0 tx=0).stop
2024-04-26T23:39:57.692 INFO:teuthology.orchestra.run.smithi049.stdout:/usr/bin/ceph: stderr
2024-04-26T23:39:57.022+0000 7fd011400700 1 --2- 172.21.15.49:0/1986763394 >> [v2:172.21.15.49:3300/0,v1:172.21.15.49:6789/0] conn(0x7fd00c104bb0 0x7fd00c113820 unknown :-1 s=CLOSED pgs=85 cs=0 l=1 rev1=1 crypto rx=0 tx=0 comp rx=0 tx=0).stop
2024-04-26T23:39:57.692 INFO:teuthology.orchestra.run.smithi049.stdout:/usr/bin/ceph: stderr
2024-04-26T23:39:57.022+0000 7fd011400700 1 -- 172.21.15.49:0/1986763394 >> 172.21.15.49:0/1986763394 conn(0x7fd00c078300 msgr2=0x7fd00c1024d0 unknown :-1 s=STATE_NONE l=0).mark_down
2024-04-26T23:39:57.692 INFO:teuthology.orchestra.run.smithi049.stdout:/usr/bin/ceph: stderr
2024-04-26T23:39:57.023+0000 7fd011400700 1 -- 172.21.15.49:0/1986763394 shutdown_connections
2024-04-26T23:39:57.692 INFO:teuthology.orchestra.run.smithi049.stdout:/usr/bin/ceph: stderr
2024-04-26T23:39:57.023+0000 7fd011400700 1 -- 172.21.15.49:0/1986763394 wait complete.
2024-04-26T23:39:57.732 INFO:teuthology.orchestra.run.smithi049.stdout:Non-zero exit code 1 from systemctl is-enabled firewalld.service
2024-04-26T23:39:57.732 INFO:teuthology.orchestra.run.smithi049.stdout:systemctl: stdout disabled
2024-04-26T23:39:57.761 INFO:teuthology.orchestra.run.smithi049.stdout:Non-zero exit code 3 from systemctl is-active firewalld.service
2024-04-26T23:39:57.762 INFO:teuthology.orchestra.run.smithi049.stdout:systemctl: stdout inactive
2024-04-26T23:39:57.762 INFO:teuthology.orchestra.run.smithi049.stdout:firewalld.service is not enabled
2024-04-26T23:39:57.762 INFO:teuthology.orchestra.run.smithi049.stdout:Not possible to open ports <[8443]>. firewalld.service is not available
2024-04-26T23:39:57.770 INFO:teuthology.orchestra.run.smithi049.stdout:Ceph Dashboard is now available at:
2024-04-26T23:39:57.770 INFO:teuthology.orchestra.run.smithi049.stdout:
2024-04-26T23:39:57.771 INFO:teuthology.orchestra.run.smithi049.stdout: URL: https://smithi049.front.sepia.ceph.com:8443/
2024-04-26T23:39:57.771 INFO:teuthology.orchestra.run.smithi049.stdout: User: admin
2024-04-26T23:39:57.771 INFO:teuthology.orchestra.run.smithi049.stdout: Password: iuvcj76w9g
2024-04-26T23:39:57.771 INFO:teuthology.orchestra.run.smithi049.stdout:
2024-04-26T23:39:57.772 INFO:teuthology.orchestra.run.smithi049.stdout:Saving cluster configuration to /var/lib/ceph/f2ec4624-0425-11ef-bc93-c7b262605968/config directory
2024-04-26T23:39:57.774 INFO:teuthology.orchestra.run.smithi049.stdout:Enabling autotune for osd_memory_target
