2024-04-26T23:39:58.246 INFO:journalctl@ceph.mon.smithi049.smithi049.stdout:Apr 26 23:39:58 smithi049 ceph-mon[25514]: from='client.? 172.21.15.49:0/1986763394' entity='client.admin' cmd=[{"prefix": "config get", "who": "mgr", "key": "mgr/dashboard/ssl_server_port"}]: dispatch
2024-04-26T23:39:59.238 INFO:teuthology.orchestra.run.smithi049.stdout:/usr/bin/ceph: stderr
2024-04-26T23:39:58.411+0000 7f8042200700 1 Processor -- start
2024-04-26T23:39:59.238 INFO:teuthology.orchestra.run.smithi049.stdout:/usr/bin/ceph: stderr
2024-04-26T23:39:58.411+0000 7f8042200700 1 -- start start
2024-04-26T23:39:59.238 INFO:teuthology.orchestra.run.smithi049.stdout:/usr/bin/ceph: stderr
2024-04-26T23:39:58.411+0000 7f8042200700 1 --2- >> [v2:172.21.15.49:3300/0,v1:172.21.15.49:6789/0] conn(0x7f803c07cf60 0x7f803c10bcb0 unknown :-1 s=NONE pgs=0 cs=0 l=0 rev1=0 crypto rx=0 tx=0 comp rx=0 tx=0).connect
2024-04-26T23:39:59.238 INFO:teuthology.orchestra.run.smithi049.stdout:/usr/bin/ceph: stderr
2024-04-26T23:39:58.411+0000 7f8042200700 1 -- --> [v2:172.21.15.49:3300/0,v1:172.21.15.49:6789/0] -- mon_getmap magic: 0 v1 -- 0x7f803c07d400 con 0x7f803c07cf60
2024-04-26T23:39:59.238 INFO:teuthology.orchestra.run.smithi049.stdout:/usr/bin/ceph: stderr
2024-04-26T23:39:58.412+0000 7f803b400700 1 --2- >> [v2:172.21.15.49:3300/0,v1:172.21.15.49:6789/0] conn(0x7f803c07cf60 0x7f803c10bcb0 unknown :-1 s=BANNER_CONNECTING pgs=0 cs=0 l=0 rev1=0 crypto rx=0 tx=0 comp rx=0 tx=0)._handle_peer_banner_payload supported=3 required=0
2024-04-26T23:39:59.238 INFO:teuthology.orchestra.run.smithi049.stdout:/usr/bin/ceph: stderr
2024-04-26T23:39:58.412+0000 7f803b400700 1 --2- >> [v2:172.21.15.49:3300/0,v1:172.21.15.49:6789/0] conn(0x7f803c07cf60 0x7f803c10bcb0 unknown :-1 s=HELLO_CONNECTING pgs=0 cs=0 l=0 rev1=1 crypto rx=0 tx=0 comp rx=0 tx=0).handle_hello peer v2:172.21.15.49:3300/0 says I am v2:172.21.15.49:58480/0 (socket says 172.21.15.49:58480)
2024-04-26T23:39:59.239 INFO:teuthology.orchestra.run.smithi049.stdout:/usr/bin/ceph: stderr
2024-04-26T23:39:58.412+0000 7f803b400700 1 -- 172.21.15.49:0/1755160519 learned_addr learned my addr 172.21.15.49:0/1755160519 (peer_addr_for_me v2:172.21.15.49:0/0)
2024-04-26T23:39:59.239 INFO:teuthology.orchestra.run.smithi049.stdout:/usr/bin/ceph: stderr
2024-04-26T23:39:58.412+0000 7f803b400700 1 -- 172.21.15.49:0/1755160519 --> [v2:172.21.15.49:3300/0,v1:172.21.15.49:6789/0] -- mon_subscribe({config=0+,monmap=0+}) v3 -- 0x7f803c07d540 con 0x7f803c07cf60
2024-04-26T23:39:59.239 INFO:teuthology.orchestra.run.smithi049.stdout:/usr/bin/ceph: stderr
2024-04-26T23:39:58.413+0000 7f803b400700 1 --2- 172.21.15.49:0/1755160519 >> [v2:172.21.15.49:3300/0,v1:172.21.15.49:6789/0] conn(0x7f803c07cf60 0x7f803c10bcb0 secure :-1 s=READY pgs=86 cs=0 l=1 rev1=1 crypto rx=0x7f802c0098e0 tx=0x7f802c009250 comp rx=0 tx=0).ready entity=mon.0 client_cookie=2a86f731db82b960 server_cookie=0 in_seq=0 out_seq=0
2024-04-26T23:39:59.239 INFO:teuthology.orchestra.run.smithi049.stdout:/usr/bin/ceph: stderr
2024-04-26T23:39:58.413+0000 7f803a000700 1 -- 172.21.15.49:0/1755160519 <== mon.0 v2:172.21.15.49:3300/0 1 ==== mon_map magic: 0 v1 ==== 229+0+0 (secure 0 0 0) 0x7f802c00b860 con 0x7f803c07cf60
2024-04-26T23:39:59.239 INFO:teuthology.orchestra.run.smithi049.stdout:/usr/bin/ceph: stderr
2024-04-26T23:39:58.413+0000 7f803a000700 1 -- 172.21.15.49:0/1755160519 <== mon.0 v2:172.21.15.49:3300/0 2 ==== config(27 keys) v1 ==== 1109+0+0 (secure 0 0 0) 0x7f802c00be90 con 0x7f803c07cf60
2024-04-26T23:39:59.239 INFO:teuthology.orchestra.run.smithi049.stdout:/usr/bin/ceph: stderr
2024-04-26T23:39:58.413+0000 7f803a000700 1 -- 172.21.15.49:0/1755160519 <== mon.0 v2:172.21.15.49:3300/0 3 ==== mon_map magic: 0 v1 ==== 229+0+0 (secure 0 0 0) 0x7f802c0103c0 con 0x7f803c07cf60
2024-04-26T23:39:59.239 INFO:teuthology.orchestra.run.smithi049.stdout:/usr/bin/ceph: stderr
2024-04-26T23:39:58.414+0000 7f8042200700 1 -- 172.21.15.49:0/1755160519 >> [v2:172.21.15.49:3300/0,v1:172.21.15.49:6789/0] conn(0x7f803c07cf60 msgr2=0x7f803c10bcb0 secure :-1 s=STATE_CONNECTION_ESTABLISHED l=1).mark_down
2024-04-26T23:39:59.239 INFO:teuthology.orchestra.run.smithi049.stdout:/usr/bin/ceph: stderr
2024-04-26T23:39:58.414+0000 7f8042200700 1 --2- 172.21.15.49:0/1755160519 >> [v2:172.21.15.49:3300/0,v1:172.21.15.49:6789/0] conn(0x7f803c07cf60 0x7f803c10bcb0 secure :-1 s=READY pgs=86 cs=0 l=1 rev1=1 crypto rx=0x7f802c0098e0 tx=0x7f802c009250 comp rx=0 tx=0).stop
2024-04-26T23:39:59.239 INFO:teuthology.orchestra.run.smithi049.stdout:/usr/bin/ceph: stderr
2024-04-26T23:39:58.414+0000 7f8042200700 1 -- 172.21.15.49:0/1755160519 shutdown_connections
2024-04-26T23:39:59.239 INFO:teuthology.orchestra.run.smithi049.stdout:/usr/bin/ceph: stderr
2024-04-26T23:39:58.414+0000 7f8042200700 1 --2- 172.21.15.49:0/1755160519 >> [v2:172.21.15.49:3300/0,v1:172.21.15.49:6789/0] conn(0x7f803c07cf60 0x7f803c10bcb0 unknown :-1 s=CLOSED pgs=86 cs=0 l=1 rev1=1 crypto rx=0 tx=0 comp rx=0 tx=0).stop
2024-04-26T23:39:59.239 INFO:teuthology.orchestra.run.smithi049.stdout:/usr/bin/ceph: stderr
2024-04-26T23:39:58.414+0000 7f8042200700 1 -- 172.21.15.49:0/1755160519 >> 172.21.15.49:0/1755160519 conn(0x7f803c078300 msgr2=0x7f803c07a710 unknown :-1 s=STATE_NONE l=0).mark_down
2024-04-26T23:39:59.239 INFO:teuthology.orchestra.run.smithi049.stdout:/usr/bin/ceph: stderr
2024-04-26T23:39:58.414+0000 7f8042200700 1 -- 172.21.15.49:0/1755160519 shutdown_connections
2024-04-26T23:39:59.239 INFO:teuthology.orchestra.run.smithi049.stdout:/usr/bin/ceph: stderr
2024-04-26T23:39:58.414+0000 7f8042200700 1 -- 172.21.15.49:0/1755160519 wait complete.
2024-04-26T23:39:59.239 INFO:teuthology.orchestra.run.smithi049.stdout:/usr/bin/ceph: stderr
2024-04-26T23:39:58.415+0000 7f8042200700 1 Processor -- start
2024-04-26T23:39:59.240 INFO:teuthology.orchestra.run.smithi049.stdout:/usr/bin/ceph: stderr
2024-04-26T23:39:58.415+0000 7f8042200700 1 -- start start
2024-04-26T23:39:59.240 INFO:teuthology.orchestra.run.smithi049.stdout:/usr/bin/ceph: stderr
2024-04-26T23:39:58.416+0000 7f8042200700 1 --2- >> [v2:172.21.15.49:3300/0,v1:172.21.15.49:6789/0] conn(0x7f803c07cf60 0x7f803c117c20 unknown :-1 s=NONE pgs=0 cs=0 l=1 rev1=0 crypto rx=0 tx=0 comp rx=0 tx=0).connect
2024-04-26T23:39:59.240 INFO:teuthology.orchestra.run.smithi049.stdout:/usr/bin/ceph: stderr
2024-04-26T23:39:58.416+0000 7f8042200700 1 -- --> [v2:172.21.15.49:3300/0,v1:172.21.15.49:6789/0] -- mon_getmap magic: 0 v1 -- 0x7f803c118160 con 0x7f803c07cf60
2024-04-26T23:39:59.240 INFO:teuthology.orchestra.run.smithi049.stdout:/usr/bin/ceph: stderr
2024-04-26T23:39:58.416+0000 7f803b400700 1 --2- >> [v2:172.21.15.49:3300/0,v1:172.21.15.49:6789/0] conn(0x7f803c07cf60 0x7f803c117c20 unknown :-1 s=BANNER_CONNECTING pgs=0 cs=0 l=1 rev1=0 crypto rx=0 tx=0 comp rx=0 tx=0)._handle_peer_banner_payload supported=3 required=0
2024-04-26T23:39:59.240 INFO:teuthology.orchestra.run.smithi049.stdout:/usr/bin/ceph: stderr
2024-04-26T23:39:58.416+0000 7f803b400700 1 --2- >> [v2:172.21.15.49:3300/0,v1:172.21.15.49:6789/0] conn(0x7f803c07cf60 0x7f803c117c20 unknown :-1 s=HELLO_CONNECTING pgs=0 cs=0 l=1 rev1=1 crypto rx=0 tx=0 comp rx=0 tx=0).handle_hello peer v2:172.21.15.49:3300/0 says I am v2:172.21.15.49:58494/0 (socket says 172.21.15.49:58494)
2024-04-26T23:39:59.240 INFO:teuthology.orchestra.run.smithi049.stdout:/usr/bin/ceph: stderr
2024-04-26T23:39:58.416+0000 7f803b400700 1 -- 172.21.15.49:0/1969423015 learned_addr learned my addr 172.21.15.49:0/1969423015 (peer_addr_for_me v2:172.21.15.49:0/0)
2024-04-26T23:39:59.240 INFO:teuthology.orchestra.run.smithi049.stdout:/usr/bin/ceph: stderr
2024-04-26T23:39:58.416+0000 7f803b400700 1 -- 172.21.15.49:0/1969423015 --> [v2:172.21.15.49:3300/0,v1:172.21.15.49:6789/0] -- mon_subscribe({config=0+,monmap=0+}) v3 -- 0x7f802c0094f0 con 0x7f803c07cf60
2024-04-26T23:39:59.240 INFO:teuthology.orchestra.run.smithi049.stdout:/usr/bin/ceph: stderr
2024-04-26T23:39:58.417+0000 7f803b400700 1 --2- 172.21.15.49:0/1969423015 >> [v2:172.21.15.49:3300/0,v1:172.21.15.49:6789/0] conn(0x7f803c07cf60 0x7f803c117c20 secure :-1 s=READY pgs=87 cs=0 l=1 rev1=1 crypto rx=0x7f802c006d40 tx=0x7f802c009250 comp rx=0 tx=0).ready entity=mon.0 client_cookie=0 server_cookie=0 in_seq=0 out_seq=0
2024-04-26T23:39:59.240 INFO:teuthology.orchestra.run.smithi049.stdout:/usr/bin/ceph: stderr
2024-04-26T23:39:58.417+0000 7f8033400700 1 -- 172.21.15.49:0/1969423015 <== mon.0 v2:172.21.15.49:3300/0 1 ==== mon_map magic: 0 v1 ==== 229+0+0 (secure 0 0 0) 0x7f802c010840 con 0x7f803c07cf60
2024-04-26T23:39:59.240 INFO:teuthology.orchestra.run.smithi049.stdout:/usr/bin/ceph: stderr
2024-04-26T23:39:58.417+0000 7f8033400700 1 -- 172.21.15.49:0/1969423015 <== mon.0 v2:172.21.15.49:3300/0 2 ==== config(27 keys) v1 ==== 1109+0+0 (secure 0 0 0) 0x7f802c010e70 con 0x7f803c07cf60
2024-04-26T23:39:59.240 INFO:teuthology.orchestra.run.smithi049.stdout:/usr/bin/ceph: stderr
2024-04-26T23:39:58.417+0000 7f8042200700 1 -- 172.21.15.49:0/1969423015 --> [v2:172.21.15.49:3300/0,v1:172.21.15.49:6789/0] -- mon_subscribe({mgrmap=0+}) v3 -- 0x7f803c118360 con 0x7f803c07cf60
2024-04-26T23:39:59.240 INFO:teuthology.orchestra.run.smithi049.stdout:/usr/bin/ceph: stderr
2024-04-26T23:39:58.417+0000 7f8033400700 1 -- 172.21.15.49:0/1969423015 <== mon.0 v2:172.21.15.49:3300/0 3 ==== mon_map magic: 0 v1 ==== 229+0+0 (secure 0 0 0) 0x7f802c024ea0 con 0x7f803c07cf60
2024-04-26T23:39:59.240 INFO:teuthology.orchestra.run.smithi049.stdout:/usr/bin/ceph: stderr
2024-04-26T23:39:58.417+0000 7f8042200700 1 -- 172.21.15.49:0/1969423015 --> [v2:172.21.15.49:3300/0,v1:172.21.15.49:6789/0] -- mon_subscribe({osdmap=0}) v3 -- 0x7f803c118ed0 con 0x7f803c07cf60
2024-04-26T23:39:59.240 INFO:teuthology.orchestra.run.smithi049.stdout:/usr/bin/ceph: stderr
2024-04-26T23:39:58.418+0000 7f8033400700 1 -- 172.21.15.49:0/1969423015 <== mon.0 v2:172.21.15.49:3300/0 4 ==== mgrmap(e 13) v1 ==== 43432+0+0 (secure 0 0 0) 0x7f802c024780 con 0x7f803c07cf60
2024-04-26T23:39:59.240 INFO:teuthology.orchestra.run.smithi049.stdout:/usr/bin/ceph: stderr
2024-04-26T23:39:58.418+0000 7f8042200700 1 -- 172.21.15.49:0/1969423015 --> [v2:172.21.15.49:3300/0,v1:172.21.15.49:6789/0] -- mon_command({"prefix": "get_command_descriptions"} v 0) v1 -- 0x7f803c05f5c0 con 0x7f803c07cf60
2024-04-26T23:39:59.241 INFO:teuthology.orchestra.run.smithi049.stdout:/usr/bin/ceph: stderr
2024-04-26T23:39:58.419+0000 7f8033400700 1 --2- 172.21.15.49:0/1969423015 >> [v2:172.21.15.49:6800/1267942615,v1:172.21.15.49:6801/1267942615] conn(0x7f8020036940 0x7f8020038df0 unknown :-1 s=NONE pgs=0 cs=0 l=1 rev1=0 crypto rx=0 tx=0 comp rx=0 tx=0).connect
2024-04-26T23:39:59.241 INFO:teuthology.orchestra.run.smithi049.stdout:/usr/bin/ceph: stderr
2024-04-26T23:39:58.419+0000 7f8033400700 1 -- 172.21.15.49:0/1969423015 <== mon.0 v2:172.21.15.49:3300/0 5 ==== osd_map(3..3 src has 1..3) v4 ==== 1151+0+0 (secure 0 0 0) 0x7f802c04a970 con 0x7f803c07cf60
2024-04-26T23:39:59.241 INFO:teuthology.orchestra.run.smithi049.stdout:/usr/bin/ceph: stderr
2024-04-26T23:39:58.419+0000 7f803aa00700 1 --2- 172.21.15.49:0/1969423015 >> [v2:172.21.15.49:6800/1267942615,v1:172.21.15.49:6801/1267942615] conn(0x7f8020036940 0x7f8020038df0 unknown :-1 s=BANNER_CONNECTING pgs=0 cs=0 l=1 rev1=0 crypto rx=0 tx=0 comp rx=0 tx=0)._handle_peer_banner_payload supported=3 required=0
2024-04-26T23:39:59.241 INFO:teuthology.orchestra.run.smithi049.stdout:/usr/bin/ceph: stderr
2024-04-26T23:39:58.420+0000 7f803aa00700 1 --2- 172.21.15.49:0/1969423015 >> [v2:172.21.15.49:6800/1267942615,v1:172.21.15.49:6801/1267942615] conn(0x7f8020036940 0x7f8020038df0 secure :-1 s=READY pgs=10 cs=0 l=1 rev1=1 crypto rx=0x7f8028009990 tx=0x7f8028006e40 comp rx=0 tx=0).ready entity=mgr.14162 client_cookie=0 server_cookie=0 in_seq=0 out_seq=0
2024-04-26T23:39:59.241 INFO:teuthology.orchestra.run.smithi049.stdout:/usr/bin/ceph: stderr
2024-04-26T23:39:58.424+0000 7f8033400700 1 -- 172.21.15.49:0/1969423015 <== mon.0 v2:172.21.15.49:3300/0 6 ==== mon_command_ack([{"prefix": "get_command_descriptions"}]=0 v0) v1 ==== 72+0+176702 (secure 0 0 0) 0x7f802c02c930 con 0x7f803c07cf60
2024-04-26T23:39:59.241 INFO:teuthology.orchestra.run.smithi049.stdout:/usr/bin/ceph: stderr
2024-04-26T23:39:58.639+0000 7f8042200700 1 -- 172.21.15.49:0/1969423015 --> [v2:172.21.15.49:3300/0,v1:172.21.15.49:6789/0] -- mon_command([{prefix=config set, name=osd_memory_target_autotune}] v 0) v1 -- 0x7f803c04bed0 con 0x7f803c07cf60
2024-04-26T23:39:59.241 INFO:teuthology.orchestra.run.smithi049.stdout:/usr/bin/ceph: stderr
2024-04-26T23:39:58.640+0000 7f8033400700 1 -- 172.21.15.49:0/1969423015 <== mon.0 v2:172.21.15.49:3300/0 7 ==== mon_command_ack([{prefix=config set, name=osd_memory_target_autotune}]=0 v8)=0 v8) v1 ==== 127+0+0 (secure 0 0 0) 0x7f802c02c340 con 0x7f803c07cf60
2024-04-26T23:39:59.241 INFO:teuthology.orchestra.run.smithi049.stdout:/usr/bin/ceph: stderr
2024-04-26T23:39:58.643+0000 7f8042200700 1 -- 172.21.15.49:0/1969423015 >> [v2:172.21.15.49:6800/1267942615,v1:172.21.15.49:6801/1267942615] conn(0x7f8020036940 msgr2=0x7f8020038df0 secure :-1 s=STATE_CONNECTION_ESTABLISHED l=1).mark_down
2024-04-26T23:39:59.241 INFO:teuthology.orchestra.run.smithi049.stdout:/usr/bin/ceph: stderr
2024-04-26T23:39:58.643+0000 7f8042200700 1 --2- 172.21.15.49:0/1969423015 >> [v2:172.21.15.49:6800/1267942615,v1:172.21.15.49:6801/1267942615] conn(0x7f8020036940 0x7f8020038df0 secure :-1 s=READY pgs=10 cs=0 l=1 rev1=1 crypto rx=0x7f8028009990 tx=0x7f8028006e40 comp rx=0 tx=0).stop
2024-04-26T23:39:59.241 INFO:teuthology.orchestra.run.smithi049.stdout:/usr/bin/ceph: stderr
2024-04-26T23:39:58.643+0000 7f8042200700 1 -- 172.21.15.49:0/1969423015 >> [v2:172.21.15.49:3300/0,v1:172.21.15.49:6789/0] conn(0x7f803c07cf60 msgr2=0x7f803c117c20 secure :-1 s=STATE_CONNECTION_ESTABLISHED l=1).mark_down
2024-04-26T23:39:59.241 INFO:teuthology.orchestra.run.smithi049.stdout:/usr/bin/ceph: stderr
2024-04-26T23:39:58.643+0000 7f8042200700 1 --2- 172.21.15.49:0/1969423015 >> [v2:172.21.15.49:3300/0,v1:172.21.15.49:6789/0] conn(0x7f803c07cf60 0x7f803c117c20 secure :-1 s=READY pgs=87 cs=0 l=1 rev1=1 crypto rx=0x7f802c006d40 tx=0x7f802c009250 comp rx=0 tx=0).stop
2024-04-26T23:39:59.241 INFO:teuthology.orchestra.run.smithi049.stdout:/usr/bin/ceph: stderr
2024-04-26T23:39:58.643+0000 7f8042200700 1 -- 172.21.15.49:0/1969423015 shutdown_connections
2024-04-26T23:39:59.241 INFO:teuthology.orchestra.run.smithi049.stdout:/usr/bin/ceph: stderr
2024-04-26T23:39:58.643+0000 7f8042200700 1 --2- 172.21.15.49:0/1969423015 >> [v2:172.21.15.49:6800/1267942615,v1:172.21.15.49:6801/1267942615] conn(0x7f8020036940 0x7f8020038df0 unknown :-1 s=CLOSED pgs=10 cs=0 l=1 rev1=1 crypto rx=0 tx=0 comp rx=0 tx=0).stop
2024-04-26T23:39:59.241 INFO:teuthology.orchestra.run.smithi049.stdout:/usr/bin/ceph: stderr
2024-04-26T23:39:58.643+0000 7f8042200700 1 --2- 172.21.15.49:0/1969423015 >> [v2:172.21.15.49:3300/0,v1:172.21.15.49:6789/0] conn(0x7f803c07cf60 0x7f803c117c20 unknown :-1 s=CLOSED pgs=87 cs=0 l=1 rev1=1 crypto rx=0 tx=0 comp rx=0 tx=0).stop
2024-04-26T23:39:59.242 INFO:teuthology.orchestra.run.smithi049.stdout:/usr/bin/ceph: stderr
2024-04-26T23:39:58.643+0000 7f8042200700 1 -- 172.21.15.49:0/1969423015 >> 172.21.15.49:0/1969423015 conn(0x7f803c078300 msgr2=0x7f803c079e90 unknown :-1 s=STATE_NONE l=0).mark_down
2024-04-26T23:39:59.242 INFO:teuthology.orchestra.run.smithi049.stdout:/usr/bin/ceph: stderr
2024-04-26T23:39:58.643+0000 7f8042200700 1 -- 172.21.15.49:0/1969423015 shutdown_connections
2024-04-26T23:39:59.242 INFO:teuthology.orchestra.run.smithi049.stdout:/usr/bin/ceph: stderr
2024-04-26T23:39:58.643+0000 7f8042200700 1 -- 172.21.15.49:0/1969423015 wait complete.
2024-04-26T23:40:00.750 INFO:teuthology.orchestra.run.smithi049.stdout:/usr/bin/ceph: stderr
2024-04-26T23:39:59.832+0000 7f24b0c00700 1 Processor -- start
2024-04-26T23:40:00.750 INFO:teuthology.orchestra.run.smithi049.stdout:/usr/bin/ceph: stderr
2024-04-26T23:39:59.832+0000 7f24b0c00700 1 -- start start
2024-04-26T23:40:00.751 INFO:teuthology.orchestra.run.smithi049.stdout:/usr/bin/ceph: stderr
2024-04-26T23:39:59.833+0000 7f24b0c00700 1 --2- >> [v2:172.21.15.49:3300/0,v1:172.21.15.49:6789/0] conn(0x7f24ac079690 0x7f24ac079aa0 unknown :-1 s=NONE pgs=0 cs=0 l=0 rev1=0 crypto rx=0 tx=0 comp rx=0 tx=0).connect
2024-04-26T23:40:00.751 INFO:teuthology.orchestra.run.smithi049.stdout:/usr/bin/ceph: stderr
2024-04-26T23:39:59.833+0000 7f24b0c00700 1 -- --> [v2:172.21.15.49:3300/0,v1:172.21.15.49:6789/0] -- mon_getmap magic: 0 v1 -- 0x7f24ac07a070 con 0x7f24ac079690
2024-04-26T23:40:00.752 INFO:teuthology.orchestra.run.smithi049.stdout:/usr/bin/ceph: stderr
2024-04-26T23:39:59.833+0000 7f24a9e00700 1 --2- >> [v2:172.21.15.49:3300/0,v1:172.21.15.49:6789/0] conn(0x7f24ac079690 0x7f24ac079aa0 unknown :-1 s=BANNER_CONNECTING pgs=0 cs=0 l=0 rev1=0 crypto rx=0 tx=0 comp rx=0 tx=0)._handle_peer_banner_payload supported=3 required=0
2024-04-26T23:40:00.752 INFO:teuthology.orchestra.run.smithi049.stdout:/usr/bin/ceph: stderr
2024-04-26T23:39:59.833+0000 7f24a9e00700 1 --2- >> [v2:172.21.15.49:3300/0,v1:172.21.15.49:6789/0] conn(0x7f24ac079690 0x7f24ac079aa0 unknown :-1 s=HELLO_CONNECTING pgs=0 cs=0 l=0 rev1=1 crypto rx=0 tx=0 comp rx=0 tx=0).handle_hello peer v2:172.21.15.49:3300/0 says I am v2:172.21.15.49:58510/0 (socket says 172.21.15.49:58510)
2024-04-26T23:40:00.752 INFO:teuthology.orchestra.run.smithi049.stdout:/usr/bin/ceph: stderr
2024-04-26T23:39:59.833+0000 7f24a9e00700 1 -- 172.21.15.49:0/502242445 learned_addr learned my addr 172.21.15.49:0/502242445 (peer_addr_for_me v2:172.21.15.49:0/0)
2024-04-26T23:40:00.753 INFO:teuthology.orchestra.run.smithi049.stdout:/usr/bin/ceph: stderr
2024-04-26T23:39:59.834+0000 7f24a9e00700 1 -- 172.21.15.49:0/502242445 --> [v2:172.21.15.49:3300/0,v1:172.21.15.49:6789/0] -- mon_subscribe({config=0+,monmap=0+}) v3 -- 0x7f24ac07a1b0 con 0x7f24ac079690
2024-04-26T23:40:00.753 INFO:teuthology.orchestra.run.smithi049.stdout:/usr/bin/ceph: stderr
2024-04-26T23:39:59.834+0000 7f24a9e00700 1 --2- 172.21.15.49:0/502242445 >> [v2:172.21.15.49:3300/0,v1:172.21.15.49:6789/0] conn(0x7f24ac079690 0x7f24ac079aa0 secure :-1 s=READY pgs=88 cs=0 l=1 rev1=1 crypto rx=0x7f249c0098e0 tx=0x7f249c009250 comp rx=0 tx=0).ready entity=mon.0 client_cookie=4c027557bac3065b server_cookie=0 in_seq=0 out_seq=0
2024-04-26T23:40:00.753 INFO:teuthology.orchestra.run.smithi049.stdout:/usr/bin/ceph: stderr
2024-04-26T23:39:59.834+0000 7f24a9400700 1 -- 172.21.15.49:0/502242445 <== mon.0 v2:172.21.15.49:3300/0 1 ==== mon_map magic: 0 v1 ==== 229+0+0 (secure 0 0 0) 0x7f249c00b860 con 0x7f24ac079690
2024-04-26T23:40:00.753 INFO:teuthology.orchestra.run.smithi049.stdout:/usr/bin/ceph: stderr
2024-04-26T23:39:59.834+0000 7f24a9400700 1 -- 172.21.15.49:0/502242445 <== mon.0 v2:172.21.15.49:3300/0 2 ==== config(27 keys) v1 ==== 1109+0+0 (secure 0 0 0) 0x7f249c00be90 con 0x7f24ac079690
2024-04-26T23:40:00.753 INFO:teuthology.orchestra.run.smithi049.stdout:/usr/bin/ceph: stderr
2024-04-26T23:39:59.834+0000 7f24a9400700 1 -- 172.21.15.49:0/502242445 <== mon.0 v2:172.21.15.49:3300/0 3 ==== mon_map magic: 0 v1 ==== 229+0+0 (secure 0 0 0) 0x7f249c0103c0 con 0x7f24ac079690
2024-04-26T23:40:00.753 INFO:teuthology.orchestra.run.smithi049.stdout:/usr/bin/ceph: stderr
2024-04-26T23:39:59.835+0000 7f24b0c00700 1 -- 172.21.15.49:0/502242445 >> [v2:172.21.15.49:3300/0,v1:172.21.15.49:6789/0] conn(0x7f24ac079690 msgr2=0x7f24ac079aa0 secure :-1 s=STATE_CONNECTION_ESTABLISHED l=1).mark_down
2024-04-26T23:40:00.753 INFO:teuthology.orchestra.run.smithi049.stdout:/usr/bin/ceph: stderr
2024-04-26T23:39:59.835+0000 7f24b0c00700 1 --2- 172.21.15.49:0/502242445 >> [v2:172.21.15.49:3300/0,v1:172.21.15.49:6789/0] conn(0x7f24ac079690 0x7f24ac079aa0 secure :-1 s=READY pgs=88 cs=0 l=1 rev1=1 crypto rx=0x7f249c0098e0 tx=0x7f249c009250 comp rx=0 tx=0).stop
2024-04-26T23:40:00.753 INFO:teuthology.orchestra.run.smithi049.stdout:/usr/bin/ceph: stderr
2024-04-26T23:39:59.835+0000 7f24b0c00700 1 -- 172.21.15.49:0/502242445 shutdown_connections
2024-04-26T23:40:00.755 INFO:teuthology.orchestra.run.smithi049.stdout:/usr/bin/ceph: stderr
2024-04-26T23:39:59.835+0000 7f24b0c00700 1 --2- 172.21.15.49:0/502242445 >> [v2:172.21.15.49:3300/0,v1:172.21.15.49:6789/0] conn(0x7f24ac079690 0x7f24ac079aa0 unknown :-1 s=CLOSED pgs=88 cs=0 l=1 rev1=1 crypto rx=0 tx=0 comp rx=0 tx=0).stop
2024-04-26T23:40:00.755 INFO:teuthology.orchestra.run.smithi049.stdout:/usr/bin/ceph: stderr
2024-04-26T23:39:59.835+0000 7f24b0c00700 1 -- 172.21.15.49:0/502242445 >> 172.21.15.49:0/502242445 conn(0x7f24ac078300 msgr2=0x7f24ac078700 unknown :-1 s=STATE_NONE l=0).mark_down
2024-04-26T23:40:00.755 INFO:teuthology.orchestra.run.smithi049.stdout:/usr/bin/ceph: stderr
2024-04-26T23:39:59.835+0000 7f24b0c00700 1 -- 172.21.15.49:0/502242445 shutdown_connections
2024-04-26T23:40:00.755 INFO:teuthology.orchestra.run.smithi049.stdout:/usr/bin/ceph: stderr
2024-04-26T23:39:59.835+0000 7f24b0c00700 1 -- 172.21.15.49:0/502242445 wait complete.
2024-04-26T23:40:00.755 INFO:teuthology.orchestra.run.smithi049.stdout:/usr/bin/ceph: stderr
2024-04-26T23:39:59.836+0000 7f24b0c00700 1 Processor -- start
2024-04-26T23:40:00.756 INFO:teuthology.orchestra.run.smithi049.stdout:/usr/bin/ceph: stderr
2024-04-26T23:39:59.837+0000 7f24b0c00700 1 -- start start
2024-04-26T23:40:00.756 INFO:teuthology.orchestra.run.smithi049.stdout:/usr/bin/ceph: stderr
2024-04-26T23:39:59.837+0000 7f24b0c00700 1 --2- >> [v2:172.21.15.49:3300/0,v1:172.21.15.49:6789/0] conn(0x7f24ac079690 0x7f24ac117ba0 unknown :-1 s=NONE pgs=0 cs=0 l=1 rev1=0 crypto rx=0 tx=0 comp rx=0 tx=0).connect
2024-04-26T23:40:00.756 INFO:teuthology.orchestra.run.smithi049.stdout:/usr/bin/ceph: stderr
2024-04-26T23:39:59.837+0000 7f24b0c00700 1 -- --> [v2:172.21.15.49:3300/0,v1:172.21.15.49:6789/0] -- mon_getmap magic: 0 v1 -- 0x7f24ac1180e0 con 0x7f24ac079690
2024-04-26T23:40:00.756 INFO:teuthology.orchestra.run.smithi049.stdout:/usr/bin/ceph: stderr
2024-04-26T23:39:59.837+0000 7f24a9e00700 1 --2- >> [v2:172.21.15.49:3300/0,v1:172.21.15.49:6789/0] conn(0x7f24ac079690 0x7f24ac117ba0 unknown :-1 s=BANNER_CONNECTING pgs=0 cs=0 l=1 rev1=0 crypto rx=0 tx=0 comp rx=0 tx=0)._handle_peer_banner_payload supported=3 required=0
2024-04-26T23:40:00.756 INFO:teuthology.orchestra.run.smithi049.stdout:/usr/bin/ceph: stderr
2024-04-26T23:39:59.837+0000 7f24a9e00700 1 --2- >> [v2:172.21.15.49:3300/0,v1:172.21.15.49:6789/0] conn(0x7f24ac079690 0x7f24ac117ba0 unknown :-1 s=HELLO_CONNECTING pgs=0 cs=0 l=1 rev1=1 crypto rx=0 tx=0 comp rx=0 tx=0).handle_hello peer v2:172.21.15.49:3300/0 says I am v2:172.21.15.49:58518/0 (socket says 172.21.15.49:58518)
2024-04-26T23:40:00.756 INFO:teuthology.orchestra.run.smithi049.stdout:/usr/bin/ceph: stderr
2024-04-26T23:39:59.837+0000 7f24a9e00700 1 -- 172.21.15.49:0/1971804525 learned_addr learned my addr 172.21.15.49:0/1971804525 (peer_addr_for_me v2:172.21.15.49:0/0)
2024-04-26T23:40:00.756 INFO:teuthology.orchestra.run.smithi049.stdout:/usr/bin/ceph: stderr
2024-04-26T23:39:59.838+0000 7f24a9e00700 1 -- 172.21.15.49:0/1971804525 --> [v2:172.21.15.49:3300/0,v1:172.21.15.49:6789/0] -- mon_subscribe({config=0+,monmap=0+}) v3 -- 0x7f249c0094f0 con 0x7f24ac079690
2024-04-26T23:40:00.756 INFO:teuthology.orchestra.run.smithi049.stdout:/usr/bin/ceph: stderr
2024-04-26T23:39:59.838+0000 7f24a9e00700 1 --2- 172.21.15.49:0/1971804525 >> [v2:172.21.15.49:3300/0,v1:172.21.15.49:6789/0] conn(0x7f24ac079690 0x7f24ac117ba0 secure :-1 s=READY pgs=89 cs=0 l=1 rev1=1 crypto rx=0x7f249c006d40 tx=0x7f249c009250 comp rx=0 tx=0).ready entity=mon.0 client_cookie=0 server_cookie=0 in_seq=0 out_seq=0
2024-04-26T23:40:00.756 INFO:teuthology.orchestra.run.smithi049.stdout:/usr/bin/ceph: stderr
2024-04-26T23:39:59.838+0000 7f24a2a00700 1 -- 172.21.15.49:0/1971804525 <== mon.0 v2:172.21.15.49:3300/0 1 ==== mon_map magic: 0 v1 ==== 229+0+0 (secure 0 0 0) 0x7f249c010840 con 0x7f24ac079690
2024-04-26T23:40:00.756 INFO:teuthology.orchestra.run.smithi049.stdout:/usr/bin/ceph: stderr
2024-04-26T23:39:59.838+0000 7f24a2a00700 1 -- 172.21.15.49:0/1971804525 <== mon.0 v2:172.21.15.49:3300/0 2 ==== config(27 keys) v1 ==== 1109+0+0 (secure 0 0 0) 0x7f249c010e70 con 0x7f24ac079690
2024-04-26T23:40:00.756 INFO:teuthology.orchestra.run.smithi049.stdout:/usr/bin/ceph: stderr
2024-04-26T23:39:59.838+0000 7f24a2a00700 1 -- 172.21.15.49:0/1971804525 <== mon.0 v2:172.21.15.49:3300/0 3 ==== mon_map magic: 0 v1 ==== 229+0+0 (secure 0 0 0) 0x7f249c024ea0 con 0x7f24ac079690
2024-04-26T23:40:00.756 INFO:teuthology.orchestra.run.smithi049.stdout:/usr/bin/ceph: stderr
2024-04-26T23:39:59.838+0000 7f24b0c00700 1 -- 172.21.15.49:0/1971804525 --> [v2:172.21.15.49:3300/0,v1:172.21.15.49:6789/0] -- mon_subscribe({mgrmap=0+}) v3 -- 0x7f24ac1182e0 con 0x7f24ac079690
2024-04-26T23:40:00.756 INFO:teuthology.orchestra.run.smithi049.stdout:/usr/bin/ceph: stderr
2024-04-26T23:39:59.838+0000 7f24b0c00700 1 -- 172.21.15.49:0/1971804525 --> [v2:172.21.15.49:3300/0,v1:172.21.15.49:6789/0] -- mon_subscribe({osdmap=0}) v3 -- 0x7f24ac118e50 con 0x7f24ac079690
2024-04-26T23:40:00.756 INFO:teuthology.orchestra.run.smithi049.stdout:/usr/bin/ceph: stderr
2024-04-26T23:39:59.840+0000 7f24a2a00700 1 -- 172.21.15.49:0/1971804525 <== mon.0 v2:172.21.15.49:3300/0 4 ==== mgrmap(e 13) v1 ==== 43432+0+0 (secure 0 0 0) 0x7f249c024780 con 0x7f24ac079690
2024-04-26T23:40:00.756 INFO:teuthology.orchestra.run.smithi049.stdout:/usr/bin/ceph: stderr
2024-04-26T23:39:59.840+0000 7f24b0c00700 1 -- 172.21.15.49:0/1971804525 --> [v2:172.21.15.49:3300/0,v1:172.21.15.49:6789/0] -- mon_command({"prefix": "get_command_descriptions"} v 0) v1 -- 0x7f24ac05f5c0 con 0x7f24ac079690
2024-04-26T23:40:00.757 INFO:teuthology.orchestra.run.smithi049.stdout:/usr/bin/ceph: stderr
2024-04-26T23:39:59.840+0000 7f24a2a00700 1 --2- 172.21.15.49:0/1971804525 >> [v2:172.21.15.49:6800/1267942615,v1:172.21.15.49:6801/1267942615] conn(0x7f2490036940 0x7f2490038df0 unknown :-1 s=NONE pgs=0 cs=0 l=1 rev1=0 crypto rx=0 tx=0 comp rx=0 tx=0).connect
2024-04-26T23:40:00.759 INFO:teuthology.orchestra.run.smithi049.stdout:/usr/bin/ceph: stderr
2024-04-26T23:39:59.840+0000 7f24a2a00700 1 -- 172.21.15.49:0/1971804525 <== mon.0 v2:172.21.15.49:3300/0 5 ==== osd_map(3..3 src has 1..3) v4 ==== 1151+0+0 (secure 0 0 0) 0x7f249c04a8b0 con 0x7f24ac079690
2024-04-26T23:40:00.759 INFO:teuthology.orchestra.run.smithi049.stdout:/usr/bin/ceph: stderr
2024-04-26T23:39:59.840+0000 7f24a1400700 1 --2- 172.21.15.49:0/1971804525 >> [v2:172.21.15.49:6800/1267942615,v1:172.21.15.49:6801/1267942615] conn(0x7f2490036940 0x7f2490038df0 unknown :-1 s=BANNER_CONNECTING pgs=0 cs=0 l=1 rev1=0 crypto rx=0 tx=0 comp rx=0 tx=0)._handle_peer_banner_payload supported=3 required=0
2024-04-26T23:40:00.759 INFO:teuthology.orchestra.run.smithi049.stdout:/usr/bin/ceph: stderr
2024-04-26T23:39:59.841+0000 7f24a1400700 1 --2- 172.21.15.49:0/1971804525 >> [v2:172.21.15.49:6800/1267942615,v1:172.21.15.49:6801/1267942615] conn(0x7f2490036940 0x7f2490038df0 secure :-1 s=READY pgs=11 cs=0 l=1 rev1=1 crypto rx=0x7f2494009990 tx=0x7f2494006e40 comp rx=0 tx=0).ready entity=mgr.14162 client_cookie=0 server_cookie=0 in_seq=0 out_seq=0
2024-04-26T23:40:00.759 INFO:teuthology.orchestra.run.smithi049.stdout:/usr/bin/ceph: stderr
2024-04-26T23:39:59.846+0000 7f24a2a00700 1 -- 172.21.15.49:0/1971804525 <== mon.0 v2:172.21.15.49:3300/0 6 ==== mon_command_ack([{"prefix": "get_command_descriptions"}]=0 v0) v1 ==== 72+0+176702 (secure 0 0 0) 0x7f249c02c930 con 0x7f24ac079690
2024-04-26T23:40:00.759 INFO:teuthology.orchestra.run.smithi049.stdout:/usr/bin/ceph: stderr
2024-04-26T23:40:00.175+0000 7f24b0c00700 1 -- 172.21.15.49:0/1971804525 --> [v2:172.21.15.49:3300/0,v1:172.21.15.49:6789/0] -- mon_command([{prefix=config-key set, key=mgr/dashboard/cluster/status}] v 0) v1 -- 0x7f24ac04bed0 con 0x7f24ac079690
2024-04-26T23:40:00.759 INFO:teuthology.orchestra.run.smithi049.stdout:/usr/bin/ceph: stderr
2024-04-26T23:40:00.180+0000 7f24a2a00700 1 -- 172.21.15.49:0/1971804525 <== mon.0 v2:172.21.15.49:3300/0 7 ==== mon_command_ack([{prefix=config-key set, key=mgr/dashboard/cluster/status}]=0 set mgr/dashboard/cluster/status v33)=0 set mgr/dashboard/cluster/status v33) v1 ==== 153+0+0 (secure 0 0 0) 0x7f249c02c340 con 0x7f24ac079690
2024-04-26T23:40:00.759 INFO:teuthology.orchestra.run.smithi049.stdout:/usr/bin/ceph: stderr
2024-04-26T23:40:00.183+0000 7f24b0c00700 1 -- 172.21.15.49:0/1971804525 >> [v2:172.21.15.49:6800/1267942615,v1:172.21.15.49:6801/1267942615] conn(0x7f2490036940 msgr2=0x7f2490038df0 secure :-1 s=STATE_CONNECTION_ESTABLISHED l=1).mark_down
2024-04-26T23:40:00.760 INFO:teuthology.orchestra.run.smithi049.stdout:/usr/bin/ceph: stderr
2024-04-26T23:40:00.183+0000 7f24b0c00700 1 --2- 172.21.15.49:0/1971804525 >> [v2:172.21.15.49:6800/1267942615,v1:172.21.15.49:6801/1267942615] conn(0x7f2490036940 0x7f2490038df0 secure :-1 s=READY pgs=11 cs=0 l=1 rev1=1 crypto rx=0x7f2494009990 tx=0x7f2494006e40 comp rx=0 tx=0).stop
2024-04-26T23:40:00.760 INFO:teuthology.orchestra.run.smithi049.stdout:/usr/bin/ceph: stderr
2024-04-26T23:40:00.183+0000 7f24b0c00700 1 -- 172.21.15.49:0/1971804525 >> [v2:172.21.15.49:3300/0,v1:172.21.15.49:6789/0] conn(0x7f24ac079690 msgr2=0x7f24ac117ba0 secure :-1 s=STATE_CONNECTION_ESTABLISHED l=1).mark_down
2024-04-26T23:40:00.760 INFO:teuthology.orchestra.run.smithi049.stdout:/usr/bin/ceph: stderr
2024-04-26T23:40:00.183+0000 7f24b0c00700 1 --2- 172.21.15.49:0/1971804525 >> [v2:172.21.15.49:3300/0,v1:172.21.15.49:6789/0] conn(0x7f24ac079690 0x7f24ac117ba0 secure :-1 s=READY pgs=89 cs=0 l=1 rev1=1 crypto rx=0x7f249c006d40 tx=0x7f249c009250 comp rx=0 tx=0).stop
2024-04-26T23:40:00.760 INFO:teuthology.orchestra.run.smithi049.stdout:/usr/bin/ceph: stderr
2024-04-26T23:40:00.183+0000 7f24b0c00700 1 -- 172.21.15.49:0/1971804525 shutdown_connections
2024-04-26T23:40:00.760 INFO:teuthology.orchestra.run.smithi049.stdout:/usr/bin/ceph: stderr
2024-04-26T23:40:00.183+0000 7f24b0c00700 1 --2- 172.21.15.49:0/1971804525 >> [v2:172.21.15.49:6800/1267942615,v1:172.21.15.49:6801/1267942615] conn(0x7f2490036940 0x7f2490038df0 unknown :-1 s=CLOSED pgs=11 cs=0 l=1 rev1=1 crypto rx=0 tx=0 comp rx=0 tx=0).stop
2024-04-26T23:40:00.760 INFO:teuthology.orchestra.run.smithi049.stdout:/usr/bin/ceph: stderr
2024-04-26T23:40:00.183+0000 7f24b0c00700 1 --2- 172.21.15.49:0/1971804525 >> [v2:172.21.15.49:3300/0,v1:172.21.15.49:6789/0] conn(0x7f24ac079690 0x7f24ac117ba0 unknown :-1 s=CLOSED pgs=89 cs=0 l=1 rev1=1 crypto rx=0 tx=0 comp rx=0 tx=0).stop
2024-04-26T23:40:00.760 INFO:teuthology.orchestra.run.smithi049.stdout:/usr/bin/ceph: stderr
2024-04-26T23:40:00.183+0000 7f24b0c00700 1 -- 172.21.15.49:0/1971804525 >> 172.21.15.49:0/1971804525 conn(0x7f24ac078300 msgr2=0x7f24ac102db0 unknown :-1 s=STATE_NONE l=0).mark_down
2024-04-26T23:40:00.760 INFO:teuthology.orchestra.run.smithi049.stdout:/usr/bin/ceph: stderr
2024-04-26T23:40:00.183+0000 7f24b0c00700 1 -- 172.21.15.49:0/1971804525 shutdown_connections
2024-04-26T23:40:00.760 INFO:teuthology.orchestra.run.smithi049.stdout:/usr/bin/ceph: stderr
2024-04-26T23:40:00.183+0000 7f24b0c00700 1 -- 172.21.15.49:0/1971804525 wait complete.
2024-04-26T23:40:00.760 INFO:teuthology.orchestra.run.smithi049.stdout:/usr/bin/ceph: stderr set mgr/dashboard/cluster/status
2024-04-26T23:40:00.760 INFO:teuthology.orchestra.run.smithi049.stdout:You can access the Ceph CLI as following in case of multi-cluster or non-default config:
2024-04-26T23:40:00.760 INFO:teuthology.orchestra.run.smithi049.stdout:
2024-04-26T23:40:00.760 INFO:teuthology.orchestra.run.smithi049.stdout: sudo /home/ubuntu/cephtest/cephadm shell --fsid f2ec4624-0425-11ef-bc93-c7b262605968 -c /etc/ceph/ceph.conf -k /etc/ceph/ceph.client.admin.keyring
2024-04-26T23:40:00.760 INFO:teuthology.orchestra.run.smithi049.stdout:
2024-04-26T23:40:00.760 INFO:teuthology.orchestra.run.smithi049.stdout:Or, if you are only running a single cluster on this host:
2024-04-26T23:40:00.760 INFO:teuthology.orchestra.run.smithi049.stdout:
2024-04-26T23:40:00.761 INFO:teuthology.orchestra.run.smithi049.stdout: sudo /home/ubuntu/cephtest/cephadm shell
2024-04-26T23:40:00.761 INFO:teuthology.orchestra.run.smithi049.stdout:
2024-04-26T23:40:00.761 INFO:teuthology.orchestra.run.smithi049.stdout:Please consider enabling telemetry to help improve Ceph:
2024-04-26T23:40:00.761 INFO:teuthology.orchestra.run.smithi049.stdout:
2024-04-26T23:40:00.761 INFO:teuthology.orchestra.run.smithi049.stdout: ceph telemetry on
2024-04-26T23:40:00.761 INFO:teuthology.orchestra.run.smithi049.stdout:
2024-04-26T23:40:00.761 INFO:teuthology.orchestra.run.smithi049.stdout:For more information see:
2024-04-26T23:40:00.761 INFO:teuthology.orchestra.run.smithi049.stdout:
2024-04-26T23:40:00.761 INFO:teuthology.orchestra.run.smithi049.stdout: https://docs.ceph.com/docs/master/mgr/telemetry/
2024-04-26T23:40:00.761 INFO:teuthology.orchestra.run.smithi049.stdout:
2024-04-26T23:40:00.761 INFO:teuthology.orchestra.run.smithi049.stdout:Bootstrap complete.
2024-04-26T23:40:00.873 INFO:tasks.cephadm:Fetching config...
2024-04-26T23:40:00.873 DEBUG:teuthology.orchestra.run.smithi049:> set -ex
2024-04-26T23:40:00.873 DEBUG:teuthology.orchestra.run.smithi049:> dd if=/etc/ceph/ceph.conf of=/dev/stdout
2024-04-26T23:40:00.926 INFO:tasks.cephadm:Fetching client.admin keyring...
2024-04-26T23:40:00.926 DEBUG:teuthology.orchestra.run.smithi049:> set -ex
2024-04-26T23:40:00.926 DEBUG:teuthology.orchestra.run.smithi049:> dd if=/etc/ceph/ceph.client.admin.keyring of=/dev/stdout
2024-04-26T23:40:00.975 INFO:tasks.cephadm:Fetching mon keyring...
2024-04-26T23:40:00.975 DEBUG:teuthology.orchestra.run.smithi049:> set -ex
2024-04-26T23:40:00.975 DEBUG:teuthology.orchestra.run.smithi049:> sudo dd if=/var/lib/ceph/f2ec4624-0425-11ef-bc93-c7b262605968/mon.smithi049/keyring of=/dev/stdout
2024-04-26T23:40:01.093 INFO:tasks.cephadm:Fetching pub ssh key...
2024-04-26T23:40:01.094 DEBUG:teuthology.orchestra.run.smithi049:> set -ex
2024-04-26T23:40:01.094 DEBUG:teuthology.orchestra.run.smithi049:> dd if=/home/ubuntu/cephtest/ceph.pub of=/dev/stdout
2024-04-26T23:40:01.145 INFO:tasks.cephadm:Installing pub ssh key for root users...
2024-04-26T23:40:01.145 DEBUG:teuthology.orchestra.run.smithi049:> sudo install -d -m 0700 /root/.ssh && echo 'ssh-rsa AAAAB3NzaC1yc2EAAAADAQABAAABgQCxOLhDmxas/oFfiUoHuO2de5pfrhQ1ipSucXVwXBJ0exYZFZKT6t0/mRWvkSGocrY6GwXgOx7TiZCmUWJ44fVAimW4SYlsGcpuM6puKt1KpeGbTAmgpDCPsMaQ03TUjKar3ZQnZlIm5wDYUzkg3FTOxNDJCtF0aFZN5eViVmqNkSXzbwg97T/j7+r12xToh4ObBLWB5+js+deMZwIiGdl0zL6vIBXjM+UzGUdvyLSD2Aw5pajOHQf7gJMAh/0Djtd2LPaK3/ESumxygZueL4KM5Kuxjt+bfh4Ke+dGfVuDfhV67LCLedN6Tpb/YRCScLe69PuAbS7yNtZutZ4fGl3YS65qwZGkz3itGPZP5KAmUo8DB/QHiEpPtP5WLnp9Mtr3EwGq4dhSvy/EiOXJvUL03HhZNOyQk62C/ku0dP/bqfI+WznKtXsNX/KJpwwm2MQOCGLA4caVPznMIIcNwcJgDNxU+uw+WoOYrCEt4MTe7m5BAOabtjeizYOQmprYvkc= ceph-f2ec4624-0425-11ef-bc93-c7b262605968' | sudo tee -a /root/.ssh/authorized_keys && sudo chmod 0600 /root/.ssh/authorized_keys
2024-04-26T23:40:01.255 INFO:teuthology.orchestra.run.smithi049.stdout:ssh-rsa AAAAB3NzaC1yc2EAAAADAQABAAABgQCxOLhDmxas/oFfiUoHuO2de5pfrhQ1ipSucXVwXBJ0exYZFZKT6t0/mRWvkSGocrY6GwXgOx7TiZCmUWJ44fVAimW4SYlsGcpuM6puKt1KpeGbTAmgpDCPsMaQ03TUjKar3ZQnZlIm5wDYUzkg3FTOxNDJCtF0aFZN5eViVmqNkSXzbwg97T/j7+r12xToh4ObBLWB5+js+deMZwIiGdl0zL6vIBXjM+UzGUdvyLSD2Aw5pajOHQf7gJMAh/0Djtd2LPaK3/ESumxygZueL4KM5Kuxjt+bfh4Ke+dGfVuDfhV67LCLedN6Tpb/YRCScLe69PuAbS7yNtZutZ4fGl3YS65qwZGkz3itGPZP5KAmUo8DB/QHiEpPtP5WLnp9Mtr3EwGq4dhSvy/EiOXJvUL03HhZNOyQk62C/ku0dP/bqfI+WznKtXsNX/KJpwwm2MQOCGLA4caVPznMIIcNwcJgDNxU+uw+WoOYrCEt4MTe7m5BAOabtjeizYOQmprYvkc= ceph-f2ec4624-0425-11ef-bc93-c7b262605968
2024-04-26T23:40:01.290 DEBUG:teuthology.orchestra.run.smithi157:> sudo install -d -m 0700 /root/.ssh && echo 'ssh-rsa AAAAB3NzaC1yc2EAAAADAQABAAABgQCxOLhDmxas/oFfiUoHuO2de5pfrhQ1ipSucXVwXBJ0exYZFZKT6t0/mRWvkSGocrY6GwXgOx7TiZCmUWJ44fVAimW4SYlsGcpuM6puKt1KpeGbTAmgpDCPsMaQ03TUjKar3ZQnZlIm5wDYUzkg3FTOxNDJCtF0aFZN5eViVmqNkSXzbwg97T/j7+r12xToh4ObBLWB5+js+deMZwIiGdl0zL6vIBXjM+UzGUdvyLSD2Aw5pajOHQf7gJMAh/0Djtd2LPaK3/ESumxygZueL4KM5Kuxjt+bfh4Ke+dGfVuDfhV67LCLedN6Tpb/YRCScLe69PuAbS7yNtZutZ4fGl3YS65qwZGkz3itGPZP5KAmUo8DB/QHiEpPtP5WLnp9Mtr3EwGq4dhSvy/EiOXJvUL03HhZNOyQk62C/ku0dP/bqfI+WznKtXsNX/KJpwwm2MQOCGLA4caVPznMIIcNwcJgDNxU+uw+WoOYrCEt4MTe7m5BAOabtjeizYOQmprYvkc= ceph-f2ec4624-0425-11ef-bc93-c7b262605968' | sudo tee -a /root/.ssh/authorized_keys && sudo chmod 0600 /root/.ssh/authorized_keys
2024-04-26T23:40:01.349 INFO:journalctl@ceph.mon.smithi049.smithi049.stdout:Apr 26 23:40:01 smithi049 ceph-mon[25514]: from='client.? 172.21.15.49:0/1971804525' entity='client.admin'
2024-04-26T23:40:01.437 INFO:teuthology.orchestra.run.smithi157.stdout:ssh-rsa AAAAB3NzaC1yc2EAAAADAQABAAABgQCxOLhDmxas/oFfiUoHuO2de5pfrhQ1ipSucXVwXBJ0exYZFZKT6t0/mRWvkSGocrY6GwXgOx7TiZCmUWJ44fVAimW4SYlsGcpuM6puKt1KpeGbTAmgpDCPsMaQ03TUjKar3ZQnZlIm5wDYUzkg3FTOxNDJCtF0aFZN5eViVmqNkSXzbwg97T/j7+r12xToh4ObBLWB5+js+deMZwIiGdl0zL6vIBXjM+UzGUdvyLSD2Aw5pajOHQf7gJMAh/0Djtd2LPaK3/ESumxygZueL4KM5Kuxjt+bfh4Ke+dGfVuDfhV67LCLedN6Tpb/YRCScLe69PuAbS7yNtZutZ4fGl3YS65qwZGkz3itGPZP5KAmUo8DB/QHiEpPtP5WLnp9Mtr3EwGq4dhSvy/EiOXJvUL03HhZNOyQk62C/ku0dP/bqfI+WznKtXsNX/KJpwwm2MQOCGLA4caVPznMIIcNwcJgDNxU+uw+WoOYrCEt4MTe7m5BAOabtjeizYOQmprYvkc= ceph-f2ec4624-0425-11ef-bc93-c7b262605968
2024-04-26T23:40:01.474 DEBUG:teuthology.orchestra.run.smithi049:> sudo /home/ubuntu/cephtest/cephadm --image quay.ceph.io/ceph-ci/ceph:quincy shell -c /etc/ceph/ceph.conf -k /etc/ceph/ceph.client.admin.keyring --fsid f2ec4624-0425-11ef-bc93-c7b262605968 -- ceph config set mgr mgr/cephadm/allow_ptrace true
2024-04-26T23:40:01.958 INFO:teuthology.orchestra.run.smithi049.stderr:Inferring config /var/lib/ceph/f2ec4624-0425-11ef-bc93-c7b262605968/mon.smithi049/config
2024-04-26T23:40:04.338 INFO:teuthology.orchestra.run.smithi049.stderr:2024-04-26T23:40:04.308+0000 7f1650600700 1 -- 172.21.15.49:0/959850214 >> [v2:172.21.15.49:3300/0,v1:172.21.15.49:6789/0] conn(0x7f1648065d30 msgr2=0x7f16480ff630 secure :-1 s=STATE_CONNECTION_ESTABLISHED l=1).mark_down
2024-04-26T23:40:04.338 INFO:teuthology.orchestra.run.smithi049.stderr:2024-04-26T23:40:04.308+0000 7f1650600700 1 --2- 172.21.15.49:0/959850214 >> [v2:172.21.15.49:3300/0,v1:172.21.15.49:6789/0] conn(0x7f1648065d30 0x7f16480ff630 secure :-1 s=READY pgs=90 cs=0 l=1 rev1=1 crypto rx=0x7f163c0048c0 tx=0x7f163c009e30 comp rx=0 tx=0).stop
2024-04-26T23:40:04.338 INFO:teuthology.orchestra.run.smithi049.stderr:2024-04-26T23:40:04.308+0000 7f1650600700 1 -- 172.21.15.49:0/959850214 shutdown_connections
2024-04-26T23:40:04.338 INFO:teuthology.orchestra.run.smithi049.stderr:2024-04-26T23:40:04.308+0000 7f1650600700 1 --2- 172.21.15.49:0/959850214 >> [v2:172.21.15.49:3300/0,v1:172.21.15.49:6789/0] conn(0x7f1648065d30 0x7f16480ff630 unknown :-1 s=CLOSED pgs=90 cs=0 l=1 rev1=1 crypto rx=0 tx=0 comp rx=0 tx=0).stop
2024-04-26T23:40:04.338 INFO:teuthology.orchestra.run.smithi049.stderr:2024-04-26T23:40:04.308+0000 7f1650600700 1 -- 172.21.15.49:0/959850214 >> 172.21.15.49:0/959850214 conn(0x7f16480f70a0 msgr2=0x7f16480f94d0 unknown :-1 s=STATE_NONE l=0).mark_down
2024-04-26T23:40:04.338 INFO:teuthology.orchestra.run.smithi049.stderr:2024-04-26T23:40:04.308+0000 7f1650600700 1 -- 172.21.15.49:0/959850214 shutdown_connections
2024-04-26T23:40:04.338 INFO:teuthology.orchestra.run.smithi049.stderr:2024-04-26T23:40:04.308+0000 7f1650600700 1 -- 172.21.15.49:0/959850214 wait complete.
2024-04-26T23:40:04.339 INFO:teuthology.orchestra.run.smithi049.stderr:2024-04-26T23:40:04.309+0000 7f1650600700 1 Processor -- start
2024-04-26T23:40:04.339 INFO:teuthology.orchestra.run.smithi049.stderr:2024-04-26T23:40:04.309+0000 7f1650600700 1 -- start start
2024-04-26T23:40:04.339 INFO:teuthology.orchestra.run.smithi049.stderr:2024-04-26T23:40:04.310+0000 7f1650600700 1 --2- >> [v2:172.21.15.49:3300/0,v1:172.21.15.49:6789/0] conn(0x7f1648065d30 0x7f164810f2c0 unknown :-1 s=NONE pgs=0 cs=0 l=1 rev1=0 crypto rx=0 tx=0 comp rx=0 tx=0).connect
2024-04-26T23:40:04.339 INFO:teuthology.orchestra.run.smithi049.stderr:2024-04-26T23:40:04.310+0000 7f1650600700 1 -- --> [v2:172.21.15.49:3300/0,v1:172.21.15.49:6789/0] -- mon_getmap magic: 0 v1 -- 0x7f164810f800 con 0x7f1648065d30
2024-04-26T23:40:04.339 INFO:teuthology.orchestra.run.smithi049.stderr:2024-04-26T23:40:04.310+0000 7f164dc00700 1 --2- >> [v2:172.21.15.49:3300/0,v1:172.21.15.49:6789/0] conn(0x7f1648065d30 0x7f164810f2c0 unknown :-1 s=BANNER_CONNECTING pgs=0 cs=0 l=1 rev1=0 crypto rx=0 tx=0 comp rx=0 tx=0)._handle_peer_banner_payload supported=3 required=0
2024-04-26T23:40:04.339 INFO:teuthology.orchestra.run.smithi049.stderr:2024-04-26T23:40:04.310+0000 7f164dc00700 1 --2- >> [v2:172.21.15.49:3300/0,v1:172.21.15.49:6789/0] conn(0x7f1648065d30 0x7f164810f2c0 unknown :-1 s=HELLO_CONNECTING pgs=0 cs=0 l=1 rev1=1 crypto rx=0 tx=0 comp rx=0 tx=0).handle_hello peer v2:172.21.15.49:3300/0 says I am v2:172.21.15.49:58524/0 (socket says 172.21.15.49:58524)
2024-04-26T23:40:04.339 INFO:teuthology.orchestra.run.smithi049.stderr:2024-04-26T23:40:04.310+0000 7f164dc00700 1 -- 172.21.15.49:0/823598878 learned_addr learned my addr 172.21.15.49:0/823598878 (peer_addr_for_me v2:172.21.15.49:0/0)
2024-04-26T23:40:04.339 INFO:teuthology.orchestra.run.smithi049.stderr:2024-04-26T23:40:04.311+0000 7f164dc00700 1 -- 172.21.15.49:0/823598878 --> [v2:172.21.15.49:3300/0,v1:172.21.15.49:6789/0] -- mon_subscribe({config=0+,monmap=0+}) v3 -- 0x7f163c005040 con 0x7f1648065d30
2024-04-26T23:40:04.339 INFO:teuthology.orchestra.run.smithi049.stderr:2024-04-26T23:40:04.311+0000 7f164dc00700 1 --2- 172.21.15.49:0/823598878 >> [v2:172.21.15.49:3300/0,v1:172.21.15.49:6789/0] conn(0x7f1648065d30 0x7f164810f2c0 secure :-1 s=READY pgs=91 cs=0 l=1 rev1=1 crypto rx=0x7f163c00b900 tx=0x7f163c009e30 comp rx=0 tx=0).ready entity=mon.0 client_cookie=0 server_cookie=0 in_seq=0 out_seq=0
2024-04-26T23:40:04.339 INFO:teuthology.orchestra.run.smithi049.stderr:2024-04-26T23:40:04.311+0000 7f1645600700 1 -- 172.21.15.49:0/823598878 <== mon.0 v2:172.21.15.49:3300/0 1 ==== mon_map magic: 0 v1 ==== 229+0+0 (secure 0 0 0) 0x7f163c00b5c0 con 0x7f1648065d30
2024-04-26T23:40:04.339 INFO:teuthology.orchestra.run.smithi049.stderr:2024-04-26T23:40:04.311+0000 7f1645600700 1 -- 172.21.15.49:0/823598878 <== mon.0 v2:172.21.15.49:3300/0 2 ==== config(27 keys) v1 ==== 1109+0+0 (secure 0 0 0) 0x7f163c00be70 con 0x7f1648065d30
2024-04-26T23:40:04.339 INFO:teuthology.orchestra.run.smithi049.stderr:2024-04-26T23:40:04.311+0000 7f1645600700 1 -- 172.21.15.49:0/823598878 <== mon.0 v2:172.21.15.49:3300/0 3 ==== mon_map magic: 0 v1 ==== 229+0+0 (secure 0 0 0) 0x7f163c01c590 con 0x7f1648065d30
2024-04-26T23:40:04.339 INFO:teuthology.orchestra.run.smithi049.stderr:2024-04-26T23:40:04.311+0000 7f1650600700 1 -- 172.21.15.49:0/823598878 --> [v2:172.21.15.49:3300/0,v1:172.21.15.49:6789/0] -- mon_subscribe({mgrmap=0+}) v3 -- 0x7f164810fa00 con 0x7f1648065d30
2024-04-26T23:40:04.339 INFO:teuthology.orchestra.run.smithi049.stderr:2024-04-26T23:40:04.312+0000 7f1650600700 1 -- 172.21.15.49:0/823598878 --> [v2:172.21.15.49:3300/0,v1:172.21.15.49:6789/0] -- mon_subscribe({osdmap=0}) v3 -- 0x7f1648110570 con 0x7f1648065d30
2024-04-26T23:40:04.340 INFO:teuthology.orchestra.run.smithi049.stderr:2024-04-26T23:40:04.313+0000 7f1645600700 1 -- 172.21.15.49:0/823598878 <== mon.0 v2:172.21.15.49:3300/0 4 ==== mgrmap(e 13) v1 ==== 43432+0+0 (secure 0 0 0) 0x7f163c013420 con 0x7f1648065d30
2024-04-26T23:40:04.340 INFO:teuthology.orchestra.run.smithi049.stderr:2024-04-26T23:40:04.313+0000 7f1645600700 1 --2- 172.21.15.49:0/823598878 >> [v2:172.21.15.49:6800/1267942615,v1:172.21.15.49:6801/1267942615] conn(0x7f16300368d0 0x7f1630038d80 unknown :-1 s=NONE pgs=0 cs=0 l=1 rev1=0 crypto rx=0 tx=0 comp rx=0 tx=0).connect
2024-04-26T23:40:04.340 INFO:teuthology.orchestra.run.smithi049.stderr:2024-04-26T23:40:04.313+0000 7f1645600700 1 -- 172.21.15.49:0/823598878 <== mon.0 v2:172.21.15.49:3300/0 5 ==== osd_map(3..3 src has 1..3) v4 ==== 1151+0+0 (secure 0 0 0) 0x7f163c0493a0 con 0x7f1648065d30
2024-04-26T23:40:04.340 INFO:teuthology.orchestra.run.smithi049.stderr:2024-04-26T23:40:04.313+0000 7f1650600700 1 -- 172.21.15.49:0/823598878 --> [v2:172.21.15.49:3300/0,v1:172.21.15.49:6789/0] -- mon_command({"prefix": "get_command_descriptions"} v 0) v1 -- 0x7f1648102f40 con 0x7f1648065d30
2024-04-26T23:40:04.340 INFO:teuthology.orchestra.run.smithi049.stderr:2024-04-26T23:40:04.313+0000 7f164d200700 1 --2- 172.21.15.49:0/823598878 >> [v2:172.21.15.49:6800/1267942615,v1:172.21.15.49:6801/1267942615] conn(0x7f16300368d0 0x7f1630038d80 unknown :-1 s=BANNER_CONNECTING pgs=0 cs=0 l=1 rev1=0 crypto rx=0 tx=0 comp rx=0 tx=0)._handle_peer_banner_payload supported=3 required=0
2024-04-26T23:40:04.340 INFO:teuthology.orchestra.run.smithi049.stderr:2024-04-26T23:40:04.314+0000 7f164d200700 1 --2- 172.21.15.49:0/823598878 >> [v2:172.21.15.49:6800/1267942615,v1:172.21.15.49:6801/1267942615] conn(0x7f16300368d0 0x7f1630038d80 secure :-1 s=READY pgs=12 cs=0 l=1 rev1=1 crypto rx=0x7f1634009990 tx=0x7f1634006e40 comp rx=0 tx=0).ready entity=mgr.14162 client_cookie=0 server_cookie=0 in_seq=0 out_seq=0
2024-04-26T23:40:04.340 INFO:teuthology.orchestra.run.smithi049.stderr:2024-04-26T23:40:04.319+0000 7f1645600700 1 -- 172.21.15.49:0/823598878 <== mon.0 v2:172.21.15.49:3300/0 6 ==== mon_command_ack([{"prefix": "get_command_descriptions"}]=0 v0) v1 ==== 72+0+176702 (secure 0 0 0) 0x7f163c021070 con 0x7f1648065d30
2024-04-26T23:40:04.555 INFO:teuthology.orchestra.run.smithi049.stderr:2024-04-26T23:40:04.551+0000 7f1650600700 1 -- 172.21.15.49:0/823598878 --> [v2:172.21.15.49:3300/0,v1:172.21.15.49:6789/0] -- mon_command([{prefix=config set, name=mgr/cephadm/allow_ptrace}] v 0) v1 -- 0x7f164805f5c0 con 0x7f1648065d30
2024-04-26T23:40:04.560 INFO:teuthology.orchestra.run.smithi049.stderr:2024-04-26T23:40:04.556+0000 7f1645600700 1 -- 172.21.15.49:0/823598878 <== mon.0 v2:172.21.15.49:3300/0 7 ==== mon_command_ack([{prefix=config set, name=mgr/cephadm/allow_ptrace}]=0 v9)=0 v9) v1 ==== 125+0+0 (secure 0 0 0) 0x7f163c01c800 con 0x7f1648065d30
2024-04-26T23:40:04.563 INFO:teuthology.orchestra.run.smithi049.stderr:2024-04-26T23:40:04.560+0000 7f1650600700 1 -- 172.21.15.49:0/823598878 >> [v2:172.21.15.49:6800/1267942615,v1:172.21.15.49:6801/1267942615] conn(0x7f16300368d0 msgr2=0x7f1630038d80 secure :-1 s=STATE_CONNECTION_ESTABLISHED l=1).mark_down
2024-04-26T23:40:04.563 INFO:teuthology.orchestra.run.smithi049.stderr:2024-04-26T23:40:04.560+0000 7f1650600700 1 --2- 172.21.15.49:0/823598878 >> [v2:172.21.15.49:6800/1267942615,v1:172.21.15.49:6801/1267942615] conn(0x7f16300368d0 0x7f1630038d80 secure :-1 s=READY pgs=12 cs=0 l=1 rev1=1 crypto rx=0x7f1634009990 tx=0x7f1634006e40 comp rx=0 tx=0).stop
2024-04-26T23:40:04.563 INFO:teuthology.orchestra.run.smithi049.stderr:2024-04-26T23:40:04.560+0000 7f1650600700 1 -- 172.21.15.49:0/823598878 >> [v2:172.21.15.49:3300/0,v1:172.21.15.49:6789/0] conn(0x7f1648065d30 msgr2=0x7f164810f2c0 secure :-1 s=STATE_CONNECTION_ESTABLISHED l=1).mark_down
2024-04-26T23:40:04.564 INFO:teuthology.orchestra.run.smithi049.stderr:2024-04-26T23:40:04.560+0000 7f1650600700 1 --2- 172.21.15.49:0/823598878 >> [v2:172.21.15.49:3300/0,v1:172.21.15.49:6789/0] conn(0x7f1648065d30 0x7f164810f2c0 secure :-1 s=READY pgs=91 cs=0 l=1 rev1=1 crypto rx=0x7f163c00b900 tx=0x7f163c009e30 comp rx=0 tx=0).stop
2024-04-26T23:40:04.564 INFO:teuthology.orchestra.run.smithi049.stderr:2024-04-26T23:40:04.560+0000 7f1650600700 1 -- 172.21.15.49:0/823598878 shutdown_connections
2024-04-26T23:40:04.564 INFO:teuthology.orchestra.run.smithi049.stderr:2024-04-26T23:40:04.560+0000 7f1650600700 1 --2- 172.21.15.49:0/823598878 >> [v2:172.21.15.49:6800/1267942615,v1:172.21.15.49:6801/1267942615] conn(0x7f16300368d0 0x7f1630038d80 unknown :-1 s=CLOSED pgs=12 cs=0 l=1 rev1=1 crypto rx=0 tx=0 comp rx=0 tx=0).stop
2024-04-26T23:40:04.564 INFO:teuthology.orchestra.run.smithi049.stderr:2024-04-26T23:40:04.560+0000 7f1650600700 1 --2- 172.21.15.49:0/823598878 >> [v2:172.21.15.49:3300/0,v1:172.21.15.49:6789/0] conn(0x7f1648065d30 0x7f164810f2c0 unknown :-1 s=CLOSED pgs=91 cs=0 l=1 rev1=1 crypto rx=0 tx=0 comp rx=0 tx=0).stop
2024-04-26T23:40:04.564 INFO:teuthology.orchestra.run.smithi049.stderr:2024-04-26T23:40:04.560+0000 7f1650600700 1 -- 172.21.15.49:0/823598878 >> 172.21.15.49:0/823598878 conn(0x7f16480f70a0 msgr2=0x7f16480f94d0 unknown :-1 s=STATE_NONE l=0).mark_down
2024-04-26T23:40:04.564 INFO:teuthology.orchestra.run.smithi049.stderr:2024-04-26T23:40:04.560+0000 7f1650600700 1 -- 172.21.15.49:0/823598878 shutdown_connections
2024-04-26T23:40:04.564 INFO:teuthology.orchestra.run.smithi049.stderr:2024-04-26T23:40:04.560+0000 7f1650600700 1 -- 172.21.15.49:0/823598878 wait complete.
2024-04-26T23:40:05.319 INFO:tasks.cephadm:Distributing conf and client.admin keyring to all hosts + 0755
2024-04-26T23:40:05.319 DEBUG:teuthology.orchestra.run.smithi049:> sudo /home/ubuntu/cephtest/cephadm --image quay.ceph.io/ceph-ci/ceph:quincy shell -c /etc/ceph/ceph.conf -k /etc/ceph/ceph.client.admin.keyring --fsid f2ec4624-0425-11ef-bc93-c7b262605968 -- ceph orch client-keyring set client.admin '*' --mode 0755
2024-04-26T23:40:05.849 INFO:journalctl@ceph.mon.smithi049.smithi049.stdout:Apr 26 23:40:05 smithi049 ceph-mon[25514]: from='client.? 172.21.15.49:0/823598878' entity='client.admin'
2024-04-26T23:40:06.323 INFO:teuthology.orchestra.run.smithi049.stderr:Inferring config /var/lib/ceph/f2ec4624-0425-11ef-bc93-c7b262605968/mon.smithi049/config
2024-04-26T23:40:07.444 INFO:journalctl@ceph.mon.smithi049.smithi049.stdout:Apr 26 23:40:07 smithi049 ceph-mon[25514]: from='mgr.14162 172.21.15.49:0/1679262833' entity='mgr.smithi049.yrkvlb'
