2024-04-26T23:36:28.319+0000 7f4c8fc00700 1 --2- 172.21.15.73:0/4286355190 >> [v2:172.21.15.73:3300/0,v1:172.21.15.73:6789/0] conn(0x7f4c88109830 0x7f4c8810bc20 secure :-1 s=READY pgs=74 cs=0 l=1 rev1=1 crypto rx=0x7f4c7c009ab0 tx=0x7f4c7c009dc0 comp rx=0 tx=0).stop
2024-04-26T23:36:29.592 INFO:teuthology.orchestra.run.smithi073.stdout:/usr/bin/ceph: stderr
2024-04-26T23:36:28.320+0000 7f4c8fc00700 1 -- 172.21.15.73:0/4286355190 shutdown_connections
2024-04-26T23:36:29.592 INFO:teuthology.orchestra.run.smithi073.stdout:/usr/bin/ceph: stderr
2024-04-26T23:36:28.320+0000 7f4c8fc00700 1 --2- 172.21.15.73:0/4286355190 >> [v2:172.21.15.73:3300/0,v1:172.21.15.73:6789/0] conn(0x7f4c88109830 0x7f4c8810bc20 unknown :-1 s=CLOSED pgs=74 cs=0 l=1 rev1=1 crypto rx=0 tx=0 comp rx=0 tx=0).stop
2024-04-26T23:36:29.592 INFO:teuthology.orchestra.run.smithi073.stdout:/usr/bin/ceph: stderr
2024-04-26T23:36:28.320+0000 7f4c8fc00700 1 -- 172.21.15.73:0/4286355190 >> 172.21.15.73:0/4286355190 conn(0x7f4c881031e0 msgr2=0x7f4c88105660 unknown :-1 s=STATE_NONE l=0).mark_down
2024-04-26T23:36:29.592 INFO:teuthology.orchestra.run.smithi073.stdout:/usr/bin/ceph: stderr
2024-04-26T23:36:28.320+0000 7f4c8fc00700 1 -- 172.21.15.73:0/4286355190 shutdown_connections
2024-04-26T23:36:29.592 INFO:teuthology.orchestra.run.smithi073.stdout:/usr/bin/ceph: stderr
2024-04-26T23:36:28.320+0000 7f4c8fc00700 1 -- 172.21.15.73:0/4286355190 wait complete.
2024-04-26T23:36:29.593 INFO:teuthology.orchestra.run.smithi073.stdout:/usr/bin/ceph: stderr
2024-04-26T23:36:28.321+0000 7f4c8fc00700 1 Processor -- start
2024-04-26T23:36:29.593 INFO:teuthology.orchestra.run.smithi073.stdout:/usr/bin/ceph: stderr
2024-04-26T23:36:28.321+0000 7f4c8fc00700 1 -- start start
2024-04-26T23:36:29.593 INFO:teuthology.orchestra.run.smithi073.stdout:/usr/bin/ceph: stderr
2024-04-26T23:36:28.321+0000 7f4c8fc00700 1 --2- >> [v2:172.21.15.73:3300/0,v1:172.21.15.73:6789/0] conn(0x7f4c88109830 0x7f4c8819cda0 unknown :-1 s=NONE pgs=0 cs=0 l=1 rev1=0 crypto rx=0 tx=0 comp rx=0 tx=0).connect
2024-04-26T23:36:29.593 INFO:teuthology.orchestra.run.smithi073.stdout:/usr/bin/ceph: stderr
2024-04-26T23:36:28.321+0000 7f4c8fc00700 1 -- --> [v2:172.21.15.73:3300/0,v1:172.21.15.73:6789/0] -- mon_getmap magic: 0 -- 0x7f4c8810d1c0 con 0x7f4c88109830
2024-04-26T23:36:29.593 INFO:teuthology.orchestra.run.smithi073.stdout:/usr/bin/ceph: stderr
2024-04-26T23:36:28.322+0000 7f4c8d200700 1 --2- >> [v2:172.21.15.73:3300/0,v1:172.21.15.73:6789/0] conn(0x7f4c88109830 0x7f4c8819cda0 unknown :-1 s=BANNER_CONNECTING pgs=0 cs=0 l=1 rev1=0 crypto rx=0 tx=0 comp rx=0 tx=0)._handle_peer_banner_payload supported=3 required=0
2024-04-26T23:36:29.593 INFO:teuthology.orchestra.run.smithi073.stdout:/usr/bin/ceph: stderr
2024-04-26T23:36:28.322+0000 7f4c8d200700 1 --2- >> [v2:172.21.15.73:3300/0,v1:172.21.15.73:6789/0] conn(0x7f4c88109830 0x7f4c8819cda0 unknown :-1 s=HELLO_CONNECTING pgs=0 cs=0 l=1 rev1=1 crypto rx=0 tx=0 comp rx=0 tx=0).handle_hello peer v2:172.21.15.73:3300/0 says I am v2:172.21.15.73:36864/0 (socket says 172.21.15.73:36864)
2024-04-26T23:36:29.593 INFO:teuthology.orchestra.run.smithi073.stdout:/usr/bin/ceph: stderr
2024-04-26T23:36:28.322+0000 7f4c8d200700 1 -- 172.21.15.73:0/2824024756 learned_addr learned my addr 172.21.15.73:0/2824024756 (peer_addr_for_me v2:172.21.15.73:0/0)
2024-04-26T23:36:29.593 INFO:teuthology.orchestra.run.smithi073.stdout:/usr/bin/ceph: stderr
2024-04-26T23:36:28.322+0000 7f4c8d200700 1 -- 172.21.15.73:0/2824024756 --> [v2:172.21.15.73:3300/0,v1:172.21.15.73:6789/0] -- mon_subscribe({config=0+,monmap=0+}) -- 0x7f4c8819d2e0 con 0x7f4c88109830
2024-04-26T23:36:29.593 INFO:teuthology.orchestra.run.smithi073.stdout:/usr/bin/ceph: stderr
2024-04-26T23:36:28.322+0000 7f4c8d200700 1 --2- 172.21.15.73:0/2824024756 >> [v2:172.21.15.73:3300/0,v1:172.21.15.73:6789/0] conn(0x7f4c88109830 0x7f4c8819cda0 secure :-1 s=READY pgs=75 cs=0 l=1 rev1=1 crypto rx=0x7f4c7c000c00 tx=0x7f4c7c00bac0 comp rx=0 tx=0).ready entity=mon.0 client_cookie=0 server_cookie=0 in_seq=0 out_seq=0
2024-04-26T23:36:29.593 INFO:teuthology.orchestra.run.smithi073.stdout:/usr/bin/ceph: stderr
2024-04-26T23:36:28.323+0000 7f4c85600700 1 -- 172.21.15.73:0/2824024756 <== mon.0 v2:172.21.15.73:3300/0 1 ==== mon_map magic: 0 ==== 205+0+0 (secure 0 0 0) 0x7f4c7c00be60 con 0x7f4c88109830
2024-04-26T23:36:29.593 INFO:teuthology.orchestra.run.smithi073.stdout:/usr/bin/ceph: stderr
2024-04-26T23:36:28.323+0000 7f4c85600700 1 -- 172.21.15.73:0/2824024756 <== mon.0 v2:172.21.15.73:3300/0 2 ==== config(27 keys) ==== 1135+0+0 (secure 0 0 0) 0x7f4c7c01a430 con 0x7f4c88109830
2024-04-26T23:36:29.593 INFO:teuthology.orchestra.run.smithi073.stdout:/usr/bin/ceph: stderr
2024-04-26T23:36:28.323+0000 7f4c8fc00700 1 -- 172.21.15.73:0/2824024756 --> [v2:172.21.15.73:3300/0,v1:172.21.15.73:6789/0] -- mon_subscribe({mgrmap=0+}) -- 0x7f4c8819d570 con 0x7f4c88109830
2024-04-26T23:36:29.593 INFO:teuthology.orchestra.run.smithi073.stdout:/usr/bin/ceph: stderr
2024-04-26T23:36:28.323+0000 7f4c85600700 1 -- 172.21.15.73:0/2824024756 <== mon.0 v2:172.21.15.73:3300/0 3 ==== mon_map magic: 0 ==== 205+0+0 (secure 0 0 0) 0x7f4c7c0115b0 con 0x7f4c88109830
2024-04-26T23:36:29.594 INFO:teuthology.orchestra.run.smithi073.stdout:/usr/bin/ceph: stderr
2024-04-26T23:36:28.323+0000 7f4c8fc00700 1 -- 172.21.15.73:0/2824024756 --> [v2:172.21.15.73:3300/0,v1:172.21.15.73:6789/0] -- mon_subscribe({osdmap=0}) -- 0x7f4c881a0260 con 0x7f4c88109830
2024-04-26T23:36:29.594 INFO:teuthology.orchestra.run.smithi073.stdout:/usr/bin/ceph: stderr
2024-04-26T23:36:28.324+0000 7f4c85600700 1 -- 172.21.15.73:0/2824024756 <== mon.0 v2:172.21.15.73:3300/0 4 ==== mgrmap(e 12) ==== 46571+0+0 (secure 0 0 0) 0x7f4c7c004160 con 0x7f4c88109830
2024-04-26T23:36:29.594 INFO:teuthology.orchestra.run.smithi073.stdout:/usr/bin/ceph: stderr
2024-04-26T23:36:28.324+0000 7f4c8fc00700 1 -- 172.21.15.73:0/2824024756 --> [v2:172.21.15.73:3300/0,v1:172.21.15.73:6789/0] -- mon_command({"prefix": "get_command_descriptions"} v 0) -- 0x7f4c88064a80 con 0x7f4c88109830
2024-04-26T23:36:29.594 INFO:teuthology.orchestra.run.smithi073.stdout:/usr/bin/ceph: stderr
2024-04-26T23:36:28.325+0000 7f4c85600700 1 --2- 172.21.15.73:0/2824024756 >> [v2:172.21.15.73:6800/2663819352,v1:172.21.15.73:6801/2663819352] conn(0x7f4c70039600 0x7f4c7003bac0 unknown :-1 s=NONE pgs=0 cs=0 l=1 rev1=0 crypto rx=0 tx=0 comp rx=0 tx=0).connect
2024-04-26T23:36:29.594 INFO:teuthology.orchestra.run.smithi073.stdout:/usr/bin/ceph: stderr
2024-04-26T23:36:28.325+0000 7f4c85600700 1 -- 172.21.15.73:0/2824024756 <== mon.0 v2:172.21.15.73:3300/0 5 ==== osd_map(3..3 src has 1..3) ==== 1155+0+0 (secure 0 0 0) 0x7f4c7c04db70 con 0x7f4c88109830
2024-04-26T23:36:29.594 INFO:teuthology.orchestra.run.smithi073.stdout:/usr/bin/ceph: stderr
2024-04-26T23:36:28.325+0000 7f4c87e00700 1 --2- 172.21.15.73:0/2824024756 >> [v2:172.21.15.73:6800/2663819352,v1:172.21.15.73:6801/2663819352] conn(0x7f4c70039600 0x7f4c7003bac0 unknown :-1 s=BANNER_CONNECTING pgs=0 cs=0 l=1 rev1=0 crypto rx=0 tx=0 comp rx=0 tx=0)._handle_peer_banner_payload supported=3 required=0
2024-04-26T23:36:29.594 INFO:teuthology.orchestra.run.smithi073.stdout:/usr/bin/ceph: stderr
2024-04-26T23:36:28.326+0000 7f4c87e00700 1 --2- 172.21.15.73:0/2824024756 >> [v2:172.21.15.73:6800/2663819352,v1:172.21.15.73:6801/2663819352] conn(0x7f4c70039600 0x7f4c7003bac0 secure :-1 s=READY pgs=9 cs=0 l=1 rev1=1 crypto rx=0x7f4c74006fd0 tx=0x7f4c74006e40 comp rx=0 tx=0).ready entity=mgr.14152 client_cookie=0 server_cookie=0 in_seq=0 out_seq=0
2024-04-26T23:36:29.594 INFO:teuthology.orchestra.run.smithi073.stdout:/usr/bin/ceph: stderr
2024-04-26T23:36:28.331+0000 7f4c85600700 1 -- 172.21.15.73:0/2824024756 <== mon.0 v2:172.21.15.73:3300/0 6 ==== mon_command_ack([{"prefix": "get_command_descriptions"}]=0 v0) ==== 72+0+188494 (secure 0 0 0) 0x7f4c7c0172b0 con 0x7f4c88109830
2024-04-26T23:36:29.594 INFO:teuthology.orchestra.run.smithi073.stdout:/usr/bin/ceph: stderr
2024-04-26T23:36:28.576+0000 7f4c8fc00700 1 -- 172.21.15.73:0/2824024756 --> [v2:172.21.15.73:3300/0,v1:172.21.15.73:6789/0] -- mon_command({"prefix": "config get", "who": "mgr", "key": "mgr/dashboard/ssl_server_port"} v 0) -- 0x7f4c881a0810 con 0x7f4c88109830
2024-04-26T23:36:29.594 INFO:teuthology.orchestra.run.smithi073.stdout:/usr/bin/ceph: stderr
2024-04-26T23:36:28.576+0000 7f4c85600700 1 -- 172.21.15.73:0/2824024756 <== mon.0 v2:172.21.15.73:3300/0 7 ==== mon_command_ack([{"prefix": "config get", "who": "mgr", "key": "mgr/dashboard/ssl_server_port"}]=0 v8) ==== 112+0+5 (secure 0 0 0) 0x7f4c7c023e00 con 0x7f4c88109830
2024-04-26T23:36:29.594 INFO:teuthology.orchestra.run.smithi073.stdout:/usr/bin/ceph: stderr
2024-04-26T23:36:28.579+0000 7f4c8fc00700 1 -- 172.21.15.73:0/2824024756 >> [v2:172.21.15.73:6800/2663819352,v1:172.21.15.73:6801/2663819352] conn(0x7f4c70039600 msgr2=0x7f4c7003bac0 secure :-1 s=STATE_CONNECTION_ESTABLISHED l=1).mark_down
2024-04-26T23:36:29.594 INFO:teuthology.orchestra.run.smithi073.stdout:/usr/bin/ceph: stderr
2024-04-26T23:36:28.579+0000 7f4c8fc00700 1 --2- 172.21.15.73:0/2824024756 >> [v2:172.21.15.73:6800/2663819352,v1:172.21.15.73:6801/2663819352] conn(0x7f4c70039600 0x7f4c7003bac0 secure :-1 s=READY pgs=9 cs=0 l=1 rev1=1 crypto rx=0x7f4c74006fd0 tx=0x7f4c74006e40 comp rx=0 tx=0).stop
2024-04-26T23:36:29.594 INFO:teuthology.orchestra.run.smithi073.stdout:/usr/bin/ceph: stderr
2024-04-26T23:36:28.579+0000 7f4c8fc00700 1 -- 172.21.15.73:0/2824024756 >> [v2:172.21.15.73:3300/0,v1:172.21.15.73:6789/0] conn(0x7f4c88109830 msgr2=0x7f4c8819cda0 secure :-1 s=STATE_CONNECTION_ESTABLISHED l=1).mark_down
2024-04-26T23:36:29.594 INFO:teuthology.orchestra.run.smithi073.stdout:/usr/bin/ceph: stderr
2024-04-26T23:36:28.579+0000 7f4c8fc00700 1 --2- 172.21.15.73:0/2824024756 >> [v2:172.21.15.73:3300/0,v1:172.21.15.73:6789/0] conn(0x7f4c88109830 0x7f4c8819cda0 secure :-1 s=READY pgs=75 cs=0 l=1 rev1=1 crypto rx=0x7f4c7c000c00 tx=0x7f4c7c00bac0 comp rx=0 tx=0).stop
2024-04-26T23:36:29.595 INFO:teuthology.orchestra.run.smithi073.stdout:/usr/bin/ceph: stderr
2024-04-26T23:36:28.579+0000 7f4c8fc00700 1 -- 172.21.15.73:0/2824024756 shutdown_connections
2024-04-26T23:36:29.595 INFO:teuthology.orchestra.run.smithi073.stdout:/usr/bin/ceph: stderr
2024-04-26T23:36:28.579+0000 7f4c8fc00700 1 --2- 172.21.15.73:0/2824024756 >> [v2:172.21.15.73:6800/2663819352,v1:172.21.15.73:6801/2663819352] conn(0x7f4c70039600 0x7f4c7003bac0 unknown :-1 s=CLOSED pgs=9 cs=0 l=1 rev1=1 crypto rx=0 tx=0 comp rx=0 tx=0).stop
2024-04-26T23:36:29.595 INFO:teuthology.orchestra.run.smithi073.stdout:/usr/bin/ceph: stderr
2024-04-26T23:36:28.579+0000 7f4c8fc00700 1 --2- 172.21.15.73:0/2824024756 >> [v2:172.21.15.73:3300/0,v1:172.21.15.73:6789/0] conn(0x7f4c88109830 0x7f4c8819cda0 unknown :-1 s=CLOSED pgs=75 cs=0 l=1 rev1=1 crypto rx=0 tx=0 comp rx=0 tx=0).stop
2024-04-26T23:36:29.595 INFO:teuthology.orchestra.run.smithi073.stdout:/usr/bin/ceph: stderr
2024-04-26T23:36:28.579+0000 7f4c8fc00700 1 -- 172.21.15.73:0/2824024756 >> 172.21.15.73:0/2824024756 conn(0x7f4c881031e0 msgr2=0x7f4c88103e20 unknown :-1 s=STATE_NONE l=0).mark_down
2024-04-26T23:36:29.595 INFO:teuthology.orchestra.run.smithi073.stdout:/usr/bin/ceph: stderr
2024-04-26T23:36:28.579+0000 7f4c8fc00700 1 -- 172.21.15.73:0/2824024756 shutdown_connections
2024-04-26T23:36:29.595 INFO:teuthology.orchestra.run.smithi073.stdout:/usr/bin/ceph: stderr
2024-04-26T23:36:28.579+0000 7f4c8fc00700 1 -- 172.21.15.73:0/2824024756 wait complete.
2024-04-26T23:36:29.623 INFO:teuthology.orchestra.run.smithi073.stdout:Non-zero exit code 1 from systemctl is-enabled firewalld.service
2024-04-26T23:36:29.623 INFO:teuthology.orchestra.run.smithi073.stdout:systemctl: stdout disabled
2024-04-26T23:36:29.650 INFO:teuthology.orchestra.run.smithi073.stdout:Non-zero exit code 3 from systemctl is-active firewalld.service
2024-04-26T23:36:29.650 INFO:teuthology.orchestra.run.smithi073.stdout:systemctl: stdout inactive
2024-04-26T23:36:29.651 INFO:teuthology.orchestra.run.smithi073.stdout:firewalld.service is not enabled
2024-04-26T23:36:29.651 INFO:teuthology.orchestra.run.smithi073.stdout:Not possible to open ports <[8443]>. firewalld.service is not available
2024-04-26T23:36:29.655 INFO:teuthology.orchestra.run.smithi073.stdout:Ceph Dashboard is now available at:
2024-04-26T23:36:29.655 INFO:teuthology.orchestra.run.smithi073.stdout:
2024-04-26T23:36:29.655 INFO:teuthology.orchestra.run.smithi073.stdout: URL: https://smithi073.front.sepia.ceph.com:8443/
2024-04-26T23:36:29.655 INFO:teuthology.orchestra.run.smithi073.stdout: User: admin
2024-04-26T23:36:29.655 INFO:teuthology.orchestra.run.smithi073.stdout: Password: 386qw41okf
2024-04-26T23:36:29.656 INFO:teuthology.orchestra.run.smithi073.stdout:
2024-04-26T23:36:29.657 INFO:teuthology.orchestra.run.smithi073.stdout:Saving cluster configuration to /var/lib/ceph/7a6a6be0-0425-11ef-bc93-c7b262605968/config directory
2024-04-26T23:36:29.659 INFO:teuthology.orchestra.run.smithi073.stdout:Enabling autotune for osd_memory_target
2024-04-26T23:36:29.808 INFO:journalctl@ceph.mon.a.smithi073.stdout:Apr 26 23:36:29 smithi073 ceph-mon[27962]: mgrmap e13: x(active, since 6s)
2024-04-26T23:36:31.353 INFO:teuthology.orchestra.run.smithi073.stdout:/usr/bin/ceph: stderr
2024-04-26T23:36:30.478+0000 7f48b2800700 1 Processor -- start
2024-04-26T23:36:31.353 INFO:teuthology.orchestra.run.smithi073.stdout:/usr/bin/ceph: stderr
2024-04-26T23:36:30.479+0000 7f48b2800700 1 -- start start
2024-04-26T23:36:31.353 INFO:teuthology.orchestra.run.smithi073.stdout:/usr/bin/ceph: stderr
2024-04-26T23:36:30.479+0000 7f48b2800700 1 --2- >> [v2:172.21.15.73:3300/0,v1:172.21.15.73:6789/0] conn(0x7f48ac1107c0 0x7f48ac110be0 unknown :-1 s=NONE pgs=0 cs=0 l=0 rev1=0 crypto rx=0 tx=0 comp rx=0 tx=0).connect
2024-04-26T23:36:31.353 INFO:teuthology.orchestra.run.smithi073.stdout:/usr/bin/ceph: stderr
2024-04-26T23:36:30.479+0000 7f48b2800700 1 -- --> [v2:172.21.15.73:3300/0,v1:172.21.15.73:6789/0] -- mon_getmap magic: 0 -- 0x7f48ac1111b0 con 0x7f48ac1107c0
2024-04-26T23:36:31.353 INFO:teuthology.orchestra.run.smithi073.stdout:/usr/bin/ceph: stderr
2024-04-26T23:36:30.480+0000 7f48b1400700 1 --2- >> [v2:172.21.15.73:3300/0,v1:172.21.15.73:6789/0] conn(0x7f48ac1107c0 0x7f48ac110be0 unknown :-1 s=BANNER_CONNECTING pgs=0 cs=0 l=0 rev1=0 crypto rx=0 tx=0 comp rx=0 tx=0)._handle_peer_banner_payload supported=3 required=0
2024-04-26T23:36:31.353 INFO:teuthology.orchestra.run.smithi073.stdout:/usr/bin/ceph: stderr
2024-04-26T23:36:30.480+0000 7f48b1400700 1 --2- >> [v2:172.21.15.73:3300/0,v1:172.21.15.73:6789/0] conn(0x7f48ac1107c0 0x7f48ac110be0 unknown :-1 s=HELLO_CONNECTING pgs=0 cs=0 l=0 rev1=1 crypto rx=0 tx=0 comp rx=0 tx=0).handle_hello peer v2:172.21.15.73:3300/0 says I am v2:172.21.15.73:36870/0 (socket says 172.21.15.73:36870)
2024-04-26T23:36:31.353 INFO:teuthology.orchestra.run.smithi073.stdout:/usr/bin/ceph: stderr
2024-04-26T23:36:30.480+0000 7f48b1400700 1 -- 172.21.15.73:0/3165999554 learned_addr learned my addr 172.21.15.73:0/3165999554 (peer_addr_for_me v2:172.21.15.73:0/0)
2024-04-26T23:36:31.354 INFO:teuthology.orchestra.run.smithi073.stdout:/usr/bin/ceph: stderr
2024-04-26T23:36:30.480+0000 7f48b1400700 1 -- 172.21.15.73:0/3165999554 --> [v2:172.21.15.73:3300/0,v1:172.21.15.73:6789/0] -- mon_subscribe({config=0+,monmap=0+}) -- 0x7f48ac111330 con 0x7f48ac1107c0
2024-04-26T23:36:31.354 INFO:teuthology.orchestra.run.smithi073.stdout:/usr/bin/ceph: stderr
2024-04-26T23:36:30.481+0000 7f48b1400700 1 --2- 172.21.15.73:0/3165999554 >> [v2:172.21.15.73:3300/0,v1:172.21.15.73:6789/0] conn(0x7f48ac1107c0 0x7f48ac110be0 secure :-1 s=READY pgs=76 cs=0 l=1 rev1=1 crypto rx=0x7f48a00098a0 tx=0x7f48a0009bb0 comp rx=0 tx=0).ready entity=mon.0 client_cookie=b4daa36128d0a3bd server_cookie=0 in_seq=0 out_seq=0
2024-04-26T23:36:31.354 INFO:teuthology.orchestra.run.smithi073.stdout:/usr/bin/ceph: stderr
2024-04-26T23:36:30.481+0000 7f48abe00700 1 -- 172.21.15.73:0/3165999554 <== mon.0 v2:172.21.15.73:3300/0 1 ==== mon_map magic: 0 ==== 205+0+0 (secure 0 0 0) 0x7f48a0004160 con 0x7f48ac1107c0
2024-04-26T23:36:31.354 INFO:teuthology.orchestra.run.smithi073.stdout:/usr/bin/ceph: stderr
2024-04-26T23:36:30.481+0000 7f48abe00700 1 -- 172.21.15.73:0/3165999554 <== mon.0 v2:172.21.15.73:3300/0 2 ==== config(27 keys) ==== 1135+0+0 (secure 0 0 0) 0x7f48a0004300 con 0x7f48ac1107c0
2024-04-26T23:36:31.354 INFO:teuthology.orchestra.run.smithi073.stdout:/usr/bin/ceph: stderr
2024-04-26T23:36:30.481+0000 7f48abe00700 1 -- 172.21.15.73:0/3165999554 <== mon.0 v2:172.21.15.73:3300/0 3 ==== mon_map magic: 0 ==== 205+0+0 (secure 0 0 0) 0x7f48a0011af0 con 0x7f48ac1107c0
2024-04-26T23:36:31.354 INFO:teuthology.orchestra.run.smithi073.stdout:/usr/bin/ceph: stderr
2024-04-26T23:36:30.482+0000 7f48b2800700 1 -- 172.21.15.73:0/3165999554 >> [v2:172.21.15.73:3300/0,v1:172.21.15.73:6789/0] conn(0x7f48ac1107c0 msgr2=0x7f48ac110be0 secure :-1 s=STATE_CONNECTION_ESTABLISHED l=1).mark_down
2024-04-26T23:36:31.354 INFO:teuthology.orchestra.run.smithi073.stdout:/usr/bin/ceph: stderr
2024-04-26T23:36:30.482+0000 7f48b2800700 1 --2- 172.21.15.73:0/3165999554 >> [v2:172.21.15.73:3300/0,v1:172.21.15.73:6789/0] conn(0x7f48ac1107c0 0x7f48ac110be0 secure :-1 s=READY pgs=76 cs=0 l=1 rev1=1 crypto rx=0x7f48a00098a0 tx=0x7f48a0009bb0 comp rx=0 tx=0).stop
2024-04-26T23:36:31.354 INFO:teuthology.orchestra.run.smithi073.stdout:/usr/bin/ceph: stderr
2024-04-26T23:36:30.482+0000 7f48b2800700 1 -- 172.21.15.73:0/3165999554 shutdown_connections
2024-04-26T23:36:31.354 INFO:teuthology.orchestra.run.smithi073.stdout:/usr/bin/ceph: stderr
2024-04-26T23:36:30.482+0000 7f48b2800700 1 --2- 172.21.15.73:0/3165999554 >> [v2:172.21.15.73:3300/0,v1:172.21.15.73:6789/0] conn(0x7f48ac1107c0 0x7f48ac110be0 unknown :-1 s=CLOSED pgs=76 cs=0 l=1 rev1=1 crypto rx=0 tx=0 comp rx=0 tx=0).stop
2024-04-26T23:36:31.354 INFO:teuthology.orchestra.run.smithi073.stdout:/usr/bin/ceph: stderr
2024-04-26T23:36:30.482+0000 7f48b2800700 1 -- 172.21.15.73:0/3165999554 >> 172.21.15.73:0/3165999554 conn(0x7f48ac07e1f0 msgr2=0x7f48ac080610 unknown :-1 s=STATE_NONE l=0).mark_down
2024-04-26T23:36:31.354 INFO:teuthology.orchestra.run.smithi073.stdout:/usr/bin/ceph: stderr
2024-04-26T23:36:30.482+0000 7f48b2800700 1 -- 172.21.15.73:0/3165999554 shutdown_connections
2024-04-26T23:36:31.354 INFO:teuthology.orchestra.run.smithi073.stdout:/usr/bin/ceph: stderr
2024-04-26T23:36:30.482+0000 7f48b2800700 1 -- 172.21.15.73:0/3165999554 wait complete.
2024-04-26T23:36:31.354 INFO:teuthology.orchestra.run.smithi073.stdout:/usr/bin/ceph: stderr
2024-04-26T23:36:30.483+0000 7f48b2800700 1 Processor -- start
2024-04-26T23:36:31.354 INFO:teuthology.orchestra.run.smithi073.stdout:/usr/bin/ceph: stderr
2024-04-26T23:36:30.483+0000 7f48b2800700 1 -- start start
2024-04-26T23:36:31.355 INFO:teuthology.orchestra.run.smithi073.stdout:/usr/bin/ceph: stderr
2024-04-26T23:36:30.483+0000 7f48b2800700 1 --2- >> [v2:172.21.15.73:3300/0,v1:172.21.15.73:6789/0] conn(0x7f48ac1107c0 0x7f48ac1a3050 unknown :-1 s=NONE pgs=0 cs=0 l=1 rev1=0 crypto rx=0 tx=0 comp rx=0 tx=0).connect
2024-04-26T23:36:31.355 INFO:teuthology.orchestra.run.smithi073.stdout:/usr/bin/ceph: stderr
2024-04-26T23:36:30.483+0000 7f48b2800700 1 -- --> [v2:172.21.15.73:3300/0,v1:172.21.15.73:6789/0] -- mon_getmap magic: 0 -- 0x7f48ac113790 con 0x7f48ac1107c0
2024-04-26T23:36:31.355 INFO:teuthology.orchestra.run.smithi073.stdout:/usr/bin/ceph: stderr
2024-04-26T23:36:30.484+0000 7f48b1400700 1 --2- >> [v2:172.21.15.73:3300/0,v1:172.21.15.73:6789/0] conn(0x7f48ac1107c0 0x7f48ac1a3050 unknown :-1 s=BANNER_CONNECTING pgs=0 cs=0 l=1 rev1=0 crypto rx=0 tx=0 comp rx=0 tx=0)._handle_peer_banner_payload supported=3 required=0
2024-04-26T23:36:31.355 INFO:teuthology.orchestra.run.smithi073.stdout:/usr/bin/ceph: stderr
2024-04-26T23:36:30.484+0000 7f48b1400700 1 --2- >> [v2:172.21.15.73:3300/0,v1:172.21.15.73:6789/0] conn(0x7f48ac1107c0 0x7f48ac1a3050 unknown :-1 s=HELLO_CONNECTING pgs=0 cs=0 l=1 rev1=1 crypto rx=0 tx=0 comp rx=0 tx=0).handle_hello peer v2:172.21.15.73:3300/0 says I am v2:172.21.15.73:36886/0 (socket says 172.21.15.73:36886)
2024-04-26T23:36:31.355 INFO:teuthology.orchestra.run.smithi073.stdout:/usr/bin/ceph: stderr
2024-04-26T23:36:30.484+0000 7f48b1400700 1 -- 172.21.15.73:0/1579306013 learned_addr learned my addr 172.21.15.73:0/1579306013 (peer_addr_for_me v2:172.21.15.73:0/0)
2024-04-26T23:36:31.355 INFO:teuthology.orchestra.run.smithi073.stdout:/usr/bin/ceph: stderr
2024-04-26T23:36:30.484+0000 7f48b1400700 1 -- 172.21.15.73:0/1579306013 --> [v2:172.21.15.73:3300/0,v1:172.21.15.73:6789/0] -- mon_subscribe({config=0+,monmap=0+}) -- 0x7f48ac1a3590 con 0x7f48ac1107c0
2024-04-26T23:36:31.355 INFO:teuthology.orchestra.run.smithi073.stdout:/usr/bin/ceph: stderr
2024-04-26T23:36:30.484+0000 7f48b1400700 1 --2- 172.21.15.73:0/1579306013 >> [v2:172.21.15.73:3300/0,v1:172.21.15.73:6789/0] conn(0x7f48ac1107c0 0x7f48ac1a3050 secure :-1 s=READY pgs=77 cs=0 l=1 rev1=1 crypto rx=0x7f48a0003f90 tx=0x7f48a0011b70 comp rx=0 tx=0).ready entity=mon.0 client_cookie=0 server_cookie=0 in_seq=0 out_seq=0
2024-04-26T23:36:31.355 INFO:teuthology.orchestra.run.smithi073.stdout:/usr/bin/ceph: stderr
2024-04-26T23:36:30.485+0000 7f48aa000700 1 -- 172.21.15.73:0/1579306013 <== mon.0 v2:172.21.15.73:3300/0 1 ==== mon_map magic: 0 ==== 205+0+0 (secure 0 0 0) 0x7f48a00039e0 con 0x7f48ac1107c0
2024-04-26T23:36:31.355 INFO:teuthology.orchestra.run.smithi073.stdout:/usr/bin/ceph: stderr
2024-04-26T23:36:30.485+0000 7f48aa000700 1 -- 172.21.15.73:0/1579306013 <== mon.0 v2:172.21.15.73:3300/0 2 ==== config(27 keys) ==== 1135+0+0 (secure 0 0 0) 0x7f48a0003b80 con 0x7f48ac1107c0
2024-04-26T23:36:31.355 INFO:teuthology.orchestra.run.smithi073.stdout:/usr/bin/ceph: stderr
2024-04-26T23:36:30.485+0000 7f48b2800700 1 -- 172.21.15.73:0/1579306013 --> [v2:172.21.15.73:3300/0,v1:172.21.15.73:6789/0] -- mon_subscribe({mgrmap=0+}) -- 0x7f48ac1a3880 con 0x7f48ac1107c0
2024-04-26T23:36:31.355 INFO:teuthology.orchestra.run.smithi073.stdout:/usr/bin/ceph: stderr
2024-04-26T23:36:30.485+0000 7f48aa000700 1 -- 172.21.15.73:0/1579306013 <== mon.0 v2:172.21.15.73:3300/0 3 ==== mon_map magic: 0 ==== 205+0+0 (secure 0 0 0) 0x7f48a00196e0 con 0x7f48ac1107c0
2024-04-26T23:36:31.355 INFO:teuthology.orchestra.run.smithi073.stdout:/usr/bin/ceph: stderr
2024-04-26T23:36:30.485+0000 7f48b2800700 1 -- 172.21.15.73:0/1579306013 --> [v2:172.21.15.73:3300/0,v1:172.21.15.73:6789/0] -- mon_subscribe({osdmap=0}) -- 0x7f48ac1a6510 con 0x7f48ac1107c0
2024-04-26T23:36:31.355 INFO:teuthology.orchestra.run.smithi073.stdout:/usr/bin/ceph: stderr
2024-04-26T23:36:30.486+0000 7f48aa000700 1 -- 172.21.15.73:0/1579306013 <== mon.0 v2:172.21.15.73:3300/0 4 ==== mgrmap(e 13) ==== 46614+0+0 (secure 0 0 0) 0x7f48a0022020 con 0x7f48ac1107c0
2024-04-26T23:36:31.355 INFO:teuthology.orchestra.run.smithi073.stdout:/usr/bin/ceph: stderr
2024-04-26T23:36:30.486+0000 7f48b2800700 1 -- 172.21.15.73:0/1579306013 --> [v2:172.21.15.73:3300/0,v1:172.21.15.73:6789/0] -- mon_command({"prefix": "get_command_descriptions"} v 0) -- 0x7f48ac064a80 con 0x7f48ac1107c0
2024-04-26T23:36:31.355 INFO:teuthology.orchestra.run.smithi073.stdout:/usr/bin/ceph: stderr
2024-04-26T23:36:30.486+0000 7f48aa000700 1 --2- 172.21.15.73:0/1579306013 >> [v2:172.21.15.73:6800/2663819352,v1:172.21.15.73:6801/2663819352] conn(0x7f4894039700 0x7f489403bbc0 unknown :-1 s=NONE pgs=0 cs=0 l=1 rev1=0 crypto rx=0 tx=0 comp rx=0 tx=0).connect
2024-04-26T23:36:31.355 INFO:teuthology.orchestra.run.smithi073.stdout:/usr/bin/ceph: stderr
2024-04-26T23:36:30.486+0000 7f48aa000700 1 -- 172.21.15.73:0/1579306013 <== mon.0 v2:172.21.15.73:3300/0 5 ==== osd_map(3..3 src has 1..3) ==== 1155+0+0 (secure 0 0 0) 0x7f48a004da10 con 0x7f48ac1107c0
2024-04-26T23:36:31.356 INFO:teuthology.orchestra.run.smithi073.stdout:/usr/bin/ceph: stderr
2024-04-26T23:36:30.487+0000 7f48b0a00700 1 --2- 172.21.15.73:0/1579306013 >> [v2:172.21.15.73:6800/2663819352,v1:172.21.15.73:6801/2663819352] conn(0x7f4894039700 0x7f489403bbc0 unknown :-1 s=BANNER_CONNECTING pgs=0 cs=0 l=1 rev1=0 crypto rx=0 tx=0 comp rx=0 tx=0)._handle_peer_banner_payload supported=3 required=0
2024-04-26T23:36:31.356 INFO:teuthology.orchestra.run.smithi073.stdout:/usr/bin/ceph: stderr
2024-04-26T23:36:30.487+0000 7f48b0a00700 1 --2- 172.21.15.73:0/1579306013 >> [v2:172.21.15.73:6800/2663819352,v1:172.21.15.73:6801/2663819352] conn(0x7f4894039700 0x7f489403bbc0 secure :-1 s=READY pgs=10 cs=0 l=1 rev1=1 crypto rx=0x7f4898006fd0 tx=0x7f4898006e40 comp rx=0 tx=0).ready entity=mgr.14152 client_cookie=0 server_cookie=0 in_seq=0 out_seq=0
2024-04-26T23:36:31.356 INFO:teuthology.orchestra.run.smithi073.stdout:/usr/bin/ceph: stderr
2024-04-26T23:36:30.492+0000 7f48aa000700 1 -- 172.21.15.73:0/1579306013 <== mon.0 v2:172.21.15.73:3300/0 6 ==== mon_command_ack([{"prefix": "get_command_descriptions"}]=0 v0) ==== 72+0+188494 (secure 0 0 0) 0x7f48a001a430 con 0x7f48ac1107c0
2024-04-26T23:36:31.356 INFO:teuthology.orchestra.run.smithi073.stdout:/usr/bin/ceph: stderr
2024-04-26T23:36:30.699+0000 7f48b2800700 1 -- 172.21.15.73:0/1579306013 --> [v2:172.21.15.73:3300/0,v1:172.21.15.73:6789/0] -- mon_command([{prefix=config set, name=osd_memory_target_autotune}] v 0) -- 0x7f48ac1a6cc0 con 0x7f48ac1107c0
2024-04-26T23:36:31.356 INFO:teuthology.orchestra.run.smithi073.stdout:/usr/bin/ceph: stderr
2024-04-26T23:36:30.700+0000 7f48aa000700 1 -- 172.21.15.73:0/1579306013 <== mon.0 v2:172.21.15.73:3300/0 7 ==== mon_command_ack([{prefix=config set, name=osd_memory_target_autotune}]=0 v8)=0 v8) ==== 127+0+0 (secure 0 0 0) 0x7f48a000bcc0 con 0x7f48ac1107c0
2024-04-26T23:36:31.356 INFO:teuthology.orchestra.run.smithi073.stdout:/usr/bin/ceph: stderr
2024-04-26T23:36:30.703+0000 7f48b2800700 1 -- 172.21.15.73:0/1579306013 >> [v2:172.21.15.73:6800/2663819352,v1:172.21.15.73:6801/2663819352] conn(0x7f4894039700 msgr2=0x7f489403bbc0 secure :-1 s=STATE_CONNECTION_ESTABLISHED l=1).mark_down
2024-04-26T23:36:31.356 INFO:teuthology.orchestra.run.smithi073.stdout:/usr/bin/ceph: stderr
2024-04-26T23:36:30.703+0000 7f48b2800700 1 --2- 172.21.15.73:0/1579306013 >> [v2:172.21.15.73:6800/2663819352,v1:172.21.15.73:6801/2663819352] conn(0x7f4894039700 0x7f489403bbc0 secure :-1 s=READY pgs=10 cs=0 l=1 rev1=1 crypto rx=0x7f4898006fd0 tx=0x7f4898006e40 comp rx=0 tx=0).stop
2024-04-26T23:36:31.356 INFO:teuthology.orchestra.run.smithi073.stdout:/usr/bin/ceph: stderr
2024-04-26T23:36:30.703+0000 7f48b2800700 1 -- 172.21.15.73:0/1579306013 >> [v2:172.21.15.73:3300/0,v1:172.21.15.73:6789/0] conn(0x7f48ac1107c0 msgr2=0x7f48ac1a3050 secure :-1 s=STATE_CONNECTION_ESTABLISHED l=1).mark_down
2024-04-26T23:36:31.356 INFO:teuthology.orchestra.run.smithi073.stdout:/usr/bin/ceph: stderr
2024-04-26T23:36:30.703+0000 7f48b2800700 1 --2- 172.21.15.73:0/1579306013 >> [v2:172.21.15.73:3300/0,v1:172.21.15.73:6789/0] conn(0x7f48ac1107c0 0x7f48ac1a3050 secure :-1 s=READY pgs=77 cs=0 l=1 rev1=1 crypto rx=0x7f48a0003f90 tx=0x7f48a0011b70 comp rx=0 tx=0).stop
2024-04-26T23:36:31.356 INFO:teuthology.orchestra.run.smithi073.stdout:/usr/bin/ceph: stderr
2024-04-26T23:36:30.703+0000 7f48b2800700 1 -- 172.21.15.73:0/1579306013 shutdown_connections
2024-04-26T23:36:31.356 INFO:teuthology.orchestra.run.smithi073.stdout:/usr/bin/ceph: stderr
2024-04-26T23:36:30.703+0000 7f48b2800700 1 --2- 172.21.15.73:0/1579306013 >> [v2:172.21.15.73:6800/2663819352,v1:172.21.15.73:6801/2663819352] conn(0x7f4894039700 0x7f489403bbc0 unknown :-1 s=CLOSED pgs=10 cs=0 l=1 rev1=1 crypto rx=0 tx=0 comp rx=0 tx=0).stop
2024-04-26T23:36:31.356 INFO:teuthology.orchestra.run.smithi073.stdout:/usr/bin/ceph: stderr
2024-04-26T23:36:30.703+0000 7f48b2800700 1 --2- 172.21.15.73:0/1579306013 >> [v2:172.21.15.73:3300/0,v1:172.21.15.73:6789/0] conn(0x7f48ac1107c0 0x7f48ac1a3050 unknown :-1 s=CLOSED pgs=77 cs=0 l=1 rev1=1 crypto rx=0 tx=0 comp rx=0 tx=0).stop
2024-04-26T23:36:31.356 INFO:teuthology.orchestra.run.smithi073.stdout:/usr/bin/ceph: stderr
2024-04-26T23:36:30.703+0000 7f48b2800700 1 -- 172.21.15.73:0/1579306013 >> 172.21.15.73:0/1579306013 conn(0x7f48ac07e1f0 msgr2=0x7f48ac07ebf0 unknown :-1 s=STATE_NONE l=0).mark_down
2024-04-26T23:36:31.356 INFO:teuthology.orchestra.run.smithi073.stdout:/usr/bin/ceph: stderr
2024-04-26T23:36:30.703+0000 7f48b2800700 1 -- 172.21.15.73:0/1579306013 shutdown_connections
2024-04-26T23:36:31.356 INFO:teuthology.orchestra.run.smithi073.stdout:/usr/bin/ceph: stderr
2024-04-26T23:36:30.703+0000 7f48b2800700 1 -- 172.21.15.73:0/1579306013 wait complete.
2024-04-26T23:36:32.971 INFO:teuthology.orchestra.run.smithi073.stdout:/usr/bin/ceph: stderr
2024-04-26T23:36:31.934+0000 7ff633200700 1 Processor -- start
2024-04-26T23:36:32.971 INFO:teuthology.orchestra.run.smithi073.stdout:/usr/bin/ceph: stderr
2024-04-26T23:36:31.934+0000 7ff633200700 1 -- start start
2024-04-26T23:36:32.971 INFO:teuthology.orchestra.run.smithi073.stdout:/usr/bin/ceph: stderr
2024-04-26T23:36:31.935+0000 7ff633200700 1 --2- >> [v2:172.21.15.73:3300/0,v1:172.21.15.73:6789/0] conn(0x7ff62c07ee80 0x7ff62c07d2e0 unknown :-1 s=NONE pgs=0 cs=0 l=0 rev1=0 crypto rx=0 tx=0 comp rx=0 tx=0).connect
2024-04-26T23:36:32.972 INFO:teuthology.orchestra.run.smithi073.stdout:/usr/bin/ceph: stderr
2024-04-26T23:36:31.935+0000 7ff633200700 1 -- --> [v2:172.21.15.73:3300/0,v1:172.21.15.73:6789/0] -- mon_getmap magic: 0 -- 0x7ff62c07d8b0 con 0x7ff62c07ee80
2024-04-26T23:36:32.972 INFO:teuthology.orchestra.run.smithi073.stdout:/usr/bin/ceph: stderr
2024-04-26T23:36:31.935+0000 7ff62be00700 1 --2- >> [v2:172.21.15.73:3300/0,v1:172.21.15.73:6789/0] conn(0x7ff62c07ee80 0x7ff62c07d2e0 unknown :-1 s=BANNER_CONNECTING pgs=0 cs=0 l=0 rev1=0 crypto rx=0 tx=0 comp rx=0 tx=0)._handle_peer_banner_payload supported=3 required=0
2024-04-26T23:36:32.972 INFO:teuthology.orchestra.run.smithi073.stdout:/usr/bin/ceph: stderr
2024-04-26T23:36:31.935+0000 7ff62be00700 1 --2- >> [v2:172.21.15.73:3300/0,v1:172.21.15.73:6789/0] conn(0x7ff62c07ee80 0x7ff62c07d2e0 unknown :-1 s=HELLO_CONNECTING pgs=0 cs=0 l=0 rev1=1 crypto rx=0 tx=0 comp rx=0 tx=0).handle_hello peer v2:172.21.15.73:3300/0 says I am v2:172.21.15.73:36892/0 (socket says 172.21.15.73:36892)
2024-04-26T23:36:32.972 INFO:teuthology.orchestra.run.smithi073.stdout:/usr/bin/ceph: stderr
2024-04-26T23:36:31.935+0000 7ff62be00700 1 -- 172.21.15.73:0/1043995752 learned_addr learned my addr 172.21.15.73:0/1043995752 (peer_addr_for_me v2:172.21.15.73:0/0)
2024-04-26T23:36:32.972 INFO:teuthology.orchestra.run.smithi073.stdout:/usr/bin/ceph: stderr
2024-04-26T23:36:31.936+0000 7ff62be00700 1 -- 172.21.15.73:0/1043995752 --> [v2:172.21.15.73:3300/0,v1:172.21.15.73:6789/0] -- mon_subscribe({config=0+,monmap=0+}) -- 0x7ff62c07da30 con 0x7ff62c07ee80
2024-04-26T23:36:32.972 INFO:teuthology.orchestra.run.smithi073.stdout:/usr/bin/ceph: stderr
2024-04-26T23:36:31.936+0000 7ff62be00700 1 --2- 172.21.15.73:0/1043995752 >> [v2:172.21.15.73:3300/0,v1:172.21.15.73:6789/0] conn(0x7ff62c07ee80 0x7ff62c07d2e0 secure :-1 s=READY pgs=78 cs=0 l=1 rev1=1 crypto rx=0x7ff61c009e80 tx=0x7ff61c00b330 comp rx=0 tx=0).ready entity=mon.0 client_cookie=1f4c9376bb98e728 server_cookie=0 in_seq=0 out_seq=0
2024-04-26T23:36:32.974 INFO:teuthology.orchestra.run.smithi073.stdout:/usr/bin/ceph: stderr
2024-04-26T23:36:31.936+0000 7ff62b400700 1 -- 172.21.15.73:0/1043995752 <== mon.0 v2:172.21.15.73:3300/0 1 ==== mon_map magic: 0 ==== 205+0+0 (secure 0 0 0) 0x7ff61c017070 con 0x7ff62c07ee80
2024-04-26T23:36:32.974 INFO:teuthology.orchestra.run.smithi073.stdout:/usr/bin/ceph: stderr
2024-04-26T23:36:31.937+0000 7ff62b400700 1 -- 172.21.15.73:0/1043995752 <== mon.0 v2:172.21.15.73:3300/0 2 ==== config(27 keys) ==== 1135+0+0 (secure 0 0 0) 0x7ff61c00b8c0 con 0x7ff62c07ee80
2024-04-26T23:36:32.974 INFO:teuthology.orchestra.run.smithi073.stdout:/usr/bin/ceph: stderr
2024-04-26T23:36:31.937+0000 7ff62b400700 1 -- 172.21.15.73:0/1043995752 <== mon.0 v2:172.21.15.73:3300/0 3 ==== mon_map magic: 0 ==== 205+0+0 (secure 0 0 0) 0x7ff61c004500 con 0x7ff62c07ee80
2024-04-26T23:36:32.974 INFO:teuthology.orchestra.run.smithi073.stdout:/usr/bin/ceph: stderr
2024-04-26T23:36:31.937+0000 7ff633200700 1 -- 172.21.15.73:0/1043995752 >> [v2:172.21.15.73:3300/0,v1:172.21.15.73:6789/0] conn(0x7ff62c07ee80 msgr2=0x7ff62c07d2e0 secure :-1 s=STATE_CONNECTION_ESTABLISHED l=1).mark_down
2024-04-26T23:36:32.974 INFO:teuthology.orchestra.run.smithi073.stdout:/usr/bin/ceph: stderr
2024-04-26T23:36:31.937+0000 7ff633200700 1 --2- 172.21.15.73:0/1043995752 >> [v2:172.21.15.73:3300/0,v1:172.21.15.73:6789/0] conn(0x7ff62c07ee80 0x7ff62c07d2e0 secure :-1 s=READY pgs=78 cs=0 l=1 rev1=1 crypto rx=0x7ff61c009e80 tx=0x7ff61c00b330 comp rx=0 tx=0).stop
2024-04-26T23:36:32.974 INFO:teuthology.orchestra.run.smithi073.stdout:/usr/bin/ceph: stderr
2024-04-26T23:36:31.937+0000 7ff633200700 1 -- 172.21.15.73:0/1043995752 shutdown_connections
2024-04-26T23:36:32.974 INFO:teuthology.orchestra.run.smithi073.stdout:/usr/bin/ceph: stderr
2024-04-26T23:36:31.937+0000 7ff633200700 1 --2- 172.21.15.73:0/1043995752 >> [v2:172.21.15.73:3300/0,v1:172.21.15.73:6789/0] conn(0x7ff62c07ee80 0x7ff62c07d2e0 unknown :-1 s=CLOSED pgs=78 cs=0 l=1 rev1=1 crypto rx=0 tx=0 comp rx=0 tx=0).stop
2024-04-26T23:36:32.974 INFO:teuthology.orchestra.run.smithi073.stdout:/usr/bin/ceph: stderr
2024-04-26T23:36:31.937+0000 7ff633200700 1 -- 172.21.15.73:0/1043995752 >> 172.21.15.73:0/1043995752 conn(0x7ff62c1042e0 msgr2=0x7ff62c106740 unknown :-1 s=STATE_NONE l=0).mark_down
2024-04-26T23:36:32.974 INFO:teuthology.orchestra.run.smithi073.stdout:/usr/bin/ceph: stderr
2024-04-26T23:36:31.937+0000 7ff633200700 1 -- 172.21.15.73:0/1043995752 shutdown_connections
2024-04-26T23:36:32.974 INFO:teuthology.orchestra.run.smithi073.stdout:/usr/bin/ceph: stderr
2024-04-26T23:36:31.938+0000 7ff633200700 1 -- 172.21.15.73:0/1043995752 wait complete.
2024-04-26T23:36:32.974 INFO:teuthology.orchestra.run.smithi073.stdout:/usr/bin/ceph: stderr
2024-04-26T23:36:31.938+0000 7ff633200700 1 Processor -- start
2024-04-26T23:36:32.974 INFO:teuthology.orchestra.run.smithi073.stdout:/usr/bin/ceph: stderr
2024-04-26T23:36:31.939+0000 7ff633200700 1 -- start start
2024-04-26T23:36:32.976 INFO:teuthology.orchestra.run.smithi073.stdout:/usr/bin/ceph: stderr
2024-04-26T23:36:31.939+0000 7ff633200700 1 --2- >> [v2:172.21.15.73:3300/0,v1:172.21.15.73:6789/0] conn(0x7ff62c07ee80 0x7ff62c19ef60 unknown :-1 s=NONE pgs=0 cs=0 l=1 rev1=0 crypto rx=0 tx=0 comp rx=0 tx=0).connect
2024-04-26T23:36:32.976 INFO:teuthology.orchestra.run.smithi073.stdout:/usr/bin/ceph: stderr
2024-04-26T23:36:31.939+0000 7ff633200700 1 -- --> [v2:172.21.15.73:3300/0,v1:172.21.15.73:6789/0] -- mon_getmap magic: 0 -- 0x7ff62c10f3e0 con 0x7ff62c07ee80
2024-04-26T23:36:32.976 INFO:teuthology.orchestra.run.smithi073.stdout:/usr/bin/ceph: stderr
2024-04-26T23:36:31.939+0000 7ff62be00700 1 --2- >> [v2:172.21.15.73:3300/0,v1:172.21.15.73:6789/0] conn(0x7ff62c07ee80 0x7ff62c19ef60 unknown :-1 s=BANNER_CONNECTING pgs=0 cs=0 l=1 rev1=0 crypto rx=0 tx=0 comp rx=0 tx=0)._handle_peer_banner_payload supported=3 required=0
2024-04-26T23:36:32.976 INFO:teuthology.orchestra.run.smithi073.stdout:/usr/bin/ceph: stderr
2024-04-26T23:36:31.939+0000 7ff62be00700 1 --2- >> [v2:172.21.15.73:3300/0,v1:172.21.15.73:6789/0] conn(0x7ff62c07ee80 0x7ff62c19ef60 unknown :-1 s=HELLO_CONNECTING pgs=0 cs=0 l=1 rev1=1 crypto rx=0 tx=0 comp rx=0 tx=0).handle_hello peer v2:172.21.15.73:3300/0 says I am v2:172.21.15.73:36896/0 (socket says 172.21.15.73:36896)
2024-04-26T23:36:32.976 INFO:teuthology.orchestra.run.smithi073.stdout:/usr/bin/ceph: stderr
2024-04-26T23:36:31.939+0000 7ff62be00700 1 -- 172.21.15.73:0/2252700388 learned_addr learned my addr 172.21.15.73:0/2252700388 (peer_addr_for_me v2:172.21.15.73:0/0)
2024-04-26T23:36:32.976 INFO:teuthology.orchestra.run.smithi073.stdout:/usr/bin/ceph: stderr
2024-04-26T23:36:31.940+0000 7ff62be00700 1 -- 172.21.15.73:0/2252700388 --> [v2:172.21.15.73:3300/0,v1:172.21.15.73:6789/0] -- mon_subscribe({config=0+,monmap=0+}) -- 0x7ff62c19f4a0 con 0x7ff62c07ee80
2024-04-26T23:36:32.976 INFO:teuthology.orchestra.run.smithi073.stdout:/usr/bin/ceph: stderr
2024-04-26T23:36:31.940+0000 7ff62be00700 1 --2- 172.21.15.73:0/2252700388 >> [v2:172.21.15.73:3300/0,v1:172.21.15.73:6789/0] conn(0x7ff62c07ee80 0x7ff62c19ef60 secure :-1 s=READY pgs=79 cs=0 l=1 rev1=1 crypto rx=0x7ff61c0072a0 tx=0x7ff61c00bd50 comp rx=0 tx=0).ready entity=mon.0 client_cookie=0 server_cookie=0 in_seq=0 out_seq=0
2024-04-26T23:36:32.977 INFO:teuthology.orchestra.run.smithi073.stdout:/usr/bin/ceph: stderr
2024-04-26T23:36:31.940+0000 7ff629600700 1 -- 172.21.15.73:0/2252700388 <== mon.0 v2:172.21.15.73:3300/0 1 ==== mon_map magic: 0 ==== 205+0+0 (secure 0 0 0) 0x7ff61c021020 con 0x7ff62c07ee80
2024-04-26T23:36:32.977 INFO:teuthology.orchestra.run.smithi073.stdout:/usr/bin/ceph: stderr
2024-04-26T23:36:31.940+0000 7ff629600700 1 -- 172.21.15.73:0/2252700388 <== mon.0 v2:172.21.15.73:3300/0 2 ==== config(27 keys) ==== 1135+0+0 (secure 0 0 0) 0x7ff61c003b50 con 0x7ff62c07ee80
2024-04-26T23:36:32.977 INFO:teuthology.orchestra.run.smithi073.stdout:/usr/bin/ceph: stderr
2024-04-26T23:36:31.940+0000 7ff633200700 1 -- 172.21.15.73:0/2252700388 --> [v2:172.21.15.73:3300/0,v1:172.21.15.73:6789/0] -- mon_subscribe({mgrmap=0+}) -- 0x7ff62c19f730 con 0x7ff62c07ee80
2024-04-26T23:36:32.977 INFO:teuthology.orchestra.run.smithi073.stdout:/usr/bin/ceph: stderr
2024-04-26T23:36:31.940+0000 7ff629600700 1 -- 172.21.15.73:0/2252700388 <== mon.0 v2:172.21.15.73:3300/0 3 ==== mon_map magic: 0 ==== 205+0+0 (secure 0 0 0) 0x7ff61c017040 con 0x7ff62c07ee80
2024-04-26T23:36:32.977 INFO:teuthology.orchestra.run.smithi073.stdout:/usr/bin/ceph: stderr
2024-04-26T23:36:31.940+0000 7ff633200700 1 -- 172.21.15.73:0/2252700388 --> [v2:172.21.15.73:3300/0,v1:172.21.15.73:6789/0] -- mon_subscribe({osdmap=0}) -- 0x7ff62c1a2420 con 0x7ff62c07ee80
2024-04-26T23:36:32.977 INFO:teuthology.orchestra.run.smithi073.stdout:/usr/bin/ceph: stderr
2024-04-26T23:36:31.941+0000 7ff629600700 1 -- 172.21.15.73:0/2252700388 <== mon.0 v2:172.21.15.73:3300/0 4 ==== mgrmap(e 13) ==== 46614+0+0 (secure 0 0 0) 0x7ff61c024020 con 0x7ff62c07ee80
2024-04-26T23:36:32.977 INFO:teuthology.orchestra.run.smithi073.stdout:/usr/bin/ceph: stderr
2024-04-26T23:36:31.941+0000 7ff633200700 1 -- 172.21.15.73:0/2252700388 --> [v2:172.21.15.73:3300/0,v1:172.21.15.73:6789/0] -- mon_command({"prefix": "get_command_descriptions"} v 0) -- 0x7ff62c064a80 con 0x7ff62c07ee80
2024-04-26T23:36:32.977 INFO:teuthology.orchestra.run.smithi073.stdout:/usr/bin/ceph: stderr
2024-04-26T23:36:31.942+0000 7ff629600700 1 --2- 172.21.15.73:0/2252700388 >> [v2:172.21.15.73:6800/2663819352,v1:172.21.15.73:6801/2663819352] conn(0x7ff6100396a0 0x7ff61003bb60 unknown :-1 s=NONE pgs=0 cs=0 l=1 rev1=0 crypto rx=0 tx=0 comp rx=0 tx=0).connect
2024-04-26T23:36:32.979 INFO:teuthology.orchestra.run.smithi073.stdout:/usr/bin/ceph: stderr
2024-04-26T23:36:31.942+0000 7ff629600700 1 -- 172.21.15.73:0/2252700388 <== mon.0 v2:172.21.15.73:3300/0 5 ==== osd_map(3..3 src has 1..3) ==== 1155+0+0 (secure 0 0 0) 0x7ff61c00f050 con 0x7ff62c07ee80
2024-04-26T23:36:32.979 INFO:teuthology.orchestra.run.smithi073.stdout:/usr/bin/ceph: stderr
2024-04-26T23:36:31.942+0000 7ff623400700 1 --2- 172.21.15.73:0/2252700388 >> [v2:172.21.15.73:6800/2663819352,v1:172.21.15.73:6801/2663819352] conn(0x7ff6100396a0 0x7ff61003bb60 unknown :-1 s=BANNER_CONNECTING pgs=0 cs=0 l=1 rev1=0 crypto rx=0 tx=0 comp rx=0 tx=0)._handle_peer_banner_payload supported=3 required=0
2024-04-26T23:36:32.979 INFO:teuthology.orchestra.run.smithi073.stdout:/usr/bin/ceph: stderr
2024-04-26T23:36:31.943+0000 7ff623400700 1 --2- 172.21.15.73:0/2252700388 >> [v2:172.21.15.73:6800/2663819352,v1:172.21.15.73:6801/2663819352] conn(0x7ff6100396a0 0x7ff61003bb60 secure :-1 s=READY pgs=11 cs=0 l=1 rev1=1 crypto rx=0x7ff614006fd0 tx=0x7ff614006e40 comp rx=0 tx=0).ready entity=mgr.14152 client_cookie=0 server_cookie=0 in_seq=0 out_seq=0
2024-04-26T23:36:32.979 INFO:teuthology.orchestra.run.smithi073.stdout:/usr/bin/ceph: stderr
2024-04-26T23:36:31.948+0000 7ff629600700 1 -- 172.21.15.73:0/2252700388 <== mon.0 v2:172.21.15.73:3300/0 6 ==== mon_command_ack([{"prefix": "get_command_descriptions"}]=0 v0) ==== 72+0+188494 (secure 0 0 0) 0x7ff61c02b020 con 0x7ff62c07ee80
2024-04-26T23:36:32.979 INFO:teuthology.orchestra.run.smithi073.stdout:/usr/bin/ceph: stderr
2024-04-26T23:36:32.296+0000 7ff633200700 1 -- 172.21.15.73:0/2252700388 --> [v2:172.21.15.73:3300/0,v1:172.21.15.73:6789/0] -- mon_command([{prefix=config-key set, key=mgr/dashboard/cluster/status}] v 0) -- 0x7ff62c1a2b80 con 0x7ff62c07ee80
2024-04-26T23:36:32.979 INFO:teuthology.orchestra.run.smithi073.stdout:/usr/bin/ceph: stderr
2024-04-26T23:36:32.302+0000 7ff629600700 1 -- 172.21.15.73:0/2252700388 <== mon.0 v2:172.21.15.73:3300/0 7 ==== mon_command_ack([{prefix=config-key set, key=mgr/dashboard/cluster/status}]=0 set mgr/dashboard/cluster/status v28)=0 set mgr/dashboard/cluster/status v28) ==== 153+0+0 (secure 0 0 0) 0x7ff61c02e590 con 0x7ff62c07ee80
2024-04-26T23:36:32.980 INFO:teuthology.orchestra.run.smithi073.stdout:/usr/bin/ceph: stderr
2024-04-26T23:36:32.305+0000 7ff633200700 1 -- 172.21.15.73:0/2252700388 >> [v2:172.21.15.73:6800/2663819352,v1:172.21.15.73:6801/2663819352] conn(0x7ff6100396a0 msgr2=0x7ff61003bb60 secure :-1 s=STATE_CONNECTION_ESTABLISHED l=1).mark_down
2024-04-26T23:36:32.980 INFO:teuthology.orchestra.run.smithi073.stdout:/usr/bin/ceph: stderr
2024-04-26T23:36:32.305+0000 7ff633200700 1 --2- 172.21.15.73:0/2252700388 >> [v2:172.21.15.73:6800/2663819352,v1:172.21.15.73:6801/2663819352] conn(0x7ff6100396a0 0x7ff61003bb60 secure :-1 s=READY pgs=11 cs=0 l=1 rev1=1 crypto rx=0x7ff614006fd0 tx=0x7ff614006e40 comp rx=0 tx=0).stop
2024-04-26T23:36:32.980 INFO:teuthology.orchestra.run.smithi073.stdout:/usr/bin/ceph: stderr
2024-04-26T23:36:32.305+0000 7ff633200700 1 -- 172.21.15.73:0/2252700388 >> [v2:172.21.15.73:3300/0,v1:172.21.15.73:6789/0] conn(0x7ff62c07ee80 msgr2=0x7ff62c19ef60 secure :-1 s=STATE_CONNECTION_ESTABLISHED l=1).mark_down
2024-04-26T23:36:32.980 INFO:teuthology.orchestra.run.smithi073.stdout:/usr/bin/ceph: stderr
2024-04-26T23:36:32.305+0000 7ff633200700 1 --2- 172.21.15.73:0/2252700388 >> [v2:172.21.15.73:3300/0,v1:172.21.15.73:6789/0] conn(0x7ff62c07ee80 0x7ff62c19ef60 secure :-1 s=READY pgs=79 cs=0 l=1 rev1=1 crypto rx=0x7ff61c0072a0 tx=0x7ff61c00bd50 comp rx=0 tx=0).stop
2024-04-26T23:36:32.980 INFO:teuthology.orchestra.run.smithi073.stdout:/usr/bin/ceph: stderr
2024-04-26T23:36:32.305+0000 7ff633200700 1 -- 172.21.15.73:0/2252700388 shutdown_connections
2024-04-26T23:36:32.980 INFO:teuthology.orchestra.run.smithi073.stdout:/usr/bin/ceph: stderr
2024-04-26T23:36:32.305+0000 7ff633200700 1 --2- 172.21.15.73:0/2252700388 >> [v2:172.21.15.73:6800/2663819352,v1:172.21.15.73:6801/2663819352] conn(0x7ff6100396a0 0x7ff61003bb60 unknown :-1 s=CLOSED pgs=11 cs=0 l=1 rev1=1 crypto rx=0 tx=0 comp rx=0 tx=0).stop
2024-04-26T23:36:32.980 INFO:teuthology.orchestra.run.smithi073.stdout:/usr/bin/ceph: stderr
2024-04-26T23:36:32.305+0000 7ff633200700 1 --2- 172.21.15.73:0/2252700388 >> [v2:172.21.15.73:3300/0,v1:172.21.15.73:6789/0] conn(0x7ff62c07ee80 0x7ff62c19ef60 unknown :-1 s=CLOSED pgs=79 cs=0 l=1 rev1=1 crypto rx=0 tx=0 comp rx=0 tx=0).stop
2024-04-26T23:36:32.980 INFO:teuthology.orchestra.run.smithi073.stdout:/usr/bin/ceph: stderr
2024-04-26T23:36:32.305+0000 7ff633200700 1 -- 172.21.15.73:0/2252700388 >> 172.21.15.73:0/2252700388 conn(0x7ff62c1042e0 msgr2=0x7ff62c104ec0 unknown :-1 s=STATE_NONE l=0).mark_down
2024-04-26T23:36:32.980 INFO:teuthology.orchestra.run.smithi073.stdout:/usr/bin/ceph: stderr
2024-04-26T23:36:32.305+0000 7ff633200700 1 -- 172.21.15.73:0/2252700388 shutdown_connections
2024-04-26T23:36:32.980 INFO:teuthology.orchestra.run.smithi073.stdout:/usr/bin/ceph: stderr
2024-04-26T23:36:32.305+0000 7ff633200700 1 -- 172.21.15.73:0/2252700388 wait complete.
2024-04-26T23:36:32.980 INFO:teuthology.orchestra.run.smithi073.stdout:/usr/bin/ceph: stderr set mgr/dashboard/cluster/status
2024-04-26T23:36:32.980 INFO:teuthology.orchestra.run.smithi073.stdout:You can access the Ceph CLI as following in case of multi-cluster or non-default config:
2024-04-26T23:36:32.980 INFO:teuthology.orchestra.run.smithi073.stdout:
2024-04-26T23:36:32.980 INFO:teuthology.orchestra.run.smithi073.stdout: sudo /home/ubuntu/cephtest/cephadm shell --fsid 7a6a6be0-0425-11ef-bc93-c7b262605968 -c /etc/ceph/ceph.conf -k /etc/ceph/ceph.client.admin.keyring
2024-04-26T23:36:32.980 INFO:teuthology.orchestra.run.smithi073.stdout:
2024-04-26T23:36:32.981 INFO:teuthology.orchestra.run.smithi073.stdout:Or, if you are only running a single cluster on this host:
2024-04-26T23:36:32.981 INFO:teuthology.orchestra.run.smithi073.stdout:
2024-04-26T23:36:32.981 INFO:teuthology.orchestra.run.smithi073.stdout: sudo /home/ubuntu/cephtest/cephadm shell
2024-04-26T23:36:32.981 INFO:teuthology.orchestra.run.smithi073.stdout:
2024-04-26T23:36:32.981 INFO:teuthology.orchestra.run.smithi073.stdout:Please consider enabling telemetry to help improve Ceph:
2024-04-26T23:36:32.981 INFO:teuthology.orchestra.run.smithi073.stdout:
2024-04-26T23:36:32.982 INFO:teuthology.orchestra.run.smithi073.stdout: ceph telemetry on
2024-04-26T23:36:32.982 INFO:teuthology.orchestra.run.smithi073.stdout:
2024-04-26T23:36:32.982 INFO:teuthology.orchestra.run.smithi073.stdout:For more information see:
2024-04-26T23:36:32.982 INFO:teuthology.orchestra.run.smithi073.stdout:
2024-04-26T23:36:32.982 INFO:teuthology.orchestra.run.smithi073.stdout: https://docs.ceph.com/en/latest/mgr/telemetry/
2024-04-26T23:36:32.982 INFO:teuthology.orchestra.run.smithi073.stdout:
2024-04-26T23:36:32.982 INFO:teuthology.orchestra.run.smithi073.stdout:Bootstrap complete.
2024-04-26T23:36:33.080 INFO:tasks.cephadm:Fetching config...
2024-04-26T23:36:33.080 DEBUG:teuthology.orchestra.run.smithi073:> set -ex
2024-04-26T23:36:33.080 DEBUG:teuthology.orchestra.run.smithi073:> dd if=/etc/ceph/ceph.conf of=/dev/stdout
2024-04-26T23:36:33.125 INFO:tasks.cephadm:Fetching client.admin keyring...
2024-04-26T23:36:33.125 DEBUG:teuthology.orchestra.run.smithi073:> set -ex
2024-04-26T23:36:33.126 DEBUG:teuthology.orchestra.run.smithi073:> dd if=/etc/ceph/ceph.client.admin.keyring of=/dev/stdout
2024-04-26T23:36:33.211 INFO:tasks.cephadm:Fetching mon keyring...
2024-04-26T23:36:33.211 DEBUG:teuthology.orchestra.run.smithi073:> set -ex
2024-04-26T23:36:33.211 DEBUG:teuthology.orchestra.run.smithi073:> sudo dd if=/var/lib/ceph/7a6a6be0-0425-11ef-bc93-c7b262605968/mon.a/keyring of=/dev/stdout
2024-04-26T23:36:33.323 INFO:tasks.cephadm:Fetching pub ssh key...
2024-04-26T23:36:33.324 DEBUG:teuthology.orchestra.run.smithi073:> set -ex
2024-04-26T23:36:33.324 DEBUG:teuthology.orchestra.run.smithi073:> dd if=/home/ubuntu/cephtest/ceph.pub of=/dev/stdout
2024-04-26T23:36:33.414 INFO:tasks.cephadm:Installing pub ssh key for root users...
2024-04-26T23:36:33.415 DEBUG:teuthology.orchestra.run.smithi073:> sudo install -d -m 0700 /root/.ssh && echo 'ssh-rsa AAAAB3NzaC1yc2EAAAADAQABAAABgQCzF2hIlASvBc4R6SAdkRf9sLwTLvcKTlo+ugOGHLAVkSVa513gGAktYS1mXsBTXFx2yo8Th7+1TNt1KBkgRp1/aMygtBLr8bmt/T468dmw0PJGoAwbTJ9fTdQqLTeHmvFA16hRdL3G4U0fKN3NTrEMINXasNKt3MuLnpDRK7UQpZsAe0LmVSGMIUzcGCbzNu5ixwNpLYi7cRFkASG9+gu+wcCgiQiO3maSEO81di5RtIIXehneShG4c2Lb0tgQg2PWY6rBI92l9IGxQJ8B54VY+POUth+iYGkqEw/KxkXhIVQv5mp1Mr+zsUIOCT8QYQnBM2ERrFAy3GMgw3+pv+v4af6Wfs4cYnPzNJ3eFEbJ1aN9c1ZQ8F9//0eZCjjlI7Wiwa1ywcSpxDg7CG02ApTaF/PXI2r+/L/k1KigON1BpiZvXZ693mI5KbRQqGb7LYM9pIAPWL/aZMkqqEioAyJKnvevxJn49Nzt14EprP91AN0ETRHJMiJjf3T+2KoL+Y8= ceph-7a6a6be0-0425-11ef-bc93-c7b262605968' | sudo tee -a /root/.ssh/authorized_keys && sudo chmod 0600 /root/.ssh/authorized_keys
2024-04-26T23:36:33.556 INFO:journalctl@ceph.mon.a.smithi073.stdout:Apr 26 23:36:33 smithi073 ceph-mon[27962]: from='client.? 172.21.15.73:0/2252700388' entity='client.admin'
2024-04-26T23:36:33.560 INFO:teuthology.orchestra.run.smithi073.stdout:ssh-rsa AAAAB3NzaC1yc2EAAAADAQABAAABgQCzF2hIlASvBc4R6SAdkRf9sLwTLvcKTlo+ugOGHLAVkSVa513gGAktYS1mXsBTXFx2yo8Th7+1TNt1KBkgRp1/aMygtBLr8bmt/T468dmw0PJGoAwbTJ9fTdQqLTeHmvFA16hRdL3G4U0fKN3NTrEMINXasNKt3MuLnpDRK7UQpZsAe0LmVSGMIUzcGCbzNu5ixwNpLYi7cRFkASG9+gu+wcCgiQiO3maSEO81di5RtIIXehneShG4c2Lb0tgQg2PWY6rBI92l9IGxQJ8B54VY+POUth+iYGkqEw/KxkXhIVQv5mp1Mr+zsUIOCT8QYQnBM2ERrFAy3GMgw3+pv+v4af6Wfs4cYnPzNJ3eFEbJ1aN9c1ZQ8F9//0eZCjjlI7Wiwa1ywcSpxDg7CG02ApTaF/PXI2r+/L/k1KigON1BpiZvXZ693mI5KbRQqGb7LYM9pIAPWL/aZMkqqEioAyJKnvevxJn49Nzt14EprP91AN0ETRHJMiJjf3T+2KoL+Y8= ceph-7a6a6be0-0425-11ef-bc93-c7b262605968
2024-04-26T23:36:33.593 DEBUG:teuthology.orchestra.run.smithi084:> sudo install -d -m 0700 /root/.ssh && echo 'ssh-rsa AAAAB3NzaC1yc2EAAAADAQABAAABgQCzF2hIlASvBc4R6SAdkRf9sLwTLvcKTlo+ugOGHLAVkSVa513gGAktYS1mXsBTXFx2yo8Th7+1TNt1KBkgRp1/aMygtBLr8bmt/T468dmw0PJGoAwbTJ9fTdQqLTeHmvFA16hRdL3G4U0fKN3NTrEMINXasNKt3MuLnpDRK7UQpZsAe0LmVSGMIUzcGCbzNu5ixwNpLYi7cRFkASG9+gu+wcCgiQiO3maSEO81di5RtIIXehneShG4c2Lb0tgQg2PWY6rBI92l9IGxQJ8B54VY+POUth+iYGkqEw/KxkXhIVQv5mp1Mr+zsUIOCT8QYQnBM2ERrFAy3GMgw3+pv+v4af6Wfs4cYnPzNJ3eFEbJ1aN9c1ZQ8F9//0eZCjjlI7Wiwa1ywcSpxDg7CG02ApTaF/PXI2r+/L/k1KigON1BpiZvXZ693mI5KbRQqGb7LYM9pIAPWL/aZMkqqEioAyJKnvevxJn49Nzt14EprP91AN0ETRHJMiJjf3T+2KoL+Y8= ceph-7a6a6be0-0425-11ef-bc93-c7b262605968' | sudo tee -a /root/.ssh/authorized_keys && sudo chmod 0600 /root/.ssh/authorized_keys
