2024-04-26T23:36:23.549 INFO:teuthology.orchestra.run.smithi073.stdout:/usr/bin/ceph: stderr
2024-04-26T23:36:16.656+0000 7fafb9600700 1 -- 172.21.15.73:0/3598252747 <== mon.0 v2:172.21.15.73:3300/0 5 ==== osd_map(2..2 src has 1..2) ==== 940+0+0 (secure 0 0 0) 0x7fafb004d6f0 con 0x7fafbc07ee60
2024-04-26T23:36:23.549 INFO:teuthology.orchestra.run.smithi073.stdout:/usr/bin/ceph: stderr
2024-04-26T23:36:16.656+0000 7fafbbe00700 1 -- 172.21.15.73:0/3598252747 >> [v2:172.21.15.73:6800/2890544076,v1:172.21.15.73:6801/2890544076] conn(0x7fafa4039600 msgr2=0x7fafa403bac0 unknown :-1 s=STATE_CONNECTING_RE l=1).process reconnect failed to v2:172.21.15.73:6800/2890544076
2024-04-26T23:36:23.549 INFO:teuthology.orchestra.run.smithi073.stdout:/usr/bin/ceph: stderr
2024-04-26T23:36:16.656+0000 7fafbbe00700 1 --2- 172.21.15.73:0/3598252747 >> [v2:172.21.15.73:6800/2890544076,v1:172.21.15.73:6801/2890544076] conn(0x7fafa4039600 0x7fafa403bac0 unknown :-1 s=START_CONNECT pgs=0 cs=0 l=1 rev1=0 crypto rx=0 tx=0 comp rx=0 tx=0)._fault waiting 0.200000
2024-04-26T23:36:23.549 INFO:teuthology.orchestra.run.smithi073.stdout:/usr/bin/ceph: stderr
2024-04-26T23:36:16.857+0000 7fafbbe00700 1 -- 172.21.15.73:0/3598252747 >> [v2:172.21.15.73:6800/2890544076,v1:172.21.15.73:6801/2890544076] conn(0x7fafa4039600 msgr2=0x7fafa403bac0 unknown :-1 s=STATE_CONNECTING_RE l=1).process reconnect failed to v2:172.21.15.73:6800/2890544076
2024-04-26T23:36:23.549 INFO:teuthology.orchestra.run.smithi073.stdout:/usr/bin/ceph: stderr
2024-04-26T23:36:16.857+0000 7fafbbe00700 1 --2- 172.21.15.73:0/3598252747 >> [v2:172.21.15.73:6800/2890544076,v1:172.21.15.73:6801/2890544076] conn(0x7fafa4039600 0x7fafa403bac0 unknown :-1 s=START_CONNECT pgs=0 cs=0 l=1 rev1=0 crypto rx=0 tx=0 comp rx=0 tx=0)._fault waiting 0.400000
2024-04-26T23:36:23.550 INFO:teuthology.orchestra.run.smithi073.stdout:/usr/bin/ceph: stderr
2024-04-26T23:36:17.258+0000 7fafbbe00700 1 -- 172.21.15.73:0/3598252747 >> [v2:172.21.15.73:6800/2890544076,v1:172.21.15.73:6801/2890544076] conn(0x7fafa4039600 msgr2=0x7fafa403bac0 unknown :-1 s=STATE_CONNECTING_RE l=1).process reconnect failed to v2:172.21.15.73:6800/2890544076
2024-04-26T23:36:23.550 INFO:teuthology.orchestra.run.smithi073.stdout:/usr/bin/ceph: stderr
2024-04-26T23:36:17.258+0000 7fafbbe00700 1 --2- 172.21.15.73:0/3598252747 >> [v2:172.21.15.73:6800/2890544076,v1:172.21.15.73:6801/2890544076] conn(0x7fafa4039600 0x7fafa403bac0 unknown :-1 s=START_CONNECT pgs=0 cs=0 l=1 rev1=0 crypto rx=0 tx=0 comp rx=0 tx=0)._fault waiting 0.800000
2024-04-26T23:36:23.550 INFO:teuthology.orchestra.run.smithi073.stdout:/usr/bin/ceph: stderr
2024-04-26T23:36:18.059+0000 7fafbbe00700 1 -- 172.21.15.73:0/3598252747 >> [v2:172.21.15.73:6800/2890544076,v1:172.21.15.73:6801/2890544076] conn(0x7fafa4039600 msgr2=0x7fafa403bac0 unknown :-1 s=STATE_CONNECTING_RE l=1).process reconnect failed to v2:172.21.15.73:6800/2890544076
2024-04-26T23:36:23.550 INFO:teuthology.orchestra.run.smithi073.stdout:/usr/bin/ceph: stderr
2024-04-26T23:36:18.059+0000 7fafbbe00700 1 --2- 172.21.15.73:0/3598252747 >> [v2:172.21.15.73:6800/2890544076,v1:172.21.15.73:6801/2890544076] conn(0x7fafa4039600 0x7fafa403bac0 unknown :-1 s=START_CONNECT pgs=0 cs=0 l=1 rev1=0 crypto rx=0 tx=0 comp rx=0 tx=0)._fault waiting 1.600000
2024-04-26T23:36:23.550 INFO:teuthology.orchestra.run.smithi073.stdout:/usr/bin/ceph: stderr
2024-04-26T23:36:19.661+0000 7fafbbe00700 1 -- 172.21.15.73:0/3598252747 >> [v2:172.21.15.73:6800/2890544076,v1:172.21.15.73:6801/2890544076] conn(0x7fafa4039600 msgr2=0x7fafa403bac0 unknown :-1 s=STATE_CONNECTING_RE l=1).process reconnect failed to v2:172.21.15.73:6800/2890544076
2024-04-26T23:36:23.550 INFO:teuthology.orchestra.run.smithi073.stdout:/usr/bin/ceph: stderr
2024-04-26T23:36:19.661+0000 7fafbbe00700 1 --2- 172.21.15.73:0/3598252747 >> [v2:172.21.15.73:6800/2890544076,v1:172.21.15.73:6801/2890544076] conn(0x7fafa4039600 0x7fafa403bac0 unknown :-1 s=START_CONNECT pgs=0 cs=0 l=1 rev1=0 crypto rx=0 tx=0 comp rx=0 tx=0)._fault waiting 3.200000
2024-04-26T23:36:23.550 INFO:teuthology.orchestra.run.smithi073.stdout:/usr/bin/ceph: stderr
2024-04-26T23:36:21.907+0000 7fafb9600700 1 -- 172.21.15.73:0/3598252747 <== mon.0 v2:172.21.15.73:3300/0 6 ==== mgrmap(e 10) ==== 46338+0+0 (secure 0 0 0) 0x7fafb001ab40 con 0x7fafbc07ee60
2024-04-26T23:36:23.550 INFO:teuthology.orchestra.run.smithi073.stdout:/usr/bin/ceph: stderr
2024-04-26T23:36:21.907+0000 7fafb9600700 1 -- 172.21.15.73:0/3598252747 >> [v2:172.21.15.73:6800/2890544076,v1:172.21.15.73:6801/2890544076] conn(0x7fafa4039600 msgr2=0x7fafa403bac0 unknown :-1 s=STATE_CONNECTING l=1).mark_down
2024-04-26T23:36:23.550 INFO:teuthology.orchestra.run.smithi073.stdout:/usr/bin/ceph: stderr
2024-04-26T23:36:21.907+0000 7fafb9600700 1 --2- 172.21.15.73:0/3598252747 >> [v2:172.21.15.73:6800/2890544076,v1:172.21.15.73:6801/2890544076] conn(0x7fafa4039600 0x7fafa403bac0 unknown :-1 s=START_CONNECT pgs=0 cs=0 l=1 rev1=0 crypto rx=0 tx=0 comp rx=0 tx=0).stop
2024-04-26T23:36:23.550 INFO:teuthology.orchestra.run.smithi073.stdout:/usr/bin/ceph: stderr
2024-04-26T23:36:22.910+0000 7fafb9600700 1 -- 172.21.15.73:0/3598252747 <== mon.0 v2:172.21.15.73:3300/0 7 ==== mgrmap(e 11) ==== 46465+0+0 (secure 0 0 0) 0x7fafb004f640 con 0x7fafbc07ee60
2024-04-26T23:36:23.550 INFO:teuthology.orchestra.run.smithi073.stdout:/usr/bin/ceph: stderr
2024-04-26T23:36:22.910+0000 7fafb9600700 1 --2- 172.21.15.73:0/3598252747 >> [v2:172.21.15.73:6800/2663819352,v1:172.21.15.73:6801/2663819352] conn(0x7fafa403cfe0 0x7fafa403f3d0 unknown :-1 s=NONE pgs=0 cs=0 l=1 rev1=0 crypto rx=0 tx=0 comp rx=0 tx=0).connect
2024-04-26T23:36:23.550 INFO:teuthology.orchestra.run.smithi073.stdout:/usr/bin/ceph: stderr
2024-04-26T23:36:22.910+0000 7fafb9600700 1 -- 172.21.15.73:0/3598252747 --> [v2:172.21.15.73:6800/2663819352,v1:172.21.15.73:6801/2663819352] -- command(tid 0: {"prefix": "get_command_descriptions"}) -- 0x7fafb0025e70 con 0x7fafa403cfe0
2024-04-26T23:36:23.551 INFO:teuthology.orchestra.run.smithi073.stdout:/usr/bin/ceph: stderr
2024-04-26T23:36:22.912+0000 7fafbbe00700 1 --2- 172.21.15.73:0/3598252747 >> [v2:172.21.15.73:6800/2663819352,v1:172.21.15.73:6801/2663819352] conn(0x7fafa403cfe0 0x7fafa403f3d0 unknown :-1 s=BANNER_CONNECTING pgs=0 cs=0 l=1 rev1=0 crypto rx=0 tx=0 comp rx=0 tx=0)._handle_peer_banner_payload supported=3 required=0
2024-04-26T23:36:23.551 INFO:teuthology.orchestra.run.smithi073.stdout:/usr/bin/ceph: stderr
2024-04-26T23:36:22.915+0000 7fafbbe00700 1 --2- 172.21.15.73:0/3598252747 >> [v2:172.21.15.73:6800/2663819352,v1:172.21.15.73:6801/2663819352] conn(0x7fafa403cfe0 0x7fafa403f3d0 secure :-1 s=READY pgs=3 cs=0 l=1 rev1=1 crypto rx=0x7fafa8003a10 tx=0x7fafa80092b0 comp rx=0 tx=0).ready entity=mgr.14152 client_cookie=0 server_cookie=0 in_seq=0 out_seq=0
2024-04-26T23:36:23.551 INFO:teuthology.orchestra.run.smithi073.stdout:/usr/bin/ceph: stderr
2024-04-26T23:36:22.916+0000 7fafb9600700 1 -- 172.21.15.73:0/3598252747 <== mgr.14152 v2:172.21.15.73:6800/2663819352 1 ==== command_reply(tid 0: 0 ) ==== 8+0+9564 (secure 0 0 0) 0x7fafb0025e70 con 0x7fafa403cfe0
2024-04-26T23:36:23.552 INFO:teuthology.orchestra.run.smithi073.stdout:/usr/bin/ceph: stderr
2024-04-26T23:36:22.926+0000 7fafc3c00700 1 -- 172.21.15.73:0/3598252747 --> [v2:172.21.15.73:6800/2663819352,v1:172.21.15.73:6801/2663819352] -- command(tid 1: {"prefix": "mgr_status"}) -- 0x7fafbc064a80 con 0x7fafa403cfe0
2024-04-26T23:36:23.553 INFO:teuthology.orchestra.run.smithi073.stdout:/usr/bin/ceph: stderr
2024-04-26T23:36:22.926+0000 7fafb9600700 1 -- 172.21.15.73:0/3598252747 <== mgr.14152 v2:172.21.15.73:6800/2663819352 2 ==== command_reply(tid 1: 0 ) ==== 8+0+52 (secure 0 0 0) 0x7fafbc064a80 con 0x7fafa403cfe0
2024-04-26T23:36:23.553 INFO:teuthology.orchestra.run.smithi073.stdout:/usr/bin/ceph: stderr
2024-04-26T23:36:22.927+0000 7fafc3c00700 1 -- 172.21.15.73:0/3598252747 >> [v2:172.21.15.73:6800/2663819352,v1:172.21.15.73:6801/2663819352] conn(0x7fafa403cfe0 msgr2=0x7fafa403f3d0 secure :-1 s=STATE_CONNECTION_ESTABLISHED l=1).mark_down
2024-04-26T23:36:23.553 INFO:teuthology.orchestra.run.smithi073.stdout:/usr/bin/ceph: stderr
2024-04-26T23:36:22.927+0000 7fafc3c00700 1 --2- 172.21.15.73:0/3598252747 >> [v2:172.21.15.73:6800/2663819352,v1:172.21.15.73:6801/2663819352] conn(0x7fafa403cfe0 0x7fafa403f3d0 secure :-1 s=READY pgs=3 cs=0 l=1 rev1=1 crypto rx=0x7fafa8003a10 tx=0x7fafa80092b0 comp rx=0 tx=0).stop
2024-04-26T23:36:23.553 INFO:teuthology.orchestra.run.smithi073.stdout:/usr/bin/ceph: stderr
2024-04-26T23:36:22.927+0000 7fafc3c00700 1 -- 172.21.15.73:0/3598252747 >> [v2:172.21.15.73:3300/0,v1:172.21.15.73:6789/0] conn(0x7fafbc07ee60 msgr2=0x7fafbc19ef30 secure :-1 s=STATE_CONNECTION_ESTABLISHED l=1).mark_down
2024-04-26T23:36:23.553 INFO:teuthology.orchestra.run.smithi073.stdout:/usr/bin/ceph: stderr
2024-04-26T23:36:22.927+0000 7fafc3c00700 1 --2- 172.21.15.73:0/3598252747 >> [v2:172.21.15.73:3300/0,v1:172.21.15.73:6789/0] conn(0x7fafbc07ee60 0x7fafbc19ef30 secure :-1 s=READY pgs=62 cs=0 l=1 rev1=1 crypto rx=0x7fafb00117b0 tx=0x7fafb0011b70 comp rx=0 tx=0).stop
2024-04-26T23:36:23.553 INFO:teuthology.orchestra.run.smithi073.stdout:/usr/bin/ceph: stderr
2024-04-26T23:36:22.927+0000 7fafc3c00700 1 -- 172.21.15.73:0/3598252747 shutdown_connections
2024-04-26T23:36:23.553 INFO:teuthology.orchestra.run.smithi073.stdout:/usr/bin/ceph: stderr
2024-04-26T23:36:22.927+0000 7fafc3c00700 1 --2- 172.21.15.73:0/3598252747 >> [v2:172.21.15.73:6800/2663819352,v1:172.21.15.73:6801/2663819352] conn(0x7fafa403cfe0 0x7fafa403f3d0 unknown :-1 s=CLOSED pgs=3 cs=0 l=1 rev1=1 crypto rx=0 tx=0 comp rx=0 tx=0).stop
2024-04-26T23:36:23.553 INFO:teuthology.orchestra.run.smithi073.stdout:/usr/bin/ceph: stderr
2024-04-26T23:36:22.927+0000 7fafc3c00700 1 --2- 172.21.15.73:0/3598252747 >> [v2:172.21.15.73:3300/0,v1:172.21.15.73:6789/0] conn(0x7fafbc07ee60 0x7fafbc19ef30 unknown :-1 s=CLOSED pgs=62 cs=0 l=1 rev1=1 crypto rx=0 tx=0 comp rx=0 tx=0).stop
2024-04-26T23:36:23.553 INFO:teuthology.orchestra.run.smithi073.stdout:/usr/bin/ceph: stderr
2024-04-26T23:36:22.927+0000 7fafc3c00700 1 --2- 172.21.15.73:0/3598252747 >> [v2:172.21.15.73:6800/2890544076,v1:172.21.15.73:6801/2890544076] conn(0x7fafa4039600 0x7fafa403bac0 unknown :-1 s=CLOSED pgs=0 cs=0 l=1 rev1=0 crypto rx=0 tx=0 comp rx=0 tx=0).stop
2024-04-26T23:36:23.553 INFO:teuthology.orchestra.run.smithi073.stdout:/usr/bin/ceph: stderr
2024-04-26T23:36:22.927+0000 7fafc3c00700 1 -- 172.21.15.73:0/3598252747 >> 172.21.15.73:0/3598252747 conn(0x7fafbc1042e0 msgr2=0x7fafbc104e40 unknown :-1 s=STATE_NONE l=0).mark_down
2024-04-26T23:36:23.553 INFO:teuthology.orchestra.run.smithi073.stdout:/usr/bin/ceph: stderr
2024-04-26T23:36:22.927+0000 7fafc3c00700 1 -- 172.21.15.73:0/3598252747 shutdown_connections
2024-04-26T23:36:23.553 INFO:teuthology.orchestra.run.smithi073.stdout:/usr/bin/ceph: stderr
2024-04-26T23:36:22.927+0000 7fafc3c00700 1 -- 172.21.15.73:0/3598252747 wait complete.
2024-04-26T23:36:23.553 INFO:teuthology.orchestra.run.smithi073.stdout:mgr epoch 9 is available
2024-04-26T23:36:23.553 INFO:teuthology.orchestra.run.smithi073.stdout:Generating a dashboard self-signed certificate...
2024-04-26T23:36:24.282 INFO:journalctl@ceph.mon.a.smithi073.stdout:Apr 26 23:36:23 smithi073 ceph-mon[27962]: [26/Apr/2024:23:36:22] ENGINE Bus STARTING
2024-04-26T23:36:24.282 INFO:journalctl@ceph.mon.a.smithi073.stdout:Apr 26 23:36:23 smithi073 ceph-mon[27962]: [26/Apr/2024:23:36:22] ENGINE Serving on http://172.21.15.73:8765
2024-04-26T23:36:24.282 INFO:journalctl@ceph.mon.a.smithi073.stdout:Apr 26 23:36:23 smithi073 ceph-mon[27962]: [26/Apr/2024:23:36:22] ENGINE Serving on https://172.21.15.73:7150
2024-04-26T23:36:24.282 INFO:journalctl@ceph.mon.a.smithi073.stdout:Apr 26 23:36:23 smithi073 ceph-mon[27962]: [26/Apr/2024:23:36:22] ENGINE Bus STARTED
2024-04-26T23:36:24.282 INFO:journalctl@ceph.mon.a.smithi073.stdout:Apr 26 23:36:23 smithi073 ceph-mon[27962]: from='client.14156 -' entity='client.admin' cmd=[{"prefix": "get_command_descriptions"}]: dispatch
2024-04-26T23:36:24.282 INFO:journalctl@ceph.mon.a.smithi073.stdout:Apr 26 23:36:23 smithi073 ceph-mon[27962]: from='client.14156 -' entity='client.admin' cmd=[{"prefix": "mgr_status"}]: dispatch
2024-04-26T23:36:25.282 INFO:journalctl@ceph.mon.a.smithi073.stdout:Apr 26 23:36:24 smithi073 ceph-mon[27962]: mgrmap e12: x(active, since 2s)
2024-04-26T23:36:25.282 INFO:journalctl@ceph.mon.a.smithi073.stdout:Apr 26 23:36:24 smithi073 ceph-mon[27962]: from='mgr.14152 172.21.15.73:0/2501700464' entity='mgr.x'
2024-04-26T23:36:25.841 INFO:teuthology.orchestra.run.smithi073.stdout:/usr/bin/ceph: stdout Self-signed certificate created
2024-04-26T23:36:25.841 INFO:teuthology.orchestra.run.smithi073.stdout:/usr/bin/ceph: stderr
2024-04-26T23:36:24.786+0000 7f46c2600700 1 Processor -- start
2024-04-26T23:36:25.841 INFO:teuthology.orchestra.run.smithi073.stdout:/usr/bin/ceph: stderr
2024-04-26T23:36:24.786+0000 7f46c2600700 1 -- start start
2024-04-26T23:36:25.842 INFO:teuthology.orchestra.run.smithi073.stdout:/usr/bin/ceph: stderr
2024-04-26T23:36:24.786+0000 7f46c2600700 1 --2- >> [v2:172.21.15.73:3300/0,v1:172.21.15.73:6789/0] conn(0x7f46bc109850 0x7f46bc10bc40 unknown :-1 s=NONE pgs=0 cs=0 l=0 rev1=0 crypto rx=0 tx=0 comp rx=0 tx=0).connect
2024-04-26T23:36:25.842 INFO:teuthology.orchestra.run.smithi073.stdout:/usr/bin/ceph: stderr
2024-04-26T23:36:24.786+0000 7f46c2600700 1 -- --> [v2:172.21.15.73:3300/0,v1:172.21.15.73:6789/0] -- mon_getmap magic: 0 -- 0x7f46bc07ce50 con 0x7f46bc109850
2024-04-26T23:36:25.842 INFO:teuthology.orchestra.run.smithi073.stdout:/usr/bin/ceph: stderr
2024-04-26T23:36:24.787+0000 7f46bb400700 1 --2- >> [v2:172.21.15.73:3300/0,v1:172.21.15.73:6789/0] conn(0x7f46bc109850 0x7f46bc10bc40 unknown :-1 s=BANNER_CONNECTING pgs=0 cs=0 l=0 rev1=0 crypto rx=0 tx=0 comp rx=0 tx=0)._handle_peer_banner_payload supported=3 required=0
2024-04-26T23:36:25.842 INFO:teuthology.orchestra.run.smithi073.stdout:/usr/bin/ceph: stderr
2024-04-26T23:36:24.787+0000 7f46bb400700 1 --2- >> [v2:172.21.15.73:3300/0,v1:172.21.15.73:6789/0] conn(0x7f46bc109850 0x7f46bc10bc40 unknown :-1 s=HELLO_CONNECTING pgs=0 cs=0 l=0 rev1=1 crypto rx=0 tx=0 comp rx=0 tx=0).handle_hello peer v2:172.21.15.73:3300/0 says I am v2:172.21.15.73:37802/0 (socket says 172.21.15.73:37802)
2024-04-26T23:36:25.843 INFO:teuthology.orchestra.run.smithi073.stdout:/usr/bin/ceph: stderr
2024-04-26T23:36:24.787+0000 7f46bb400700 1 -- 172.21.15.73:0/3540446196 learned_addr learned my addr 172.21.15.73:0/3540446196 (peer_addr_for_me v2:172.21.15.73:0/0)
2024-04-26T23:36:25.843 INFO:teuthology.orchestra.run.smithi073.stdout:/usr/bin/ceph: stderr
2024-04-26T23:36:24.787+0000 7f46bb400700 1 -- 172.21.15.73:0/3540446196 --> [v2:172.21.15.73:3300/0,v1:172.21.15.73:6789/0] -- mon_subscribe({config=0+,monmap=0+}) -- 0x7f46bc10c180 con 0x7f46bc109850
2024-04-26T23:36:25.843 INFO:teuthology.orchestra.run.smithi073.stdout:/usr/bin/ceph: stderr
2024-04-26T23:36:24.788+0000 7f46bb400700 1 --2- 172.21.15.73:0/3540446196 >> [v2:172.21.15.73:3300/0,v1:172.21.15.73:6789/0] conn(0x7f46bc109850 0x7f46bc10bc40 secure :-1 s=READY pgs=70 cs=0 l=1 rev1=1 crypto rx=0x7f46ac009ab0 tx=0x7f46ac009dc0 comp rx=0 tx=0).ready entity=mon.0 client_cookie=67a8baddce670f19 server_cookie=0 in_seq=0 out_seq=0
2024-04-26T23:36:25.843 INFO:teuthology.orchestra.run.smithi073.stdout:/usr/bin/ceph: stderr
2024-04-26T23:36:24.788+0000 7f46ba000700 1 -- 172.21.15.73:0/3540446196 <== mon.0 v2:172.21.15.73:3300/0 1 ==== mon_map magic: 0 ==== 205+0+0 (secure 0 0 0) 0x7f46ac004160 con 0x7f46bc109850
2024-04-26T23:36:25.843 INFO:teuthology.orchestra.run.smithi073.stdout:/usr/bin/ceph: stderr
2024-04-26T23:36:24.788+0000 7f46ba000700 1 -- 172.21.15.73:0/3540446196 <== mon.0 v2:172.21.15.73:3300/0 2 ==== config(27 keys) ==== 1135+0+0 (secure 0 0 0) 0x7f46ac00bcb0 con 0x7f46bc109850
2024-04-26T23:36:25.844 INFO:teuthology.orchestra.run.smithi073.stdout:/usr/bin/ceph: stderr
2024-04-26T23:36:24.788+0000 7f46ba000700 1 -- 172.21.15.73:0/3540446196 <== mon.0 v2:172.21.15.73:3300/0 3 ==== mon_map magic: 0 ==== 205+0+0 (secure 0 0 0) 0x7f46ac003ca0 con 0x7f46bc109850
2024-04-26T23:36:25.844 INFO:teuthology.orchestra.run.smithi073.stdout:/usr/bin/ceph: stderr
2024-04-26T23:36:24.789+0000 7f46c2600700 1 -- 172.21.15.73:0/3540446196 >> [v2:172.21.15.73:3300/0,v1:172.21.15.73:6789/0] conn(0x7f46bc109850 msgr2=0x7f46bc10bc40 secure :-1 s=STATE_CONNECTION_ESTABLISHED l=1).mark_down
2024-04-26T23:36:25.844 INFO:teuthology.orchestra.run.smithi073.stdout:/usr/bin/ceph: stderr
2024-04-26T23:36:24.789+0000 7f46c2600700 1 --2- 172.21.15.73:0/3540446196 >> [v2:172.21.15.73:3300/0,v1:172.21.15.73:6789/0] conn(0x7f46bc109850 0x7f46bc10bc40 secure :-1 s=READY pgs=70 cs=0 l=1 rev1=1 crypto rx=0x7f46ac009ab0 tx=0x7f46ac009dc0 comp rx=0 tx=0).stop
2024-04-26T23:36:25.844 INFO:teuthology.orchestra.run.smithi073.stdout:/usr/bin/ceph: stderr
2024-04-26T23:36:24.789+0000 7f46c2600700 1 -- 172.21.15.73:0/3540446196 shutdown_connections
2024-04-26T23:36:25.844 INFO:teuthology.orchestra.run.smithi073.stdout:/usr/bin/ceph: stderr
2024-04-26T23:36:24.789+0000 7f46c2600700 1 --2- 172.21.15.73:0/3540446196 >> [v2:172.21.15.73:3300/0,v1:172.21.15.73:6789/0] conn(0x7f46bc109850 0x7f46bc10bc40 unknown :-1 s=CLOSED pgs=70 cs=0 l=1 rev1=1 crypto rx=0 tx=0 comp rx=0 tx=0).stop
2024-04-26T23:36:25.845 INFO:teuthology.orchestra.run.smithi073.stdout:/usr/bin/ceph: stderr
2024-04-26T23:36:24.789+0000 7f46c2600700 1 -- 172.21.15.73:0/3540446196 >> 172.21.15.73:0/3540446196 conn(0x7f46bc1031e0 msgr2=0x7f46bc105660 unknown :-1 s=STATE_NONE l=0).mark_down
2024-04-26T23:36:25.845 INFO:teuthology.orchestra.run.smithi073.stdout:/usr/bin/ceph: stderr
2024-04-26T23:36:24.789+0000 7f46c2600700 1 -- 172.21.15.73:0/3540446196 shutdown_connections
2024-04-26T23:36:25.845 INFO:teuthology.orchestra.run.smithi073.stdout:/usr/bin/ceph: stderr
2024-04-26T23:36:24.789+0000 7f46c2600700 1 -- 172.21.15.73:0/3540446196 wait complete.
2024-04-26T23:36:25.846 INFO:teuthology.orchestra.run.smithi073.stdout:/usr/bin/ceph: stderr
2024-04-26T23:36:24.790+0000 7f46c2600700 1 Processor -- start
2024-04-26T23:36:25.846 INFO:teuthology.orchestra.run.smithi073.stdout:/usr/bin/ceph: stderr
2024-04-26T23:36:24.791+0000 7f46c2600700 1 -- start start
2024-04-26T23:36:25.846 INFO:teuthology.orchestra.run.smithi073.stdout:/usr/bin/ceph: stderr
2024-04-26T23:36:24.791+0000 7f46c2600700 1 --2- >> [v2:172.21.15.73:3300/0,v1:172.21.15.73:6789/0] conn(0x7f46bc109850 0x7f46bc19cda0 unknown :-1 s=NONE pgs=0 cs=0 l=1 rev1=0 crypto rx=0 tx=0 comp rx=0 tx=0).connect
2024-04-26T23:36:25.846 INFO:teuthology.orchestra.run.smithi073.stdout:/usr/bin/ceph: stderr
2024-04-26T23:36:24.791+0000 7f46c2600700 1 -- --> [v2:172.21.15.73:3300/0,v1:172.21.15.73:6789/0] -- mon_getmap magic: 0 -- 0x7f46bc10d190 con 0x7f46bc109850
2024-04-26T23:36:25.847 INFO:teuthology.orchestra.run.smithi073.stdout:/usr/bin/ceph: stderr
2024-04-26T23:36:24.791+0000 7f46bb400700 1 --2- >> [v2:172.21.15.73:3300/0,v1:172.21.15.73:6789/0] conn(0x7f46bc109850 0x7f46bc19cda0 unknown :-1 s=BANNER_CONNECTING pgs=0 cs=0 l=1 rev1=0 crypto rx=0 tx=0 comp rx=0 tx=0)._handle_peer_banner_payload supported=3 required=0
2024-04-26T23:36:25.847 INFO:teuthology.orchestra.run.smithi073.stdout:/usr/bin/ceph: stderr
2024-04-26T23:36:24.791+0000 7f46bb400700 1 --2- >> [v2:172.21.15.73:3300/0,v1:172.21.15.73:6789/0] conn(0x7f46bc109850 0x7f46bc19cda0 unknown :-1 s=HELLO_CONNECTING pgs=0 cs=0 l=1 rev1=1 crypto rx=0 tx=0 comp rx=0 tx=0).handle_hello peer v2:172.21.15.73:3300/0 says I am v2:172.21.15.73:37806/0 (socket says 172.21.15.73:37806)
2024-04-26T23:36:25.847 INFO:teuthology.orchestra.run.smithi073.stdout:/usr/bin/ceph: stderr
2024-04-26T23:36:24.791+0000 7f46bb400700 1 -- 172.21.15.73:0/1127574100 learned_addr learned my addr 172.21.15.73:0/1127574100 (peer_addr_for_me v2:172.21.15.73:0/0)
2024-04-26T23:36:25.847 INFO:teuthology.orchestra.run.smithi073.stdout:/usr/bin/ceph: stderr
2024-04-26T23:36:24.792+0000 7f46bb400700 1 -- 172.21.15.73:0/1127574100 --> [v2:172.21.15.73:3300/0,v1:172.21.15.73:6789/0] -- mon_subscribe({config=0+,monmap=0+}) -- 0x7f46bc19d2e0 con 0x7f46bc109850
2024-04-26T23:36:25.847 INFO:teuthology.orchestra.run.smithi073.stdout:/usr/bin/ceph: stderr
2024-04-26T23:36:24.792+0000 7f46bb400700 1 --2- 172.21.15.73:0/1127574100 >> [v2:172.21.15.73:3300/0,v1:172.21.15.73:6789/0] conn(0x7f46bc109850 0x7f46bc19cda0 secure :-1 s=READY pgs=71 cs=0 l=1 rev1=1 crypto rx=0x7f46ac000c00 tx=0x7f46ac00bac0 comp rx=0 tx=0).ready entity=mon.0 client_cookie=0 server_cookie=0 in_seq=0 out_seq=0
2024-04-26T23:36:25.847 INFO:teuthology.orchestra.run.smithi073.stdout:/usr/bin/ceph: stderr
2024-04-26T23:36:24.792+0000 7f46b3e00700 1 -- 172.21.15.73:0/1127574100 <== mon.0 v2:172.21.15.73:3300/0 1 ==== mon_map magic: 0 ==== 205+0+0 (secure 0 0 0) 0x7f46ac00be60 con 0x7f46bc109850
2024-04-26T23:36:25.847 INFO:teuthology.orchestra.run.smithi073.stdout:/usr/bin/ceph: stderr
2024-04-26T23:36:24.792+0000 7f46b3e00700 1 -- 172.21.15.73:0/1127574100 <== mon.0 v2:172.21.15.73:3300/0 2 ==== config(27 keys) ==== 1135+0+0 (secure 0 0 0) 0x7f46ac01a430 con 0x7f46bc109850
2024-04-26T23:36:25.848 INFO:teuthology.orchestra.run.smithi073.stdout:/usr/bin/ceph: stderr
2024-04-26T23:36:24.792+0000 7f46b3e00700 1 -- 172.21.15.73:0/1127574100 <== mon.0 v2:172.21.15.73:3300/0 3 ==== mon_map magic: 0 ==== 205+0+0 (secure 0 0 0) 0x7f46ac0115b0 con 0x7f46bc109850
2024-04-26T23:36:25.848 INFO:teuthology.orchestra.run.smithi073.stdout:/usr/bin/ceph: stderr
2024-04-26T23:36:24.792+0000 7f46c2600700 1 -- 172.21.15.73:0/1127574100 --> [v2:172.21.15.73:3300/0,v1:172.21.15.73:6789/0] -- mon_subscribe({mgrmap=0+}) -- 0x7f46bc19d570 con 0x7f46bc109850
2024-04-26T23:36:25.849 INFO:teuthology.orchestra.run.smithi073.stdout:/usr/bin/ceph: stderr
2024-04-26T23:36:24.792+0000 7f46c2600700 1 -- 172.21.15.73:0/1127574100 --> [v2:172.21.15.73:3300/0,v1:172.21.15.73:6789/0] -- mon_subscribe({osdmap=0}) -- 0x7f46bc1a0260 con 0x7f46bc109850
2024-04-26T23:36:25.849 INFO:teuthology.orchestra.run.smithi073.stdout:/usr/bin/ceph: stderr
2024-04-26T23:36:24.793+0000 7f46b3e00700 1 -- 172.21.15.73:0/1127574100 <== mon.0 v2:172.21.15.73:3300/0 4 ==== mgrmap(e 12) ==== 46571+0+0 (secure 0 0 0) 0x7f46ac0117f0 con 0x7f46bc109850
2024-04-26T23:36:25.849 INFO:teuthology.orchestra.run.smithi073.stdout:/usr/bin/ceph: stderr
2024-04-26T23:36:24.794+0000 7f46b3e00700 1 --2- 172.21.15.73:0/1127574100 >> [v2:172.21.15.73:6800/2663819352,v1:172.21.15.73:6801/2663819352] conn(0x7f46a0039600 0x7f46a003bac0 unknown :-1 s=NONE pgs=0 cs=0 l=1 rev1=0 crypto rx=0 tx=0 comp rx=0 tx=0).connect
2024-04-26T23:36:25.849 INFO:teuthology.orchestra.run.smithi073.stdout:/usr/bin/ceph: stderr
2024-04-26T23:36:24.794+0000 7f46b3e00700 1 -- 172.21.15.73:0/1127574100 <== mon.0 v2:172.21.15.73:3300/0 5 ==== osd_map(3..3 src has 1..3) ==== 1155+0+0 (secure 0 0 0) 0x7f46ac04db70 con 0x7f46bc109850
2024-04-26T23:36:25.849 INFO:teuthology.orchestra.run.smithi073.stdout:/usr/bin/ceph: stderr
2024-04-26T23:36:24.794+0000 7f46c2600700 1 -- 172.21.15.73:0/1127574100 --> [v2:172.21.15.73:3300/0,v1:172.21.15.73:6789/0] -- mon_command({"prefix": "get_command_descriptions"} v 0) -- 0x7f46bc064a80 con 0x7f46bc109850
2024-04-26T23:36:25.849 INFO:teuthology.orchestra.run.smithi073.stdout:/usr/bin/ceph: stderr
2024-04-26T23:36:24.794+0000 7f46baa00700 1 --2- 172.21.15.73:0/1127574100 >> [v2:172.21.15.73:6800/2663819352,v1:172.21.15.73:6801/2663819352] conn(0x7f46a0039600 0x7f46a003bac0 unknown :-1 s=BANNER_CONNECTING pgs=0 cs=0 l=1 rev1=0 crypto rx=0 tx=0 comp rx=0 tx=0)._handle_peer_banner_payload supported=3 required=0
2024-04-26T23:36:25.850 INFO:teuthology.orchestra.run.smithi073.stdout:/usr/bin/ceph: stderr
2024-04-26T23:36:24.795+0000 7f46baa00700 1 --2- 172.21.15.73:0/1127574100 >> [v2:172.21.15.73:6800/2663819352,v1:172.21.15.73:6801/2663819352] conn(0x7f46a0039600 0x7f46a003bac0 secure :-1 s=READY pgs=7 cs=0 l=1 rev1=1 crypto rx=0x7f46a8006fd0 tx=0x7f46a8006e40 comp rx=0 tx=0).ready entity=mgr.14152 client_cookie=0 server_cookie=0 in_seq=0 out_seq=0
2024-04-26T23:36:25.850 INFO:teuthology.orchestra.run.smithi073.stdout:/usr/bin/ceph: stderr
2024-04-26T23:36:24.800+0000 7f46b3e00700 1 -- 172.21.15.73:0/1127574100 <== mon.0 v2:172.21.15.73:3300/0 6 ==== mon_command_ack([{"prefix": "get_command_descriptions"}]=0 v0) ==== 72+0+188494 (secure 0 0 0) 0x7f46ac00edd0 con 0x7f46bc109850
2024-04-26T23:36:25.850 INFO:teuthology.orchestra.run.smithi073.stdout:/usr/bin/ceph: stderr
2024-04-26T23:36:25.037+0000 7f46c2600700 1 -- 172.21.15.73:0/1127574100 --> [v2:172.21.15.73:6800/2663819352,v1:172.21.15.73:6801/2663819352] -- mgr_command(tid 0: {"prefix": "dashboard create-self-signed-cert", "target": ["mon-mgr", ""]}) -- 0x7f46bc104500 con 0x7f46a0039600
2024-04-26T23:36:25.850 INFO:teuthology.orchestra.run.smithi073.stdout:/usr/bin/ceph: stderr
2024-04-26T23:36:25.150+0000 7f46b3e00700 1 -- 172.21.15.73:0/1127574100 <== mgr.14152 v2:172.21.15.73:6800/2663819352 1 ==== mgr_command_reply(tid 0: 0 ) ==== 8+0+32 (secure 0 0 0) 0x7f46bc104500 con 0x7f46a0039600
2024-04-26T23:36:25.850 INFO:teuthology.orchestra.run.smithi073.stdout:/usr/bin/ceph: stderr
2024-04-26T23:36:25.153+0000 7f46c2600700 1 -- 172.21.15.73:0/1127574100 >> [v2:172.21.15.73:6800/2663819352,v1:172.21.15.73:6801/2663819352] conn(0x7f46a0039600 msgr2=0x7f46a003bac0 secure :-1 s=STATE_CONNECTION_ESTABLISHED l=1).mark_down
2024-04-26T23:36:25.850 INFO:teuthology.orchestra.run.smithi073.stdout:/usr/bin/ceph: stderr
2024-04-26T23:36:25.153+0000 7f46c2600700 1 --2- 172.21.15.73:0/1127574100 >> [v2:172.21.15.73:6800/2663819352,v1:172.21.15.73:6801/2663819352] conn(0x7f46a0039600 0x7f46a003bac0 secure :-1 s=READY pgs=7 cs=0 l=1 rev1=1 crypto rx=0x7f46a8006fd0 tx=0x7f46a8006e40 comp rx=0 tx=0).stop
2024-04-26T23:36:25.850 INFO:teuthology.orchestra.run.smithi073.stdout:/usr/bin/ceph: stderr
2024-04-26T23:36:25.153+0000 7f46c2600700 1 -- 172.21.15.73:0/1127574100 >> [v2:172.21.15.73:3300/0,v1:172.21.15.73:6789/0] conn(0x7f46bc109850 msgr2=0x7f46bc19cda0 secure :-1 s=STATE_CONNECTION_ESTABLISHED l=1).mark_down
2024-04-26T23:36:25.851 INFO:teuthology.orchestra.run.smithi073.stdout:/usr/bin/ceph: stderr
2024-04-26T23:36:25.153+0000 7f46c2600700 1 --2- 172.21.15.73:0/1127574100 >> [v2:172.21.15.73:3300/0,v1:172.21.15.73:6789/0] conn(0x7f46bc109850 0x7f46bc19cda0 secure :-1 s=READY pgs=71 cs=0 l=1 rev1=1 crypto rx=0x7f46ac000c00 tx=0x7f46ac00bac0 comp rx=0 tx=0).stop
2024-04-26T23:36:25.851 INFO:teuthology.orchestra.run.smithi073.stdout:/usr/bin/ceph: stderr
2024-04-26T23:36:25.153+0000 7f46c2600700 1 -- 172.21.15.73:0/1127574100 shutdown_connections
2024-04-26T23:36:25.851 INFO:teuthology.orchestra.run.smithi073.stdout:/usr/bin/ceph: stderr
2024-04-26T23:36:25.153+0000 7f46c2600700 1 --2- 172.21.15.73:0/1127574100 >> [v2:172.21.15.73:6800/2663819352,v1:172.21.15.73:6801/2663819352] conn(0x7f46a0039600 0x7f46a003bac0 unknown :-1 s=CLOSED pgs=7 cs=0 l=1 rev1=1 crypto rx=0 tx=0 comp rx=0 tx=0).stop
2024-04-26T23:36:25.851 INFO:teuthology.orchestra.run.smithi073.stdout:/usr/bin/ceph: stderr
2024-04-26T23:36:25.153+0000 7f46c2600700 1 --2- 172.21.15.73:0/1127574100 >> [v2:172.21.15.73:3300/0,v1:172.21.15.73:6789/0] conn(0x7f46bc109850 0x7f46bc19cda0 unknown :-1 s=CLOSED pgs=71 cs=0 l=1 rev1=1 crypto rx=0 tx=0 comp rx=0 tx=0).stop
2024-04-26T23:36:25.852 INFO:teuthology.orchestra.run.smithi073.stdout:/usr/bin/ceph: stderr
2024-04-26T23:36:25.153+0000 7f46c2600700 1 -- 172.21.15.73:0/1127574100 >> 172.21.15.73:0/1127574100 conn(0x7f46bc1031e0 msgr2=0x7f46bc103df0 unknown :-1 s=STATE_NONE l=0).mark_down
2024-04-26T23:36:25.852 INFO:teuthology.orchestra.run.smithi073.stdout:/usr/bin/ceph: stderr
2024-04-26T23:36:25.153+0000 7f46c2600700 1 -- 172.21.15.73:0/1127574100 shutdown_connections
2024-04-26T23:36:25.852 INFO:teuthology.orchestra.run.smithi073.stdout:/usr/bin/ceph: stderr
2024-04-26T23:36:25.153+0000 7f46c2600700 1 -- 172.21.15.73:0/1127574100 wait complete.
2024-04-26T23:36:25.852 INFO:teuthology.orchestra.run.smithi073.stdout:Creating initial admin user...
2024-04-26T23:36:26.128 INFO:journalctl@ceph.mon.a.smithi073.stdout:Apr 26 23:36:25 smithi073 ceph-mon[27962]: from='client.14164 -' entity='client.admin' cmd=[{"prefix": "dashboard create-self-signed-cert", "target": ["mon-mgr", ""]}]: dispatch
2024-04-26T23:36:26.128 INFO:journalctl@ceph.mon.a.smithi073.stdout:Apr 26 23:36:25 smithi073 ceph-mon[27962]: from='mgr.14152 172.21.15.73:0/2501700464' entity='mgr.x'
2024-04-26T23:36:26.128 INFO:journalctl@ceph.mon.a.smithi073.stdout:Apr 26 23:36:25 smithi073 ceph-mon[27962]: from='mgr.14152 172.21.15.73:0/2501700464' entity='mgr.x'
2024-04-26T23:36:27.620 INFO:teuthology.orchestra.run.smithi073.stdout:/usr/bin/ceph: stdout {"username": "admin", "password": "$2b$12$DO2XQkqLxYyFf6m0.irNyOwpGPc1WC/Lm3bSSbN6xBrAgtXVCF9Ji", "roles": ["administrator"], "name": null, "email": null, "lastUpdate": 1714174586, "enabled": true, "pwdExpirationDate": null, "pwdUpdateRequired": true}
2024-04-26T23:36:27.620 INFO:teuthology.orchestra.run.smithi073.stdout:/usr/bin/ceph: stderr
2024-04-26T23:36:26.434+0000 7f40d4800700 1 Processor -- start
2024-04-26T23:36:27.620 INFO:teuthology.orchestra.run.smithi073.stdout:/usr/bin/ceph: stderr
2024-04-26T23:36:26.434+0000 7f40d4800700 1 -- start start
2024-04-26T23:36:27.620 INFO:teuthology.orchestra.run.smithi073.stdout:/usr/bin/ceph: stderr
2024-04-26T23:36:26.434+0000 7f40d4800700 1 --2- >> [v2:172.21.15.73:3300/0,v1:172.21.15.73:6789/0] conn(0x7f40cc108da0 0x7f40cc1091c0 unknown :-1 s=NONE pgs=0 cs=0 l=0 rev1=0 crypto rx=0 tx=0 comp rx=0 tx=0).connect
2024-04-26T23:36:27.626 INFO:teuthology.orchestra.run.smithi073.stdout:/usr/bin/ceph: stderr
2024-04-26T23:36:26.434+0000 7f40d4800700 1 -- --> [v2:172.21.15.73:3300/0,v1:172.21.15.73:6789/0] -- mon_getmap magic: 0 -- 0x7f40cc109790 con 0x7f40cc108da0
2024-04-26T23:36:27.626 INFO:teuthology.orchestra.run.smithi073.stdout:/usr/bin/ceph: stderr
2024-04-26T23:36:26.435+0000 7f40d1e00700 1 --2- >> [v2:172.21.15.73:3300/0,v1:172.21.15.73:6789/0] conn(0x7f40cc108da0 0x7f40cc1091c0 unknown :-1 s=BANNER_CONNECTING pgs=0 cs=0 l=0 rev1=0 crypto rx=0 tx=0 comp rx=0 tx=0)._handle_peer_banner_payload supported=3 required=0
2024-04-26T23:36:27.626 INFO:teuthology.orchestra.run.smithi073.stdout:/usr/bin/ceph: stderr
2024-04-26T23:36:26.435+0000 7f40d1e00700 1 --2- >> [v2:172.21.15.73:3300/0,v1:172.21.15.73:6789/0] conn(0x7f40cc108da0 0x7f40cc1091c0 unknown :-1 s=HELLO_CONNECTING pgs=0 cs=0 l=0 rev1=1 crypto rx=0 tx=0 comp rx=0 tx=0).handle_hello peer v2:172.21.15.73:3300/0 says I am v2:172.21.15.73:36834/0 (socket says 172.21.15.73:36834)
2024-04-26T23:36:27.626 INFO:teuthology.orchestra.run.smithi073.stdout:/usr/bin/ceph: stderr
2024-04-26T23:36:26.435+0000 7f40d1e00700 1 -- 172.21.15.73:0/1943270035 learned_addr learned my addr 172.21.15.73:0/1943270035 (peer_addr_for_me v2:172.21.15.73:0/0)
2024-04-26T23:36:27.626 INFO:teuthology.orchestra.run.smithi073.stdout:/usr/bin/ceph: stderr
2024-04-26T23:36:26.435+0000 7f40d1e00700 1 -- 172.21.15.73:0/1943270035 --> [v2:172.21.15.73:3300/0,v1:172.21.15.73:6789/0] -- mon_subscribe({config=0+,monmap=0+}) -- 0x7f40cc109fa0 con 0x7f40cc108da0
2024-04-26T23:36:27.626 INFO:teuthology.orchestra.run.smithi073.stdout:/usr/bin/ceph: stderr
2024-04-26T23:36:26.436+0000 7f40d1e00700 1 --2- 172.21.15.73:0/1943270035 >> [v2:172.21.15.73:3300/0,v1:172.21.15.73:6789/0] conn(0x7f40cc108da0 0x7f40cc1091c0 secure :-1 s=READY pgs=72 cs=0 l=1 rev1=1 crypto rx=0x7f40c00098a0 tx=0x7f40c0009bb0 comp rx=0 tx=0).ready entity=mon.0 client_cookie=ac03cbbdaa5d9ae9 server_cookie=0 in_seq=0 out_seq=0
2024-04-26T23:36:27.627 INFO:teuthology.orchestra.run.smithi073.stdout:/usr/bin/ceph: stderr
2024-04-26T23:36:26.436+0000 7f40d0a00700 1 -- 172.21.15.73:0/1943270035 <== mon.0 v2:172.21.15.73:3300/0 1 ==== mon_map magic: 0 ==== 205+0+0 (secure 0 0 0) 0x7f40c0004160 con 0x7f40cc108da0
2024-04-26T23:36:27.627 INFO:teuthology.orchestra.run.smithi073.stdout:/usr/bin/ceph: stderr
2024-04-26T23:36:26.436+0000 7f40d0a00700 1 -- 172.21.15.73:0/1943270035 <== mon.0 v2:172.21.15.73:3300/0 2 ==== config(27 keys) ==== 1135+0+0 (secure 0 0 0) 0x7f40c0004300 con 0x7f40cc108da0
2024-04-26T23:36:27.627 INFO:teuthology.orchestra.run.smithi073.stdout:/usr/bin/ceph: stderr
2024-04-26T23:36:26.436+0000 7f40d0a00700 1 -- 172.21.15.73:0/1943270035 <== mon.0 v2:172.21.15.73:3300/0 3 ==== mon_map magic: 0 ==== 205+0+0 (secure 0 0 0) 0x7f40c0011af0 con 0x7f40cc108da0
2024-04-26T23:36:27.627 INFO:teuthology.orchestra.run.smithi073.stdout:/usr/bin/ceph: stderr
2024-04-26T23:36:26.437+0000 7f40d4800700 1 -- 172.21.15.73:0/1943270035 >> [v2:172.21.15.73:3300/0,v1:172.21.15.73:6789/0] conn(0x7f40cc108da0 msgr2=0x7f40cc1091c0 secure :-1 s=STATE_CONNECTION_ESTABLISHED l=1).mark_down
2024-04-26T23:36:27.627 INFO:teuthology.orchestra.run.smithi073.stdout:/usr/bin/ceph: stderr
2024-04-26T23:36:26.437+0000 7f40d4800700 1 --2- 172.21.15.73:0/1943270035 >> [v2:172.21.15.73:3300/0,v1:172.21.15.73:6789/0] conn(0x7f40cc108da0 0x7f40cc1091c0 secure :-1 s=READY pgs=72 cs=0 l=1 rev1=1 crypto rx=0x7f40c00098a0 tx=0x7f40c0009bb0 comp rx=0 tx=0).stop
2024-04-26T23:36:27.627 INFO:teuthology.orchestra.run.smithi073.stdout:/usr/bin/ceph: stderr
2024-04-26T23:36:26.437+0000 7f40d4800700 1 -- 172.21.15.73:0/1943270035 shutdown_connections
2024-04-26T23:36:27.627 INFO:teuthology.orchestra.run.smithi073.stdout:/usr/bin/ceph: stderr
2024-04-26T23:36:26.437+0000 7f40d4800700 1 --2- 172.21.15.73:0/1943270035 >> [v2:172.21.15.73:3300/0,v1:172.21.15.73:6789/0] conn(0x7f40cc108da0 0x7f40cc1091c0 unknown :-1 s=CLOSED pgs=72 cs=0 l=1 rev1=1 crypto rx=0 tx=0 comp rx=0 tx=0).stop
2024-04-26T23:36:27.627 INFO:teuthology.orchestra.run.smithi073.stdout:/usr/bin/ceph: stderr
2024-04-26T23:36:26.437+0000 7f40d4800700 1 -- 172.21.15.73:0/1943270035 >> 172.21.15.73:0/1943270035 conn(0x7f40cc104360 msgr2=0x7f40cc106780 unknown :-1 s=STATE_NONE l=0).mark_down
2024-04-26T23:36:27.627 INFO:teuthology.orchestra.run.smithi073.stdout:/usr/bin/ceph: stderr
2024-04-26T23:36:26.437+0000 7f40d4800700 1 -- 172.21.15.73:0/1943270035 shutdown_connections
2024-04-26T23:36:27.627 INFO:teuthology.orchestra.run.smithi073.stdout:/usr/bin/ceph: stderr
2024-04-26T23:36:26.437+0000 7f40d4800700 1 -- 172.21.15.73:0/1943270035 wait complete.
2024-04-26T23:36:27.627 INFO:teuthology.orchestra.run.smithi073.stdout:/usr/bin/ceph: stderr
2024-04-26T23:36:26.438+0000 7f40d4800700 1 Processor -- start
2024-04-26T23:36:27.627 INFO:teuthology.orchestra.run.smithi073.stdout:/usr/bin/ceph: stderr
2024-04-26T23:36:26.438+0000 7f40d4800700 1 -- start start
2024-04-26T23:36:27.628 INFO:teuthology.orchestra.run.smithi073.stdout:/usr/bin/ceph: stderr
2024-04-26T23:36:26.439+0000 7f40d4800700 1 --2- >> [v2:172.21.15.73:3300/0,v1:172.21.15.73:6789/0] conn(0x7f40cc108da0 0x7f40cc19ef80 unknown :-1 s=NONE pgs=0 cs=0 l=1 rev1=0 crypto rx=0 tx=0 comp rx=0 tx=0).connect
2024-04-26T23:36:27.628 INFO:teuthology.orchestra.run.smithi073.stdout:/usr/bin/ceph: stderr
2024-04-26T23:36:26.439+0000 7f40d4800700 1 -- --> [v2:172.21.15.73:3300/0,v1:172.21.15.73:6789/0] -- mon_getmap magic: 0 -- 0x7f40cc10d350 con 0x7f40cc108da0
2024-04-26T23:36:27.628 INFO:teuthology.orchestra.run.smithi073.stdout:/usr/bin/ceph: stderr
2024-04-26T23:36:26.439+0000 7f40d1e00700 1 --2- >> [v2:172.21.15.73:3300/0,v1:172.21.15.73:6789/0] conn(0x7f40cc108da0 0x7f40cc19ef80 unknown :-1 s=BANNER_CONNECTING pgs=0 cs=0 l=1 rev1=0 crypto rx=0 tx=0 comp rx=0 tx=0)._handle_peer_banner_payload supported=3 required=0
2024-04-26T23:36:27.628 INFO:teuthology.orchestra.run.smithi073.stdout:/usr/bin/ceph: stderr
2024-04-26T23:36:26.439+0000 7f40d1e00700 1 --2- >> [v2:172.21.15.73:3300/0,v1:172.21.15.73:6789/0] conn(0x7f40cc108da0 0x7f40cc19ef80 unknown :-1 s=HELLO_CONNECTING pgs=0 cs=0 l=1 rev1=1 crypto rx=0 tx=0 comp rx=0 tx=0).handle_hello peer v2:172.21.15.73:3300/0 says I am v2:172.21.15.73:36840/0 (socket says 172.21.15.73:36840)
2024-04-26T23:36:27.628 INFO:teuthology.orchestra.run.smithi073.stdout:/usr/bin/ceph: stderr
2024-04-26T23:36:26.439+0000 7f40d1e00700 1 -- 172.21.15.73:0/1329058826 learned_addr learned my addr 172.21.15.73:0/1329058826 (peer_addr_for_me v2:172.21.15.73:0/0)
2024-04-26T23:36:27.628 INFO:teuthology.orchestra.run.smithi073.stdout:/usr/bin/ceph: stderr
2024-04-26T23:36:26.439+0000 7f40d1e00700 1 -- 172.21.15.73:0/1329058826 --> [v2:172.21.15.73:3300/0,v1:172.21.15.73:6789/0] -- mon_subscribe({config=0+,monmap=0+}) -- 0x7f40cc19f4c0 con 0x7f40cc108da0
2024-04-26T23:36:27.628 INFO:teuthology.orchestra.run.smithi073.stdout:/usr/bin/ceph: stderr
2024-04-26T23:36:26.440+0000 7f40d1e00700 1 --2- 172.21.15.73:0/1329058826 >> [v2:172.21.15.73:3300/0,v1:172.21.15.73:6789/0] conn(0x7f40cc108da0 0x7f40cc19ef80 secure :-1 s=READY pgs=73 cs=0 l=1 rev1=1 crypto rx=0x7f40c0009520 tx=0x7f40c00045f0 comp rx=0 tx=0).ready entity=mon.0 client_cookie=0 server_cookie=0 in_seq=0 out_seq=0
2024-04-26T23:36:27.628 INFO:teuthology.orchestra.run.smithi073.stdout:/usr/bin/ceph: stderr
2024-04-26T23:36:26.440+0000 7f40c6a00700 1 -- 172.21.15.73:0/1329058826 <== mon.0 v2:172.21.15.73:3300/0 1 ==== mon_map magic: 0 ==== 205+0+0 (secure 0 0 0) 0x7f40c00036a0 con 0x7f40cc108da0
2024-04-26T23:36:27.628 INFO:teuthology.orchestra.run.smithi073.stdout:/usr/bin/ceph: stderr
2024-04-26T23:36:26.440+0000 7f40c6a00700 1 -- 172.21.15.73:0/1329058826 <== mon.0 v2:172.21.15.73:3300/0 2 ==== config(27 keys) ==== 1135+0+0 (secure 0 0 0) 0x7f40c001a430 con 0x7f40cc108da0
2024-04-26T23:36:27.628 INFO:teuthology.orchestra.run.smithi073.stdout:/usr/bin/ceph: stderr
2024-04-26T23:36:26.440+0000 7f40d4800700 1 -- 172.21.15.73:0/1329058826 --> [v2:172.21.15.73:3300/0,v1:172.21.15.73:6789/0] -- mon_subscribe({mgrmap=0+}) -- 0x7f40cc19f750 con 0x7f40cc108da0
2024-04-26T23:36:27.628 INFO:teuthology.orchestra.run.smithi073.stdout:/usr/bin/ceph: stderr
2024-04-26T23:36:26.440+0000 7f40c6a00700 1 -- 172.21.15.73:0/1329058826 <== mon.0 v2:172.21.15.73:3300/0 3 ==== mon_map magic: 0 ==== 205+0+0 (secure 0 0 0) 0x7f40c0019550 con 0x7f40cc108da0
2024-04-26T23:36:27.629 INFO:teuthology.orchestra.run.smithi073.stdout:/usr/bin/ceph: stderr
2024-04-26T23:36:26.440+0000 7f40d4800700 1 -- 172.21.15.73:0/1329058826 --> [v2:172.21.15.73:3300/0,v1:172.21.15.73:6789/0] -- mon_subscribe({osdmap=0}) -- 0x7f40cc1a2440 con 0x7f40cc108da0
2024-04-26T23:36:27.629 INFO:teuthology.orchestra.run.smithi073.stdout:/usr/bin/ceph: stderr
2024-04-26T23:36:26.441+0000 7f40c6a00700 1 -- 172.21.15.73:0/1329058826 <== mon.0 v2:172.21.15.73:3300/0 4 ==== mgrmap(e 12) ==== 46571+0+0 (secure 0 0 0) 0x7f40c0019800 con 0x7f40cc108da0
2024-04-26T23:36:27.629 INFO:teuthology.orchestra.run.smithi073.stdout:/usr/bin/ceph: stderr
2024-04-26T23:36:26.441+0000 7f40d4800700 1 -- 172.21.15.73:0/1329058826 --> [v2:172.21.15.73:3300/0,v1:172.21.15.73:6789/0] -- mon_command({"prefix": "get_command_descriptions"} v 0) -- 0x7f40cc064a80 con 0x7f40cc108da0
2024-04-26T23:36:27.629 INFO:teuthology.orchestra.run.smithi073.stdout:/usr/bin/ceph: stderr
2024-04-26T23:36:26.442+0000 7f40c6a00700 1 --2- 172.21.15.73:0/1329058826 >> [v2:172.21.15.73:6800/2663819352,v1:172.21.15.73:6801/2663819352] conn(0x7f40b4039610 0x7f40b403bad0 unknown :-1 s=NONE pgs=0 cs=0 l=1 rev1=0 crypto rx=0 tx=0 comp rx=0 tx=0).connect
2024-04-26T23:36:27.629 INFO:teuthology.orchestra.run.smithi073.stdout:/usr/bin/ceph: stderr
2024-04-26T23:36:26.442+0000 7f40c6a00700 1 -- 172.21.15.73:0/1329058826 <== mon.0 v2:172.21.15.73:3300/0 5 ==== osd_map(3..3 src has 1..3) ==== 1155+0+0 (secure 0 0 0) 0x7f40c004da10 con 0x7f40cc108da0
2024-04-26T23:36:27.629 INFO:teuthology.orchestra.run.smithi073.stdout:/usr/bin/ceph: stderr
2024-04-26T23:36:26.442+0000 7f40d1400700 1 --2- 172.21.15.73:0/1329058826 >> [v2:172.21.15.73:6800/2663819352,v1:172.21.15.73:6801/2663819352] conn(0x7f40b4039610 0x7f40b403bad0 unknown :-1 s=BANNER_CONNECTING pgs=0 cs=0 l=1 rev1=0 crypto rx=0 tx=0 comp rx=0 tx=0)._handle_peer_banner_payload supported=3 required=0
2024-04-26T23:36:27.629 INFO:teuthology.orchestra.run.smithi073.stdout:/usr/bin/ceph: stderr
2024-04-26T23:36:26.443+0000 7f40d1400700 1 --2- 172.21.15.73:0/1329058826 >> [v2:172.21.15.73:6800/2663819352,v1:172.21.15.73:6801/2663819352] conn(0x7f40b4039610 0x7f40b403bad0 secure :-1 s=READY pgs=8 cs=0 l=1 rev1=1 crypto rx=0x7f40bc006fd0 tx=0x7f40bc006e40 comp rx=0 tx=0).ready entity=mgr.14152 client_cookie=0 server_cookie=0 in_seq=0 out_seq=0
2024-04-26T23:36:27.629 INFO:teuthology.orchestra.run.smithi073.stdout:/usr/bin/ceph: stderr
2024-04-26T23:36:26.447+0000 7f40c6a00700 1 -- 172.21.15.73:0/1329058826 <== mon.0 v2:172.21.15.73:3300/0 6 ==== mon_command_ack([{"prefix": "get_command_descriptions"}]=0 v0) ==== 72+0+188494 (secure 0 0 0) 0x7f40c0019af0 con 0x7f40cc108da0
2024-04-26T23:36:27.629 INFO:teuthology.orchestra.run.smithi073.stdout:/usr/bin/ceph: stderr
2024-04-26T23:36:26.693+0000 7f40d4800700 1 -- 172.21.15.73:0/1329058826 --> [v2:172.21.15.73:6800/2663819352,v1:172.21.15.73:6801/2663819352] -- mgr_command(tid 0: {"prefix": "dashboard ac-user-create", "username": "admin", "rolename": "administrator", "force_password": true, "pwd_update_required": true, "target": ["mon-mgr", ""]}) -- 0x7f40cc19fc30 con 0x7f40b4039610
2024-04-26T23:36:27.629 INFO:teuthology.orchestra.run.smithi073.stdout:/usr/bin/ceph: stderr
2024-04-26T23:36:26.935+0000 7f40c6a00700 1 -- 172.21.15.73:0/1329058826 <== mgr.14152 v2:172.21.15.73:6800/2663819352 1 ==== mgr_command_reply(tid 0: 0 ) ==== 8+0+252 (secure 0 0 0) 0x7f40cc19fc30 con 0x7f40b4039610
2024-04-26T23:36:27.629 INFO:teuthology.orchestra.run.smithi073.stdout:/usr/bin/ceph: stderr
2024-04-26T23:36:26.938+0000 7f40d4800700 1 -- 172.21.15.73:0/1329058826 >> [v2:172.21.15.73:6800/2663819352,v1:172.21.15.73:6801/2663819352] conn(0x7f40b4039610 msgr2=0x7f40b403bad0 secure :-1 s=STATE_CONNECTION_ESTABLISHED l=1).mark_down
2024-04-26T23:36:27.629 INFO:teuthology.orchestra.run.smithi073.stdout:/usr/bin/ceph: stderr
2024-04-26T23:36:26.938+0000 7f40d4800700 1 --2- 172.21.15.73:0/1329058826 >> [v2:172.21.15.73:6800/2663819352,v1:172.21.15.73:6801/2663819352] conn(0x7f40b4039610 0x7f40b403bad0 secure :-1 s=READY pgs=8 cs=0 l=1 rev1=1 crypto rx=0x7f40bc006fd0 tx=0x7f40bc006e40 comp rx=0 tx=0).stop
2024-04-26T23:36:27.629 INFO:teuthology.orchestra.run.smithi073.stdout:/usr/bin/ceph: stderr
2024-04-26T23:36:26.938+0000 7f40d4800700 1 -- 172.21.15.73:0/1329058826 >> [v2:172.21.15.73:3300/0,v1:172.21.15.73:6789/0] conn(0x7f40cc108da0 msgr2=0x7f40cc19ef80 secure :-1 s=STATE_CONNECTION_ESTABLISHED l=1).mark_down
2024-04-26T23:36:27.630 INFO:teuthology.orchestra.run.smithi073.stdout:/usr/bin/ceph: stderr
2024-04-26T23:36:26.938+0000 7f40d4800700 1 --2- 172.21.15.73:0/1329058826 >> [v2:172.21.15.73:3300/0,v1:172.21.15.73:6789/0] conn(0x7f40cc108da0 0x7f40cc19ef80 secure :-1 s=READY pgs=73 cs=0 l=1 rev1=1 crypto rx=0x7f40c0009520 tx=0x7f40c00045f0 comp rx=0 tx=0).stop
2024-04-26T23:36:27.630 INFO:teuthology.orchestra.run.smithi073.stdout:/usr/bin/ceph: stderr
2024-04-26T23:36:26.938+0000 7f40d4800700 1 -- 172.21.15.73:0/1329058826 shutdown_connections
2024-04-26T23:36:27.630 INFO:teuthology.orchestra.run.smithi073.stdout:/usr/bin/ceph: stderr
2024-04-26T23:36:26.938+0000 7f40d4800700 1 --2- 172.21.15.73:0/1329058826 >> [v2:172.21.15.73:6800/2663819352,v1:172.21.15.73:6801/2663819352] conn(0x7f40b4039610 0x7f40b403bad0 unknown :-1 s=CLOSED pgs=8 cs=0 l=1 rev1=1 crypto rx=0 tx=0 comp rx=0 tx=0).stop
2024-04-26T23:36:27.630 INFO:teuthology.orchestra.run.smithi073.stdout:/usr/bin/ceph: stderr
2024-04-26T23:36:26.938+0000 7f40d4800700 1 --2- 172.21.15.73:0/1329058826 >> [v2:172.21.15.73:3300/0,v1:172.21.15.73:6789/0] conn(0x7f40cc108da0 0x7f40cc19ef80 unknown :-1 s=CLOSED pgs=73 cs=0 l=1 rev1=1 crypto rx=0 tx=0 comp rx=0 tx=0).stop
2024-04-26T23:36:27.630 INFO:teuthology.orchestra.run.smithi073.stdout:/usr/bin/ceph: stderr
2024-04-26T23:36:26.938+0000 7f40d4800700 1 -- 172.21.15.73:0/1329058826 >> 172.21.15.73:0/1329058826 conn(0x7f40cc104360 msgr2=0x7f40cc104df0 unknown :-1 s=STATE_NONE l=0).mark_down
2024-04-26T23:36:27.630 INFO:teuthology.orchestra.run.smithi073.stdout:/usr/bin/ceph: stderr
2024-04-26T23:36:26.939+0000 7f40d4800700 1 -- 172.21.15.73:0/1329058826 shutdown_connections
2024-04-26T23:36:27.630 INFO:teuthology.orchestra.run.smithi073.stdout:/usr/bin/ceph: stderr
2024-04-26T23:36:26.939+0000 7f40d4800700 1 -- 172.21.15.73:0/1329058826 wait complete.
2024-04-26T23:36:27.630 INFO:teuthology.orchestra.run.smithi073.stdout:Fetching dashboard port number...
2024-04-26T23:36:27.933 INFO:journalctl@ceph.mon.a.smithi073.stdout:Apr 26 23:36:27 smithi073 ceph-mon[27962]: from='mgr.14152 172.21.15.73:0/2501700464' entity='mgr.x'
2024-04-26T23:36:27.933 INFO:journalctl@ceph.mon.a.smithi073.stdout:Apr 26 23:36:27 smithi073 ceph-mon[27962]: from='client.14166 -' entity='client.admin' cmd=[{"prefix": "dashboard ac-user-create", "username": "admin", "rolename": "administrator", "force_password": true, "pwd_update_required": true, "target": ["mon-mgr", ""]}]: dispatch
2024-04-26T23:36:27.933 INFO:journalctl@ceph.mon.a.smithi073.stdout:Apr 26 23:36:27 smithi073 ceph-mon[27962]: from='mgr.14152 172.21.15.73:0/2501700464' entity='mgr.x'
2024-04-26T23:36:28.782 INFO:journalctl@ceph.mon.a.smithi073.stdout:Apr 26 23:36:28 smithi073 ceph-mon[27962]: from='client.? 172.21.15.73:0/2824024756' entity='client.admin' cmd=[{"prefix": "config get", "who": "mgr", "key": "mgr/dashboard/ssl_server_port"}]: dispatch
2024-04-26T23:36:29.591 INFO:teuthology.orchestra.run.smithi073.stdout:/usr/bin/ceph: stdout 8443
2024-04-26T23:36:29.591 INFO:teuthology.orchestra.run.smithi073.stdout:/usr/bin/ceph: stderr
2024-04-26T23:36:28.316+0000 7f4c8fc00700 1 Processor -- start
2024-04-26T23:36:29.591 INFO:teuthology.orchestra.run.smithi073.stdout:/usr/bin/ceph: stderr
2024-04-26T23:36:28.316+0000 7f4c8fc00700 1 -- start start
2024-04-26T23:36:29.591 INFO:teuthology.orchestra.run.smithi073.stdout:/usr/bin/ceph: stderr
2024-04-26T23:36:28.317+0000 7f4c8fc00700 1 --2- >> [v2:172.21.15.73:3300/0,v1:172.21.15.73:6789/0] conn(0x7f4c88109830 0x7f4c8810bc20 unknown :-1 s=NONE pgs=0 cs=0 l=0 rev1=0 crypto rx=0 tx=0 comp rx=0 tx=0).connect
2024-04-26T23:36:29.591 INFO:teuthology.orchestra.run.smithi073.stdout:/usr/bin/ceph: stderr
2024-04-26T23:36:28.317+0000 7f4c8fc00700 1 -- --> [v2:172.21.15.73:3300/0,v1:172.21.15.73:6789/0] -- mon_getmap magic: 0 -- 0x7f4c8807ce70 con 0x7f4c88109830
2024-04-26T23:36:29.592 INFO:teuthology.orchestra.run.smithi073.stdout:/usr/bin/ceph: stderr
2024-04-26T23:36:28.317+0000 7f4c8d200700 1 --2- >> [v2:172.21.15.73:3300/0,v1:172.21.15.73:6789/0] conn(0x7f4c88109830 0x7f4c8810bc20 unknown :-1 s=BANNER_CONNECTING pgs=0 cs=0 l=0 rev1=0 crypto rx=0 tx=0 comp rx=0 tx=0)._handle_peer_banner_payload supported=3 required=0
2024-04-26T23:36:29.592 INFO:teuthology.orchestra.run.smithi073.stdout:/usr/bin/ceph: stderr
2024-04-26T23:36:28.317+0000 7f4c8d200700 1 --2- >> [v2:172.21.15.73:3300/0,v1:172.21.15.73:6789/0] conn(0x7f4c88109830 0x7f4c8810bc20 unknown :-1 s=HELLO_CONNECTING pgs=0 cs=0 l=0 rev1=1 crypto rx=0 tx=0 comp rx=0 tx=0).handle_hello peer v2:172.21.15.73:3300/0 says I am v2:172.21.15.73:36856/0 (socket says 172.21.15.73:36856)
2024-04-26T23:36:29.592 INFO:teuthology.orchestra.run.smithi073.stdout:/usr/bin/ceph: stderr
2024-04-26T23:36:28.317+0000 7f4c8d200700 1 -- 172.21.15.73:0/4286355190 learned_addr learned my addr 172.21.15.73:0/4286355190 (peer_addr_for_me v2:172.21.15.73:0/0)
2024-04-26T23:36:29.592 INFO:teuthology.orchestra.run.smithi073.stdout:/usr/bin/ceph: stderr
2024-04-26T23:36:28.318+0000 7f4c8d200700 1 -- 172.21.15.73:0/4286355190 --> [v2:172.21.15.73:3300/0,v1:172.21.15.73:6789/0] -- mon_subscribe({config=0+,monmap=0+}) -- 0x7f4c8810c160 con 0x7f4c88109830
2024-04-26T23:36:29.592 INFO:teuthology.orchestra.run.smithi073.stdout:/usr/bin/ceph: stderr
2024-04-26T23:36:28.318+0000 7f4c8d200700 1 --2- 172.21.15.73:0/4286355190 >> [v2:172.21.15.73:3300/0,v1:172.21.15.73:6789/0] conn(0x7f4c88109830 0x7f4c8810bc20 secure :-1 s=READY pgs=74 cs=0 l=1 rev1=1 crypto rx=0x7f4c7c009ab0 tx=0x7f4c7c009dc0 comp rx=0 tx=0).ready entity=mon.0 client_cookie=6e0c4b539a1b39c3 server_cookie=0 in_seq=0 out_seq=0
2024-04-26T23:36:29.592 INFO:teuthology.orchestra.run.smithi073.stdout:/usr/bin/ceph: stderr
2024-04-26T23:36:28.318+0000 7f4c87400700 1 -- 172.21.15.73:0/4286355190 <== mon.0 v2:172.21.15.73:3300/0 1 ==== mon_map magic: 0 ==== 205+0+0 (secure 0 0 0) 0x7f4c7c004160 con 0x7f4c88109830
2024-04-26T23:36:29.592 INFO:teuthology.orchestra.run.smithi073.stdout:/usr/bin/ceph: stderr
2024-04-26T23:36:28.318+0000 7f4c87400700 1 -- 172.21.15.73:0/4286355190 <== mon.0 v2:172.21.15.73:3300/0 2 ==== config(27 keys) ==== 1135+0+0 (secure 0 0 0) 0x7f4c7c00bcb0 con 0x7f4c88109830
2024-04-26T23:36:29.592 INFO:teuthology.orchestra.run.smithi073.stdout:/usr/bin/ceph: stderr
2024-04-26T23:36:28.318+0000 7f4c87400700 1 -- 172.21.15.73:0/4286355190 <== mon.0 v2:172.21.15.73:3300/0 3 ==== mon_map magic: 0 ==== 205+0+0 (secure 0 0 0) 0x7f4c7c003ca0 con 0x7f4c88109830
2024-04-26T23:36:29.592 INFO:teuthology.orchestra.run.smithi073.stdout:/usr/bin/ceph: stderr
2024-04-26T23:36:28.319+0000 7f4c8fc00700 1 -- 172.21.15.73:0/4286355190 >> [v2:172.21.15.73:3300/0,v1:172.21.15.73:6789/0] conn(0x7f4c88109830 msgr2=0x7f4c8810bc20 secure :-1 s=STATE_CONNECTION_ESTABLISHED l=1).mark_down
2024-04-26T23:36:29.592 INFO:teuthology.orchestra.run.smithi073.stdout:/usr/bin/ceph: stderr
