2024-04-26T23:36:07.523 INFO:teuthology.orchestra.run.smithi073.stdout:/usr/bin/ceph: stderr
2024-04-26T23:36:06.518+0000 7f2917400700 1 -- 172.21.15.73:0/192983558 --> [v2:172.21.15.73:3300/0,v1:172.21.15.73:6789/0] -- mon_subscribe({config=0+,monmap=0+}) -- 0x7f2918108e70 con 0x7f2918107c70
2024-04-26T23:36:07.523 INFO:teuthology.orchestra.run.smithi073.stdout:/usr/bin/ceph: stderr
2024-04-26T23:36:06.518+0000 7f2917400700 1 --2- 172.21.15.73:0/192983558 >> [v2:172.21.15.73:3300/0,v1:172.21.15.73:6789/0] conn(0x7f2918107c70 0x7f2918108090 secure :-1 s=READY pgs=49 cs=0 l=1 rev1=1 crypto rx=0x7f29080098a0 tx=0x7f2908009bb0 comp rx=0 tx=0).ready entity=mon.0 client_cookie=735801b7605637f server_cookie=0 in_seq=0 out_seq=0
2024-04-26T23:36:07.524 INFO:teuthology.orchestra.run.smithi073.stdout:/usr/bin/ceph: stderr
2024-04-26T23:36:06.518+0000 7f2916000700 1 -- 172.21.15.73:0/192983558 <== mon.0 v2:172.21.15.73:3300/0 1 ==== mon_map magic: 0 ==== 205+0+0 (secure 0 0 0) 0x7f2908004160 con 0x7f2918107c70
2024-04-26T23:36:07.524 INFO:teuthology.orchestra.run.smithi073.stdout:/usr/bin/ceph: stderr
2024-04-26T23:36:06.518+0000 7f2916000700 1 -- 172.21.15.73:0/192983558 <== mon.0 v2:172.21.15.73:3300/0 2 ==== config(27 keys) ==== 1135+0+0 (secure 0 0 0) 0x7f2908004300 con 0x7f2918107c70
2024-04-26T23:36:07.524 INFO:teuthology.orchestra.run.smithi073.stdout:/usr/bin/ceph: stderr
2024-04-26T23:36:06.518+0000 7f2916000700 1 -- 172.21.15.73:0/192983558 <== mon.0 v2:172.21.15.73:3300/0 3 ==== mon_map magic: 0 ==== 205+0+0 (secure 0 0 0) 0x7f2908011af0 con 0x7f2918107c70
2024-04-26T23:36:07.528 INFO:teuthology.orchestra.run.smithi073.stdout:/usr/bin/ceph: stderr
2024-04-26T23:36:06.519+0000 7f291e200700 1 -- 172.21.15.73:0/192983558 >> [v2:172.21.15.73:3300/0,v1:172.21.15.73:6789/0] conn(0x7f2918107c70 msgr2=0x7f2918108090 secure :-1 s=STATE_CONNECTION_ESTABLISHED l=1).mark_down
2024-04-26T23:36:07.528 INFO:teuthology.orchestra.run.smithi073.stdout:/usr/bin/ceph: stderr
2024-04-26T23:36:06.519+0000 7f291e200700 1 --2- 172.21.15.73:0/192983558 >> [v2:172.21.15.73:3300/0,v1:172.21.15.73:6789/0] conn(0x7f2918107c70 0x7f2918108090 secure :-1 s=READY pgs=49 cs=0 l=1 rev1=1 crypto rx=0x7f29080098a0 tx=0x7f2908009bb0 comp rx=0 tx=0).stop
2024-04-26T23:36:07.528 INFO:teuthology.orchestra.run.smithi073.stdout:/usr/bin/ceph: stderr
2024-04-26T23:36:06.519+0000 7f291e200700 1 -- 172.21.15.73:0/192983558 shutdown_connections
2024-04-26T23:36:07.528 INFO:teuthology.orchestra.run.smithi073.stdout:/usr/bin/ceph: stderr
2024-04-26T23:36:06.519+0000 7f291e200700 1 --2- 172.21.15.73:0/192983558 >> [v2:172.21.15.73:3300/0,v1:172.21.15.73:6789/0] conn(0x7f2918107c70 0x7f2918108090 unknown :-1 s=CLOSED pgs=49 cs=0 l=1 rev1=1 crypto rx=0 tx=0 comp rx=0 tx=0).stop
2024-04-26T23:36:07.528 INFO:teuthology.orchestra.run.smithi073.stdout:/usr/bin/ceph: stderr
2024-04-26T23:36:06.519+0000 7f291e200700 1 -- 172.21.15.73:0/192983558 >> 172.21.15.73:0/192983558 conn(0x7f2918103230 msgr2=0x7f2918105650 unknown :-1 s=STATE_NONE l=0).mark_down
2024-04-26T23:36:07.528 INFO:teuthology.orchestra.run.smithi073.stdout:/usr/bin/ceph: stderr
2024-04-26T23:36:06.520+0000 7f291e200700 1 -- 172.21.15.73:0/192983558 shutdown_connections
2024-04-26T23:36:07.528 INFO:teuthology.orchestra.run.smithi073.stdout:/usr/bin/ceph: stderr
2024-04-26T23:36:06.520+0000 7f291e200700 1 -- 172.21.15.73:0/192983558 wait complete.
2024-04-26T23:36:07.528 INFO:teuthology.orchestra.run.smithi073.stdout:/usr/bin/ceph: stderr
2024-04-26T23:36:06.521+0000 7f291e200700 1 Processor -- start
2024-04-26T23:36:07.528 INFO:teuthology.orchestra.run.smithi073.stdout:/usr/bin/ceph: stderr
2024-04-26T23:36:06.521+0000 7f291e200700 1 -- start start
2024-04-26T23:36:07.528 INFO:teuthology.orchestra.run.smithi073.stdout:/usr/bin/ceph: stderr
2024-04-26T23:36:06.521+0000 7f291e200700 1 --2- >> [v2:172.21.15.73:3300/0,v1:172.21.15.73:6789/0] conn(0x7f2918107c70 0x7f291819cda0 unknown :-1 s=NONE pgs=0 cs=0 l=1 rev1=0 crypto rx=0 tx=0 comp rx=0 tx=0).connect
2024-04-26T23:36:07.528 INFO:teuthology.orchestra.run.smithi073.stdout:/usr/bin/ceph: stderr
2024-04-26T23:36:06.521+0000 7f291e200700 1 -- --> [v2:172.21.15.73:3300/0,v1:172.21.15.73:6789/0] -- mon_getmap magic: 0 -- 0x7f291810c220 con 0x7f2918107c70
2024-04-26T23:36:07.529 INFO:teuthology.orchestra.run.smithi073.stdout:/usr/bin/ceph: stderr
2024-04-26T23:36:06.522+0000 7f2917400700 1 --2- >> [v2:172.21.15.73:3300/0,v1:172.21.15.73:6789/0] conn(0x7f2918107c70 0x7f291819cda0 unknown :-1 s=BANNER_CONNECTING pgs=0 cs=0 l=1 rev1=0 crypto rx=0 tx=0 comp rx=0 tx=0)._handle_peer_banner_payload supported=3 required=0
2024-04-26T23:36:07.529 INFO:teuthology.orchestra.run.smithi073.stdout:/usr/bin/ceph: stderr
2024-04-26T23:36:06.522+0000 7f2917400700 1 --2- >> [v2:172.21.15.73:3300/0,v1:172.21.15.73:6789/0] conn(0x7f2918107c70 0x7f291819cda0 unknown :-1 s=HELLO_CONNECTING pgs=0 cs=0 l=1 rev1=1 crypto rx=0 tx=0 comp rx=0 tx=0).handle_hello peer v2:172.21.15.73:3300/0 says I am v2:172.21.15.73:33314/0 (socket says 172.21.15.73:33314)
2024-04-26T23:36:07.529 INFO:teuthology.orchestra.run.smithi073.stdout:/usr/bin/ceph: stderr
2024-04-26T23:36:06.522+0000 7f2917400700 1 -- 172.21.15.73:0/2548749672 learned_addr learned my addr 172.21.15.73:0/2548749672 (peer_addr_for_me v2:172.21.15.73:0/0)
2024-04-26T23:36:07.529 INFO:teuthology.orchestra.run.smithi073.stdout:/usr/bin/ceph: stderr
2024-04-26T23:36:06.522+0000 7f2917400700 1 -- 172.21.15.73:0/2548749672 --> [v2:172.21.15.73:3300/0,v1:172.21.15.73:6789/0] -- mon_subscribe({config=0+,monmap=0+}) -- 0x7f291819d2e0 con 0x7f2918107c70
2024-04-26T23:36:07.529 INFO:teuthology.orchestra.run.smithi073.stdout:/usr/bin/ceph: stderr
2024-04-26T23:36:06.522+0000 7f2917400700 1 --2- 172.21.15.73:0/2548749672 >> [v2:172.21.15.73:3300/0,v1:172.21.15.73:6789/0] conn(0x7f2918107c70 0x7f291819cda0 secure :-1 s=READY pgs=50 cs=0 l=1 rev1=1 crypto rx=0x7f29080117b0 tx=0x7f2908011b70 comp rx=0 tx=0).ready entity=mon.0 client_cookie=0 server_cookie=0 in_seq=0 out_seq=0
2024-04-26T23:36:07.529 INFO:teuthology.orchestra.run.smithi073.stdout:/usr/bin/ceph: stderr
2024-04-26T23:36:06.523+0000 7f290fe00700 1 -- 172.21.15.73:0/2548749672 <== mon.0 v2:172.21.15.73:3300/0 1 ==== mon_map magic: 0 ==== 205+0+0 (secure 0 0 0) 0x7f29080039e0 con 0x7f2918107c70
2024-04-26T23:36:07.529 INFO:teuthology.orchestra.run.smithi073.stdout:/usr/bin/ceph: stderr
2024-04-26T23:36:06.523+0000 7f290fe00700 1 -- 172.21.15.73:0/2548749672 <== mon.0 v2:172.21.15.73:3300/0 2 ==== config(27 keys) ==== 1135+0+0 (secure 0 0 0) 0x7f2908003b80 con 0x7f2918107c70
2024-04-26T23:36:07.529 INFO:teuthology.orchestra.run.smithi073.stdout:/usr/bin/ceph: stderr
2024-04-26T23:36:06.523+0000 7f290fe00700 1 -- 172.21.15.73:0/2548749672 <== mon.0 v2:172.21.15.73:3300/0 3 ==== mon_map magic: 0 ==== 205+0+0 (secure 0 0 0) 0x7f2908024780 con 0x7f2918107c70
2024-04-26T23:36:07.529 INFO:teuthology.orchestra.run.smithi073.stdout:/usr/bin/ceph: stderr
2024-04-26T23:36:06.523+0000 7f291e200700 1 -- 172.21.15.73:0/2548749672 --> [v2:172.21.15.73:3300/0,v1:172.21.15.73:6789/0] -- mon_subscribe({mgrmap=0+}) -- 0x7f291819d570 con 0x7f2918107c70
2024-04-26T23:36:07.529 INFO:teuthology.orchestra.run.smithi073.stdout:/usr/bin/ceph: stderr
2024-04-26T23:36:06.523+0000 7f291e200700 1 -- 172.21.15.73:0/2548749672 --> [v2:172.21.15.73:3300/0,v1:172.21.15.73:6789/0] -- mon_subscribe({osdmap=0}) -- 0x7f29181a0220 con 0x7f2918107c70
2024-04-26T23:36:07.529 INFO:teuthology.orchestra.run.smithi073.stdout:/usr/bin/ceph: stderr
2024-04-26T23:36:06.524+0000 7f291e200700 1 -- 172.21.15.73:0/2548749672 --> [v2:172.21.15.73:3300/0,v1:172.21.15.73:6789/0] -- mon_command({"prefix": "get_command_descriptions"} v 0) -- 0x7f2918064a80 con 0x7f2918107c70
2024-04-26T23:36:07.529 INFO:teuthology.orchestra.run.smithi073.stdout:/usr/bin/ceph: stderr
2024-04-26T23:36:06.524+0000 7f290fe00700 1 -- 172.21.15.73:0/2548749672 <== mon.0 v2:172.21.15.73:3300/0 4 ==== mgrmap(e 8) ==== 46558+0+0 (secure 0 0 0) 0x7f2908022020 con 0x7f2918107c70
2024-04-26T23:36:07.529 INFO:teuthology.orchestra.run.smithi073.stdout:/usr/bin/ceph: stderr
2024-04-26T23:36:06.525+0000 7f290fe00700 1 --2- 172.21.15.73:0/2548749672 >> [v2:172.21.15.73:6800/2890544076,v1:172.21.15.73:6801/2890544076] conn(0x7f28fc0395b0 0x7f28fc03ba70 unknown :-1 s=NONE pgs=0 cs=0 l=1 rev1=0 crypto rx=0 tx=0 comp rx=0 tx=0).connect
2024-04-26T23:36:07.529 INFO:teuthology.orchestra.run.smithi073.stdout:/usr/bin/ceph: stderr
2024-04-26T23:36:06.525+0000 7f290fe00700 1 -- 172.21.15.73:0/2548749672 <== mon.0 v2:172.21.15.73:3300/0 5 ==== osd_map(2..2 src has 1..2) ==== 940+0+0 (secure 0 0 0) 0x7f290804d780 con 0x7f2918107c70
2024-04-26T23:36:07.530 INFO:teuthology.orchestra.run.smithi073.stdout:/usr/bin/ceph: stderr
2024-04-26T23:36:06.525+0000 7f2916a00700 1 --2- 172.21.15.73:0/2548749672 >> [v2:172.21.15.73:6800/2890544076,v1:172.21.15.73:6801/2890544076] conn(0x7f28fc0395b0 0x7f28fc03ba70 unknown :-1 s=BANNER_CONNECTING pgs=0 cs=0 l=1 rev1=0 crypto rx=0 tx=0 comp rx=0 tx=0)._handle_peer_banner_payload supported=3 required=0
2024-04-26T23:36:07.530 INFO:teuthology.orchestra.run.smithi073.stdout:/usr/bin/ceph: stderr
2024-04-26T23:36:06.526+0000 7f2916a00700 1 --2- 172.21.15.73:0/2548749672 >> [v2:172.21.15.73:6800/2890544076,v1:172.21.15.73:6801/2890544076] conn(0x7f28fc0395b0 0x7f28fc03ba70 secure :-1 s=READY pgs=13 cs=0 l=1 rev1=1 crypto rx=0x7f2904006fd0 tx=0x7f2904006e40 comp rx=0 tx=0).ready entity=mgr.14120 client_cookie=0 server_cookie=0 in_seq=0 out_seq=0
2024-04-26T23:36:07.530 INFO:teuthology.orchestra.run.smithi073.stdout:/usr/bin/ceph: stderr
2024-04-26T23:36:06.530+0000 7f290fe00700 1 -- 172.21.15.73:0/2548749672 <== mon.0 v2:172.21.15.73:3300/0 6 ==== mon_command_ack([{"prefix": "get_command_descriptions"}]=0 v0) ==== 72+0+188494 (secure 0 0 0) 0x7f290804d0d0 con 0x7f2918107c70
2024-04-26T23:36:07.530 INFO:teuthology.orchestra.run.smithi073.stdout:/usr/bin/ceph: stderr
2024-04-26T23:36:06.774+0000 7f291e200700 1 -- 172.21.15.73:0/2548749672 --> [v2:172.21.15.73:6800/2890544076,v1:172.21.15.73:6801/2890544076] -- mgr_command(tid 0: {"prefix": "orch apply", "service_type": "mgr", "unmanaged": true, "target": ["mon-mgr", ""]}) -- 0x7f291802e7f0 con 0x7f28fc0395b0
2024-04-26T23:36:07.530 INFO:teuthology.orchestra.run.smithi073.stdout:/usr/bin/ceph: stderr
2024-04-26T23:36:06.781+0000 7f290fe00700 1 -- 172.21.15.73:0/2548749672 <== mgr.14120 v2:172.21.15.73:6800/2890544076 1 ==== mgr_command_reply(tid 0: 0 ) ==== 8+0+24 (secure 0 0 0) 0x7f291802e7f0 con 0x7f28fc0395b0
2024-04-26T23:36:07.530 INFO:teuthology.orchestra.run.smithi073.stdout:/usr/bin/ceph: stderr
2024-04-26T23:36:06.783+0000 7f291e200700 1 -- 172.21.15.73:0/2548749672 >> [v2:172.21.15.73:6800/2890544076,v1:172.21.15.73:6801/2890544076] conn(0x7f28fc0395b0 msgr2=0x7f28fc03ba70 secure :-1 s=STATE_CONNECTION_ESTABLISHED l=1).mark_down
2024-04-26T23:36:07.530 INFO:teuthology.orchestra.run.smithi073.stdout:/usr/bin/ceph: stderr
2024-04-26T23:36:06.783+0000 7f291e200700 1 --2- 172.21.15.73:0/2548749672 >> [v2:172.21.15.73:6800/2890544076,v1:172.21.15.73:6801/2890544076] conn(0x7f28fc0395b0 0x7f28fc03ba70 secure :-1 s=READY pgs=13 cs=0 l=1 rev1=1 crypto rx=0x7f2904006fd0 tx=0x7f2904006e40 comp rx=0 tx=0).stop
2024-04-26T23:36:07.530 INFO:teuthology.orchestra.run.smithi073.stdout:/usr/bin/ceph: stderr
2024-04-26T23:36:06.783+0000 7f291e200700 1 -- 172.21.15.73:0/2548749672 >> [v2:172.21.15.73:3300/0,v1:172.21.15.73:6789/0] conn(0x7f2918107c70 msgr2=0x7f291819cda0 secure :-1 s=STATE_CONNECTION_ESTABLISHED l=1).mark_down
2024-04-26T23:36:07.530 INFO:teuthology.orchestra.run.smithi073.stdout:/usr/bin/ceph: stderr
2024-04-26T23:36:06.783+0000 7f291e200700 1 --2- 172.21.15.73:0/2548749672 >> [v2:172.21.15.73:3300/0,v1:172.21.15.73:6789/0] conn(0x7f2918107c70 0x7f291819cda0 secure :-1 s=READY pgs=50 cs=0 l=1 rev1=1 crypto rx=0x7f29080117b0 tx=0x7f2908011b70 comp rx=0 tx=0).stop
2024-04-26T23:36:07.530 INFO:teuthology.orchestra.run.smithi073.stdout:/usr/bin/ceph: stderr
2024-04-26T23:36:06.784+0000 7f291e200700 1 -- 172.21.15.73:0/2548749672 shutdown_connections
2024-04-26T23:36:07.530 INFO:teuthology.orchestra.run.smithi073.stdout:/usr/bin/ceph: stderr
2024-04-26T23:36:06.784+0000 7f291e200700 1 --2- 172.21.15.73:0/2548749672 >> [v2:172.21.15.73:6800/2890544076,v1:172.21.15.73:6801/2890544076] conn(0x7f28fc0395b0 0x7f28fc03ba70 unknown :-1 s=CLOSED pgs=13 cs=0 l=1 rev1=1 crypto rx=0 tx=0 comp rx=0 tx=0).stop
2024-04-26T23:36:07.530 INFO:teuthology.orchestra.run.smithi073.stdout:/usr/bin/ceph: stderr
2024-04-26T23:36:06.784+0000 7f291e200700 1 --2- 172.21.15.73:0/2548749672 >> [v2:172.21.15.73:3300/0,v1:172.21.15.73:6789/0] conn(0x7f2918107c70 0x7f291819cda0 unknown :-1 s=CLOSED pgs=50 cs=0 l=1 rev1=1 crypto rx=0 tx=0 comp rx=0 tx=0).stop
2024-04-26T23:36:07.530 INFO:teuthology.orchestra.run.smithi073.stdout:/usr/bin/ceph: stderr
2024-04-26T23:36:06.784+0000 7f291e200700 1 -- 172.21.15.73:0/2548749672 >> 172.21.15.73:0/2548749672 conn(0x7f2918103230 msgr2=0x7f29181040f0 unknown :-1 s=STATE_NONE l=0).mark_down
2024-04-26T23:36:07.530 INFO:teuthology.orchestra.run.smithi073.stdout:/usr/bin/ceph: stderr
2024-04-26T23:36:06.784+0000 7f291e200700 1 -- 172.21.15.73:0/2548749672 shutdown_connections
2024-04-26T23:36:07.530 INFO:teuthology.orchestra.run.smithi073.stdout:/usr/bin/ceph: stderr
2024-04-26T23:36:06.784+0000 7f291e200700 1 -- 172.21.15.73:0/2548749672 wait complete.
2024-04-26T23:36:08.331 INFO:journalctl@ceph.mon.a.smithi073.stdout:Apr 26 23:36:08 smithi073 ceph-mon[27962]: from='client.14144 -' entity='client.admin' cmd=[{"prefix": "orch apply", "service_type": "mgr", "unmanaged": true, "target": ["mon-mgr", ""]}]: dispatch
2024-04-26T23:36:08.331 INFO:journalctl@ceph.mon.a.smithi073.stdout:Apr 26 23:36:08 smithi073 ceph-mon[27962]: Saving service mgr spec with placement count:2
2024-04-26T23:36:08.331 INFO:journalctl@ceph.mon.a.smithi073.stdout:Apr 26 23:36:08 smithi073 ceph-mon[27962]: from='mgr.14120 172.21.15.73:0/826216041' entity='mgr.x'
2024-04-26T23:36:09.196 INFO:teuthology.orchestra.run.smithi073.stdout:/usr/bin/ceph: stderr
2024-04-26T23:36:08.071+0000 7f67f0400700 1 Processor -- start
2024-04-26T23:36:09.197 INFO:teuthology.orchestra.run.smithi073.stdout:/usr/bin/ceph: stderr
2024-04-26T23:36:08.071+0000 7f67f0400700 1 -- start start
2024-04-26T23:36:09.197 INFO:teuthology.orchestra.run.smithi073.stdout:/usr/bin/ceph: stderr
2024-04-26T23:36:08.072+0000 7f67f0400700 1 --2- >> [v2:172.21.15.73:3300/0,v1:172.21.15.73:6789/0] conn(0x7f67e807f750 0x7f67e807dbb0 unknown :-1 s=NONE pgs=0 cs=0 l=0 rev1=0 crypto rx=0 tx=0 comp rx=0 tx=0).connect
2024-04-26T23:36:09.197 INFO:teuthology.orchestra.run.smithi073.stdout:/usr/bin/ceph: stderr
2024-04-26T23:36:08.072+0000 7f67f0400700 1 -- --> [v2:172.21.15.73:3300/0,v1:172.21.15.73:6789/0] -- mon_getmap magic: 0 -- 0x7f67e807e180 con 0x7f67e807f750
2024-04-26T23:36:09.197 INFO:teuthology.orchestra.run.smithi073.stdout:/usr/bin/ceph: stderr
2024-04-26T23:36:08.072+0000 7f67eda00700 1 --2- >> [v2:172.21.15.73:3300/0,v1:172.21.15.73:6789/0] conn(0x7f67e807f750 0x7f67e807dbb0 unknown :-1 s=BANNER_CONNECTING pgs=0 cs=0 l=0 rev1=0 crypto rx=0 tx=0 comp rx=0 tx=0)._handle_peer_banner_payload supported=3 required=0
2024-04-26T23:36:09.197 INFO:teuthology.orchestra.run.smithi073.stdout:/usr/bin/ceph: stderr
2024-04-26T23:36:08.072+0000 7f67eda00700 1 --2- >> [v2:172.21.15.73:3300/0,v1:172.21.15.73:6789/0] conn(0x7f67e807f750 0x7f67e807dbb0 unknown :-1 s=HELLO_CONNECTING pgs=0 cs=0 l=0 rev1=1 crypto rx=0 tx=0 comp rx=0 tx=0).handle_hello peer v2:172.21.15.73:3300/0 says I am v2:172.21.15.73:33322/0 (socket says 172.21.15.73:33322)
2024-04-26T23:36:09.197 INFO:teuthology.orchestra.run.smithi073.stdout:/usr/bin/ceph: stderr
2024-04-26T23:36:08.072+0000 7f67eda00700 1 -- 172.21.15.73:0/1661432038 learned_addr learned my addr 172.21.15.73:0/1661432038 (peer_addr_for_me v2:172.21.15.73:0/0)
2024-04-26T23:36:09.197 INFO:teuthology.orchestra.run.smithi073.stdout:/usr/bin/ceph: stderr
2024-04-26T23:36:08.073+0000 7f67eda00700 1 -- 172.21.15.73:0/1661432038 --> [v2:172.21.15.73:3300/0,v1:172.21.15.73:6789/0] -- mon_subscribe({config=0+,monmap=0+}) -- 0x7f67e807e300 con 0x7f67e807f750
2024-04-26T23:36:09.197 INFO:teuthology.orchestra.run.smithi073.stdout:/usr/bin/ceph: stderr
2024-04-26T23:36:08.073+0000 7f67eda00700 1 --2- 172.21.15.73:0/1661432038 >> [v2:172.21.15.73:3300/0,v1:172.21.15.73:6789/0] conn(0x7f67e807f750 0x7f67e807dbb0 secure :-1 s=READY pgs=51 cs=0 l=1 rev1=1 crypto rx=0x7f67dc0098a0 tx=0x7f67dc009bb0 comp rx=0 tx=0).ready entity=mon.0 client_cookie=87550bbe2399f548 server_cookie=0 in_seq=0 out_seq=0
2024-04-26T23:36:09.202 INFO:teuthology.orchestra.run.smithi073.stdout:/usr/bin/ceph: stderr
2024-04-26T23:36:08.073+0000 7f67e7e00700 1 -- 172.21.15.73:0/1661432038 <== mon.0 v2:172.21.15.73:3300/0 1 ==== mon_map magic: 0 ==== 205+0+0 (secure 0 0 0) 0x7f67dc004160 con 0x7f67e807f750
2024-04-26T23:36:09.202 INFO:teuthology.orchestra.run.smithi073.stdout:/usr/bin/ceph: stderr
2024-04-26T23:36:08.073+0000 7f67e7e00700 1 -- 172.21.15.73:0/1661432038 <== mon.0 v2:172.21.15.73:3300/0 2 ==== config(27 keys) ==== 1135+0+0 (secure 0 0 0) 0x7f67dc004300 con 0x7f67e807f750
2024-04-26T23:36:09.202 INFO:teuthology.orchestra.run.smithi073.stdout:/usr/bin/ceph: stderr
2024-04-26T23:36:08.073+0000 7f67e7e00700 1 -- 172.21.15.73:0/1661432038 <== mon.0 v2:172.21.15.73:3300/0 3 ==== mon_map magic: 0 ==== 205+0+0 (secure 0 0 0) 0x7f67dc011af0 con 0x7f67e807f750
2024-04-26T23:36:09.202 INFO:teuthology.orchestra.run.smithi073.stdout:/usr/bin/ceph: stderr
2024-04-26T23:36:08.074+0000 7f67f0400700 1 -- 172.21.15.73:0/1661432038 >> [v2:172.21.15.73:3300/0,v1:172.21.15.73:6789/0] conn(0x7f67e807f750 msgr2=0x7f67e807dbb0 secure :-1 s=STATE_CONNECTION_ESTABLISHED l=1).mark_down
2024-04-26T23:36:09.202 INFO:teuthology.orchestra.run.smithi073.stdout:/usr/bin/ceph: stderr
2024-04-26T23:36:08.074+0000 7f67f0400700 1 --2- 172.21.15.73:0/1661432038 >> [v2:172.21.15.73:3300/0,v1:172.21.15.73:6789/0] conn(0x7f67e807f750 0x7f67e807dbb0 secure :-1 s=READY pgs=51 cs=0 l=1 rev1=1 crypto rx=0x7f67dc0098a0 tx=0x7f67dc009bb0 comp rx=0 tx=0).stop
2024-04-26T23:36:09.203 INFO:teuthology.orchestra.run.smithi073.stdout:/usr/bin/ceph: stderr
2024-04-26T23:36:08.074+0000 7f67f0400700 1 -- 172.21.15.73:0/1661432038 shutdown_connections
2024-04-26T23:36:09.203 INFO:teuthology.orchestra.run.smithi073.stdout:/usr/bin/ceph: stderr
2024-04-26T23:36:08.074+0000 7f67f0400700 1 --2- 172.21.15.73:0/1661432038 >> [v2:172.21.15.73:3300/0,v1:172.21.15.73:6789/0] conn(0x7f67e807f750 0x7f67e807dbb0 unknown :-1 s=CLOSED pgs=51 cs=0 l=1 rev1=1 crypto rx=0 tx=0 comp rx=0 tx=0).stop
2024-04-26T23:36:09.203 INFO:teuthology.orchestra.run.smithi073.stdout:/usr/bin/ceph: stderr
2024-04-26T23:36:08.074+0000 7f67f0400700 1 -- 172.21.15.73:0/1661432038 >> 172.21.15.73:0/1661432038 conn(0x7f67e8104360 msgr2=0x7f67e8106780 unknown :-1 s=STATE_NONE l=0).mark_down
2024-04-26T23:36:09.203 INFO:teuthology.orchestra.run.smithi073.stdout:/usr/bin/ceph: stderr
2024-04-26T23:36:08.075+0000 7f67f0400700 1 -- 172.21.15.73:0/1661432038 shutdown_connections
2024-04-26T23:36:09.203 INFO:teuthology.orchestra.run.smithi073.stdout:/usr/bin/ceph: stderr
2024-04-26T23:36:08.075+0000 7f67f0400700 1 -- 172.21.15.73:0/1661432038 wait complete.
2024-04-26T23:36:09.203 INFO:teuthology.orchestra.run.smithi073.stdout:/usr/bin/ceph: stderr
2024-04-26T23:36:08.076+0000 7f67f0400700 1 Processor -- start
2024-04-26T23:36:09.203 INFO:teuthology.orchestra.run.smithi073.stdout:/usr/bin/ceph: stderr
2024-04-26T23:36:08.076+0000 7f67f0400700 1 -- start start
2024-04-26T23:36:09.203 INFO:teuthology.orchestra.run.smithi073.stdout:/usr/bin/ceph: stderr
2024-04-26T23:36:08.076+0000 7f67f0400700 1 --2- >> [v2:172.21.15.73:3300/0,v1:172.21.15.73:6789/0] conn(0x7f67e807f750 0x7f67e819ef10 unknown :-1 s=NONE pgs=0 cs=0 l=1 rev1=0 crypto rx=0 tx=0 comp rx=0 tx=0).connect
2024-04-26T23:36:09.203 INFO:teuthology.orchestra.run.smithi073.stdout:/usr/bin/ceph: stderr
2024-04-26T23:36:08.076+0000 7f67f0400700 1 -- --> [v2:172.21.15.73:3300/0,v1:172.21.15.73:6789/0] -- mon_getmap magic: 0 -- 0x7f67e810f3c0 con 0x7f67e807f750
2024-04-26T23:36:09.203 INFO:teuthology.orchestra.run.smithi073.stdout:/usr/bin/ceph: stderr
2024-04-26T23:36:08.076+0000 7f67eda00700 1 --2- >> [v2:172.21.15.73:3300/0,v1:172.21.15.73:6789/0] conn(0x7f67e807f750 0x7f67e819ef10 unknown :-1 s=BANNER_CONNECTING pgs=0 cs=0 l=1 rev1=0 crypto rx=0 tx=0 comp rx=0 tx=0)._handle_peer_banner_payload supported=3 required=0
2024-04-26T23:36:09.203 INFO:teuthology.orchestra.run.smithi073.stdout:/usr/bin/ceph: stderr
2024-04-26T23:36:08.076+0000 7f67eda00700 1 --2- >> [v2:172.21.15.73:3300/0,v1:172.21.15.73:6789/0] conn(0x7f67e807f750 0x7f67e819ef10 unknown :-1 s=HELLO_CONNECTING pgs=0 cs=0 l=1 rev1=1 crypto rx=0 tx=0 comp rx=0 tx=0).handle_hello peer v2:172.21.15.73:3300/0 says I am v2:172.21.15.73:33336/0 (socket says 172.21.15.73:33336)
2024-04-26T23:36:09.203 INFO:teuthology.orchestra.run.smithi073.stdout:/usr/bin/ceph: stderr
2024-04-26T23:36:08.076+0000 7f67eda00700 1 -- 172.21.15.73:0/1813568746 learned_addr learned my addr 172.21.15.73:0/1813568746 (peer_addr_for_me v2:172.21.15.73:0/0)
2024-04-26T23:36:09.203 INFO:teuthology.orchestra.run.smithi073.stdout:/usr/bin/ceph: stderr
2024-04-26T23:36:08.077+0000 7f67eda00700 1 -- 172.21.15.73:0/1813568746 --> [v2:172.21.15.73:3300/0,v1:172.21.15.73:6789/0] -- mon_subscribe({config=0+,monmap=0+}) -- 0x7f67e819f450 con 0x7f67e807f750
2024-04-26T23:36:09.203 INFO:teuthology.orchestra.run.smithi073.stdout:/usr/bin/ceph: stderr
2024-04-26T23:36:08.077+0000 7f67eda00700 1 --2- 172.21.15.73:0/1813568746 >> [v2:172.21.15.73:3300/0,v1:172.21.15.73:6789/0] conn(0x7f67e807f750 0x7f67e819ef10 secure :-1 s=READY pgs=52 cs=0 l=1 rev1=1 crypto rx=0x7f67dc009520 tx=0x7f67dc0045f0 comp rx=0 tx=0).ready entity=mon.0 client_cookie=0 server_cookie=0 in_seq=0 out_seq=0
2024-04-26T23:36:09.203 INFO:teuthology.orchestra.run.smithi073.stdout:/usr/bin/ceph: stderr
2024-04-26T23:36:08.077+0000 7f67e6000700 1 -- 172.21.15.73:0/1813568746 <== mon.0 v2:172.21.15.73:3300/0 1 ==== mon_map magic: 0 ==== 205+0+0 (secure 0 0 0) 0x7f67dc0036a0 con 0x7f67e807f750
2024-04-26T23:36:09.204 INFO:teuthology.orchestra.run.smithi073.stdout:/usr/bin/ceph: stderr
2024-04-26T23:36:08.077+0000 7f67e6000700 1 -- 172.21.15.73:0/1813568746 <== mon.0 v2:172.21.15.73:3300/0 2 ==== config(27 keys) ==== 1135+0+0 (secure 0 0 0) 0x7f67dc01a430 con 0x7f67e807f750
2024-04-26T23:36:09.204 INFO:teuthology.orchestra.run.smithi073.stdout:/usr/bin/ceph: stderr
2024-04-26T23:36:08.078+0000 7f67e6000700 1 -- 172.21.15.73:0/1813568746 <== mon.0 v2:172.21.15.73:3300/0 3 ==== mon_map magic: 0 ==== 205+0+0 (secure 0 0 0) 0x7f67dc019550 con 0x7f67e807f750
2024-04-26T23:36:09.204 INFO:teuthology.orchestra.run.smithi073.stdout:/usr/bin/ceph: stderr
2024-04-26T23:36:08.078+0000 7f67f0400700 1 -- 172.21.15.73:0/1813568746 --> [v2:172.21.15.73:3300/0,v1:172.21.15.73:6789/0] -- mon_subscribe({mgrmap=0+}) -- 0x7f67e819f6e0 con 0x7f67e807f750
2024-04-26T23:36:09.204 INFO:teuthology.orchestra.run.smithi073.stdout:/usr/bin/ceph: stderr
2024-04-26T23:36:08.079+0000 7f67f0400700 1 -- 172.21.15.73:0/1813568746 --> [v2:172.21.15.73:3300/0,v1:172.21.15.73:6789/0] -- mon_subscribe({osdmap=0}) -- 0x7f67e81a23d0 con 0x7f67e807f750
2024-04-26T23:36:09.204 INFO:teuthology.orchestra.run.smithi073.stdout:/usr/bin/ceph: stderr
2024-04-26T23:36:08.080+0000 7f67e6000700 1 -- 172.21.15.73:0/1813568746 <== mon.0 v2:172.21.15.73:3300/0 4 ==== mgrmap(e 8) ==== 46558+0+0 (secure 0 0 0) 0x7f67dc01a5e0 con 0x7f67e807f750
2024-04-26T23:36:09.204 INFO:teuthology.orchestra.run.smithi073.stdout:/usr/bin/ceph: stderr
2024-04-26T23:36:08.080+0000 7f67f0400700 1 -- 172.21.15.73:0/1813568746 --> [v2:172.21.15.73:3300/0,v1:172.21.15.73:6789/0] -- mon_command({"prefix": "get_command_descriptions"} v 0) -- 0x7f67e8064a80 con 0x7f67e807f750
2024-04-26T23:36:09.204 INFO:teuthology.orchestra.run.smithi073.stdout:/usr/bin/ceph: stderr
2024-04-26T23:36:08.080+0000 7f67e6000700 1 --2- 172.21.15.73:0/1813568746 >> [v2:172.21.15.73:6800/2890544076,v1:172.21.15.73:6801/2890544076] conn(0x7f67d00395b0 0x7f67d003ba70 unknown :-1 s=NONE pgs=0 cs=0 l=1 rev1=0 crypto rx=0 tx=0 comp rx=0 tx=0).connect
2024-04-26T23:36:09.204 INFO:teuthology.orchestra.run.smithi073.stdout:/usr/bin/ceph: stderr
2024-04-26T23:36:08.080+0000 7f67e6000700 1 -- 172.21.15.73:0/1813568746 <== mon.0 v2:172.21.15.73:3300/0 5 ==== osd_map(2..2 src has 1..2) ==== 940+0+0 (secure 0 0 0) 0x7f67dc04d8e0 con 0x7f67e807f750
2024-04-26T23:36:09.204 INFO:teuthology.orchestra.run.smithi073.stdout:/usr/bin/ceph: stderr
2024-04-26T23:36:08.081+0000 7f67ed000700 1 --2- 172.21.15.73:0/1813568746 >> [v2:172.21.15.73:6800/2890544076,v1:172.21.15.73:6801/2890544076] conn(0x7f67d00395b0 0x7f67d003ba70 unknown :-1 s=BANNER_CONNECTING pgs=0 cs=0 l=1 rev1=0 crypto rx=0 tx=0 comp rx=0 tx=0)._handle_peer_banner_payload supported=3 required=0
2024-04-26T23:36:09.204 INFO:teuthology.orchestra.run.smithi073.stdout:/usr/bin/ceph: stderr
2024-04-26T23:36:08.081+0000 7f67ed000700 1 --2- 172.21.15.73:0/1813568746 >> [v2:172.21.15.73:6800/2890544076,v1:172.21.15.73:6801/2890544076] conn(0x7f67d00395b0 0x7f67d003ba70 secure :-1 s=READY pgs=14 cs=0 l=1 rev1=1 crypto rx=0x7f67d4006fd0 tx=0x7f67d4006e40 comp rx=0 tx=0).ready entity=mgr.14120 client_cookie=0 server_cookie=0 in_seq=0 out_seq=0
2024-04-26T23:36:09.204 INFO:teuthology.orchestra.run.smithi073.stdout:/usr/bin/ceph: stderr
2024-04-26T23:36:08.091+0000 7f67e6000700 1 -- 172.21.15.73:0/1813568746 <== mon.0 v2:172.21.15.73:3300/0 6 ==== mon_command_ack([{"prefix": "get_command_descriptions"}]=0 v0) ==== 72+0+188494 (secure 0 0 0) 0x7f67dc01a9b0 con 0x7f67e807f750
2024-04-26T23:36:09.204 INFO:teuthology.orchestra.run.smithi073.stdout:/usr/bin/ceph: stderr
2024-04-26T23:36:08.321+0000 7f67f0400700 1 -- 172.21.15.73:0/1813568746 --> [v2:172.21.15.73:3300/0,v1:172.21.15.73:6789/0] -- mon_command([{prefix=config set, name=mgr/cephadm/container_init}] v 0) -- 0x7f67e81a2980 con 0x7f67e807f750
2024-04-26T23:36:09.204 INFO:teuthology.orchestra.run.smithi073.stdout:/usr/bin/ceph: stderr
2024-04-26T23:36:08.326+0000 7f67e6000700 1 -- 172.21.15.73:0/1813568746 <== mon.0 v2:172.21.15.73:3300/0 7 ==== mon_command_ack([{prefix=config set, name=mgr/cephadm/container_init}]=0 v7)=0 v7) ==== 142+0+0 (secure 0 0 0) 0x7f67dc0197c0 con 0x7f67e807f750
2024-04-26T23:36:09.204 INFO:teuthology.orchestra.run.smithi073.stdout:/usr/bin/ceph: stderr
2024-04-26T23:36:08.330+0000 7f67f0400700 1 -- 172.21.15.73:0/1813568746 >> [v2:172.21.15.73:6800/2890544076,v1:172.21.15.73:6801/2890544076] conn(0x7f67d00395b0 msgr2=0x7f67d003ba70 secure :-1 s=STATE_CONNECTION_ESTABLISHED l=1).mark_down
2024-04-26T23:36:09.204 INFO:teuthology.orchestra.run.smithi073.stdout:/usr/bin/ceph: stderr
2024-04-26T23:36:08.330+0000 7f67f0400700 1 --2- 172.21.15.73:0/1813568746 >> [v2:172.21.15.73:6800/2890544076,v1:172.21.15.73:6801/2890544076] conn(0x7f67d00395b0 0x7f67d003ba70 secure :-1 s=READY pgs=14 cs=0 l=1 rev1=1 crypto rx=0x7f67d4006fd0 tx=0x7f67d4006e40 comp rx=0 tx=0).stop
2024-04-26T23:36:09.205 INFO:teuthology.orchestra.run.smithi073.stdout:/usr/bin/ceph: stderr
2024-04-26T23:36:08.330+0000 7f67f0400700 1 -- 172.21.15.73:0/1813568746 >> [v2:172.21.15.73:3300/0,v1:172.21.15.73:6789/0] conn(0x7f67e807f750 msgr2=0x7f67e819ef10 secure :-1 s=STATE_CONNECTION_ESTABLISHED l=1).mark_down
2024-04-26T23:36:09.205 INFO:teuthology.orchestra.run.smithi073.stdout:/usr/bin/ceph: stderr
2024-04-26T23:36:08.330+0000 7f67f0400700 1 --2- 172.21.15.73:0/1813568746 >> [v2:172.21.15.73:3300/0,v1:172.21.15.73:6789/0] conn(0x7f67e807f750 0x7f67e819ef10 secure :-1 s=READY pgs=52 cs=0 l=1 rev1=1 crypto rx=0x7f67dc009520 tx=0x7f67dc0045f0 comp rx=0 tx=0).stop
2024-04-26T23:36:09.205 INFO:teuthology.orchestra.run.smithi073.stdout:/usr/bin/ceph: stderr
2024-04-26T23:36:08.330+0000 7f67f0400700 1 -- 172.21.15.73:0/1813568746 shutdown_connections
2024-04-26T23:36:09.205 INFO:teuthology.orchestra.run.smithi073.stdout:/usr/bin/ceph: stderr
2024-04-26T23:36:08.330+0000 7f67f0400700 1 --2- 172.21.15.73:0/1813568746 >> [v2:172.21.15.73:6800/2890544076,v1:172.21.15.73:6801/2890544076] conn(0x7f67d00395b0 0x7f67d003ba70 unknown :-1 s=CLOSED pgs=14 cs=0 l=1 rev1=1 crypto rx=0 tx=0 comp rx=0 tx=0).stop
2024-04-26T23:36:09.205 INFO:teuthology.orchestra.run.smithi073.stdout:/usr/bin/ceph: stderr
2024-04-26T23:36:08.330+0000 7f67f0400700 1 --2- 172.21.15.73:0/1813568746 >> [v2:172.21.15.73:3300/0,v1:172.21.15.73:6789/0] conn(0x7f67e807f750 0x7f67e819ef10 unknown :-1 s=CLOSED pgs=52 cs=0 l=1 rev1=1 crypto rx=0 tx=0 comp rx=0 tx=0).stop
2024-04-26T23:36:09.205 INFO:teuthology.orchestra.run.smithi073.stdout:/usr/bin/ceph: stderr
2024-04-26T23:36:08.330+0000 7f67f0400700 1 -- 172.21.15.73:0/1813568746 >> 172.21.15.73:0/1813568746 conn(0x7f67e8104360 msgr2=0x7f67e8104df0 unknown :-1 s=STATE_NONE l=0).mark_down
2024-04-26T23:36:09.205 INFO:teuthology.orchestra.run.smithi073.stdout:/usr/bin/ceph: stderr
2024-04-26T23:36:08.330+0000 7f67f0400700 1 -- 172.21.15.73:0/1813568746 shutdown_connections
2024-04-26T23:36:09.205 INFO:teuthology.orchestra.run.smithi073.stdout:/usr/bin/ceph: stderr
2024-04-26T23:36:08.331+0000 7f67f0400700 1 -- 172.21.15.73:0/1813568746 wait complete.
2024-04-26T23:36:09.532 INFO:journalctl@ceph.mon.a.smithi073.stdout:Apr 26 23:36:09 smithi073 ceph-mon[27962]: pgmap v3: 0 pgs: ; 0 B data, 0 B used, 0 B / 0 B avail
2024-04-26T23:36:09.532 INFO:journalctl@ceph.mon.a.smithi073.stdout:Apr 26 23:36:09 smithi073 ceph-mon[27962]: from='client.? 172.21.15.73:0/1813568746' entity='client.admin'
2024-04-26T23:36:11.032 INFO:journalctl@ceph.mon.a.smithi073.stdout:Apr 26 23:36:10 smithi073 ceph-mon[27962]: from='mgr.14120 172.21.15.73:0/826216041' entity='mgr.x'
2024-04-26T23:36:11.032 INFO:journalctl@ceph.mon.a.smithi073.stdout:Apr 26 23:36:10 smithi073 ceph-mon[27962]: pgmap v4: 0 pgs: ; 0 B data, 0 B used, 0 B / 0 B avail
2024-04-26T23:36:11.032 INFO:journalctl@ceph.mon.a.smithi073.stdout:Apr 26 23:36:10 smithi073 ceph-mon[27962]: from='client.? 172.21.15.73:0/3018739326' entity='client.admin'
2024-04-26T23:36:11.100 INFO:teuthology.orchestra.run.smithi073.stdout:/usr/bin/ceph: stderr
2024-04-26T23:36:10.138+0000 7fc6bca00700 1 Processor -- start
2024-04-26T23:36:11.101 INFO:teuthology.orchestra.run.smithi073.stdout:/usr/bin/ceph: stderr
2024-04-26T23:36:10.138+0000 7fc6bca00700 1 -- start start
2024-04-26T23:36:11.101 INFO:teuthology.orchestra.run.smithi073.stdout:/usr/bin/ceph: stderr
2024-04-26T23:36:10.139+0000 7fc6bca00700 1 --2- >> [v2:172.21.15.73:3300/0,v1:172.21.15.73:6789/0] conn(0x7fc6b807f770 0x7fc6b807dbd0 unknown :-1 s=NONE pgs=0 cs=0 l=0 rev1=0 crypto rx=0 tx=0 comp rx=0 tx=0).connect
2024-04-26T23:36:11.101 INFO:teuthology.orchestra.run.smithi073.stdout:/usr/bin/ceph: stderr
2024-04-26T23:36:10.139+0000 7fc6bca00700 1 -- --> [v2:172.21.15.73:3300/0,v1:172.21.15.73:6789/0] -- mon_getmap magic: 0 -- 0x7fc6b807e1a0 con 0x7fc6b807f770
2024-04-26T23:36:11.101 INFO:teuthology.orchestra.run.smithi073.stdout:/usr/bin/ceph: stderr
2024-04-26T23:36:10.139+0000 7fc6b5e00700 1 --2- >> [v2:172.21.15.73:3300/0,v1:172.21.15.73:6789/0] conn(0x7fc6b807f770 0x7fc6b807dbd0 unknown :-1 s=BANNER_CONNECTING pgs=0 cs=0 l=0 rev1=0 crypto rx=0 tx=0 comp rx=0 tx=0)._handle_peer_banner_payload supported=3 required=0
2024-04-26T23:36:11.101 INFO:teuthology.orchestra.run.smithi073.stdout:/usr/bin/ceph: stderr
2024-04-26T23:36:10.139+0000 7fc6b5e00700 1 --2- >> [v2:172.21.15.73:3300/0,v1:172.21.15.73:6789/0] conn(0x7fc6b807f770 0x7fc6b807dbd0 unknown :-1 s=HELLO_CONNECTING pgs=0 cs=0 l=0 rev1=1 crypto rx=0 tx=0 comp rx=0 tx=0).handle_hello peer v2:172.21.15.73:3300/0 says I am v2:172.21.15.73:33350/0 (socket says 172.21.15.73:33350)
2024-04-26T23:36:11.101 INFO:teuthology.orchestra.run.smithi073.stdout:/usr/bin/ceph: stderr
2024-04-26T23:36:10.139+0000 7fc6b5e00700 1 -- 172.21.15.73:0/899034415 learned_addr learned my addr 172.21.15.73:0/899034415 (peer_addr_for_me v2:172.21.15.73:0/0)
2024-04-26T23:36:11.101 INFO:teuthology.orchestra.run.smithi073.stdout:/usr/bin/ceph: stderr
2024-04-26T23:36:10.139+0000 7fc6b5e00700 1 -- 172.21.15.73:0/899034415 --> [v2:172.21.15.73:3300/0,v1:172.21.15.73:6789/0] -- mon_subscribe({config=0+,monmap=0+}) -- 0x7fc6b807e320 con 0x7fc6b807f770
2024-04-26T23:36:11.101 INFO:teuthology.orchestra.run.smithi073.stdout:/usr/bin/ceph: stderr
2024-04-26T23:36:10.140+0000 7fc6b5e00700 1 --2- 172.21.15.73:0/899034415 >> [v2:172.21.15.73:3300/0,v1:172.21.15.73:6789/0] conn(0x7fc6b807f770 0x7fc6b807dbd0 secure :-1 s=READY pgs=53 cs=0 l=1 rev1=1 crypto rx=0x7fc6a80098a0 tx=0x7fc6a8009bb0 comp rx=0 tx=0).ready entity=mon.0 client_cookie=62491f0fd409960a server_cookie=0 in_seq=0 out_seq=0
2024-04-26T23:36:11.101 INFO:teuthology.orchestra.run.smithi073.stdout:/usr/bin/ceph: stderr
2024-04-26T23:36:10.140+0000 7fc6b4a00700 1 -- 172.21.15.73:0/899034415 <== mon.0 v2:172.21.15.73:3300/0 1 ==== mon_map magic: 0 ==== 205+0+0 (secure 0 0 0) 0x7fc6a8004160 con 0x7fc6b807f770
2024-04-26T23:36:11.101 INFO:teuthology.orchestra.run.smithi073.stdout:/usr/bin/ceph: stderr
2024-04-26T23:36:10.140+0000 7fc6b4a00700 1 -- 172.21.15.73:0/899034415 <== mon.0 v2:172.21.15.73:3300/0 2 ==== config(27 keys) ==== 1135+0+0 (secure 0 0 0) 0x7fc6a8004300 con 0x7fc6b807f770
2024-04-26T23:36:11.101 INFO:teuthology.orchestra.run.smithi073.stdout:/usr/bin/ceph: stderr
2024-04-26T23:36:10.140+0000 7fc6b4a00700 1 -- 172.21.15.73:0/899034415 <== mon.0 v2:172.21.15.73:3300/0 3 ==== mon_map magic: 0 ==== 205+0+0 (secure 0 0 0) 0x7fc6a8011af0 con 0x7fc6b807f770
2024-04-26T23:36:11.101 INFO:teuthology.orchestra.run.smithi073.stdout:/usr/bin/ceph: stderr
2024-04-26T23:36:10.141+0000 7fc6bca00700 1 -- 172.21.15.73:0/899034415 >> [v2:172.21.15.73:3300/0,v1:172.21.15.73:6789/0] conn(0x7fc6b807f770 msgr2=0x7fc6b807dbd0 secure :-1 s=STATE_CONNECTION_ESTABLISHED l=1).mark_down
2024-04-26T23:36:11.107 INFO:teuthology.orchestra.run.smithi073.stdout:/usr/bin/ceph: stderr
2024-04-26T23:36:10.141+0000 7fc6bca00700 1 --2- 172.21.15.73:0/899034415 >> [v2:172.21.15.73:3300/0,v1:172.21.15.73:6789/0] conn(0x7fc6b807f770 0x7fc6b807dbd0 secure :-1 s=READY pgs=53 cs=0 l=1 rev1=1 crypto rx=0x7fc6a80098a0 tx=0x7fc6a8009bb0 comp rx=0 tx=0).stop
2024-04-26T23:36:11.107 INFO:teuthology.orchestra.run.smithi073.stdout:/usr/bin/ceph: stderr
2024-04-26T23:36:10.141+0000 7fc6bca00700 1 -- 172.21.15.73:0/899034415 shutdown_connections
2024-04-26T23:36:11.107 INFO:teuthology.orchestra.run.smithi073.stdout:/usr/bin/ceph: stderr
2024-04-26T23:36:10.141+0000 7fc6bca00700 1 --2- 172.21.15.73:0/899034415 >> [v2:172.21.15.73:3300/0,v1:172.21.15.73:6789/0] conn(0x7fc6b807f770 0x7fc6b807dbd0 unknown :-1 s=CLOSED pgs=53 cs=0 l=1 rev1=1 crypto rx=0 tx=0 comp rx=0 tx=0).stop
2024-04-26T23:36:11.108 INFO:teuthology.orchestra.run.smithi073.stdout:/usr/bin/ceph: stderr
2024-04-26T23:36:10.141+0000 7fc6bca00700 1 -- 172.21.15.73:0/899034415 >> 172.21.15.73:0/899034415 conn(0x7fc6b81043c0 msgr2=0x7fc6b8106800 unknown :-1 s=STATE_NONE l=0).mark_down
2024-04-26T23:36:11.108 INFO:teuthology.orchestra.run.smithi073.stdout:/usr/bin/ceph: stderr
2024-04-26T23:36:10.141+0000 7fc6bca00700 1 -- 172.21.15.73:0/899034415 shutdown_connections
2024-04-26T23:36:11.108 INFO:teuthology.orchestra.run.smithi073.stdout:/usr/bin/ceph: stderr
2024-04-26T23:36:10.141+0000 7fc6bca00700 1 -- 172.21.15.73:0/899034415 wait complete.
2024-04-26T23:36:11.108 INFO:teuthology.orchestra.run.smithi073.stdout:/usr/bin/ceph: stderr
2024-04-26T23:36:10.143+0000 7fc6bca00700 1 Processor -- start
2024-04-26T23:36:11.108 INFO:teuthology.orchestra.run.smithi073.stdout:/usr/bin/ceph: stderr
2024-04-26T23:36:10.143+0000 7fc6bca00700 1 -- start start
2024-04-26T23:36:11.108 INFO:teuthology.orchestra.run.smithi073.stdout:/usr/bin/ceph: stderr
2024-04-26T23:36:10.143+0000 7fc6bca00700 1 --2- >> [v2:172.21.15.73:3300/0,v1:172.21.15.73:6789/0] conn(0x7fc6b807f770 0x7fc6b819ef50 unknown :-1 s=NONE pgs=0 cs=0 l=1 rev1=0 crypto rx=0 tx=0 comp rx=0 tx=0).connect
2024-04-26T23:36:11.108 INFO:teuthology.orchestra.run.smithi073.stdout:/usr/bin/ceph: stderr
2024-04-26T23:36:10.143+0000 7fc6bca00700 1 -- --> [v2:172.21.15.73:3300/0,v1:172.21.15.73:6789/0] -- mon_getmap magic: 0 -- 0x7fc6b810f490 con 0x7fc6b807f770
2024-04-26T23:36:11.108 INFO:teuthology.orchestra.run.smithi073.stdout:/usr/bin/ceph: stderr
2024-04-26T23:36:10.144+0000 7fc6b5e00700 1 --2- >> [v2:172.21.15.73:3300/0,v1:172.21.15.73:6789/0] conn(0x7fc6b807f770 0x7fc6b819ef50 unknown :-1 s=BANNER_CONNECTING pgs=0 cs=0 l=1 rev1=0 crypto rx=0 tx=0 comp rx=0 tx=0)._handle_peer_banner_payload supported=3 required=0
2024-04-26T23:36:11.108 INFO:teuthology.orchestra.run.smithi073.stdout:/usr/bin/ceph: stderr
2024-04-26T23:36:10.144+0000 7fc6b5e00700 1 --2- >> [v2:172.21.15.73:3300/0,v1:172.21.15.73:6789/0] conn(0x7fc6b807f770 0x7fc6b819ef50 unknown :-1 s=HELLO_CONNECTING pgs=0 cs=0 l=1 rev1=1 crypto rx=0 tx=0 comp rx=0 tx=0).handle_hello peer v2:172.21.15.73:3300/0 says I am v2:172.21.15.73:33366/0 (socket says 172.21.15.73:33366)
2024-04-26T23:36:11.108 INFO:teuthology.orchestra.run.smithi073.stdout:/usr/bin/ceph: stderr
2024-04-26T23:36:10.144+0000 7fc6b5e00700 1 -- 172.21.15.73:0/3018739326 learned_addr learned my addr 172.21.15.73:0/3018739326 (peer_addr_for_me v2:172.21.15.73:0/0)
2024-04-26T23:36:11.108 INFO:teuthology.orchestra.run.smithi073.stdout:/usr/bin/ceph: stderr
2024-04-26T23:36:10.144+0000 7fc6b5e00700 1 -- 172.21.15.73:0/3018739326 --> [v2:172.21.15.73:3300/0,v1:172.21.15.73:6789/0] -- mon_subscribe({config=0+,monmap=0+}) -- 0x7fc6b819f490 con 0x7fc6b807f770
2024-04-26T23:36:11.108 INFO:teuthology.orchestra.run.smithi073.stdout:/usr/bin/ceph: stderr
2024-04-26T23:36:10.144+0000 7fc6b5e00700 1 --2- 172.21.15.73:0/3018739326 >> [v2:172.21.15.73:3300/0,v1:172.21.15.73:6789/0] conn(0x7fc6b807f770 0x7fc6b819ef50 secure :-1 s=READY pgs=54 cs=0 l=1 rev1=1 crypto rx=0x7fc6a8006af0 tx=0x7fc6a8004520 comp rx=0 tx=0).ready entity=mon.0 client_cookie=0 server_cookie=0 in_seq=0 out_seq=0
2024-04-26T23:36:11.108 INFO:teuthology.orchestra.run.smithi073.stdout:/usr/bin/ceph: stderr
2024-04-26T23:36:10.145+0000 7fc6aea00700 1 -- 172.21.15.73:0/3018739326 <== mon.0 v2:172.21.15.73:3300/0 1 ==== mon_map magic: 0 ==== 205+0+0 (secure 0 0 0) 0x7fc6a80036a0 con 0x7fc6b807f770
2024-04-26T23:36:11.108 INFO:teuthology.orchestra.run.smithi073.stdout:/usr/bin/ceph: stderr
2024-04-26T23:36:10.145+0000 7fc6aea00700 1 -- 172.21.15.73:0/3018739326 <== mon.0 v2:172.21.15.73:3300/0 2 ==== config(27 keys) ==== 1135+0+0 (secure 0 0 0) 0x7fc6a801a430 con 0x7fc6b807f770
2024-04-26T23:36:11.108 INFO:teuthology.orchestra.run.smithi073.stdout:/usr/bin/ceph: stderr
2024-04-26T23:36:10.145+0000 7fc6aea00700 1 -- 172.21.15.73:0/3018739326 <== mon.0 v2:172.21.15.73:3300/0 3 ==== mon_map magic: 0 ==== 205+0+0 (secure 0 0 0) 0x7fc6a8019550 con 0x7fc6b807f770
2024-04-26T23:36:11.109 INFO:teuthology.orchestra.run.smithi073.stdout:/usr/bin/ceph: stderr
2024-04-26T23:36:10.145+0000 7fc6bca00700 1 -- 172.21.15.73:0/3018739326 --> [v2:172.21.15.73:3300/0,v1:172.21.15.73:6789/0] -- mon_subscribe({mgrmap=0+}) -- 0x7fc6b819f720 con 0x7fc6b807f770
2024-04-26T23:36:11.109 INFO:teuthology.orchestra.run.smithi073.stdout:/usr/bin/ceph: stderr
2024-04-26T23:36:10.145+0000 7fc6bca00700 1 -- 172.21.15.73:0/3018739326 --> [v2:172.21.15.73:3300/0,v1:172.21.15.73:6789/0] -- mon_subscribe({osdmap=0}) -- 0x7fc6b81a2410 con 0x7fc6b807f770
2024-04-26T23:36:11.109 INFO:teuthology.orchestra.run.smithi073.stdout:/usr/bin/ceph: stderr
2024-04-26T23:36:10.146+0000 7fc6aea00700 1 -- 172.21.15.73:0/3018739326 <== mon.0 v2:172.21.15.73:3300/0 4 ==== mgrmap(e 8) ==== 46558+0+0 (secure 0 0 0) 0x7fc6a8022020 con 0x7fc6b807f770
2024-04-26T23:36:11.109 INFO:teuthology.orchestra.run.smithi073.stdout:/usr/bin/ceph: stderr
2024-04-26T23:36:10.146+0000 7fc6bca00700 1 -- 172.21.15.73:0/3018739326 --> [v2:172.21.15.73:3300/0,v1:172.21.15.73:6789/0] -- mon_command({"prefix": "get_command_descriptions"} v 0) -- 0x7fc6b8064a80 con 0x7fc6b807f770
2024-04-26T23:36:11.109 INFO:teuthology.orchestra.run.smithi073.stdout:/usr/bin/ceph: stderr
2024-04-26T23:36:10.147+0000 7fc6aea00700 1 --2- 172.21.15.73:0/3018739326 >> [v2:172.21.15.73:6800/2890544076,v1:172.21.15.73:6801/2890544076] conn(0x7fc69c039560 0x7fc69c03ba20 unknown :-1 s=NONE pgs=0 cs=0 l=1 rev1=0 crypto rx=0 tx=0 comp rx=0 tx=0).connect
2024-04-26T23:36:11.109 INFO:teuthology.orchestra.run.smithi073.stdout:/usr/bin/ceph: stderr
2024-04-26T23:36:10.147+0000 7fc6aea00700 1 -- 172.21.15.73:0/3018739326 <== mon.0 v2:172.21.15.73:3300/0 5 ==== osd_map(2..2 src has 1..2) ==== 940+0+0 (secure 0 0 0) 0x7fc6a804d530 con 0x7fc6b807f770
2024-04-26T23:36:11.109 INFO:teuthology.orchestra.run.smithi073.stdout:/usr/bin/ceph: stderr
2024-04-26T23:36:10.147+0000 7fc6b5400700 1 --2- 172.21.15.73:0/3018739326 >> [v2:172.21.15.73:6800/2890544076,v1:172.21.15.73:6801/2890544076] conn(0x7fc69c039560 0x7fc69c03ba20 unknown :-1 s=BANNER_CONNECTING pgs=0 cs=0 l=1 rev1=0 crypto rx=0 tx=0 comp rx=0 tx=0)._handle_peer_banner_payload supported=3 required=0
2024-04-26T23:36:11.109 INFO:teuthology.orchestra.run.smithi073.stdout:/usr/bin/ceph: stderr
2024-04-26T23:36:10.148+0000 7fc6b5400700 1 --2- 172.21.15.73:0/3018739326 >> [v2:172.21.15.73:6800/2890544076,v1:172.21.15.73:6801/2890544076] conn(0x7fc69c039560 0x7fc69c03ba20 secure :-1 s=READY pgs=15 cs=0 l=1 rev1=1 crypto rx=0x7fc6a4006fd0 tx=0x7fc6a4006e40 comp rx=0 tx=0).ready entity=mgr.14120 client_cookie=0 server_cookie=0 in_seq=0 out_seq=0
2024-04-26T23:36:11.109 INFO:teuthology.orchestra.run.smithi073.stdout:/usr/bin/ceph: stderr
2024-04-26T23:36:10.156+0000 7fc6aea00700 1 -- 172.21.15.73:0/3018739326 <== mon.0 v2:172.21.15.73:3300/0 6 ==== mon_command_ack([{"prefix": "get_command_descriptions"}]=0 v0) ==== 72+0+188494 (secure 0 0 0) 0x7fc6a800f2e0 con 0x7fc6b807f770
2024-04-26T23:36:11.109 INFO:teuthology.orchestra.run.smithi073.stdout:/usr/bin/ceph: stderr
2024-04-26T23:36:10.381+0000 7fc6bca00700 1 -- 172.21.15.73:0/3018739326 --> [v2:172.21.15.73:3300/0,v1:172.21.15.73:6789/0] -- mon_command([{prefix=config set, name=mgr/dashboard/ssl_server_port}] v 0) -- 0x7fc6b81a25e0 con 0x7fc6b807f770
2024-04-26T23:36:11.109 INFO:teuthology.orchestra.run.smithi073.stdout:/usr/bin/ceph: stderr
2024-04-26T23:36:10.388+0000 7fc6aea00700 1 -- 172.21.15.73:0/3018739326 <== mon.0 v2:172.21.15.73:3300/0 7 ==== mon_command_ack([{prefix=config set, name=mgr/dashboard/ssl_server_port}]=0 v8)=0 v8) ==== 130+0+0 (secure 0 0 0) 0x7fc6a804cec0 con 0x7fc6b807f770
2024-04-26T23:36:11.109 INFO:teuthology.orchestra.run.smithi073.stdout:/usr/bin/ceph: stderr
2024-04-26T23:36:10.391+0000 7fc6bca00700 1 -- 172.21.15.73:0/3018739326 >> [v2:172.21.15.73:6800/2890544076,v1:172.21.15.73:6801/2890544076] conn(0x7fc69c039560 msgr2=0x7fc69c03ba20 secure :-1 s=STATE_CONNECTION_ESTABLISHED l=1).mark_down
2024-04-26T23:36:11.109 INFO:teuthology.orchestra.run.smithi073.stdout:/usr/bin/ceph: stderr
2024-04-26T23:36:10.391+0000 7fc6bca00700 1 --2- 172.21.15.73:0/3018739326 >> [v2:172.21.15.73:6800/2890544076,v1:172.21.15.73:6801/2890544076] conn(0x7fc69c039560 0x7fc69c03ba20 secure :-1 s=READY pgs=15 cs=0 l=1 rev1=1 crypto rx=0x7fc6a4006fd0 tx=0x7fc6a4006e40 comp rx=0 tx=0).stop
2024-04-26T23:36:11.109 INFO:teuthology.orchestra.run.smithi073.stdout:/usr/bin/ceph: stderr
2024-04-26T23:36:10.391+0000 7fc6bca00700 1 -- 172.21.15.73:0/3018739326 >> [v2:172.21.15.73:3300/0,v1:172.21.15.73:6789/0] conn(0x7fc6b807f770 msgr2=0x7fc6b819ef50 secure :-1 s=STATE_CONNECTION_ESTABLISHED l=1).mark_down
2024-04-26T23:36:11.109 INFO:teuthology.orchestra.run.smithi073.stdout:/usr/bin/ceph: stderr
2024-04-26T23:36:10.391+0000 7fc6bca00700 1 --2- 172.21.15.73:0/3018739326 >> [v2:172.21.15.73:3300/0,v1:172.21.15.73:6789/0] conn(0x7fc6b807f770 0x7fc6b819ef50 secure :-1 s=READY pgs=54 cs=0 l=1 rev1=1 crypto rx=0x7fc6a8006af0 tx=0x7fc6a8004520 comp rx=0 tx=0).stop
2024-04-26T23:36:11.110 INFO:teuthology.orchestra.run.smithi073.stdout:/usr/bin/ceph: stderr
2024-04-26T23:36:10.392+0000 7fc6bca00700 1 -- 172.21.15.73:0/3018739326 shutdown_connections
2024-04-26T23:36:11.110 INFO:teuthology.orchestra.run.smithi073.stdout:/usr/bin/ceph: stderr
2024-04-26T23:36:10.392+0000 7fc6bca00700 1 --2- 172.21.15.73:0/3018739326 >> [v2:172.21.15.73:6800/2890544076,v1:172.21.15.73:6801/2890544076] conn(0x7fc69c039560 0x7fc69c03ba20 unknown :-1 s=CLOSED pgs=15 cs=0 l=1 rev1=1 crypto rx=0 tx=0 comp rx=0 tx=0).stop
2024-04-26T23:36:11.110 INFO:teuthology.orchestra.run.smithi073.stdout:/usr/bin/ceph: stderr
2024-04-26T23:36:10.392+0000 7fc6bca00700 1 --2- 172.21.15.73:0/3018739326 >> [v2:172.21.15.73:3300/0,v1:172.21.15.73:6789/0] conn(0x7fc6b807f770 0x7fc6b819ef50 unknown :-1 s=CLOSED pgs=54 cs=0 l=1 rev1=1 crypto rx=0 tx=0 comp rx=0 tx=0).stop
2024-04-26T23:36:11.110 INFO:teuthology.orchestra.run.smithi073.stdout:/usr/bin/ceph: stderr
2024-04-26T23:36:10.392+0000 7fc6bca00700 1 -- 172.21.15.73:0/3018739326 >> 172.21.15.73:0/3018739326 conn(0x7fc6b81043c0 msgr2=0x7fc6b8104e90 unknown :-1 s=STATE_NONE l=0).mark_down
2024-04-26T23:36:11.110 INFO:teuthology.orchestra.run.smithi073.stdout:/usr/bin/ceph: stderr
2024-04-26T23:36:10.392+0000 7fc6bca00700 1 -- 172.21.15.73:0/3018739326 shutdown_connections
2024-04-26T23:36:11.110 INFO:teuthology.orchestra.run.smithi073.stdout:/usr/bin/ceph: stderr
2024-04-26T23:36:10.392+0000 7fc6bca00700 1 -- 172.21.15.73:0/3018739326 wait complete.
2024-04-26T23:36:11.110 INFO:teuthology.orchestra.run.smithi073.stdout:Enabling the dashboard module...
2024-04-26T23:36:13.247 INFO:journalctl@ceph.mgr.x.smithi073.stdout:Apr 26 23:36:13 smithi073 ceph-7a6a6be0-0425-11ef-bc93-c7b262605968-mgr-x[28189]: ignoring --setuser ceph since I am not root
2024-04-26T23:36:13.247 INFO:journalctl@ceph.mgr.x.smithi073.stdout:Apr 26 23:36:13 smithi073 ceph-7a6a6be0-0425-11ef-bc93-c7b262605968-mgr-x[28189]: ignoring --setgroup ceph since I am not root
2024-04-26T23:36:13.248 INFO:journalctl@ceph.mon.a.smithi073.stdout:Apr 26 23:36:12 smithi073 ceph-mon[27962]: from='mgr.14120 172.21.15.73:0/826216041' entity='mgr.x'
2024-04-26T23:36:13.248 INFO:journalctl@ceph.mon.a.smithi073.stdout:Apr 26 23:36:12 smithi073 ceph-mon[27962]: from='client.? 172.21.15.73:0/2561020021' entity='client.admin' cmd=[{"prefix": "mgr module enable", "module": "dashboard"}]: dispatch
2024-04-26T23:36:13.248 INFO:journalctl@ceph.mon.a.smithi073.stdout:Apr 26 23:36:12 smithi073 ceph-mon[27962]: pgmap v5: 0 pgs: ; 0 B data, 0 B used, 0 B / 0 B avail
2024-04-26T23:36:13.505 INFO:journalctl@ceph.mgr.x.smithi073.stdout:Apr 26 23:36:13 smithi073 ceph-7a6a6be0-0425-11ef-bc93-c7b262605968-mgr-x[28189]:
2024-04-26T23:36:13.243+0000 7f2d21f65200 -1 mgr[py] Module balancer has missing NOTIFY_TYPES member
2024-04-26T23:36:13.505 INFO:journalctl@ceph.mgr.x.smithi073.stdout:Apr 26 23:36:13 smithi073 ceph-7a6a6be0-0425-11ef-bc93-c7b262605968-mgr-x[28189]:
2024-04-26T23:36:13.500+0000 7f2d21f65200 -1 mgr[py] Module orchestrator has missing NOTIFY_TYPES member
2024-04-26T23:36:13.782 INFO:journalctl@ceph.mgr.x.smithi073.stdout:Apr 26 23:36:13 smithi073 ceph-7a6a6be0-0425-11ef-bc93-c7b262605968-mgr-x[28189]:
2024-04-26T23:36:13.630+0000 7f2d21f65200 -1 mgr[py] Module snap_schedule has missing NOTIFY_TYPES member
2024-04-26T23:36:14.137 INFO:journalctl@ceph.mgr.x.smithi073.stdout:Apr 26 23:36:14 smithi073 ceph-7a6a6be0-0425-11ef-bc93-c7b262605968-mgr-x[28189]:
2024-04-26T23:36:14.021+0000 7f2d21f65200 -1 mgr[py] Module progress has missing NOTIFY_TYPES member
2024-04-26T23:36:14.137 INFO:journalctl@ceph.mon.a.smithi073.stdout:Apr 26 23:36:13 smithi073 ceph-mon[27962]: from='client.? 172.21.15.73:0/2561020021' entity='client.admin' cmd='[{"prefix": "mgr module enable", "module": "dashboard"}]': finished
2024-04-26T23:36:14.137 INFO:journalctl@ceph.mon.a.smithi073.stdout:Apr 26 23:36:13 smithi073 ceph-mon[27962]: mgrmap e9: x(active, since 24s)
2024-04-26T23:36:14.464 INFO:journalctl@ceph.mgr.x.smithi073.stdout:Apr 26 23:36:14 smithi073 ceph-7a6a6be0-0425-11ef-bc93-c7b262605968-mgr-x[28189]:
2024-04-26T23:36:14.132+0000 7f2d21f65200 -1 mgr[py] Module influx has missing NOTIFY_TYPES member
2024-04-26T23:36:14.475 INFO:teuthology.orchestra.run.smithi073.stdout:/usr/bin/ceph: stderr
2024-04-26T23:36:11.749+0000 7f6dd2800700 1 Processor -- start
2024-04-26T23:36:14.475 INFO:teuthology.orchestra.run.smithi073.stdout:/usr/bin/ceph: stderr
2024-04-26T23:36:11.749+0000 7f6dd2800700 1 -- start start
2024-04-26T23:36:14.475 INFO:teuthology.orchestra.run.smithi073.stdout:/usr/bin/ceph: stderr
2024-04-26T23:36:11.750+0000 7f6dd2800700 1 --2- >> [v2:172.21.15.73:3300/0,v1:172.21.15.73:6789/0] conn(0x7f6dcc1097f0 0x7f6dcc10bbe0 unknown :-1 s=NONE pgs=0 cs=0 l=0 rev1=0 crypto rx=0 tx=0 comp rx=0 tx=0).connect
2024-04-26T23:36:14.476 INFO:teuthology.orchestra.run.smithi073.stdout:/usr/bin/ceph: stderr
2024-04-26T23:36:11.750+0000 7f6dd2800700 1 -- --> [v2:172.21.15.73:3300/0,v1:172.21.15.73:6789/0] -- mon_getmap magic: 0 -- 0x7f6dcc07ceb0 con 0x7f6dcc1097f0
2024-04-26T23:36:14.476 INFO:teuthology.orchestra.run.smithi073.stdout:/usr/bin/ceph: stderr
2024-04-26T23:36:11.750+0000 7f6dcb400700 1 --2- >> [v2:172.21.15.73:3300/0,v1:172.21.15.73:6789/0] conn(0x7f6dcc1097f0 0x7f6dcc10bbe0 unknown :-1 s=BANNER_CONNECTING pgs=0 cs=0 l=0 rev1=0 crypto rx=0 tx=0 comp rx=0 tx=0)._handle_peer_banner_payload supported=3 required=0
2024-04-26T23:36:14.476 INFO:teuthology.orchestra.run.smithi073.stdout:/usr/bin/ceph: stderr
