2024-04-26T23:38:59.508 INFO:journalctl@ceph.mon.a.smithi028.stdout:Apr 26 23:38:59 smithi028 ceph-mon[28080]: from='client.14140 -' entity='client.admin' cmd=[{"prefix": "orch host add", "hostname": "smithi028", "addr": "172.21.15.28", "target": ["mon-mgr", ""]}]: dispatch
2024-04-26T23:39:01.508 INFO:journalctl@ceph.mon.a.smithi028.stdout:Apr 26 23:39:01 smithi028 ceph-mon[28080]: Deploying cephadm binary to smithi028
2024-04-26T23:39:06.111 INFO:teuthology.orchestra.run.smithi028.stdout:/usr/bin/ceph: stdout Added host 'smithi028' with addr '172.21.15.28'
2024-04-26T23:39:06.112 INFO:teuthology.orchestra.run.smithi028.stdout:/usr/bin/ceph: stderr
2024-04-26T23:38:58.627+0000 7fc75ae00700 1 Processor -- start
2024-04-26T23:39:06.112 INFO:teuthology.orchestra.run.smithi028.stdout:/usr/bin/ceph: stderr
2024-04-26T23:38:58.627+0000 7fc75ae00700 1 -- start start
2024-04-26T23:39:06.113 INFO:teuthology.orchestra.run.smithi028.stdout:/usr/bin/ceph: stderr
2024-04-26T23:38:58.627+0000 7fc75ae00700 1 --2- >> [v2:172.21.15.28:3300/0,v1:172.21.15.28:6789/0] conn(0x7fc75410b060 0x7fc75410b480 unknown :-1 s=NONE pgs=0 cs=0 l=0 rev1=0 crypto rx=0 tx=0 comp rx=0 tx=0).connect
2024-04-26T23:39:06.113 INFO:teuthology.orchestra.run.smithi028.stdout:/usr/bin/ceph: stderr
2024-04-26T23:38:58.627+0000 7fc75ae00700 1 -- --> [v2:172.21.15.28:3300/0,v1:172.21.15.28:6789/0] -- mon_getmap magic: 0 -- 0x7fc75410ba50 con 0x7fc75410b060
2024-04-26T23:39:06.113 INFO:teuthology.orchestra.run.smithi028.stdout:/usr/bin/ceph: stderr
2024-04-26T23:38:58.627+0000 7fc753e00700 1 --2- >> [v2:172.21.15.28:3300/0,v1:172.21.15.28:6789/0] conn(0x7fc75410b060 0x7fc75410b480 unknown :-1 s=BANNER_CONNECTING pgs=0 cs=0 l=0 rev1=0 crypto rx=0 tx=0 comp rx=0 tx=0)._handle_peer_banner_payload supported=3 required=0
2024-04-26T23:39:06.113 INFO:teuthology.orchestra.run.smithi028.stdout:/usr/bin/ceph: stderr
2024-04-26T23:38:58.627+0000 7fc753e00700 1 --2- >> [v2:172.21.15.28:3300/0,v1:172.21.15.28:6789/0] conn(0x7fc75410b060 0x7fc75410b480 unknown :-1 s=HELLO_CONNECTING pgs=0 cs=0 l=0 rev1=1 crypto rx=0 tx=0 comp rx=0 tx=0).handle_hello peer v2:172.21.15.28:3300/0 says I am v2:172.21.15.28:33454/0 (socket says 172.21.15.28:33454)
2024-04-26T23:39:06.113 INFO:teuthology.orchestra.run.smithi028.stdout:/usr/bin/ceph: stderr
2024-04-26T23:38:58.627+0000 7fc753e00700 1 -- 172.21.15.28:0/1970899288 learned_addr learned my addr 172.21.15.28:0/1970899288 (peer_addr_for_me v2:172.21.15.28:0/0)
2024-04-26T23:39:06.113 INFO:teuthology.orchestra.run.smithi028.stdout:/usr/bin/ceph: stderr
2024-04-26T23:38:58.628+0000 7fc753e00700 1 -- 172.21.15.28:0/1970899288 --> [v2:172.21.15.28:3300/0,v1:172.21.15.28:6789/0] -- mon_subscribe({config=0+,monmap=0+}) -- 0x7fc75410c260 con 0x7fc75410b060
2024-04-26T23:39:06.113 INFO:teuthology.orchestra.run.smithi028.stdout:/usr/bin/ceph: stderr
2024-04-26T23:38:58.628+0000 7fc753e00700 1 --2- 172.21.15.28:0/1970899288 >> [v2:172.21.15.28:3300/0,v1:172.21.15.28:6789/0] conn(0x7fc75410b060 0x7fc75410b480 secure :-1 s=READY pgs=45 cs=0 l=1 rev1=1 crypto rx=0x7fc7440098a0 tx=0x7fc744009bb0 comp rx=0 tx=0).ready entity=mon.0 client_cookie=5590d930db043988 server_cookie=0 in_seq=0 out_seq=0
2024-04-26T23:39:06.113 INFO:teuthology.orchestra.run.smithi028.stdout:/usr/bin/ceph: stderr
2024-04-26T23:38:58.629+0000 7fc752a00700 1 -- 172.21.15.28:0/1970899288 <== mon.0 v2:172.21.15.28:3300/0 1 ==== mon_map magic: 0 ==== 205+0+0 (secure 0 0 0) 0x7fc744004160 con 0x7fc75410b060
2024-04-26T23:39:06.113 INFO:teuthology.orchestra.run.smithi028.stdout:/usr/bin/ceph: stderr
2024-04-26T23:38:58.629+0000 7fc752a00700 1 -- 172.21.15.28:0/1970899288 <== mon.0 v2:172.21.15.28:3300/0 2 ==== config(25 keys) ==== 1032+0+0 (secure 0 0 0) 0x7fc744004300 con 0x7fc75410b060
2024-04-26T23:39:06.113 INFO:teuthology.orchestra.run.smithi028.stdout:/usr/bin/ceph: stderr
2024-04-26T23:38:58.629+0000 7fc752a00700 1 -- 172.21.15.28:0/1970899288 <== mon.0 v2:172.21.15.28:3300/0 3 ==== mon_map magic: 0 ==== 205+0+0 (secure 0 0 0) 0x7fc7440119e0 con 0x7fc75410b060
2024-04-26T23:39:06.113 INFO:teuthology.orchestra.run.smithi028.stdout:/usr/bin/ceph: stderr
2024-04-26T23:38:58.629+0000 7fc75ae00700 1 -- 172.21.15.28:0/1970899288 >> [v2:172.21.15.28:3300/0,v1:172.21.15.28:6789/0] conn(0x7fc75410b060 msgr2=0x7fc75410b480 secure :-1 s=STATE_CONNECTION_ESTABLISHED l=1).mark_down
2024-04-26T23:39:06.113 INFO:teuthology.orchestra.run.smithi028.stdout:/usr/bin/ceph: stderr
2024-04-26T23:38:58.629+0000 7fc75ae00700 1 --2- 172.21.15.28:0/1970899288 >> [v2:172.21.15.28:3300/0,v1:172.21.15.28:6789/0] conn(0x7fc75410b060 0x7fc75410b480 secure :-1 s=READY pgs=45 cs=0 l=1 rev1=1 crypto rx=0x7fc7440098a0 tx=0x7fc744009bb0 comp rx=0 tx=0).stop
2024-04-26T23:39:06.113 INFO:teuthology.orchestra.run.smithi028.stdout:/usr/bin/ceph: stderr
2024-04-26T23:38:58.630+0000 7fc75ae00700 1 -- 172.21.15.28:0/1970899288 shutdown_connections
2024-04-26T23:39:06.118 INFO:teuthology.orchestra.run.smithi028.stdout:/usr/bin/ceph: stderr
2024-04-26T23:38:58.630+0000 7fc75ae00700 1 --2- 172.21.15.28:0/1970899288 >> [v2:172.21.15.28:3300/0,v1:172.21.15.28:6789/0] conn(0x7fc75410b060 0x7fc75410b480 unknown :-1 s=CLOSED pgs=45 cs=0 l=1 rev1=1 crypto rx=0 tx=0 comp rx=0 tx=0).stop
2024-04-26T23:39:06.118 INFO:teuthology.orchestra.run.smithi028.stdout:/usr/bin/ceph: stderr
2024-04-26T23:38:58.630+0000 7fc75ae00700 1 -- 172.21.15.28:0/1970899288 >> 172.21.15.28:0/1970899288 conn(0x7fc75407e470 msgr2=0x7fc75407e880 unknown :-1 s=STATE_NONE l=0).mark_down
2024-04-26T23:39:06.118 INFO:teuthology.orchestra.run.smithi028.stdout:/usr/bin/ceph: stderr
2024-04-26T23:38:58.630+0000 7fc75ae00700 1 -- 172.21.15.28:0/1970899288 shutdown_connections
2024-04-26T23:39:06.118 INFO:teuthology.orchestra.run.smithi028.stdout:/usr/bin/ceph: stderr
2024-04-26T23:38:58.630+0000 7fc75ae00700 1 -- 172.21.15.28:0/1970899288 wait complete.
2024-04-26T23:39:06.118 INFO:teuthology.orchestra.run.smithi028.stdout:/usr/bin/ceph: stderr
2024-04-26T23:38:58.631+0000 7fc75ae00700 1 Processor -- start
2024-04-26T23:39:06.118 INFO:teuthology.orchestra.run.smithi028.stdout:/usr/bin/ceph: stderr
2024-04-26T23:38:58.631+0000 7fc75ae00700 1 -- start start
2024-04-26T23:39:06.118 INFO:teuthology.orchestra.run.smithi028.stdout:/usr/bin/ceph: stderr
2024-04-26T23:38:58.631+0000 7fc75ae00700 1 --2- >> [v2:172.21.15.28:3300/0,v1:172.21.15.28:6789/0] conn(0x7fc75419f120 0x7fc75419f540 unknown :-1 s=NONE pgs=0 cs=0 l=1 rev1=0 crypto rx=0 tx=0 comp rx=0 tx=0).connect
2024-04-26T23:39:06.118 INFO:teuthology.orchestra.run.smithi028.stdout:/usr/bin/ceph: stderr
2024-04-26T23:38:58.631+0000 7fc75ae00700 1 -- --> [v2:172.21.15.28:3300/0,v1:172.21.15.28:6789/0] -- mon_getmap magic: 0 -- 0x7fc75410f490 con 0x7fc75419f120
2024-04-26T23:39:06.118 INFO:teuthology.orchestra.run.smithi028.stdout:/usr/bin/ceph: stderr
2024-04-26T23:38:58.632+0000 7fc753e00700 1 --2- >> [v2:172.21.15.28:3300/0,v1:172.21.15.28:6789/0] conn(0x7fc75419f120 0x7fc75419f540 unknown :-1 s=BANNER_CONNECTING pgs=0 cs=0 l=1 rev1=0 crypto rx=0 tx=0 comp rx=0 tx=0)._handle_peer_banner_payload supported=3 required=0
2024-04-26T23:39:06.119 INFO:teuthology.orchestra.run.smithi028.stdout:/usr/bin/ceph: stderr
2024-04-26T23:38:58.632+0000 7fc753e00700 1 --2- >> [v2:172.21.15.28:3300/0,v1:172.21.15.28:6789/0] conn(0x7fc75419f120 0x7fc75419f540 unknown :-1 s=HELLO_CONNECTING pgs=0 cs=0 l=1 rev1=1 crypto rx=0 tx=0 comp rx=0 tx=0).handle_hello peer v2:172.21.15.28:3300/0 says I am v2:172.21.15.28:33468/0 (socket says 172.21.15.28:33468)
2024-04-26T23:39:06.119 INFO:teuthology.orchestra.run.smithi028.stdout:/usr/bin/ceph: stderr
2024-04-26T23:38:58.632+0000 7fc753e00700 1 -- 172.21.15.28:0/4224418955 learned_addr learned my addr 172.21.15.28:0/4224418955 (peer_addr_for_me v2:172.21.15.28:0/0)
2024-04-26T23:39:06.119 INFO:teuthology.orchestra.run.smithi028.stdout:/usr/bin/ceph: stderr
2024-04-26T23:38:58.632+0000 7fc753e00700 1 -- 172.21.15.28:0/4224418955 --> [v2:172.21.15.28:3300/0,v1:172.21.15.28:6789/0] -- mon_subscribe({config=0+,monmap=0+}) -- 0x7fc75419fa80 con 0x7fc75419f120
2024-04-26T23:39:06.119 INFO:teuthology.orchestra.run.smithi028.stdout:/usr/bin/ceph: stderr
2024-04-26T23:38:58.632+0000 7fc753e00700 1 --2- 172.21.15.28:0/4224418955 >> [v2:172.21.15.28:3300/0,v1:172.21.15.28:6789/0] conn(0x7fc75419f120 0x7fc75419f540 secure :-1 s=READY pgs=46 cs=0 l=1 rev1=1 crypto rx=0x7fc744000c00 tx=0x7fc744012fd0 comp rx=0 tx=0).ready entity=mon.0 client_cookie=0 server_cookie=0 in_seq=0 out_seq=0
2024-04-26T23:39:06.119 INFO:teuthology.orchestra.run.smithi028.stdout:/usr/bin/ceph: stderr
2024-04-26T23:38:58.633+0000 7fc750c00700 1 -- 172.21.15.28:0/4224418955 <== mon.0 v2:172.21.15.28:3300/0 1 ==== mon_map magic: 0 ==== 205+0+0 (secure 0 0 0) 0x7fc744011a60 con 0x7fc75419f120
2024-04-26T23:39:06.119 INFO:teuthology.orchestra.run.smithi028.stdout:/usr/bin/ceph: stderr
2024-04-26T23:38:58.633+0000 7fc750c00700 1 -- 172.21.15.28:0/4224418955 <== mon.0 v2:172.21.15.28:3300/0 2 ==== config(25 keys) ==== 1032+0+0 (secure 0 0 0) 0x7fc744003b10 con 0x7fc75419f120
2024-04-26T23:39:06.119 INFO:teuthology.orchestra.run.smithi028.stdout:/usr/bin/ceph: stderr
2024-04-26T23:38:58.633+0000 7fc750c00700 1 -- 172.21.15.28:0/4224418955 <== mon.0 v2:172.21.15.28:3300/0 3 ==== mon_map magic: 0 ==== 205+0+0 (secure 0 0 0) 0x7fc74401ad40 con 0x7fc75419f120
2024-04-26T23:39:06.119 INFO:teuthology.orchestra.run.smithi028.stdout:/usr/bin/ceph: stderr
2024-04-26T23:38:58.633+0000 7fc75ae00700 1 -- 172.21.15.28:0/4224418955 --> [v2:172.21.15.28:3300/0,v1:172.21.15.28:6789/0] -- mon_subscribe({mgrmap=0+}) -- 0x7fc75419fd10 con 0x7fc75419f120
2024-04-26T23:39:06.119 INFO:teuthology.orchestra.run.smithi028.stdout:/usr/bin/ceph: stderr
2024-04-26T23:38:58.633+0000 7fc75ae00700 1 -- 172.21.15.28:0/4224418955 --> [v2:172.21.15.28:3300/0,v1:172.21.15.28:6789/0] -- mon_subscribe({osdmap=0}) -- 0x7fc7541a27f0 con 0x7fc75419f120
2024-04-26T23:39:06.119 INFO:teuthology.orchestra.run.smithi028.stdout:/usr/bin/ceph: stderr
2024-04-26T23:38:58.634+0000 7fc750c00700 1 -- 172.21.15.28:0/4224418955 <== mon.0 v2:172.21.15.28:3300/0 4 ==== mgrmap(e 8) ==== 46558+0+0 (secure 0 0 0) 0x7fc74401a610 con 0x7fc75419f120
2024-04-26T23:39:06.119 INFO:teuthology.orchestra.run.smithi028.stdout:/usr/bin/ceph: stderr
2024-04-26T23:38:58.634+0000 7fc75ae00700 1 -- 172.21.15.28:0/4224418955 --> [v2:172.21.15.28:3300/0,v1:172.21.15.28:6789/0] -- mon_command({"prefix": "get_command_descriptions"} v 0) -- 0x7fc754064a80 con 0x7fc75419f120
2024-04-26T23:39:06.119 INFO:teuthology.orchestra.run.smithi028.stdout:/usr/bin/ceph: stderr
2024-04-26T23:38:58.634+0000 7fc750c00700 1 --2- 172.21.15.28:0/4224418955 >> [v2:172.21.15.28:6800/1485806818,v1:172.21.15.28:6801/1485806818] conn(0x7fc738039660 0x7fc73803bb20 unknown :-1 s=NONE pgs=0 cs=0 l=1 rev1=0 crypto rx=0 tx=0 comp rx=0 tx=0).connect
2024-04-26T23:39:06.119 INFO:teuthology.orchestra.run.smithi028.stdout:/usr/bin/ceph: stderr
2024-04-26T23:38:58.634+0000 7fc750c00700 1 -- 172.21.15.28:0/4224418955 <== mon.0 v2:172.21.15.28:3300/0 5 ==== osd_map(2..2 src has 1..2) ==== 940+0+0 (secure 0 0 0) 0x7fc74404dca0 con 0x7fc75419f120
2024-04-26T23:39:06.120 INFO:teuthology.orchestra.run.smithi028.stdout:/usr/bin/ceph: stderr
2024-04-26T23:38:58.635+0000 7fc753400700 1 --2- 172.21.15.28:0/4224418955 >> [v2:172.21.15.28:6800/1485806818,v1:172.21.15.28:6801/1485806818] conn(0x7fc738039660 0x7fc73803bb20 unknown :-1 s=BANNER_CONNECTING pgs=0 cs=0 l=1 rev1=0 crypto rx=0 tx=0 comp rx=0 tx=0)._handle_peer_banner_payload supported=3 required=0
2024-04-26T23:39:06.120 INFO:teuthology.orchestra.run.smithi028.stdout:/usr/bin/ceph: stderr
2024-04-26T23:38:58.636+0000 7fc753400700 1 --2- 172.21.15.28:0/4224418955 >> [v2:172.21.15.28:6800/1485806818,v1:172.21.15.28:6801/1485806818] conn(0x7fc738039660 0x7fc73803bb20 secure :-1 s=READY pgs=11 cs=0 l=1 rev1=1 crypto rx=0x7fc740006fd0 tx=0x7fc740006e40 comp rx=0 tx=0).ready entity=mgr.14120 client_cookie=0 server_cookie=0 in_seq=0 out_seq=0
2024-04-26T23:39:06.120 INFO:teuthology.orchestra.run.smithi028.stdout:/usr/bin/ceph: stderr
2024-04-26T23:38:58.640+0000 7fc750c00700 1 -- 172.21.15.28:0/4224418955 <== mon.0 v2:172.21.15.28:3300/0 6 ==== mon_command_ack([{"prefix": "get_command_descriptions"}]=0 v0) ==== 72+0+188494 (secure 0 0 0) 0x7fc74402a2b0 con 0x7fc75419f120
2024-04-26T23:39:06.120 INFO:teuthology.orchestra.run.smithi028.stdout:/usr/bin/ceph: stderr
2024-04-26T23:38:58.873+0000 7fc75ae00700 1 -- 172.21.15.28:0/4224418955 --> [v2:172.21.15.28:6800/1485806818,v1:172.21.15.28:6801/1485806818] -- mgr_command(tid 0: {"prefix": "orch host add", "hostname": "smithi028", "addr": "172.21.15.28", "target": ["mon-mgr", ""]}) -- 0x7fc754108c20 con 0x7fc738039660
2024-04-26T23:39:06.120 INFO:teuthology.orchestra.run.smithi028.stdout:/usr/bin/ceph: stderr
2024-04-26T23:39:05.236+0000 7fc750c00700 1 -- 172.21.15.28:0/4224418955 <== mgr.14120 v2:172.21.15.28:6800/1485806818 1 ==== mgr_command_reply(tid 0: 0 ) ==== 8+0+48 (secure 0 0 0) 0x7fc754108c20 con 0x7fc738039660
2024-04-26T23:39:06.120 INFO:teuthology.orchestra.run.smithi028.stdout:/usr/bin/ceph: stderr
2024-04-26T23:39:05.241+0000 7fc75ae00700 1 -- 172.21.15.28:0/4224418955 >> [v2:172.21.15.28:6800/1485806818,v1:172.21.15.28:6801/1485806818] conn(0x7fc738039660 msgr2=0x7fc73803bb20 secure :-1 s=STATE_CONNECTION_ESTABLISHED l=1).mark_down
2024-04-26T23:39:06.120 INFO:teuthology.orchestra.run.smithi028.stdout:/usr/bin/ceph: stderr
2024-04-26T23:39:05.241+0000 7fc75ae00700 1 --2- 172.21.15.28:0/4224418955 >> [v2:172.21.15.28:6800/1485806818,v1:172.21.15.28:6801/1485806818] conn(0x7fc738039660 0x7fc73803bb20 secure :-1 s=READY pgs=11 cs=0 l=1 rev1=1 crypto rx=0x7fc740006fd0 tx=0x7fc740006e40 comp rx=0 tx=0).stop
2024-04-26T23:39:06.120 INFO:teuthology.orchestra.run.smithi028.stdout:/usr/bin/ceph: stderr
2024-04-26T23:39:05.241+0000 7fc75ae00700 1 -- 172.21.15.28:0/4224418955 >> [v2:172.21.15.28:3300/0,v1:172.21.15.28:6789/0] conn(0x7fc75419f120 msgr2=0x7fc75419f540 secure :-1 s=STATE_CONNECTION_ESTABLISHED l=1).mark_down
2024-04-26T23:39:06.120 INFO:teuthology.orchestra.run.smithi028.stdout:/usr/bin/ceph: stderr
2024-04-26T23:39:05.241+0000 7fc75ae00700 1 --2- 172.21.15.28:0/4224418955 >> [v2:172.21.15.28:3300/0,v1:172.21.15.28:6789/0] conn(0x7fc75419f120 0x7fc75419f540 secure :-1 s=READY pgs=46 cs=0 l=1 rev1=1 crypto rx=0x7fc744000c00 tx=0x7fc744012fd0 comp rx=0 tx=0).stop
2024-04-26T23:39:06.120 INFO:teuthology.orchestra.run.smithi028.stdout:/usr/bin/ceph: stderr
2024-04-26T23:39:05.241+0000 7fc75ae00700 1 -- 172.21.15.28:0/4224418955 shutdown_connections
2024-04-26T23:39:06.120 INFO:teuthology.orchestra.run.smithi028.stdout:/usr/bin/ceph: stderr
2024-04-26T23:39:05.241+0000 7fc75ae00700 1 --2- 172.21.15.28:0/4224418955 >> [v2:172.21.15.28:6800/1485806818,v1:172.21.15.28:6801/1485806818] conn(0x7fc738039660 0x7fc73803bb20 unknown :-1 s=CLOSED pgs=11 cs=0 l=1 rev1=1 crypto rx=0 tx=0 comp rx=0 tx=0).stop
2024-04-26T23:39:06.120 INFO:teuthology.orchestra.run.smithi028.stdout:/usr/bin/ceph: stderr
2024-04-26T23:39:05.242+0000 7fc75ae00700 1 --2- 172.21.15.28:0/4224418955 >> [v2:172.21.15.28:3300/0,v1:172.21.15.28:6789/0] conn(0x7fc75419f120 0x7fc75419f540 unknown :-1 s=CLOSED pgs=46 cs=0 l=1 rev1=1 crypto rx=0 tx=0 comp rx=0 tx=0).stop
2024-04-26T23:39:06.120 INFO:teuthology.orchestra.run.smithi028.stdout:/usr/bin/ceph: stderr
2024-04-26T23:39:05.242+0000 7fc75ae00700 1 -- 172.21.15.28:0/4224418955 >> 172.21.15.28:0/4224418955 conn(0x7fc75407e470 msgr2=0x7fc754108510 unknown :-1 s=STATE_NONE l=0).mark_down
2024-04-26T23:39:06.120 INFO:teuthology.orchestra.run.smithi028.stdout:/usr/bin/ceph: stderr
2024-04-26T23:39:05.242+0000 7fc75ae00700 1 -- 172.21.15.28:0/4224418955 shutdown_connections
2024-04-26T23:39:06.121 INFO:teuthology.orchestra.run.smithi028.stdout:/usr/bin/ceph: stderr
2024-04-26T23:39:05.242+0000 7fc75ae00700 1 -- 172.21.15.28:0/4224418955 wait complete.
2024-04-26T23:39:06.121 INFO:teuthology.orchestra.run.smithi028.stdout:Deploying unmanaged mon service...
2024-04-26T23:39:06.408 INFO:journalctl@ceph.mon.a.smithi028.stdout:Apr 26 23:39:06 smithi028 ceph-mon[28080]: from='mgr.14120 172.21.15.28:0/1145340110' entity='mgr.x'
2024-04-26T23:39:06.408 INFO:journalctl@ceph.mon.a.smithi028.stdout:Apr 26 23:39:06 smithi028 ceph-mon[28080]: Added host smithi028
2024-04-26T23:39:06.408 INFO:journalctl@ceph.mon.a.smithi028.stdout:Apr 26 23:39:06 smithi028 ceph-mon[28080]: from='mgr.14120 172.21.15.28:0/1145340110' entity='mgr.x' cmd=[{"prefix": "config dump", "format": "json"}]: dispatch
2024-04-26T23:39:08.330 INFO:journalctl@ceph.mon.a.smithi028.stdout:Apr 26 23:39:08 smithi028 ceph-mon[28080]: from='client.14142 -' entity='client.admin' cmd=[{"prefix": "orch apply", "service_type": "mon", "unmanaged": true, "target": ["mon-mgr", ""]}]: dispatch
2024-04-26T23:39:08.330 INFO:journalctl@ceph.mon.a.smithi028.stdout:Apr 26 23:39:08 smithi028 ceph-mon[28080]: Saving service mon spec with placement count:5
2024-04-26T23:39:08.331 INFO:journalctl@ceph.mon.a.smithi028.stdout:Apr 26 23:39:08 smithi028 ceph-mon[28080]: from='mgr.14120 172.21.15.28:0/1145340110' entity='mgr.x'
2024-04-26T23:39:08.789 INFO:teuthology.orchestra.run.smithi028.stdout:/usr/bin/ceph: stdout Scheduled mon update...
2024-04-26T23:39:08.789 INFO:teuthology.orchestra.run.smithi028.stdout:/usr/bin/ceph: stderr
2024-04-26T23:39:06.779+0000 7f107a000700 1 Processor -- start
2024-04-26T23:39:08.789 INFO:teuthology.orchestra.run.smithi028.stdout:/usr/bin/ceph: stderr
2024-04-26T23:39:06.779+0000 7f107a000700 1 -- start start
2024-04-26T23:39:08.789 INFO:teuthology.orchestra.run.smithi028.stdout:/usr/bin/ceph: stderr
2024-04-26T23:39:06.780+0000 7f107a000700 1 --2- >> [v2:172.21.15.28:3300/0,v1:172.21.15.28:6789/0] conn(0x7f107410b060 0x7f107410b480 unknown :-1 s=NONE pgs=0 cs=0 l=0 rev1=0 crypto rx=0 tx=0 comp rx=0 tx=0).connect
2024-04-26T23:39:08.789 INFO:teuthology.orchestra.run.smithi028.stdout:/usr/bin/ceph: stderr
2024-04-26T23:39:06.780+0000 7f107a000700 1 -- --> [v2:172.21.15.28:3300/0,v1:172.21.15.28:6789/0] -- mon_getmap magic: 0 -- 0x7f107410ba50 con 0x7f107410b060
2024-04-26T23:39:08.789 INFO:teuthology.orchestra.run.smithi028.stdout:/usr/bin/ceph: stderr
2024-04-26T23:39:06.780+0000 7f1073400700 1 --2- >> [v2:172.21.15.28:3300/0,v1:172.21.15.28:6789/0] conn(0x7f107410b060 0x7f107410b480 unknown :-1 s=BANNER_CONNECTING pgs=0 cs=0 l=0 rev1=0 crypto rx=0 tx=0 comp rx=0 tx=0)._handle_peer_banner_payload supported=3 required=0
2024-04-26T23:39:08.789 INFO:teuthology.orchestra.run.smithi028.stdout:/usr/bin/ceph: stderr
2024-04-26T23:39:06.780+0000 7f1073400700 1 --2- >> [v2:172.21.15.28:3300/0,v1:172.21.15.28:6789/0] conn(0x7f107410b060 0x7f107410b480 unknown :-1 s=HELLO_CONNECTING pgs=0 cs=0 l=0 rev1=1 crypto rx=0 tx=0 comp rx=0 tx=0).handle_hello peer v2:172.21.15.28:3300/0 says I am v2:172.21.15.28:54476/0 (socket says 172.21.15.28:54476)
2024-04-26T23:39:08.789 INFO:teuthology.orchestra.run.smithi028.stdout:/usr/bin/ceph: stderr
2024-04-26T23:39:06.780+0000 7f1073400700 1 -- 172.21.15.28:0/2989470688 learned_addr learned my addr 172.21.15.28:0/2989470688 (peer_addr_for_me v2:172.21.15.28:0/0)
2024-04-26T23:39:08.789 INFO:teuthology.orchestra.run.smithi028.stdout:/usr/bin/ceph: stderr
2024-04-26T23:39:06.781+0000 7f1073400700 1 -- 172.21.15.28:0/2989470688 --> [v2:172.21.15.28:3300/0,v1:172.21.15.28:6789/0] -- mon_subscribe({config=0+,monmap=0+}) -- 0x7f107410c260 con 0x7f107410b060
2024-04-26T23:39:08.789 INFO:teuthology.orchestra.run.smithi028.stdout:/usr/bin/ceph: stderr
2024-04-26T23:39:06.781+0000 7f1073400700 1 --2- 172.21.15.28:0/2989470688 >> [v2:172.21.15.28:3300/0,v1:172.21.15.28:6789/0] conn(0x7f107410b060 0x7f107410b480 secure :-1 s=READY pgs=47 cs=0 l=1 rev1=1 crypto rx=0x7f10640098a0 tx=0x7f1064009bb0 comp rx=0 tx=0).ready entity=mon.0 client_cookie=ff5ef16a66ff205e server_cookie=0 in_seq=0 out_seq=0
2024-04-26T23:39:08.790 INFO:teuthology.orchestra.run.smithi028.stdout:/usr/bin/ceph: stderr
2024-04-26T23:39:06.782+0000 7f1072a00700 1 -- 172.21.15.28:0/2989470688 <== mon.0 v2:172.21.15.28:3300/0 1 ==== mon_map magic: 0 ==== 205+0+0 (secure 0 0 0) 0x7f1064004160 con 0x7f107410b060
2024-04-26T23:39:08.790 INFO:teuthology.orchestra.run.smithi028.stdout:/usr/bin/ceph: stderr
2024-04-26T23:39:06.782+0000 7f1072a00700 1 -- 172.21.15.28:0/2989470688 <== mon.0 v2:172.21.15.28:3300/0 2 ==== config(25 keys) ==== 1032+0+0 (secure 0 0 0) 0x7f1064004300 con 0x7f107410b060
2024-04-26T23:39:08.790 INFO:teuthology.orchestra.run.smithi028.stdout:/usr/bin/ceph: stderr
2024-04-26T23:39:06.782+0000 7f1072a00700 1 -- 172.21.15.28:0/2989470688 <== mon.0 v2:172.21.15.28:3300/0 3 ==== mon_map magic: 0 ==== 205+0+0 (secure 0 0 0) 0x7f10640119e0 con 0x7f107410b060
2024-04-26T23:39:08.790 INFO:teuthology.orchestra.run.smithi028.stdout:/usr/bin/ceph: stderr
2024-04-26T23:39:06.782+0000 7f107a000700 1 -- 172.21.15.28:0/2989470688 >> [v2:172.21.15.28:3300/0,v1:172.21.15.28:6789/0] conn(0x7f107410b060 msgr2=0x7f107410b480 secure :-1 s=STATE_CONNECTION_ESTABLISHED l=1).mark_down
2024-04-26T23:39:08.790 INFO:teuthology.orchestra.run.smithi028.stdout:/usr/bin/ceph: stderr
2024-04-26T23:39:06.782+0000 7f107a000700 1 --2- 172.21.15.28:0/2989470688 >> [v2:172.21.15.28:3300/0,v1:172.21.15.28:6789/0] conn(0x7f107410b060 0x7f107410b480 secure :-1 s=READY pgs=47 cs=0 l=1 rev1=1 crypto rx=0x7f10640098a0 tx=0x7f1064009bb0 comp rx=0 tx=0).stop
2024-04-26T23:39:08.790 INFO:teuthology.orchestra.run.smithi028.stdout:/usr/bin/ceph: stderr
2024-04-26T23:39:06.783+0000 7f107a000700 1 -- 172.21.15.28:0/2989470688 shutdown_connections
2024-04-26T23:39:08.790 INFO:teuthology.orchestra.run.smithi028.stdout:/usr/bin/ceph: stderr
2024-04-26T23:39:06.783+0000 7f107a000700 1 --2- 172.21.15.28:0/2989470688 >> [v2:172.21.15.28:3300/0,v1:172.21.15.28:6789/0] conn(0x7f107410b060 0x7f107410b480 unknown :-1 s=CLOSED pgs=47 cs=0 l=1 rev1=1 crypto rx=0 tx=0 comp rx=0 tx=0).stop
2024-04-26T23:39:08.790 INFO:teuthology.orchestra.run.smithi028.stdout:/usr/bin/ceph: stderr
2024-04-26T23:39:06.783+0000 7f107a000700 1 -- 172.21.15.28:0/2989470688 >> 172.21.15.28:0/2989470688 conn(0x7f107407e470 msgr2=0x7f107407e880 unknown :-1 s=STATE_NONE l=0).mark_down
2024-04-26T23:39:08.790 INFO:teuthology.orchestra.run.smithi028.stdout:/usr/bin/ceph: stderr
2024-04-26T23:39:06.783+0000 7f107a000700 1 -- 172.21.15.28:0/2989470688 shutdown_connections
2024-04-26T23:39:08.790 INFO:teuthology.orchestra.run.smithi028.stdout:/usr/bin/ceph: stderr
2024-04-26T23:39:06.783+0000 7f107a000700 1 -- 172.21.15.28:0/2989470688 wait complete.
2024-04-26T23:39:08.790 INFO:teuthology.orchestra.run.smithi028.stdout:/usr/bin/ceph: stderr
2024-04-26T23:39:06.784+0000 7f107a000700 1 Processor -- start
2024-04-26T23:39:08.791 INFO:teuthology.orchestra.run.smithi028.stdout:/usr/bin/ceph: stderr
2024-04-26T23:39:06.784+0000 7f107a000700 1 -- start start
2024-04-26T23:39:08.791 INFO:teuthology.orchestra.run.smithi028.stdout:/usr/bin/ceph: stderr
2024-04-26T23:39:06.785+0000 7f107a000700 1 --2- >> [v2:172.21.15.28:3300/0,v1:172.21.15.28:6789/0] conn(0x7f107410b060 0x7f107419eef0 unknown :-1 s=NONE pgs=0 cs=0 l=1 rev1=0 crypto rx=0 tx=0 comp rx=0 tx=0).connect
2024-04-26T23:39:08.791 INFO:teuthology.orchestra.run.smithi028.stdout:/usr/bin/ceph: stderr
2024-04-26T23:39:06.785+0000 7f107a000700 1 -- --> [v2:172.21.15.28:3300/0,v1:172.21.15.28:6789/0] -- mon_getmap magic: 0 -- 0x7f107410f490 con 0x7f107410b060
2024-04-26T23:39:08.791 INFO:teuthology.orchestra.run.smithi028.stdout:/usr/bin/ceph: stderr
2024-04-26T23:39:06.785+0000 7f1073400700 1 --2- >> [v2:172.21.15.28:3300/0,v1:172.21.15.28:6789/0] conn(0x7f107410b060 0x7f107419eef0 unknown :-1 s=BANNER_CONNECTING pgs=0 cs=0 l=1 rev1=0 crypto rx=0 tx=0 comp rx=0 tx=0)._handle_peer_banner_payload supported=3 required=0
2024-04-26T23:39:08.791 INFO:teuthology.orchestra.run.smithi028.stdout:/usr/bin/ceph: stderr
2024-04-26T23:39:06.785+0000 7f1073400700 1 --2- >> [v2:172.21.15.28:3300/0,v1:172.21.15.28:6789/0] conn(0x7f107410b060 0x7f107419eef0 unknown :-1 s=HELLO_CONNECTING pgs=0 cs=0 l=1 rev1=1 crypto rx=0 tx=0 comp rx=0 tx=0).handle_hello peer v2:172.21.15.28:3300/0 says I am v2:172.21.15.28:54492/0 (socket says 172.21.15.28:54492)
2024-04-26T23:39:08.791 INFO:teuthology.orchestra.run.smithi028.stdout:/usr/bin/ceph: stderr
2024-04-26T23:39:06.785+0000 7f1073400700 1 -- 172.21.15.28:0/235386547 learned_addr learned my addr 172.21.15.28:0/235386547 (peer_addr_for_me v2:172.21.15.28:0/0)
2024-04-26T23:39:08.791 INFO:teuthology.orchestra.run.smithi028.stdout:/usr/bin/ceph: stderr
2024-04-26T23:39:06.786+0000 7f1073400700 1 -- 172.21.15.28:0/235386547 --> [v2:172.21.15.28:3300/0,v1:172.21.15.28:6789/0] -- mon_subscribe({config=0+,monmap=0+}) -- 0x7f107419f430 con 0x7f107410b060
2024-04-26T23:39:08.791 INFO:teuthology.orchestra.run.smithi028.stdout:/usr/bin/ceph: stderr
2024-04-26T23:39:06.786+0000 7f1073400700 1 --2- 172.21.15.28:0/235386547 >> [v2:172.21.15.28:3300/0,v1:172.21.15.28:6789/0] conn(0x7f107410b060 0x7f107419eef0 secure :-1 s=READY pgs=48 cs=0 l=1 rev1=1 crypto rx=0x7f10640119b0 tx=0x7f1064011a90 comp rx=0 tx=0).ready entity=mon.0 client_cookie=0 server_cookie=0 in_seq=0 out_seq=0
2024-04-26T23:39:08.791 INFO:teuthology.orchestra.run.smithi028.stdout:/usr/bin/ceph: stderr
2024-04-26T23:39:06.786+0000 7f1070c00700 1 -- 172.21.15.28:0/235386547 <== mon.0 v2:172.21.15.28:3300/0 1 ==== mon_map magic: 0 ==== 205+0+0 (secure 0 0 0) 0x7f1064003af0 con 0x7f107410b060
2024-04-26T23:39:08.791 INFO:teuthology.orchestra.run.smithi028.stdout:/usr/bin/ceph: stderr
2024-04-26T23:39:06.786+0000 7f107a000700 1 -- 172.21.15.28:0/235386547 --> [v2:172.21.15.28:3300/0,v1:172.21.15.28:6789/0] -- mon_subscribe({mgrmap=0+}) -- 0x7f107419f6c0 con 0x7f107410b060
2024-04-26T23:39:08.791 INFO:teuthology.orchestra.run.smithi028.stdout:/usr/bin/ceph: stderr
2024-04-26T23:39:06.786+0000 7f1070c00700 1 -- 172.21.15.28:0/235386547 <== mon.0 v2:172.21.15.28:3300/0 2 ==== config(25 keys) ==== 1032+0+0 (secure 0 0 0) 0x7f106401a8a0 con 0x7f107410b060
2024-04-26T23:39:08.792 INFO:teuthology.orchestra.run.smithi028.stdout:/usr/bin/ceph: stderr
2024-04-26T23:39:06.786+0000 7f1070c00700 1 -- 172.21.15.28:0/235386547 <== mon.0 v2:172.21.15.28:3300/0 3 ==== mon_map magic: 0 ==== 205+0+0 (secure 0 0 0) 0x7f1064024830 con 0x7f107410b060
2024-04-26T23:39:08.792 INFO:teuthology.orchestra.run.smithi028.stdout:/usr/bin/ceph: stderr
2024-04-26T23:39:06.786+0000 7f107a000700 1 -- 172.21.15.28:0/235386547 --> [v2:172.21.15.28:3300/0,v1:172.21.15.28:6789/0] -- mon_subscribe({osdmap=0}) -- 0x7f10741a23b0 con 0x7f107410b060
2024-04-26T23:39:08.792 INFO:teuthology.orchestra.run.smithi028.stdout:/usr/bin/ceph: stderr
2024-04-26T23:39:06.788+0000 7f107a000700 1 -- 172.21.15.28:0/235386547 --> [v2:172.21.15.28:3300/0,v1:172.21.15.28:6789/0] -- mon_command({"prefix": "get_command_descriptions"} v 0) -- 0x7f1074064a80 con 0x7f107410b060
2024-04-26T23:39:08.792 INFO:teuthology.orchestra.run.smithi028.stdout:/usr/bin/ceph: stderr
2024-04-26T23:39:06.788+0000 7f1070c00700 1 -- 172.21.15.28:0/235386547 <== mon.0 v2:172.21.15.28:3300/0 4 ==== mgrmap(e 8) ==== 46558+0+0 (secure 0 0 0) 0x7f1064022020 con 0x7f107410b060
2024-04-26T23:39:08.792 INFO:teuthology.orchestra.run.smithi028.stdout:/usr/bin/ceph: stderr
2024-04-26T23:39:06.788+0000 7f1070c00700 1 --2- 172.21.15.28:0/235386547 >> [v2:172.21.15.28:6800/1485806818,v1:172.21.15.28:6801/1485806818] conn(0x7f10580395b0 0x7f105803ba70 unknown :-1 s=NONE pgs=0 cs=0 l=1 rev1=0 crypto rx=0 tx=0 comp rx=0 tx=0).connect
2024-04-26T23:39:08.792 INFO:teuthology.orchestra.run.smithi028.stdout:/usr/bin/ceph: stderr
2024-04-26T23:39:06.789+0000 7f1070c00700 1 -- 172.21.15.28:0/235386547 <== mon.0 v2:172.21.15.28:3300/0 5 ==== osd_map(2..2 src has 1..2) ==== 940+0+0 (secure 0 0 0) 0x7f106404da70 con 0x7f107410b060
2024-04-26T23:39:08.792 INFO:teuthology.orchestra.run.smithi028.stdout:/usr/bin/ceph: stderr
2024-04-26T23:39:06.789+0000 7f106be00700 1 --2- 172.21.15.28:0/235386547 >> [v2:172.21.15.28:6800/1485806818,v1:172.21.15.28:6801/1485806818] conn(0x7f10580395b0 0x7f105803ba70 unknown :-1 s=BANNER_CONNECTING pgs=0 cs=0 l=1 rev1=0 crypto rx=0 tx=0 comp rx=0 tx=0)._handle_peer_banner_payload supported=3 required=0
2024-04-26T23:39:08.792 INFO:teuthology.orchestra.run.smithi028.stdout:/usr/bin/ceph: stderr
2024-04-26T23:39:06.790+0000 7f106be00700 1 --2- 172.21.15.28:0/235386547 >> [v2:172.21.15.28:6800/1485806818,v1:172.21.15.28:6801/1485806818] conn(0x7f10580395b0 0x7f105803ba70 secure :-1 s=READY pgs=12 cs=0 l=1 rev1=1 crypto rx=0x7f105c006fd0 tx=0x7f105c006e40 comp rx=0 tx=0).ready entity=mgr.14120 client_cookie=0 server_cookie=0 in_seq=0 out_seq=0
2024-04-26T23:39:08.792 INFO:teuthology.orchestra.run.smithi028.stdout:/usr/bin/ceph: stderr
2024-04-26T23:39:06.795+0000 7f1070c00700 1 -- 172.21.15.28:0/235386547 <== mon.0 v2:172.21.15.28:3300/0 6 ==== mon_command_ack([{"prefix": "get_command_descriptions"}]=0 v0) ==== 72+0+188494 (secure 0 0 0) 0x7f106402c3a0 con 0x7f107410b060
2024-04-26T23:39:08.792 INFO:teuthology.orchestra.run.smithi028.stdout:/usr/bin/ceph: stderr
2024-04-26T23:39:07.066+0000 7f107a000700 1 -- 172.21.15.28:0/235386547 --> [v2:172.21.15.28:6800/1485806818,v1:172.21.15.28:6801/1485806818] -- mgr_command(tid 0: {"prefix": "orch apply", "service_type": "mon", "unmanaged": true, "target": ["mon-mgr", ""]}) -- 0x7f1074108b60 con 0x7f10580395b0
2024-04-26T23:39:08.792 INFO:teuthology.orchestra.run.smithi028.stdout:/usr/bin/ceph: stderr
2024-04-26T23:39:07.072+0000 7f1070c00700 1 -- 172.21.15.28:0/235386547 <== mgr.14120 v2:172.21.15.28:6800/1485806818 1 ==== mgr_command_reply(tid 0: 0 ) ==== 8+0+24 (secure 0 0 0) 0x7f1074108b60 con 0x7f10580395b0
2024-04-26T23:39:08.792 INFO:teuthology.orchestra.run.smithi028.stdout:/usr/bin/ceph: stderr
2024-04-26T23:39:07.075+0000 7f107a000700 1 -- 172.21.15.28:0/235386547 >> [v2:172.21.15.28:6800/1485806818,v1:172.21.15.28:6801/1485806818] conn(0x7f10580395b0 msgr2=0x7f105803ba70 secure :-1 s=STATE_CONNECTION_ESTABLISHED l=1).mark_down
2024-04-26T23:39:08.793 INFO:teuthology.orchestra.run.smithi028.stdout:/usr/bin/ceph: stderr
2024-04-26T23:39:07.075+0000 7f107a000700 1 --2- 172.21.15.28:0/235386547 >> [v2:172.21.15.28:6800/1485806818,v1:172.21.15.28:6801/1485806818] conn(0x7f10580395b0 0x7f105803ba70 secure :-1 s=READY pgs=12 cs=0 l=1 rev1=1 crypto rx=0x7f105c006fd0 tx=0x7f105c006e40 comp rx=0 tx=0).stop
2024-04-26T23:39:08.793 INFO:teuthology.orchestra.run.smithi028.stdout:/usr/bin/ceph: stderr
2024-04-26T23:39:07.075+0000 7f107a000700 1 -- 172.21.15.28:0/235386547 >> [v2:172.21.15.28:3300/0,v1:172.21.15.28:6789/0] conn(0x7f107410b060 msgr2=0x7f107419eef0 secure :-1 s=STATE_CONNECTION_ESTABLISHED l=1).mark_down
2024-04-26T23:39:08.793 INFO:teuthology.orchestra.run.smithi028.stdout:/usr/bin/ceph: stderr
2024-04-26T23:39:07.075+0000 7f107a000700 1 --2- 172.21.15.28:0/235386547 >> [v2:172.21.15.28:3300/0,v1:172.21.15.28:6789/0] conn(0x7f107410b060 0x7f107419eef0 secure :-1 s=READY pgs=48 cs=0 l=1 rev1=1 crypto rx=0x7f10640119b0 tx=0x7f1064011a90 comp rx=0 tx=0).stop
2024-04-26T23:39:08.793 INFO:teuthology.orchestra.run.smithi028.stdout:/usr/bin/ceph: stderr
2024-04-26T23:39:07.076+0000 7f107a000700 1 -- 172.21.15.28:0/235386547 shutdown_connections
2024-04-26T23:39:08.793 INFO:teuthology.orchestra.run.smithi028.stdout:/usr/bin/ceph: stderr
2024-04-26T23:39:07.076+0000 7f107a000700 1 --2- 172.21.15.28:0/235386547 >> [v2:172.21.15.28:6800/1485806818,v1:172.21.15.28:6801/1485806818] conn(0x7f10580395b0 0x7f105803ba70 unknown :-1 s=CLOSED pgs=12 cs=0 l=1 rev1=1 crypto rx=0 tx=0 comp rx=0 tx=0).stop
2024-04-26T23:39:08.793 INFO:teuthology.orchestra.run.smithi028.stdout:/usr/bin/ceph: stderr
2024-04-26T23:39:07.076+0000 7f107a000700 1 --2- 172.21.15.28:0/235386547 >> [v2:172.21.15.28:3300/0,v1:172.21.15.28:6789/0] conn(0x7f107410b060 0x7f107419eef0 unknown :-1 s=CLOSED pgs=48 cs=0 l=1 rev1=1 crypto rx=0 tx=0 comp rx=0 tx=0).stop
2024-04-26T23:39:08.793 INFO:teuthology.orchestra.run.smithi028.stdout:/usr/bin/ceph: stderr
2024-04-26T23:39:07.076+0000 7f107a000700 1 -- 172.21.15.28:0/235386547 >> 172.21.15.28:0/235386547 conn(0x7f107407e470 msgr2=0x7f1074108450 unknown :-1 s=STATE_NONE l=0).mark_down
2024-04-26T23:39:08.793 INFO:teuthology.orchestra.run.smithi028.stdout:/usr/bin/ceph: stderr
2024-04-26T23:39:07.076+0000 7f107a000700 1 -- 172.21.15.28:0/235386547 shutdown_connections
2024-04-26T23:39:08.793 INFO:teuthology.orchestra.run.smithi028.stdout:/usr/bin/ceph: stderr
2024-04-26T23:39:07.076+0000 7f107a000700 1 -- 172.21.15.28:0/235386547 wait complete.
2024-04-26T23:39:08.793 INFO:teuthology.orchestra.run.smithi028.stdout:Deploying unmanaged mgr service...
2024-04-26T23:39:10.219 INFO:journalctl@ceph.mon.a.smithi028.stdout:Apr 26 23:39:09 smithi028 ceph-mon[28080]: from='mgr.14120 172.21.15.28:0/1145340110' entity='mgr.x'
2024-04-26T23:39:10.219 INFO:journalctl@ceph.mon.a.smithi028.stdout:Apr 26 23:39:09 smithi028 ceph-mon[28080]: from='mgr.14120 172.21.15.28:0/1145340110' entity='mgr.x'
2024-04-26T23:39:10.219 INFO:journalctl@ceph.mon.a.smithi028.stdout:Apr 26 23:39:09 smithi028 ceph-mon[28080]: from='mgr.14120 172.21.15.28:0/1145340110' entity='mgr.x'
2024-04-26T23:39:10.511 INFO:teuthology.orchestra.run.smithi028.stdout:/usr/bin/ceph: stdout Scheduled mgr update...
2024-04-26T23:39:10.511 INFO:teuthology.orchestra.run.smithi028.stdout:/usr/bin/ceph: stderr
2024-04-26T23:39:09.519+0000 7fc289c00700 1 Processor -- start
2024-04-26T23:39:10.511 INFO:teuthology.orchestra.run.smithi028.stdout:/usr/bin/ceph: stderr
2024-04-26T23:39:09.520+0000 7fc289c00700 1 -- start start
2024-04-26T23:39:10.511 INFO:teuthology.orchestra.run.smithi028.stdout:/usr/bin/ceph: stderr
2024-04-26T23:39:09.520+0000 7fc289c00700 1 --2- >> [v2:172.21.15.28:3300/0,v1:172.21.15.28:6789/0] conn(0x7fc28407ee60 0x7fc28407d2c0 unknown :-1 s=NONE pgs=0 cs=0 l=0 rev1=0 crypto rx=0 tx=0 comp rx=0 tx=0).connect
2024-04-26T23:39:10.511 INFO:teuthology.orchestra.run.smithi028.stdout:/usr/bin/ceph: stderr
2024-04-26T23:39:09.520+0000 7fc289c00700 1 -- --> [v2:172.21.15.28:3300/0,v1:172.21.15.28:6789/0] -- mon_getmap magic: 0 -- 0x7fc28407d890 con 0x7fc28407ee60
2024-04-26T23:39:10.512 INFO:teuthology.orchestra.run.smithi028.stdout:/usr/bin/ceph: stderr
2024-04-26T23:39:09.520+0000 7fc282a00700 1 --2- >> [v2:172.21.15.28:3300/0,v1:172.21.15.28:6789/0] conn(0x7fc28407ee60 0x7fc28407d2c0 unknown :-1 s=BANNER_CONNECTING pgs=0 cs=0 l=0 rev1=0 crypto rx=0 tx=0 comp rx=0 tx=0)._handle_peer_banner_payload supported=3 required=0
2024-04-26T23:39:10.512 INFO:teuthology.orchestra.run.smithi028.stdout:/usr/bin/ceph: stderr
2024-04-26T23:39:09.521+0000 7fc282a00700 1 --2- >> [v2:172.21.15.28:3300/0,v1:172.21.15.28:6789/0] conn(0x7fc28407ee60 0x7fc28407d2c0 unknown :-1 s=HELLO_CONNECTING pgs=0 cs=0 l=0 rev1=1 crypto rx=0 tx=0 comp rx=0 tx=0).handle_hello peer v2:172.21.15.28:3300/0 says I am v2:172.21.15.28:54500/0 (socket says 172.21.15.28:54500)
2024-04-26T23:39:10.512 INFO:teuthology.orchestra.run.smithi028.stdout:/usr/bin/ceph: stderr
2024-04-26T23:39:09.521+0000 7fc282a00700 1 -- 172.21.15.28:0/3825492553 learned_addr learned my addr 172.21.15.28:0/3825492553 (peer_addr_for_me v2:172.21.15.28:0/0)
2024-04-26T23:39:10.512 INFO:teuthology.orchestra.run.smithi028.stdout:/usr/bin/ceph: stderr
2024-04-26T23:39:09.521+0000 7fc282a00700 1 -- 172.21.15.28:0/3825492553 --> [v2:172.21.15.28:3300/0,v1:172.21.15.28:6789/0] -- mon_subscribe({config=0+,monmap=0+}) -- 0x7fc28407da10 con 0x7fc28407ee60
2024-04-26T23:39:10.512 INFO:teuthology.orchestra.run.smithi028.stdout:/usr/bin/ceph: stderr
2024-04-26T23:39:09.521+0000 7fc282a00700 1 --2- 172.21.15.28:0/3825492553 >> [v2:172.21.15.28:3300/0,v1:172.21.15.28:6789/0] conn(0x7fc28407ee60 0x7fc28407d2c0 secure :-1 s=READY pgs=49 cs=0 l=1 rev1=1 crypto rx=0x7fc2740098a0 tx=0x7fc274009bb0 comp rx=0 tx=0).ready entity=mon.0 client_cookie=aa0e5f7903053f9a server_cookie=0 in_seq=0 out_seq=0
2024-04-26T23:39:10.512 INFO:teuthology.orchestra.run.smithi028.stdout:/usr/bin/ceph: stderr
2024-04-26T23:39:09.522+0000 7fc281600700 1 -- 172.21.15.28:0/3825492553 <== mon.0 v2:172.21.15.28:3300/0 1 ==== mon_map magic: 0 ==== 205+0+0 (secure 0 0 0) 0x7fc274004160 con 0x7fc28407ee60
2024-04-26T23:39:10.512 INFO:teuthology.orchestra.run.smithi028.stdout:/usr/bin/ceph: stderr
2024-04-26T23:39:09.522+0000 7fc281600700 1 -- 172.21.15.28:0/3825492553 <== mon.0 v2:172.21.15.28:3300/0 2 ==== config(25 keys) ==== 1063+0+0 (secure 0 0 0) 0x7fc274004300 con 0x7fc28407ee60
2024-04-26T23:39:10.512 INFO:teuthology.orchestra.run.smithi028.stdout:/usr/bin/ceph: stderr
2024-04-26T23:39:09.522+0000 7fc281600700 1 -- 172.21.15.28:0/3825492553 <== mon.0 v2:172.21.15.28:3300/0 3 ==== mon_map magic: 0 ==== 205+0+0 (secure 0 0 0) 0x7fc274011960 con 0x7fc28407ee60
2024-04-26T23:39:10.512 INFO:teuthology.orchestra.run.smithi028.stdout:/usr/bin/ceph: stderr
2024-04-26T23:39:09.523+0000 7fc289c00700 1 -- 172.21.15.28:0/3825492553 >> [v2:172.21.15.28:3300/0,v1:172.21.15.28:6789/0] conn(0x7fc28407ee60 msgr2=0x7fc28407d2c0 secure :-1 s=STATE_CONNECTION_ESTABLISHED l=1).mark_down
2024-04-26T23:39:10.512 INFO:teuthology.orchestra.run.smithi028.stdout:/usr/bin/ceph: stderr
2024-04-26T23:39:09.523+0000 7fc289c00700 1 --2- 172.21.15.28:0/3825492553 >> [v2:172.21.15.28:3300/0,v1:172.21.15.28:6789/0] conn(0x7fc28407ee60 0x7fc28407d2c0 secure :-1 s=READY pgs=49 cs=0 l=1 rev1=1 crypto rx=0x7fc2740098a0 tx=0x7fc274009bb0 comp rx=0 tx=0).stop
2024-04-26T23:39:10.512 INFO:teuthology.orchestra.run.smithi028.stdout:/usr/bin/ceph: stderr
2024-04-26T23:39:09.523+0000 7fc289c00700 1 -- 172.21.15.28:0/3825492553 shutdown_connections
2024-04-26T23:39:10.512 INFO:teuthology.orchestra.run.smithi028.stdout:/usr/bin/ceph: stderr
2024-04-26T23:39:09.523+0000 7fc289c00700 1 --2- 172.21.15.28:0/3825492553 >> [v2:172.21.15.28:3300/0,v1:172.21.15.28:6789/0] conn(0x7fc28407ee60 0x7fc28407d2c0 unknown :-1 s=CLOSED pgs=49 cs=0 l=1 rev1=1 crypto rx=0 tx=0 comp rx=0 tx=0).stop
2024-04-26T23:39:10.512 INFO:teuthology.orchestra.run.smithi028.stdout:/usr/bin/ceph: stderr
2024-04-26T23:39:09.523+0000 7fc289c00700 1 -- 172.21.15.28:0/3825492553 >> 172.21.15.28:0/3825492553 conn(0x7fc284104380 msgr2=0x7fc284106800 unknown :-1 s=STATE_NONE l=0).mark_down
2024-04-26T23:39:10.512 INFO:teuthology.orchestra.run.smithi028.stdout:/usr/bin/ceph: stderr
2024-04-26T23:39:09.523+0000 7fc289c00700 1 -- 172.21.15.28:0/3825492553 shutdown_connections
2024-04-26T23:39:10.512 INFO:teuthology.orchestra.run.smithi028.stdout:/usr/bin/ceph: stderr
2024-04-26T23:39:09.523+0000 7fc289c00700 1 -- 172.21.15.28:0/3825492553 wait complete.
2024-04-26T23:39:10.513 INFO:teuthology.orchestra.run.smithi028.stdout:/usr/bin/ceph: stderr
2024-04-26T23:39:09.524+0000 7fc289c00700 1 Processor -- start
2024-04-26T23:39:10.513 INFO:teuthology.orchestra.run.smithi028.stdout:/usr/bin/ceph: stderr
2024-04-26T23:39:09.525+0000 7fc289c00700 1 -- start start
2024-04-26T23:39:10.513 INFO:teuthology.orchestra.run.smithi028.stdout:/usr/bin/ceph: stderr
2024-04-26T23:39:09.525+0000 7fc289c00700 1 --2- >> [v2:172.21.15.28:3300/0,v1:172.21.15.28:6789/0] conn(0x7fc28407ee60 0x7fc28419ef20 unknown :-1 s=NONE pgs=0 cs=0 l=1 rev1=0 crypto rx=0 tx=0 comp rx=0 tx=0).connect
2024-04-26T23:39:10.513 INFO:teuthology.orchestra.run.smithi028.stdout:/usr/bin/ceph: stderr
2024-04-26T23:39:09.525+0000 7fc289c00700 1 -- --> [v2:172.21.15.28:3300/0,v1:172.21.15.28:6789/0] -- mon_getmap magic: 0 -- 0x7fc28410f3e0 con 0x7fc28407ee60
2024-04-26T23:39:10.513 INFO:teuthology.orchestra.run.smithi028.stdout:/usr/bin/ceph: stderr
2024-04-26T23:39:09.525+0000 7fc282a00700 1 --2- >> [v2:172.21.15.28:3300/0,v1:172.21.15.28:6789/0] conn(0x7fc28407ee60 0x7fc28419ef20 unknown :-1 s=BANNER_CONNECTING pgs=0 cs=0 l=1 rev1=0 crypto rx=0 tx=0 comp rx=0 tx=0)._handle_peer_banner_payload supported=3 required=0
2024-04-26T23:39:10.513 INFO:teuthology.orchestra.run.smithi028.stdout:/usr/bin/ceph: stderr
2024-04-26T23:39:09.525+0000 7fc282a00700 1 --2- >> [v2:172.21.15.28:3300/0,v1:172.21.15.28:6789/0] conn(0x7fc28407ee60 0x7fc28419ef20 unknown :-1 s=HELLO_CONNECTING pgs=0 cs=0 l=1 rev1=1 crypto rx=0 tx=0 comp rx=0 tx=0).handle_hello peer v2:172.21.15.28:3300/0 says I am v2:172.21.15.28:54516/0 (socket says 172.21.15.28:54516)
2024-04-26T23:39:10.513 INFO:teuthology.orchestra.run.smithi028.stdout:/usr/bin/ceph: stderr
2024-04-26T23:39:09.525+0000 7fc282a00700 1 -- 172.21.15.28:0/1568061198 learned_addr learned my addr 172.21.15.28:0/1568061198 (peer_addr_for_me v2:172.21.15.28:0/0)
2024-04-26T23:39:10.513 INFO:teuthology.orchestra.run.smithi028.stdout:/usr/bin/ceph: stderr
2024-04-26T23:39:09.526+0000 7fc282a00700 1 -- 172.21.15.28:0/1568061198 --> [v2:172.21.15.28:3300/0,v1:172.21.15.28:6789/0] -- mon_subscribe({config=0+,monmap=0+}) -- 0x7fc28419f460 con 0x7fc28407ee60
2024-04-26T23:39:10.513 INFO:teuthology.orchestra.run.smithi028.stdout:/usr/bin/ceph: stderr
2024-04-26T23:39:09.526+0000 7fc282a00700 1 --2- 172.21.15.28:0/1568061198 >> [v2:172.21.15.28:3300/0,v1:172.21.15.28:6789/0] conn(0x7fc28407ee60 0x7fc28419ef20 secure :-1 s=READY pgs=50 cs=0 l=1 rev1=1 crypto rx=0x7fc274011670 tx=0x7fc274011a30 comp rx=0 tx=0).ready entity=mon.0 client_cookie=0 server_cookie=0 in_seq=0 out_seq=0
2024-04-26T23:39:10.513 INFO:teuthology.orchestra.run.smithi028.stdout:/usr/bin/ceph: stderr
2024-04-26T23:39:09.526+0000 7fc27b400700 1 -- 172.21.15.28:0/1568061198 <== mon.0 v2:172.21.15.28:3300/0 1 ==== mon_map magic: 0 ==== 205+0+0 (secure 0 0 0) 0x7fc27401f070 con 0x7fc28407ee60
2024-04-26T23:39:10.513 INFO:teuthology.orchestra.run.smithi028.stdout:/usr/bin/ceph: stderr
2024-04-26T23:39:09.526+0000 7fc27b400700 1 -- 172.21.15.28:0/1568061198 <== mon.0 v2:172.21.15.28:3300/0 2 ==== config(25 keys) ==== 1063+0+0 (secure 0 0 0) 0x7fc274003b20 con 0x7fc28407ee60
2024-04-26T23:39:10.513 INFO:teuthology.orchestra.run.smithi028.stdout:/usr/bin/ceph: stderr
2024-04-26T23:39:09.526+0000 7fc27b400700 1 -- 172.21.15.28:0/1568061198 <== mon.0 v2:172.21.15.28:3300/0 3 ==== mon_map magic: 0 ==== 205+0+0 (secure 0 0 0) 0x7fc2740195f0 con 0x7fc28407ee60
2024-04-26T23:39:10.513 INFO:teuthology.orchestra.run.smithi028.stdout:/usr/bin/ceph: stderr
2024-04-26T23:39:09.526+0000 7fc289c00700 1 -- 172.21.15.28:0/1568061198 --> [v2:172.21.15.28:3300/0,v1:172.21.15.28:6789/0] -- mon_subscribe({mgrmap=0+}) -- 0x7fc28419f6f0 con 0x7fc28407ee60
2024-04-26T23:39:10.514 INFO:teuthology.orchestra.run.smithi028.stdout:/usr/bin/ceph: stderr
2024-04-26T23:39:09.527+0000 7fc289c00700 1 -- 172.21.15.28:0/1568061198 --> [v2:172.21.15.28:3300/0,v1:172.21.15.28:6789/0] -- mon_subscribe({osdmap=0}) -- 0x7fc2841a23e0 con 0x7fc28407ee60
2024-04-26T23:39:10.514 INFO:teuthology.orchestra.run.smithi028.stdout:/usr/bin/ceph: stderr
2024-04-26T23:39:09.528+0000 7fc289c00700 1 -- 172.21.15.28:0/1568061198 --> [v2:172.21.15.28:3300/0,v1:172.21.15.28:6789/0] -- mon_command({"prefix": "get_command_descriptions"} v 0) -- 0x7fc284064a80 con 0x7fc28407ee60
2024-04-26T23:39:10.514 INFO:teuthology.orchestra.run.smithi028.stdout:/usr/bin/ceph: stderr
2024-04-26T23:39:09.528+0000 7fc27b400700 1 -- 172.21.15.28:0/1568061198 <== mon.0 v2:172.21.15.28:3300/0 4 ==== mgrmap(e 8) ==== 46558+0+0 (secure 0 0 0) 0x7fc274022070 con 0x7fc28407ee60
2024-04-26T23:39:10.514 INFO:teuthology.orchestra.run.smithi028.stdout:/usr/bin/ceph: stderr
2024-04-26T23:39:09.529+0000 7fc27b400700 1 --2- 172.21.15.28:0/1568061198 >> [v2:172.21.15.28:6800/1485806818,v1:172.21.15.28:6801/1485806818] conn(0x7fc268039600 0x7fc26803bac0 unknown :-1 s=NONE pgs=0 cs=0 l=1 rev1=0 crypto rx=0 tx=0 comp rx=0 tx=0).connect
2024-04-26T23:39:10.514 INFO:teuthology.orchestra.run.smithi028.stdout:/usr/bin/ceph: stderr
2024-04-26T23:39:09.529+0000 7fc27b400700 1 -- 172.21.15.28:0/1568061198 <== mon.0 v2:172.21.15.28:3300/0 5 ==== osd_map(2..2 src has 1..2) ==== 940+0+0 (secure 0 0 0) 0x7fc27404db10 con 0x7fc28407ee60
2024-04-26T23:39:10.514 INFO:teuthology.orchestra.run.smithi028.stdout:/usr/bin/ceph: stderr
2024-04-26T23:39:09.529+0000 7fc282000700 1 --2- 172.21.15.28:0/1568061198 >> [v2:172.21.15.28:6800/1485806818,v1:172.21.15.28:6801/1485806818] conn(0x7fc268039600 0x7fc26803bac0 unknown :-1 s=BANNER_CONNECTING pgs=0 cs=0 l=1 rev1=0 crypto rx=0 tx=0 comp rx=0 tx=0)._handle_peer_banner_payload supported=3 required=0
2024-04-26T23:39:10.514 INFO:teuthology.orchestra.run.smithi028.stdout:/usr/bin/ceph: stderr
2024-04-26T23:39:09.530+0000 7fc282000700 1 --2- 172.21.15.28:0/1568061198 >> [v2:172.21.15.28:6800/1485806818,v1:172.21.15.28:6801/1485806818] conn(0x7fc268039600 0x7fc26803bac0 secure :-1 s=READY pgs=13 cs=0 l=1 rev1=1 crypto rx=0x7fc270006fd0 tx=0x7fc270006e40 comp rx=0 tx=0).ready entity=mgr.14120 client_cookie=0 server_cookie=0 in_seq=0 out_seq=0
2024-04-26T23:39:10.514 INFO:teuthology.orchestra.run.smithi028.stdout:/usr/bin/ceph: stderr
2024-04-26T23:39:09.535+0000 7fc27b400700 1 -- 172.21.15.28:0/1568061198 <== mon.0 v2:172.21.15.28:3300/0 6 ==== mon_command_ack([{"prefix": "get_command_descriptions"}]=0 v0) ==== 72+0+188494 (secure 0 0 0) 0x7fc27404d460 con 0x7fc28407ee60
2024-04-26T23:39:10.514 INFO:teuthology.orchestra.run.smithi028.stdout:/usr/bin/ceph: stderr
2024-04-26T23:39:09.783+0000 7fc289c00700 1 -- 172.21.15.28:0/1568061198 --> [v2:172.21.15.28:6800/1485806818,v1:172.21.15.28:6801/1485806818] -- mgr_command(tid 0: {"prefix": "orch apply", "service_type": "mgr", "unmanaged": true, "target": ["mon-mgr", ""]}) -- 0x7fc284105600 con 0x7fc268039600
2024-04-26T23:39:10.514 INFO:teuthology.orchestra.run.smithi028.stdout:/usr/bin/ceph: stderr
2024-04-26T23:39:09.791+0000 7fc27b400700 1 -- 172.21.15.28:0/1568061198 <== mgr.14120 v2:172.21.15.28:6800/1485806818 1 ==== mgr_command_reply(tid 0: 0 ) ==== 8+0+24 (secure 0 0 0) 0x7fc284105600 con 0x7fc268039600
2024-04-26T23:39:10.514 INFO:teuthology.orchestra.run.smithi028.stdout:/usr/bin/ceph: stderr
2024-04-26T23:39:09.794+0000 7fc289c00700 1 -- 172.21.15.28:0/1568061198 >> [v2:172.21.15.28:6800/1485806818,v1:172.21.15.28:6801/1485806818] conn(0x7fc268039600 msgr2=0x7fc26803bac0 secure :-1 s=STATE_CONNECTION_ESTABLISHED l=1).mark_down
2024-04-26T23:39:10.514 INFO:teuthology.orchestra.run.smithi028.stdout:/usr/bin/ceph: stderr
2024-04-26T23:39:09.794+0000 7fc289c00700 1 --2- 172.21.15.28:0/1568061198 >> [v2:172.21.15.28:6800/1485806818,v1:172.21.15.28:6801/1485806818] conn(0x7fc268039600 0x7fc26803bac0 secure :-1 s=READY pgs=13 cs=0 l=1 rev1=1 crypto rx=0x7fc270006fd0 tx=0x7fc270006e40 comp rx=0 tx=0).stop
2024-04-26T23:39:10.514 INFO:teuthology.orchestra.run.smithi028.stdout:/usr/bin/ceph: stderr
2024-04-26T23:39:09.794+0000 7fc289c00700 1 -- 172.21.15.28:0/1568061198 >> [v2:172.21.15.28:3300/0,v1:172.21.15.28:6789/0] conn(0x7fc28407ee60 msgr2=0x7fc28419ef20 secure :-1 s=STATE_CONNECTION_ESTABLISHED l=1).mark_down
2024-04-26T23:39:10.514 INFO:teuthology.orchestra.run.smithi028.stdout:/usr/bin/ceph: stderr
2024-04-26T23:39:09.794+0000 7fc289c00700 1 --2- 172.21.15.28:0/1568061198 >> [v2:172.21.15.28:3300/0,v1:172.21.15.28:6789/0] conn(0x7fc28407ee60 0x7fc28419ef20 secure :-1 s=READY pgs=50 cs=0 l=1 rev1=1 crypto rx=0x7fc274011670 tx=0x7fc274011a30 comp rx=0 tx=0).stop
2024-04-26T23:39:10.515 INFO:teuthology.orchestra.run.smithi028.stdout:/usr/bin/ceph: stderr
2024-04-26T23:39:09.794+0000 7fc289c00700 1 -- 172.21.15.28:0/1568061198 shutdown_connections
2024-04-26T23:39:10.515 INFO:teuthology.orchestra.run.smithi028.stdout:/usr/bin/ceph: stderr
2024-04-26T23:39:09.795+0000 7fc289c00700 1 --2- 172.21.15.28:0/1568061198 >> [v2:172.21.15.28:6800/1485806818,v1:172.21.15.28:6801/1485806818] conn(0x7fc268039600 0x7fc26803bac0 unknown :-1 s=CLOSED pgs=13 cs=0 l=1 rev1=1 crypto rx=0 tx=0 comp rx=0 tx=0).stop
2024-04-26T23:39:10.515 INFO:teuthology.orchestra.run.smithi028.stdout:/usr/bin/ceph: stderr
2024-04-26T23:39:09.795+0000 7fc289c00700 1 --2- 172.21.15.28:0/1568061198 >> [v2:172.21.15.28:3300/0,v1:172.21.15.28:6789/0] conn(0x7fc28407ee60 0x7fc28419ef20 unknown :-1 s=CLOSED pgs=50 cs=0 l=1 rev1=1 crypto rx=0 tx=0 comp rx=0 tx=0).stop
2024-04-26T23:39:10.515 INFO:teuthology.orchestra.run.smithi028.stdout:/usr/bin/ceph: stderr
2024-04-26T23:39:09.795+0000 7fc289c00700 1 -- 172.21.15.28:0/1568061198 >> 172.21.15.28:0/1568061198 conn(0x7fc284104380 msgr2=0x7fc284104ef0 unknown :-1 s=STATE_NONE l=0).mark_down
2024-04-26T23:39:10.515 INFO:teuthology.orchestra.run.smithi028.stdout:/usr/bin/ceph: stderr
2024-04-26T23:39:09.795+0000 7fc289c00700 1 -- 172.21.15.28:0/1568061198 shutdown_connections
2024-04-26T23:39:10.515 INFO:teuthology.orchestra.run.smithi028.stdout:/usr/bin/ceph: stderr
2024-04-26T23:39:09.795+0000 7fc289c00700 1 -- 172.21.15.28:0/1568061198 wait complete.
2024-04-26T23:39:11.170 INFO:journalctl@ceph.mon.a.smithi028.stdout:Apr 26 23:39:10 smithi028 ceph-mon[28080]: pgmap v3: 0 pgs: ; 0 B data, 0 B used, 0 B / 0 B avail
2024-04-26T23:39:11.170 INFO:journalctl@ceph.mon.a.smithi028.stdout:Apr 26 23:39:10 smithi028 ceph-mon[28080]: from='client.14144 -' entity='client.admin' cmd=[{"prefix": "orch apply", "service_type": "mgr", "unmanaged": true, "target": ["mon-mgr", ""]}]: dispatch
2024-04-26T23:39:11.170 INFO:journalctl@ceph.mon.a.smithi028.stdout:Apr 26 23:39:10 smithi028 ceph-mon[28080]: Saving service mgr spec with placement count:2
2024-04-26T23:39:12.422 INFO:journalctl@ceph.mon.a.smithi028.stdout:Apr 26 23:39:12 smithi028 ceph-mon[28080]: pgmap v4: 0 pgs: ; 0 B data, 0 B used, 0 B / 0 B avail
2024-04-26T23:39:12.422 INFO:journalctl@ceph.mon.a.smithi028.stdout:Apr 26 23:39:12 smithi028 ceph-mon[28080]: from='client.? 172.21.15.28:0/3785619734' entity='client.admin'
