2024-04-26T23:39:29.265 INFO:teuthology.orchestra.run.smithi028.stdout:/usr/bin/ceph: stderr
2024-04-26T23:39:28.217+0000 7f3d7f400700 1 -- 172.21.15.28:0/1637140665 --> [v2:172.21.15.28:3300/0,v1:172.21.15.28:6789/0] -- mon_subscribe({config=0+,monmap=0+}) -- 0x7f3d80109f80 con 0x7f3d80108e20
2024-04-26T23:39:29.265 INFO:teuthology.orchestra.run.smithi028.stdout:/usr/bin/ceph: stderr
2024-04-26T23:39:28.218+0000 7f3d7f400700 1 --2- 172.21.15.28:0/1637140665 >> [v2:172.21.15.28:3300/0,v1:172.21.15.28:6789/0] conn(0x7f3d80108e20 0x7f3d80109240 secure :-1 s=READY pgs=70 cs=0 l=1 rev1=1 crypto rx=0x7f3d700098a0 tx=0x7f3d70009bb0 comp rx=0 tx=0).ready entity=mon.0 client_cookie=9229e7feb1d6ac89 server_cookie=0 in_seq=0 out_seq=0
2024-04-26T23:39:29.266 INFO:teuthology.orchestra.run.smithi028.stdout:/usr/bin/ceph: stderr
2024-04-26T23:39:28.218+0000 7f3d7e000700 1 -- 172.21.15.28:0/1637140665 <== mon.0 v2:172.21.15.28:3300/0 1 ==== mon_map magic: 0 ==== 205+0+0 (secure 0 0 0) 0x7f3d70004160 con 0x7f3d80108e20
2024-04-26T23:39:29.266 INFO:teuthology.orchestra.run.smithi028.stdout:/usr/bin/ceph: stderr
2024-04-26T23:39:28.218+0000 7f3d7e000700 1 -- 172.21.15.28:0/1637140665 <== mon.0 v2:172.21.15.28:3300/0 2 ==== config(25 keys) ==== 1063+0+0 (secure 0 0 0) 0x7f3d70004300 con 0x7f3d80108e20
2024-04-26T23:39:29.266 INFO:teuthology.orchestra.run.smithi028.stdout:/usr/bin/ceph: stderr
2024-04-26T23:39:28.218+0000 7f3d7e000700 1 -- 172.21.15.28:0/1637140665 <== mon.0 v2:172.21.15.28:3300/0 3 ==== mon_map magic: 0 ==== 205+0+0 (secure 0 0 0) 0x7f3d70011960 con 0x7f3d80108e20
2024-04-26T23:39:29.266 INFO:teuthology.orchestra.run.smithi028.stdout:/usr/bin/ceph: stderr
2024-04-26T23:39:28.219+0000 7f3d86200700 1 -- 172.21.15.28:0/1637140665 >> [v2:172.21.15.28:3300/0,v1:172.21.15.28:6789/0] conn(0x7f3d80108e20 msgr2=0x7f3d80109240 secure :-1 s=STATE_CONNECTION_ESTABLISHED l=1).mark_down
2024-04-26T23:39:29.266 INFO:teuthology.orchestra.run.smithi028.stdout:/usr/bin/ceph: stderr
2024-04-26T23:39:28.219+0000 7f3d86200700 1 --2- 172.21.15.28:0/1637140665 >> [v2:172.21.15.28:3300/0,v1:172.21.15.28:6789/0] conn(0x7f3d80108e20 0x7f3d80109240 secure :-1 s=READY pgs=70 cs=0 l=1 rev1=1 crypto rx=0x7f3d700098a0 tx=0x7f3d70009bb0 comp rx=0 tx=0).stop
2024-04-26T23:39:29.266 INFO:teuthology.orchestra.run.smithi028.stdout:/usr/bin/ceph: stderr
2024-04-26T23:39:28.220+0000 7f3d86200700 1 -- 172.21.15.28:0/1637140665 shutdown_connections
2024-04-26T23:39:29.266 INFO:teuthology.orchestra.run.smithi028.stdout:/usr/bin/ceph: stderr
2024-04-26T23:39:28.220+0000 7f3d86200700 1 --2- 172.21.15.28:0/1637140665 >> [v2:172.21.15.28:3300/0,v1:172.21.15.28:6789/0] conn(0x7f3d80108e20 0x7f3d80109240 unknown :-1 s=CLOSED pgs=70 cs=0 l=1 rev1=1 crypto rx=0 tx=0 comp rx=0 tx=0).stop
2024-04-26T23:39:29.266 INFO:teuthology.orchestra.run.smithi028.stdout:/usr/bin/ceph: stderr
2024-04-26T23:39:28.220+0000 7f3d86200700 1 -- 172.21.15.28:0/1637140665 >> 172.21.15.28:0/1637140665 conn(0x7f3d801043c0 msgr2=0x7f3d80106800 unknown :-1 s=STATE_NONE l=0).mark_down
2024-04-26T23:39:29.266 INFO:teuthology.orchestra.run.smithi028.stdout:/usr/bin/ceph: stderr
2024-04-26T23:39:28.220+0000 7f3d86200700 1 -- 172.21.15.28:0/1637140665 shutdown_connections
2024-04-26T23:39:29.266 INFO:teuthology.orchestra.run.smithi028.stdout:/usr/bin/ceph: stderr
2024-04-26T23:39:28.220+0000 7f3d86200700 1 -- 172.21.15.28:0/1637140665 wait complete.
2024-04-26T23:39:29.266 INFO:teuthology.orchestra.run.smithi028.stdout:/usr/bin/ceph: stderr
2024-04-26T23:39:28.221+0000 7f3d86200700 1 Processor -- start
2024-04-26T23:39:29.266 INFO:teuthology.orchestra.run.smithi028.stdout:/usr/bin/ceph: stderr
2024-04-26T23:39:28.221+0000 7f3d86200700 1 -- start start
2024-04-26T23:39:29.267 INFO:teuthology.orchestra.run.smithi028.stdout:/usr/bin/ceph: stderr
2024-04-26T23:39:28.222+0000 7f3d86200700 1 --2- >> [v2:172.21.15.28:3300/0,v1:172.21.15.28:6789/0] conn(0x7f3d8019f2c0 0x7f3d8019f6e0 unknown :-1 s=NONE pgs=0 cs=0 l=1 rev1=0 crypto rx=0 tx=0 comp rx=0 tx=0).connect
2024-04-26T23:39:29.267 INFO:teuthology.orchestra.run.smithi028.stdout:/usr/bin/ceph: stderr
2024-04-26T23:39:28.222+0000 7f3d86200700 1 -- --> [v2:172.21.15.28:3300/0,v1:172.21.15.28:6789/0] -- mon_getmap magic: 0 -- 0x7f3d8010d240 con 0x7f3d8019f2c0
2024-04-26T23:39:29.267 INFO:teuthology.orchestra.run.smithi028.stdout:/usr/bin/ceph: stderr
2024-04-26T23:39:28.222+0000 7f3d7f400700 1 --2- >> [v2:172.21.15.28:3300/0,v1:172.21.15.28:6789/0] conn(0x7f3d8019f2c0 0x7f3d8019f6e0 unknown :-1 s=BANNER_CONNECTING pgs=0 cs=0 l=1 rev1=0 crypto rx=0 tx=0 comp rx=0 tx=0)._handle_peer_banner_payload supported=3 required=0
2024-04-26T23:39:29.267 INFO:teuthology.orchestra.run.smithi028.stdout:/usr/bin/ceph: stderr
2024-04-26T23:39:28.222+0000 7f3d7f400700 1 --2- >> [v2:172.21.15.28:3300/0,v1:172.21.15.28:6789/0] conn(0x7f3d8019f2c0 0x7f3d8019f6e0 unknown :-1 s=HELLO_CONNECTING pgs=0 cs=0 l=1 rev1=1 crypto rx=0 tx=0 comp rx=0 tx=0).handle_hello peer v2:172.21.15.28:3300/0 says I am v2:172.21.15.28:59852/0 (socket says 172.21.15.28:59852)
2024-04-26T23:39:29.267 INFO:teuthology.orchestra.run.smithi028.stdout:/usr/bin/ceph: stderr
2024-04-26T23:39:28.222+0000 7f3d7f400700 1 -- 172.21.15.28:0/214453594 learned_addr learned my addr 172.21.15.28:0/214453594 (peer_addr_for_me v2:172.21.15.28:0/0)
2024-04-26T23:39:29.267 INFO:teuthology.orchestra.run.smithi028.stdout:/usr/bin/ceph: stderr
2024-04-26T23:39:28.222+0000 7f3d7f400700 1 -- 172.21.15.28:0/214453594 --> [v2:172.21.15.28:3300/0,v1:172.21.15.28:6789/0] -- mon_subscribe({config=0+,monmap=0+}) -- 0x7f3d8019fc20 con 0x7f3d8019f2c0
2024-04-26T23:39:29.267 INFO:teuthology.orchestra.run.smithi028.stdout:/usr/bin/ceph: stderr
2024-04-26T23:39:28.223+0000 7f3d7f400700 1 --2- 172.21.15.28:0/214453594 >> [v2:172.21.15.28:3300/0,v1:172.21.15.28:6789/0] conn(0x7f3d8019f2c0 0x7f3d8019f6e0 secure :-1 s=READY pgs=71 cs=0 l=1 rev1=1 crypto rx=0x7f3d70015000 tx=0x7f3d70012f00 comp rx=0 tx=0).ready entity=mon.0 client_cookie=0 server_cookie=0 in_seq=0 out_seq=0
2024-04-26T23:39:29.267 INFO:teuthology.orchestra.run.smithi028.stdout:/usr/bin/ceph: stderr
2024-04-26T23:39:28.223+0000 7f3d77e00700 1 -- 172.21.15.28:0/214453594 <== mon.0 v2:172.21.15.28:3300/0 1 ==== mon_map magic: 0 ==== 205+0+0 (secure 0 0 0) 0x7f3d70011900 con 0x7f3d8019f2c0
2024-04-26T23:39:29.267 INFO:teuthology.orchestra.run.smithi028.stdout:/usr/bin/ceph: stderr
2024-04-26T23:39:28.223+0000 7f3d77e00700 1 -- 172.21.15.28:0/214453594 <== mon.0 v2:172.21.15.28:3300/0 2 ==== config(25 keys) ==== 1063+0+0 (secure 0 0 0) 0x7f3d70003b30 con 0x7f3d8019f2c0
2024-04-26T23:39:29.267 INFO:teuthology.orchestra.run.smithi028.stdout:/usr/bin/ceph: stderr
2024-04-26T23:39:28.223+0000 7f3d77e00700 1 -- 172.21.15.28:0/214453594 <== mon.0 v2:172.21.15.28:3300/0 3 ==== mon_map magic: 0 ==== 205+0+0 (secure 0 0 0) 0x7f3d7001bc10 con 0x7f3d8019f2c0
2024-04-26T23:39:29.267 INFO:teuthology.orchestra.run.smithi028.stdout:/usr/bin/ceph: stderr
2024-04-26T23:39:28.223+0000 7f3d86200700 1 -- 172.21.15.28:0/214453594 --> [v2:172.21.15.28:3300/0,v1:172.21.15.28:6789/0] -- mon_subscribe({mgrmap=0+}) -- 0x7f3d8019feb0 con 0x7f3d8019f2c0
2024-04-26T23:39:29.267 INFO:teuthology.orchestra.run.smithi028.stdout:/usr/bin/ceph: stderr
2024-04-26T23:39:28.223+0000 7f3d86200700 1 -- 172.21.15.28:0/214453594 --> [v2:172.21.15.28:3300/0,v1:172.21.15.28:6789/0] -- mon_subscribe({osdmap=0}) -- 0x7f3d801a2990 con 0x7f3d8019f2c0
2024-04-26T23:39:29.268 INFO:teuthology.orchestra.run.smithi028.stdout:/usr/bin/ceph: stderr
2024-04-26T23:39:28.224+0000 7f3d86200700 1 -- 172.21.15.28:0/214453594 --> [v2:172.21.15.28:3300/0,v1:172.21.15.28:6789/0] -- mon_command({"prefix": "get_command_descriptions"} v 0) -- 0x7f3d80064a80 con 0x7f3d8019f2c0
2024-04-26T23:39:29.268 INFO:teuthology.orchestra.run.smithi028.stdout:/usr/bin/ceph: stderr
2024-04-26T23:39:28.225+0000 7f3d77e00700 1 -- 172.21.15.28:0/214453594 <== mon.0 v2:172.21.15.28:3300/0 4 ==== mgrmap(e 12) ==== 46571+0+0 (secure 0 0 0) 0x7f3d7001b4e0 con 0x7f3d8019f2c0
2024-04-26T23:39:29.268 INFO:teuthology.orchestra.run.smithi028.stdout:/usr/bin/ceph: stderr
2024-04-26T23:39:28.225+0000 7f3d77e00700 1 --2- 172.21.15.28:0/214453594 >> [v2:172.21.15.28:6800/4151500660,v1:172.21.15.28:6801/4151500660] conn(0x7f3d64039660 0x7f3d6403bb20 unknown :-1 s=NONE pgs=0 cs=0 l=1 rev1=0 crypto rx=0 tx=0 comp rx=0 tx=0).connect
2024-04-26T23:39:29.268 INFO:teuthology.orchestra.run.smithi028.stdout:/usr/bin/ceph: stderr
2024-04-26T23:39:28.225+0000 7f3d77e00700 1 -- 172.21.15.28:0/214453594 <== mon.0 v2:172.21.15.28:3300/0 5 ==== osd_map(3..3 src has 1..3) ==== 1155+0+0 (secure 0 0 0) 0x7f3d7004e0f0 con 0x7f3d8019f2c0
2024-04-26T23:39:29.268 INFO:teuthology.orchestra.run.smithi028.stdout:/usr/bin/ceph: stderr
2024-04-26T23:39:28.226+0000 7f3d7ea00700 1 --2- 172.21.15.28:0/214453594 >> [v2:172.21.15.28:6800/4151500660,v1:172.21.15.28:6801/4151500660] conn(0x7f3d64039660 0x7f3d6403bb20 unknown :-1 s=BANNER_CONNECTING pgs=0 cs=0 l=1 rev1=0 crypto rx=0 tx=0 comp rx=0 tx=0)._handle_peer_banner_payload supported=3 required=0
2024-04-26T23:39:29.268 INFO:teuthology.orchestra.run.smithi028.stdout:/usr/bin/ceph: stderr
2024-04-26T23:39:28.226+0000 7f3d7ea00700 1 --2- 172.21.15.28:0/214453594 >> [v2:172.21.15.28:6800/4151500660,v1:172.21.15.28:6801/4151500660] conn(0x7f3d64039660 0x7f3d6403bb20 secure :-1 s=READY pgs=7 cs=0 l=1 rev1=1 crypto rx=0x7f3d6c006fd0 tx=0x7f3d6c006e40 comp rx=0 tx=0).ready entity=mgr.14152 client_cookie=0 server_cookie=0 in_seq=0 out_seq=0
2024-04-26T23:39:29.268 INFO:teuthology.orchestra.run.smithi028.stdout:/usr/bin/ceph: stderr
2024-04-26T23:39:28.231+0000 7f3d77e00700 1 -- 172.21.15.28:0/214453594 <== mon.0 v2:172.21.15.28:3300/0 6 ==== mon_command_ack([{"prefix": "get_command_descriptions"}]=0 v0) ==== 72+0+188494 (secure 0 0 0) 0x7f3d70018350 con 0x7f3d8019f2c0
2024-04-26T23:39:29.268 INFO:teuthology.orchestra.run.smithi028.stdout:/usr/bin/ceph: stderr
2024-04-26T23:39:28.473+0000 7f3d86200700 1 -- 172.21.15.28:0/214453594 --> [v2:172.21.15.28:6800/4151500660,v1:172.21.15.28:6801/4151500660] -- mgr_command(tid 0: {"prefix": "dashboard create-self-signed-cert", "target": ["mon-mgr", ""]}) -- 0x7f3d80105650 con 0x7f3d64039660
2024-04-26T23:39:29.268 INFO:teuthology.orchestra.run.smithi028.stdout:/usr/bin/ceph: stderr
2024-04-26T23:39:28.567+0000 7f3d77e00700 1 -- 172.21.15.28:0/214453594 <== mgr.14152 v2:172.21.15.28:6800/4151500660 1 ==== mgr_command_reply(tid 0: 0 ) ==== 8+0+32 (secure 0 0 0) 0x7f3d80105650 con 0x7f3d64039660
2024-04-26T23:39:29.268 INFO:teuthology.orchestra.run.smithi028.stdout:/usr/bin/ceph: stderr
2024-04-26T23:39:28.570+0000 7f3d86200700 1 -- 172.21.15.28:0/214453594 >> [v2:172.21.15.28:6800/4151500660,v1:172.21.15.28:6801/4151500660] conn(0x7f3d64039660 msgr2=0x7f3d6403bb20 secure :-1 s=STATE_CONNECTION_ESTABLISHED l=1).mark_down
2024-04-26T23:39:29.268 INFO:teuthology.orchestra.run.smithi028.stdout:/usr/bin/ceph: stderr
2024-04-26T23:39:28.570+0000 7f3d86200700 1 --2- 172.21.15.28:0/214453594 >> [v2:172.21.15.28:6800/4151500660,v1:172.21.15.28:6801/4151500660] conn(0x7f3d64039660 0x7f3d6403bb20 secure :-1 s=READY pgs=7 cs=0 l=1 rev1=1 crypto rx=0x7f3d6c006fd0 tx=0x7f3d6c006e40 comp rx=0 tx=0).stop
2024-04-26T23:39:29.268 INFO:teuthology.orchestra.run.smithi028.stdout:/usr/bin/ceph: stderr
2024-04-26T23:39:28.570+0000 7f3d86200700 1 -- 172.21.15.28:0/214453594 >> [v2:172.21.15.28:3300/0,v1:172.21.15.28:6789/0] conn(0x7f3d8019f2c0 msgr2=0x7f3d8019f6e0 secure :-1 s=STATE_CONNECTION_ESTABLISHED l=1).mark_down
2024-04-26T23:39:29.268 INFO:teuthology.orchestra.run.smithi028.stdout:/usr/bin/ceph: stderr
2024-04-26T23:39:28.570+0000 7f3d86200700 1 --2- 172.21.15.28:0/214453594 >> [v2:172.21.15.28:3300/0,v1:172.21.15.28:6789/0] conn(0x7f3d8019f2c0 0x7f3d8019f6e0 secure :-1 s=READY pgs=71 cs=0 l=1 rev1=1 crypto rx=0x7f3d70015000 tx=0x7f3d70012f00 comp rx=0 tx=0).stop
2024-04-26T23:39:29.269 INFO:teuthology.orchestra.run.smithi028.stdout:/usr/bin/ceph: stderr
2024-04-26T23:39:28.570+0000 7f3d86200700 1 -- 172.21.15.28:0/214453594 shutdown_connections
2024-04-26T23:39:29.269 INFO:teuthology.orchestra.run.smithi028.stdout:/usr/bin/ceph: stderr
2024-04-26T23:39:28.570+0000 7f3d86200700 1 --2- 172.21.15.28:0/214453594 >> [v2:172.21.15.28:6800/4151500660,v1:172.21.15.28:6801/4151500660] conn(0x7f3d64039660 0x7f3d6403bb20 unknown :-1 s=CLOSED pgs=7 cs=0 l=1 rev1=1 crypto rx=0 tx=0 comp rx=0 tx=0).stop
2024-04-26T23:39:29.269 INFO:teuthology.orchestra.run.smithi028.stdout:/usr/bin/ceph: stderr
2024-04-26T23:39:28.570+0000 7f3d86200700 1 --2- 172.21.15.28:0/214453594 >> [v2:172.21.15.28:3300/0,v1:172.21.15.28:6789/0] conn(0x7f3d8019f2c0 0x7f3d8019f6e0 unknown :-1 s=CLOSED pgs=71 cs=0 l=1 rev1=1 crypto rx=0 tx=0 comp rx=0 tx=0).stop
2024-04-26T23:39:29.269 INFO:teuthology.orchestra.run.smithi028.stdout:/usr/bin/ceph: stderr
2024-04-26T23:39:28.570+0000 7f3d86200700 1 -- 172.21.15.28:0/214453594 >> 172.21.15.28:0/214453594 conn(0x7f3d801043c0 msgr2=0x7f3d80104f40 unknown :-1 s=STATE_NONE l=0).mark_down
2024-04-26T23:39:29.269 INFO:teuthology.orchestra.run.smithi028.stdout:/usr/bin/ceph: stderr
2024-04-26T23:39:28.571+0000 7f3d86200700 1 -- 172.21.15.28:0/214453594 shutdown_connections
2024-04-26T23:39:29.269 INFO:teuthology.orchestra.run.smithi028.stdout:/usr/bin/ceph: stderr
2024-04-26T23:39:28.571+0000 7f3d86200700 1 -- 172.21.15.28:0/214453594 wait complete.
2024-04-26T23:39:29.269 INFO:teuthology.orchestra.run.smithi028.stdout:Creating initial admin user...
2024-04-26T23:39:29.815 INFO:journalctl@ceph.mon.a.smithi028.stdout:Apr 26 23:39:29 smithi028 ceph-mon[28080]: from='client.14164 -' entity='client.admin' cmd=[{"prefix": "dashboard create-self-signed-cert", "target": ["mon-mgr", ""]}]: dispatch
2024-04-26T23:39:29.815 INFO:journalctl@ceph.mon.a.smithi028.stdout:Apr 26 23:39:29 smithi028 ceph-mon[28080]: from='mgr.14152 172.21.15.28:0/2652489212' entity='mgr.x'
2024-04-26T23:39:29.816 INFO:journalctl@ceph.mon.a.smithi028.stdout:Apr 26 23:39:29 smithi028 ceph-mon[28080]: from='mgr.14152 172.21.15.28:0/2652489212' entity='mgr.x'
2024-04-26T23:39:31.159 INFO:teuthology.orchestra.run.smithi028.stdout:/usr/bin/ceph: stdout {"username": "admin", "password": "$2b$12$JVVWv4dAswiXItey8vtOi.o0D/BdkGH997Yt/UMCojLiXkL85VV9W", "roles": ["administrator"], "name": null, "email": null, "lastUpdate": 1714174770, "enabled": true, "pwdExpirationDate": null, "pwdUpdateRequired": true}
2024-04-26T23:39:31.159 INFO:teuthology.orchestra.run.smithi028.stdout:/usr/bin/ceph: stderr
2024-04-26T23:39:29.918+0000 7f7f40a00700 1 Processor -- start
2024-04-26T23:39:31.159 INFO:teuthology.orchestra.run.smithi028.stdout:/usr/bin/ceph: stderr
2024-04-26T23:39:29.919+0000 7f7f40a00700 1 -- start start
2024-04-26T23:39:31.159 INFO:teuthology.orchestra.run.smithi028.stdout:/usr/bin/ceph: stderr
2024-04-26T23:39:29.919+0000 7f7f40a00700 1 --2- >> [v2:172.21.15.28:3300/0,v1:172.21.15.28:6789/0] conn(0x7f7f3c107d20 0x7f7f3c108140 unknown :-1 s=NONE pgs=0 cs=0 l=0 rev1=0 crypto rx=0 tx=0 comp rx=0 tx=0).connect
2024-04-26T23:39:31.159 INFO:teuthology.orchestra.run.smithi028.stdout:/usr/bin/ceph: stderr
2024-04-26T23:39:29.919+0000 7f7f40a00700 1 -- --> [v2:172.21.15.28:3300/0,v1:172.21.15.28:6789/0] -- mon_getmap magic: 0 -- 0x7f7f3c108710 con 0x7f7f3c107d20
2024-04-26T23:39:31.159 INFO:teuthology.orchestra.run.smithi028.stdout:/usr/bin/ceph: stderr
2024-04-26T23:39:29.919+0000 7f7f39e00700 1 --2- >> [v2:172.21.15.28:3300/0,v1:172.21.15.28:6789/0] conn(0x7f7f3c107d20 0x7f7f3c108140 unknown :-1 s=BANNER_CONNECTING pgs=0 cs=0 l=0 rev1=0 crypto rx=0 tx=0 comp rx=0 tx=0)._handle_peer_banner_payload supported=3 required=0
2024-04-26T23:39:31.159 INFO:teuthology.orchestra.run.smithi028.stdout:/usr/bin/ceph: stderr
2024-04-26T23:39:29.920+0000 7f7f39e00700 1 --2- >> [v2:172.21.15.28:3300/0,v1:172.21.15.28:6789/0] conn(0x7f7f3c107d20 0x7f7f3c108140 unknown :-1 s=HELLO_CONNECTING pgs=0 cs=0 l=0 rev1=1 crypto rx=0 tx=0 comp rx=0 tx=0).handle_hello peer v2:172.21.15.28:3300/0 says I am v2:172.21.15.28:59858/0 (socket says 172.21.15.28:59858)
2024-04-26T23:39:31.159 INFO:teuthology.orchestra.run.smithi028.stdout:/usr/bin/ceph: stderr
2024-04-26T23:39:29.920+0000 7f7f39e00700 1 -- 172.21.15.28:0/3964499119 learned_addr learned my addr 172.21.15.28:0/3964499119 (peer_addr_for_me v2:172.21.15.28:0/0)
2024-04-26T23:39:31.159 INFO:teuthology.orchestra.run.smithi028.stdout:/usr/bin/ceph: stderr
2024-04-26T23:39:29.920+0000 7f7f39e00700 1 -- 172.21.15.28:0/3964499119 --> [v2:172.21.15.28:3300/0,v1:172.21.15.28:6789/0] -- mon_subscribe({config=0+,monmap=0+}) -- 0x7f7f3c108f20 con 0x7f7f3c107d20
2024-04-26T23:39:31.160 INFO:teuthology.orchestra.run.smithi028.stdout:/usr/bin/ceph: stderr
2024-04-26T23:39:29.920+0000 7f7f39e00700 1 --2- 172.21.15.28:0/3964499119 >> [v2:172.21.15.28:3300/0,v1:172.21.15.28:6789/0] conn(0x7f7f3c107d20 0x7f7f3c108140 secure :-1 s=READY pgs=72 cs=0 l=1 rev1=1 crypto rx=0x7f7f2c0098a0 tx=0x7f7f2c009bb0 comp rx=0 tx=0).ready entity=mon.0 client_cookie=b7702518e9694d94 server_cookie=0 in_seq=0 out_seq=0
2024-04-26T23:39:31.160 INFO:teuthology.orchestra.run.smithi028.stdout:/usr/bin/ceph: stderr
2024-04-26T23:39:29.921+0000 7f7f38a00700 1 -- 172.21.15.28:0/3964499119 <== mon.0 v2:172.21.15.28:3300/0 1 ==== mon_map magic: 0 ==== 205+0+0 (secure 0 0 0) 0x7f7f2c004160 con 0x7f7f3c107d20
2024-04-26T23:39:31.160 INFO:teuthology.orchestra.run.smithi028.stdout:/usr/bin/ceph: stderr
2024-04-26T23:39:29.921+0000 7f7f38a00700 1 -- 172.21.15.28:0/3964499119 <== mon.0 v2:172.21.15.28:3300/0 2 ==== config(25 keys) ==== 1063+0+0 (secure 0 0 0) 0x7f7f2c004300 con 0x7f7f3c107d20
2024-04-26T23:39:31.160 INFO:teuthology.orchestra.run.smithi028.stdout:/usr/bin/ceph: stderr
2024-04-26T23:39:29.921+0000 7f7f38a00700 1 -- 172.21.15.28:0/3964499119 <== mon.0 v2:172.21.15.28:3300/0 3 ==== mon_map magic: 0 ==== 205+0+0 (secure 0 0 0) 0x7f7f2c011960 con 0x7f7f3c107d20
2024-04-26T23:39:31.160 INFO:teuthology.orchestra.run.smithi028.stdout:/usr/bin/ceph: stderr
2024-04-26T23:39:29.922+0000 7f7f40a00700 1 -- 172.21.15.28:0/3964499119 >> [v2:172.21.15.28:3300/0,v1:172.21.15.28:6789/0] conn(0x7f7f3c107d20 msgr2=0x7f7f3c108140 secure :-1 s=STATE_CONNECTION_ESTABLISHED l=1).mark_down
2024-04-26T23:39:31.160 INFO:teuthology.orchestra.run.smithi028.stdout:/usr/bin/ceph: stderr
2024-04-26T23:39:29.922+0000 7f7f40a00700 1 --2- 172.21.15.28:0/3964499119 >> [v2:172.21.15.28:3300/0,v1:172.21.15.28:6789/0] conn(0x7f7f3c107d20 0x7f7f3c108140 secure :-1 s=READY pgs=72 cs=0 l=1 rev1=1 crypto rx=0x7f7f2c0098a0 tx=0x7f7f2c009bb0 comp rx=0 tx=0).stop
2024-04-26T23:39:31.160 INFO:teuthology.orchestra.run.smithi028.stdout:/usr/bin/ceph: stderr
2024-04-26T23:39:29.922+0000 7f7f40a00700 1 -- 172.21.15.28:0/3964499119 shutdown_connections
2024-04-26T23:39:31.160 INFO:teuthology.orchestra.run.smithi028.stdout:/usr/bin/ceph: stderr
2024-04-26T23:39:29.922+0000 7f7f40a00700 1 --2- 172.21.15.28:0/3964499119 >> [v2:172.21.15.28:3300/0,v1:172.21.15.28:6789/0] conn(0x7f7f3c107d20 0x7f7f3c108140 unknown :-1 s=CLOSED pgs=72 cs=0 l=1 rev1=1 crypto rx=0 tx=0 comp rx=0 tx=0).stop
2024-04-26T23:39:31.160 INFO:teuthology.orchestra.run.smithi028.stdout:/usr/bin/ceph: stderr
2024-04-26T23:39:29.922+0000 7f7f40a00700 1 -- 172.21.15.28:0/3964499119 >> 172.21.15.28:0/3964499119 conn(0x7f7f3c1032c0 msgr2=0x7f7f3c105700 unknown :-1 s=STATE_NONE l=0).mark_down
2024-04-26T23:39:31.160 INFO:teuthology.orchestra.run.smithi028.stdout:/usr/bin/ceph: stderr
2024-04-26T23:39:29.922+0000 7f7f40a00700 1 -- 172.21.15.28:0/3964499119 shutdown_connections
2024-04-26T23:39:31.160 INFO:teuthology.orchestra.run.smithi028.stdout:/usr/bin/ceph: stderr
2024-04-26T23:39:29.922+0000 7f7f40a00700 1 -- 172.21.15.28:0/3964499119 wait complete.
2024-04-26T23:39:31.160 INFO:teuthology.orchestra.run.smithi028.stdout:/usr/bin/ceph: stderr
2024-04-26T23:39:29.923+0000 7f7f40a00700 1 Processor -- start
2024-04-26T23:39:31.160 INFO:teuthology.orchestra.run.smithi028.stdout:/usr/bin/ceph: stderr
2024-04-26T23:39:29.923+0000 7f7f40a00700 1 -- start start
2024-04-26T23:39:31.160 INFO:teuthology.orchestra.run.smithi028.stdout:/usr/bin/ceph: stderr
2024-04-26T23:39:29.924+0000 7f7f40a00700 1 --2- >> [v2:172.21.15.28:3300/0,v1:172.21.15.28:6789/0] conn(0x7f7f3c107d20 0x7f7f3c19ef60 unknown :-1 s=NONE pgs=0 cs=0 l=1 rev1=0 crypto rx=0 tx=0 comp rx=0 tx=0).connect
2024-04-26T23:39:31.160 INFO:teuthology.orchestra.run.smithi028.stdout:/usr/bin/ceph: stderr
2024-04-26T23:39:29.924+0000 7f7f40a00700 1 -- --> [v2:172.21.15.28:3300/0,v1:172.21.15.28:6789/0] -- mon_getmap magic: 0 -- 0x7f7f3c10c150 con 0x7f7f3c107d20
2024-04-26T23:39:31.161 INFO:teuthology.orchestra.run.smithi028.stdout:/usr/bin/ceph: stderr
2024-04-26T23:39:29.924+0000 7f7f39e00700 1 --2- >> [v2:172.21.15.28:3300/0,v1:172.21.15.28:6789/0] conn(0x7f7f3c107d20 0x7f7f3c19ef60 unknown :-1 s=BANNER_CONNECTING pgs=0 cs=0 l=1 rev1=0 crypto rx=0 tx=0 comp rx=0 tx=0)._handle_peer_banner_payload supported=3 required=0
2024-04-26T23:39:31.161 INFO:teuthology.orchestra.run.smithi028.stdout:/usr/bin/ceph: stderr
2024-04-26T23:39:29.924+0000 7f7f39e00700 1 --2- >> [v2:172.21.15.28:3300/0,v1:172.21.15.28:6789/0] conn(0x7f7f3c107d20 0x7f7f3c19ef60 unknown :-1 s=HELLO_CONNECTING pgs=0 cs=0 l=1 rev1=1 crypto rx=0 tx=0 comp rx=0 tx=0).handle_hello peer v2:172.21.15.28:3300/0 says I am v2:172.21.15.28:59864/0 (socket says 172.21.15.28:59864)
2024-04-26T23:39:31.161 INFO:teuthology.orchestra.run.smithi028.stdout:/usr/bin/ceph: stderr
2024-04-26T23:39:29.924+0000 7f7f39e00700 1 -- 172.21.15.28:0/3485877178 learned_addr learned my addr 172.21.15.28:0/3485877178 (peer_addr_for_me v2:172.21.15.28:0/0)
2024-04-26T23:39:31.161 INFO:teuthology.orchestra.run.smithi028.stdout:/usr/bin/ceph: stderr
2024-04-26T23:39:29.924+0000 7f7f39e00700 1 -- 172.21.15.28:0/3485877178 --> [v2:172.21.15.28:3300/0,v1:172.21.15.28:6789/0] -- mon_subscribe({config=0+,monmap=0+}) -- 0x7f7f3c19f4a0 con 0x7f7f3c107d20
2024-04-26T23:39:31.161 INFO:teuthology.orchestra.run.smithi028.stdout:/usr/bin/ceph: stderr
2024-04-26T23:39:29.925+0000 7f7f39e00700 1 --2- 172.21.15.28:0/3485877178 >> [v2:172.21.15.28:3300/0,v1:172.21.15.28:6789/0] conn(0x7f7f3c107d20 0x7f7f3c19ef60 secure :-1 s=READY pgs=73 cs=0 l=1 rev1=1 crypto rx=0x7f7f2c011670 tx=0x7f7f2c011a30 comp rx=0 tx=0).ready entity=mon.0 client_cookie=0 server_cookie=0 in_seq=0 out_seq=0
2024-04-26T23:39:31.161 INFO:teuthology.orchestra.run.smithi028.stdout:/usr/bin/ceph: stderr
2024-04-26T23:39:29.925+0000 7f7f32a00700 1 -- 172.21.15.28:0/3485877178 <== mon.0 v2:172.21.15.28:3300/0 1 ==== mon_map magic: 0 ==== 205+0+0 (secure 0 0 0) 0x7f7f2c01f070 con 0x7f7f3c107d20
2024-04-26T23:39:31.161 INFO:teuthology.orchestra.run.smithi028.stdout:/usr/bin/ceph: stderr
2024-04-26T23:39:29.925+0000 7f7f32a00700 1 -- 172.21.15.28:0/3485877178 <== mon.0 v2:172.21.15.28:3300/0 2 ==== config(25 keys) ==== 1063+0+0 (secure 0 0 0) 0x7f7f2c003b20 con 0x7f7f3c107d20
2024-04-26T23:39:31.161 INFO:teuthology.orchestra.run.smithi028.stdout:/usr/bin/ceph: stderr
2024-04-26T23:39:29.925+0000 7f7f32a00700 1 -- 172.21.15.28:0/3485877178 <== mon.0 v2:172.21.15.28:3300/0 3 ==== mon_map magic: 0 ==== 205+0+0 (secure 0 0 0) 0x7f7f2c019580 con 0x7f7f3c107d20
2024-04-26T23:39:31.161 INFO:teuthology.orchestra.run.smithi028.stdout:/usr/bin/ceph: stderr
2024-04-26T23:39:29.925+0000 7f7f40a00700 1 -- 172.21.15.28:0/3485877178 --> [v2:172.21.15.28:3300/0,v1:172.21.15.28:6789/0] -- mon_subscribe({mgrmap=0+}) -- 0x7f7f3c19f730 con 0x7f7f3c107d20
2024-04-26T23:39:31.161 INFO:teuthology.orchestra.run.smithi028.stdout:/usr/bin/ceph: stderr
2024-04-26T23:39:29.925+0000 7f7f40a00700 1 -- 172.21.15.28:0/3485877178 --> [v2:172.21.15.28:3300/0,v1:172.21.15.28:6789/0] -- mon_subscribe({osdmap=0}) -- 0x7f7f3c1a2420 con 0x7f7f3c107d20
2024-04-26T23:39:31.161 INFO:teuthology.orchestra.run.smithi028.stdout:/usr/bin/ceph: stderr
2024-04-26T23:39:29.926+0000 7f7f32a00700 1 -- 172.21.15.28:0/3485877178 <== mon.0 v2:172.21.15.28:3300/0 4 ==== mgrmap(e 12) ==== 46571+0+0 (secure 0 0 0) 0x7f7f2c022070 con 0x7f7f3c107d20
2024-04-26T23:39:31.161 INFO:teuthology.orchestra.run.smithi028.stdout:/usr/bin/ceph: stderr
2024-04-26T23:39:29.926+0000 7f7f40a00700 1 -- 172.21.15.28:0/3485877178 --> [v2:172.21.15.28:3300/0,v1:172.21.15.28:6789/0] -- mon_command({"prefix": "get_command_descriptions"} v 0) -- 0x7f7f3c10c2d0 con 0x7f7f3c107d20
2024-04-26T23:39:31.161 INFO:teuthology.orchestra.run.smithi028.stdout:/usr/bin/ceph: stderr
2024-04-26T23:39:29.927+0000 7f7f32a00700 1 --2- 172.21.15.28:0/3485877178 >> [v2:172.21.15.28:6800/4151500660,v1:172.21.15.28:6801/4151500660] conn(0x7f7f20039660 0x7f7f2003bb20 unknown :-1 s=NONE pgs=0 cs=0 l=1 rev1=0 crypto rx=0 tx=0 comp rx=0 tx=0).connect
2024-04-26T23:39:31.161 INFO:teuthology.orchestra.run.smithi028.stdout:/usr/bin/ceph: stderr
2024-04-26T23:39:29.927+0000 7f7f32a00700 1 -- 172.21.15.28:0/3485877178 <== mon.0 v2:172.21.15.28:3300/0 5 ==== osd_map(3..3 src has 1..3) ==== 1155+0+0 (secure 0 0 0) 0x7f7f2c04dc70 con 0x7f7f3c107d20
2024-04-26T23:39:31.162 INFO:teuthology.orchestra.run.smithi028.stdout:/usr/bin/ceph: stderr
2024-04-26T23:39:29.927+0000 7f7f39400700 1 --2- 172.21.15.28:0/3485877178 >> [v2:172.21.15.28:6800/4151500660,v1:172.21.15.28:6801/4151500660] conn(0x7f7f20039660 0x7f7f2003bb20 unknown :-1 s=BANNER_CONNECTING pgs=0 cs=0 l=1 rev1=0 crypto rx=0 tx=0 comp rx=0 tx=0)._handle_peer_banner_payload supported=3 required=0
2024-04-26T23:39:31.162 INFO:teuthology.orchestra.run.smithi028.stdout:/usr/bin/ceph: stderr
2024-04-26T23:39:29.928+0000 7f7f39400700 1 --2- 172.21.15.28:0/3485877178 >> [v2:172.21.15.28:6800/4151500660,v1:172.21.15.28:6801/4151500660] conn(0x7f7f20039660 0x7f7f2003bb20 secure :-1 s=READY pgs=8 cs=0 l=1 rev1=1 crypto rx=0x7f7f28006fd0 tx=0x7f7f28006e40 comp rx=0 tx=0).ready entity=mgr.14152 client_cookie=0 server_cookie=0 in_seq=0 out_seq=0
2024-04-26T23:39:31.162 INFO:teuthology.orchestra.run.smithi028.stdout:/usr/bin/ceph: stderr
2024-04-26T23:39:29.933+0000 7f7f32a00700 1 -- 172.21.15.28:0/3485877178 <== mon.0 v2:172.21.15.28:3300/0 6 ==== mon_command_ack([{"prefix": "get_command_descriptions"}]=0 v0) ==== 72+0+188494 (secure 0 0 0) 0x7f7f2c01b440 con 0x7f7f3c107d20
2024-04-26T23:39:31.162 INFO:teuthology.orchestra.run.smithi028.stdout:/usr/bin/ceph: stderr
2024-04-26T23:39:30.180+0000 7f7f40a00700 1 -- 172.21.15.28:0/3485877178 --> [v2:172.21.15.28:6800/4151500660,v1:172.21.15.28:6801/4151500660] -- mgr_command(tid 0: {"prefix": "dashboard ac-user-create", "username": "admin", "rolename": "administrator", "force_password": true, "pwd_update_required": true, "target": ["mon-mgr", ""]}) -- 0x7f7f3c199140 con 0x7f7f20039660
2024-04-26T23:39:31.162 INFO:teuthology.orchestra.run.smithi028.stdout:/usr/bin/ceph: stderr
2024-04-26T23:39:30.447+0000 7f7f32a00700 1 -- 172.21.15.28:0/3485877178 <== mgr.14152 v2:172.21.15.28:6800/4151500660 1 ==== mgr_command_reply(tid 0: 0 ) ==== 8+0+252 (secure 0 0 0) 0x7f7f3c199140 con 0x7f7f20039660
2024-04-26T23:39:31.162 INFO:teuthology.orchestra.run.smithi028.stdout:/usr/bin/ceph: stderr
2024-04-26T23:39:30.450+0000 7f7f40a00700 1 -- 172.21.15.28:0/3485877178 >> [v2:172.21.15.28:6800/4151500660,v1:172.21.15.28:6801/4151500660] conn(0x7f7f20039660 msgr2=0x7f7f2003bb20 secure :-1 s=STATE_CONNECTION_ESTABLISHED l=1).mark_down
2024-04-26T23:39:31.162 INFO:teuthology.orchestra.run.smithi028.stdout:/usr/bin/ceph: stderr
2024-04-26T23:39:30.450+0000 7f7f40a00700 1 --2- 172.21.15.28:0/3485877178 >> [v2:172.21.15.28:6800/4151500660,v1:172.21.15.28:6801/4151500660] conn(0x7f7f20039660 0x7f7f2003bb20 secure :-1 s=READY pgs=8 cs=0 l=1 rev1=1 crypto rx=0x7f7f28006fd0 tx=0x7f7f28006e40 comp rx=0 tx=0).stop
2024-04-26T23:39:31.162 INFO:teuthology.orchestra.run.smithi028.stdout:/usr/bin/ceph: stderr
2024-04-26T23:39:30.450+0000 7f7f40a00700 1 -- 172.21.15.28:0/3485877178 >> [v2:172.21.15.28:3300/0,v1:172.21.15.28:6789/0] conn(0x7f7f3c107d20 msgr2=0x7f7f3c19ef60 secure :-1 s=STATE_CONNECTION_ESTABLISHED l=1).mark_down
2024-04-26T23:39:31.162 INFO:teuthology.orchestra.run.smithi028.stdout:/usr/bin/ceph: stderr
2024-04-26T23:39:30.450+0000 7f7f40a00700 1 --2- 172.21.15.28:0/3485877178 >> [v2:172.21.15.28:3300/0,v1:172.21.15.28:6789/0] conn(0x7f7f3c107d20 0x7f7f3c19ef60 secure :-1 s=READY pgs=73 cs=0 l=1 rev1=1 crypto rx=0x7f7f2c011670 tx=0x7f7f2c011a30 comp rx=0 tx=0).stop
2024-04-26T23:39:31.162 INFO:teuthology.orchestra.run.smithi028.stdout:/usr/bin/ceph: stderr
2024-04-26T23:39:30.450+0000 7f7f40a00700 1 -- 172.21.15.28:0/3485877178 shutdown_connections
2024-04-26T23:39:31.162 INFO:teuthology.orchestra.run.smithi028.stdout:/usr/bin/ceph: stderr
2024-04-26T23:39:30.450+0000 7f7f40a00700 1 --2- 172.21.15.28:0/3485877178 >> [v2:172.21.15.28:6800/4151500660,v1:172.21.15.28:6801/4151500660] conn(0x7f7f20039660 0x7f7f2003bb20 unknown :-1 s=CLOSED pgs=8 cs=0 l=1 rev1=1 crypto rx=0 tx=0 comp rx=0 tx=0).stop
2024-04-26T23:39:31.162 INFO:teuthology.orchestra.run.smithi028.stdout:/usr/bin/ceph: stderr
2024-04-26T23:39:30.450+0000 7f7f40a00700 1 --2- 172.21.15.28:0/3485877178 >> [v2:172.21.15.28:3300/0,v1:172.21.15.28:6789/0] conn(0x7f7f3c107d20 0x7f7f3c19ef60 unknown :-1 s=CLOSED pgs=73 cs=0 l=1 rev1=1 crypto rx=0 tx=0 comp rx=0 tx=0).stop
2024-04-26T23:39:31.162 INFO:teuthology.orchestra.run.smithi028.stdout:/usr/bin/ceph: stderr
2024-04-26T23:39:30.450+0000 7f7f40a00700 1 -- 172.21.15.28:0/3485877178 >> 172.21.15.28:0/3485877178 conn(0x7f7f3c1032c0 msgr2=0x7f7f3c1041a0 unknown :-1 s=STATE_NONE l=0).mark_down
2024-04-26T23:39:31.163 INFO:teuthology.orchestra.run.smithi028.stdout:/usr/bin/ceph: stderr
2024-04-26T23:39:30.451+0000 7f7f40a00700 1 -- 172.21.15.28:0/3485877178 shutdown_connections
2024-04-26T23:39:31.163 INFO:teuthology.orchestra.run.smithi028.stdout:/usr/bin/ceph: stderr
2024-04-26T23:39:30.451+0000 7f7f40a00700 1 -- 172.21.15.28:0/3485877178 wait complete.
2024-04-26T23:39:31.163 INFO:teuthology.orchestra.run.smithi028.stdout:Fetching dashboard port number...
2024-04-26T23:39:31.463 INFO:journalctl@ceph.mon.a.smithi028.stdout:Apr 26 23:39:31 smithi028 ceph-mon[28080]: from='client.14166 -' entity='client.admin' cmd=[{"prefix": "dashboard ac-user-create", "username": "admin", "rolename": "administrator", "force_password": true, "pwd_update_required": true, "target": ["mon-mgr", ""]}]: dispatch
2024-04-26T23:39:31.463 INFO:journalctl@ceph.mon.a.smithi028.stdout:Apr 26 23:39:31 smithi028 ceph-mon[28080]: from='mgr.14152 172.21.15.28:0/2652489212' entity='mgr.x'
2024-04-26T23:39:31.463 INFO:journalctl@ceph.mon.a.smithi028.stdout:Apr 26 23:39:31 smithi028 ceph-mon[28080]: from='mgr.14152 172.21.15.28:0/2652489212' entity='mgr.x'
2024-04-26T23:39:32.758 INFO:journalctl@ceph.mon.a.smithi028.stdout:Apr 26 23:39:32 smithi028 ceph-mon[28080]: from='client.? 172.21.15.28:0/4077273098' entity='client.admin' cmd=[{"prefix": "config get", "who": "mgr", "key": "mgr/dashboard/ssl_server_port"}]: dispatch
2024-04-26T23:39:33.508 INFO:journalctl@ceph.mon.a.smithi028.stdout:Apr 26 23:39:33 smithi028 ceph-mon[28080]: mgrmap e13: x(active, since 6s)
2024-04-26T23:39:33.533 INFO:teuthology.orchestra.run.smithi028.stdout:/usr/bin/ceph: stdout 8443
2024-04-26T23:39:33.533 INFO:teuthology.orchestra.run.smithi028.stdout:/usr/bin/ceph: stderr
2024-04-26T23:39:31.746+0000 7f9319c00700 1 Processor -- start
2024-04-26T23:39:33.533 INFO:teuthology.orchestra.run.smithi028.stdout:/usr/bin/ceph: stderr
2024-04-26T23:39:31.746+0000 7f9319c00700 1 -- start start
2024-04-26T23:39:33.533 INFO:teuthology.orchestra.run.smithi028.stdout:/usr/bin/ceph: stderr
2024-04-26T23:39:31.747+0000 7f9319c00700 1 --2- >> [v2:172.21.15.28:3300/0,v1:172.21.15.28:6789/0] conn(0x7f931407ee40 0x7f931407d2a0 unknown :-1 s=NONE pgs=0 cs=0 l=0 rev1=0 crypto rx=0 tx=0 comp rx=0 tx=0).connect
2024-04-26T23:39:33.533 INFO:teuthology.orchestra.run.smithi028.stdout:/usr/bin/ceph: stderr
2024-04-26T23:39:31.747+0000 7f9319c00700 1 -- --> [v2:172.21.15.28:3300/0,v1:172.21.15.28:6789/0] -- mon_getmap magic: 0 -- 0x7f931407d870 con 0x7f931407ee40
2024-04-26T23:39:33.534 INFO:teuthology.orchestra.run.smithi028.stdout:/usr/bin/ceph: stderr
2024-04-26T23:39:31.747+0000 7f9312a00700 1 --2- >> [v2:172.21.15.28:3300/0,v1:172.21.15.28:6789/0] conn(0x7f931407ee40 0x7f931407d2a0 unknown :-1 s=BANNER_CONNECTING pgs=0 cs=0 l=0 rev1=0 crypto rx=0 tx=0 comp rx=0 tx=0)._handle_peer_banner_payload supported=3 required=0
2024-04-26T23:39:33.534 INFO:teuthology.orchestra.run.smithi028.stdout:/usr/bin/ceph: stderr
2024-04-26T23:39:31.747+0000 7f9312a00700 1 --2- >> [v2:172.21.15.28:3300/0,v1:172.21.15.28:6789/0] conn(0x7f931407ee40 0x7f931407d2a0 unknown :-1 s=HELLO_CONNECTING pgs=0 cs=0 l=0 rev1=1 crypto rx=0 tx=0 comp rx=0 tx=0).handle_hello peer v2:172.21.15.28:3300/0 says I am v2:172.21.15.28:41502/0 (socket says 172.21.15.28:41502)
2024-04-26T23:39:33.534 INFO:teuthology.orchestra.run.smithi028.stdout:/usr/bin/ceph: stderr
2024-04-26T23:39:31.747+0000 7f9312a00700 1 -- 172.21.15.28:0/2311173606 learned_addr learned my addr 172.21.15.28:0/2311173606 (peer_addr_for_me v2:172.21.15.28:0/0)
2024-04-26T23:39:33.534 INFO:teuthology.orchestra.run.smithi028.stdout:/usr/bin/ceph: stderr
2024-04-26T23:39:31.748+0000 7f9312a00700 1 -- 172.21.15.28:0/2311173606 --> [v2:172.21.15.28:3300/0,v1:172.21.15.28:6789/0] -- mon_subscribe({config=0+,monmap=0+}) -- 0x7f931407d9f0 con 0x7f931407ee40
2024-04-26T23:39:33.534 INFO:teuthology.orchestra.run.smithi028.stdout:/usr/bin/ceph: stderr
2024-04-26T23:39:31.748+0000 7f9312a00700 1 --2- 172.21.15.28:0/2311173606 >> [v2:172.21.15.28:3300/0,v1:172.21.15.28:6789/0] conn(0x7f931407ee40 0x7f931407d2a0 secure :-1 s=READY pgs=74 cs=0 l=1 rev1=1 crypto rx=0x7f93040098a0 tx=0x7f9304009bb0 comp rx=0 tx=0).ready entity=mon.0 client_cookie=1b2d286ff6c752 server_cookie=0 in_seq=0 out_seq=0
2024-04-26T23:39:33.534 INFO:teuthology.orchestra.run.smithi028.stdout:/usr/bin/ceph: stderr
2024-04-26T23:39:31.748+0000 7f9311600700 1 -- 172.21.15.28:0/2311173606 <== mon.0 v2:172.21.15.28:3300/0 1 ==== mon_map magic: 0 ==== 205+0+0 (secure 0 0 0) 0x7f9304004160 con 0x7f931407ee40
2024-04-26T23:39:33.534 INFO:teuthology.orchestra.run.smithi028.stdout:/usr/bin/ceph: stderr
2024-04-26T23:39:31.748+0000 7f9311600700 1 -- 172.21.15.28:0/2311173606 <== mon.0 v2:172.21.15.28:3300/0 2 ==== config(25 keys) ==== 1063+0+0 (secure 0 0 0) 0x7f9304004300 con 0x7f931407ee40
2024-04-26T23:39:33.534 INFO:teuthology.orchestra.run.smithi028.stdout:/usr/bin/ceph: stderr
2024-04-26T23:39:31.748+0000 7f9311600700 1 -- 172.21.15.28:0/2311173606 <== mon.0 v2:172.21.15.28:3300/0 3 ==== mon_map magic: 0 ==== 205+0+0 (secure 0 0 0) 0x7f9304011960 con 0x7f931407ee40
2024-04-26T23:39:33.534 INFO:teuthology.orchestra.run.smithi028.stdout:/usr/bin/ceph: stderr
2024-04-26T23:39:31.749+0000 7f9319c00700 1 -- 172.21.15.28:0/2311173606 >> [v2:172.21.15.28:3300/0,v1:172.21.15.28:6789/0] conn(0x7f931407ee40 msgr2=0x7f931407d2a0 secure :-1 s=STATE_CONNECTION_ESTABLISHED l=1).mark_down
2024-04-26T23:39:33.534 INFO:teuthology.orchestra.run.smithi028.stdout:/usr/bin/ceph: stderr
2024-04-26T23:39:31.749+0000 7f9319c00700 1 --2- 172.21.15.28:0/2311173606 >> [v2:172.21.15.28:3300/0,v1:172.21.15.28:6789/0] conn(0x7f931407ee40 0x7f931407d2a0 secure :-1 s=READY pgs=74 cs=0 l=1 rev1=1 crypto rx=0x7f93040098a0 tx=0x7f9304009bb0 comp rx=0 tx=0).stop
2024-04-26T23:39:33.534 INFO:teuthology.orchestra.run.smithi028.stdout:/usr/bin/ceph: stderr
2024-04-26T23:39:31.749+0000 7f9319c00700 1 -- 172.21.15.28:0/2311173606 shutdown_connections
2024-04-26T23:39:33.534 INFO:teuthology.orchestra.run.smithi028.stdout:/usr/bin/ceph: stderr
2024-04-26T23:39:31.749+0000 7f9319c00700 1 --2- 172.21.15.28:0/2311173606 >> [v2:172.21.15.28:3300/0,v1:172.21.15.28:6789/0] conn(0x7f931407ee40 0x7f931407d2a0 unknown :-1 s=CLOSED pgs=74 cs=0 l=1 rev1=1 crypto rx=0 tx=0 comp rx=0 tx=0).stop
2024-04-26T23:39:33.534 INFO:teuthology.orchestra.run.smithi028.stdout:/usr/bin/ceph: stderr
2024-04-26T23:39:31.749+0000 7f9319c00700 1 -- 172.21.15.28:0/2311173606 >> 172.21.15.28:0/2311173606 conn(0x7f9314104380 msgr2=0x7f9314106800 unknown :-1 s=STATE_NONE l=0).mark_down
2024-04-26T23:39:33.534 INFO:teuthology.orchestra.run.smithi028.stdout:/usr/bin/ceph: stderr
2024-04-26T23:39:31.750+0000 7f9319c00700 1 -- 172.21.15.28:0/2311173606 shutdown_connections
2024-04-26T23:39:33.535 INFO:teuthology.orchestra.run.smithi028.stdout:/usr/bin/ceph: stderr
2024-04-26T23:39:31.750+0000 7f9319c00700 1 -- 172.21.15.28:0/2311173606 wait complete.
2024-04-26T23:39:33.535 INFO:teuthology.orchestra.run.smithi028.stdout:/usr/bin/ceph: stderr
2024-04-26T23:39:31.751+0000 7f9319c00700 1 Processor -- start
2024-04-26T23:39:33.535 INFO:teuthology.orchestra.run.smithi028.stdout:/usr/bin/ceph: stderr
2024-04-26T23:39:31.751+0000 7f9319c00700 1 -- start start
2024-04-26T23:39:33.535 INFO:teuthology.orchestra.run.smithi028.stdout:/usr/bin/ceph: stderr
2024-04-26T23:39:31.751+0000 7f9319c00700 1 --2- >> [v2:172.21.15.28:3300/0,v1:172.21.15.28:6789/0] conn(0x7f931407ee40 0x7f931419ef50 unknown :-1 s=NONE pgs=0 cs=0 l=1 rev1=0 crypto rx=0 tx=0 comp rx=0 tx=0).connect
2024-04-26T23:39:33.535 INFO:teuthology.orchestra.run.smithi028.stdout:/usr/bin/ceph: stderr
2024-04-26T23:39:31.751+0000 7f9319c00700 1 -- --> [v2:172.21.15.28:3300/0,v1:172.21.15.28:6789/0] -- mon_getmap magic: 0 -- 0x7f931410f3a0 con 0x7f931407ee40
2024-04-26T23:39:33.535 INFO:teuthology.orchestra.run.smithi028.stdout:/usr/bin/ceph: stderr
2024-04-26T23:39:31.752+0000 7f9312a00700 1 --2- >> [v2:172.21.15.28:3300/0,v1:172.21.15.28:6789/0] conn(0x7f931407ee40 0x7f931419ef50 unknown :-1 s=BANNER_CONNECTING pgs=0 cs=0 l=1 rev1=0 crypto rx=0 tx=0 comp rx=0 tx=0)._handle_peer_banner_payload supported=3 required=0
2024-04-26T23:39:33.535 INFO:teuthology.orchestra.run.smithi028.stdout:/usr/bin/ceph: stderr
2024-04-26T23:39:31.752+0000 7f9312a00700 1 --2- >> [v2:172.21.15.28:3300/0,v1:172.21.15.28:6789/0] conn(0x7f931407ee40 0x7f931419ef50 unknown :-1 s=HELLO_CONNECTING pgs=0 cs=0 l=1 rev1=1 crypto rx=0 tx=0 comp rx=0 tx=0).handle_hello peer v2:172.21.15.28:3300/0 says I am v2:172.21.15.28:41510/0 (socket says 172.21.15.28:41510)
2024-04-26T23:39:33.535 INFO:teuthology.orchestra.run.smithi028.stdout:/usr/bin/ceph: stderr
2024-04-26T23:39:31.752+0000 7f9312a00700 1 -- 172.21.15.28:0/4077273098 learned_addr learned my addr 172.21.15.28:0/4077273098 (peer_addr_for_me v2:172.21.15.28:0/0)
2024-04-26T23:39:33.535 INFO:teuthology.orchestra.run.smithi028.stdout:/usr/bin/ceph: stderr
2024-04-26T23:39:31.752+0000 7f9312a00700 1 -- 172.21.15.28:0/4077273098 --> [v2:172.21.15.28:3300/0,v1:172.21.15.28:6789/0] -- mon_subscribe({config=0+,monmap=0+}) -- 0x7f931419f490 con 0x7f931407ee40
2024-04-26T23:39:33.535 INFO:teuthology.orchestra.run.smithi028.stdout:/usr/bin/ceph: stderr
2024-04-26T23:39:31.752+0000 7f9312a00700 1 --2- 172.21.15.28:0/4077273098 >> [v2:172.21.15.28:3300/0,v1:172.21.15.28:6789/0] conn(0x7f931407ee40 0x7f931419ef50 secure :-1 s=READY pgs=75 cs=0 l=1 rev1=1 crypto rx=0x7f9304011670 tx=0x7f9304011a30 comp rx=0 tx=0).ready entity=mon.0 client_cookie=0 server_cookie=0 in_seq=0 out_seq=0
2024-04-26T23:39:33.535 INFO:teuthology.orchestra.run.smithi028.stdout:/usr/bin/ceph: stderr
2024-04-26T23:39:31.753+0000 7f930b400700 1 -- 172.21.15.28:0/4077273098 <== mon.0 v2:172.21.15.28:3300/0 1 ==== mon_map magic: 0 ==== 205+0+0 (secure 0 0 0) 0x7f930401f070 con 0x7f931407ee40
2024-04-26T23:39:33.535 INFO:teuthology.orchestra.run.smithi028.stdout:/usr/bin/ceph: stderr
2024-04-26T23:39:31.753+0000 7f930b400700 1 -- 172.21.15.28:0/4077273098 <== mon.0 v2:172.21.15.28:3300/0 2 ==== config(25 keys) ==== 1063+0+0 (secure 0 0 0) 0x7f9304003b20 con 0x7f931407ee40
2024-04-26T23:39:33.535 INFO:teuthology.orchestra.run.smithi028.stdout:/usr/bin/ceph: stderr
2024-04-26T23:39:31.753+0000 7f9319c00700 1 -- 172.21.15.28:0/4077273098 --> [v2:172.21.15.28:3300/0,v1:172.21.15.28:6789/0] -- mon_subscribe({mgrmap=0+}) -- 0x7f931419f720 con 0x7f931407ee40
2024-04-26T23:39:33.535 INFO:teuthology.orchestra.run.smithi028.stdout:/usr/bin/ceph: stderr
2024-04-26T23:39:31.753+0000 7f930b400700 1 -- 172.21.15.28:0/4077273098 <== mon.0 v2:172.21.15.28:3300/0 3 ==== mon_map magic: 0 ==== 205+0+0 (secure 0 0 0) 0x7f93040195f0 con 0x7f931407ee40
2024-04-26T23:39:33.536 INFO:teuthology.orchestra.run.smithi028.stdout:/usr/bin/ceph: stderr
2024-04-26T23:39:31.753+0000 7f9319c00700 1 -- 172.21.15.28:0/4077273098 --> [v2:172.21.15.28:3300/0,v1:172.21.15.28:6789/0] -- mon_subscribe({osdmap=0}) -- 0x7f93141a2410 con 0x7f931407ee40
2024-04-26T23:39:33.536 INFO:teuthology.orchestra.run.smithi028.stdout:/usr/bin/ceph: stderr
2024-04-26T23:39:31.754+0000 7f930b400700 1 -- 172.21.15.28:0/4077273098 <== mon.0 v2:172.21.15.28:3300/0 4 ==== mgrmap(e 12) ==== 46571+0+0 (secure 0 0 0) 0x7f9304022070 con 0x7f931407ee40
2024-04-26T23:39:33.536 INFO:teuthology.orchestra.run.smithi028.stdout:/usr/bin/ceph: stderr
2024-04-26T23:39:31.754+0000 7f9319c00700 1 -- 172.21.15.28:0/4077273098 --> [v2:172.21.15.28:3300/0,v1:172.21.15.28:6789/0] -- mon_command({"prefix": "get_command_descriptions"} v 0) -- 0x7f9314064a80 con 0x7f931407ee40
2024-04-26T23:39:33.536 INFO:teuthology.orchestra.run.smithi028.stdout:/usr/bin/ceph: stderr
2024-04-26T23:39:31.755+0000 7f930b400700 1 --2- 172.21.15.28:0/4077273098 >> [v2:172.21.15.28:6800/4151500660,v1:172.21.15.28:6801/4151500660] conn(0x7f92f8039660 0x7f92f803bb20 unknown :-1 s=NONE pgs=0 cs=0 l=1 rev1=0 crypto rx=0 tx=0 comp rx=0 tx=0).connect
2024-04-26T23:39:33.536 INFO:teuthology.orchestra.run.smithi028.stdout:/usr/bin/ceph: stderr
2024-04-26T23:39:31.755+0000 7f930b400700 1 -- 172.21.15.28:0/4077273098 <== mon.0 v2:172.21.15.28:3300/0 5 ==== osd_map(3..3 src has 1..3) ==== 1155+0+0 (secure 0 0 0) 0x7f930404dd00 con 0x7f931407ee40
2024-04-26T23:39:33.536 INFO:teuthology.orchestra.run.smithi028.stdout:/usr/bin/ceph: stderr
2024-04-26T23:39:31.755+0000 7f9312000700 1 --2- 172.21.15.28:0/4077273098 >> [v2:172.21.15.28:6800/4151500660,v1:172.21.15.28:6801/4151500660] conn(0x7f92f8039660 0x7f92f803bb20 unknown :-1 s=BANNER_CONNECTING pgs=0 cs=0 l=1 rev1=0 crypto rx=0 tx=0 comp rx=0 tx=0)._handle_peer_banner_payload supported=3 required=0
2024-04-26T23:39:33.536 INFO:teuthology.orchestra.run.smithi028.stdout:/usr/bin/ceph: stderr
2024-04-26T23:39:31.756+0000 7f9312000700 1 --2- 172.21.15.28:0/4077273098 >> [v2:172.21.15.28:6800/4151500660,v1:172.21.15.28:6801/4151500660] conn(0x7f92f8039660 0x7f92f803bb20 secure :-1 s=READY pgs=9 cs=0 l=1 rev1=1 crypto rx=0x7f9300006fd0 tx=0x7f9300006e40 comp rx=0 tx=0).ready entity=mgr.14152 client_cookie=0 server_cookie=0 in_seq=0 out_seq=0
2024-04-26T23:39:33.536 INFO:teuthology.orchestra.run.smithi028.stdout:/usr/bin/ceph: stderr
2024-04-26T23:39:31.760+0000 7f930b400700 1 -- 172.21.15.28:0/4077273098 <== mon.0 v2:172.21.15.28:3300/0 6 ==== mon_command_ack([{"prefix": "get_command_descriptions"}]=0 v0) ==== 72+0+188494 (secure 0 0 0) 0x7f9304022520 con 0x7f931407ee40
2024-04-26T23:39:33.536 INFO:teuthology.orchestra.run.smithi028.stdout:/usr/bin/ceph: stderr
2024-04-26T23:39:31.998+0000 7f9319c00700 1 -- 172.21.15.28:0/4077273098 --> [v2:172.21.15.28:3300/0,v1:172.21.15.28:6789/0] -- mon_command({"prefix": "config get", "who": "mgr", "key": "mgr/dashboard/ssl_server_port"} v 0) -- 0x7f93141a25e0 con 0x7f931407ee40
2024-04-26T23:39:33.536 INFO:teuthology.orchestra.run.smithi028.stdout:/usr/bin/ceph: stderr
2024-04-26T23:39:31.999+0000 7f930b400700 1 -- 172.21.15.28:0/4077273098 <== mon.0 v2:172.21.15.28:3300/0 7 ==== mon_command_ack([{"prefix": "config get", "who": "mgr", "key": "mgr/dashboard/ssl_server_port"}]=0 v8) ==== 112+0+5 (secure 0 0 0) 0x7f9304019d40 con 0x7f931407ee40
2024-04-26T23:39:33.536 INFO:teuthology.orchestra.run.smithi028.stdout:/usr/bin/ceph: stderr
2024-04-26T23:39:32.002+0000 7f9319c00700 1 -- 172.21.15.28:0/4077273098 >> [v2:172.21.15.28:6800/4151500660,v1:172.21.15.28:6801/4151500660] conn(0x7f92f8039660 msgr2=0x7f92f803bb20 secure :-1 s=STATE_CONNECTION_ESTABLISHED l=1).mark_down
2024-04-26T23:39:33.536 INFO:teuthology.orchestra.run.smithi028.stdout:/usr/bin/ceph: stderr
2024-04-26T23:39:32.002+0000 7f9319c00700 1 --2- 172.21.15.28:0/4077273098 >> [v2:172.21.15.28:6800/4151500660,v1:172.21.15.28:6801/4151500660] conn(0x7f92f8039660 0x7f92f803bb20 secure :-1 s=READY pgs=9 cs=0 l=1 rev1=1 crypto rx=0x7f9300006fd0 tx=0x7f9300006e40 comp rx=0 tx=0).stop
2024-04-26T23:39:33.536 INFO:teuthology.orchestra.run.smithi028.stdout:/usr/bin/ceph: stderr
2024-04-26T23:39:32.002+0000 7f9319c00700 1 -- 172.21.15.28:0/4077273098 >> [v2:172.21.15.28:3300/0,v1:172.21.15.28:6789/0] conn(0x7f931407ee40 msgr2=0x7f931419ef50 secure :-1 s=STATE_CONNECTION_ESTABLISHED l=1).mark_down
2024-04-26T23:39:33.536 INFO:teuthology.orchestra.run.smithi028.stdout:/usr/bin/ceph: stderr
2024-04-26T23:39:32.002+0000 7f9319c00700 1 --2- 172.21.15.28:0/4077273098 >> [v2:172.21.15.28:3300/0,v1:172.21.15.28:6789/0] conn(0x7f931407ee40 0x7f931419ef50 secure :-1 s=READY pgs=75 cs=0 l=1 rev1=1 crypto rx=0x7f9304011670 tx=0x7f9304011a30 comp rx=0 tx=0).stop
2024-04-26T23:39:33.536 INFO:teuthology.orchestra.run.smithi028.stdout:/usr/bin/ceph: stderr
2024-04-26T23:39:32.002+0000 7f9319c00700 1 -- 172.21.15.28:0/4077273098 shutdown_connections
2024-04-26T23:39:33.536 INFO:teuthology.orchestra.run.smithi028.stdout:/usr/bin/ceph: stderr
2024-04-26T23:39:32.002+0000 7f9319c00700 1 --2- 172.21.15.28:0/4077273098 >> [v2:172.21.15.28:6800/4151500660,v1:172.21.15.28:6801/4151500660] conn(0x7f92f8039660 0x7f92f803bb20 unknown :-1 s=CLOSED pgs=9 cs=0 l=1 rev1=1 crypto rx=0 tx=0 comp rx=0 tx=0).stop
2024-04-26T23:39:33.537 INFO:teuthology.orchestra.run.smithi028.stdout:/usr/bin/ceph: stderr
2024-04-26T23:39:32.002+0000 7f9319c00700 1 --2- 172.21.15.28:0/4077273098 >> [v2:172.21.15.28:3300/0,v1:172.21.15.28:6789/0] conn(0x7f931407ee40 0x7f931419ef50 unknown :-1 s=CLOSED pgs=75 cs=0 l=1 rev1=1 crypto rx=0 tx=0 comp rx=0 tx=0).stop
2024-04-26T23:39:33.537 INFO:teuthology.orchestra.run.smithi028.stdout:/usr/bin/ceph: stderr
2024-04-26T23:39:32.002+0000 7f9319c00700 1 -- 172.21.15.28:0/4077273098 >> 172.21.15.28:0/4077273098 conn(0x7f9314104380 msgr2=0x7f9314104f50 unknown :-1 s=STATE_NONE l=0).mark_down
2024-04-26T23:39:33.537 INFO:teuthology.orchestra.run.smithi028.stdout:/usr/bin/ceph: stderr
2024-04-26T23:39:32.002+0000 7f9319c00700 1 -- 172.21.15.28:0/4077273098 shutdown_connections
2024-04-26T23:39:33.537 INFO:teuthology.orchestra.run.smithi028.stdout:/usr/bin/ceph: stderr
2024-04-26T23:39:32.003+0000 7f9319c00700 1 -- 172.21.15.28:0/4077273098 wait complete.
2024-04-26T23:39:33.558 INFO:teuthology.orchestra.run.smithi028.stdout:Non-zero exit code 1 from systemctl is-enabled firewalld.service
2024-04-26T23:39:33.558 INFO:teuthology.orchestra.run.smithi028.stdout:systemctl: stdout disabled
2024-04-26T23:39:33.578 INFO:teuthology.orchestra.run.smithi028.stdout:Non-zero exit code 3 from systemctl is-active firewalld.service
2024-04-26T23:39:33.578 INFO:teuthology.orchestra.run.smithi028.stdout:systemctl: stdout inactive
2024-04-26T23:39:33.578 INFO:teuthology.orchestra.run.smithi028.stdout:firewalld.service is not enabled
2024-04-26T23:39:33.578 INFO:teuthology.orchestra.run.smithi028.stdout:Not possible to open ports <[8443]>. firewalld.service is not available
2024-04-26T23:39:33.581 INFO:teuthology.orchestra.run.smithi028.stdout:Ceph Dashboard is now available at:
2024-04-26T23:39:33.581 INFO:teuthology.orchestra.run.smithi028.stdout:
2024-04-26T23:39:33.581 INFO:teuthology.orchestra.run.smithi028.stdout: URL: https://smithi028.front.sepia.ceph.com:8443/
2024-04-26T23:39:33.581 INFO:teuthology.orchestra.run.smithi028.stdout: User: admin
2024-04-26T23:39:33.581 INFO:teuthology.orchestra.run.smithi028.stdout: Password: twiiwx47oy
2024-04-26T23:39:33.581 INFO:teuthology.orchestra.run.smithi028.stdout:
2024-04-26T23:39:33.581 INFO:teuthology.orchestra.run.smithi028.stdout:Saving cluster configuration to /var/lib/ceph/dbf07616-0425-11ef-bc93-c7b262605968/config directory
2024-04-26T23:39:33.582 INFO:teuthology.orchestra.run.smithi028.stdout:Enabling autotune for osd_memory_target
2024-04-26T23:39:35.114 INFO:teuthology.orchestra.run.smithi028.stdout:/usr/bin/ceph: stderr
2024-04-26T23:39:34.181+0000 7ff742800700 1 Processor -- start
2024-04-26T23:39:35.114 INFO:teuthology.orchestra.run.smithi028.stdout:/usr/bin/ceph: stderr
2024-04-26T23:39:34.182+0000 7ff742800700 1 -- start start
2024-04-26T23:39:35.115 INFO:teuthology.orchestra.run.smithi028.stdout:/usr/bin/ceph: stderr
2024-04-26T23:39:34.182+0000 7ff742800700 1 --2- >> [v2:172.21.15.28:3300/0,v1:172.21.15.28:6789/0] conn(0x7ff73c07ee60 0x7ff73c07d2c0 unknown :-1 s=NONE pgs=0 cs=0 l=0 rev1=0 crypto rx=0 tx=0 comp rx=0 tx=0).connect
2024-04-26T23:39:35.115 INFO:teuthology.orchestra.run.smithi028.stdout:/usr/bin/ceph: stderr
2024-04-26T23:39:34.182+0000 7ff742800700 1 -- --> [v2:172.21.15.28:3300/0,v1:172.21.15.28:6789/0] -- mon_getmap magic: 0 -- 0x7ff73c07d890 con 0x7ff73c07ee60
2024-04-26T23:39:35.115 INFO:teuthology.orchestra.run.smithi028.stdout:/usr/bin/ceph: stderr
2024-04-26T23:39:34.183+0000 7ff73b400700 1 --2- >> [v2:172.21.15.28:3300/0,v1:172.21.15.28:6789/0] conn(0x7ff73c07ee60 0x7ff73c07d2c0 unknown :-1 s=BANNER_CONNECTING pgs=0 cs=0 l=0 rev1=0 crypto rx=0 tx=0 comp rx=0 tx=0)._handle_peer_banner_payload supported=3 required=0
2024-04-26T23:39:35.115 INFO:teuthology.orchestra.run.smithi028.stdout:/usr/bin/ceph: stderr
