2024-04-26T23:42:46.021 INFO:teuthology.orchestra.run.smithi082.stdout:/usr/bin/ceph: stderr
2024-04-26T23:42:44.957+0000 7f8a56e00700 1 --2- 172.21.15.82:0/3311748204 >> [v2:172.21.15.82:3300/0,v1:172.21.15.82:6789/0] conn(0x7f8a500832e0 0x7f8a50111ce0 unknown :-1 s=CLOSED pgs=18 cs=0 l=1 rev1=1 crypto rx=0 tx=0 comp rx=0 tx=0).stop
2024-04-26T23:42:46.021 INFO:teuthology.orchestra.run.smithi082.stdout:/usr/bin/ceph: stderr
2024-04-26T23:42:44.957+0000 7f8a56e00700 1 -- 172.21.15.82:0/3311748204 >> 172.21.15.82:0/3311748204 conn(0x7f8a5007e0b0 msgr2=0x7f8a50080510 unknown :-1 s=STATE_NONE l=0).mark_down
2024-04-26T23:42:46.021 INFO:teuthology.orchestra.run.smithi082.stdout:/usr/bin/ceph: stderr
2024-04-26T23:42:44.957+0000 7f8a56e00700 1 -- 172.21.15.82:0/3311748204 shutdown_connections
2024-04-26T23:42:46.021 INFO:teuthology.orchestra.run.smithi082.stdout:/usr/bin/ceph: stderr
2024-04-26T23:42:44.957+0000 7f8a56e00700 1 -- 172.21.15.82:0/3311748204 wait complete.
2024-04-26T23:42:46.021 INFO:teuthology.orchestra.run.smithi082.stdout:/usr/bin/ceph: stderr
2024-04-26T23:42:44.958+0000 7f8a56e00700 1 Processor -- start
2024-04-26T23:42:46.021 INFO:teuthology.orchestra.run.smithi082.stdout:/usr/bin/ceph: stderr
2024-04-26T23:42:44.959+0000 7f8a56e00700 1 -- start start
2024-04-26T23:42:46.021 INFO:teuthology.orchestra.run.smithi082.stdout:/usr/bin/ceph: stderr
2024-04-26T23:42:44.959+0000 7f8a56e00700 1 --2- >> [v2:172.21.15.82:3300/0,v1:172.21.15.82:6789/0] conn(0x7f8a500832e0 0x7f8a501a3090 unknown :-1 s=NONE pgs=0 cs=0 l=1 rev1=0 crypto rx=0 tx=0 comp rx=0 tx=0).connect
2024-04-26T23:42:46.021 INFO:teuthology.orchestra.run.smithi082.stdout:/usr/bin/ceph: stderr
2024-04-26T23:42:44.959+0000 7f8a56e00700 1 -- --> [v2:172.21.15.82:3300/0,v1:172.21.15.82:6789/0] -- mon_getmap magic: 0 -- 0x7f8a50113460 con 0x7f8a500832e0
2024-04-26T23:42:46.021 INFO:teuthology.orchestra.run.smithi082.stdout:/usr/bin/ceph: stderr
2024-04-26T23:42:44.959+0000 7f8a55a00700 1 --2- >> [v2:172.21.15.82:3300/0,v1:172.21.15.82:6789/0] conn(0x7f8a500832e0 0x7f8a501a3090 unknown :-1 s=BANNER_CONNECTING pgs=0 cs=0 l=1 rev1=0 crypto rx=0 tx=0 comp rx=0 tx=0)._handle_peer_banner_payload supported=3 required=0
2024-04-26T23:42:46.021 INFO:teuthology.orchestra.run.smithi082.stdout:/usr/bin/ceph: stderr
2024-04-26T23:42:44.959+0000 7f8a55a00700 1 --2- >> [v2:172.21.15.82:3300/0,v1:172.21.15.82:6789/0] conn(0x7f8a500832e0 0x7f8a501a3090 unknown :-1 s=HELLO_CONNECTING pgs=0 cs=0 l=1 rev1=1 crypto rx=0 tx=0 comp rx=0 tx=0).handle_hello peer v2:172.21.15.82:3300/0 says I am v2:172.21.15.82:43508/0 (socket says 172.21.15.82:43508)
2024-04-26T23:42:46.021 INFO:teuthology.orchestra.run.smithi082.stdout:/usr/bin/ceph: stderr
2024-04-26T23:42:44.959+0000 7f8a55a00700 1 -- 172.21.15.82:0/860247783 learned_addr learned my addr 172.21.15.82:0/860247783 (peer_addr_for_me v2:172.21.15.82:0/0)
2024-04-26T23:42:46.022 INFO:teuthology.orchestra.run.smithi082.stdout:/usr/bin/ceph: stderr
2024-04-26T23:42:44.960+0000 7f8a55a00700 1 -- 172.21.15.82:0/860247783 --> [v2:172.21.15.82:3300/0,v1:172.21.15.82:6789/0] -- mon_subscribe({config=0+,monmap=0+}) -- 0x7f8a501a35d0 con 0x7f8a500832e0
2024-04-26T23:42:46.022 INFO:teuthology.orchestra.run.smithi082.stdout:/usr/bin/ceph: stderr
2024-04-26T23:42:44.960+0000 7f8a55a00700 1 --2- 172.21.15.82:0/860247783 >> [v2:172.21.15.82:3300/0,v1:172.21.15.82:6789/0] conn(0x7f8a500832e0 0x7f8a501a3090 secure :-1 s=READY pgs=19 cs=0 l=1 rev1=1 crypto rx=0x7f8a44011ac0 tx=0x7f8a44011ba0 comp rx=0 tx=0).ready entity=mon.0 client_cookie=0 server_cookie=0 in_seq=0 out_seq=0
2024-04-26T23:42:46.022 INFO:teuthology.orchestra.run.smithi082.stdout:/usr/bin/ceph: stderr
2024-04-26T23:42:44.960+0000 7f8a4e000700 1 -- 172.21.15.82:0/860247783 <== mon.0 v2:172.21.15.82:3300/0 1 ==== mon_map magic: 0 ==== 205+0+0 (secure 0 0 0) 0x7f8a44003970 con 0x7f8a500832e0
2024-04-26T23:42:46.022 INFO:teuthology.orchestra.run.smithi082.stdout:/usr/bin/ceph: stderr
2024-04-26T23:42:44.960+0000 7f8a4e000700 1 -- 172.21.15.82:0/860247783 <== mon.0 v2:172.21.15.82:3300/0 2 ==== config(26 keys) ==== 1070+0+0 (secure 0 0 0) 0x7f8a44003b10 con 0x7f8a500832e0
2024-04-26T23:42:46.022 INFO:teuthology.orchestra.run.smithi082.stdout:/usr/bin/ceph: stderr
2024-04-26T23:42:44.960+0000 7f8a4e000700 1 -- 172.21.15.82:0/860247783 <== mon.0 v2:172.21.15.82:3300/0 3 ==== mon_map magic: 0 ==== 205+0+0 (secure 0 0 0) 0x7f8a44024610 con 0x7f8a500832e0
2024-04-26T23:42:46.022 INFO:teuthology.orchestra.run.smithi082.stdout:/usr/bin/ceph: stderr
2024-04-26T23:42:44.960+0000 7f8a56e00700 1 -- 172.21.15.82:0/860247783 --> [v2:172.21.15.82:3300/0,v1:172.21.15.82:6789/0] -- mon_subscribe({mgrmap=0+}) -- 0x7f8a501a3860 con 0x7f8a500832e0
2024-04-26T23:42:46.022 INFO:teuthology.orchestra.run.smithi082.stdout:/usr/bin/ceph: stderr
2024-04-26T23:42:44.960+0000 7f8a56e00700 1 -- 172.21.15.82:0/860247783 --> [v2:172.21.15.82:3300/0,v1:172.21.15.82:6789/0] -- mon_subscribe({osdmap=0}) -- 0x7f8a501a6550 con 0x7f8a500832e0
2024-04-26T23:42:46.022 INFO:teuthology.orchestra.run.smithi082.stdout:/usr/bin/ceph: stderr
2024-04-26T23:42:44.961+0000 7f8a4e000700 1 -- 172.21.15.82:0/860247783 <== mon.0 v2:172.21.15.82:3300/0 4 ==== mgrmap(e 4) ==== 46547+0+0 (secure 0 0 0) 0x7f8a4401a9e0 con 0x7f8a500832e0
2024-04-26T23:42:46.022 INFO:teuthology.orchestra.run.smithi082.stdout:/usr/bin/ceph: stderr
2024-04-26T23:42:44.961+0000 7f8a56e00700 1 -- 172.21.15.82:0/860247783 --> [v2:172.21.15.82:3300/0,v1:172.21.15.82:6789/0] -- mon_command({"prefix": "get_command_descriptions"} v 0) -- 0x7f8a5006a520 con 0x7f8a500832e0
2024-04-26T23:42:46.022 INFO:teuthology.orchestra.run.smithi082.stdout:/usr/bin/ceph: stderr
2024-04-26T23:42:44.962+0000 7f8a4e000700 1 --2- 172.21.15.82:0/860247783 >> [v2:172.21.15.82:6800/1939420779,v1:172.21.15.82:6801/1939420779] conn(0x7f8a380395b0 0x7f8a3803ba70 unknown :-1 s=NONE pgs=0 cs=0 l=1 rev1=0 crypto rx=0 tx=0 comp rx=0 tx=0).connect
2024-04-26T23:42:46.022 INFO:teuthology.orchestra.run.smithi082.stdout:/usr/bin/ceph: stderr
2024-04-26T23:42:44.962+0000 7f8a4e000700 1 -- 172.21.15.82:0/860247783 <== mon.0 v2:172.21.15.82:3300/0 5 ==== osd_map(1..1 src has 1..1) ==== 725+0+0 (secure 0 0 0) 0x7f8a4404d860 con 0x7f8a500832e0
2024-04-26T23:42:46.022 INFO:teuthology.orchestra.run.smithi082.stdout:/usr/bin/ceph: stderr
2024-04-26T23:42:44.962+0000 7f8a55000700 1 --2- 172.21.15.82:0/860247783 >> [v2:172.21.15.82:6800/1939420779,v1:172.21.15.82:6801/1939420779] conn(0x7f8a380395b0 0x7f8a3803ba70 unknown :-1 s=BANNER_CONNECTING pgs=0 cs=0 l=1 rev1=0 crypto rx=0 tx=0 comp rx=0 tx=0)._handle_peer_banner_payload supported=3 required=0
2024-04-26T23:42:46.023 INFO:teuthology.orchestra.run.smithi082.stdout:/usr/bin/ceph: stderr
2024-04-26T23:42:44.963+0000 7f8a55000700 1 --2- 172.21.15.82:0/860247783 >> [v2:172.21.15.82:6800/1939420779,v1:172.21.15.82:6801/1939420779] conn(0x7f8a380395b0 0x7f8a3803ba70 secure :-1 s=READY pgs=6 cs=0 l=1 rev1=1 crypto rx=0x7f8a3c006fd0 tx=0x7f8a3c006e40 comp rx=0 tx=0).ready entity=mgr.14100 client_cookie=0 server_cookie=0 in_seq=0 out_seq=0
2024-04-26T23:42:46.023 INFO:teuthology.orchestra.run.smithi082.stdout:/usr/bin/ceph: stderr
2024-04-26T23:42:44.971+0000 7f8a4e000700 1 -- 172.21.15.82:0/860247783 <== mon.0 v2:172.21.15.82:3300/0 6 ==== mon_command_ack([{"prefix": "get_command_descriptions"}]=0 v0) ==== 72+0+188494 (secure 0 0 0) 0x7f8a4400b3e0 con 0x7f8a500832e0
2024-04-26T23:42:46.023 INFO:teuthology.orchestra.run.smithi082.stdout:/usr/bin/ceph: stderr
2024-04-26T23:42:45.282+0000 7f8a56e00700 1 -- 172.21.15.82:0/860247783 --> [v2:172.21.15.82:3300/0,v1:172.21.15.82:6789/0] -- mon_command({"prefix": "status", "format": "json-pretty"} v 0) -- 0x7f8a501a6720 con 0x7f8a500832e0
2024-04-26T23:42:46.023 INFO:teuthology.orchestra.run.smithi082.stdout:/usr/bin/ceph: stderr
2024-04-26T23:42:45.283+0000 7f8a4e000700 1 -- 172.21.15.82:0/860247783 <== mon.0 v2:172.21.15.82:3300/0 7 ==== mon_command_ack([{"prefix": "status", "format": "json-pretty"}]=0 v0) ==== 79+0+1239 (secure 0 0 0) 0x7f8a501a6720 con 0x7f8a500832e0
2024-04-26T23:42:46.023 INFO:teuthology.orchestra.run.smithi082.stdout:/usr/bin/ceph: stderr
2024-04-26T23:42:45.286+0000 7f8a56e00700 1 -- 172.21.15.82:0/860247783 >> [v2:172.21.15.82:6800/1939420779,v1:172.21.15.82:6801/1939420779] conn(0x7f8a380395b0 msgr2=0x7f8a3803ba70 secure :-1 s=STATE_CONNECTION_ESTABLISHED l=1).mark_down
2024-04-26T23:42:46.023 INFO:teuthology.orchestra.run.smithi082.stdout:/usr/bin/ceph: stderr
2024-04-26T23:42:45.286+0000 7f8a56e00700 1 --2- 172.21.15.82:0/860247783 >> [v2:172.21.15.82:6800/1939420779,v1:172.21.15.82:6801/1939420779] conn(0x7f8a380395b0 0x7f8a3803ba70 secure :-1 s=READY pgs=6 cs=0 l=1 rev1=1 crypto rx=0x7f8a3c006fd0 tx=0x7f8a3c006e40 comp rx=0 tx=0).stop
2024-04-26T23:42:46.023 INFO:teuthology.orchestra.run.smithi082.stdout:/usr/bin/ceph: stderr
2024-04-26T23:42:45.286+0000 7f8a56e00700 1 -- 172.21.15.82:0/860247783 >> [v2:172.21.15.82:3300/0,v1:172.21.15.82:6789/0] conn(0x7f8a500832e0 msgr2=0x7f8a501a3090 secure :-1 s=STATE_CONNECTION_ESTABLISHED l=1).mark_down
2024-04-26T23:42:46.023 INFO:teuthology.orchestra.run.smithi082.stdout:/usr/bin/ceph: stderr
2024-04-26T23:42:45.286+0000 7f8a56e00700 1 --2- 172.21.15.82:0/860247783 >> [v2:172.21.15.82:3300/0,v1:172.21.15.82:6789/0] conn(0x7f8a500832e0 0x7f8a501a3090 secure :-1 s=READY pgs=19 cs=0 l=1 rev1=1 crypto rx=0x7f8a44011ac0 tx=0x7f8a44011ba0 comp rx=0 tx=0).stop
2024-04-26T23:42:46.023 INFO:teuthology.orchestra.run.smithi082.stdout:/usr/bin/ceph: stderr
2024-04-26T23:42:45.286+0000 7f8a56e00700 1 -- 172.21.15.82:0/860247783 shutdown_connections
2024-04-26T23:42:46.023 INFO:teuthology.orchestra.run.smithi082.stdout:/usr/bin/ceph: stderr
2024-04-26T23:42:45.286+0000 7f8a56e00700 1 --2- 172.21.15.82:0/860247783 >> [v2:172.21.15.82:6800/1939420779,v1:172.21.15.82:6801/1939420779] conn(0x7f8a380395b0 0x7f8a3803ba70 unknown :-1 s=CLOSED pgs=6 cs=0 l=1 rev1=1 crypto rx=0 tx=0 comp rx=0 tx=0).stop
2024-04-26T23:42:46.023 INFO:teuthology.orchestra.run.smithi082.stdout:/usr/bin/ceph: stderr
2024-04-26T23:42:45.286+0000 7f8a56e00700 1 --2- 172.21.15.82:0/860247783 >> [v2:172.21.15.82:3300/0,v1:172.21.15.82:6789/0] conn(0x7f8a500832e0 0x7f8a501a3090 unknown :-1 s=CLOSED pgs=19 cs=0 l=1 rev1=1 crypto rx=0 tx=0 comp rx=0 tx=0).stop
2024-04-26T23:42:46.023 INFO:teuthology.orchestra.run.smithi082.stdout:/usr/bin/ceph: stderr
2024-04-26T23:42:45.286+0000 7f8a56e00700 1 -- 172.21.15.82:0/860247783 >> 172.21.15.82:0/860247783 conn(0x7f8a5007e0b0 msgr2=0x7f8a5007ec10 unknown :-1 s=STATE_NONE l=0).mark_down
2024-04-26T23:42:46.024 INFO:teuthology.orchestra.run.smithi082.stdout:/usr/bin/ceph: stderr
2024-04-26T23:42:45.286+0000 7f8a56e00700 1 -- 172.21.15.82:0/860247783 shutdown_connections
2024-04-26T23:42:46.024 INFO:teuthology.orchestra.run.smithi082.stdout:/usr/bin/ceph: stderr
2024-04-26T23:42:45.286+0000 7f8a56e00700 1 -- 172.21.15.82:0/860247783 wait complete.
2024-04-26T23:42:46.024 INFO:teuthology.orchestra.run.smithi082.stdout:mgr is available
2024-04-26T23:42:47.242 INFO:journalctl@ceph.mon.a.smithi082.stdout:Apr 26 23:42:46 smithi082 ceph-mon[28040]: from='client.? 172.21.15.82:0/3700042522' entity='client.admin' cmd=[{"prefix": "config assimilate-conf"}]: dispatch
2024-04-26T23:42:47.598 INFO:teuthology.orchestra.run.smithi082.stdout:/usr/bin/ceph: stdout
2024-04-26T23:42:47.600 INFO:teuthology.orchestra.run.smithi082.stdout:/usr/bin/ceph: stdout [global]
2024-04-26T23:42:47.600 INFO:teuthology.orchestra.run.smithi082.stdout:/usr/bin/ceph: stdout fsid = 7b969902-0426-11ef-bc93-c7b262605968
2024-04-26T23:42:47.600 INFO:teuthology.orchestra.run.smithi082.stdout:/usr/bin/ceph: stdout mon_cluster_log_file_level = debug
2024-04-26T23:42:47.600 INFO:teuthology.orchestra.run.smithi082.stdout:/usr/bin/ceph: stdout mon_osd_allow_pg_remap = true
2024-04-26T23:42:47.600 INFO:teuthology.orchestra.run.smithi082.stdout:/usr/bin/ceph: stdout mon_osd_allow_primary_affinity = true
2024-04-26T23:42:47.600 INFO:teuthology.orchestra.run.smithi082.stdout:/usr/bin/ceph: stdout mon_warn_on_no_sortbitwise = false
2024-04-26T23:42:47.600 INFO:teuthology.orchestra.run.smithi082.stdout:/usr/bin/ceph: stdout osd_crush_chooseleaf_type = 0
2024-04-26T23:42:47.600 INFO:teuthology.orchestra.run.smithi082.stdout:/usr/bin/ceph: stdout
2024-04-26T23:42:47.600 INFO:teuthology.orchestra.run.smithi082.stdout:/usr/bin/ceph: stdout [mgr]
2024-04-26T23:42:47.600 INFO:teuthology.orchestra.run.smithi082.stdout:/usr/bin/ceph: stdout mgr/telemetry/nag = false
2024-04-26T23:42:47.600 INFO:teuthology.orchestra.run.smithi082.stdout:/usr/bin/ceph: stdout
2024-04-26T23:42:47.601 INFO:teuthology.orchestra.run.smithi082.stdout:/usr/bin/ceph: stdout [osd]
2024-04-26T23:42:47.601 INFO:teuthology.orchestra.run.smithi082.stdout:/usr/bin/ceph: stdout mon_osd_backfillfull_ratio = 0.85
2024-04-26T23:42:47.607 INFO:teuthology.orchestra.run.smithi082.stdout:/usr/bin/ceph: stdout mon_osd_full_ratio = 0.9
2024-04-26T23:42:47.607 INFO:teuthology.orchestra.run.smithi082.stdout:/usr/bin/ceph: stdout mon_osd_nearfull_ratio = 0.8
2024-04-26T23:42:47.607 INFO:teuthology.orchestra.run.smithi082.stdout:/usr/bin/ceph: stdout osd_map_max_advance = 10
2024-04-26T23:42:47.607 INFO:teuthology.orchestra.run.smithi082.stdout:/usr/bin/ceph: stdout osd_sloppy_crc = true
2024-04-26T23:42:47.607 INFO:teuthology.orchestra.run.smithi082.stdout:/usr/bin/ceph: stderr
2024-04-26T23:42:46.621+0000 7f7ea4000700 1 Processor -- start
2024-04-26T23:42:47.607 INFO:teuthology.orchestra.run.smithi082.stdout:/usr/bin/ceph: stderr
2024-04-26T23:42:46.621+0000 7f7ea4000700 1 -- start start
2024-04-26T23:42:47.607 INFO:teuthology.orchestra.run.smithi082.stdout:/usr/bin/ceph: stderr
2024-04-26T23:42:46.622+0000 7f7ea4000700 1 --2- >> [v2:172.21.15.82:3300/0,v1:172.21.15.82:6789/0] conn(0x7f7e9c108cb0 0x7f7e9c1090d0 unknown :-1 s=NONE pgs=0 cs=0 l=0 rev1=0 crypto rx=0 tx=0 comp rx=0 tx=0).connect
2024-04-26T23:42:47.607 INFO:teuthology.orchestra.run.smithi082.stdout:/usr/bin/ceph: stderr
2024-04-26T23:42:46.622+0000 7f7ea4000700 1 -- --> [v2:172.21.15.82:3300/0,v1:172.21.15.82:6789/0] -- mon_getmap magic: 0 -- 0x7f7e9c1096a0 con 0x7f7e9c108cb0
2024-04-26T23:42:47.607 INFO:teuthology.orchestra.run.smithi082.stdout:/usr/bin/ceph: stderr
2024-04-26T23:42:46.622+0000 7f7ea1600700 1 --2- >> [v2:172.21.15.82:3300/0,v1:172.21.15.82:6789/0] conn(0x7f7e9c108cb0 0x7f7e9c1090d0 unknown :-1 s=BANNER_CONNECTING pgs=0 cs=0 l=0 rev1=0 crypto rx=0 tx=0 comp rx=0 tx=0)._handle_peer_banner_payload supported=3 required=0
2024-04-26T23:42:47.608 INFO:teuthology.orchestra.run.smithi082.stdout:/usr/bin/ceph: stderr
2024-04-26T23:42:46.622+0000 7f7ea1600700 1 --2- >> [v2:172.21.15.82:3300/0,v1:172.21.15.82:6789/0] conn(0x7f7e9c108cb0 0x7f7e9c1090d0 unknown :-1 s=HELLO_CONNECTING pgs=0 cs=0 l=0 rev1=1 crypto rx=0 tx=0 comp rx=0 tx=0).handle_hello peer v2:172.21.15.82:3300/0 says I am v2:172.21.15.82:43518/0 (socket says 172.21.15.82:43518)
2024-04-26T23:42:47.608 INFO:teuthology.orchestra.run.smithi082.stdout:/usr/bin/ceph: stderr
2024-04-26T23:42:46.622+0000 7f7ea1600700 1 -- 172.21.15.82:0/2208927793 learned_addr learned my addr 172.21.15.82:0/2208927793 (peer_addr_for_me v2:172.21.15.82:0/0)
2024-04-26T23:42:47.608 INFO:teuthology.orchestra.run.smithi082.stdout:/usr/bin/ceph: stderr
2024-04-26T23:42:46.623+0000 7f7ea1600700 1 -- 172.21.15.82:0/2208927793 --> [v2:172.21.15.82:3300/0,v1:172.21.15.82:6789/0] -- mon_subscribe({config=0+,monmap=0+}) -- 0x7f7e9c109eb0 con 0x7f7e9c108cb0
2024-04-26T23:42:47.608 INFO:teuthology.orchestra.run.smithi082.stdout:/usr/bin/ceph: stderr
2024-04-26T23:42:46.623+0000 7f7ea1600700 1 --2- 172.21.15.82:0/2208927793 >> [v2:172.21.15.82:3300/0,v1:172.21.15.82:6789/0] conn(0x7f7e9c108cb0 0x7f7e9c1090d0 secure :-1 s=READY pgs=20 cs=0 l=1 rev1=1 crypto rx=0x7f7e8c009e80 tx=0x7f7e8c00b330 comp rx=0 tx=0).ready entity=mon.0 client_cookie=c092a0f2b2c1f39e server_cookie=0 in_seq=0 out_seq=0
2024-04-26T23:42:47.608 INFO:teuthology.orchestra.run.smithi082.stdout:/usr/bin/ceph: stderr
2024-04-26T23:42:46.623+0000 7f7e9be00700 1 -- 172.21.15.82:0/2208927793 <== mon.0 v2:172.21.15.82:3300/0 1 ==== mon_map magic: 0 ==== 205+0+0 (secure 0 0 0) 0x7f7e8c017070 con 0x7f7e9c108cb0
2024-04-26T23:42:47.608 INFO:teuthology.orchestra.run.smithi082.stdout:/usr/bin/ceph: stderr
2024-04-26T23:42:46.624+0000 7f7e9be00700 1 -- 172.21.15.82:0/2208927793 <== mon.0 v2:172.21.15.82:3300/0 2 ==== config(26 keys) ==== 1070+0+0 (secure 0 0 0) 0x7f7e8c00b8c0 con 0x7f7e9c108cb0
2024-04-26T23:42:47.608 INFO:teuthology.orchestra.run.smithi082.stdout:/usr/bin/ceph: stderr
2024-04-26T23:42:46.624+0000 7f7e9be00700 1 -- 172.21.15.82:0/2208927793 <== mon.0 v2:172.21.15.82:3300/0 3 ==== mon_map magic: 0 ==== 205+0+0 (secure 0 0 0) 0x7f7e8c004490 con 0x7f7e9c108cb0
2024-04-26T23:42:47.608 INFO:teuthology.orchestra.run.smithi082.stdout:/usr/bin/ceph: stderr
2024-04-26T23:42:46.624+0000 7f7ea4000700 1 -- 172.21.15.82:0/2208927793 >> [v2:172.21.15.82:3300/0,v1:172.21.15.82:6789/0] conn(0x7f7e9c108cb0 msgr2=0x7f7e9c1090d0 secure :-1 s=STATE_CONNECTION_ESTABLISHED l=1).mark_down
2024-04-26T23:42:47.608 INFO:teuthology.orchestra.run.smithi082.stdout:/usr/bin/ceph: stderr
2024-04-26T23:42:46.624+0000 7f7ea4000700 1 --2- 172.21.15.82:0/2208927793 >> [v2:172.21.15.82:3300/0,v1:172.21.15.82:6789/0] conn(0x7f7e9c108cb0 0x7f7e9c1090d0 secure :-1 s=READY pgs=20 cs=0 l=1 rev1=1 crypto rx=0x7f7e8c009e80 tx=0x7f7e8c00b330 comp rx=0 tx=0).stop
2024-04-26T23:42:47.608 INFO:teuthology.orchestra.run.smithi082.stdout:/usr/bin/ceph: stderr
2024-04-26T23:42:46.624+0000 7f7ea4000700 1 -- 172.21.15.82:0/2208927793 shutdown_connections
2024-04-26T23:42:47.608 INFO:teuthology.orchestra.run.smithi082.stdout:/usr/bin/ceph: stderr
2024-04-26T23:42:46.624+0000 7f7ea4000700 1 --2- 172.21.15.82:0/2208927793 >> [v2:172.21.15.82:3300/0,v1:172.21.15.82:6789/0] conn(0x7f7e9c108cb0 0x7f7e9c1090d0 unknown :-1 s=CLOSED pgs=20 cs=0 l=1 rev1=1 crypto rx=0 tx=0 comp rx=0 tx=0).stop
2024-04-26T23:42:47.608 INFO:teuthology.orchestra.run.smithi082.stdout:/usr/bin/ceph: stderr
2024-04-26T23:42:46.624+0000 7f7ea4000700 1 -- 172.21.15.82:0/2208927793 >> 172.21.15.82:0/2208927793 conn(0x7f7e9c104290 msgr2=0x7f7e9c1066b0 unknown :-1 s=STATE_NONE l=0).mark_down
2024-04-26T23:42:47.608 INFO:teuthology.orchestra.run.smithi082.stdout:/usr/bin/ceph: stderr
2024-04-26T23:42:46.624+0000 7f7ea4000700 1 -- 172.21.15.82:0/2208927793 shutdown_connections
2024-04-26T23:42:47.608 INFO:teuthology.orchestra.run.smithi082.stdout:/usr/bin/ceph: stderr
2024-04-26T23:42:46.624+0000 7f7ea4000700 1 -- 172.21.15.82:0/2208927793 wait complete.
2024-04-26T23:42:47.609 INFO:teuthology.orchestra.run.smithi082.stdout:/usr/bin/ceph: stderr
2024-04-26T23:42:46.625+0000 7f7ea4000700 1 Processor -- start
2024-04-26T23:42:47.609 INFO:teuthology.orchestra.run.smithi082.stdout:/usr/bin/ceph: stderr
2024-04-26T23:42:46.626+0000 7f7ea4000700 1 -- start start
2024-04-26T23:42:47.609 INFO:teuthology.orchestra.run.smithi082.stdout:/usr/bin/ceph: stderr
2024-04-26T23:42:46.626+0000 7f7ea4000700 1 --2- >> [v2:172.21.15.82:3300/0,v1:172.21.15.82:6789/0] conn(0x7f7e9c108cb0 0x7f7e9c07eb70 unknown :-1 s=NONE pgs=0 cs=0 l=1 rev1=0 crypto rx=0 tx=0 comp rx=0 tx=0).connect
2024-04-26T23:42:47.609 INFO:teuthology.orchestra.run.smithi082.stdout:/usr/bin/ceph: stderr
2024-04-26T23:42:46.626+0000 7f7ea4000700 1 -- --> [v2:172.21.15.82:3300/0,v1:172.21.15.82:6789/0] -- mon_getmap magic: 0 -- 0x7f7e9c10d260 con 0x7f7e9c108cb0
2024-04-26T23:42:47.609 INFO:teuthology.orchestra.run.smithi082.stdout:/usr/bin/ceph: stderr
2024-04-26T23:42:46.626+0000 7f7ea1600700 1 --2- >> [v2:172.21.15.82:3300/0,v1:172.21.15.82:6789/0] conn(0x7f7e9c108cb0 0x7f7e9c07eb70 unknown :-1 s=BANNER_CONNECTING pgs=0 cs=0 l=1 rev1=0 crypto rx=0 tx=0 comp rx=0 tx=0)._handle_peer_banner_payload supported=3 required=0
2024-04-26T23:42:47.609 INFO:teuthology.orchestra.run.smithi082.stdout:/usr/bin/ceph: stderr
2024-04-26T23:42:46.626+0000 7f7ea1600700 1 --2- >> [v2:172.21.15.82:3300/0,v1:172.21.15.82:6789/0] conn(0x7f7e9c108cb0 0x7f7e9c07eb70 unknown :-1 s=HELLO_CONNECTING pgs=0 cs=0 l=1 rev1=1 crypto rx=0 tx=0 comp rx=0 tx=0).handle_hello peer v2:172.21.15.82:3300/0 says I am v2:172.21.15.82:43534/0 (socket says 172.21.15.82:43534)
2024-04-26T23:42:47.609 INFO:teuthology.orchestra.run.smithi082.stdout:/usr/bin/ceph: stderr
2024-04-26T23:42:46.626+0000 7f7ea1600700 1 -- 172.21.15.82:0/3700042522 learned_addr learned my addr 172.21.15.82:0/3700042522 (peer_addr_for_me v2:172.21.15.82:0/0)
2024-04-26T23:42:47.609 INFO:teuthology.orchestra.run.smithi082.stdout:/usr/bin/ceph: stderr
2024-04-26T23:42:46.627+0000 7f7ea1600700 1 -- 172.21.15.82:0/3700042522 --> [v2:172.21.15.82:3300/0,v1:172.21.15.82:6789/0] -- mon_subscribe({config=0+,monmap=0+}) -- 0x7f7e9c07f0b0 con 0x7f7e9c108cb0
2024-04-26T23:42:47.609 INFO:teuthology.orchestra.run.smithi082.stdout:/usr/bin/ceph: stderr
2024-04-26T23:42:46.627+0000 7f7ea1600700 1 --2- 172.21.15.82:0/3700042522 >> [v2:172.21.15.82:3300/0,v1:172.21.15.82:6789/0] conn(0x7f7e9c108cb0 0x7f7e9c07eb70 secure :-1 s=READY pgs=21 cs=0 l=1 rev1=1 crypto rx=0x7f7e8c004a60 tx=0x7f7e8c00bd50 comp rx=0 tx=0).ready entity=mon.0 client_cookie=0 server_cookie=0 in_seq=0 out_seq=0
2024-04-26T23:42:47.609 INFO:teuthology.orchestra.run.smithi082.stdout:/usr/bin/ceph: stderr
2024-04-26T23:42:46.627+0000 7f7e9a000700 1 -- 172.21.15.82:0/3700042522 <== mon.0 v2:172.21.15.82:3300/0 1 ==== mon_map magic: 0 ==== 205+0+0 (secure 0 0 0) 0x7f7e8c020020 con 0x7f7e9c108cb0
2024-04-26T23:42:47.609 INFO:teuthology.orchestra.run.smithi082.stdout:/usr/bin/ceph: stderr
2024-04-26T23:42:46.627+0000 7f7e9a000700 1 -- 172.21.15.82:0/3700042522 <== mon.0 v2:172.21.15.82:3300/0 2 ==== config(26 keys) ==== 1070+0+0 (secure 0 0 0) 0x7f7e8c003c60 con 0x7f7e9c108cb0
2024-04-26T23:42:47.609 INFO:teuthology.orchestra.run.smithi082.stdout:/usr/bin/ceph: stderr
2024-04-26T23:42:46.627+0000 7f7e9a000700 1 -- 172.21.15.82:0/3700042522 <== mon.0 v2:172.21.15.82:3300/0 3 ==== mon_map magic: 0 ==== 205+0+0 (secure 0 0 0) 0x7f7e8c017040 con 0x7f7e9c108cb0
2024-04-26T23:42:47.609 INFO:teuthology.orchestra.run.smithi082.stdout:/usr/bin/ceph: stderr
2024-04-26T23:42:46.627+0000 7f7ea4000700 1 -- 172.21.15.82:0/3700042522 --> [v2:172.21.15.82:3300/0,v1:172.21.15.82:6789/0] -- mon_subscribe({mgrmap=0+}) -- 0x7f7e9c07d2a0 con 0x7f7e9c108cb0
2024-04-26T23:42:47.609 INFO:teuthology.orchestra.run.smithi082.stdout:/usr/bin/ceph: stderr
2024-04-26T23:42:46.627+0000 7f7ea4000700 1 -- 172.21.15.82:0/3700042522 --> [v2:172.21.15.82:3300/0,v1:172.21.15.82:6789/0] -- mon_subscribe({osdmap=0}) -- 0x7f7e9c07d7e0 con 0x7f7e9c108cb0
2024-04-26T23:42:47.610 INFO:teuthology.orchestra.run.smithi082.stdout:/usr/bin/ceph: stderr
2024-04-26T23:42:46.628+0000 7f7e9a000700 1 -- 172.21.15.82:0/3700042522 <== mon.0 v2:172.21.15.82:3300/0 4 ==== mgrmap(e 4) ==== 46547+0+0 (secure 0 0 0) 0x7f7e8c023020 con 0x7f7e9c108cb0
2024-04-26T23:42:47.610 INFO:teuthology.orchestra.run.smithi082.stdout:/usr/bin/ceph: stderr
2024-04-26T23:42:46.628+0000 7f7ea4000700 1 -- 172.21.15.82:0/3700042522 --> [v2:172.21.15.82:3300/0,v1:172.21.15.82:6789/0] -- mon_command({"prefix": "get_command_descriptions"} v 0) -- 0x7f7e9c064a80 con 0x7f7e9c108cb0
2024-04-26T23:42:47.610 INFO:teuthology.orchestra.run.smithi082.stdout:/usr/bin/ceph: stderr
2024-04-26T23:42:46.629+0000 7f7e9a000700 1 --2- 172.21.15.82:0/3700042522 >> [v2:172.21.15.82:6800/1939420779,v1:172.21.15.82:6801/1939420779] conn(0x7f7e800395b0 0x7f7e8003ba70 unknown :-1 s=NONE pgs=0 cs=0 l=1 rev1=0 crypto rx=0 tx=0 comp rx=0 tx=0).connect
2024-04-26T23:42:47.610 INFO:teuthology.orchestra.run.smithi082.stdout:/usr/bin/ceph: stderr
2024-04-26T23:42:46.629+0000 7f7e9a000700 1 -- 172.21.15.82:0/3700042522 <== mon.0 v2:172.21.15.82:3300/0 5 ==== osd_map(1..1 src has 1..1) ==== 725+0+0 (secure 0 0 0) 0x7f7e8c00f050 con 0x7f7e9c108cb0
2024-04-26T23:42:47.610 INFO:teuthology.orchestra.run.smithi082.stdout:/usr/bin/ceph: stderr
2024-04-26T23:42:46.629+0000 7f7ea0c00700 1 --2- 172.21.15.82:0/3700042522 >> [v2:172.21.15.82:6800/1939420779,v1:172.21.15.82:6801/1939420779] conn(0x7f7e800395b0 0x7f7e8003ba70 unknown :-1 s=BANNER_CONNECTING pgs=0 cs=0 l=1 rev1=0 crypto rx=0 tx=0 comp rx=0 tx=0)._handle_peer_banner_payload supported=3 required=0
2024-04-26T23:42:47.610 INFO:teuthology.orchestra.run.smithi082.stdout:/usr/bin/ceph: stderr
2024-04-26T23:42:46.630+0000 7f7ea0c00700 1 --2- 172.21.15.82:0/3700042522 >> [v2:172.21.15.82:6800/1939420779,v1:172.21.15.82:6801/1939420779] conn(0x7f7e800395b0 0x7f7e8003ba70 secure :-1 s=READY pgs=7 cs=0 l=1 rev1=1 crypto rx=0x7f7e88006fd0 tx=0x7f7e88006e40 comp rx=0 tx=0).ready entity=mgr.14100 client_cookie=0 server_cookie=0 in_seq=0 out_seq=0
2024-04-26T23:42:47.610 INFO:teuthology.orchestra.run.smithi082.stdout:/usr/bin/ceph: stderr
2024-04-26T23:42:46.634+0000 7f7e9a000700 1 -- 172.21.15.82:0/3700042522 <== mon.0 v2:172.21.15.82:3300/0 6 ==== mon_command_ack([{"prefix": "get_command_descriptions"}]=0 v0) ==== 72+0+188494 (secure 0 0 0) 0x7f7e8c02a020 con 0x7f7e9c108cb0
2024-04-26T23:42:47.610 INFO:teuthology.orchestra.run.smithi082.stdout:/usr/bin/ceph: stderr
2024-04-26T23:42:46.861+0000 7f7ea4000700 1 -- 172.21.15.82:0/3700042522 --> [v2:172.21.15.82:3300/0,v1:172.21.15.82:6789/0] -- mon_command({"prefix": "config assimilate-conf"} v 0) -- 0x7f7e9c07dfd0 con 0x7f7e9c108cb0
2024-04-26T23:42:47.610 INFO:teuthology.orchestra.run.smithi082.stdout:/usr/bin/ceph: stderr
2024-04-26T23:42:46.863+0000 7f7e9a000700 1 -- 172.21.15.82:0/3700042522 <== mon.0 v2:172.21.15.82:3300/0 7 ==== mon_command_ack([{"prefix": "config assimilate-conf"}]=0 v3) ==== 70+0+409 (secure 0 0 0) 0x7f7e8c02c300 con 0x7f7e9c108cb0
2024-04-26T23:42:47.610 INFO:teuthology.orchestra.run.smithi082.stdout:/usr/bin/ceph: stderr
2024-04-26T23:42:46.865+0000 7f7ea4000700 1 -- 172.21.15.82:0/3700042522 >> [v2:172.21.15.82:6800/1939420779,v1:172.21.15.82:6801/1939420779] conn(0x7f7e800395b0 msgr2=0x7f7e8003ba70 secure :-1 s=STATE_CONNECTION_ESTABLISHED l=1).mark_down
2024-04-26T23:42:47.611 INFO:teuthology.orchestra.run.smithi082.stdout:/usr/bin/ceph: stderr
2024-04-26T23:42:46.865+0000 7f7ea4000700 1 --2- 172.21.15.82:0/3700042522 >> [v2:172.21.15.82:6800/1939420779,v1:172.21.15.82:6801/1939420779] conn(0x7f7e800395b0 0x7f7e8003ba70 secure :-1 s=READY pgs=7 cs=0 l=1 rev1=1 crypto rx=0x7f7e88006fd0 tx=0x7f7e88006e40 comp rx=0 tx=0).stop
2024-04-26T23:42:47.611 INFO:teuthology.orchestra.run.smithi082.stdout:/usr/bin/ceph: stderr
2024-04-26T23:42:46.866+0000 7f7ea4000700 1 -- 172.21.15.82:0/3700042522 >> [v2:172.21.15.82:3300/0,v1:172.21.15.82:6789/0] conn(0x7f7e9c108cb0 msgr2=0x7f7e9c07eb70 secure :-1 s=STATE_CONNECTION_ESTABLISHED l=1).mark_down
2024-04-26T23:42:47.611 INFO:teuthology.orchestra.run.smithi082.stdout:/usr/bin/ceph: stderr
2024-04-26T23:42:46.866+0000 7f7ea4000700 1 --2- 172.21.15.82:0/3700042522 >> [v2:172.21.15.82:3300/0,v1:172.21.15.82:6789/0] conn(0x7f7e9c108cb0 0x7f7e9c07eb70 secure :-1 s=READY pgs=21 cs=0 l=1 rev1=1 crypto rx=0x7f7e8c004a60 tx=0x7f7e8c00bd50 comp rx=0 tx=0).stop
2024-04-26T23:42:47.611 INFO:teuthology.orchestra.run.smithi082.stdout:/usr/bin/ceph: stderr
2024-04-26T23:42:46.866+0000 7f7ea4000700 1 -- 172.21.15.82:0/3700042522 shutdown_connections
2024-04-26T23:42:47.611 INFO:teuthology.orchestra.run.smithi082.stdout:/usr/bin/ceph: stderr
2024-04-26T23:42:46.866+0000 7f7ea4000700 1 --2- 172.21.15.82:0/3700042522 >> [v2:172.21.15.82:6800/1939420779,v1:172.21.15.82:6801/1939420779] conn(0x7f7e800395b0 0x7f7e8003ba70 unknown :-1 s=CLOSED pgs=7 cs=0 l=1 rev1=1 crypto rx=0 tx=0 comp rx=0 tx=0).stop
2024-04-26T23:42:47.611 INFO:teuthology.orchestra.run.smithi082.stdout:/usr/bin/ceph: stderr
2024-04-26T23:42:46.866+0000 7f7ea4000700 1 --2- 172.21.15.82:0/3700042522 >> [v2:172.21.15.82:3300/0,v1:172.21.15.82:6789/0] conn(0x7f7e9c108cb0 0x7f7e9c07eb70 unknown :-1 s=CLOSED pgs=21 cs=0 l=1 rev1=1 crypto rx=0 tx=0 comp rx=0 tx=0).stop
2024-04-26T23:42:47.611 INFO:teuthology.orchestra.run.smithi082.stdout:/usr/bin/ceph: stderr
2024-04-26T23:42:46.866+0000 7f7ea4000700 1 -- 172.21.15.82:0/3700042522 >> 172.21.15.82:0/3700042522 conn(0x7f7e9c104290 msgr2=0x7f7e9c104d00 unknown :-1 s=STATE_NONE l=0).mark_down
2024-04-26T23:42:47.611 INFO:teuthology.orchestra.run.smithi082.stdout:/usr/bin/ceph: stderr
2024-04-26T23:42:46.866+0000 7f7ea4000700 1 -- 172.21.15.82:0/3700042522 shutdown_connections
2024-04-26T23:42:47.611 INFO:teuthology.orchestra.run.smithi082.stdout:/usr/bin/ceph: stderr
2024-04-26T23:42:46.866+0000 7f7ea4000700 1 -- 172.21.15.82:0/3700042522 wait complete.
2024-04-26T23:42:47.611 INFO:teuthology.orchestra.run.smithi082.stdout:Enabling cephadm module...
2024-04-26T23:42:48.834 INFO:journalctl@ceph.mon.a.smithi082.stdout:Apr 26 23:42:48 smithi082 ceph-mon[28040]: from='client.? 172.21.15.82:0/36575111' entity='client.admin' cmd=[{"prefix": "mgr module enable", "module": "cephadm"}]: dispatch
2024-04-26T23:42:48.834 INFO:journalctl@ceph.mgr.x.smithi082.stdout:Apr 26 23:42:48 smithi082 ceph-7b969902-0426-11ef-bc93-c7b262605968-mgr-x[28279]: ignoring --setuser ceph since I am not root
2024-04-26T23:42:48.834 INFO:journalctl@ceph.mgr.x.smithi082.stdout:Apr 26 23:42:48 smithi082 ceph-7b969902-0426-11ef-bc93-c7b262605968-mgr-x[28279]: ignoring --setgroup ceph since I am not root
2024-04-26T23:42:48.834 INFO:journalctl@ceph.mgr.x.smithi082.stdout:Apr 26 23:42:48 smithi082 ceph-7b969902-0426-11ef-bc93-c7b262605968-mgr-x[28279]:
2024-04-26T23:42:48.830+0000 7f6a100aa200 -1 mgr[py] Module balancer has missing NOTIFY_TYPES member
2024-04-26T23:42:49.132 INFO:journalctl@ceph.mgr.x.smithi082.stdout:Apr 26 23:42:49 smithi082 ceph-7b969902-0426-11ef-bc93-c7b262605968-mgr-x[28279]:
2024-04-26T23:42:49.079+0000 7f6a100aa200 -1 mgr[py] Module orchestrator has missing NOTIFY_TYPES member
2024-04-26T23:42:49.349 INFO:teuthology.orchestra.run.smithi082.stdout:/usr/bin/ceph: stderr
2024-04-26T23:42:48.186+0000 7f0d81600700 1 Processor -- start
2024-04-26T23:42:49.349 INFO:teuthology.orchestra.run.smithi082.stdout:/usr/bin/ceph: stderr
2024-04-26T23:42:48.187+0000 7f0d81600700 1 -- start start
2024-04-26T23:42:49.349 INFO:teuthology.orchestra.run.smithi082.stdout:/usr/bin/ceph: stderr
2024-04-26T23:42:48.187+0000 7f0d81600700 1 --2- >> [v2:172.21.15.82:3300/0,v1:172.21.15.82:6789/0] conn(0x7f0d7c107330 0x7f0d7c107750 unknown :-1 s=NONE pgs=0 cs=0 l=0 rev1=0 crypto rx=0 tx=0 comp rx=0 tx=0).connect
2024-04-26T23:42:49.349 INFO:teuthology.orchestra.run.smithi082.stdout:/usr/bin/ceph: stderr
2024-04-26T23:42:48.187+0000 7f0d81600700 1 -- --> [v2:172.21.15.82:3300/0,v1:172.21.15.82:6789/0] -- mon_getmap magic: 0 -- 0x7f0d7c07ceb0 con 0x7f0d7c107330
2024-04-26T23:42:49.353 INFO:teuthology.orchestra.run.smithi082.stdout:/usr/bin/ceph: stderr
2024-04-26T23:42:48.188+0000 7f0d7be00700 1 --2- >> [v2:172.21.15.82:3300/0,v1:172.21.15.82:6789/0] conn(0x7f0d7c107330 0x7f0d7c107750 unknown :-1 s=BANNER_CONNECTING pgs=0 cs=0 l=0 rev1=0 crypto rx=0 tx=0 comp rx=0 tx=0)._handle_peer_banner_payload supported=3 required=0
2024-04-26T23:42:49.354 INFO:teuthology.orchestra.run.smithi082.stdout:/usr/bin/ceph: stderr
2024-04-26T23:42:48.188+0000 7f0d7be00700 1 --2- >> [v2:172.21.15.82:3300/0,v1:172.21.15.82:6789/0] conn(0x7f0d7c107330 0x7f0d7c107750 unknown :-1 s=HELLO_CONNECTING pgs=0 cs=0 l=0 rev1=1 crypto rx=0 tx=0 comp rx=0 tx=0).handle_hello peer v2:172.21.15.82:3300/0 says I am v2:172.21.15.82:43544/0 (socket says 172.21.15.82:43544)
2024-04-26T23:42:49.354 INFO:teuthology.orchestra.run.smithi082.stdout:/usr/bin/ceph: stderr
2024-04-26T23:42:48.188+0000 7f0d7be00700 1 -- 172.21.15.82:0/224265258 learned_addr learned my addr 172.21.15.82:0/224265258 (peer_addr_for_me v2:172.21.15.82:0/0)
2024-04-26T23:42:49.354 INFO:teuthology.orchestra.run.smithi082.stdout:/usr/bin/ceph: stderr
2024-04-26T23:42:48.188+0000 7f0d7be00700 1 -- 172.21.15.82:0/224265258 --> [v2:172.21.15.82:3300/0,v1:172.21.15.82:6789/0] -- mon_subscribe({config=0+,monmap=0+}) -- 0x7f0d7c107c90 con 0x7f0d7c107330
2024-04-26T23:42:49.354 INFO:teuthology.orchestra.run.smithi082.stdout:/usr/bin/ceph: stderr
2024-04-26T23:42:48.188+0000 7f0d7be00700 1 --2- 172.21.15.82:0/224265258 >> [v2:172.21.15.82:3300/0,v1:172.21.15.82:6789/0] conn(0x7f0d7c107330 0x7f0d7c107750 secure :-1 s=READY pgs=22 cs=0 l=1 rev1=1 crypto rx=0x7f0d6c0098a0 tx=0x7f0d6c009bb0 comp rx=0 tx=0).ready entity=mon.0 client_cookie=ac68f90a8dcb1a93 server_cookie=0 in_seq=0 out_seq=0
2024-04-26T23:42:49.354 INFO:teuthology.orchestra.run.smithi082.stdout:/usr/bin/ceph: stderr
2024-04-26T23:42:48.189+0000 7f0d7aa00700 1 -- 172.21.15.82:0/224265258 <== mon.0 v2:172.21.15.82:3300/0 1 ==== mon_map magic: 0 ==== 205+0+0 (secure 0 0 0) 0x7f0d6c004160 con 0x7f0d7c107330
2024-04-26T23:42:49.354 INFO:teuthology.orchestra.run.smithi082.stdout:/usr/bin/ceph: stderr
2024-04-26T23:42:48.189+0000 7f0d7aa00700 1 -- 172.21.15.82:0/224265258 <== mon.0 v2:172.21.15.82:3300/0 2 ==== config(26 keys) ==== 1070+0+0 (secure 0 0 0) 0x7f0d6c004300 con 0x7f0d7c107330
2024-04-26T23:42:49.354 INFO:teuthology.orchestra.run.smithi082.stdout:/usr/bin/ceph: stderr
2024-04-26T23:42:48.189+0000 7f0d7aa00700 1 -- 172.21.15.82:0/224265258 <== mon.0 v2:172.21.15.82:3300/0 3 ==== mon_map magic: 0 ==== 205+0+0 (secure 0 0 0) 0x7f0d6c011af0 con 0x7f0d7c107330
2024-04-26T23:42:49.354 INFO:teuthology.orchestra.run.smithi082.stdout:/usr/bin/ceph: stderr
2024-04-26T23:42:48.190+0000 7f0d81600700 1 -- 172.21.15.82:0/224265258 >> [v2:172.21.15.82:3300/0,v1:172.21.15.82:6789/0] conn(0x7f0d7c107330 msgr2=0x7f0d7c107750 secure :-1 s=STATE_CONNECTION_ESTABLISHED l=1).mark_down
2024-04-26T23:42:49.354 INFO:teuthology.orchestra.run.smithi082.stdout:/usr/bin/ceph: stderr
2024-04-26T23:42:48.190+0000 7f0d81600700 1 --2- 172.21.15.82:0/224265258 >> [v2:172.21.15.82:3300/0,v1:172.21.15.82:6789/0] conn(0x7f0d7c107330 0x7f0d7c107750 secure :-1 s=READY pgs=22 cs=0 l=1 rev1=1 crypto rx=0x7f0d6c0098a0 tx=0x7f0d6c009bb0 comp rx=0 tx=0).stop
2024-04-26T23:42:49.354 INFO:teuthology.orchestra.run.smithi082.stdout:/usr/bin/ceph: stderr
2024-04-26T23:42:48.190+0000 7f0d81600700 1 -- 172.21.15.82:0/224265258 shutdown_connections
2024-04-26T23:42:49.354 INFO:teuthology.orchestra.run.smithi082.stdout:/usr/bin/ceph: stderr
2024-04-26T23:42:48.190+0000 7f0d81600700 1 --2- 172.21.15.82:0/224265258 >> [v2:172.21.15.82:3300/0,v1:172.21.15.82:6789/0] conn(0x7f0d7c107330 0x7f0d7c107750 unknown :-1 s=CLOSED pgs=22 cs=0 l=1 rev1=1 crypto rx=0 tx=0 comp rx=0 tx=0).stop
2024-04-26T23:42:49.354 INFO:teuthology.orchestra.run.smithi082.stdout:/usr/bin/ceph: stderr
2024-04-26T23:42:48.190+0000 7f0d81600700 1 -- 172.21.15.82:0/224265258 >> 172.21.15.82:0/224265258 conn(0x7f0d7c102f30 msgr2=0x7f0d7c1053b0 unknown :-1 s=STATE_NONE l=0).mark_down
2024-04-26T23:42:49.354 INFO:teuthology.orchestra.run.smithi082.stdout:/usr/bin/ceph: stderr
2024-04-26T23:42:48.190+0000 7f0d81600700 1 -- 172.21.15.82:0/224265258 shutdown_connections
2024-04-26T23:42:49.355 INFO:teuthology.orchestra.run.smithi082.stdout:/usr/bin/ceph: stderr
2024-04-26T23:42:48.190+0000 7f0d81600700 1 -- 172.21.15.82:0/224265258 wait complete.
2024-04-26T23:42:49.355 INFO:teuthology.orchestra.run.smithi082.stdout:/usr/bin/ceph: stderr
2024-04-26T23:42:48.191+0000 7f0d81600700 1 Processor -- start
2024-04-26T23:42:49.355 INFO:teuthology.orchestra.run.smithi082.stdout:/usr/bin/ceph: stderr
2024-04-26T23:42:48.191+0000 7f0d81600700 1 -- start start
2024-04-26T23:42:49.355 INFO:teuthology.orchestra.run.smithi082.stdout:/usr/bin/ceph: stderr
2024-04-26T23:42:48.192+0000 7f0d81600700 1 --2- >> [v2:172.21.15.82:3300/0,v1:172.21.15.82:6789/0] conn(0x7f0d7c107330 0x7f0d7c19ec40 unknown :-1 s=NONE pgs=0 cs=0 l=1 rev1=0 crypto rx=0 tx=0 comp rx=0 tx=0).connect
2024-04-26T23:42:49.355 INFO:teuthology.orchestra.run.smithi082.stdout:/usr/bin/ceph: stderr
2024-04-26T23:42:48.192+0000 7f0d81600700 1 -- --> [v2:172.21.15.82:3300/0,v1:172.21.15.82:6789/0] -- mon_getmap magic: 0 -- 0x7f0d7c108cc0 con 0x7f0d7c107330
2024-04-26T23:42:49.355 INFO:teuthology.orchestra.run.smithi082.stdout:/usr/bin/ceph: stderr
2024-04-26T23:42:48.192+0000 7f0d7be00700 1 --2- >> [v2:172.21.15.82:3300/0,v1:172.21.15.82:6789/0] conn(0x7f0d7c107330 0x7f0d7c19ec40 unknown :-1 s=BANNER_CONNECTING pgs=0 cs=0 l=1 rev1=0 crypto rx=0 tx=0 comp rx=0 tx=0)._handle_peer_banner_payload supported=3 required=0
2024-04-26T23:42:49.355 INFO:teuthology.orchestra.run.smithi082.stdout:/usr/bin/ceph: stderr
2024-04-26T23:42:48.192+0000 7f0d7be00700 1 --2- >> [v2:172.21.15.82:3300/0,v1:172.21.15.82:6789/0] conn(0x7f0d7c107330 0x7f0d7c19ec40 unknown :-1 s=HELLO_CONNECTING pgs=0 cs=0 l=1 rev1=1 crypto rx=0 tx=0 comp rx=0 tx=0).handle_hello peer v2:172.21.15.82:3300/0 says I am v2:172.21.15.82:43560/0 (socket says 172.21.15.82:43560)
2024-04-26T23:42:49.355 INFO:teuthology.orchestra.run.smithi082.stdout:/usr/bin/ceph: stderr
2024-04-26T23:42:48.192+0000 7f0d7be00700 1 -- 172.21.15.82:0/36575111 learned_addr learned my addr 172.21.15.82:0/36575111 (peer_addr_for_me v2:172.21.15.82:0/0)
2024-04-26T23:42:49.355 INFO:teuthology.orchestra.run.smithi082.stdout:/usr/bin/ceph: stderr
2024-04-26T23:42:48.192+0000 7f0d7be00700 1 -- 172.21.15.82:0/36575111 --> [v2:172.21.15.82:3300/0,v1:172.21.15.82:6789/0] -- mon_subscribe({config=0+,monmap=0+}) -- 0x7f0d7c19f180 con 0x7f0d7c107330
2024-04-26T23:42:49.355 INFO:teuthology.orchestra.run.smithi082.stdout:/usr/bin/ceph: stderr
2024-04-26T23:42:48.193+0000 7f0d7be00700 1 --2- 172.21.15.82:0/36575111 >> [v2:172.21.15.82:3300/0,v1:172.21.15.82:6789/0] conn(0x7f0d7c107330 0x7f0d7c19ec40 secure :-1 s=READY pgs=23 cs=0 l=1 rev1=1 crypto rx=0x7f0d6c011ac0 tx=0x7f0d6c011ba0 comp rx=0 tx=0).ready entity=mon.0 client_cookie=0 server_cookie=0 in_seq=0 out_seq=0
2024-04-26T23:42:49.355 INFO:teuthology.orchestra.run.smithi082.stdout:/usr/bin/ceph: stderr
2024-04-26T23:42:48.193+0000 7f0d78c00700 1 -- 172.21.15.82:0/36575111 <== mon.0 v2:172.21.15.82:3300/0 1 ==== mon_map magic: 0 ==== 205+0+0 (secure 0 0 0) 0x7f0d6c003b20 con 0x7f0d7c107330
2024-04-26T23:42:49.355 INFO:teuthology.orchestra.run.smithi082.stdout:/usr/bin/ceph: stderr
2024-04-26T23:42:48.193+0000 7f0d78c00700 1 -- 172.21.15.82:0/36575111 <== mon.0 v2:172.21.15.82:3300/0 2 ==== config(26 keys) ==== 1070+0+0 (secure 0 0 0) 0x7f0d6c01a8c0 con 0x7f0d7c107330
2024-04-26T23:42:49.355 INFO:teuthology.orchestra.run.smithi082.stdout:/usr/bin/ceph: stderr
2024-04-26T23:42:48.193+0000 7f0d78c00700 1 -- 172.21.15.82:0/36575111 <== mon.0 v2:172.21.15.82:3300/0 3 ==== mon_map magic: 0 ==== 205+0+0 (secure 0 0 0) 0x7f0d6c0248d0 con 0x7f0d7c107330
2024-04-26T23:42:49.355 INFO:teuthology.orchestra.run.smithi082.stdout:/usr/bin/ceph: stderr
2024-04-26T23:42:48.193+0000 7f0d81600700 1 -- 172.21.15.82:0/36575111 --> [v2:172.21.15.82:3300/0,v1:172.21.15.82:6789/0] -- mon_subscribe({mgrmap=0+}) -- 0x7f0d7c19f410 con 0x7f0d7c107330
2024-04-26T23:42:49.356 INFO:teuthology.orchestra.run.smithi082.stdout:/usr/bin/ceph: stderr
2024-04-26T23:42:48.193+0000 7f0d81600700 1 -- 172.21.15.82:0/36575111 --> [v2:172.21.15.82:3300/0,v1:172.21.15.82:6789/0] -- mon_subscribe({osdmap=0}) -- 0x7f0d7c1a2100 con 0x7f0d7c107330
2024-04-26T23:42:49.356 INFO:teuthology.orchestra.run.smithi082.stdout:/usr/bin/ceph: stderr
2024-04-26T23:42:48.194+0000 7f0d81600700 1 -- 172.21.15.82:0/36575111 --> [v2:172.21.15.82:3300/0,v1:172.21.15.82:6789/0] -- mon_command({"prefix": "get_command_descriptions"} v 0) -- 0x7f0d7c06a520 con 0x7f0d7c107330
2024-04-26T23:42:49.356 INFO:teuthology.orchestra.run.smithi082.stdout:/usr/bin/ceph: stderr
2024-04-26T23:42:48.194+0000 7f0d78c00700 1 -- 172.21.15.82:0/36575111 <== mon.0 v2:172.21.15.82:3300/0 4 ==== mgrmap(e 4) ==== 46547+0+0 (secure 0 0 0) 0x7f0d6c022020 con 0x7f0d7c107330
2024-04-26T23:42:49.356 INFO:teuthology.orchestra.run.smithi082.stdout:/usr/bin/ceph: stderr
2024-04-26T23:42:48.195+0000 7f0d78c00700 1 --2- 172.21.15.82:0/36575111 >> [v2:172.21.15.82:6800/1939420779,v1:172.21.15.82:6801/1939420779] conn(0x7f0d600395b0 0x7f0d6003ba70 unknown :-1 s=NONE pgs=0 cs=0 l=1 rev1=0 crypto rx=0 tx=0 comp rx=0 tx=0).connect
2024-04-26T23:42:49.356 INFO:teuthology.orchestra.run.smithi082.stdout:/usr/bin/ceph: stderr
2024-04-26T23:42:48.195+0000 7f0d78c00700 1 -- 172.21.15.82:0/36575111 <== mon.0 v2:172.21.15.82:3300/0 5 ==== osd_map(1..1 src has 1..1) ==== 725+0+0 (secure 0 0 0) 0x7f0d6c04d4b0 con 0x7f0d7c107330
2024-04-26T23:42:49.356 INFO:teuthology.orchestra.run.smithi082.stdout:/usr/bin/ceph: stderr
2024-04-26T23:42:48.195+0000 7f0d7b400700 1 --2- 172.21.15.82:0/36575111 >> [v2:172.21.15.82:6800/1939420779,v1:172.21.15.82:6801/1939420779] conn(0x7f0d600395b0 0x7f0d6003ba70 unknown :-1 s=BANNER_CONNECTING pgs=0 cs=0 l=1 rev1=0 crypto rx=0 tx=0 comp rx=0 tx=0)._handle_peer_banner_payload supported=3 required=0
2024-04-26T23:42:49.356 INFO:teuthology.orchestra.run.smithi082.stdout:/usr/bin/ceph: stderr
2024-04-26T23:42:48.196+0000 7f0d7b400700 1 --2- 172.21.15.82:0/36575111 >> [v2:172.21.15.82:6800/1939420779,v1:172.21.15.82:6801/1939420779] conn(0x7f0d600395b0 0x7f0d6003ba70 secure :-1 s=READY pgs=8 cs=0 l=1 rev1=1 crypto rx=0x7f0d68006fd0 tx=0x7f0d68006e40 comp rx=0 tx=0).ready entity=mgr.14100 client_cookie=0 server_cookie=0 in_seq=0 out_seq=0
2024-04-26T23:42:49.356 INFO:teuthology.orchestra.run.smithi082.stdout:/usr/bin/ceph: stderr
2024-04-26T23:42:48.202+0000 7f0d78c00700 1 -- 172.21.15.82:0/36575111 <== mon.0 v2:172.21.15.82:3300/0 6 ==== mon_command_ack([{"prefix": "get_command_descriptions"}]=0 v0) ==== 72+0+188494 (secure 0 0 0) 0x7f0d6c01ab20 con 0x7f0d7c107330
2024-04-26T23:42:49.356 INFO:teuthology.orchestra.run.smithi082.stdout:/usr/bin/ceph: stderr
2024-04-26T23:42:48.489+0000 7f0d81600700 1 -- 172.21.15.82:0/36575111 --> [v2:172.21.15.82:3300/0,v1:172.21.15.82:6789/0] -- mon_command({"prefix": "mgr module enable", "module": "cephadm"} v 0) -- 0x7f0d7c0008d0 con 0x7f0d7c107330
2024-04-26T23:42:49.356 INFO:teuthology.orchestra.run.smithi082.stdout:/usr/bin/ceph: stderr
2024-04-26T23:42:48.543+0000 7f0d78c00700 1 -- 172.21.15.82:0/36575111 <== mon.0 v2:172.21.15.82:3300/0 7 ==== mon_command_ack([{"prefix": "mgr module enable", "module": "cephadm"}]=0 v5) ==== 86+0+0 (secure 0 0 0) 0x7f0d6c04d210 con 0x7f0d7c107330
2024-04-26T23:42:49.356 INFO:teuthology.orchestra.run.smithi082.stdout:/usr/bin/ceph: stderr
2024-04-26T23:42:48.546+0000 7f0d78c00700 1 -- 172.21.15.82:0/36575111 <== mon.0 v2:172.21.15.82:3300/0 8 ==== mgrmap(e 5) ==== 46558+0+0 (secure 0 0 0) 0x7f0d6c02d3f0 con 0x7f0d7c107330
2024-04-26T23:42:49.356 INFO:teuthology.orchestra.run.smithi082.stdout:/usr/bin/ceph: stderr
2024-04-26T23:42:48.547+0000 7f0d81600700 1 -- 172.21.15.82:0/36575111 >> [v2:172.21.15.82:6800/1939420779,v1:172.21.15.82:6801/1939420779] conn(0x7f0d600395b0 msgr2=0x7f0d6003ba70 secure :-1 s=STATE_CONNECTION_ESTABLISHED l=1).mark_down
2024-04-26T23:42:49.358 INFO:teuthology.orchestra.run.smithi082.stdout:/usr/bin/ceph: stderr
2024-04-26T23:42:48.547+0000 7f0d81600700 1 --2- 172.21.15.82:0/36575111 >> [v2:172.21.15.82:6800/1939420779,v1:172.21.15.82:6801/1939420779] conn(0x7f0d600395b0 0x7f0d6003ba70 secure :-1 s=READY pgs=8 cs=0 l=1 rev1=1 crypto rx=0x7f0d68006fd0 tx=0x7f0d68006e40 comp rx=0 tx=0).stop
2024-04-26T23:42:49.358 INFO:teuthology.orchestra.run.smithi082.stdout:/usr/bin/ceph: stderr
2024-04-26T23:42:48.547+0000 7f0d81600700 1 -- 172.21.15.82:0/36575111 >> [v2:172.21.15.82:3300/0,v1:172.21.15.82:6789/0] conn(0x7f0d7c107330 msgr2=0x7f0d7c19ec40 secure :-1 s=STATE_CONNECTION_ESTABLISHED l=1).mark_down
2024-04-26T23:42:49.358 INFO:teuthology.orchestra.run.smithi082.stdout:/usr/bin/ceph: stderr
2024-04-26T23:42:48.547+0000 7f0d81600700 1 --2- 172.21.15.82:0/36575111 >> [v2:172.21.15.82:3300/0,v1:172.21.15.82:6789/0] conn(0x7f0d7c107330 0x7f0d7c19ec40 secure :-1 s=READY pgs=23 cs=0 l=1 rev1=1 crypto rx=0x7f0d6c011ac0 tx=0x7f0d6c011ba0 comp rx=0 tx=0).stop
2024-04-26T23:42:49.358 INFO:teuthology.orchestra.run.smithi082.stdout:/usr/bin/ceph: stderr
2024-04-26T23:42:48.547+0000 7f0d81600700 1 -- 172.21.15.82:0/36575111 shutdown_connections
2024-04-26T23:42:49.358 INFO:teuthology.orchestra.run.smithi082.stdout:/usr/bin/ceph: stderr
2024-04-26T23:42:48.547+0000 7f0d81600700 1 --2- 172.21.15.82:0/36575111 >> [v2:172.21.15.82:6800/1939420779,v1:172.21.15.82:6801/1939420779] conn(0x7f0d600395b0 0x7f0d6003ba70 unknown :-1 s=CLOSED pgs=8 cs=0 l=1 rev1=1 crypto rx=0 tx=0 comp rx=0 tx=0).stop
2024-04-26T23:42:49.358 INFO:teuthology.orchestra.run.smithi082.stdout:/usr/bin/ceph: stderr
2024-04-26T23:42:48.547+0000 7f0d81600700 1 --2- 172.21.15.82:0/36575111 >> [v2:172.21.15.82:3300/0,v1:172.21.15.82:6789/0] conn(0x7f0d7c107330 0x7f0d7c19ec40 unknown :-1 s=CLOSED pgs=23 cs=0 l=1 rev1=1 crypto rx=0 tx=0 comp rx=0 tx=0).stop
2024-04-26T23:42:49.358 INFO:teuthology.orchestra.run.smithi082.stdout:/usr/bin/ceph: stderr
2024-04-26T23:42:48.547+0000 7f0d81600700 1 -- 172.21.15.82:0/36575111 >> 172.21.15.82:0/36575111 conn(0x7f0d7c102f30 msgr2=0x7f0d7c195840 unknown :-1 s=STATE_NONE l=0).mark_down
2024-04-26T23:42:49.358 INFO:teuthology.orchestra.run.smithi082.stdout:/usr/bin/ceph: stderr
2024-04-26T23:42:48.548+0000 7f0d81600700 1 -- 172.21.15.82:0/36575111 shutdown_connections
2024-04-26T23:42:49.358 INFO:teuthology.orchestra.run.smithi082.stdout:/usr/bin/ceph: stderr
2024-04-26T23:42:48.548+0000 7f0d81600700 1 -- 172.21.15.82:0/36575111 wait complete.
2024-04-26T23:42:49.511 INFO:journalctl@ceph.mgr.x.smithi082.stdout:Apr 26 23:42:49 smithi082 ceph-7b969902-0426-11ef-bc93-c7b262605968-mgr-x[28279]:
2024-04-26T23:42:49.209+0000 7f6a100aa200 -1 mgr[py] Module snap_schedule has missing NOTIFY_TYPES member
2024-04-26T23:42:49.832 INFO:journalctl@ceph.mgr.x.smithi082.stdout:Apr 26 23:42:49 smithi082 ceph-7b969902-0426-11ef-bc93-c7b262605968-mgr-x[28279]:
2024-04-26T23:42:49.614+0000 7f6a100aa200 -1 mgr[py] Module progress has missing NOTIFY_TYPES member
2024-04-26T23:42:49.832 INFO:journalctl@ceph.mgr.x.smithi082.stdout:Apr 26 23:42:49 smithi082 ceph-7b969902-0426-11ef-bc93-c7b262605968-mgr-x[28279]:
2024-04-26T23:42:49.726+0000 7f6a100aa200 -1 mgr[py] Module influx has missing NOTIFY_TYPES member
2024-04-26T23:42:49.832 INFO:journalctl@ceph.mon.a.smithi082.stdout:Apr 26 23:42:49 smithi082 ceph-mon[28040]: from='client.? 172.21.15.82:0/36575111' entity='client.admin' cmd='[{"prefix": "mgr module enable", "module": "cephadm"}]': finished
2024-04-26T23:42:49.832 INFO:journalctl@ceph.mon.a.smithi082.stdout:Apr 26 23:42:49 smithi082 ceph-mon[28040]: mgrmap e5: x(active, since 5s)
2024-04-26T23:42:50.882 INFO:journalctl@ceph.mon.a.smithi082.stdout:Apr 26 23:42:50 smithi082 ceph-mon[28040]: from='client.? 172.21.15.82:0/1331912129' entity='client.admin' cmd=[{"prefix": "mgr stat"}]: dispatch
2024-04-26T23:42:51.005 INFO:teuthology.orchestra.run.smithi082.stdout:/usr/bin/ceph: stdout {
2024-04-26T23:42:51.005 INFO:teuthology.orchestra.run.smithi082.stdout:/usr/bin/ceph: stdout "epoch": 5,
2024-04-26T23:42:51.005 INFO:teuthology.orchestra.run.smithi082.stdout:/usr/bin/ceph: stdout "available": true,
2024-04-26T23:42:51.005 INFO:teuthology.orchestra.run.smithi082.stdout:/usr/bin/ceph: stdout "active_name": "x",
2024-04-26T23:42:51.006 INFO:teuthology.orchestra.run.smithi082.stdout:/usr/bin/ceph: stdout "num_standby": 0
2024-04-26T23:42:51.006 INFO:teuthology.orchestra.run.smithi082.stdout:/usr/bin/ceph: stdout }
2024-04-26T23:42:51.006 INFO:teuthology.orchestra.run.smithi082.stdout:/usr/bin/ceph: stderr
2024-04-26T23:42:49.976+0000 7fcf0fe00700 1 Processor -- start
2024-04-26T23:42:51.006 INFO:teuthology.orchestra.run.smithi082.stdout:/usr/bin/ceph: stderr
2024-04-26T23:42:49.977+0000 7fcf0fe00700 1 -- start start
2024-04-26T23:42:51.006 INFO:teuthology.orchestra.run.smithi082.stdout:/usr/bin/ceph: stderr
2024-04-26T23:42:49.977+0000 7fcf0fe00700 1 --2- >> [v2:172.21.15.82:3300/0,v1:172.21.15.82:6789/0] conn(0x7fcf1007eea0 0x7fcf1007d300 unknown :-1 s=NONE pgs=0 cs=0 l=0 rev1=0 crypto rx=0 tx=0 comp rx=0 tx=0).connect
2024-04-26T23:42:51.006 INFO:teuthology.orchestra.run.smithi082.stdout:/usr/bin/ceph: stderr
2024-04-26T23:42:49.977+0000 7fcf0fe00700 1 -- --> [v2:172.21.15.82:3300/0,v1:172.21.15.82:6789/0] -- mon_getmap magic: 0 -- 0x7fcf1007d8d0 con 0x7fcf1007eea0
2024-04-26T23:42:51.006 INFO:teuthology.orchestra.run.smithi082.stdout:/usr/bin/ceph: stderr
2024-04-26T23:42:49.977+0000 7fcf0ea00700 1 --2- >> [v2:172.21.15.82:3300/0,v1:172.21.15.82:6789/0] conn(0x7fcf1007eea0 0x7fcf1007d300 unknown :-1 s=BANNER_CONNECTING pgs=0 cs=0 l=0 rev1=0 crypto rx=0 tx=0 comp rx=0 tx=0)._handle_peer_banner_payload supported=3 required=0
2024-04-26T23:42:51.006 INFO:teuthology.orchestra.run.smithi082.stdout:/usr/bin/ceph: stderr
2024-04-26T23:42:49.978+0000 7fcf0ea00700 1 --2- >> [v2:172.21.15.82:3300/0,v1:172.21.15.82:6789/0] conn(0x7fcf1007eea0 0x7fcf1007d300 unknown :-1 s=HELLO_CONNECTING pgs=0 cs=0 l=0 rev1=1 crypto rx=0 tx=0 comp rx=0 tx=0).handle_hello peer v2:172.21.15.82:3300/0 says I am v2:172.21.15.82:52208/0 (socket says 172.21.15.82:52208)
2024-04-26T23:42:51.006 INFO:teuthology.orchestra.run.smithi082.stdout:/usr/bin/ceph: stderr
2024-04-26T23:42:49.978+0000 7fcf0ea00700 1 -- 172.21.15.82:0/1987086124 learned_addr learned my addr 172.21.15.82:0/1987086124 (peer_addr_for_me v2:172.21.15.82:0/0)
2024-04-26T23:42:51.007 INFO:teuthology.orchestra.run.smithi082.stdout:/usr/bin/ceph: stderr
2024-04-26T23:42:49.978+0000 7fcf0ea00700 1 -- 172.21.15.82:0/1987086124 --> [v2:172.21.15.82:3300/0,v1:172.21.15.82:6789/0] -- mon_subscribe({config=0+,monmap=0+}) -- 0x7fcf1007da50 con 0x7fcf1007eea0
2024-04-26T23:42:51.007 INFO:teuthology.orchestra.run.smithi082.stdout:/usr/bin/ceph: stderr
