2024-04-26T23:43:40.351 INFO:teuthology.orchestra.run.smithi082.stdout:/usr/bin/ceph: stderr
2024-04-26T23:43:39.386+0000 7fa82d400700 1 -- 172.21.15.82:0/3144220287 >> [v2:172.21.15.82:3300/0,v1:172.21.15.82:6789/0] conn(0x7fa82807ee60 msgr2=0x7fa82807d2c0 secure :-1 s=STATE_CONNECTION_ESTABLISHED l=1).mark_down
2024-04-26T23:43:40.351 INFO:teuthology.orchestra.run.smithi082.stdout:/usr/bin/ceph: stderr
2024-04-26T23:43:39.386+0000 7fa82d400700 1 --2- 172.21.15.82:0/3144220287 >> [v2:172.21.15.82:3300/0,v1:172.21.15.82:6789/0] conn(0x7fa82807ee60 0x7fa82807d2c0 secure :-1 s=READY pgs=74 cs=0 l=1 rev1=1 crypto rx=0x7fa818009e80 tx=0x7fa81800b330 comp rx=0 tx=0).stop
2024-04-26T23:43:40.351 INFO:teuthology.orchestra.run.smithi082.stdout:/usr/bin/ceph: stderr
2024-04-26T23:43:39.386+0000 7fa82d400700 1 -- 172.21.15.82:0/3144220287 shutdown_connections
2024-04-26T23:43:40.351 INFO:teuthology.orchestra.run.smithi082.stdout:/usr/bin/ceph: stderr
2024-04-26T23:43:39.386+0000 7fa82d400700 1 --2- 172.21.15.82:0/3144220287 >> [v2:172.21.15.82:3300/0,v1:172.21.15.82:6789/0] conn(0x7fa82807ee60 0x7fa82807d2c0 unknown :-1 s=CLOSED pgs=74 cs=0 l=1 rev1=1 crypto rx=0 tx=0 comp rx=0 tx=0).stop
2024-04-26T23:43:40.351 INFO:teuthology.orchestra.run.smithi082.stdout:/usr/bin/ceph: stderr
2024-04-26T23:43:39.386+0000 7fa82d400700 1 -- 172.21.15.82:0/3144220287 >> 172.21.15.82:0/3144220287 conn(0x7fa828104050 msgr2=0x7fa8281064b0 unknown :-1 s=STATE_NONE l=0).mark_down
2024-04-26T23:43:40.351 INFO:teuthology.orchestra.run.smithi082.stdout:/usr/bin/ceph: stderr
2024-04-26T23:43:39.387+0000 7fa82d400700 1 -- 172.21.15.82:0/3144220287 shutdown_connections
2024-04-26T23:43:40.352 INFO:teuthology.orchestra.run.smithi082.stdout:/usr/bin/ceph: stderr
2024-04-26T23:43:39.387+0000 7fa82d400700 1 -- 172.21.15.82:0/3144220287 wait complete.
2024-04-26T23:43:40.352 INFO:teuthology.orchestra.run.smithi082.stdout:/usr/bin/ceph: stderr
2024-04-26T23:43:39.388+0000 7fa82d400700 1 Processor -- start
2024-04-26T23:43:40.352 INFO:teuthology.orchestra.run.smithi082.stdout:/usr/bin/ceph: stderr
2024-04-26T23:43:39.388+0000 7fa82d400700 1 -- start start
2024-04-26T23:43:40.352 INFO:teuthology.orchestra.run.smithi082.stdout:/usr/bin/ceph: stderr
2024-04-26T23:43:39.388+0000 7fa82d400700 1 --2- >> [v2:172.21.15.82:3300/0,v1:172.21.15.82:6789/0] conn(0x7fa82807ee60 0x7fa82819ec90 unknown :-1 s=NONE pgs=0 cs=0 l=1 rev1=0 crypto rx=0 tx=0 comp rx=0 tx=0).connect
2024-04-26T23:43:40.352 INFO:teuthology.orchestra.run.smithi082.stdout:/usr/bin/ceph: stderr
2024-04-26T23:43:39.388+0000 7fa82d400700 1 -- --> [v2:172.21.15.82:3300/0,v1:172.21.15.82:6789/0] -- mon_getmap magic: 0 -- 0x7fa82810f0b0 con 0x7fa82807ee60
2024-04-26T23:43:40.352 INFO:teuthology.orchestra.run.smithi082.stdout:/usr/bin/ceph: stderr
2024-04-26T23:43:39.388+0000 7fa827e00700 1 --2- >> [v2:172.21.15.82:3300/0,v1:172.21.15.82:6789/0] conn(0x7fa82807ee60 0x7fa82819ec90 unknown :-1 s=BANNER_CONNECTING pgs=0 cs=0 l=1 rev1=0 crypto rx=0 tx=0 comp rx=0 tx=0)._handle_peer_banner_payload supported=3 required=0
2024-04-26T23:43:40.352 INFO:teuthology.orchestra.run.smithi082.stdout:/usr/bin/ceph: stderr
2024-04-26T23:43:39.388+0000 7fa827e00700 1 --2- >> [v2:172.21.15.82:3300/0,v1:172.21.15.82:6789/0] conn(0x7fa82807ee60 0x7fa82819ec90 unknown :-1 s=HELLO_CONNECTING pgs=0 cs=0 l=1 rev1=1 crypto rx=0 tx=0 comp rx=0 tx=0).handle_hello peer v2:172.21.15.82:3300/0 says I am v2:172.21.15.82:32956/0 (socket says 172.21.15.82:32956)
2024-04-26T23:43:40.352 INFO:teuthology.orchestra.run.smithi082.stdout:/usr/bin/ceph: stderr
2024-04-26T23:43:39.388+0000 7fa827e00700 1 -- 172.21.15.82:0/1549533128 learned_addr learned my addr 172.21.15.82:0/1549533128 (peer_addr_for_me v2:172.21.15.82:0/0)
2024-04-26T23:43:40.352 INFO:teuthology.orchestra.run.smithi082.stdout:/usr/bin/ceph: stderr
2024-04-26T23:43:39.389+0000 7fa827e00700 1 -- 172.21.15.82:0/1549533128 --> [v2:172.21.15.82:3300/0,v1:172.21.15.82:6789/0] -- mon_subscribe({config=0+,monmap=0+}) -- 0x7fa82819f1d0 con 0x7fa82807ee60
2024-04-26T23:43:40.352 INFO:teuthology.orchestra.run.smithi082.stdout:/usr/bin/ceph: stderr
2024-04-26T23:43:39.389+0000 7fa827e00700 1 --2- 172.21.15.82:0/1549533128 >> [v2:172.21.15.82:3300/0,v1:172.21.15.82:6789/0] conn(0x7fa82807ee60 0x7fa82819ec90 secure :-1 s=READY pgs=75 cs=0 l=1 rev1=1 crypto rx=0x7fa81800b7b0 tx=0x7fa81800bd50 comp rx=0 tx=0).ready entity=mon.0 client_cookie=0 server_cookie=0 in_seq=0 out_seq=0
2024-04-26T23:43:40.352 INFO:teuthology.orchestra.run.smithi082.stdout:/usr/bin/ceph: stderr
2024-04-26T23:43:39.389+0000 7fa825600700 1 -- 172.21.15.82:0/1549533128 <== mon.0 v2:172.21.15.82:3300/0 1 ==== mon_map magic: 0 ==== 205+0+0 (secure 0 0 0) 0x7fa818020020 con 0x7fa82807ee60
2024-04-26T23:43:40.352 INFO:teuthology.orchestra.run.smithi082.stdout:/usr/bin/ceph: stderr
2024-04-26T23:43:39.389+0000 7fa825600700 1 -- 172.21.15.82:0/1549533128 <== mon.0 v2:172.21.15.82:3300/0 2 ==== config(26 keys) ==== 1101+0+0 (secure 0 0 0) 0x7fa818003c60 con 0x7fa82807ee60
2024-04-26T23:43:40.352 INFO:teuthology.orchestra.run.smithi082.stdout:/usr/bin/ceph: stderr
2024-04-26T23:43:39.389+0000 7fa825600700 1 -- 172.21.15.82:0/1549533128 <== mon.0 v2:172.21.15.82:3300/0 3 ==== mon_map magic: 0 ==== 205+0+0 (secure 0 0 0) 0x7fa818017040 con 0x7fa82807ee60
2024-04-26T23:43:40.353 INFO:teuthology.orchestra.run.smithi082.stdout:/usr/bin/ceph: stderr
2024-04-26T23:43:39.389+0000 7fa82d400700 1 -- 172.21.15.82:0/1549533128 --> [v2:172.21.15.82:3300/0,v1:172.21.15.82:6789/0] -- mon_subscribe({mgrmap=0+}) -- 0x7fa82819f460 con 0x7fa82807ee60
2024-04-26T23:43:40.353 INFO:teuthology.orchestra.run.smithi082.stdout:/usr/bin/ceph: stderr
2024-04-26T23:43:39.389+0000 7fa82d400700 1 -- 172.21.15.82:0/1549533128 --> [v2:172.21.15.82:3300/0,v1:172.21.15.82:6789/0] -- mon_subscribe({osdmap=0}) -- 0x7fa8281a2150 con 0x7fa82807ee60
2024-04-26T23:43:40.353 INFO:teuthology.orchestra.run.smithi082.stdout:/usr/bin/ceph: stderr
2024-04-26T23:43:39.391+0000 7fa82d400700 1 -- 172.21.15.82:0/1549533128 --> [v2:172.21.15.82:3300/0,v1:172.21.15.82:6789/0] -- mon_command({"prefix": "get_command_descriptions"} v 0) -- 0x7fa82806a520 con 0x7fa82807ee60
2024-04-26T23:43:40.353 INFO:teuthology.orchestra.run.smithi082.stdout:/usr/bin/ceph: stderr
2024-04-26T23:43:39.391+0000 7fa825600700 1 -- 172.21.15.82:0/1549533128 <== mon.0 v2:172.21.15.82:3300/0 4 ==== mgrmap(e 13) ==== 46614+0+0 (secure 0 0 0) 0x7fa818023020 con 0x7fa82807ee60
2024-04-26T23:43:40.353 INFO:teuthology.orchestra.run.smithi082.stdout:/usr/bin/ceph: stderr
2024-04-26T23:43:39.391+0000 7fa825600700 1 --2- 172.21.15.82:0/1549533128 >> [v2:172.21.15.82:6800/220593689,v1:172.21.15.82:6801/220593689] conn(0x7fa80c039700 0x7fa80c03bbc0 unknown :-1 s=NONE pgs=0 cs=0 l=1 rev1=0 crypto rx=0 tx=0 comp rx=0 tx=0).connect
2024-04-26T23:43:40.353 INFO:teuthology.orchestra.run.smithi082.stdout:/usr/bin/ceph: stderr
2024-04-26T23:43:39.391+0000 7fa825600700 1 -- 172.21.15.82:0/1549533128 <== mon.0 v2:172.21.15.82:3300/0 5 ==== osd_map(3..3 src has 1..3) ==== 1155+0+0 (secure 0 0 0) 0x7fa81800f050 con 0x7fa82807ee60
2024-04-26T23:43:40.353 INFO:teuthology.orchestra.run.smithi082.stdout:/usr/bin/ceph: stderr
2024-04-26T23:43:39.392+0000 7fa81f400700 1 --2- 172.21.15.82:0/1549533128 >> [v2:172.21.15.82:6800/220593689,v1:172.21.15.82:6801/220593689] conn(0x7fa80c039700 0x7fa80c03bbc0 unknown :-1 s=BANNER_CONNECTING pgs=0 cs=0 l=1 rev1=0 crypto rx=0 tx=0 comp rx=0 tx=0)._handle_peer_banner_payload supported=3 required=0
2024-04-26T23:43:40.353 INFO:teuthology.orchestra.run.smithi082.stdout:/usr/bin/ceph: stderr
2024-04-26T23:43:39.392+0000 7fa81f400700 1 --2- 172.21.15.82:0/1549533128 >> [v2:172.21.15.82:6800/220593689,v1:172.21.15.82:6801/220593689] conn(0x7fa80c039700 0x7fa80c03bbc0 secure :-1 s=READY pgs=9 cs=0 l=1 rev1=1 crypto rx=0x7fa810006fd0 tx=0x7fa810006e40 comp rx=0 tx=0).ready entity=mgr.14152 client_cookie=0 server_cookie=0 in_seq=0 out_seq=0
2024-04-26T23:43:40.353 INFO:teuthology.orchestra.run.smithi082.stdout:/usr/bin/ceph: stderr
2024-04-26T23:43:39.396+0000 7fa825600700 1 -- 172.21.15.82:0/1549533128 <== mon.0 v2:172.21.15.82:3300/0 6 ==== mon_command_ack([{"prefix": "get_command_descriptions"}]=0 v0) ==== 72+0+188494 (secure 0 0 0) 0x7fa81802a020 con 0x7fa82807ee60
2024-04-26T23:43:40.353 INFO:teuthology.orchestra.run.smithi082.stdout:/usr/bin/ceph: stderr
2024-04-26T23:43:39.624+0000 7fa82d400700 1 -- 172.21.15.82:0/1549533128 --> [v2:172.21.15.82:3300/0,v1:172.21.15.82:6789/0] -- mon_command({"prefix": "config get", "who": "mgr", "key": "mgr/dashboard/ssl_server_port"} v 0) -- 0x7fa8281a2720 con 0x7fa82807ee60
2024-04-26T23:43:40.353 INFO:teuthology.orchestra.run.smithi082.stdout:/usr/bin/ceph: stderr
2024-04-26T23:43:39.625+0000 7fa825600700 1 -- 172.21.15.82:0/1549533128 <== mon.0 v2:172.21.15.82:3300/0 7 ==== mon_command_ack([{"prefix": "config get", "who": "mgr", "key": "mgr/dashboard/ssl_server_port"}]=0 v8) ==== 112+0+5 (secure 0 0 0) 0x7fa81802c300 con 0x7fa82807ee60
2024-04-26T23:43:40.353 INFO:teuthology.orchestra.run.smithi082.stdout:/usr/bin/ceph: stderr
2024-04-26T23:43:39.628+0000 7fa82d400700 1 -- 172.21.15.82:0/1549533128 >> [v2:172.21.15.82:6800/220593689,v1:172.21.15.82:6801/220593689] conn(0x7fa80c039700 msgr2=0x7fa80c03bbc0 secure :-1 s=STATE_CONNECTION_ESTABLISHED l=1).mark_down
2024-04-26T23:43:40.353 INFO:teuthology.orchestra.run.smithi082.stdout:/usr/bin/ceph: stderr
2024-04-26T23:43:39.628+0000 7fa82d400700 1 --2- 172.21.15.82:0/1549533128 >> [v2:172.21.15.82:6800/220593689,v1:172.21.15.82:6801/220593689] conn(0x7fa80c039700 0x7fa80c03bbc0 secure :-1 s=READY pgs=9 cs=0 l=1 rev1=1 crypto rx=0x7fa810006fd0 tx=0x7fa810006e40 comp rx=0 tx=0).stop
2024-04-26T23:43:40.353 INFO:teuthology.orchestra.run.smithi082.stdout:/usr/bin/ceph: stderr
2024-04-26T23:43:39.628+0000 7fa82d400700 1 -- 172.21.15.82:0/1549533128 >> [v2:172.21.15.82:3300/0,v1:172.21.15.82:6789/0] conn(0x7fa82807ee60 msgr2=0x7fa82819ec90 secure :-1 s=STATE_CONNECTION_ESTABLISHED l=1).mark_down
2024-04-26T23:43:40.354 INFO:teuthology.orchestra.run.smithi082.stdout:/usr/bin/ceph: stderr
2024-04-26T23:43:39.628+0000 7fa82d400700 1 --2- 172.21.15.82:0/1549533128 >> [v2:172.21.15.82:3300/0,v1:172.21.15.82:6789/0] conn(0x7fa82807ee60 0x7fa82819ec90 secure :-1 s=READY pgs=75 cs=0 l=1 rev1=1 crypto rx=0x7fa81800b7b0 tx=0x7fa81800bd50 comp rx=0 tx=0).stop
2024-04-26T23:43:40.354 INFO:teuthology.orchestra.run.smithi082.stdout:/usr/bin/ceph: stderr
2024-04-26T23:43:39.628+0000 7fa82d400700 1 -- 172.21.15.82:0/1549533128 shutdown_connections
2024-04-26T23:43:40.354 INFO:teuthology.orchestra.run.smithi082.stdout:/usr/bin/ceph: stderr
2024-04-26T23:43:39.628+0000 7fa82d400700 1 --2- 172.21.15.82:0/1549533128 >> [v2:172.21.15.82:6800/220593689,v1:172.21.15.82:6801/220593689] conn(0x7fa80c039700 0x7fa80c03bbc0 unknown :-1 s=CLOSED pgs=9 cs=0 l=1 rev1=1 crypto rx=0 tx=0 comp rx=0 tx=0).stop
2024-04-26T23:43:40.354 INFO:teuthology.orchestra.run.smithi082.stdout:/usr/bin/ceph: stderr
2024-04-26T23:43:39.628+0000 7fa82d400700 1 --2- 172.21.15.82:0/1549533128 >> [v2:172.21.15.82:3300/0,v1:172.21.15.82:6789/0] conn(0x7fa82807ee60 0x7fa82819ec90 unknown :-1 s=CLOSED pgs=75 cs=0 l=1 rev1=1 crypto rx=0 tx=0 comp rx=0 tx=0).stop
2024-04-26T23:43:40.354 INFO:teuthology.orchestra.run.smithi082.stdout:/usr/bin/ceph: stderr
2024-04-26T23:43:39.628+0000 7fa82d400700 1 -- 172.21.15.82:0/1549533128 >> 172.21.15.82:0/1549533128 conn(0x7fa828104050 msgr2=0x7fa828104bf0 unknown :-1 s=STATE_NONE l=0).mark_down
2024-04-26T23:43:40.354 INFO:teuthology.orchestra.run.smithi082.stdout:/usr/bin/ceph: stderr
2024-04-26T23:43:39.629+0000 7fa82d400700 1 -- 172.21.15.82:0/1549533128 shutdown_connections
2024-04-26T23:43:40.354 INFO:teuthology.orchestra.run.smithi082.stdout:/usr/bin/ceph: stderr
2024-04-26T23:43:39.629+0000 7fa82d400700 1 -- 172.21.15.82:0/1549533128 wait complete.
2024-04-26T23:43:40.385 INFO:teuthology.orchestra.run.smithi082.stdout:Non-zero exit code 1 from systemctl is-enabled firewalld.service
2024-04-26T23:43:40.386 INFO:teuthology.orchestra.run.smithi082.stdout:systemctl: stdout disabled
2024-04-26T23:43:40.402 INFO:teuthology.orchestra.run.smithi082.stdout:Non-zero exit code 3 from systemctl is-active firewalld.service
2024-04-26T23:43:40.408 INFO:teuthology.orchestra.run.smithi082.stdout:systemctl: stdout inactive
2024-04-26T23:43:40.409 INFO:teuthology.orchestra.run.smithi082.stdout:firewalld.service is not enabled
2024-04-26T23:43:40.409 INFO:teuthology.orchestra.run.smithi082.stdout:Not possible to open ports <[8443]>. firewalld.service is not available
2024-04-26T23:43:40.409 INFO:teuthology.orchestra.run.smithi082.stdout:Ceph Dashboard is now available at:
2024-04-26T23:43:40.409 INFO:teuthology.orchestra.run.smithi082.stdout:
2024-04-26T23:43:40.409 INFO:teuthology.orchestra.run.smithi082.stdout: URL: https://smithi082.front.sepia.ceph.com:8443/
2024-04-26T23:43:40.410 INFO:teuthology.orchestra.run.smithi082.stdout: User: admin
2024-04-26T23:43:40.410 INFO:teuthology.orchestra.run.smithi082.stdout: Password: a0g684ydyb
2024-04-26T23:43:40.410 INFO:teuthology.orchestra.run.smithi082.stdout:
2024-04-26T23:43:40.415 INFO:teuthology.orchestra.run.smithi082.stdout:Saving cluster configuration to /var/lib/ceph/7b969902-0426-11ef-bc93-c7b262605968/config directory
2024-04-26T23:43:40.418 INFO:teuthology.orchestra.run.smithi082.stdout:Enabling autotune for osd_memory_target
2024-04-26T23:43:41.903 INFO:teuthology.orchestra.run.smithi082.stdout:/usr/bin/ceph: stderr
2024-04-26T23:43:41.000+0000 7f5c6c400700 1 Processor -- start
2024-04-26T23:43:41.904 INFO:teuthology.orchestra.run.smithi082.stdout:/usr/bin/ceph: stderr
2024-04-26T23:43:41.000+0000 7f5c6c400700 1 -- start start
2024-04-26T23:43:41.904 INFO:teuthology.orchestra.run.smithi082.stdout:/usr/bin/ceph: stderr
2024-04-26T23:43:41.001+0000 7f5c6c400700 1 --2- >> [v2:172.21.15.82:3300/0,v1:172.21.15.82:6789/0] conn(0x7f5c64108cb0 0x7f5c641090d0 unknown :-1 s=NONE pgs=0 cs=0 l=0 rev1=0 crypto rx=0 tx=0 comp rx=0 tx=0).connect
2024-04-26T23:43:41.904 INFO:teuthology.orchestra.run.smithi082.stdout:/usr/bin/ceph: stderr
2024-04-26T23:43:41.001+0000 7f5c6c400700 1 -- --> [v2:172.21.15.82:3300/0,v1:172.21.15.82:6789/0] -- mon_getmap magic: 0 -- 0x7f5c641096a0 con 0x7f5c64108cb0
2024-04-26T23:43:41.904 INFO:teuthology.orchestra.run.smithi082.stdout:/usr/bin/ceph: stderr
2024-04-26T23:43:41.001+0000 7f5c69a00700 1 --2- >> [v2:172.21.15.82:3300/0,v1:172.21.15.82:6789/0] conn(0x7f5c64108cb0 0x7f5c641090d0 unknown :-1 s=BANNER_CONNECTING pgs=0 cs=0 l=0 rev1=0 crypto rx=0 tx=0 comp rx=0 tx=0)._handle_peer_banner_payload supported=3 required=0
2024-04-26T23:43:41.909 INFO:teuthology.orchestra.run.smithi082.stdout:/usr/bin/ceph: stderr
2024-04-26T23:43:41.001+0000 7f5c69a00700 1 --2- >> [v2:172.21.15.82:3300/0,v1:172.21.15.82:6789/0] conn(0x7f5c64108cb0 0x7f5c641090d0 unknown :-1 s=HELLO_CONNECTING pgs=0 cs=0 l=0 rev1=1 crypto rx=0 tx=0 comp rx=0 tx=0).handle_hello peer v2:172.21.15.82:3300/0 says I am v2:172.21.15.82:47150/0 (socket says 172.21.15.82:47150)
2024-04-26T23:43:41.910 INFO:teuthology.orchestra.run.smithi082.stdout:/usr/bin/ceph: stderr
2024-04-26T23:43:41.001+0000 7f5c69a00700 1 -- 172.21.15.82:0/3239000655 learned_addr learned my addr 172.21.15.82:0/3239000655 (peer_addr_for_me v2:172.21.15.82:0/0)
2024-04-26T23:43:41.910 INFO:teuthology.orchestra.run.smithi082.stdout:/usr/bin/ceph: stderr
2024-04-26T23:43:41.002+0000 7f5c69a00700 1 -- 172.21.15.82:0/3239000655 --> [v2:172.21.15.82:3300/0,v1:172.21.15.82:6789/0] -- mon_subscribe({config=0+,monmap=0+}) -- 0x7f5c64109e60 con 0x7f5c64108cb0
2024-04-26T23:43:41.910 INFO:teuthology.orchestra.run.smithi082.stdout:/usr/bin/ceph: stderr
2024-04-26T23:43:41.002+0000 7f5c69a00700 1 --2- 172.21.15.82:0/3239000655 >> [v2:172.21.15.82:3300/0,v1:172.21.15.82:6789/0] conn(0x7f5c64108cb0 0x7f5c641090d0 secure :-1 s=READY pgs=76 cs=0 l=1 rev1=1 crypto rx=0x7f5c58009e80 tx=0x7f5c5800b330 comp rx=0 tx=0).ready entity=mon.0 client_cookie=1f28593b27539f50 server_cookie=0 in_seq=0 out_seq=0
2024-04-26T23:43:41.910 INFO:teuthology.orchestra.run.smithi082.stdout:/usr/bin/ceph: stderr
2024-04-26T23:43:41.002+0000 7f5c63e00700 1 -- 172.21.15.82:0/3239000655 <== mon.0 v2:172.21.15.82:3300/0 1 ==== mon_map magic: 0 ==== 205+0+0 (secure 0 0 0) 0x7f5c58017070 con 0x7f5c64108cb0
2024-04-26T23:43:41.910 INFO:teuthology.orchestra.run.smithi082.stdout:/usr/bin/ceph: stderr
2024-04-26T23:43:41.002+0000 7f5c63e00700 1 -- 172.21.15.82:0/3239000655 <== mon.0 v2:172.21.15.82:3300/0 2 ==== config(26 keys) ==== 1101+0+0 (secure 0 0 0) 0x7f5c5800b8c0 con 0x7f5c64108cb0
2024-04-26T23:43:41.914 INFO:teuthology.orchestra.run.smithi082.stdout:/usr/bin/ceph: stderr
2024-04-26T23:43:41.002+0000 7f5c63e00700 1 -- 172.21.15.82:0/3239000655 <== mon.0 v2:172.21.15.82:3300/0 3 ==== mon_map magic: 0 ==== 205+0+0 (secure 0 0 0) 0x7f5c58004490 con 0x7f5c64108cb0
2024-04-26T23:43:41.914 INFO:teuthology.orchestra.run.smithi082.stdout:/usr/bin/ceph: stderr
2024-04-26T23:43:41.003+0000 7f5c6c400700 1 -- 172.21.15.82:0/3239000655 >> [v2:172.21.15.82:3300/0,v1:172.21.15.82:6789/0] conn(0x7f5c64108cb0 msgr2=0x7f5c641090d0 secure :-1 s=STATE_CONNECTION_ESTABLISHED l=1).mark_down
2024-04-26T23:43:41.914 INFO:teuthology.orchestra.run.smithi082.stdout:/usr/bin/ceph: stderr
2024-04-26T23:43:41.003+0000 7f5c6c400700 1 --2- 172.21.15.82:0/3239000655 >> [v2:172.21.15.82:3300/0,v1:172.21.15.82:6789/0] conn(0x7f5c64108cb0 0x7f5c641090d0 secure :-1 s=READY pgs=76 cs=0 l=1 rev1=1 crypto rx=0x7f5c58009e80 tx=0x7f5c5800b330 comp rx=0 tx=0).stop
2024-04-26T23:43:41.914 INFO:teuthology.orchestra.run.smithi082.stdout:/usr/bin/ceph: stderr
2024-04-26T23:43:41.003+0000 7f5c6c400700 1 -- 172.21.15.82:0/3239000655 shutdown_connections
2024-04-26T23:43:41.914 INFO:teuthology.orchestra.run.smithi082.stdout:/usr/bin/ceph: stderr
2024-04-26T23:43:41.003+0000 7f5c6c400700 1 --2- 172.21.15.82:0/3239000655 >> [v2:172.21.15.82:3300/0,v1:172.21.15.82:6789/0] conn(0x7f5c64108cb0 0x7f5c641090d0 unknown :-1 s=CLOSED pgs=76 cs=0 l=1 rev1=1 crypto rx=0 tx=0 comp rx=0 tx=0).stop
2024-04-26T23:43:41.914 INFO:teuthology.orchestra.run.smithi082.stdout:/usr/bin/ceph: stderr
2024-04-26T23:43:41.003+0000 7f5c6c400700 1 -- 172.21.15.82:0/3239000655 >> 172.21.15.82:0/3239000655 conn(0x7f5c64104210 msgr2=0x7f5c64106690 unknown :-1 s=STATE_NONE l=0).mark_down
2024-04-26T23:43:41.914 INFO:teuthology.orchestra.run.smithi082.stdout:/usr/bin/ceph: stderr
2024-04-26T23:43:41.003+0000 7f5c6c400700 1 -- 172.21.15.82:0/3239000655 shutdown_connections
2024-04-26T23:43:41.915 INFO:teuthology.orchestra.run.smithi082.stdout:/usr/bin/ceph: stderr
2024-04-26T23:43:41.003+0000 7f5c6c400700 1 -- 172.21.15.82:0/3239000655 wait complete.
2024-04-26T23:43:41.915 INFO:teuthology.orchestra.run.smithi082.stdout:/usr/bin/ceph: stderr
2024-04-26T23:43:41.004+0000 7f5c6c400700 1 Processor -- start
2024-04-26T23:43:41.915 INFO:teuthology.orchestra.run.smithi082.stdout:/usr/bin/ceph: stderr
2024-04-26T23:43:41.005+0000 7f5c6c400700 1 -- start start
2024-04-26T23:43:41.915 INFO:teuthology.orchestra.run.smithi082.stdout:/usr/bin/ceph: stderr
2024-04-26T23:43:41.005+0000 7f5c6c400700 1 --2- >> [v2:172.21.15.82:3300/0,v1:172.21.15.82:6789/0] conn(0x7f5c64108cb0 0x7f5c6419ee10 unknown :-1 s=NONE pgs=0 cs=0 l=1 rev1=0 crypto rx=0 tx=0 comp rx=0 tx=0).connect
2024-04-26T23:43:41.915 INFO:teuthology.orchestra.run.smithi082.stdout:/usr/bin/ceph: stderr
2024-04-26T23:43:41.005+0000 7f5c6c400700 1 -- --> [v2:172.21.15.82:3300/0,v1:172.21.15.82:6789/0] -- mon_getmap magic: 0 -- 0x7f5c6410d210 con 0x7f5c64108cb0
2024-04-26T23:43:41.915 INFO:teuthology.orchestra.run.smithi082.stdout:/usr/bin/ceph: stderr
2024-04-26T23:43:41.005+0000 7f5c69a00700 1 --2- >> [v2:172.21.15.82:3300/0,v1:172.21.15.82:6789/0] conn(0x7f5c64108cb0 0x7f5c6419ee10 unknown :-1 s=BANNER_CONNECTING pgs=0 cs=0 l=1 rev1=0 crypto rx=0 tx=0 comp rx=0 tx=0)._handle_peer_banner_payload supported=3 required=0
2024-04-26T23:43:41.915 INFO:teuthology.orchestra.run.smithi082.stdout:/usr/bin/ceph: stderr
2024-04-26T23:43:41.005+0000 7f5c69a00700 1 --2- >> [v2:172.21.15.82:3300/0,v1:172.21.15.82:6789/0] conn(0x7f5c64108cb0 0x7f5c6419ee10 unknown :-1 s=HELLO_CONNECTING pgs=0 cs=0 l=1 rev1=1 crypto rx=0 tx=0 comp rx=0 tx=0).handle_hello peer v2:172.21.15.82:3300/0 says I am v2:172.21.15.82:47154/0 (socket says 172.21.15.82:47154)
2024-04-26T23:43:41.915 INFO:teuthology.orchestra.run.smithi082.stdout:/usr/bin/ceph: stderr
2024-04-26T23:43:41.005+0000 7f5c69a00700 1 -- 172.21.15.82:0/3100826361 learned_addr learned my addr 172.21.15.82:0/3100826361 (peer_addr_for_me v2:172.21.15.82:0/0)
2024-04-26T23:43:41.915 INFO:teuthology.orchestra.run.smithi082.stdout:/usr/bin/ceph: stderr
2024-04-26T23:43:41.005+0000 7f5c69a00700 1 -- 172.21.15.82:0/3100826361 --> [v2:172.21.15.82:3300/0,v1:172.21.15.82:6789/0] -- mon_subscribe({config=0+,monmap=0+}) -- 0x7f5c6419f350 con 0x7f5c64108cb0
2024-04-26T23:43:41.915 INFO:teuthology.orchestra.run.smithi082.stdout:/usr/bin/ceph: stderr
2024-04-26T23:43:41.006+0000 7f5c69a00700 1 --2- 172.21.15.82:0/3100826361 >> [v2:172.21.15.82:3300/0,v1:172.21.15.82:6789/0] conn(0x7f5c64108cb0 0x7f5c6419ee10 secure :-1 s=READY pgs=77 cs=0 l=1 rev1=1 crypto rx=0x7f5c5800b7b0 tx=0x7f5c5800bd30 comp rx=0 tx=0).ready entity=mon.0 client_cookie=0 server_cookie=0 in_seq=0 out_seq=0
2024-04-26T23:43:41.915 INFO:teuthology.orchestra.run.smithi082.stdout:/usr/bin/ceph: stderr
2024-04-26T23:43:41.006+0000 7f5c62000700 1 -- 172.21.15.82:0/3100826361 <== mon.0 v2:172.21.15.82:3300/0 1 ==== mon_map magic: 0 ==== 205+0+0 (secure 0 0 0) 0x7f5c58020020 con 0x7f5c64108cb0
2024-04-26T23:43:41.915 INFO:teuthology.orchestra.run.smithi082.stdout:/usr/bin/ceph: stderr
2024-04-26T23:43:41.006+0000 7f5c62000700 1 -- 172.21.15.82:0/3100826361 <== mon.0 v2:172.21.15.82:3300/0 2 ==== config(26 keys) ==== 1101+0+0 (secure 0 0 0) 0x7f5c58003b50 con 0x7f5c64108cb0
2024-04-26T23:43:41.915 INFO:teuthology.orchestra.run.smithi082.stdout:/usr/bin/ceph: stderr
2024-04-26T23:43:41.006+0000 7f5c6c400700 1 -- 172.21.15.82:0/3100826361 --> [v2:172.21.15.82:3300/0,v1:172.21.15.82:6789/0] -- mon_subscribe({mgrmap=0+}) -- 0x7f5c6419f5e0 con 0x7f5c64108cb0
2024-04-26T23:43:41.916 INFO:teuthology.orchestra.run.smithi082.stdout:/usr/bin/ceph: stderr
2024-04-26T23:43:41.006+0000 7f5c62000700 1 -- 172.21.15.82:0/3100826361 <== mon.0 v2:172.21.15.82:3300/0 3 ==== mon_map magic: 0 ==== 205+0+0 (secure 0 0 0) 0x7f5c58017040 con 0x7f5c64108cb0
2024-04-26T23:43:41.916 INFO:teuthology.orchestra.run.smithi082.stdout:/usr/bin/ceph: stderr
2024-04-26T23:43:41.006+0000 7f5c6c400700 1 -- 172.21.15.82:0/3100826361 --> [v2:172.21.15.82:3300/0,v1:172.21.15.82:6789/0] -- mon_subscribe({osdmap=0}) -- 0x7f5c641a22d0 con 0x7f5c64108cb0
2024-04-26T23:43:41.916 INFO:teuthology.orchestra.run.smithi082.stdout:/usr/bin/ceph: stderr
2024-04-26T23:43:41.007+0000 7f5c62000700 1 -- 172.21.15.82:0/3100826361 <== mon.0 v2:172.21.15.82:3300/0 4 ==== mgrmap(e 13) ==== 46614+0+0 (secure 0 0 0) 0x7f5c58023020 con 0x7f5c64108cb0
2024-04-26T23:43:41.916 INFO:teuthology.orchestra.run.smithi082.stdout:/usr/bin/ceph: stderr
2024-04-26T23:43:41.007+0000 7f5c6c400700 1 -- 172.21.15.82:0/3100826361 --> [v2:172.21.15.82:3300/0,v1:172.21.15.82:6789/0] -- mon_command({"prefix": "get_command_descriptions"} v 0) -- 0x7f5c64064a80 con 0x7f5c64108cb0
2024-04-26T23:43:41.916 INFO:teuthology.orchestra.run.smithi082.stdout:/usr/bin/ceph: stderr
2024-04-26T23:43:41.008+0000 7f5c62000700 1 --2- 172.21.15.82:0/3100826361 >> [v2:172.21.15.82:6800/220593689,v1:172.21.15.82:6801/220593689] conn(0x7f5c4c0396f0 0x7f5c4c03bbb0 unknown :-1 s=NONE pgs=0 cs=0 l=1 rev1=0 crypto rx=0 tx=0 comp rx=0 tx=0).connect
2024-04-26T23:43:41.916 INFO:teuthology.orchestra.run.smithi082.stdout:/usr/bin/ceph: stderr
2024-04-26T23:43:41.008+0000 7f5c62000700 1 -- 172.21.15.82:0/3100826361 <== mon.0 v2:172.21.15.82:3300/0 5 ==== osd_map(3..3 src has 1..3) ==== 1155+0+0 (secure 0 0 0) 0x7f5c5800f050 con 0x7f5c64108cb0
2024-04-26T23:43:41.916 INFO:teuthology.orchestra.run.smithi082.stdout:/usr/bin/ceph: stderr
2024-04-26T23:43:41.008+0000 7f5c69000700 1 --2- 172.21.15.82:0/3100826361 >> [v2:172.21.15.82:6800/220593689,v1:172.21.15.82:6801/220593689] conn(0x7f5c4c0396f0 0x7f5c4c03bbb0 unknown :-1 s=BANNER_CONNECTING pgs=0 cs=0 l=1 rev1=0 crypto rx=0 tx=0 comp rx=0 tx=0)._handle_peer_banner_payload supported=3 required=0
2024-04-26T23:43:41.916 INFO:teuthology.orchestra.run.smithi082.stdout:/usr/bin/ceph: stderr
2024-04-26T23:43:41.009+0000 7f5c69000700 1 --2- 172.21.15.82:0/3100826361 >> [v2:172.21.15.82:6800/220593689,v1:172.21.15.82:6801/220593689] conn(0x7f5c4c0396f0 0x7f5c4c03bbb0 secure :-1 s=READY pgs=10 cs=0 l=1 rev1=1 crypto rx=0x7f5c50006fd0 tx=0x7f5c50006e40 comp rx=0 tx=0).ready entity=mgr.14152 client_cookie=0 server_cookie=0 in_seq=0 out_seq=0
2024-04-26T23:43:41.916 INFO:teuthology.orchestra.run.smithi082.stdout:/usr/bin/ceph: stderr
2024-04-26T23:43:41.013+0000 7f5c62000700 1 -- 172.21.15.82:0/3100826361 <== mon.0 v2:172.21.15.82:3300/0 6 ==== mon_command_ack([{"prefix": "get_command_descriptions"}]=0 v0) ==== 72+0+188494 (secure 0 0 0) 0x7f5c5802a020 con 0x7f5c64108cb0
2024-04-26T23:43:41.916 INFO:teuthology.orchestra.run.smithi082.stdout:/usr/bin/ceph: stderr
2024-04-26T23:43:41.238+0000 7f5c6c400700 1 -- 172.21.15.82:0/3100826361 --> [v2:172.21.15.82:3300/0,v1:172.21.15.82:6789/0] -- mon_command([{prefix=config set, name=osd_memory_target_autotune}] v 0) -- 0x7f5c641a24a0 con 0x7f5c64108cb0
2024-04-26T23:43:41.916 INFO:teuthology.orchestra.run.smithi082.stdout:/usr/bin/ceph: stderr
2024-04-26T23:43:41.239+0000 7f5c62000700 1 -- 172.21.15.82:0/3100826361 <== mon.0 v2:172.21.15.82:3300/0 7 ==== mon_command_ack([{prefix=config set, name=osd_memory_target_autotune}]=0 v8)=0 v8) ==== 127+0+0 (secure 0 0 0) 0x7f5c641a24a0 con 0x7f5c64108cb0
2024-04-26T23:43:41.916 INFO:teuthology.orchestra.run.smithi082.stdout:/usr/bin/ceph: stderr
2024-04-26T23:43:41.242+0000 7f5c6c400700 1 -- 172.21.15.82:0/3100826361 >> [v2:172.21.15.82:6800/220593689,v1:172.21.15.82:6801/220593689] conn(0x7f5c4c0396f0 msgr2=0x7f5c4c03bbb0 secure :-1 s=STATE_CONNECTION_ESTABLISHED l=1).mark_down
2024-04-26T23:43:41.916 INFO:teuthology.orchestra.run.smithi082.stdout:/usr/bin/ceph: stderr
2024-04-26T23:43:41.242+0000 7f5c6c400700 1 --2- 172.21.15.82:0/3100826361 >> [v2:172.21.15.82:6800/220593689,v1:172.21.15.82:6801/220593689] conn(0x7f5c4c0396f0 0x7f5c4c03bbb0 secure :-1 s=READY pgs=10 cs=0 l=1 rev1=1 crypto rx=0x7f5c50006fd0 tx=0x7f5c50006e40 comp rx=0 tx=0).stop
2024-04-26T23:43:41.916 INFO:teuthology.orchestra.run.smithi082.stdout:/usr/bin/ceph: stderr
2024-04-26T23:43:41.242+0000 7f5c6c400700 1 -- 172.21.15.82:0/3100826361 >> [v2:172.21.15.82:3300/0,v1:172.21.15.82:6789/0] conn(0x7f5c64108cb0 msgr2=0x7f5c6419ee10 secure :-1 s=STATE_CONNECTION_ESTABLISHED l=1).mark_down
2024-04-26T23:43:41.917 INFO:teuthology.orchestra.run.smithi082.stdout:/usr/bin/ceph: stderr
2024-04-26T23:43:41.242+0000 7f5c6c400700 1 --2- 172.21.15.82:0/3100826361 >> [v2:172.21.15.82:3300/0,v1:172.21.15.82:6789/0] conn(0x7f5c64108cb0 0x7f5c6419ee10 secure :-1 s=READY pgs=77 cs=0 l=1 rev1=1 crypto rx=0x7f5c5800b7b0 tx=0x7f5c5800bd30 comp rx=0 tx=0).stop
2024-04-26T23:43:41.917 INFO:teuthology.orchestra.run.smithi082.stdout:/usr/bin/ceph: stderr
2024-04-26T23:43:41.243+0000 7f5c6c400700 1 -- 172.21.15.82:0/3100826361 shutdown_connections
2024-04-26T23:43:41.917 INFO:teuthology.orchestra.run.smithi082.stdout:/usr/bin/ceph: stderr
2024-04-26T23:43:41.243+0000 7f5c6c400700 1 --2- 172.21.15.82:0/3100826361 >> [v2:172.21.15.82:6800/220593689,v1:172.21.15.82:6801/220593689] conn(0x7f5c4c0396f0 0x7f5c4c03bbb0 unknown :-1 s=CLOSED pgs=10 cs=0 l=1 rev1=1 crypto rx=0 tx=0 comp rx=0 tx=0).stop
2024-04-26T23:43:41.917 INFO:teuthology.orchestra.run.smithi082.stdout:/usr/bin/ceph: stderr
2024-04-26T23:43:41.243+0000 7f5c6c400700 1 --2- 172.21.15.82:0/3100826361 >> [v2:172.21.15.82:3300/0,v1:172.21.15.82:6789/0] conn(0x7f5c64108cb0 0x7f5c6419ee10 unknown :-1 s=CLOSED pgs=77 cs=0 l=1 rev1=1 crypto rx=0 tx=0 comp rx=0 tx=0).stop
2024-04-26T23:43:41.917 INFO:teuthology.orchestra.run.smithi082.stdout:/usr/bin/ceph: stderr
2024-04-26T23:43:41.243+0000 7f5c6c400700 1 -- 172.21.15.82:0/3100826361 >> 172.21.15.82:0/3100826361 conn(0x7f5c64104210 msgr2=0x7f5c64104db0 unknown :-1 s=STATE_NONE l=0).mark_down
2024-04-26T23:43:41.917 INFO:teuthology.orchestra.run.smithi082.stdout:/usr/bin/ceph: stderr
2024-04-26T23:43:41.243+0000 7f5c6c400700 1 -- 172.21.15.82:0/3100826361 shutdown_connections
2024-04-26T23:43:41.917 INFO:teuthology.orchestra.run.smithi082.stdout:/usr/bin/ceph: stderr
2024-04-26T23:43:41.243+0000 7f5c6c400700 1 -- 172.21.15.82:0/3100826361 wait complete.
2024-04-26T23:43:43.596 INFO:teuthology.orchestra.run.smithi082.stdout:/usr/bin/ceph: stderr
2024-04-26T23:43:42.556+0000 7fa8a4e00700 1 Processor -- start
2024-04-26T23:43:43.596 INFO:teuthology.orchestra.run.smithi082.stdout:/usr/bin/ceph: stderr
2024-04-26T23:43:42.556+0000 7fa8a4e00700 1 -- start start
2024-04-26T23:43:43.596 INFO:teuthology.orchestra.run.smithi082.stdout:/usr/bin/ceph: stderr
2024-04-26T23:43:42.557+0000 7fa8a4e00700 1 --2- >> [v2:172.21.15.82:3300/0,v1:172.21.15.82:6789/0] conn(0x7fa8a010ae50 0x7fa8a010b270 unknown :-1 s=NONE pgs=0 cs=0 l=0 rev1=0 crypto rx=0 tx=0 comp rx=0 tx=0).connect
2024-04-26T23:43:43.596 INFO:teuthology.orchestra.run.smithi082.stdout:/usr/bin/ceph: stderr
2024-04-26T23:43:42.557+0000 7fa8a4e00700 1 -- --> [v2:172.21.15.82:3300/0,v1:172.21.15.82:6789/0] -- mon_getmap magic: 0 -- 0x7fa8a010b7b0 con 0x7fa8a010ae50
2024-04-26T23:43:43.596 INFO:teuthology.orchestra.run.smithi082.stdout:/usr/bin/ceph: stderr
2024-04-26T23:43:42.557+0000 7fa89de00700 1 --2- >> [v2:172.21.15.82:3300/0,v1:172.21.15.82:6789/0] conn(0x7fa8a010ae50 0x7fa8a010b270 unknown :-1 s=BANNER_CONNECTING pgs=0 cs=0 l=0 rev1=0 crypto rx=0 tx=0 comp rx=0 tx=0)._handle_peer_banner_payload supported=3 required=0
2024-04-26T23:43:43.596 INFO:teuthology.orchestra.run.smithi082.stdout:/usr/bin/ceph: stderr
2024-04-26T23:43:42.558+0000 7fa89de00700 1 --2- >> [v2:172.21.15.82:3300/0,v1:172.21.15.82:6789/0] conn(0x7fa8a010ae50 0x7fa8a010b270 unknown :-1 s=HELLO_CONNECTING pgs=0 cs=0 l=0 rev1=1 crypto rx=0 tx=0 comp rx=0 tx=0).handle_hello peer v2:172.21.15.82:3300/0 says I am v2:172.21.15.82:47158/0 (socket says 172.21.15.82:47158)
2024-04-26T23:43:43.596 INFO:teuthology.orchestra.run.smithi082.stdout:/usr/bin/ceph: stderr
2024-04-26T23:43:42.558+0000 7fa89de00700 1 -- 172.21.15.82:0/2366999212 learned_addr learned my addr 172.21.15.82:0/2366999212 (peer_addr_for_me v2:172.21.15.82:0/0)
2024-04-26T23:43:43.596 INFO:teuthology.orchestra.run.smithi082.stdout:/usr/bin/ceph: stderr
2024-04-26T23:43:42.558+0000 7fa89de00700 1 -- 172.21.15.82:0/2366999212 --> [v2:172.21.15.82:3300/0,v1:172.21.15.82:6789/0] -- mon_subscribe({config=0+,monmap=0+}) -- 0x7fa8a010c040 con 0x7fa8a010ae50
2024-04-26T23:43:43.596 INFO:teuthology.orchestra.run.smithi082.stdout:/usr/bin/ceph: stderr
2024-04-26T23:43:42.558+0000 7fa89de00700 1 --2- 172.21.15.82:0/2366999212 >> [v2:172.21.15.82:3300/0,v1:172.21.15.82:6789/0] conn(0x7fa8a010ae50 0x7fa8a010b270 secure :-1 s=READY pgs=78 cs=0 l=1 rev1=1 crypto rx=0x7fa8900098a0 tx=0x7fa890009bb0 comp rx=0 tx=0).ready entity=mon.0 client_cookie=cc9e1bc80df04c2 server_cookie=0 in_seq=0 out_seq=0
2024-04-26T23:43:43.597 INFO:teuthology.orchestra.run.smithi082.stdout:/usr/bin/ceph: stderr
2024-04-26T23:43:42.559+0000 7fa89ca00700 1 -- 172.21.15.82:0/2366999212 <== mon.0 v2:172.21.15.82:3300/0 1 ==== mon_map magic: 0 ==== 205+0+0 (secure 0 0 0) 0x7fa890004160 con 0x7fa8a010ae50
2024-04-26T23:43:43.597 INFO:teuthology.orchestra.run.smithi082.stdout:/usr/bin/ceph: stderr
2024-04-26T23:43:42.559+0000 7fa89ca00700 1 -- 172.21.15.82:0/2366999212 <== mon.0 v2:172.21.15.82:3300/0 2 ==== config(26 keys) ==== 1101+0+0 (secure 0 0 0) 0x7fa890004300 con 0x7fa8a010ae50
2024-04-26T23:43:43.597 INFO:teuthology.orchestra.run.smithi082.stdout:/usr/bin/ceph: stderr
2024-04-26T23:43:42.559+0000 7fa89ca00700 1 -- 172.21.15.82:0/2366999212 <== mon.0 v2:172.21.15.82:3300/0 3 ==== mon_map magic: 0 ==== 205+0+0 (secure 0 0 0) 0x7fa890011a20 con 0x7fa8a010ae50
2024-04-26T23:43:43.597 INFO:teuthology.orchestra.run.smithi082.stdout:/usr/bin/ceph: stderr
2024-04-26T23:43:42.560+0000 7fa8a4e00700 1 -- 172.21.15.82:0/2366999212 >> [v2:172.21.15.82:3300/0,v1:172.21.15.82:6789/0] conn(0x7fa8a010ae50 msgr2=0x7fa8a010b270 secure :-1 s=STATE_CONNECTION_ESTABLISHED l=1).mark_down
2024-04-26T23:43:43.597 INFO:teuthology.orchestra.run.smithi082.stdout:/usr/bin/ceph: stderr
2024-04-26T23:43:42.560+0000 7fa8a4e00700 1 --2- 172.21.15.82:0/2366999212 >> [v2:172.21.15.82:3300/0,v1:172.21.15.82:6789/0] conn(0x7fa8a010ae50 0x7fa8a010b270 secure :-1 s=READY pgs=78 cs=0 l=1 rev1=1 crypto rx=0x7fa8900098a0 tx=0x7fa890009bb0 comp rx=0 tx=0).stop
2024-04-26T23:43:43.597 INFO:teuthology.orchestra.run.smithi082.stdout:/usr/bin/ceph: stderr
2024-04-26T23:43:42.560+0000 7fa8a4e00700 1 -- 172.21.15.82:0/2366999212 shutdown_connections
2024-04-26T23:43:43.597 INFO:teuthology.orchestra.run.smithi082.stdout:/usr/bin/ceph: stderr
2024-04-26T23:43:42.560+0000 7fa8a4e00700 1 --2- 172.21.15.82:0/2366999212 >> [v2:172.21.15.82:3300/0,v1:172.21.15.82:6789/0] conn(0x7fa8a010ae50 0x7fa8a010b270 unknown :-1 s=CLOSED pgs=78 cs=0 l=1 rev1=1 crypto rx=0 tx=0 comp rx=0 tx=0).stop
2024-04-26T23:43:43.597 INFO:teuthology.orchestra.run.smithi082.stdout:/usr/bin/ceph: stderr
2024-04-26T23:43:42.560+0000 7fa8a4e00700 1 -- 172.21.15.82:0/2366999212 >> 172.21.15.82:0/2366999212 conn(0x7fa8a007e260 msgr2=0x7fa8a007e690 unknown :-1 s=STATE_NONE l=0).mark_down
2024-04-26T23:43:43.597 INFO:teuthology.orchestra.run.smithi082.stdout:/usr/bin/ceph: stderr
2024-04-26T23:43:42.560+0000 7fa8a4e00700 1 -- 172.21.15.82:0/2366999212 shutdown_connections
2024-04-26T23:43:43.597 INFO:teuthology.orchestra.run.smithi082.stdout:/usr/bin/ceph: stderr
2024-04-26T23:43:42.560+0000 7fa8a4e00700 1 -- 172.21.15.82:0/2366999212 wait complete.
2024-04-26T23:43:43.597 INFO:teuthology.orchestra.run.smithi082.stdout:/usr/bin/ceph: stderr
2024-04-26T23:43:42.561+0000 7fa8a4e00700 1 Processor -- start
2024-04-26T23:43:43.597 INFO:teuthology.orchestra.run.smithi082.stdout:/usr/bin/ceph: stderr
2024-04-26T23:43:42.561+0000 7fa8a4e00700 1 -- start start
2024-04-26T23:43:43.597 INFO:teuthology.orchestra.run.smithi082.stdout:/usr/bin/ceph: stderr
2024-04-26T23:43:42.562+0000 7fa8a4e00700 1 --2- >> [v2:172.21.15.82:3300/0,v1:172.21.15.82:6789/0] conn(0x7fa8a010ae50 0x7fa8a019edd0 unknown :-1 s=NONE pgs=0 cs=0 l=1 rev1=0 crypto rx=0 tx=0 comp rx=0 tx=0).connect
2024-04-26T23:43:43.598 INFO:teuthology.orchestra.run.smithi082.stdout:/usr/bin/ceph: stderr
2024-04-26T23:43:42.562+0000 7fa8a4e00700 1 -- --> [v2:172.21.15.82:3300/0,v1:172.21.15.82:6789/0] -- mon_getmap magic: 0 -- 0x7fa8a010f300 con 0x7fa8a010ae50
2024-04-26T23:43:43.598 INFO:teuthology.orchestra.run.smithi082.stdout:/usr/bin/ceph: stderr
2024-04-26T23:43:42.562+0000 7fa89de00700 1 --2- >> [v2:172.21.15.82:3300/0,v1:172.21.15.82:6789/0] conn(0x7fa8a010ae50 0x7fa8a019edd0 unknown :-1 s=BANNER_CONNECTING pgs=0 cs=0 l=1 rev1=0 crypto rx=0 tx=0 comp rx=0 tx=0)._handle_peer_banner_payload supported=3 required=0
2024-04-26T23:43:43.598 INFO:teuthology.orchestra.run.smithi082.stdout:/usr/bin/ceph: stderr
2024-04-26T23:43:42.562+0000 7fa89de00700 1 --2- >> [v2:172.21.15.82:3300/0,v1:172.21.15.82:6789/0] conn(0x7fa8a010ae50 0x7fa8a019edd0 unknown :-1 s=HELLO_CONNECTING pgs=0 cs=0 l=1 rev1=1 crypto rx=0 tx=0 comp rx=0 tx=0).handle_hello peer v2:172.21.15.82:3300/0 says I am v2:172.21.15.82:47172/0 (socket says 172.21.15.82:47172)
2024-04-26T23:43:43.598 INFO:teuthology.orchestra.run.smithi082.stdout:/usr/bin/ceph: stderr
2024-04-26T23:43:42.562+0000 7fa89de00700 1 -- 172.21.15.82:0/3666697584 learned_addr learned my addr 172.21.15.82:0/3666697584 (peer_addr_for_me v2:172.21.15.82:0/0)
2024-04-26T23:43:43.598 INFO:teuthology.orchestra.run.smithi082.stdout:/usr/bin/ceph: stderr
2024-04-26T23:43:42.562+0000 7fa89de00700 1 -- 172.21.15.82:0/3666697584 --> [v2:172.21.15.82:3300/0,v1:172.21.15.82:6789/0] -- mon_subscribe({config=0+,monmap=0+}) -- 0x7fa8a019f310 con 0x7fa8a010ae50
2024-04-26T23:43:43.598 INFO:teuthology.orchestra.run.smithi082.stdout:/usr/bin/ceph: stderr
2024-04-26T23:43:42.563+0000 7fa89de00700 1 --2- 172.21.15.82:0/3666697584 >> [v2:172.21.15.82:3300/0,v1:172.21.15.82:6789/0] conn(0x7fa8a010ae50 0x7fa8a019edd0 secure :-1 s=READY pgs=79 cs=0 l=1 rev1=1 crypto rx=0x7fa8900116e0 tx=0x7fa890011aa0 comp rx=0 tx=0).ready entity=mon.0 client_cookie=0 server_cookie=0 in_seq=0 out_seq=0
2024-04-26T23:43:43.598 INFO:teuthology.orchestra.run.smithi082.stdout:/usr/bin/ceph: stderr
2024-04-26T23:43:42.563+0000 7fa896a00700 1 -- 172.21.15.82:0/3666697584 <== mon.0 v2:172.21.15.82:3300/0 1 ==== mon_map magic: 0 ==== 205+0+0 (secure 0 0 0) 0x7fa8900039e0 con 0x7fa8a010ae50
2024-04-26T23:43:43.598 INFO:teuthology.orchestra.run.smithi082.stdout:/usr/bin/ceph: stderr
2024-04-26T23:43:42.563+0000 7fa896a00700 1 -- 172.21.15.82:0/3666697584 <== mon.0 v2:172.21.15.82:3300/0 2 ==== config(26 keys) ==== 1101+0+0 (secure 0 0 0) 0x7fa89001b8f0 con 0x7fa8a010ae50
2024-04-26T23:43:43.598 INFO:teuthology.orchestra.run.smithi082.stdout:/usr/bin/ceph: stderr
2024-04-26T23:43:42.563+0000 7fa8a4e00700 1 -- 172.21.15.82:0/3666697584 --> [v2:172.21.15.82:3300/0,v1:172.21.15.82:6789/0] -- mon_subscribe({mgrmap=0+}) -- 0x7fa8a019f5a0 con 0x7fa8a010ae50
2024-04-26T23:43:43.598 INFO:teuthology.orchestra.run.smithi082.stdout:/usr/bin/ceph: stderr
2024-04-26T23:43:42.563+0000 7fa896a00700 1 -- 172.21.15.82:0/3666697584 <== mon.0 v2:172.21.15.82:3300/0 3 ==== mon_map magic: 0 ==== 205+0+0 (secure 0 0 0) 0x7fa890023760 con 0x7fa8a010ae50
2024-04-26T23:43:43.598 INFO:teuthology.orchestra.run.smithi082.stdout:/usr/bin/ceph: stderr
2024-04-26T23:43:42.563+0000 7fa8a4e00700 1 -- 172.21.15.82:0/3666697584 --> [v2:172.21.15.82:3300/0,v1:172.21.15.82:6789/0] -- mon_subscribe({osdmap=0}) -- 0x7fa8a01a2290 con 0x7fa8a010ae50
2024-04-26T23:43:43.598 INFO:teuthology.orchestra.run.smithi082.stdout:/usr/bin/ceph: stderr
2024-04-26T23:43:42.564+0000 7fa896a00700 1 -- 172.21.15.82:0/3666697584 <== mon.0 v2:172.21.15.82:3300/0 4 ==== mgrmap(e 13) ==== 46614+0+0 (secure 0 0 0) 0x7fa89001b440 con 0x7fa8a010ae50
2024-04-26T23:43:43.598 INFO:teuthology.orchestra.run.smithi082.stdout:/usr/bin/ceph: stderr
2024-04-26T23:43:42.564+0000 7fa8a4e00700 1 -- 172.21.15.82:0/3666697584 --> [v2:172.21.15.82:3300/0,v1:172.21.15.82:6789/0] -- mon_command({"prefix": "get_command_descriptions"} v 0) -- 0x7fa8a0064a80 con 0x7fa8a010ae50
2024-04-26T23:43:43.598 INFO:teuthology.orchestra.run.smithi082.stdout:/usr/bin/ceph: stderr
2024-04-26T23:43:42.565+0000 7fa896a00700 1 --2- 172.21.15.82:0/3666697584 >> [v2:172.21.15.82:6800/220593689,v1:172.21.15.82:6801/220593689] conn(0x7fa8840396b0 0x7fa88403bb70 unknown :-1 s=NONE pgs=0 cs=0 l=1 rev1=0 crypto rx=0 tx=0 comp rx=0 tx=0).connect
2024-04-26T23:43:43.598 INFO:teuthology.orchestra.run.smithi082.stdout:/usr/bin/ceph: stderr
2024-04-26T23:43:42.565+0000 7fa896a00700 1 -- 172.21.15.82:0/3666697584 <== mon.0 v2:172.21.15.82:3300/0 5 ==== osd_map(3..3 src has 1..3) ==== 1155+0+0 (secure 0 0 0) 0x7fa89004e090 con 0x7fa8a010ae50
2024-04-26T23:43:43.599 INFO:teuthology.orchestra.run.smithi082.stdout:/usr/bin/ceph: stderr
2024-04-26T23:43:42.565+0000 7fa89d400700 1 --2- 172.21.15.82:0/3666697584 >> [v2:172.21.15.82:6800/220593689,v1:172.21.15.82:6801/220593689] conn(0x7fa8840396b0 0x7fa88403bb70 unknown :-1 s=BANNER_CONNECTING pgs=0 cs=0 l=1 rev1=0 crypto rx=0 tx=0 comp rx=0 tx=0)._handle_peer_banner_payload supported=3 required=0
2024-04-26T23:43:43.599 INFO:teuthology.orchestra.run.smithi082.stdout:/usr/bin/ceph: stderr
2024-04-26T23:43:42.566+0000 7fa89d400700 1 --2- 172.21.15.82:0/3666697584 >> [v2:172.21.15.82:6800/220593689,v1:172.21.15.82:6801/220593689] conn(0x7fa8840396b0 0x7fa88403bb70 secure :-1 s=READY pgs=11 cs=0 l=1 rev1=1 crypto rx=0x7fa88c006fd0 tx=0x7fa88c006e40 comp rx=0 tx=0).ready entity=mgr.14152 client_cookie=0 server_cookie=0 in_seq=0 out_seq=0
2024-04-26T23:43:43.599 INFO:teuthology.orchestra.run.smithi082.stdout:/usr/bin/ceph: stderr
2024-04-26T23:43:42.570+0000 7fa896a00700 1 -- 172.21.15.82:0/3666697584 <== mon.0 v2:172.21.15.82:3300/0 6 ==== mon_command_ack([{"prefix": "get_command_descriptions"}]=0 v0) ==== 72+0+188494 (secure 0 0 0) 0x7fa89001f030 con 0x7fa8a010ae50
2024-04-26T23:43:43.599 INFO:teuthology.orchestra.run.smithi082.stdout:/usr/bin/ceph: stderr
2024-04-26T23:43:42.916+0000 7fa8a4e00700 1 -- 172.21.15.82:0/3666697584 --> [v2:172.21.15.82:3300/0,v1:172.21.15.82:6789/0] -- mon_command([{prefix=config-key set, key=mgr/dashboard/cluster/status}] v 0) -- 0x7fa8a01a2840 con 0x7fa8a010ae50
2024-04-26T23:43:43.599 INFO:teuthology.orchestra.run.smithi082.stdout:/usr/bin/ceph: stderr
2024-04-26T23:43:42.920+0000 7fa896a00700 1 -- 172.21.15.82:0/3666697584 <== mon.0 v2:172.21.15.82:3300/0 7 ==== mon_command_ack([{prefix=config-key set, key=mgr/dashboard/cluster/status}]=0 set mgr/dashboard/cluster/status v28)=0 set mgr/dashboard/cluster/status v28) ==== 153+0+0 (secure 0 0 0) 0x7fa890023e20 con 0x7fa8a010ae50
2024-04-26T23:43:43.599 INFO:teuthology.orchestra.run.smithi082.stdout:/usr/bin/ceph: stderr
2024-04-26T23:43:42.923+0000 7fa8a4e00700 1 -- 172.21.15.82:0/3666697584 >> [v2:172.21.15.82:6800/220593689,v1:172.21.15.82:6801/220593689] conn(0x7fa8840396b0 msgr2=0x7fa88403bb70 secure :-1 s=STATE_CONNECTION_ESTABLISHED l=1).mark_down
2024-04-26T23:43:43.599 INFO:teuthology.orchestra.run.smithi082.stdout:/usr/bin/ceph: stderr
2024-04-26T23:43:42.923+0000 7fa8a4e00700 1 --2- 172.21.15.82:0/3666697584 >> [v2:172.21.15.82:6800/220593689,v1:172.21.15.82:6801/220593689] conn(0x7fa8840396b0 0x7fa88403bb70 secure :-1 s=READY pgs=11 cs=0 l=1 rev1=1 crypto rx=0x7fa88c006fd0 tx=0x7fa88c006e40 comp rx=0 tx=0).stop
2024-04-26T23:43:43.599 INFO:teuthology.orchestra.run.smithi082.stdout:/usr/bin/ceph: stderr
2024-04-26T23:43:42.923+0000 7fa8a4e00700 1 -- 172.21.15.82:0/3666697584 >> [v2:172.21.15.82:3300/0,v1:172.21.15.82:6789/0] conn(0x7fa8a010ae50 msgr2=0x7fa8a019edd0 secure :-1 s=STATE_CONNECTION_ESTABLISHED l=1).mark_down
2024-04-26T23:43:43.599 INFO:teuthology.orchestra.run.smithi082.stdout:/usr/bin/ceph: stderr
2024-04-26T23:43:42.923+0000 7fa8a4e00700 1 --2- 172.21.15.82:0/3666697584 >> [v2:172.21.15.82:3300/0,v1:172.21.15.82:6789/0] conn(0x7fa8a010ae50 0x7fa8a019edd0 secure :-1 s=READY pgs=79 cs=0 l=1 rev1=1 crypto rx=0x7fa8900116e0 tx=0x7fa890011aa0 comp rx=0 tx=0).stop
2024-04-26T23:43:43.599 INFO:teuthology.orchestra.run.smithi082.stdout:/usr/bin/ceph: stderr
2024-04-26T23:43:42.923+0000 7fa8a4e00700 1 -- 172.21.15.82:0/3666697584 shutdown_connections
2024-04-26T23:43:43.599 INFO:teuthology.orchestra.run.smithi082.stdout:/usr/bin/ceph: stderr
2024-04-26T23:43:42.923+0000 7fa8a4e00700 1 --2- 172.21.15.82:0/3666697584 >> [v2:172.21.15.82:6800/220593689,v1:172.21.15.82:6801/220593689] conn(0x7fa8840396b0 0x7fa88403bb70 unknown :-1 s=CLOSED pgs=11 cs=0 l=1 rev1=1 crypto rx=0 tx=0 comp rx=0 tx=0).stop
2024-04-26T23:43:43.599 INFO:teuthology.orchestra.run.smithi082.stdout:/usr/bin/ceph: stderr
2024-04-26T23:43:42.923+0000 7fa8a4e00700 1 --2- 172.21.15.82:0/3666697584 >> [v2:172.21.15.82:3300/0,v1:172.21.15.82:6789/0] conn(0x7fa8a010ae50 0x7fa8a019edd0 unknown :-1 s=CLOSED pgs=79 cs=0 l=1 rev1=1 crypto rx=0 tx=0 comp rx=0 tx=0).stop
2024-04-26T23:43:43.599 INFO:teuthology.orchestra.run.smithi082.stdout:/usr/bin/ceph: stderr
2024-04-26T23:43:42.923+0000 7fa8a4e00700 1 -- 172.21.15.82:0/3666697584 >> 172.21.15.82:0/3666697584 conn(0x7fa8a007e260 msgr2=0x7fa8a0108480 unknown :-1 s=STATE_NONE l=0).mark_down
2024-04-26T23:43:43.599 INFO:teuthology.orchestra.run.smithi082.stdout:/usr/bin/ceph: stderr
2024-04-26T23:43:42.923+0000 7fa8a4e00700 1 -- 172.21.15.82:0/3666697584 shutdown_connections
2024-04-26T23:43:43.600 INFO:teuthology.orchestra.run.smithi082.stdout:/usr/bin/ceph: stderr
2024-04-26T23:43:42.923+0000 7fa8a4e00700 1 -- 172.21.15.82:0/3666697584 wait complete.
2024-04-26T23:43:43.600 INFO:teuthology.orchestra.run.smithi082.stdout:/usr/bin/ceph: stderr set mgr/dashboard/cluster/status
2024-04-26T23:43:43.600 INFO:teuthology.orchestra.run.smithi082.stdout:You can access the Ceph CLI as following in case of multi-cluster or non-default config:
2024-04-26T23:43:43.600 INFO:teuthology.orchestra.run.smithi082.stdout:
2024-04-26T23:43:43.600 INFO:teuthology.orchestra.run.smithi082.stdout: sudo /home/ubuntu/cephtest/cephadm shell --fsid 7b969902-0426-11ef-bc93-c7b262605968 -c /etc/ceph/ceph.conf -k /etc/ceph/ceph.client.admin.keyring
2024-04-26T23:43:43.600 INFO:teuthology.orchestra.run.smithi082.stdout:
2024-04-26T23:43:43.600 INFO:teuthology.orchestra.run.smithi082.stdout:Or, if you are only running a single cluster on this host:
2024-04-26T23:43:43.600 INFO:teuthology.orchestra.run.smithi082.stdout:
2024-04-26T23:43:43.600 INFO:teuthology.orchestra.run.smithi082.stdout: sudo /home/ubuntu/cephtest/cephadm shell
2024-04-26T23:43:43.600 INFO:teuthology.orchestra.run.smithi082.stdout:
2024-04-26T23:43:43.600 INFO:teuthology.orchestra.run.smithi082.stdout:Please consider enabling telemetry to help improve Ceph:
2024-04-26T23:43:43.600 INFO:teuthology.orchestra.run.smithi082.stdout:
2024-04-26T23:43:43.600 INFO:teuthology.orchestra.run.smithi082.stdout: ceph telemetry on
2024-04-26T23:43:43.600 INFO:teuthology.orchestra.run.smithi082.stdout:
2024-04-26T23:43:43.600 INFO:teuthology.orchestra.run.smithi082.stdout:For more information see:
2024-04-26T23:43:43.600 INFO:teuthology.orchestra.run.smithi082.stdout:
2024-04-26T23:43:43.601 INFO:teuthology.orchestra.run.smithi082.stdout: https://docs.ceph.com/en/latest/mgr/telemetry/
2024-04-26T23:43:43.601 INFO:teuthology.orchestra.run.smithi082.stdout:
2024-04-26T23:43:43.601 INFO:teuthology.orchestra.run.smithi082.stdout:Bootstrap complete.
2024-04-26T23:43:43.669 INFO:tasks.cephadm:Fetching config...
2024-04-26T23:43:43.670 DEBUG:teuthology.orchestra.run.smithi082:> set -ex
2024-04-26T23:43:43.670 DEBUG:teuthology.orchestra.run.smithi082:> dd if=/etc/ceph/ceph.conf of=/dev/stdout
2024-04-26T23:43:43.715 INFO:tasks.cephadm:Fetching client.admin keyring...
2024-04-26T23:43:43.716 DEBUG:teuthology.orchestra.run.smithi082:> set -ex
2024-04-26T23:43:43.716 DEBUG:teuthology.orchestra.run.smithi082:> dd if=/etc/ceph/ceph.client.admin.keyring of=/dev/stdout
2024-04-26T23:43:43.799 INFO:tasks.cephadm:Fetching mon keyring...
2024-04-26T23:43:43.799 DEBUG:teuthology.orchestra.run.smithi082:> set -ex
2024-04-26T23:43:43.799 DEBUG:teuthology.orchestra.run.smithi082:> sudo dd if=/var/lib/ceph/7b969902-0426-11ef-bc93-c7b262605968/mon.a/keyring of=/dev/stdout
2024-04-26T23:43:43.921 INFO:tasks.cephadm:Fetching pub ssh key...
2024-04-26T23:43:43.921 DEBUG:teuthology.orchestra.run.smithi082:> set -ex
2024-04-26T23:43:43.921 DEBUG:teuthology.orchestra.run.smithi082:> dd if=/home/ubuntu/cephtest/ceph.pub of=/dev/stdout
2024-04-26T23:43:44.014 INFO:tasks.cephadm:Installing pub ssh key for root users...
2024-04-26T23:43:44.014 DEBUG:teuthology.orchestra.run.smithi082:> sudo install -d -m 0700 /root/.ssh && echo 'ssh-rsa AAAAB3NzaC1yc2EAAAADAQABAAABgQDCg/+y8TlXzGtyCgJ8ykjHWv0pnSuHtlPSTO/ylNL1RclSarMqXPIm2GESlWDZ9o99Y80+mXhBKbXuwGfggpFuWslUOuDX+vL28lBpSHVp0o/1lj32dQtOMpap9e6X6ZvwXA27mhMVrPG+4K9dwzCCYut613h29aghbQQ5VAm7EsU5SWq/NpnvhKwfejkrGA5/As3BLRilnawc7vV9LAhupjQnAi9y6gC3Q4HFt8pTgD6iw/FHaCZx5G7FpuNVdfgmgchwx8qQufu8peiLgpPCa0dvzXHvXZoby7jpIFcU9YRHgWzs2QvtgdlwfMT9t9YObr2lNgfCQsYRfkpM2CetvgTZ3OyeOzxQGQyWFYqCmQi48asOY4qnULvb7IvbbeCMRJiOdnsckTrYMcSWbiQzL2s0vE4NHpnBRx0wXC6La9gadUWpS7Zy9q1OFFgVWFkgBSHXlSUuDky5otj8YG3tRPwhv9Sgn1X28knL1jUx+zk5yKzP6TVccqCpMAxyzZU= ceph-7b969902-0426-11ef-bc93-c7b262605968' | sudo tee -a /root/.ssh/authorized_keys && sudo chmod 0600 /root/.ssh/authorized_keys
2024-04-26T23:43:44.104 INFO:journalctl@ceph.mon.a.smithi082.stdout:Apr 26 23:43:43 smithi082 ceph-mon[28040]: from='client.? 172.21.15.82:0/3666697584' entity='client.admin'
2024-04-26T23:43:44.110 INFO:teuthology.orchestra.run.smithi082.stdout:ssh-rsa AAAAB3NzaC1yc2EAAAADAQABAAABgQDCg/+y8TlXzGtyCgJ8ykjHWv0pnSuHtlPSTO/ylNL1RclSarMqXPIm2GESlWDZ9o99Y80+mXhBKbXuwGfggpFuWslUOuDX+vL28lBpSHVp0o/1lj32dQtOMpap9e6X6ZvwXA27mhMVrPG+4K9dwzCCYut613h29aghbQQ5VAm7EsU5SWq/NpnvhKwfejkrGA5/As3BLRilnawc7vV9LAhupjQnAi9y6gC3Q4HFt8pTgD6iw/FHaCZx5G7FpuNVdfgmgchwx8qQufu8peiLgpPCa0dvzXHvXZoby7jpIFcU9YRHgWzs2QvtgdlwfMT9t9YObr2lNgfCQsYRfkpM2CetvgTZ3OyeOzxQGQyWFYqCmQi48asOY4qnULvb7IvbbeCMRJiOdnsckTrYMcSWbiQzL2s0vE4NHpnBRx0wXC6La9gadUWpS7Zy9q1OFFgVWFkgBSHXlSUuDky5otj8YG3tRPwhv9Sgn1X28knL1jUx+zk5yKzP6TVccqCpMAxyzZU= ceph-7b969902-0426-11ef-bc93-c7b262605968
2024-04-26T23:43:44.162 DEBUG:teuthology.orchestra.run.smithi102:> sudo install -d -m 0700 /root/.ssh && echo 'ssh-rsa AAAAB3NzaC1yc2EAAAADAQABAAABgQDCg/+y8TlXzGtyCgJ8ykjHWv0pnSuHtlPSTO/ylNL1RclSarMqXPIm2GESlWDZ9o99Y80+mXhBKbXuwGfggpFuWslUOuDX+vL28lBpSHVp0o/1lj32dQtOMpap9e6X6ZvwXA27mhMVrPG+4K9dwzCCYut613h29aghbQQ5VAm7EsU5SWq/NpnvhKwfejkrGA5/As3BLRilnawc7vV9LAhupjQnAi9y6gC3Q4HFt8pTgD6iw/FHaCZx5G7FpuNVdfgmgchwx8qQufu8peiLgpPCa0dvzXHvXZoby7jpIFcU9YRHgWzs2QvtgdlwfMT9t9YObr2lNgfCQsYRfkpM2CetvgTZ3OyeOzxQGQyWFYqCmQi48asOY4qnULvb7IvbbeCMRJiOdnsckTrYMcSWbiQzL2s0vE4NHpnBRx0wXC6La9gadUWpS7Zy9q1OFFgVWFkgBSHXlSUuDky5otj8YG3tRPwhv9Sgn1X28knL1jUx+zk5yKzP6TVccqCpMAxyzZU= ceph-7b969902-0426-11ef-bc93-c7b262605968' | sudo tee -a /root/.ssh/authorized_keys && sudo chmod 0600 /root/.ssh/authorized_keys
