2024-04-26T23:43:34.177 INFO:teuthology.orchestra.run.smithi082.stdout:/usr/bin/ceph: stderr
2024-04-26T23:43:26.900+0000 7f99ab400700 1 -- 172.21.15.82:0/3748966347 <== mon.0 v2:172.21.15.82:3300/0 3 ==== mon_map magic: 0 ==== 205+0+0 (secure 0 0 0) 0x7f99a4019770 con 0x7f99b4108cb0
2024-04-26T23:43:34.177 INFO:teuthology.orchestra.run.smithi082.stdout:/usr/bin/ceph: stderr
2024-04-26T23:43:26.900+0000 7f99b9400700 1 -- 172.21.15.82:0/3748966347 --> [v2:172.21.15.82:3300/0,v1:172.21.15.82:6789/0] -- mon_subscribe({osdmap=0}) -- 0x7f99b41a2270 con 0x7f99b4108cb0
2024-04-26T23:43:34.177 INFO:teuthology.orchestra.run.smithi082.stdout:/usr/bin/ceph: stderr
2024-04-26T23:43:26.901+0000 7f99ab400700 1 -- 172.21.15.82:0/3748966347 <== mon.0 v2:172.21.15.82:3300/0 4 ==== mgrmap(e 9) ==== 46571+0+0 (secure 0 0 0) 0x7f99a4019a70 con 0x7f99b4108cb0
2024-04-26T23:43:34.178 INFO:teuthology.orchestra.run.smithi082.stdout:/usr/bin/ceph: stderr
2024-04-26T23:43:26.902+0000 7f99ab400700 1 --2- 172.21.15.82:0/3748966347 >> [v2:172.21.15.82:6800/4220017578,v1:172.21.15.82:6801/4220017578] conn(0x7f9998039600 0x7f999803bac0 unknown :-1 s=NONE pgs=0 cs=0 l=1 rev1=0 crypto rx=0 tx=0 comp rx=0 tx=0).connect
2024-04-26T23:43:34.178 INFO:teuthology.orchestra.run.smithi082.stdout:/usr/bin/ceph: stderr
2024-04-26T23:43:26.902+0000 7f99ab400700 1 -- 172.21.15.82:0/3748966347 --> [v2:172.21.15.82:6800/4220017578,v1:172.21.15.82:6801/4220017578] -- command(tid 0: {"prefix": "get_command_descriptions"}) -- 0x7f999803c1d0 con 0x7f9998039600
2024-04-26T23:43:34.178 INFO:teuthology.orchestra.run.smithi082.stdout:/usr/bin/ceph: stderr
2024-04-26T23:43:26.902+0000 7f99ab400700 1 -- 172.21.15.82:0/3748966347 <== mon.0 v2:172.21.15.82:3300/0 5 ==== osd_map(2..2 src has 1..2) ==== 940+0+0 (secure 0 0 0) 0x7f99a404df30 con 0x7f99b4108cb0
2024-04-26T23:43:34.178 INFO:teuthology.orchestra.run.smithi082.stdout:/usr/bin/ceph: stderr
2024-04-26T23:43:26.902+0000 7f99b1e00700 1 -- 172.21.15.82:0/3748966347 >> [v2:172.21.15.82:6800/4220017578,v1:172.21.15.82:6801/4220017578] conn(0x7f9998039600 msgr2=0x7f999803bac0 unknown :-1 s=STATE_CONNECTING_RE l=1).process reconnect failed to v2:172.21.15.82:6800/4220017578
2024-04-26T23:43:34.178 INFO:teuthology.orchestra.run.smithi082.stdout:/usr/bin/ceph: stderr
2024-04-26T23:43:26.902+0000 7f99b1e00700 1 --2- 172.21.15.82:0/3748966347 >> [v2:172.21.15.82:6800/4220017578,v1:172.21.15.82:6801/4220017578] conn(0x7f9998039600 0x7f999803bac0 unknown :-1 s=START_CONNECT pgs=0 cs=0 l=1 rev1=0 crypto rx=0 tx=0 comp rx=0 tx=0)._fault waiting 0.200000
2024-04-26T23:43:34.178 INFO:teuthology.orchestra.run.smithi082.stdout:/usr/bin/ceph: stderr
2024-04-26T23:43:27.103+0000 7f99b1e00700 1 -- 172.21.15.82:0/3748966347 >> [v2:172.21.15.82:6800/4220017578,v1:172.21.15.82:6801/4220017578] conn(0x7f9998039600 msgr2=0x7f999803bac0 unknown :-1 s=STATE_CONNECTING_RE l=1).process reconnect failed to v2:172.21.15.82:6800/4220017578
2024-04-26T23:43:34.178 INFO:teuthology.orchestra.run.smithi082.stdout:/usr/bin/ceph: stderr
2024-04-26T23:43:27.103+0000 7f99b1e00700 1 --2- 172.21.15.82:0/3748966347 >> [v2:172.21.15.82:6800/4220017578,v1:172.21.15.82:6801/4220017578] conn(0x7f9998039600 0x7f999803bac0 unknown :-1 s=START_CONNECT pgs=0 cs=0 l=1 rev1=0 crypto rx=0 tx=0 comp rx=0 tx=0)._fault waiting 0.400000
2024-04-26T23:43:34.178 INFO:teuthology.orchestra.run.smithi082.stdout:/usr/bin/ceph: stderr
2024-04-26T23:43:27.504+0000 7f99b1e00700 1 -- 172.21.15.82:0/3748966347 >> [v2:172.21.15.82:6800/4220017578,v1:172.21.15.82:6801/4220017578] conn(0x7f9998039600 msgr2=0x7f999803bac0 unknown :-1 s=STATE_CONNECTING_RE l=1).process reconnect failed to v2:172.21.15.82:6800/4220017578
2024-04-26T23:43:34.178 INFO:teuthology.orchestra.run.smithi082.stdout:/usr/bin/ceph: stderr
2024-04-26T23:43:27.504+0000 7f99b1e00700 1 --2- 172.21.15.82:0/3748966347 >> [v2:172.21.15.82:6800/4220017578,v1:172.21.15.82:6801/4220017578] conn(0x7f9998039600 0x7f999803bac0 unknown :-1 s=START_CONNECT pgs=0 cs=0 l=1 rev1=0 crypto rx=0 tx=0 comp rx=0 tx=0)._fault waiting 0.800000
2024-04-26T23:43:34.178 INFO:teuthology.orchestra.run.smithi082.stdout:/usr/bin/ceph: stderr
2024-04-26T23:43:28.305+0000 7f99b1e00700 1 -- 172.21.15.82:0/3748966347 >> [v2:172.21.15.82:6800/4220017578,v1:172.21.15.82:6801/4220017578] conn(0x7f9998039600 msgr2=0x7f999803bac0 unknown :-1 s=STATE_CONNECTING_RE l=1).process reconnect failed to v2:172.21.15.82:6800/4220017578
2024-04-26T23:43:34.178 INFO:teuthology.orchestra.run.smithi082.stdout:/usr/bin/ceph: stderr
2024-04-26T23:43:28.305+0000 7f99b1e00700 1 --2- 172.21.15.82:0/3748966347 >> [v2:172.21.15.82:6800/4220017578,v1:172.21.15.82:6801/4220017578] conn(0x7f9998039600 0x7f999803bac0 unknown :-1 s=START_CONNECT pgs=0 cs=0 l=1 rev1=0 crypto rx=0 tx=0 comp rx=0 tx=0)._fault waiting 1.600000
2024-04-26T23:43:34.178 INFO:teuthology.orchestra.run.smithi082.stdout:/usr/bin/ceph: stderr
2024-04-26T23:43:29.907+0000 7f99b1e00700 1 -- 172.21.15.82:0/3748966347 >> [v2:172.21.15.82:6800/4220017578,v1:172.21.15.82:6801/4220017578] conn(0x7f9998039600 msgr2=0x7f999803bac0 unknown :-1 s=STATE_CONNECTING_RE l=1).process reconnect failed to v2:172.21.15.82:6800/4220017578
2024-04-26T23:43:34.178 INFO:teuthology.orchestra.run.smithi082.stdout:/usr/bin/ceph: stderr
2024-04-26T23:43:29.907+0000 7f99b1e00700 1 --2- 172.21.15.82:0/3748966347 >> [v2:172.21.15.82:6800/4220017578,v1:172.21.15.82:6801/4220017578] conn(0x7f9998039600 0x7f999803bac0 unknown :-1 s=START_CONNECT pgs=0 cs=0 l=1 rev1=0 crypto rx=0 tx=0 comp rx=0 tx=0)._fault waiting 3.200000
2024-04-26T23:43:34.178 INFO:teuthology.orchestra.run.smithi082.stdout:/usr/bin/ceph: stderr
2024-04-26T23:43:31.780+0000 7f99ab400700 1 -- 172.21.15.82:0/3748966347 <== mon.0 v2:172.21.15.82:3300/0 6 ==== mgrmap(e 10) ==== 46338+0+0 (secure 0 0 0) 0x7f99a401a3d0 con 0x7f99b4108cb0
2024-04-26T23:43:34.179 INFO:teuthology.orchestra.run.smithi082.stdout:/usr/bin/ceph: stderr
2024-04-26T23:43:31.781+0000 7f99ab400700 1 -- 172.21.15.82:0/3748966347 >> [v2:172.21.15.82:6800/4220017578,v1:172.21.15.82:6801/4220017578] conn(0x7f9998039600 msgr2=0x7f999803bac0 unknown :-1 s=STATE_CONNECTING l=1).mark_down
2024-04-26T23:43:34.179 INFO:teuthology.orchestra.run.smithi082.stdout:/usr/bin/ceph: stderr
2024-04-26T23:43:31.781+0000 7f99ab400700 1 --2- 172.21.15.82:0/3748966347 >> [v2:172.21.15.82:6800/4220017578,v1:172.21.15.82:6801/4220017578] conn(0x7f9998039600 0x7f999803bac0 unknown :-1 s=START_CONNECT pgs=0 cs=0 l=1 rev1=0 crypto rx=0 tx=0 comp rx=0 tx=0).stop
2024-04-26T23:43:34.179 INFO:teuthology.orchestra.run.smithi082.stdout:/usr/bin/ceph: stderr
2024-04-26T23:43:32.784+0000 7f99ab400700 1 -- 172.21.15.82:0/3748966347 <== mon.0 v2:172.21.15.82:3300/0 7 ==== mgrmap(e 11) ==== 46465+0+0 (secure 0 0 0) 0x7f99a404fb80 con 0x7f99b4108cb0
2024-04-26T23:43:34.179 INFO:teuthology.orchestra.run.smithi082.stdout:/usr/bin/ceph: stderr
2024-04-26T23:43:32.785+0000 7f99ab400700 1 --2- 172.21.15.82:0/3748966347 >> [v2:172.21.15.82:6800/220593689,v1:172.21.15.82:6801/220593689] conn(0x7f999803cfe0 0x7f999803f3d0 unknown :-1 s=NONE pgs=0 cs=0 l=1 rev1=0 crypto rx=0 tx=0 comp rx=0 tx=0).connect
2024-04-26T23:43:34.179 INFO:teuthology.orchestra.run.smithi082.stdout:/usr/bin/ceph: stderr
2024-04-26T23:43:32.785+0000 7f99ab400700 1 -- 172.21.15.82:0/3748966347 --> [v2:172.21.15.82:6800/220593689,v1:172.21.15.82:6801/220593689] -- command(tid 0: {"prefix": "get_command_descriptions"}) -- 0x7f99a4024b50 con 0x7f999803cfe0
2024-04-26T23:43:34.179 INFO:teuthology.orchestra.run.smithi082.stdout:/usr/bin/ceph: stderr
2024-04-26T23:43:32.786+0000 7f99b1e00700 1 --2- 172.21.15.82:0/3748966347 >> [v2:172.21.15.82:6800/220593689,v1:172.21.15.82:6801/220593689] conn(0x7f999803cfe0 0x7f999803f3d0 unknown :-1 s=BANNER_CONNECTING pgs=0 cs=0 l=1 rev1=0 crypto rx=0 tx=0 comp rx=0 tx=0)._handle_peer_banner_payload supported=3 required=0
2024-04-26T23:43:34.179 INFO:teuthology.orchestra.run.smithi082.stdout:/usr/bin/ceph: stderr
2024-04-26T23:43:32.788+0000 7f99b1e00700 1 --2- 172.21.15.82:0/3748966347 >> [v2:172.21.15.82:6800/220593689,v1:172.21.15.82:6801/220593689] conn(0x7f999803cfe0 0x7f999803f3d0 secure :-1 s=READY pgs=3 cs=0 l=1 rev1=1 crypto rx=0x7f99a0003a10 tx=0x7f99a00092b0 comp rx=0 tx=0).ready entity=mgr.14152 client_cookie=0 server_cookie=0 in_seq=0 out_seq=0
2024-04-26T23:43:34.179 INFO:teuthology.orchestra.run.smithi082.stdout:/usr/bin/ceph: stderr
2024-04-26T23:43:32.789+0000 7f99ab400700 1 -- 172.21.15.82:0/3748966347 <== mgr.14152 v2:172.21.15.82:6800/220593689 1 ==== command_reply(tid 0: 0 ) ==== 8+0+9564 (secure 0 0 0) 0x7f99a4024b50 con 0x7f999803cfe0
2024-04-26T23:43:34.179 INFO:teuthology.orchestra.run.smithi082.stdout:/usr/bin/ceph: stderr
2024-04-26T23:43:32.798+0000 7f99a8c00700 1 -- 172.21.15.82:0/3748966347 --> [v2:172.21.15.82:6800/220593689,v1:172.21.15.82:6801/220593689] -- command(tid 1: {"prefix": "mgr_status"}) -- 0x7f998c002600 con 0x7f999803cfe0
2024-04-26T23:43:34.179 INFO:teuthology.orchestra.run.smithi082.stdout:/usr/bin/ceph: stderr
2024-04-26T23:43:32.798+0000 7f99ab400700 1 -- 172.21.15.82:0/3748966347 <== mgr.14152 v2:172.21.15.82:6800/220593689 2 ==== command_reply(tid 1: 0 ) ==== 8+0+52 (secure 0 0 0) 0x7f998c002600 con 0x7f999803cfe0
2024-04-26T23:43:34.179 INFO:teuthology.orchestra.run.smithi082.stdout:/usr/bin/ceph: stderr
2024-04-26T23:43:32.799+0000 7f99a8c00700 1 -- 172.21.15.82:0/3748966347 >> [v2:172.21.15.82:6800/220593689,v1:172.21.15.82:6801/220593689] conn(0x7f999803cfe0 msgr2=0x7f999803f3d0 secure :-1 s=STATE_CONNECTION_ESTABLISHED l=1).mark_down
2024-04-26T23:43:34.179 INFO:teuthology.orchestra.run.smithi082.stdout:/usr/bin/ceph: stderr
2024-04-26T23:43:32.799+0000 7f99a8c00700 1 --2- 172.21.15.82:0/3748966347 >> [v2:172.21.15.82:6800/220593689,v1:172.21.15.82:6801/220593689] conn(0x7f999803cfe0 0x7f999803f3d0 secure :-1 s=READY pgs=3 cs=0 l=1 rev1=1 crypto rx=0x7f99a0003a10 tx=0x7f99a00092b0 comp rx=0 tx=0).stop
2024-04-26T23:43:34.179 INFO:teuthology.orchestra.run.smithi082.stdout:/usr/bin/ceph: stderr
2024-04-26T23:43:32.799+0000 7f99a8c00700 1 -- 172.21.15.82:0/3748966347 >> [v2:172.21.15.82:3300/0,v1:172.21.15.82:6789/0] conn(0x7f99b4108cb0 msgr2=0x7f99b419edb0 secure :-1 s=STATE_CONNECTION_ESTABLISHED l=1).mark_down
2024-04-26T23:43:34.179 INFO:teuthology.orchestra.run.smithi082.stdout:/usr/bin/ceph: stderr
2024-04-26T23:43:32.799+0000 7f99a8c00700 1 --2- 172.21.15.82:0/3748966347 >> [v2:172.21.15.82:3300/0,v1:172.21.15.82:6789/0] conn(0x7f99b4108cb0 0x7f99b419edb0 secure :-1 s=READY pgs=62 cs=0 l=1 rev1=1 crypto rx=0x7f99a4009520 tx=0x7f99a4011aa0 comp rx=0 tx=0).stop
2024-04-26T23:43:34.180 INFO:teuthology.orchestra.run.smithi082.stdout:/usr/bin/ceph: stderr
2024-04-26T23:43:32.799+0000 7f99a8c00700 1 -- 172.21.15.82:0/3748966347 shutdown_connections
2024-04-26T23:43:34.180 INFO:teuthology.orchestra.run.smithi082.stdout:/usr/bin/ceph: stderr
2024-04-26T23:43:32.799+0000 7f99a8c00700 1 --2- 172.21.15.82:0/3748966347 >> [v2:172.21.15.82:6800/220593689,v1:172.21.15.82:6801/220593689] conn(0x7f999803cfe0 0x7f999803f3d0 unknown :-1 s=CLOSED pgs=3 cs=0 l=1 rev1=1 crypto rx=0 tx=0 comp rx=0 tx=0).stop
2024-04-26T23:43:34.180 INFO:teuthology.orchestra.run.smithi082.stdout:/usr/bin/ceph: stderr
2024-04-26T23:43:32.799+0000 7f99a8c00700 1 --2- 172.21.15.82:0/3748966347 >> [v2:172.21.15.82:3300/0,v1:172.21.15.82:6789/0] conn(0x7f99b4108cb0 0x7f99b419edb0 unknown :-1 s=CLOSED pgs=62 cs=0 l=1 rev1=1 crypto rx=0 tx=0 comp rx=0 tx=0).stop
2024-04-26T23:43:34.180 INFO:teuthology.orchestra.run.smithi082.stdout:/usr/bin/ceph: stderr
2024-04-26T23:43:32.799+0000 7f99a8c00700 1 --2- 172.21.15.82:0/3748966347 >> [v2:172.21.15.82:6800/4220017578,v1:172.21.15.82:6801/4220017578] conn(0x7f9998039600 0x7f999803bac0 unknown :-1 s=CLOSED pgs=0 cs=0 l=1 rev1=0 crypto rx=0 tx=0 comp rx=0 tx=0).stop
2024-04-26T23:43:34.180 INFO:teuthology.orchestra.run.smithi082.stdout:/usr/bin/ceph: stderr
2024-04-26T23:43:32.799+0000 7f99a8c00700 1 -- 172.21.15.82:0/3748966347 >> 172.21.15.82:0/3748966347 conn(0x7f99b4104210 msgr2=0x7f99b4104c90 unknown :-1 s=STATE_NONE l=0).mark_down
2024-04-26T23:43:34.180 INFO:teuthology.orchestra.run.smithi082.stdout:/usr/bin/ceph: stderr
2024-04-26T23:43:32.799+0000 7f99a8c00700 1 -- 172.21.15.82:0/3748966347 shutdown_connections
2024-04-26T23:43:34.180 INFO:teuthology.orchestra.run.smithi082.stdout:/usr/bin/ceph: stderr
2024-04-26T23:43:32.799+0000 7f99a8c00700 1 -- 172.21.15.82:0/3748966347 wait complete.
2024-04-26T23:43:34.180 INFO:teuthology.orchestra.run.smithi082.stdout:mgr epoch 9 is available
2024-04-26T23:43:34.180 INFO:teuthology.orchestra.run.smithi082.stdout:Generating a dashboard self-signed certificate...
2024-04-26T23:43:35.132 INFO:journalctl@ceph.mon.a.smithi082.stdout:Apr 26 23:43:34 smithi082 ceph-mon[28040]: mgrmap e12: x(active, since 2s)
2024-04-26T23:43:35.132 INFO:journalctl@ceph.mon.a.smithi082.stdout:Apr 26 23:43:34 smithi082 ceph-mon[28040]: from='mgr.14152 172.21.15.82:0/1848987989' entity='mgr.x'
2024-04-26T23:43:35.911 INFO:teuthology.orchestra.run.smithi082.stdout:/usr/bin/ceph: stdout Self-signed certificate created
2024-04-26T23:43:35.911 INFO:teuthology.orchestra.run.smithi082.stdout:/usr/bin/ceph: stderr
2024-04-26T23:43:34.807+0000 7f2cbd200700 1 Processor -- start
2024-04-26T23:43:35.911 INFO:teuthology.orchestra.run.smithi082.stdout:/usr/bin/ceph: stderr
2024-04-26T23:43:34.807+0000 7f2cbd200700 1 -- start start
2024-04-26T23:43:35.911 INFO:teuthology.orchestra.run.smithi082.stdout:/usr/bin/ceph: stderr
2024-04-26T23:43:34.807+0000 7f2cbd200700 1 --2- >> [v2:172.21.15.82:3300/0,v1:172.21.15.82:6789/0] conn(0x7f2cb807ee30 0x7f2cb807d2e0 unknown :-1 s=NONE pgs=0 cs=0 l=0 rev1=0 crypto rx=0 tx=0 comp rx=0 tx=0).connect
2024-04-26T23:43:35.911 INFO:teuthology.orchestra.run.smithi082.stdout:/usr/bin/ceph: stderr
2024-04-26T23:43:34.808+0000 7f2cbd200700 1 -- --> [v2:172.21.15.82:3300/0,v1:172.21.15.82:6789/0] -- mon_getmap magic: 0 -- 0x7f2cb807d820 con 0x7f2cb807ee30
2024-04-26T23:43:35.911 INFO:teuthology.orchestra.run.smithi082.stdout:/usr/bin/ceph: stderr
2024-04-26T23:43:34.808+0000 7f2cb5e00700 1 --2- >> [v2:172.21.15.82:3300/0,v1:172.21.15.82:6789/0] conn(0x7f2cb807ee30 0x7f2cb807d2e0 unknown :-1 s=BANNER_CONNECTING pgs=0 cs=0 l=0 rev1=0 crypto rx=0 tx=0 comp rx=0 tx=0)._handle_peer_banner_payload supported=3 required=0
2024-04-26T23:43:35.911 INFO:teuthology.orchestra.run.smithi082.stdout:/usr/bin/ceph: stderr
2024-04-26T23:43:34.808+0000 7f2cb5e00700 1 --2- >> [v2:172.21.15.82:3300/0,v1:172.21.15.82:6789/0] conn(0x7f2cb807ee30 0x7f2cb807d2e0 unknown :-1 s=HELLO_CONNECTING pgs=0 cs=0 l=0 rev1=1 crypto rx=0 tx=0 comp rx=0 tx=0).handle_hello peer v2:172.21.15.82:3300/0 says I am v2:172.21.15.82:32902/0 (socket says 172.21.15.82:32902)
2024-04-26T23:43:35.911 INFO:teuthology.orchestra.run.smithi082.stdout:/usr/bin/ceph: stderr
2024-04-26T23:43:34.808+0000 7f2cb5e00700 1 -- 172.21.15.82:0/1240203246 learned_addr learned my addr 172.21.15.82:0/1240203246 (peer_addr_for_me v2:172.21.15.82:0/0)
2024-04-26T23:43:35.911 INFO:teuthology.orchestra.run.smithi082.stdout:/usr/bin/ceph: stderr
2024-04-26T23:43:34.809+0000 7f2cb5e00700 1 -- 172.21.15.82:0/1240203246 --> [v2:172.21.15.82:3300/0,v1:172.21.15.82:6789/0] -- mon_subscribe({config=0+,monmap=0+}) -- 0x7f2cb807d9a0 con 0x7f2cb807ee30
2024-04-26T23:43:35.911 INFO:teuthology.orchestra.run.smithi082.stdout:/usr/bin/ceph: stderr
2024-04-26T23:43:34.809+0000 7f2cb5e00700 1 --2- 172.21.15.82:0/1240203246 >> [v2:172.21.15.82:3300/0,v1:172.21.15.82:6789/0] conn(0x7f2cb807ee30 0x7f2cb807d2e0 secure :-1 s=READY pgs=70 cs=0 l=1 rev1=1 crypto rx=0x7f2ca80098a0 tx=0x7f2ca8009bb0 comp rx=0 tx=0).ready entity=mon.0 client_cookie=29dbdf691ce1fd96 server_cookie=0 in_seq=0 out_seq=0
2024-04-26T23:43:35.911 INFO:teuthology.orchestra.run.smithi082.stdout:/usr/bin/ceph: stderr
2024-04-26T23:43:34.809+0000 7f2cb4a00700 1 -- 172.21.15.82:0/1240203246 <== mon.0 v2:172.21.15.82:3300/0 1 ==== mon_map magic: 0 ==== 205+0+0 (secure 0 0 0) 0x7f2ca8004160 con 0x7f2cb807ee30
2024-04-26T23:43:35.912 INFO:teuthology.orchestra.run.smithi082.stdout:/usr/bin/ceph: stderr
2024-04-26T23:43:34.809+0000 7f2cb4a00700 1 -- 172.21.15.82:0/1240203246 <== mon.0 v2:172.21.15.82:3300/0 2 ==== config(26 keys) ==== 1101+0+0 (secure 0 0 0) 0x7f2ca8004300 con 0x7f2cb807ee30
2024-04-26T23:43:35.912 INFO:teuthology.orchestra.run.smithi082.stdout:/usr/bin/ceph: stderr
2024-04-26T23:43:34.809+0000 7f2cb4a00700 1 -- 172.21.15.82:0/1240203246 <== mon.0 v2:172.21.15.82:3300/0 3 ==== mon_map magic: 0 ==== 205+0+0 (secure 0 0 0) 0x7f2ca8011a20 con 0x7f2cb807ee30
2024-04-26T23:43:35.912 INFO:teuthology.orchestra.run.smithi082.stdout:/usr/bin/ceph: stderr
2024-04-26T23:43:34.810+0000 7f2cbd200700 1 -- 172.21.15.82:0/1240203246 >> [v2:172.21.15.82:3300/0,v1:172.21.15.82:6789/0] conn(0x7f2cb807ee30 msgr2=0x7f2cb807d2e0 secure :-1 s=STATE_CONNECTION_ESTABLISHED l=1).mark_down
2024-04-26T23:43:35.912 INFO:teuthology.orchestra.run.smithi082.stdout:/usr/bin/ceph: stderr
2024-04-26T23:43:34.810+0000 7f2cbd200700 1 --2- 172.21.15.82:0/1240203246 >> [v2:172.21.15.82:3300/0,v1:172.21.15.82:6789/0] conn(0x7f2cb807ee30 0x7f2cb807d2e0 secure :-1 s=READY pgs=70 cs=0 l=1 rev1=1 crypto rx=0x7f2ca80098a0 tx=0x7f2ca8009bb0 comp rx=0 tx=0).stop
2024-04-26T23:43:35.912 INFO:teuthology.orchestra.run.smithi082.stdout:/usr/bin/ceph: stderr
2024-04-26T23:43:34.810+0000 7f2cbd200700 1 -- 172.21.15.82:0/1240203246 shutdown_connections
2024-04-26T23:43:35.912 INFO:teuthology.orchestra.run.smithi082.stdout:/usr/bin/ceph: stderr
2024-04-26T23:43:34.810+0000 7f2cbd200700 1 --2- 172.21.15.82:0/1240203246 >> [v2:172.21.15.82:3300/0,v1:172.21.15.82:6789/0] conn(0x7f2cb807ee30 0x7f2cb807d2e0 unknown :-1 s=CLOSED pgs=70 cs=0 l=1 rev1=1 crypto rx=0 tx=0 comp rx=0 tx=0).stop
2024-04-26T23:43:35.912 INFO:teuthology.orchestra.run.smithi082.stdout:/usr/bin/ceph: stderr
2024-04-26T23:43:34.810+0000 7f2cbd200700 1 -- 172.21.15.82:0/1240203246 >> 172.21.15.82:0/1240203246 conn(0x7f2cb8104210 msgr2=0x7f2cb8106690 unknown :-1 s=STATE_NONE l=0).mark_down
2024-04-26T23:43:35.912 INFO:teuthology.orchestra.run.smithi082.stdout:/usr/bin/ceph: stderr
2024-04-26T23:43:34.810+0000 7f2cbd200700 1 -- 172.21.15.82:0/1240203246 shutdown_connections
2024-04-26T23:43:35.912 INFO:teuthology.orchestra.run.smithi082.stdout:/usr/bin/ceph: stderr
2024-04-26T23:43:34.810+0000 7f2cbd200700 1 -- 172.21.15.82:0/1240203246 wait complete.
2024-04-26T23:43:35.912 INFO:teuthology.orchestra.run.smithi082.stdout:/usr/bin/ceph: stderr
2024-04-26T23:43:34.811+0000 7f2cbd200700 1 Processor -- start
2024-04-26T23:43:35.912 INFO:teuthology.orchestra.run.smithi082.stdout:/usr/bin/ceph: stderr
2024-04-26T23:43:34.811+0000 7f2cbd200700 1 -- start start
2024-04-26T23:43:35.912 INFO:teuthology.orchestra.run.smithi082.stdout:/usr/bin/ceph: stderr
2024-04-26T23:43:34.812+0000 7f2cbd200700 1 --2- >> [v2:172.21.15.82:3300/0,v1:172.21.15.82:6789/0] conn(0x7f2cb807ee30 0x7f2cb819ed60 unknown :-1 s=NONE pgs=0 cs=0 l=1 rev1=0 crypto rx=0 tx=0 comp rx=0 tx=0).connect
2024-04-26T23:43:35.912 INFO:teuthology.orchestra.run.smithi082.stdout:/usr/bin/ceph: stderr
2024-04-26T23:43:34.812+0000 7f2cbd200700 1 -- --> [v2:172.21.15.82:3300/0,v1:172.21.15.82:6789/0] -- mon_getmap magic: 0 -- 0x7f2cb810f210 con 0x7f2cb807ee30
2024-04-26T23:43:35.912 INFO:teuthology.orchestra.run.smithi082.stdout:/usr/bin/ceph: stderr
2024-04-26T23:43:34.812+0000 7f2cb5e00700 1 --2- >> [v2:172.21.15.82:3300/0,v1:172.21.15.82:6789/0] conn(0x7f2cb807ee30 0x7f2cb819ed60 unknown :-1 s=BANNER_CONNECTING pgs=0 cs=0 l=1 rev1=0 crypto rx=0 tx=0 comp rx=0 tx=0)._handle_peer_banner_payload supported=3 required=0
2024-04-26T23:43:35.913 INFO:teuthology.orchestra.run.smithi082.stdout:/usr/bin/ceph: stderr
2024-04-26T23:43:34.812+0000 7f2cb5e00700 1 --2- >> [v2:172.21.15.82:3300/0,v1:172.21.15.82:6789/0] conn(0x7f2cb807ee30 0x7f2cb819ed60 unknown :-1 s=HELLO_CONNECTING pgs=0 cs=0 l=1 rev1=1 crypto rx=0 tx=0 comp rx=0 tx=0).handle_hello peer v2:172.21.15.82:3300/0 says I am v2:172.21.15.82:32906/0 (socket says 172.21.15.82:32906)
2024-04-26T23:43:35.913 INFO:teuthology.orchestra.run.smithi082.stdout:/usr/bin/ceph: stderr
2024-04-26T23:43:34.812+0000 7f2cb5e00700 1 -- 172.21.15.82:0/2033830710 learned_addr learned my addr 172.21.15.82:0/2033830710 (peer_addr_for_me v2:172.21.15.82:0/0)
2024-04-26T23:43:35.913 INFO:teuthology.orchestra.run.smithi082.stdout:/usr/bin/ceph: stderr
2024-04-26T23:43:34.812+0000 7f2cb5e00700 1 -- 172.21.15.82:0/2033830710 --> [v2:172.21.15.82:3300/0,v1:172.21.15.82:6789/0] -- mon_subscribe({config=0+,monmap=0+}) -- 0x7f2cb819f2a0 con 0x7f2cb807ee30
2024-04-26T23:43:35.913 INFO:teuthology.orchestra.run.smithi082.stdout:/usr/bin/ceph: stderr
2024-04-26T23:43:34.812+0000 7f2cb5e00700 1 --2- 172.21.15.82:0/2033830710 >> [v2:172.21.15.82:3300/0,v1:172.21.15.82:6789/0] conn(0x7f2cb807ee30 0x7f2cb819ed60 secure :-1 s=READY pgs=71 cs=0 l=1 rev1=1 crypto rx=0x7f2ca8000c00 tx=0x7f2ca8011aa0 comp rx=0 tx=0).ready entity=mon.0 client_cookie=0 server_cookie=0 in_seq=0 out_seq=0
2024-04-26T23:43:35.913 INFO:teuthology.orchestra.run.smithi082.stdout:/usr/bin/ceph: stderr
2024-04-26T23:43:34.813+0000 7f2caea00700 1 -- 172.21.15.82:0/2033830710 <== mon.0 v2:172.21.15.82:3300/0 1 ==== mon_map magic: 0 ==== 205+0+0 (secure 0 0 0) 0x7f2ca8003af0 con 0x7f2cb807ee30
2024-04-26T23:43:35.913 INFO:teuthology.orchestra.run.smithi082.stdout:/usr/bin/ceph: stderr
2024-04-26T23:43:34.813+0000 7f2caea00700 1 -- 172.21.15.82:0/2033830710 <== mon.0 v2:172.21.15.82:3300/0 2 ==== config(26 keys) ==== 1101+0+0 (secure 0 0 0) 0x7f2ca801b8f0 con 0x7f2cb807ee30
2024-04-26T23:43:35.913 INFO:teuthology.orchestra.run.smithi082.stdout:/usr/bin/ceph: stderr
2024-04-26T23:43:34.813+0000 7f2cbd200700 1 -- 172.21.15.82:0/2033830710 --> [v2:172.21.15.82:3300/0,v1:172.21.15.82:6789/0] -- mon_subscribe({mgrmap=0+}) -- 0x7f2cb819f530 con 0x7f2cb807ee30
2024-04-26T23:43:35.913 INFO:teuthology.orchestra.run.smithi082.stdout:/usr/bin/ceph: stderr
2024-04-26T23:43:34.813+0000 7f2caea00700 1 -- 172.21.15.82:0/2033830710 <== mon.0 v2:172.21.15.82:3300/0 3 ==== mon_map magic: 0 ==== 205+0+0 (secure 0 0 0) 0x7f2ca80238e0 con 0x7f2cb807ee30
2024-04-26T23:43:35.913 INFO:teuthology.orchestra.run.smithi082.stdout:/usr/bin/ceph: stderr
2024-04-26T23:43:34.813+0000 7f2cbd200700 1 -- 172.21.15.82:0/2033830710 --> [v2:172.21.15.82:3300/0,v1:172.21.15.82:6789/0] -- mon_subscribe({osdmap=0}) -- 0x7f2cb81a2220 con 0x7f2cb807ee30
2024-04-26T23:43:35.913 INFO:teuthology.orchestra.run.smithi082.stdout:/usr/bin/ceph: stderr
2024-04-26T23:43:34.814+0000 7f2caea00700 1 -- 172.21.15.82:0/2033830710 <== mon.0 v2:172.21.15.82:3300/0 4 ==== mgrmap(e 12) ==== 46571+0+0 (secure 0 0 0) 0x7f2ca8023b90 con 0x7f2cb807ee30
2024-04-26T23:43:35.913 INFO:teuthology.orchestra.run.smithi082.stdout:/usr/bin/ceph: stderr
2024-04-26T23:43:34.814+0000 7f2cbd200700 1 -- 172.21.15.82:0/2033830710 --> [v2:172.21.15.82:3300/0,v1:172.21.15.82:6789/0] -- mon_command({"prefix": "get_command_descriptions"} v 0) -- 0x7f2cb8064a80 con 0x7f2cb807ee30
2024-04-26T23:43:35.913 INFO:teuthology.orchestra.run.smithi082.stdout:/usr/bin/ceph: stderr
2024-04-26T23:43:34.814+0000 7f2caea00700 1 --2- 172.21.15.82:0/2033830710 >> [v2:172.21.15.82:6800/220593689,v1:172.21.15.82:6801/220593689] conn(0x7f2c9c039660 0x7f2c9c03bb20 unknown :-1 s=NONE pgs=0 cs=0 l=1 rev1=0 crypto rx=0 tx=0 comp rx=0 tx=0).connect
2024-04-26T23:43:35.913 INFO:teuthology.orchestra.run.smithi082.stdout:/usr/bin/ceph: stderr
2024-04-26T23:43:34.815+0000 7f2caea00700 1 -- 172.21.15.82:0/2033830710 <== mon.0 v2:172.21.15.82:3300/0 5 ==== osd_map(3..3 src has 1..3) ==== 1155+0+0 (secure 0 0 0) 0x7f2ca804e120 con 0x7f2cb807ee30
2024-04-26T23:43:35.913 INFO:teuthology.orchestra.run.smithi082.stdout:/usr/bin/ceph: stderr
2024-04-26T23:43:34.815+0000 7f2cb5400700 1 --2- 172.21.15.82:0/2033830710 >> [v2:172.21.15.82:6800/220593689,v1:172.21.15.82:6801/220593689] conn(0x7f2c9c039660 0x7f2c9c03bb20 unknown :-1 s=BANNER_CONNECTING pgs=0 cs=0 l=1 rev1=0 crypto rx=0 tx=0 comp rx=0 tx=0)._handle_peer_banner_payload supported=3 required=0
2024-04-26T23:43:35.913 INFO:teuthology.orchestra.run.smithi082.stdout:/usr/bin/ceph: stderr
2024-04-26T23:43:34.815+0000 7f2cb5400700 1 --2- 172.21.15.82:0/2033830710 >> [v2:172.21.15.82:6800/220593689,v1:172.21.15.82:6801/220593689] conn(0x7f2c9c039660 0x7f2c9c03bb20 secure :-1 s=READY pgs=7 cs=0 l=1 rev1=1 crypto rx=0x7f2ca4006fd0 tx=0x7f2ca4006e40 comp rx=0 tx=0).ready entity=mgr.14152 client_cookie=0 server_cookie=0 in_seq=0 out_seq=0
2024-04-26T23:43:35.914 INFO:teuthology.orchestra.run.smithi082.stdout:/usr/bin/ceph: stderr
2024-04-26T23:43:34.820+0000 7f2caea00700 1 -- 172.21.15.82:0/2033830710 <== mon.0 v2:172.21.15.82:3300/0 6 ==== mon_command_ack([{"prefix": "get_command_descriptions"}]=0 v0) ==== 72+0+188494 (secure 0 0 0) 0x7f2ca801f030 con 0x7f2cb807ee30
2024-04-26T23:43:35.914 INFO:teuthology.orchestra.run.smithi082.stdout:/usr/bin/ceph: stderr
2024-04-26T23:43:35.050+0000 7f2cbd200700 1 -- 172.21.15.82:0/2033830710 --> [v2:172.21.15.82:6800/220593689,v1:172.21.15.82:6801/220593689] -- mgr_command(tid 0: {"prefix": "dashboard create-self-signed-cert", "target": ["mon-mgr", ""]}) -- 0x7f2cb8105450 con 0x7f2c9c039660
2024-04-26T23:43:35.914 INFO:teuthology.orchestra.run.smithi082.stdout:/usr/bin/ceph: stderr
2024-04-26T23:43:35.164+0000 7f2caea00700 1 -- 172.21.15.82:0/2033830710 <== mgr.14152 v2:172.21.15.82:6800/220593689 1 ==== mgr_command_reply(tid 0: 0 ) ==== 8+0+32 (secure 0 0 0) 0x7f2cb8105450 con 0x7f2c9c039660
2024-04-26T23:43:35.914 INFO:teuthology.orchestra.run.smithi082.stdout:/usr/bin/ceph: stderr
2024-04-26T23:43:35.167+0000 7f2cbd200700 1 -- 172.21.15.82:0/2033830710 >> [v2:172.21.15.82:6800/220593689,v1:172.21.15.82:6801/220593689] conn(0x7f2c9c039660 msgr2=0x7f2c9c03bb20 secure :-1 s=STATE_CONNECTION_ESTABLISHED l=1).mark_down
2024-04-26T23:43:35.914 INFO:teuthology.orchestra.run.smithi082.stdout:/usr/bin/ceph: stderr
2024-04-26T23:43:35.167+0000 7f2cbd200700 1 --2- 172.21.15.82:0/2033830710 >> [v2:172.21.15.82:6800/220593689,v1:172.21.15.82:6801/220593689] conn(0x7f2c9c039660 0x7f2c9c03bb20 secure :-1 s=READY pgs=7 cs=0 l=1 rev1=1 crypto rx=0x7f2ca4006fd0 tx=0x7f2ca4006e40 comp rx=0 tx=0).stop
2024-04-26T23:43:35.914 INFO:teuthology.orchestra.run.smithi082.stdout:/usr/bin/ceph: stderr
2024-04-26T23:43:35.167+0000 7f2cbd200700 1 -- 172.21.15.82:0/2033830710 >> [v2:172.21.15.82:3300/0,v1:172.21.15.82:6789/0] conn(0x7f2cb807ee30 msgr2=0x7f2cb819ed60 secure :-1 s=STATE_CONNECTION_ESTABLISHED l=1).mark_down
2024-04-26T23:43:35.914 INFO:teuthology.orchestra.run.smithi082.stdout:/usr/bin/ceph: stderr
2024-04-26T23:43:35.167+0000 7f2cbd200700 1 --2- 172.21.15.82:0/2033830710 >> [v2:172.21.15.82:3300/0,v1:172.21.15.82:6789/0] conn(0x7f2cb807ee30 0x7f2cb819ed60 secure :-1 s=READY pgs=71 cs=0 l=1 rev1=1 crypto rx=0x7f2ca8000c00 tx=0x7f2ca8011aa0 comp rx=0 tx=0).stop
2024-04-26T23:43:35.914 INFO:teuthology.orchestra.run.smithi082.stdout:/usr/bin/ceph: stderr
2024-04-26T23:43:35.167+0000 7f2cbd200700 1 -- 172.21.15.82:0/2033830710 shutdown_connections
2024-04-26T23:43:35.914 INFO:teuthology.orchestra.run.smithi082.stdout:/usr/bin/ceph: stderr
2024-04-26T23:43:35.167+0000 7f2cbd200700 1 --2- 172.21.15.82:0/2033830710 >> [v2:172.21.15.82:6800/220593689,v1:172.21.15.82:6801/220593689] conn(0x7f2c9c039660 0x7f2c9c03bb20 unknown :-1 s=CLOSED pgs=7 cs=0 l=1 rev1=1 crypto rx=0 tx=0 comp rx=0 tx=0).stop
2024-04-26T23:43:35.914 INFO:teuthology.orchestra.run.smithi082.stdout:/usr/bin/ceph: stderr
2024-04-26T23:43:35.167+0000 7f2cbd200700 1 --2- 172.21.15.82:0/2033830710 >> [v2:172.21.15.82:3300/0,v1:172.21.15.82:6789/0] conn(0x7f2cb807ee30 0x7f2cb819ed60 unknown :-1 s=CLOSED pgs=71 cs=0 l=1 rev1=1 crypto rx=0 tx=0 comp rx=0 tx=0).stop
2024-04-26T23:43:35.914 INFO:teuthology.orchestra.run.smithi082.stdout:/usr/bin/ceph: stderr
2024-04-26T23:43:35.167+0000 7f2cbd200700 1 -- 172.21.15.82:0/2033830710 >> 172.21.15.82:0/2033830710 conn(0x7f2cb8104210 msgr2=0x7f2cb8104d40 unknown :-1 s=STATE_NONE l=0).mark_down
2024-04-26T23:43:35.914 INFO:teuthology.orchestra.run.smithi082.stdout:/usr/bin/ceph: stderr
2024-04-26T23:43:35.167+0000 7f2cbd200700 1 -- 172.21.15.82:0/2033830710 shutdown_connections
2024-04-26T23:43:35.914 INFO:teuthology.orchestra.run.smithi082.stdout:/usr/bin/ceph: stderr
2024-04-26T23:43:35.167+0000 7f2cbd200700 1 -- 172.21.15.82:0/2033830710 wait complete.
2024-04-26T23:43:35.915 INFO:teuthology.orchestra.run.smithi082.stdout:Creating initial admin user...
2024-04-26T23:43:36.435 INFO:journalctl@ceph.mon.a.smithi082.stdout:Apr 26 23:43:36 smithi082 ceph-mon[28040]: from='client.14164 -' entity='client.admin' cmd=[{"prefix": "dashboard create-self-signed-cert", "target": ["mon-mgr", ""]}]: dispatch
2024-04-26T23:43:36.435 INFO:journalctl@ceph.mon.a.smithi082.stdout:Apr 26 23:43:36 smithi082 ceph-mon[28040]: from='mgr.14152 172.21.15.82:0/1848987989' entity='mgr.x'
2024-04-26T23:43:36.435 INFO:journalctl@ceph.mon.a.smithi082.stdout:Apr 26 23:43:36 smithi082 ceph-mon[28040]: from='mgr.14152 172.21.15.82:0/1848987989' entity='mgr.x'
2024-04-26T23:43:36.435 INFO:journalctl@ceph.mon.a.smithi082.stdout:Apr 26 23:43:36 smithi082 ceph-mon[28040]: from='mgr.14152 172.21.15.82:0/1848987989' entity='mgr.x'
2024-04-26T23:43:37.306 INFO:journalctl@ceph.mon.a.smithi082.stdout:Apr 26 23:43:37 smithi082 ceph-mon[28040]: from='client.14166 -' entity='client.admin' cmd=[{"prefix": "dashboard ac-user-create", "username": "admin", "rolename": "administrator", "force_password": true, "pwd_update_required": true, "target": ["mon-mgr", ""]}]: dispatch
2024-04-26T23:43:37.306 INFO:journalctl@ceph.mon.a.smithi082.stdout:Apr 26 23:43:37 smithi082 ceph-mon[28040]: from='mgr.14152 172.21.15.82:0/1848987989' entity='mgr.x'
2024-04-26T23:43:38.793 INFO:teuthology.orchestra.run.smithi082.stdout:/usr/bin/ceph: stdout {"username": "admin", "password": "$2b$12$MV5ajN99yndE/h/TlG9MzewORTDMjoqX2PuhUp0UNFj74Lxo0DrJK", "roles": ["administrator"], "name": null, "email": null, "lastUpdate": 1714175017, "enabled": true, "pwdExpirationDate": null, "pwdUpdateRequired": true}
2024-04-26T23:43:38.793 INFO:teuthology.orchestra.run.smithi082.stdout:/usr/bin/ceph: stderr
2024-04-26T23:43:36.507+0000 7f0d12400700 1 Processor -- start
2024-04-26T23:43:38.793 INFO:teuthology.orchestra.run.smithi082.stdout:/usr/bin/ceph: stderr
2024-04-26T23:43:36.507+0000 7f0d12400700 1 -- start start
2024-04-26T23:43:38.793 INFO:teuthology.orchestra.run.smithi082.stdout:/usr/bin/ceph: stderr
2024-04-26T23:43:36.507+0000 7f0d12400700 1 --2- >> [v2:172.21.15.82:3300/0,v1:172.21.15.82:6789/0] conn(0x7f0d0c108cb0 0x7f0d0c1090d0 unknown :-1 s=NONE pgs=0 cs=0 l=0 rev1=0 crypto rx=0 tx=0 comp rx=0 tx=0).connect
2024-04-26T23:43:38.793 INFO:teuthology.orchestra.run.smithi082.stdout:/usr/bin/ceph: stderr
2024-04-26T23:43:36.508+0000 7f0d12400700 1 -- --> [v2:172.21.15.82:3300/0,v1:172.21.15.82:6789/0] -- mon_getmap magic: 0 -- 0x7f0d0c1096a0 con 0x7f0d0c108cb0
2024-04-26T23:43:38.793 INFO:teuthology.orchestra.run.smithi082.stdout:/usr/bin/ceph: stderr
2024-04-26T23:43:36.508+0000 7f0d0b400700 1 --2- >> [v2:172.21.15.82:3300/0,v1:172.21.15.82:6789/0] conn(0x7f0d0c108cb0 0x7f0d0c1090d0 unknown :-1 s=BANNER_CONNECTING pgs=0 cs=0 l=0 rev1=0 crypto rx=0 tx=0 comp rx=0 tx=0)._handle_peer_banner_payload supported=3 required=0
2024-04-26T23:43:38.793 INFO:teuthology.orchestra.run.smithi082.stdout:/usr/bin/ceph: stderr
2024-04-26T23:43:36.508+0000 7f0d0b400700 1 --2- >> [v2:172.21.15.82:3300/0,v1:172.21.15.82:6789/0] conn(0x7f0d0c108cb0 0x7f0d0c1090d0 unknown :-1 s=HELLO_CONNECTING pgs=0 cs=0 l=0 rev1=1 crypto rx=0 tx=0 comp rx=0 tx=0).handle_hello peer v2:172.21.15.82:3300/0 says I am v2:172.21.15.82:32918/0 (socket says 172.21.15.82:32918)
2024-04-26T23:43:38.793 INFO:teuthology.orchestra.run.smithi082.stdout:/usr/bin/ceph: stderr
2024-04-26T23:43:36.508+0000 7f0d0b400700 1 -- 172.21.15.82:0/4113501445 learned_addr learned my addr 172.21.15.82:0/4113501445 (peer_addr_for_me v2:172.21.15.82:0/0)
2024-04-26T23:43:38.793 INFO:teuthology.orchestra.run.smithi082.stdout:/usr/bin/ceph: stderr
2024-04-26T23:43:36.508+0000 7f0d0b400700 1 -- 172.21.15.82:0/4113501445 --> [v2:172.21.15.82:3300/0,v1:172.21.15.82:6789/0] -- mon_subscribe({config=0+,monmap=0+}) -- 0x7f0d0c109e60 con 0x7f0d0c108cb0
2024-04-26T23:43:38.794 INFO:teuthology.orchestra.run.smithi082.stdout:/usr/bin/ceph: stderr
2024-04-26T23:43:36.509+0000 7f0d0b400700 1 --2- 172.21.15.82:0/4113501445 >> [v2:172.21.15.82:3300/0,v1:172.21.15.82:6789/0] conn(0x7f0d0c108cb0 0x7f0d0c1090d0 secure :-1 s=READY pgs=72 cs=0 l=1 rev1=1 crypto rx=0x7f0cfc0098a0 tx=0x7f0cfc009bb0 comp rx=0 tx=0).ready entity=mon.0 client_cookie=40969dbdbe42da20 server_cookie=0 in_seq=0 out_seq=0
2024-04-26T23:43:38.794 INFO:teuthology.orchestra.run.smithi082.stdout:/usr/bin/ceph: stderr
2024-04-26T23:43:36.509+0000 7f0d0a000700 1 -- 172.21.15.82:0/4113501445 <== mon.0 v2:172.21.15.82:3300/0 1 ==== mon_map magic: 0 ==== 205+0+0 (secure 0 0 0) 0x7f0cfc004160 con 0x7f0d0c108cb0
2024-04-26T23:43:38.794 INFO:teuthology.orchestra.run.smithi082.stdout:/usr/bin/ceph: stderr
2024-04-26T23:43:36.509+0000 7f0d0a000700 1 -- 172.21.15.82:0/4113501445 <== mon.0 v2:172.21.15.82:3300/0 2 ==== config(26 keys) ==== 1101+0+0 (secure 0 0 0) 0x7f0cfc004300 con 0x7f0d0c108cb0
2024-04-26T23:43:38.794 INFO:teuthology.orchestra.run.smithi082.stdout:/usr/bin/ceph: stderr
2024-04-26T23:43:36.509+0000 7f0d0a000700 1 -- 172.21.15.82:0/4113501445 <== mon.0 v2:172.21.15.82:3300/0 3 ==== mon_map magic: 0 ==== 205+0+0 (secure 0 0 0) 0x7f0cfc011a20 con 0x7f0d0c108cb0
2024-04-26T23:43:38.794 INFO:teuthology.orchestra.run.smithi082.stdout:/usr/bin/ceph: stderr
2024-04-26T23:43:36.510+0000 7f0d12400700 1 -- 172.21.15.82:0/4113501445 >> [v2:172.21.15.82:3300/0,v1:172.21.15.82:6789/0] conn(0x7f0d0c108cb0 msgr2=0x7f0d0c1090d0 secure :-1 s=STATE_CONNECTION_ESTABLISHED l=1).mark_down
2024-04-26T23:43:38.794 INFO:teuthology.orchestra.run.smithi082.stdout:/usr/bin/ceph: stderr
2024-04-26T23:43:36.510+0000 7f0d12400700 1 --2- 172.21.15.82:0/4113501445 >> [v2:172.21.15.82:3300/0,v1:172.21.15.82:6789/0] conn(0x7f0d0c108cb0 0x7f0d0c1090d0 secure :-1 s=READY pgs=72 cs=0 l=1 rev1=1 crypto rx=0x7f0cfc0098a0 tx=0x7f0cfc009bb0 comp rx=0 tx=0).stop
2024-04-26T23:43:38.794 INFO:teuthology.orchestra.run.smithi082.stdout:/usr/bin/ceph: stderr
2024-04-26T23:43:36.510+0000 7f0d12400700 1 -- 172.21.15.82:0/4113501445 shutdown_connections
2024-04-26T23:43:38.794 INFO:teuthology.orchestra.run.smithi082.stdout:/usr/bin/ceph: stderr
2024-04-26T23:43:36.510+0000 7f0d12400700 1 --2- 172.21.15.82:0/4113501445 >> [v2:172.21.15.82:3300/0,v1:172.21.15.82:6789/0] conn(0x7f0d0c108cb0 0x7f0d0c1090d0 unknown :-1 s=CLOSED pgs=72 cs=0 l=1 rev1=1 crypto rx=0 tx=0 comp rx=0 tx=0).stop
2024-04-26T23:43:38.794 INFO:teuthology.orchestra.run.smithi082.stdout:/usr/bin/ceph: stderr
2024-04-26T23:43:36.510+0000 7f0d12400700 1 -- 172.21.15.82:0/4113501445 >> 172.21.15.82:0/4113501445 conn(0x7f0d0c104210 msgr2=0x7f0d0c106690 unknown :-1 s=STATE_NONE l=0).mark_down
2024-04-26T23:43:38.794 INFO:teuthology.orchestra.run.smithi082.stdout:/usr/bin/ceph: stderr
2024-04-26T23:43:36.510+0000 7f0d12400700 1 -- 172.21.15.82:0/4113501445 shutdown_connections
2024-04-26T23:43:38.794 INFO:teuthology.orchestra.run.smithi082.stdout:/usr/bin/ceph: stderr
2024-04-26T23:43:36.510+0000 7f0d12400700 1 -- 172.21.15.82:0/4113501445 wait complete.
2024-04-26T23:43:38.794 INFO:teuthology.orchestra.run.smithi082.stdout:/usr/bin/ceph: stderr
2024-04-26T23:43:36.511+0000 7f0d12400700 1 Processor -- start
2024-04-26T23:43:38.794 INFO:teuthology.orchestra.run.smithi082.stdout:/usr/bin/ceph: stderr
2024-04-26T23:43:36.511+0000 7f0d12400700 1 -- start start
2024-04-26T23:43:38.795 INFO:teuthology.orchestra.run.smithi082.stdout:/usr/bin/ceph: stderr
2024-04-26T23:43:36.512+0000 7f0d12400700 1 --2- >> [v2:172.21.15.82:3300/0,v1:172.21.15.82:6789/0] conn(0x7f0d0c108cb0 0x7f0d0c19edb0 unknown :-1 s=NONE pgs=0 cs=0 l=1 rev1=0 crypto rx=0 tx=0 comp rx=0 tx=0).connect
2024-04-26T23:43:38.795 INFO:teuthology.orchestra.run.smithi082.stdout:/usr/bin/ceph: stderr
2024-04-26T23:43:36.512+0000 7f0d12400700 1 -- --> [v2:172.21.15.82:3300/0,v1:172.21.15.82:6789/0] -- mon_getmap magic: 0 -- 0x7f0d0c10d210 con 0x7f0d0c108cb0
2024-04-26T23:43:38.795 INFO:teuthology.orchestra.run.smithi082.stdout:/usr/bin/ceph: stderr
2024-04-26T23:43:36.512+0000 7f0d0b400700 1 --2- >> [v2:172.21.15.82:3300/0,v1:172.21.15.82:6789/0] conn(0x7f0d0c108cb0 0x7f0d0c19edb0 unknown :-1 s=BANNER_CONNECTING pgs=0 cs=0 l=1 rev1=0 crypto rx=0 tx=0 comp rx=0 tx=0)._handle_peer_banner_payload supported=3 required=0
2024-04-26T23:43:38.795 INFO:teuthology.orchestra.run.smithi082.stdout:/usr/bin/ceph: stderr
2024-04-26T23:43:36.512+0000 7f0d0b400700 1 --2- >> [v2:172.21.15.82:3300/0,v1:172.21.15.82:6789/0] conn(0x7f0d0c108cb0 0x7f0d0c19edb0 unknown :-1 s=HELLO_CONNECTING pgs=0 cs=0 l=1 rev1=1 crypto rx=0 tx=0 comp rx=0 tx=0).handle_hello peer v2:172.21.15.82:3300/0 says I am v2:172.21.15.82:32932/0 (socket says 172.21.15.82:32932)
2024-04-26T23:43:38.795 INFO:teuthology.orchestra.run.smithi082.stdout:/usr/bin/ceph: stderr
2024-04-26T23:43:36.512+0000 7f0d0b400700 1 -- 172.21.15.82:0/783573672 learned_addr learned my addr 172.21.15.82:0/783573672 (peer_addr_for_me v2:172.21.15.82:0/0)
2024-04-26T23:43:38.795 INFO:teuthology.orchestra.run.smithi082.stdout:/usr/bin/ceph: stderr
2024-04-26T23:43:36.512+0000 7f0d0b400700 1 -- 172.21.15.82:0/783573672 --> [v2:172.21.15.82:3300/0,v1:172.21.15.82:6789/0] -- mon_subscribe({config=0+,monmap=0+}) -- 0x7f0d0c19f2f0 con 0x7f0d0c108cb0
2024-04-26T23:43:38.795 INFO:teuthology.orchestra.run.smithi082.stdout:/usr/bin/ceph: stderr
2024-04-26T23:43:36.513+0000 7f0d0b400700 1 --2- 172.21.15.82:0/783573672 >> [v2:172.21.15.82:3300/0,v1:172.21.15.82:6789/0] conn(0x7f0d0c108cb0 0x7f0d0c19edb0 secure :-1 s=READY pgs=73 cs=0 l=1 rev1=1 crypto rx=0x7f0cfc0116e0 tx=0x7f0cfc011aa0 comp rx=0 tx=0).ready entity=mon.0 client_cookie=0 server_cookie=0 in_seq=0 out_seq=0
2024-04-26T23:43:38.795 INFO:teuthology.orchestra.run.smithi082.stdout:/usr/bin/ceph: stderr
2024-04-26T23:43:36.513+0000 7f0d03e00700 1 -- 172.21.15.82:0/783573672 <== mon.0 v2:172.21.15.82:3300/0 1 ==== mon_map magic: 0 ==== 205+0+0 (secure 0 0 0) 0x7f0cfc0039e0 con 0x7f0d0c108cb0
2024-04-26T23:43:38.795 INFO:teuthology.orchestra.run.smithi082.stdout:/usr/bin/ceph: stderr
2024-04-26T23:43:36.513+0000 7f0d03e00700 1 -- 172.21.15.82:0/783573672 <== mon.0 v2:172.21.15.82:3300/0 2 ==== config(26 keys) ==== 1101+0+0 (secure 0 0 0) 0x7f0cfc01b8f0 con 0x7f0d0c108cb0
2024-04-26T23:43:38.795 INFO:teuthology.orchestra.run.smithi082.stdout:/usr/bin/ceph: stderr
2024-04-26T23:43:36.513+0000 7f0d03e00700 1 -- 172.21.15.82:0/783573672 <== mon.0 v2:172.21.15.82:3300/0 3 ==== mon_map magic: 0 ==== 205+0+0 (secure 0 0 0) 0x7f0cfc023760 con 0x7f0d0c108cb0
2024-04-26T23:43:38.795 INFO:teuthology.orchestra.run.smithi082.stdout:/usr/bin/ceph: stderr
2024-04-26T23:43:36.513+0000 7f0d12400700 1 -- 172.21.15.82:0/783573672 --> [v2:172.21.15.82:3300/0,v1:172.21.15.82:6789/0] -- mon_subscribe({mgrmap=0+}) -- 0x7f0d0c19f580 con 0x7f0d0c108cb0
2024-04-26T23:43:38.795 INFO:teuthology.orchestra.run.smithi082.stdout:/usr/bin/ceph: stderr
2024-04-26T23:43:36.513+0000 7f0d12400700 1 -- 172.21.15.82:0/783573672 --> [v2:172.21.15.82:3300/0,v1:172.21.15.82:6789/0] -- mon_subscribe({osdmap=0}) -- 0x7f0d0c1a2270 con 0x7f0d0c108cb0
2024-04-26T23:43:38.795 INFO:teuthology.orchestra.run.smithi082.stdout:/usr/bin/ceph: stderr
2024-04-26T23:43:36.514+0000 7f0d03e00700 1 -- 172.21.15.82:0/783573672 <== mon.0 v2:172.21.15.82:3300/0 4 ==== mgrmap(e 12) ==== 46571+0+0 (secure 0 0 0) 0x7f0cfc023920 con 0x7f0d0c108cb0
2024-04-26T23:43:38.795 INFO:teuthology.orchestra.run.smithi082.stdout:/usr/bin/ceph: stderr
2024-04-26T23:43:36.515+0000 7f0d12400700 1 -- 172.21.15.82:0/783573672 --> [v2:172.21.15.82:3300/0,v1:172.21.15.82:6789/0] -- mon_command({"prefix": "get_command_descriptions"} v 0) -- 0x7f0d0c064a80 con 0x7f0d0c108cb0
2024-04-26T23:43:38.796 INFO:teuthology.orchestra.run.smithi082.stdout:/usr/bin/ceph: stderr
2024-04-26T23:43:36.515+0000 7f0d03e00700 1 --2- 172.21.15.82:0/783573672 >> [v2:172.21.15.82:6800/220593689,v1:172.21.15.82:6801/220593689] conn(0x7f0cf0039610 0x7f0cf003bad0 unknown :-1 s=NONE pgs=0 cs=0 l=1 rev1=0 crypto rx=0 tx=0 comp rx=0 tx=0).connect
2024-04-26T23:43:38.796 INFO:teuthology.orchestra.run.smithi082.stdout:/usr/bin/ceph: stderr
2024-04-26T23:43:36.515+0000 7f0d03e00700 1 -- 172.21.15.82:0/783573672 <== mon.0 v2:172.21.15.82:3300/0 5 ==== osd_map(3..3 src has 1..3) ==== 1155+0+0 (secure 0 0 0) 0x7f0cfc04e140 con 0x7f0d0c108cb0
2024-04-26T23:43:38.796 INFO:teuthology.orchestra.run.smithi082.stdout:/usr/bin/ceph: stderr
2024-04-26T23:43:36.515+0000 7f0d0aa00700 1 --2- 172.21.15.82:0/783573672 >> [v2:172.21.15.82:6800/220593689,v1:172.21.15.82:6801/220593689] conn(0x7f0cf0039610 0x7f0cf003bad0 unknown :-1 s=BANNER_CONNECTING pgs=0 cs=0 l=1 rev1=0 crypto rx=0 tx=0 comp rx=0 tx=0)._handle_peer_banner_payload supported=3 required=0
2024-04-26T23:43:38.796 INFO:teuthology.orchestra.run.smithi082.stdout:/usr/bin/ceph: stderr
2024-04-26T23:43:36.516+0000 7f0d0aa00700 1 --2- 172.21.15.82:0/783573672 >> [v2:172.21.15.82:6800/220593689,v1:172.21.15.82:6801/220593689] conn(0x7f0cf0039610 0x7f0cf003bad0 secure :-1 s=READY pgs=8 cs=0 l=1 rev1=1 crypto rx=0x7f0cf8006fd0 tx=0x7f0cf8006e40 comp rx=0 tx=0).ready entity=mgr.14152 client_cookie=0 server_cookie=0 in_seq=0 out_seq=0
2024-04-26T23:43:38.796 INFO:teuthology.orchestra.run.smithi082.stdout:/usr/bin/ceph: stderr
2024-04-26T23:43:36.521+0000 7f0d03e00700 1 -- 172.21.15.82:0/783573672 <== mon.0 v2:172.21.15.82:3300/0 6 ==== mon_command_ack([{"prefix": "get_command_descriptions"}]=0 v0) ==== 72+0+188494 (secure 0 0 0) 0x7f0cfc01f030 con 0x7f0d0c108cb0
2024-04-26T23:43:38.796 INFO:teuthology.orchestra.run.smithi082.stdout:/usr/bin/ceph: stderr
2024-04-26T23:43:36.788+0000 7f0d12400700 1 -- 172.21.15.82:0/783573672 --> [v2:172.21.15.82:6800/220593689,v1:172.21.15.82:6801/220593689] -- mgr_command(tid 0: {"prefix": "dashboard ac-user-create", "username": "admin", "rolename": "administrator", "force_password": true, "pwd_update_required": true, "target": ["mon-mgr", ""]}) -- 0x7f0d0c19fa60 con 0x7f0cf0039610
2024-04-26T23:43:38.796 INFO:teuthology.orchestra.run.smithi082.stdout:/usr/bin/ceph: stderr
2024-04-26T23:43:37.039+0000 7f0d03e00700 1 -- 172.21.15.82:0/783573672 <== mgr.14152 v2:172.21.15.82:6800/220593689 1 ==== mgr_command_reply(tid 0: 0 ) ==== 8+0+252 (secure 0 0 0) 0x7f0d0c19fa60 con 0x7f0cf0039610
2024-04-26T23:43:38.796 INFO:teuthology.orchestra.run.smithi082.stdout:/usr/bin/ceph: stderr
2024-04-26T23:43:37.042+0000 7f0d12400700 1 -- 172.21.15.82:0/783573672 >> [v2:172.21.15.82:6800/220593689,v1:172.21.15.82:6801/220593689] conn(0x7f0cf0039610 msgr2=0x7f0cf003bad0 secure :-1 s=STATE_CONNECTION_ESTABLISHED l=1).mark_down
2024-04-26T23:43:38.796 INFO:teuthology.orchestra.run.smithi082.stdout:/usr/bin/ceph: stderr
2024-04-26T23:43:37.042+0000 7f0d12400700 1 --2- 172.21.15.82:0/783573672 >> [v2:172.21.15.82:6800/220593689,v1:172.21.15.82:6801/220593689] conn(0x7f0cf0039610 0x7f0cf003bad0 secure :-1 s=READY pgs=8 cs=0 l=1 rev1=1 crypto rx=0x7f0cf8006fd0 tx=0x7f0cf8006e40 comp rx=0 tx=0).stop
2024-04-26T23:43:38.796 INFO:teuthology.orchestra.run.smithi082.stdout:/usr/bin/ceph: stderr
2024-04-26T23:43:37.042+0000 7f0d12400700 1 -- 172.21.15.82:0/783573672 >> [v2:172.21.15.82:3300/0,v1:172.21.15.82:6789/0] conn(0x7f0d0c108cb0 msgr2=0x7f0d0c19edb0 secure :-1 s=STATE_CONNECTION_ESTABLISHED l=1).mark_down
2024-04-26T23:43:38.796 INFO:teuthology.orchestra.run.smithi082.stdout:/usr/bin/ceph: stderr
2024-04-26T23:43:37.042+0000 7f0d12400700 1 --2- 172.21.15.82:0/783573672 >> [v2:172.21.15.82:3300/0,v1:172.21.15.82:6789/0] conn(0x7f0d0c108cb0 0x7f0d0c19edb0 secure :-1 s=READY pgs=73 cs=0 l=1 rev1=1 crypto rx=0x7f0cfc0116e0 tx=0x7f0cfc011aa0 comp rx=0 tx=0).stop
2024-04-26T23:43:38.796 INFO:teuthology.orchestra.run.smithi082.stdout:/usr/bin/ceph: stderr
2024-04-26T23:43:37.042+0000 7f0d12400700 1 -- 172.21.15.82:0/783573672 shutdown_connections
2024-04-26T23:43:38.796 INFO:teuthology.orchestra.run.smithi082.stdout:/usr/bin/ceph: stderr
2024-04-26T23:43:37.042+0000 7f0d12400700 1 --2- 172.21.15.82:0/783573672 >> [v2:172.21.15.82:6800/220593689,v1:172.21.15.82:6801/220593689] conn(0x7f0cf0039610 0x7f0cf003bad0 unknown :-1 s=CLOSED pgs=8 cs=0 l=1 rev1=1 crypto rx=0 tx=0 comp rx=0 tx=0).stop
2024-04-26T23:43:38.796 INFO:teuthology.orchestra.run.smithi082.stdout:/usr/bin/ceph: stderr
2024-04-26T23:43:37.042+0000 7f0d12400700 1 --2- 172.21.15.82:0/783573672 >> [v2:172.21.15.82:3300/0,v1:172.21.15.82:6789/0] conn(0x7f0d0c108cb0 0x7f0d0c19edb0 unknown :-1 s=CLOSED pgs=73 cs=0 l=1 rev1=1 crypto rx=0 tx=0 comp rx=0 tx=0).stop
2024-04-26T23:43:38.797 INFO:teuthology.orchestra.run.smithi082.stdout:/usr/bin/ceph: stderr
2024-04-26T23:43:37.042+0000 7f0d12400700 1 -- 172.21.15.82:0/783573672 >> 172.21.15.82:0/783573672 conn(0x7f0d0c104210 msgr2=0x7f0d0c104c90 unknown :-1 s=STATE_NONE l=0).mark_down
2024-04-26T23:43:38.797 INFO:teuthology.orchestra.run.smithi082.stdout:/usr/bin/ceph: stderr
2024-04-26T23:43:37.042+0000 7f0d12400700 1 -- 172.21.15.82:0/783573672 shutdown_connections
2024-04-26T23:43:38.797 INFO:teuthology.orchestra.run.smithi082.stdout:/usr/bin/ceph: stderr
2024-04-26T23:43:37.042+0000 7f0d12400700 1 -- 172.21.15.82:0/783573672 wait complete.
2024-04-26T23:43:38.797 INFO:teuthology.orchestra.run.smithi082.stdout:Fetching dashboard port number...
2024-04-26T23:43:39.330 INFO:journalctl@ceph.mon.a.smithi082.stdout:Apr 26 23:43:39 smithi082 ceph-mon[28040]: mgrmap e13: x(active, since 6s)
2024-04-26T23:43:40.325 INFO:journalctl@ceph.mon.a.smithi082.stdout:Apr 26 23:43:40 smithi082 ceph-mon[28040]: from='client.? 172.21.15.82:0/1549533128' entity='client.admin' cmd=[{"prefix": "config get", "who": "mgr", "key": "mgr/dashboard/ssl_server_port"}]: dispatch
2024-04-26T23:43:40.339 INFO:teuthology.orchestra.run.smithi082.stdout:/usr/bin/ceph: stdout 8443
2024-04-26T23:43:40.343 INFO:teuthology.orchestra.run.smithi082.stdout:/usr/bin/ceph: stderr
2024-04-26T23:43:39.383+0000 7fa82d400700 1 Processor -- start
2024-04-26T23:43:40.345 INFO:teuthology.orchestra.run.smithi082.stdout:/usr/bin/ceph: stderr
2024-04-26T23:43:39.383+0000 7fa82d400700 1 -- start start
2024-04-26T23:43:40.345 INFO:teuthology.orchestra.run.smithi082.stdout:/usr/bin/ceph: stderr
2024-04-26T23:43:39.384+0000 7fa82d400700 1 --2- >> [v2:172.21.15.82:3300/0,v1:172.21.15.82:6789/0] conn(0x7fa82807ee60 0x7fa82807d2c0 unknown :-1 s=NONE pgs=0 cs=0 l=0 rev1=0 crypto rx=0 tx=0 comp rx=0 tx=0).connect
2024-04-26T23:43:40.345 INFO:teuthology.orchestra.run.smithi082.stdout:/usr/bin/ceph: stderr
2024-04-26T23:43:39.384+0000 7fa82d400700 1 -- --> [v2:172.21.15.82:3300/0,v1:172.21.15.82:6789/0] -- mon_getmap magic: 0 -- 0x7fa82807d890 con 0x7fa82807ee60
2024-04-26T23:43:40.345 INFO:teuthology.orchestra.run.smithi082.stdout:/usr/bin/ceph: stderr
2024-04-26T23:43:39.385+0000 7fa827e00700 1 --2- >> [v2:172.21.15.82:3300/0,v1:172.21.15.82:6789/0] conn(0x7fa82807ee60 0x7fa82807d2c0 unknown :-1 s=BANNER_CONNECTING pgs=0 cs=0 l=0 rev1=0 crypto rx=0 tx=0 comp rx=0 tx=0)._handle_peer_banner_payload supported=3 required=0
2024-04-26T23:43:40.345 INFO:teuthology.orchestra.run.smithi082.stdout:/usr/bin/ceph: stderr
2024-04-26T23:43:39.385+0000 7fa827e00700 1 --2- >> [v2:172.21.15.82:3300/0,v1:172.21.15.82:6789/0] conn(0x7fa82807ee60 0x7fa82807d2c0 unknown :-1 s=HELLO_CONNECTING pgs=0 cs=0 l=0 rev1=1 crypto rx=0 tx=0 comp rx=0 tx=0).handle_hello peer v2:172.21.15.82:3300/0 says I am v2:172.21.15.82:32940/0 (socket says 172.21.15.82:32940)
2024-04-26T23:43:40.345 INFO:teuthology.orchestra.run.smithi082.stdout:/usr/bin/ceph: stderr
2024-04-26T23:43:39.385+0000 7fa827e00700 1 -- 172.21.15.82:0/3144220287 learned_addr learned my addr 172.21.15.82:0/3144220287 (peer_addr_for_me v2:172.21.15.82:0/0)
2024-04-26T23:43:40.345 INFO:teuthology.orchestra.run.smithi082.stdout:/usr/bin/ceph: stderr
2024-04-26T23:43:39.385+0000 7fa827e00700 1 -- 172.21.15.82:0/3144220287 --> [v2:172.21.15.82:3300/0,v1:172.21.15.82:6789/0] -- mon_subscribe({config=0+,monmap=0+}) -- 0x7fa82807da10 con 0x7fa82807ee60
2024-04-26T23:43:40.345 INFO:teuthology.orchestra.run.smithi082.stdout:/usr/bin/ceph: stderr
2024-04-26T23:43:39.385+0000 7fa827e00700 1 --2- 172.21.15.82:0/3144220287 >> [v2:172.21.15.82:3300/0,v1:172.21.15.82:6789/0] conn(0x7fa82807ee60 0x7fa82807d2c0 secure :-1 s=READY pgs=74 cs=0 l=1 rev1=1 crypto rx=0x7fa818009e80 tx=0x7fa81800b330 comp rx=0 tx=0).ready entity=mon.0 client_cookie=a3c71fd63cdf7ee server_cookie=0 in_seq=0 out_seq=0
2024-04-26T23:43:40.345 INFO:teuthology.orchestra.run.smithi082.stdout:/usr/bin/ceph: stderr
2024-04-26T23:43:39.386+0000 7fa827400700 1 -- 172.21.15.82:0/3144220287 <== mon.0 v2:172.21.15.82:3300/0 1 ==== mon_map magic: 0 ==== 205+0+0 (secure 0 0 0) 0x7fa818017070 con 0x7fa82807ee60
2024-04-26T23:43:40.351 INFO:teuthology.orchestra.run.smithi082.stdout:/usr/bin/ceph: stderr
2024-04-26T23:43:39.386+0000 7fa827400700 1 -- 172.21.15.82:0/3144220287 <== mon.0 v2:172.21.15.82:3300/0 2 ==== config(26 keys) ==== 1101+0+0 (secure 0 0 0) 0x7fa81800b8c0 con 0x7fa82807ee60
2024-04-26T23:43:40.351 INFO:teuthology.orchestra.run.smithi082.stdout:/usr/bin/ceph: stderr
2024-04-26T23:43:39.386+0000 7fa827400700 1 -- 172.21.15.82:0/3144220287 <== mon.0 v2:172.21.15.82:3300/0 3 ==== mon_map magic: 0 ==== 205+0+0 (secure 0 0 0) 0x7fa818004490 con 0x7fa82807ee60
