2024-04-26T23:47:17.900+0000 7fea39000700 1 --2- >> [v2:172.21.15.77:3300/0,v1:172.21.15.77:6789/0] conn(0x7fea3407add0 0x7fea3419c5a0 unknown :-1 s=NONE pgs=0 cs=0 l=1 rev1=0 crypto rx=0 tx=0 comp rx=0 tx=0).connect
2024-04-26T23:47:18.721 INFO:teuthology.orchestra.run.smithi077.stdout:/usr/bin/ceph: stderr
2024-04-26T23:47:17.900+0000 7fea39000700 1 -- --> [v2:172.21.15.77:3300/0,v1:172.21.15.77:6789/0] -- mon_getmap magic: 0 v1 -- 0x7fea3419cae0 con 0x7fea3407add0
2024-04-26T23:47:18.721 INFO:teuthology.orchestra.run.smithi077.stdout:/usr/bin/ceph: stderr
2024-04-26T23:47:17.900+0000 7fea31e00700 1 --2- >> [v2:172.21.15.77:3300/0,v1:172.21.15.77:6789/0] conn(0x7fea3407add0 0x7fea3419c5a0 unknown :-1 s=BANNER_CONNECTING pgs=0 cs=0 l=1 rev1=0 crypto rx=0 tx=0 comp rx=0 tx=0)._handle_peer_banner_payload supported=3 required=0
2024-04-26T23:47:18.721 INFO:teuthology.orchestra.run.smithi077.stdout:/usr/bin/ceph: stderr
2024-04-26T23:47:17.900+0000 7fea31e00700 1 --2- >> [v2:172.21.15.77:3300/0,v1:172.21.15.77:6789/0] conn(0x7fea3407add0 0x7fea3419c5a0 unknown :-1 s=HELLO_CONNECTING pgs=0 cs=0 l=1 rev1=1 crypto rx=0 tx=0 comp rx=0 tx=0).handle_hello peer v2:172.21.15.77:3300/0 says I am v2:172.21.15.77:39378/0 (socket says 172.21.15.77:39378)
2024-04-26T23:47:18.721 INFO:teuthology.orchestra.run.smithi077.stdout:/usr/bin/ceph: stderr
2024-04-26T23:47:17.900+0000 7fea31e00700 1 -- 172.21.15.77:0/2964589470 learned_addr learned my addr 172.21.15.77:0/2964589470 (peer_addr_for_me v2:172.21.15.77:0/0)
2024-04-26T23:47:18.721 INFO:teuthology.orchestra.run.smithi077.stdout:/usr/bin/ceph: stderr
2024-04-26T23:47:17.900+0000 7fea31e00700 1 -- 172.21.15.77:0/2964589470 --> [v2:172.21.15.77:3300/0,v1:172.21.15.77:6789/0] -- mon_subscribe({config=0+,monmap=0+}) v3 -- 0x7fea24009550 con 0x7fea3407add0
2024-04-26T23:47:18.721 INFO:teuthology.orchestra.run.smithi077.stdout:/usr/bin/ceph: stderr
2024-04-26T23:47:17.901+0000 7fea31e00700 1 --2- 172.21.15.77:0/2964589470 >> [v2:172.21.15.77:3300/0,v1:172.21.15.77:6789/0] conn(0x7fea3407add0 0x7fea3419c5a0 secure :-1 s=READY pgs=10 cs=0 l=1 rev1=1 crypto rx=0x7fea24006af0 tx=0x7fea240047c0 comp rx=0 tx=0).ready entity=mon.0 client_cookie=0 server_cookie=0 in_seq=0 out_seq=0
2024-04-26T23:47:18.721 INFO:teuthology.orchestra.run.smithi077.stdout:/usr/bin/ceph: stderr
2024-04-26T23:47:17.901+0000 7fea2aa00700 1 -- 172.21.15.77:0/2964589470 <== mon.0 v2:172.21.15.77:3300/0 1 ==== mon_map magic: 0 v1 ==== 229+0+0 (secure 0 0 0) 0x7fea24003a00 con 0x7fea3407add0
2024-04-26T23:47:18.721 INFO:teuthology.orchestra.run.smithi077.stdout:/usr/bin/ceph: stderr
2024-04-26T23:47:17.901+0000 7fea2aa00700 1 -- 172.21.15.77:0/2964589470 <== mon.0 v2:172.21.15.77:3300/0 2 ==== config(27 keys) v1 ==== 1042+0+0 (secure 0 0 0) 0x7fea24003b60 con 0x7fea3407add0
2024-04-26T23:47:18.721 INFO:teuthology.orchestra.run.smithi077.stdout:/usr/bin/ceph: stderr
2024-04-26T23:47:17.901+0000 7fea2aa00700 1 -- 172.21.15.77:0/2964589470 <== mon.0 v2:172.21.15.77:3300/0 3 ==== mon_map magic: 0 v1 ==== 229+0+0 (secure 0 0 0) 0x7fea24023750 con 0x7fea3407add0
2024-04-26T23:47:18.722 INFO:teuthology.orchestra.run.smithi077.stdout:/usr/bin/ceph: stderr
2024-04-26T23:47:17.901+0000 7fea39000700 1 -- 172.21.15.77:0/2964589470 --> [v2:172.21.15.77:3300/0,v1:172.21.15.77:6789/0] -- mon_subscribe({mgrmap=0+}) v3 -- 0x7fea3419cce0 con 0x7fea3407add0
2024-04-26T23:47:18.722 INFO:teuthology.orchestra.run.smithi077.stdout:/usr/bin/ceph: stderr
2024-04-26T23:47:17.901+0000 7fea39000700 1 -- 172.21.15.77:0/2964589470 --> [v2:172.21.15.77:3300/0,v1:172.21.15.77:6789/0] -- mon_subscribe({osdmap=0}) v3 -- 0x7fea3419d180 con 0x7fea3407add0
2024-04-26T23:47:18.722 INFO:teuthology.orchestra.run.smithi077.stdout:/usr/bin/ceph: stderr
2024-04-26T23:47:17.902+0000 7fea2aa00700 1 -- 172.21.15.77:0/2964589470 <== mon.0 v2:172.21.15.77:3300/0 4 ==== mgrmap(e 1) v1 ==== 668+0+0 (secure 0 0 0) 0x7fea24023c40 con 0x7fea3407add0
2024-04-26T23:47:18.722 INFO:teuthology.orchestra.run.smithi077.stdout:/usr/bin/ceph: stderr
2024-04-26T23:47:17.902+0000 7fea2aa00700 1 -- 172.21.15.77:0/2964589470 <== mon.0 v2:172.21.15.77:3300/0 5 ==== osd_map(1..1 src has 1..1) v4 ==== 725+0+0 (secure 0 0 0) 0x7fea24019710 con 0x7fea3407add0
2024-04-26T23:47:18.722 INFO:teuthology.orchestra.run.smithi077.stdout:/usr/bin/ceph: stderr
2024-04-26T23:47:17.902+0000 7fea39000700 1 -- 172.21.15.77:0/2964589470 --> [v2:172.21.15.77:3300/0,v1:172.21.15.77:6789/0] -- mon_command({"prefix": "get_command_descriptions"} v 0) v1 -- 0x7fea3410c8e0 con 0x7fea3407add0
2024-04-26T23:47:18.722 INFO:teuthology.orchestra.run.smithi077.stdout:/usr/bin/ceph: stderr
2024-04-26T23:47:17.905+0000 7fea2aa00700 1 -- 172.21.15.77:0/2964589470 <== mon.0 v2:172.21.15.77:3300/0 6 ==== mon_command_ack([{"prefix": "get_command_descriptions"}]=0 v0) v1 ==== 72+0+73121 (secure 0 0 0) 0x7fea2401bbe0 con 0x7fea3407add0
2024-04-26T23:47:18.722 INFO:teuthology.orchestra.run.smithi077.stdout:/usr/bin/ceph: stderr
2024-04-26T23:47:17.984+0000 7fea39000700 1 -- 172.21.15.77:0/2964589470 --> [v2:172.21.15.77:3300/0,v1:172.21.15.77:6789/0] -- mon_command({"prefix": "status", "format": "json-pretty"} v 0) v1 -- 0x7fea3419fce0 con 0x7fea3407add0
2024-04-26T23:47:18.722 INFO:teuthology.orchestra.run.smithi077.stdout:/usr/bin/ceph: stderr
2024-04-26T23:47:17.984+0000 7fea2aa00700 1 -- 172.21.15.77:0/2964589470 <== mon.0 v2:172.21.15.77:3300/0 7 ==== mon_command_ack([{"prefix": "status", "format": "json-pretty"}]=0 v0) v1 ==== 79+0+1247 (secure 0 0 0) 0x7fea24005a20 con 0x7fea3407add0
2024-04-26T23:47:18.722 INFO:teuthology.orchestra.run.smithi077.stdout:/usr/bin/ceph: stderr
2024-04-26T23:47:17.986+0000 7fea39000700 1 -- 172.21.15.77:0/2964589470 >> [v2:172.21.15.77:3300/0,v1:172.21.15.77:6789/0] conn(0x7fea3407add0 msgr2=0x7fea3419c5a0 secure :-1 s=STATE_CONNECTION_ESTABLISHED l=1).mark_down
2024-04-26T23:47:18.722 INFO:teuthology.orchestra.run.smithi077.stdout:/usr/bin/ceph: stderr
2024-04-26T23:47:17.986+0000 7fea39000700 1 --2- 172.21.15.77:0/2964589470 >> [v2:172.21.15.77:3300/0,v1:172.21.15.77:6789/0] conn(0x7fea3407add0 0x7fea3419c5a0 secure :-1 s=READY pgs=10 cs=0 l=1 rev1=1 crypto rx=0x7fea24006af0 tx=0x7fea240047c0 comp rx=0 tx=0).stop
2024-04-26T23:47:18.722 INFO:teuthology.orchestra.run.smithi077.stdout:/usr/bin/ceph: stderr
2024-04-26T23:47:17.986+0000 7fea39000700 1 -- 172.21.15.77:0/2964589470 shutdown_connections
2024-04-26T23:47:18.722 INFO:teuthology.orchestra.run.smithi077.stdout:/usr/bin/ceph: stderr
2024-04-26T23:47:17.986+0000 7fea39000700 1 --2- 172.21.15.77:0/2964589470 >> [v2:172.21.15.77:3300/0,v1:172.21.15.77:6789/0] conn(0x7fea3407add0 0x7fea3419c5a0 unknown :-1 s=CLOSED pgs=10 cs=0 l=1 rev1=1 crypto rx=0 tx=0 comp rx=0 tx=0).stop
2024-04-26T23:47:18.722 INFO:teuthology.orchestra.run.smithi077.stdout:/usr/bin/ceph: stderr
2024-04-26T23:47:17.986+0000 7fea39000700 1 -- 172.21.15.77:0/2964589470 >> 172.21.15.77:0/2964589470 conn(0x7fea34101ba0 msgr2=0x7fea341027e0 unknown :-1 s=STATE_NONE l=0).mark_down
2024-04-26T23:47:18.722 INFO:teuthology.orchestra.run.smithi077.stdout:/usr/bin/ceph: stderr
2024-04-26T23:47:17.987+0000 7fea39000700 1 -- 172.21.15.77:0/2964589470 shutdown_connections
2024-04-26T23:47:18.722 INFO:teuthology.orchestra.run.smithi077.stdout:/usr/bin/ceph: stderr
2024-04-26T23:47:17.987+0000 7fea39000700 1 -- 172.21.15.77:0/2964589470 wait complete.
2024-04-26T23:47:18.723 INFO:teuthology.orchestra.run.smithi077.stdout:mgr not available, waiting (3/15)...
2024-04-26T23:47:19.519 INFO:journalctl@ceph.mon.smithi077.smithi077.stdout:Apr 26 23:47:19 smithi077 ceph-mon[25294]: Activating manager daemon smithi077.juyhph
2024-04-26T23:47:19.519 INFO:journalctl@ceph.mon.smithi077.smithi077.stdout:Apr 26 23:47:19 smithi077 ceph-mon[25294]: mgrmap e2: smithi077.juyhph(active, starting, since 0.00887673s)
2024-04-26T23:47:19.519 INFO:journalctl@ceph.mon.smithi077.smithi077.stdout:Apr 26 23:47:19 smithi077 ceph-mon[25294]: from='mgr.14100 172.21.15.77:0/2292724026' entity='mgr.smithi077.juyhph' cmd=[{"prefix": "mds metadata"}]: dispatch
2024-04-26T23:47:19.519 INFO:journalctl@ceph.mon.smithi077.smithi077.stdout:Apr 26 23:47:19 smithi077 ceph-mon[25294]: from='mgr.14100 172.21.15.77:0/2292724026' entity='mgr.smithi077.juyhph' cmd=[{"prefix": "osd metadata"}]: dispatch
2024-04-26T23:47:19.519 INFO:journalctl@ceph.mon.smithi077.smithi077.stdout:Apr 26 23:47:19 smithi077 ceph-mon[25294]: from='mgr.14100 172.21.15.77:0/2292724026' entity='mgr.smithi077.juyhph' cmd=[{"prefix": "mon metadata"}]: dispatch
2024-04-26T23:47:19.519 INFO:journalctl@ceph.mon.smithi077.smithi077.stdout:Apr 26 23:47:19 smithi077 ceph-mon[25294]: from='mgr.14100 172.21.15.77:0/2292724026' entity='mgr.smithi077.juyhph' cmd=[{"prefix": "mon metadata", "id": "smithi077"}]: dispatch
2024-04-26T23:47:19.519 INFO:journalctl@ceph.mon.smithi077.smithi077.stdout:Apr 26 23:47:19 smithi077 ceph-mon[25294]: from='mgr.14100 172.21.15.77:0/2292724026' entity='mgr.smithi077.juyhph' cmd=[{"prefix": "mgr metadata", "who": "smithi077.juyhph", "id": "smithi077.juyhph"}]: dispatch
2024-04-26T23:47:19.520 INFO:journalctl@ceph.mon.smithi077.smithi077.stdout:Apr 26 23:47:19 smithi077 ceph-mon[25294]: Manager daemon smithi077.juyhph is now available
2024-04-26T23:47:19.520 INFO:journalctl@ceph.mon.smithi077.smithi077.stdout:Apr 26 23:47:19 smithi077 ceph-mon[25294]: from='mgr.14100 172.21.15.77:0/2292724026' entity='mgr.smithi077.juyhph' cmd=[{"prefix":"config rm","who":"mgr","name":"mgr/rbd_support/smithi077.juyhph/mirror_snapshot_schedule"}]: dispatch
2024-04-26T23:47:19.520 INFO:journalctl@ceph.mon.smithi077.smithi077.stdout:Apr 26 23:47:19 smithi077 ceph-mon[25294]: from='mgr.14100 172.21.15.77:0/2292724026' entity='mgr.smithi077.juyhph' cmd=[{"prefix":"config rm","who":"mgr","name":"mgr/rbd_support/smithi077.juyhph/trash_purge_schedule"}]: dispatch
2024-04-26T23:47:19.520 INFO:journalctl@ceph.mon.smithi077.smithi077.stdout:Apr 26 23:47:19 smithi077 ceph-mon[25294]: from='mgr.14100 172.21.15.77:0/2292724026' entity='mgr.smithi077.juyhph'
2024-04-26T23:47:19.520 INFO:journalctl@ceph.mon.smithi077.smithi077.stdout:Apr 26 23:47:19 smithi077 ceph-mon[25294]: from='mgr.14100 172.21.15.77:0/2292724026' entity='mgr.smithi077.juyhph'
2024-04-26T23:47:20.518 INFO:journalctl@ceph.mon.smithi077.smithi077.stdout:Apr 26 23:47:20 smithi077 ceph-mon[25294]: from='mgr.14100 172.21.15.77:0/2292724026' entity='mgr.smithi077.juyhph'
2024-04-26T23:47:20.518 INFO:journalctl@ceph.mon.smithi077.smithi077.stdout:Apr 26 23:47:20 smithi077 ceph-mon[25294]: mgrmap e3: smithi077.juyhph(active, since 1.0209s)
2024-04-26T23:47:22.518 INFO:journalctl@ceph.mon.smithi077.smithi077.stdout:Apr 26 23:47:22 smithi077 ceph-mon[25294]: mgrmap e4: smithi077.juyhph(active, since 2s)
2024-04-26T23:47:22.519 INFO:journalctl@ceph.mon.smithi077.smithi077.stdout:Apr 26 23:47:22 smithi077 ceph-mon[25294]: from='client.? 172.21.15.77:0/3986915789' entity='client.admin' cmd=[{"prefix": "status", "format": "json-pretty"}]: dispatch
2024-04-26T23:47:22.714 INFO:teuthology.orchestra.run.smithi077.stdout:/usr/bin/ceph: stdout
2024-04-26T23:47:22.714 INFO:teuthology.orchestra.run.smithi077.stdout:/usr/bin/ceph: stdout {
2024-04-26T23:47:22.715 INFO:teuthology.orchestra.run.smithi077.stdout:/usr/bin/ceph: stdout "fsid": "21763bac-0427-11ef-bc93-c7b262605968",
2024-04-26T23:47:22.715 INFO:teuthology.orchestra.run.smithi077.stdout:/usr/bin/ceph: stdout "health": {
2024-04-26T23:47:22.715 INFO:teuthology.orchestra.run.smithi077.stdout:/usr/bin/ceph: stdout "status": "HEALTH_OK",
2024-04-26T23:47:22.715 INFO:teuthology.orchestra.run.smithi077.stdout:/usr/bin/ceph: stdout "checks": {},
2024-04-26T23:47:22.715 INFO:teuthology.orchestra.run.smithi077.stdout:/usr/bin/ceph: stdout "mutes": []
2024-04-26T23:47:22.715 INFO:teuthology.orchestra.run.smithi077.stdout:/usr/bin/ceph: stdout },
2024-04-26T23:47:22.715 INFO:teuthology.orchestra.run.smithi077.stdout:/usr/bin/ceph: stdout "election_epoch": 5,
2024-04-26T23:47:22.715 INFO:teuthology.orchestra.run.smithi077.stdout:/usr/bin/ceph: stdout "quorum": [
2024-04-26T23:47:22.715 INFO:teuthology.orchestra.run.smithi077.stdout:/usr/bin/ceph: stdout 0
2024-04-26T23:47:22.715 INFO:teuthology.orchestra.run.smithi077.stdout:/usr/bin/ceph: stdout ],
2024-04-26T23:47:22.715 INFO:teuthology.orchestra.run.smithi077.stdout:/usr/bin/ceph: stdout "quorum_names": [
2024-04-26T23:47:22.715 INFO:teuthology.orchestra.run.smithi077.stdout:/usr/bin/ceph: stdout "smithi077"
2024-04-26T23:47:22.715 INFO:teuthology.orchestra.run.smithi077.stdout:/usr/bin/ceph: stdout ],
2024-04-26T23:47:22.715 INFO:teuthology.orchestra.run.smithi077.stdout:/usr/bin/ceph: stdout "quorum_age": 14,
2024-04-26T23:47:22.715 INFO:teuthology.orchestra.run.smithi077.stdout:/usr/bin/ceph: stdout "monmap": {
2024-04-26T23:47:22.715 INFO:teuthology.orchestra.run.smithi077.stdout:/usr/bin/ceph: stdout "epoch": 1,
2024-04-26T23:47:22.716 INFO:teuthology.orchestra.run.smithi077.stdout:/usr/bin/ceph: stdout "min_mon_release_name": "reef",
2024-04-26T23:47:22.716 INFO:teuthology.orchestra.run.smithi077.stdout:/usr/bin/ceph: stdout "num_mons": 1
2024-04-26T23:47:22.716 INFO:teuthology.orchestra.run.smithi077.stdout:/usr/bin/ceph: stdout },
2024-04-26T23:47:22.716 INFO:teuthology.orchestra.run.smithi077.stdout:/usr/bin/ceph: stdout "osdmap": {
2024-04-26T23:47:22.716 INFO:teuthology.orchestra.run.smithi077.stdout:/usr/bin/ceph: stdout "epoch": 1,
2024-04-26T23:47:22.716 INFO:teuthology.orchestra.run.smithi077.stdout:/usr/bin/ceph: stdout "num_osds": 0,
2024-04-26T23:47:22.716 INFO:teuthology.orchestra.run.smithi077.stdout:/usr/bin/ceph: stdout "num_up_osds": 0,
2024-04-26T23:47:22.716 INFO:teuthology.orchestra.run.smithi077.stdout:/usr/bin/ceph: stdout "osd_up_since": 0,
2024-04-26T23:47:22.725 INFO:teuthology.orchestra.run.smithi077.stdout:/usr/bin/ceph: stdout "num_in_osds": 0,
2024-04-26T23:47:22.725 INFO:teuthology.orchestra.run.smithi077.stdout:/usr/bin/ceph: stdout "osd_in_since": 0,
2024-04-26T23:47:22.725 INFO:teuthology.orchestra.run.smithi077.stdout:/usr/bin/ceph: stdout "num_remapped_pgs": 0
2024-04-26T23:47:22.725 INFO:teuthology.orchestra.run.smithi077.stdout:/usr/bin/ceph: stdout },
2024-04-26T23:47:22.725 INFO:teuthology.orchestra.run.smithi077.stdout:/usr/bin/ceph: stdout "pgmap": {
2024-04-26T23:47:22.726 INFO:teuthology.orchestra.run.smithi077.stdout:/usr/bin/ceph: stdout "pgs_by_state": [],
2024-04-26T23:47:22.726 INFO:teuthology.orchestra.run.smithi077.stdout:/usr/bin/ceph: stdout "num_pgs": 0,
2024-04-26T23:47:22.726 INFO:teuthology.orchestra.run.smithi077.stdout:/usr/bin/ceph: stdout "num_pools": 0,
2024-04-26T23:47:22.726 INFO:teuthology.orchestra.run.smithi077.stdout:/usr/bin/ceph: stdout "num_objects": 0,
2024-04-26T23:47:22.726 INFO:teuthology.orchestra.run.smithi077.stdout:/usr/bin/ceph: stdout "data_bytes": 0,
2024-04-26T23:47:22.726 INFO:teuthology.orchestra.run.smithi077.stdout:/usr/bin/ceph: stdout "bytes_used": 0,
2024-04-26T23:47:22.726 INFO:teuthology.orchestra.run.smithi077.stdout:/usr/bin/ceph: stdout "bytes_avail": 0,
2024-04-26T23:47:22.726 INFO:teuthology.orchestra.run.smithi077.stdout:/usr/bin/ceph: stdout "bytes_total": 0
2024-04-26T23:47:22.726 INFO:teuthology.orchestra.run.smithi077.stdout:/usr/bin/ceph: stdout },
2024-04-26T23:47:22.726 INFO:teuthology.orchestra.run.smithi077.stdout:/usr/bin/ceph: stdout "fsmap": {
2024-04-26T23:47:22.726 INFO:teuthology.orchestra.run.smithi077.stdout:/usr/bin/ceph: stdout "epoch": 1,
2024-04-26T23:47:22.726 INFO:teuthology.orchestra.run.smithi077.stdout:/usr/bin/ceph: stdout "by_rank": [],
2024-04-26T23:47:22.726 INFO:teuthology.orchestra.run.smithi077.stdout:/usr/bin/ceph: stdout "up:standby": 0
2024-04-26T23:47:22.726 INFO:teuthology.orchestra.run.smithi077.stdout:/usr/bin/ceph: stdout },
2024-04-26T23:47:22.727 INFO:teuthology.orchestra.run.smithi077.stdout:/usr/bin/ceph: stdout "mgrmap": {
2024-04-26T23:47:22.727 INFO:teuthology.orchestra.run.smithi077.stdout:/usr/bin/ceph: stdout "available": true,
2024-04-26T23:47:22.727 INFO:teuthology.orchestra.run.smithi077.stdout:/usr/bin/ceph: stdout "num_standbys": 0,
2024-04-26T23:47:22.727 INFO:teuthology.orchestra.run.smithi077.stdout:/usr/bin/ceph: stdout "modules": [
2024-04-26T23:47:22.727 INFO:teuthology.orchestra.run.smithi077.stdout:/usr/bin/ceph: stdout "iostat",
2024-04-26T23:47:22.727 INFO:teuthology.orchestra.run.smithi077.stdout:/usr/bin/ceph: stdout "nfs",
2024-04-26T23:47:22.727 INFO:teuthology.orchestra.run.smithi077.stdout:/usr/bin/ceph: stdout "restful"
2024-04-26T23:47:22.727 INFO:teuthology.orchestra.run.smithi077.stdout:/usr/bin/ceph: stdout ],
2024-04-26T23:47:22.727 INFO:teuthology.orchestra.run.smithi077.stdout:/usr/bin/ceph: stdout "services": {}
2024-04-26T23:47:22.727 INFO:teuthology.orchestra.run.smithi077.stdout:/usr/bin/ceph: stdout },
2024-04-26T23:47:22.727 INFO:teuthology.orchestra.run.smithi077.stdout:/usr/bin/ceph: stdout "servicemap": {
2024-04-26T23:47:22.727 INFO:teuthology.orchestra.run.smithi077.stdout:/usr/bin/ceph: stdout "epoch": 1,
2024-04-26T23:47:22.727 INFO:teuthology.orchestra.run.smithi077.stdout:/usr/bin/ceph: stdout "modified": "2024-04-26T23:47:00.629519+0000",
2024-04-26T23:47:22.727 INFO:teuthology.orchestra.run.smithi077.stdout:/usr/bin/ceph: stdout "services": {}
2024-04-26T23:47:22.727 INFO:teuthology.orchestra.run.smithi077.stdout:/usr/bin/ceph: stdout },
2024-04-26T23:47:22.728 INFO:teuthology.orchestra.run.smithi077.stdout:/usr/bin/ceph: stdout "progress_events": {}
2024-04-26T23:47:22.728 INFO:teuthology.orchestra.run.smithi077.stdout:/usr/bin/ceph: stdout }
2024-04-26T23:47:22.728 INFO:teuthology.orchestra.run.smithi077.stdout:/usr/bin/ceph: stderr
2024-04-26T23:47:21.316+0000 7f32be000700 1 Processor -- start
2024-04-26T23:47:22.728 INFO:teuthology.orchestra.run.smithi077.stdout:/usr/bin/ceph: stderr
2024-04-26T23:47:21.316+0000 7f32be000700 1 -- start start
2024-04-26T23:47:22.728 INFO:teuthology.orchestra.run.smithi077.stdout:/usr/bin/ceph: stderr
2024-04-26T23:47:21.317+0000 7f32be000700 1 --2- >> [v2:172.21.15.77:3300/0,v1:172.21.15.77:6789/0] conn(0x7f32b81065e0 0x7f32b8106a00 unknown :-1 s=NONE pgs=0 cs=0 l=0 rev1=0 crypto rx=0 tx=0 comp rx=0 tx=0).connect
2024-04-26T23:47:22.728 INFO:teuthology.orchestra.run.smithi077.stdout:/usr/bin/ceph: stderr
2024-04-26T23:47:21.317+0000 7f32be000700 1 -- --> [v2:172.21.15.77:3300/0,v1:172.21.15.77:6789/0] -- mon_getmap magic: 0 v1 -- 0x7f32b8106fd0 con 0x7f32b81065e0
2024-04-26T23:47:22.728 INFO:teuthology.orchestra.run.smithi077.stdout:/usr/bin/ceph: stderr
2024-04-26T23:47:21.317+0000 7f32b7400700 1 --2- >> [v2:172.21.15.77:3300/0,v1:172.21.15.77:6789/0] conn(0x7f32b81065e0 0x7f32b8106a00 unknown :-1 s=BANNER_CONNECTING pgs=0 cs=0 l=0 rev1=0 crypto rx=0 tx=0 comp rx=0 tx=0)._handle_peer_banner_payload supported=3 required=0
2024-04-26T23:47:22.728 INFO:teuthology.orchestra.run.smithi077.stdout:/usr/bin/ceph: stderr
2024-04-26T23:47:21.317+0000 7f32b7400700 1 --2- >> [v2:172.21.15.77:3300/0,v1:172.21.15.77:6789/0] conn(0x7f32b81065e0 0x7f32b8106a00 unknown :-1 s=HELLO_CONNECTING pgs=0 cs=0 l=0 rev1=1 crypto rx=0 tx=0 comp rx=0 tx=0).handle_hello peer v2:172.21.15.77:3300/0 says I am v2:172.21.15.77:39454/0 (socket says 172.21.15.77:39454)
2024-04-26T23:47:22.728 INFO:teuthology.orchestra.run.smithi077.stdout:/usr/bin/ceph: stderr
2024-04-26T23:47:21.317+0000 7f32b7400700 1 -- 172.21.15.77:0/4281278767 learned_addr learned my addr 172.21.15.77:0/4281278767 (peer_addr_for_me v2:172.21.15.77:0/0)
2024-04-26T23:47:22.728 INFO:teuthology.orchestra.run.smithi077.stdout:/usr/bin/ceph: stderr
2024-04-26T23:47:21.317+0000 7f32b7400700 1 -- 172.21.15.77:0/4281278767 --> [v2:172.21.15.77:3300/0,v1:172.21.15.77:6789/0] -- mon_subscribe({config=0+,monmap=0+}) v3 -- 0x7f32b81077e0 con 0x7f32b81065e0
2024-04-26T23:47:22.728 INFO:teuthology.orchestra.run.smithi077.stdout:/usr/bin/ceph: stderr
2024-04-26T23:47:21.318+0000 7f32b7400700 1 --2- 172.21.15.77:0/4281278767 >> [v2:172.21.15.77:3300/0,v1:172.21.15.77:6789/0] conn(0x7f32b81065e0 0x7f32b8106a00 secure :-1 s=READY pgs=18 cs=0 l=1 rev1=1 crypto rx=0x7f32a80098a0 tx=0x7f32a8009bb0 comp rx=0 tx=0).ready entity=mon.0 client_cookie=32cb3198291dd556 server_cookie=0 in_seq=0 out_seq=0
2024-04-26T23:47:22.728 INFO:teuthology.orchestra.run.smithi077.stdout:/usr/bin/ceph: stderr
2024-04-26T23:47:21.318+0000 7f32b6a00700 1 -- 172.21.15.77:0/4281278767 <== mon.0 v2:172.21.15.77:3300/0 1 ==== mon_map magic: 0 v1 ==== 229+0+0 (secure 0 0 0) 0x7f32a8004180 con 0x7f32b81065e0
2024-04-26T23:47:22.728 INFO:teuthology.orchestra.run.smithi077.stdout:/usr/bin/ceph: stderr
2024-04-26T23:47:21.318+0000 7f32b6a00700 1 -- 172.21.15.77:0/4281278767 <== mon.0 v2:172.21.15.77:3300/0 2 ==== config(27 keys) v1 ==== 1042+0+0 (secure 0 0 0) 0x7f32a80042e0 con 0x7f32b81065e0
2024-04-26T23:47:22.728 INFO:teuthology.orchestra.run.smithi077.stdout:/usr/bin/ceph: stderr
2024-04-26T23:47:21.318+0000 7f32b6a00700 1 -- 172.21.15.77:0/4281278767 <== mon.0 v2:172.21.15.77:3300/0 3 ==== mon_map magic: 0 v1 ==== 229+0+0 (secure 0 0 0) 0x7f32a8011a70 con 0x7f32b81065e0
2024-04-26T23:47:22.729 INFO:teuthology.orchestra.run.smithi077.stdout:/usr/bin/ceph: stderr
2024-04-26T23:47:21.319+0000 7f32be000700 1 -- 172.21.15.77:0/4281278767 >> [v2:172.21.15.77:3300/0,v1:172.21.15.77:6789/0] conn(0x7f32b81065e0 msgr2=0x7f32b8106a00 secure :-1 s=STATE_CONNECTION_ESTABLISHED l=1).mark_down
2024-04-26T23:47:22.729 INFO:teuthology.orchestra.run.smithi077.stdout:/usr/bin/ceph: stderr
2024-04-26T23:47:21.319+0000 7f32be000700 1 --2- 172.21.15.77:0/4281278767 >> [v2:172.21.15.77:3300/0,v1:172.21.15.77:6789/0] conn(0x7f32b81065e0 0x7f32b8106a00 secure :-1 s=READY pgs=18 cs=0 l=1 rev1=1 crypto rx=0x7f32a80098a0 tx=0x7f32a8009bb0 comp rx=0 tx=0).stop
2024-04-26T23:47:22.729 INFO:teuthology.orchestra.run.smithi077.stdout:/usr/bin/ceph: stderr
2024-04-26T23:47:21.319+0000 7f32be000700 1 -- 172.21.15.77:0/4281278767 shutdown_connections
2024-04-26T23:47:22.729 INFO:teuthology.orchestra.run.smithi077.stdout:/usr/bin/ceph: stderr
2024-04-26T23:47:21.319+0000 7f32be000700 1 --2- 172.21.15.77:0/4281278767 >> [v2:172.21.15.77:3300/0,v1:172.21.15.77:6789/0] conn(0x7f32b81065e0 0x7f32b8106a00 unknown :-1 s=CLOSED pgs=18 cs=0 l=1 rev1=1 crypto rx=0 tx=0 comp rx=0 tx=0).stop
2024-04-26T23:47:22.729 INFO:teuthology.orchestra.run.smithi077.stdout:/usr/bin/ceph: stderr
2024-04-26T23:47:21.319+0000 7f32be000700 1 -- 172.21.15.77:0/4281278767 >> 172.21.15.77:0/4281278767 conn(0x7f32b8101c00 msgr2=0x7f32b8104020 unknown :-1 s=STATE_NONE l=0).mark_down
2024-04-26T23:47:22.729 INFO:teuthology.orchestra.run.smithi077.stdout:/usr/bin/ceph: stderr
2024-04-26T23:47:21.319+0000 7f32be000700 1 -- 172.21.15.77:0/4281278767 shutdown_connections
2024-04-26T23:47:22.729 INFO:teuthology.orchestra.run.smithi077.stdout:/usr/bin/ceph: stderr
2024-04-26T23:47:21.319+0000 7f32be000700 1 -- 172.21.15.77:0/4281278767 wait complete.
2024-04-26T23:47:22.729 INFO:teuthology.orchestra.run.smithi077.stdout:/usr/bin/ceph: stderr
2024-04-26T23:47:21.320+0000 7f32be000700 1 Processor -- start
2024-04-26T23:47:22.729 INFO:teuthology.orchestra.run.smithi077.stdout:/usr/bin/ceph: stderr
2024-04-26T23:47:21.321+0000 7f32be000700 1 -- start start
2024-04-26T23:47:22.729 INFO:teuthology.orchestra.run.smithi077.stdout:/usr/bin/ceph: stderr
2024-04-26T23:47:21.321+0000 7f32be000700 1 --2- >> [v2:172.21.15.77:3300/0,v1:172.21.15.77:6789/0] conn(0x7f32b81065e0 0x7f32b819c510 unknown :-1 s=NONE pgs=0 cs=0 l=1 rev1=0 crypto rx=0 tx=0 comp rx=0 tx=0).connect
2024-04-26T23:47:22.729 INFO:teuthology.orchestra.run.smithi077.stdout:/usr/bin/ceph: stderr
2024-04-26T23:47:21.321+0000 7f32be000700 1 -- --> [v2:172.21.15.77:3300/0,v1:172.21.15.77:6789/0] -- mon_getmap magic: 0 v1 -- 0x7f32b819ca50 con 0x7f32b81065e0
2024-04-26T23:47:22.729 INFO:teuthology.orchestra.run.smithi077.stdout:/usr/bin/ceph: stderr
2024-04-26T23:47:21.321+0000 7f32b7400700 1 --2- >> [v2:172.21.15.77:3300/0,v1:172.21.15.77:6789/0] conn(0x7f32b81065e0 0x7f32b819c510 unknown :-1 s=BANNER_CONNECTING pgs=0 cs=0 l=1 rev1=0 crypto rx=0 tx=0 comp rx=0 tx=0)._handle_peer_banner_payload supported=3 required=0
2024-04-26T23:47:22.729 INFO:teuthology.orchestra.run.smithi077.stdout:/usr/bin/ceph: stderr
2024-04-26T23:47:21.321+0000 7f32b7400700 1 --2- >> [v2:172.21.15.77:3300/0,v1:172.21.15.77:6789/0] conn(0x7f32b81065e0 0x7f32b819c510 unknown :-1 s=HELLO_CONNECTING pgs=0 cs=0 l=1 rev1=1 crypto rx=0 tx=0 comp rx=0 tx=0).handle_hello peer v2:172.21.15.77:3300/0 says I am v2:172.21.15.77:39462/0 (socket says 172.21.15.77:39462)
2024-04-26T23:47:22.729 INFO:teuthology.orchestra.run.smithi077.stdout:/usr/bin/ceph: stderr
2024-04-26T23:47:21.321+0000 7f32b7400700 1 -- 172.21.15.77:0/3986915789 learned_addr learned my addr 172.21.15.77:0/3986915789 (peer_addr_for_me v2:172.21.15.77:0/0)
2024-04-26T23:47:22.729 INFO:teuthology.orchestra.run.smithi077.stdout:/usr/bin/ceph: stderr
2024-04-26T23:47:21.322+0000 7f32b7400700 1 -- 172.21.15.77:0/3986915789 --> [v2:172.21.15.77:3300/0,v1:172.21.15.77:6789/0] -- mon_subscribe({config=0+,monmap=0+}) v3 -- 0x7f32a8009550 con 0x7f32b81065e0
2024-04-26T23:47:22.730 INFO:teuthology.orchestra.run.smithi077.stdout:/usr/bin/ceph: stderr
2024-04-26T23:47:21.322+0000 7f32b7400700 1 --2- 172.21.15.77:0/3986915789 >> [v2:172.21.15.77:3300/0,v1:172.21.15.77:6789/0] conn(0x7f32b81065e0 0x7f32b819c510 secure :-1 s=READY pgs=19 cs=0 l=1 rev1=1 crypto rx=0x7f32a8011710 tx=0x7f32a80047c0 comp rx=0 tx=0).ready entity=mon.0 client_cookie=0 server_cookie=0 in_seq=0 out_seq=0
2024-04-26T23:47:22.730 INFO:teuthology.orchestra.run.smithi077.stdout:/usr/bin/ceph: stderr
2024-04-26T23:47:21.322+0000 7f32b4c00700 1 -- 172.21.15.77:0/3986915789 <== mon.0 v2:172.21.15.77:3300/0 1 ==== mon_map magic: 0 v1 ==== 229+0+0 (secure 0 0 0) 0x7f32a8003b10 con 0x7f32b81065e0
2024-04-26T23:47:22.730 INFO:teuthology.orchestra.run.smithi077.stdout:/usr/bin/ceph: stderr
2024-04-26T23:47:21.322+0000 7f32b4c00700 1 -- 172.21.15.77:0/3986915789 <== mon.0 v2:172.21.15.77:3300/0 2 ==== config(27 keys) v1 ==== 1042+0+0 (secure 0 0 0) 0x7f32a801b8c0 con 0x7f32b81065e0
2024-04-26T23:47:22.730 INFO:teuthology.orchestra.run.smithi077.stdout:/usr/bin/ceph: stderr
2024-04-26T23:47:21.322+0000 7f32be000700 1 -- 172.21.15.77:0/3986915789 --> [v2:172.21.15.77:3300/0,v1:172.21.15.77:6789/0] -- mon_subscribe({mgrmap=0+}) v3 -- 0x7f32b819cc50 con 0x7f32b81065e0
2024-04-26T23:47:22.730 INFO:teuthology.orchestra.run.smithi077.stdout:/usr/bin/ceph: stderr
2024-04-26T23:47:21.322+0000 7f32b4c00700 1 -- 172.21.15.77:0/3986915789 <== mon.0 v2:172.21.15.77:3300/0 3 ==== mon_map magic: 0 v1 ==== 229+0+0 (secure 0 0 0) 0x7f32a8019770 con 0x7f32b81065e0
2024-04-26T23:47:22.730 INFO:teuthology.orchestra.run.smithi077.stdout:/usr/bin/ceph: stderr
2024-04-26T23:47:21.323+0000 7f32be000700 1 -- 172.21.15.77:0/3986915789 --> [v2:172.21.15.77:3300/0,v1:172.21.15.77:6789/0] -- mon_subscribe({osdmap=0}) v3 -- 0x7f32b819d0f0 con 0x7f32b81065e0
2024-04-26T23:47:22.730 INFO:teuthology.orchestra.run.smithi077.stdout:/usr/bin/ceph: stderr
2024-04-26T23:47:21.324+0000 7f32b4c00700 1 -- 172.21.15.77:0/3986915789 <== mon.0 v2:172.21.15.77:3300/0 4 ==== mgrmap(e 4) v1 ==== 45545+0+0 (secure 0 0 0) 0x7f32a801b440 con 0x7f32b81065e0
2024-04-26T23:47:22.730 INFO:teuthology.orchestra.run.smithi077.stdout:/usr/bin/ceph: stderr
2024-04-26T23:47:21.324+0000 7f32be000700 1 -- 172.21.15.77:0/3986915789 --> [v2:172.21.15.77:3300/0,v1:172.21.15.77:6789/0] -- mon_command({"prefix": "get_command_descriptions"} v 0) v1 -- 0x7f32b810aa10 con 0x7f32b81065e0
2024-04-26T23:47:22.730 INFO:teuthology.orchestra.run.smithi077.stdout:/usr/bin/ceph: stderr
2024-04-26T23:47:21.324+0000 7f32b4c00700 1 --2- 172.21.15.77:0/3986915789 >> [v2:172.21.15.77:6800/2486418884,v1:172.21.15.77:6801/2486418884] conn(0x7f329c0386d0 0x7f329c03ab90 unknown :-1 s=NONE pgs=0 cs=0 l=1 rev1=0 crypto rx=0 tx=0 comp rx=0 tx=0).connect
2024-04-26T23:47:22.730 INFO:teuthology.orchestra.run.smithi077.stdout:/usr/bin/ceph: stderr
2024-04-26T23:47:21.324+0000 7f32b4c00700 1 -- 172.21.15.77:0/3986915789 <== mon.0 v2:172.21.15.77:3300/0 5 ==== osd_map(1..1 src has 1..1) v4 ==== 725+0+0 (secure 0 0 0) 0x7f32a804c8c0 con 0x7f32b81065e0
2024-04-26T23:47:22.730 INFO:teuthology.orchestra.run.smithi077.stdout:/usr/bin/ceph: stderr
2024-04-26T23:47:21.324+0000 7f32aea00700 1 --2- 172.21.15.77:0/3986915789 >> [v2:172.21.15.77:6800/2486418884,v1:172.21.15.77:6801/2486418884] conn(0x7f329c0386d0 0x7f329c03ab90 unknown :-1 s=BANNER_CONNECTING pgs=0 cs=0 l=1 rev1=0 crypto rx=0 tx=0 comp rx=0 tx=0)._handle_peer_banner_payload supported=3 required=0
2024-04-26T23:47:22.730 INFO:teuthology.orchestra.run.smithi077.stdout:/usr/bin/ceph: stderr
2024-04-26T23:47:21.325+0000 7f32aea00700 1 --2- 172.21.15.77:0/3986915789 >> [v2:172.21.15.77:6800/2486418884,v1:172.21.15.77:6801/2486418884] conn(0x7f329c0386d0 0x7f329c03ab90 secure :-1 s=READY pgs=6 cs=0 l=1 rev1=1 crypto rx=0x7f32a0006fd0 tx=0x7f32a0006e40 comp rx=0 tx=0).ready entity=mgr.14100 client_cookie=0 server_cookie=0 in_seq=0 out_seq=0
2024-04-26T23:47:22.730 INFO:teuthology.orchestra.run.smithi077.stdout:/usr/bin/ceph: stderr
2024-04-26T23:47:21.330+0000 7f32b4c00700 1 -- 172.21.15.77:0/3986915789 <== mon.0 v2:172.21.15.77:3300/0 6 ==== mon_command_ack([{"prefix": "get_command_descriptions"}]=0 v0) v1 ==== 72+0+183351 (secure 0 0 0) 0x7f32a801b6f0 con 0x7f32b81065e0
2024-04-26T23:47:22.731 INFO:teuthology.orchestra.run.smithi077.stdout:/usr/bin/ceph: stderr
2024-04-26T23:47:21.630+0000 7f32be000700 1 -- 172.21.15.77:0/3986915789 --> [v2:172.21.15.77:3300/0,v1:172.21.15.77:6789/0] -- mon_command({"prefix": "status", "format": "json-pretty"} v 0) v1 -- 0x7f32b819f980 con 0x7f32b81065e0
2024-04-26T23:47:22.731 INFO:teuthology.orchestra.run.smithi077.stdout:/usr/bin/ceph: stderr
2024-04-26T23:47:21.631+0000 7f32b4c00700 1 -- 172.21.15.77:0/3986915789 <== mon.0 v2:172.21.15.77:3300/0 7 ==== mon_command_ack([{"prefix": "status", "format": "json-pretty"}]=0 v0) v1 ==== 79+0+1246 (secure 0 0 0) 0x7f32a801f070 con 0x7f32b81065e0
2024-04-26T23:47:22.731 INFO:teuthology.orchestra.run.smithi077.stdout:/usr/bin/ceph: stderr
2024-04-26T23:47:21.633+0000 7f32be000700 1 -- 172.21.15.77:0/3986915789 >> [v2:172.21.15.77:6800/2486418884,v1:172.21.15.77:6801/2486418884] conn(0x7f329c0386d0 msgr2=0x7f329c03ab90 secure :-1 s=STATE_CONNECTION_ESTABLISHED l=1).mark_down
2024-04-26T23:47:22.731 INFO:teuthology.orchestra.run.smithi077.stdout:/usr/bin/ceph: stderr
2024-04-26T23:47:21.633+0000 7f32be000700 1 --2- 172.21.15.77:0/3986915789 >> [v2:172.21.15.77:6800/2486418884,v1:172.21.15.77:6801/2486418884] conn(0x7f329c0386d0 0x7f329c03ab90 secure :-1 s=READY pgs=6 cs=0 l=1 rev1=1 crypto rx=0x7f32a0006fd0 tx=0x7f32a0006e40 comp rx=0 tx=0).stop
2024-04-26T23:47:22.731 INFO:teuthology.orchestra.run.smithi077.stdout:/usr/bin/ceph: stderr
2024-04-26T23:47:21.634+0000 7f32be000700 1 -- 172.21.15.77:0/3986915789 >> [v2:172.21.15.77:3300/0,v1:172.21.15.77:6789/0] conn(0x7f32b81065e0 msgr2=0x7f32b819c510 secure :-1 s=STATE_CONNECTION_ESTABLISHED l=1).mark_down
2024-04-26T23:47:22.731 INFO:teuthology.orchestra.run.smithi077.stdout:/usr/bin/ceph: stderr
2024-04-26T23:47:21.634+0000 7f32be000700 1 --2- 172.21.15.77:0/3986915789 >> [v2:172.21.15.77:3300/0,v1:172.21.15.77:6789/0] conn(0x7f32b81065e0 0x7f32b819c510 secure :-1 s=READY pgs=19 cs=0 l=1 rev1=1 crypto rx=0x7f32a8011710 tx=0x7f32a80047c0 comp rx=0 tx=0).stop
2024-04-26T23:47:22.731 INFO:teuthology.orchestra.run.smithi077.stdout:/usr/bin/ceph: stderr
2024-04-26T23:47:21.634+0000 7f32be000700 1 -- 172.21.15.77:0/3986915789 shutdown_connections
2024-04-26T23:47:22.731 INFO:teuthology.orchestra.run.smithi077.stdout:/usr/bin/ceph: stderr
2024-04-26T23:47:21.634+0000 7f32be000700 1 --2- 172.21.15.77:0/3986915789 >> [v2:172.21.15.77:6800/2486418884,v1:172.21.15.77:6801/2486418884] conn(0x7f329c0386d0 0x7f329c03ab90 unknown :-1 s=CLOSED pgs=6 cs=0 l=1 rev1=1 crypto rx=0 tx=0 comp rx=0 tx=0).stop
2024-04-26T23:47:22.731 INFO:teuthology.orchestra.run.smithi077.stdout:/usr/bin/ceph: stderr
2024-04-26T23:47:21.634+0000 7f32be000700 1 --2- 172.21.15.77:0/3986915789 >> [v2:172.21.15.77:3300/0,v1:172.21.15.77:6789/0] conn(0x7f32b81065e0 0x7f32b819c510 unknown :-1 s=CLOSED pgs=19 cs=0 l=1 rev1=1 crypto rx=0 tx=0 comp rx=0 tx=0).stop
2024-04-26T23:47:22.731 INFO:teuthology.orchestra.run.smithi077.stdout:/usr/bin/ceph: stderr
2024-04-26T23:47:21.634+0000 7f32be000700 1 -- 172.21.15.77:0/3986915789 >> 172.21.15.77:0/3986915789 conn(0x7f32b8101c00 msgr2=0x7f32b81026b0 unknown :-1 s=STATE_NONE l=0).mark_down
2024-04-26T23:47:22.731 INFO:teuthology.orchestra.run.smithi077.stdout:/usr/bin/ceph: stderr
2024-04-26T23:47:21.634+0000 7f32be000700 1 -- 172.21.15.77:0/3986915789 shutdown_connections
2024-04-26T23:47:22.731 INFO:teuthology.orchestra.run.smithi077.stdout:/usr/bin/ceph: stderr
2024-04-26T23:47:21.634+0000 7f32be000700 1 -- 172.21.15.77:0/3986915789 wait complete.
2024-04-26T23:47:22.731 INFO:teuthology.orchestra.run.smithi077.stdout:mgr is available
2024-04-26T23:47:23.871 INFO:journalctl@ceph.mon.smithi077.smithi077.stdout:Apr 26 23:47:23 smithi077 ceph-mon[25294]: from='client.? 172.21.15.77:0/198220360' entity='client.admin' cmd=[{"prefix": "config assimilate-conf"}]: dispatch
2024-04-26T23:47:24.250 INFO:teuthology.orchestra.run.smithi077.stdout:/usr/bin/ceph: stdout
2024-04-26T23:47:24.250 INFO:teuthology.orchestra.run.smithi077.stdout:/usr/bin/ceph: stdout [global]
2024-04-26T23:47:24.250 INFO:teuthology.orchestra.run.smithi077.stdout:/usr/bin/ceph: stdout fsid = 21763bac-0427-11ef-bc93-c7b262605968
2024-04-26T23:47:24.250 INFO:teuthology.orchestra.run.smithi077.stdout:/usr/bin/ceph: stdout mon_osd_allow_pg_remap = true
2024-04-26T23:47:24.250 INFO:teuthology.orchestra.run.smithi077.stdout:/usr/bin/ceph: stdout mon_osd_allow_primary_affinity = true
2024-04-26T23:47:24.250 INFO:teuthology.orchestra.run.smithi077.stdout:/usr/bin/ceph: stdout mon_warn_on_no_sortbitwise = false
2024-04-26T23:47:24.252 INFO:teuthology.orchestra.run.smithi077.stdout:/usr/bin/ceph: stdout osd_crush_chooseleaf_type = 0
2024-04-26T23:47:24.252 INFO:teuthology.orchestra.run.smithi077.stdout:/usr/bin/ceph: stdout
2024-04-26T23:47:24.252 INFO:teuthology.orchestra.run.smithi077.stdout:/usr/bin/ceph: stdout [mgr]
2024-04-26T23:47:24.252 INFO:teuthology.orchestra.run.smithi077.stdout:/usr/bin/ceph: stdout mgr/telemetry/nag = false
2024-04-26T23:47:24.252 INFO:teuthology.orchestra.run.smithi077.stdout:/usr/bin/ceph: stdout
2024-04-26T23:47:24.252 INFO:teuthology.orchestra.run.smithi077.stdout:/usr/bin/ceph: stdout [osd]
2024-04-26T23:47:24.252 INFO:teuthology.orchestra.run.smithi077.stdout:/usr/bin/ceph: stdout mon_osd_backfillfull_ratio = 0.85
2024-04-26T23:47:24.252 INFO:teuthology.orchestra.run.smithi077.stdout:/usr/bin/ceph: stdout mon_osd_full_ratio = 0.9
2024-04-26T23:47:24.252 INFO:teuthology.orchestra.run.smithi077.stdout:/usr/bin/ceph: stdout mon_osd_nearfull_ratio = 0.8
2024-04-26T23:47:24.252 INFO:teuthology.orchestra.run.smithi077.stdout:/usr/bin/ceph: stdout osd_map_max_advance = 10
2024-04-26T23:47:24.252 INFO:teuthology.orchestra.run.smithi077.stdout:/usr/bin/ceph: stdout osd_sloppy_crc = true
2024-04-26T23:47:24.252 INFO:teuthology.orchestra.run.smithi077.stdout:/usr/bin/ceph: stderr
2024-04-26T23:47:23.270+0000 7f3abfa00700 1 Processor -- start
2024-04-26T23:47:24.256 INFO:teuthology.orchestra.run.smithi077.stdout:/usr/bin/ceph: stderr
2024-04-26T23:47:23.270+0000 7f3abfa00700 1 -- start start
2024-04-26T23:47:24.256 INFO:teuthology.orchestra.run.smithi077.stdout:/usr/bin/ceph: stderr
2024-04-26T23:47:23.271+0000 7f3abfa00700 1 --2- >> [v2:172.21.15.77:3300/0,v1:172.21.15.77:6789/0] conn(0x7f3ab810cfd0 0x7f3ab810d3f0 unknown :-1 s=NONE pgs=0 cs=0 l=0 rev1=0 crypto rx=0 tx=0 comp rx=0 tx=0).connect
2024-04-26T23:47:24.256 INFO:teuthology.orchestra.run.smithi077.stdout:/usr/bin/ceph: stderr
2024-04-26T23:47:23.271+0000 7f3abfa00700 1 -- --> [v2:172.21.15.77:3300/0,v1:172.21.15.77:6789/0] -- mon_getmap magic: 0 v1 -- 0x7f3ab810d9c0 con 0x7f3ab810cfd0
2024-04-26T23:47:24.256 INFO:teuthology.orchestra.run.smithi077.stdout:/usr/bin/ceph: stderr
2024-04-26T23:47:23.271+0000 7f3abd000700 1 --2- >> [v2:172.21.15.77:3300/0,v1:172.21.15.77:6789/0] conn(0x7f3ab810cfd0 0x7f3ab810d3f0 unknown :-1 s=BANNER_CONNECTING pgs=0 cs=0 l=0 rev1=0 crypto rx=0 tx=0 comp rx=0 tx=0)._handle_peer_banner_payload supported=3 required=0
2024-04-26T23:47:24.256 INFO:teuthology.orchestra.run.smithi077.stdout:/usr/bin/ceph: stderr
2024-04-26T23:47:23.271+0000 7f3abd000700 1 --2- >> [v2:172.21.15.77:3300/0,v1:172.21.15.77:6789/0] conn(0x7f3ab810cfd0 0x7f3ab810d3f0 unknown :-1 s=HELLO_CONNECTING pgs=0 cs=0 l=0 rev1=1 crypto rx=0 tx=0 comp rx=0 tx=0).handle_hello peer v2:172.21.15.77:3300/0 says I am v2:172.21.15.77:59296/0 (socket says 172.21.15.77:59296)
2024-04-26T23:47:24.257 INFO:teuthology.orchestra.run.smithi077.stdout:/usr/bin/ceph: stderr
2024-04-26T23:47:23.271+0000 7f3abd000700 1 -- 172.21.15.77:0/2251281173 learned_addr learned my addr 172.21.15.77:0/2251281173 (peer_addr_for_me v2:172.21.15.77:0/0)
2024-04-26T23:47:24.257 INFO:teuthology.orchestra.run.smithi077.stdout:/usr/bin/ceph: stderr
2024-04-26T23:47:23.272+0000 7f3abd000700 1 -- 172.21.15.77:0/2251281173 --> [v2:172.21.15.77:3300/0,v1:172.21.15.77:6789/0] -- mon_subscribe({config=0+,monmap=0+}) v3 -- 0x7f3ab810ddc0 con 0x7f3ab810cfd0
2024-04-26T23:47:24.257 INFO:teuthology.orchestra.run.smithi077.stdout:/usr/bin/ceph: stderr
2024-04-26T23:47:23.272+0000 7f3abd000700 1 --2- 172.21.15.77:0/2251281173 >> [v2:172.21.15.77:3300/0,v1:172.21.15.77:6789/0] conn(0x7f3ab810cfd0 0x7f3ab810d3f0 secure :-1 s=READY pgs=20 cs=0 l=1 rev1=1 crypto rx=0x7f3aac0098a0 tx=0x7f3aac009bb0 comp rx=0 tx=0).ready entity=mon.0 client_cookie=612c845a5e99fbef server_cookie=0 in_seq=0 out_seq=0
2024-04-26T23:47:24.257 INFO:teuthology.orchestra.run.smithi077.stdout:/usr/bin/ceph: stderr
2024-04-26T23:47:23.273+0000 7f3ab7400700 1 -- 172.21.15.77:0/2251281173 <== mon.0 v2:172.21.15.77:3300/0 1 ==== mon_map magic: 0 v1 ==== 229+0+0 (secure 0 0 0) 0x7f3aac004180 con 0x7f3ab810cfd0
2024-04-26T23:47:24.257 INFO:teuthology.orchestra.run.smithi077.stdout:/usr/bin/ceph: stderr
2024-04-26T23:47:23.273+0000 7f3ab7400700 1 -- 172.21.15.77:0/2251281173 <== mon.0 v2:172.21.15.77:3300/0 2 ==== config(27 keys) v1 ==== 1042+0+0 (secure 0 0 0) 0x7f3aac0042e0 con 0x7f3ab810cfd0
2024-04-26T23:47:24.257 INFO:teuthology.orchestra.run.smithi077.stdout:/usr/bin/ceph: stderr
2024-04-26T23:47:23.273+0000 7f3ab7400700 1 -- 172.21.15.77:0/2251281173 <== mon.0 v2:172.21.15.77:3300/0 3 ==== mon_map magic: 0 v1 ==== 229+0+0 (secure 0 0 0) 0x7f3aac011a70 con 0x7f3ab810cfd0
2024-04-26T23:47:24.257 INFO:teuthology.orchestra.run.smithi077.stdout:/usr/bin/ceph: stderr
2024-04-26T23:47:23.273+0000 7f3abfa00700 1 -- 172.21.15.77:0/2251281173 >> [v2:172.21.15.77:3300/0,v1:172.21.15.77:6789/0] conn(0x7f3ab810cfd0 msgr2=0x7f3ab810d3f0 secure :-1 s=STATE_CONNECTION_ESTABLISHED l=1).mark_down
2024-04-26T23:47:24.257 INFO:teuthology.orchestra.run.smithi077.stdout:/usr/bin/ceph: stderr
2024-04-26T23:47:23.273+0000 7f3abfa00700 1 --2- 172.21.15.77:0/2251281173 >> [v2:172.21.15.77:3300/0,v1:172.21.15.77:6789/0] conn(0x7f3ab810cfd0 0x7f3ab810d3f0 secure :-1 s=READY pgs=20 cs=0 l=1 rev1=1 crypto rx=0x7f3aac0098a0 tx=0x7f3aac009bb0 comp rx=0 tx=0).stop
2024-04-26T23:47:24.257 INFO:teuthology.orchestra.run.smithi077.stdout:/usr/bin/ceph: stderr
2024-04-26T23:47:23.273+0000 7f3abfa00700 1 -- 172.21.15.77:0/2251281173 shutdown_connections
2024-04-26T23:47:24.257 INFO:teuthology.orchestra.run.smithi077.stdout:/usr/bin/ceph: stderr
2024-04-26T23:47:23.273+0000 7f3abfa00700 1 --2- 172.21.15.77:0/2251281173 >> [v2:172.21.15.77:3300/0,v1:172.21.15.77:6789/0] conn(0x7f3ab810cfd0 0x7f3ab810d3f0 unknown :-1 s=CLOSED pgs=20 cs=0 l=1 rev1=1 crypto rx=0 tx=0 comp rx=0 tx=0).stop
2024-04-26T23:47:24.257 INFO:teuthology.orchestra.run.smithi077.stdout:/usr/bin/ceph: stderr
2024-04-26T23:47:23.273+0000 7f3abfa00700 1 -- 172.21.15.77:0/2251281173 >> 172.21.15.77:0/2251281173 conn(0x7f3ab807bbf0 msgr2=0x7f3ab807e030 unknown :-1 s=STATE_NONE l=0).mark_down
2024-04-26T23:47:24.257 INFO:teuthology.orchestra.run.smithi077.stdout:/usr/bin/ceph: stderr
2024-04-26T23:47:23.274+0000 7f3abfa00700 1 -- 172.21.15.77:0/2251281173 shutdown_connections
2024-04-26T23:47:24.257 INFO:teuthology.orchestra.run.smithi077.stdout:/usr/bin/ceph: stderr
2024-04-26T23:47:23.274+0000 7f3abfa00700 1 -- 172.21.15.77:0/2251281173 wait complete.
2024-04-26T23:47:24.257 INFO:teuthology.orchestra.run.smithi077.stdout:/usr/bin/ceph: stderr
2024-04-26T23:47:23.275+0000 7f3abfa00700 1 Processor -- start
2024-04-26T23:47:24.257 INFO:teuthology.orchestra.run.smithi077.stdout:/usr/bin/ceph: stderr
2024-04-26T23:47:23.275+0000 7f3abfa00700 1 -- start start
2024-04-26T23:47:24.258 INFO:teuthology.orchestra.run.smithi077.stdout:/usr/bin/ceph: stderr
2024-04-26T23:47:23.275+0000 7f3abfa00700 1 --2- >> [v2:172.21.15.77:3300/0,v1:172.21.15.77:6789/0] conn(0x7f3ab810cfd0 0x7f3ab81a0890 unknown :-1 s=NONE pgs=0 cs=0 l=1 rev1=0 crypto rx=0 tx=0 comp rx=0 tx=0).connect
2024-04-26T23:47:24.258 INFO:teuthology.orchestra.run.smithi077.stdout:/usr/bin/ceph: stderr
2024-04-26T23:47:23.275+0000 7f3abfa00700 1 -- --> [v2:172.21.15.77:3300/0,v1:172.21.15.77:6789/0] -- mon_getmap magic: 0 v1 -- 0x7f3ab81a0dd0 con 0x7f3ab810cfd0
2024-04-26T23:47:24.258 INFO:teuthology.orchestra.run.smithi077.stdout:/usr/bin/ceph: stderr
2024-04-26T23:47:23.275+0000 7f3abd000700 1 --2- >> [v2:172.21.15.77:3300/0,v1:172.21.15.77:6789/0] conn(0x7f3ab810cfd0 0x7f3ab81a0890 unknown :-1 s=BANNER_CONNECTING pgs=0 cs=0 l=1 rev1=0 crypto rx=0 tx=0 comp rx=0 tx=0)._handle_peer_banner_payload supported=3 required=0
2024-04-26T23:47:24.258 INFO:teuthology.orchestra.run.smithi077.stdout:/usr/bin/ceph: stderr
2024-04-26T23:47:23.275+0000 7f3abd000700 1 --2- >> [v2:172.21.15.77:3300/0,v1:172.21.15.77:6789/0] conn(0x7f3ab810cfd0 0x7f3ab81a0890 unknown :-1 s=HELLO_CONNECTING pgs=0 cs=0 l=1 rev1=1 crypto rx=0 tx=0 comp rx=0 tx=0).handle_hello peer v2:172.21.15.77:3300/0 says I am v2:172.21.15.77:59298/0 (socket says 172.21.15.77:59298)
2024-04-26T23:47:24.258 INFO:teuthology.orchestra.run.smithi077.stdout:/usr/bin/ceph: stderr
2024-04-26T23:47:23.275+0000 7f3abd000700 1 -- 172.21.15.77:0/198220360 learned_addr learned my addr 172.21.15.77:0/198220360 (peer_addr_for_me v2:172.21.15.77:0/0)
2024-04-26T23:47:24.258 INFO:teuthology.orchestra.run.smithi077.stdout:/usr/bin/ceph: stderr
2024-04-26T23:47:23.276+0000 7f3abd000700 1 -- 172.21.15.77:0/198220360 --> [v2:172.21.15.77:3300/0,v1:172.21.15.77:6789/0] -- mon_subscribe({config=0+,monmap=0+}) v3 -- 0x7f3aac009550 con 0x7f3ab810cfd0
2024-04-26T23:47:24.258 INFO:teuthology.orchestra.run.smithi077.stdout:/usr/bin/ceph: stderr
2024-04-26T23:47:23.276+0000 7f3abd000700 1 --2- 172.21.15.77:0/198220360 >> [v2:172.21.15.77:3300/0,v1:172.21.15.77:6789/0] conn(0x7f3ab810cfd0 0x7f3ab81a0890 secure :-1 s=READY pgs=21 cs=0 l=1 rev1=1 crypto rx=0x7f3aac011710 tx=0x7f3aac0047c0 comp rx=0 tx=0).ready entity=mon.0 client_cookie=0 server_cookie=0 in_seq=0 out_seq=0
2024-04-26T23:47:24.258 INFO:teuthology.orchestra.run.smithi077.stdout:/usr/bin/ceph: stderr
2024-04-26T23:47:23.276+0000 7f3ab5600700 1 -- 172.21.15.77:0/198220360 <== mon.0 v2:172.21.15.77:3300/0 1 ==== mon_map magic: 0 v1 ==== 229+0+0 (secure 0 0 0) 0x7f3aac003b10 con 0x7f3ab810cfd0
2024-04-26T23:47:24.258 INFO:teuthology.orchestra.run.smithi077.stdout:/usr/bin/ceph: stderr
2024-04-26T23:47:23.276+0000 7f3ab5600700 1 -- 172.21.15.77:0/198220360 <== mon.0 v2:172.21.15.77:3300/0 2 ==== config(27 keys) v1 ==== 1042+0+0 (secure 0 0 0) 0x7f3aac01b8c0 con 0x7f3ab810cfd0
2024-04-26T23:47:24.258 INFO:teuthology.orchestra.run.smithi077.stdout:/usr/bin/ceph: stderr
2024-04-26T23:47:23.276+0000 7f3abfa00700 1 -- 172.21.15.77:0/198220360 --> [v2:172.21.15.77:3300/0,v1:172.21.15.77:6789/0] -- mon_subscribe({mgrmap=0+}) v3 -- 0x7f3ab81a0fd0 con 0x7f3ab810cfd0
2024-04-26T23:47:24.258 INFO:teuthology.orchestra.run.smithi077.stdout:/usr/bin/ceph: stderr
2024-04-26T23:47:23.276+0000 7f3ab5600700 1 -- 172.21.15.77:0/198220360 <== mon.0 v2:172.21.15.77:3300/0 3 ==== mon_map magic: 0 v1 ==== 229+0+0 (secure 0 0 0) 0x7f3aac0197e0 con 0x7f3ab810cfd0
2024-04-26T23:47:24.258 INFO:teuthology.orchestra.run.smithi077.stdout:/usr/bin/ceph: stderr
2024-04-26T23:47:23.276+0000 7f3abfa00700 1 -- 172.21.15.77:0/198220360 --> [v2:172.21.15.77:3300/0,v1:172.21.15.77:6789/0] -- mon_subscribe({osdmap=0}) v3 -- 0x7f3ab81a1470 con 0x7f3ab810cfd0
2024-04-26T23:47:24.260 INFO:teuthology.orchestra.run.smithi077.stdout:/usr/bin/ceph: stderr
2024-04-26T23:47:23.277+0000 7f3ab5600700 1 -- 172.21.15.77:0/198220360 <== mon.0 v2:172.21.15.77:3300/0 4 ==== mgrmap(e 4) v1 ==== 45545+0+0 (secure 0 0 0) 0x7f3aac01b440 con 0x7f3ab810cfd0
2024-04-26T23:47:24.261 INFO:teuthology.orchestra.run.smithi077.stdout:/usr/bin/ceph: stderr
2024-04-26T23:47:23.278+0000 7f3abfa00700 1 -- 172.21.15.77:0/198220360 --> [v2:172.21.15.77:3300/0,v1:172.21.15.77:6789/0] -- mon_command({"prefix": "get_command_descriptions"} v 0) v1 -- 0x7f3ab8110ff0 con 0x7f3ab810cfd0
2024-04-26T23:47:24.261 INFO:teuthology.orchestra.run.smithi077.stdout:/usr/bin/ceph: stderr
2024-04-26T23:47:23.278+0000 7f3ab5600700 1 --2- 172.21.15.77:0/198220360 >> [v2:172.21.15.77:6800/2486418884,v1:172.21.15.77:6801/2486418884] conn(0x7f3aa0038770 0x7f3aa003ac30 unknown :-1 s=NONE pgs=0 cs=0 l=1 rev1=0 crypto rx=0 tx=0 comp rx=0 tx=0).connect
2024-04-26T23:47:24.261 INFO:teuthology.orchestra.run.smithi077.stdout:/usr/bin/ceph: stderr
2024-04-26T23:47:23.278+0000 7f3ab5600700 1 -- 172.21.15.77:0/198220360 <== mon.0 v2:172.21.15.77:3300/0 5 ==== osd_map(1..1 src has 1..1) v4 ==== 725+0+0 (secure 0 0 0) 0x7f3aac04c8c0 con 0x7f3ab810cfd0
2024-04-26T23:47:24.261 INFO:teuthology.orchestra.run.smithi077.stdout:/usr/bin/ceph: stderr
2024-04-26T23:47:23.278+0000 7f3ab7e00700 1 --2- 172.21.15.77:0/198220360 >> [v2:172.21.15.77:6800/2486418884,v1:172.21.15.77:6801/2486418884] conn(0x7f3aa0038770 0x7f3aa003ac30 unknown :-1 s=BANNER_CONNECTING pgs=0 cs=0 l=1 rev1=0 crypto rx=0 tx=0 comp rx=0 tx=0)._handle_peer_banner_payload supported=3 required=0
2024-04-26T23:47:24.261 INFO:teuthology.orchestra.run.smithi077.stdout:/usr/bin/ceph: stderr
2024-04-26T23:47:23.279+0000 7f3ab7e00700 1 --2- 172.21.15.77:0/198220360 >> [v2:172.21.15.77:6800/2486418884,v1:172.21.15.77:6801/2486418884] conn(0x7f3aa0038770 0x7f3aa003ac30 secure :-1 s=READY pgs=7 cs=0 l=1 rev1=1 crypto rx=0x7f3aa8006fd0 tx=0x7f3aa8006e40 comp rx=0 tx=0).ready entity=mgr.14100 client_cookie=0 server_cookie=0 in_seq=0 out_seq=0
2024-04-26T23:47:24.261 INFO:teuthology.orchestra.run.smithi077.stdout:/usr/bin/ceph: stderr
2024-04-26T23:47:23.283+0000 7f3ab5600700 1 -- 172.21.15.77:0/198220360 <== mon.0 v2:172.21.15.77:3300/0 6 ==== mon_command_ack([{"prefix": "get_command_descriptions"}]=0 v0) v1 ==== 72+0+183351 (secure 0 0 0) 0x7f3aac0199d0 con 0x7f3ab810cfd0
2024-04-26T23:47:24.261 INFO:teuthology.orchestra.run.smithi077.stdout:/usr/bin/ceph: stderr
2024-04-26T23:47:23.500+0000 7f3abfa00700 1 -- 172.21.15.77:0/198220360 --> [v2:172.21.15.77:3300/0,v1:172.21.15.77:6789/0] -- mon_command({"prefix": "config assimilate-conf"} v 0) v1 -- 0x7f3ab81a3d60 con 0x7f3ab810cfd0
2024-04-26T23:47:24.261 INFO:teuthology.orchestra.run.smithi077.stdout:/usr/bin/ceph: stderr
2024-04-26T23:47:23.502+0000 7f3ab5600700 1 -- 172.21.15.77:0/198220360 <== mon.0 v2:172.21.15.77:3300/0 7 ==== mon_command_ack([{"prefix": "config assimilate-conf"}]=0 v3) v1 ==== 70+0+373 (secure 0 0 0) 0x7f3aac01f070 con 0x7f3ab810cfd0
2024-04-26T23:47:24.261 INFO:teuthology.orchestra.run.smithi077.stdout:/usr/bin/ceph: stderr
2024-04-26T23:47:23.505+0000 7f3abfa00700 1 -- 172.21.15.77:0/198220360 >> [v2:172.21.15.77:6800/2486418884,v1:172.21.15.77:6801/2486418884] conn(0x7f3aa0038770 msgr2=0x7f3aa003ac30 secure :-1 s=STATE_CONNECTION_ESTABLISHED l=1).mark_down
2024-04-26T23:47:24.261 INFO:teuthology.orchestra.run.smithi077.stdout:/usr/bin/ceph: stderr
2024-04-26T23:47:23.505+0000 7f3abfa00700 1 --2- 172.21.15.77:0/198220360 >> [v2:172.21.15.77:6800/2486418884,v1:172.21.15.77:6801/2486418884] conn(0x7f3aa0038770 0x7f3aa003ac30 secure :-1 s=READY pgs=7 cs=0 l=1 rev1=1 crypto rx=0x7f3aa8006fd0 tx=0x7f3aa8006e40 comp rx=0 tx=0).stop
2024-04-26T23:47:24.261 INFO:teuthology.orchestra.run.smithi077.stdout:/usr/bin/ceph: stderr
2024-04-26T23:47:23.505+0000 7f3abfa00700 1 -- 172.21.15.77:0/198220360 >> [v2:172.21.15.77:3300/0,v1:172.21.15.77:6789/0] conn(0x7f3ab810cfd0 msgr2=0x7f3ab81a0890 secure :-1 s=STATE_CONNECTION_ESTABLISHED l=1).mark_down
2024-04-26T23:47:24.261 INFO:teuthology.orchestra.run.smithi077.stdout:/usr/bin/ceph: stderr
2024-04-26T23:47:23.505+0000 7f3abfa00700 1 --2- 172.21.15.77:0/198220360 >> [v2:172.21.15.77:3300/0,v1:172.21.15.77:6789/0] conn(0x7f3ab810cfd0 0x7f3ab81a0890 secure :-1 s=READY pgs=21 cs=0 l=1 rev1=1 crypto rx=0x7f3aac011710 tx=0x7f3aac0047c0 comp rx=0 tx=0).stop
2024-04-26T23:47:24.261 INFO:teuthology.orchestra.run.smithi077.stdout:/usr/bin/ceph: stderr
2024-04-26T23:47:23.505+0000 7f3abfa00700 1 -- 172.21.15.77:0/198220360 shutdown_connections
2024-04-26T23:47:24.261 INFO:teuthology.orchestra.run.smithi077.stdout:/usr/bin/ceph: stderr
2024-04-26T23:47:23.505+0000 7f3abfa00700 1 --2- 172.21.15.77:0/198220360 >> [v2:172.21.15.77:6800/2486418884,v1:172.21.15.77:6801/2486418884] conn(0x7f3aa0038770 0x7f3aa003ac30 unknown :-1 s=CLOSED pgs=7 cs=0 l=1 rev1=1 crypto rx=0 tx=0 comp rx=0 tx=0).stop
2024-04-26T23:47:24.261 INFO:teuthology.orchestra.run.smithi077.stdout:/usr/bin/ceph: stderr
