2024-04-28T12:39:42.895+0000 7f5b53400700 1 -- 172.21.15.84:0/1247600181 <== mon.0 v2:172.21.15.84:3300/0 1 ==== mon_map magic: 0 ==== 205+0+0 (secure 0 0 0) 0x7f5b48004160 con 0x7f5b5410b140
2024-04-28T12:39:43.872 INFO:teuthology.orchestra.run.smithi084.stdout:/usr/bin/ceph: stderr
2024-04-28T12:39:42.895+0000 7f5b53400700 1 -- 172.21.15.84:0/1247600181 <== mon.0 v2:172.21.15.84:3300/0 2 ==== config(26 keys) ==== 1070+0+0 (secure 0 0 0) 0x7f5b48004300 con 0x7f5b5410b140
2024-04-28T12:39:43.872 INFO:teuthology.orchestra.run.smithi084.stdout:/usr/bin/ceph: stderr
2024-04-28T12:39:42.895+0000 7f5b53400700 1 -- 172.21.15.84:0/1247600181 <== mon.0 v2:172.21.15.84:3300/0 3 ==== mon_map magic: 0 ==== 205+0+0 (secure 0 0 0) 0x7f5b48011af0 con 0x7f5b5410b140
2024-04-28T12:39:43.872 INFO:teuthology.orchestra.run.smithi084.stdout:/usr/bin/ceph: stderr
2024-04-28T12:39:42.896+0000 7f5b5bc00700 1 -- 172.21.15.84:0/1247600181 >> [v2:172.21.15.84:3300/0,v1:172.21.15.84:6789/0] conn(0x7f5b5410b140 msgr2=0x7f5b5410b560 secure :-1 s=STATE_CONNECTION_ESTABLISHED l=1).mark_down
2024-04-28T12:39:43.873 INFO:teuthology.orchestra.run.smithi084.stdout:/usr/bin/ceph: stderr
2024-04-28T12:39:42.896+0000 7f5b5bc00700 1 --2- 172.21.15.84:0/1247600181 >> [v2:172.21.15.84:3300/0,v1:172.21.15.84:6789/0] conn(0x7f5b5410b140 0x7f5b5410b560 secure :-1 s=READY pgs=18 cs=0 l=1 rev1=1 crypto rx=0x7f5b480098a0 tx=0x7f5b48009bb0 comp rx=0 tx=0).stop
2024-04-28T12:39:43.873 INFO:teuthology.orchestra.run.smithi084.stdout:/usr/bin/ceph: stderr
2024-04-28T12:39:42.896+0000 7f5b5bc00700 1 -- 172.21.15.84:0/1247600181 shutdown_connections
2024-04-28T12:39:43.873 INFO:teuthology.orchestra.run.smithi084.stdout:/usr/bin/ceph: stderr
2024-04-28T12:39:42.896+0000 7f5b5bc00700 1 --2- 172.21.15.84:0/1247600181 >> [v2:172.21.15.84:3300/0,v1:172.21.15.84:6789/0] conn(0x7f5b5410b140 0x7f5b5410b560 unknown :-1 s=CLOSED pgs=18 cs=0 l=1 rev1=1 crypto rx=0 tx=0 comp rx=0 tx=0).stop
2024-04-28T12:39:43.873 INFO:teuthology.orchestra.run.smithi084.stdout:/usr/bin/ceph: stderr
2024-04-28T12:39:42.896+0000 7f5b5bc00700 1 -- 172.21.15.84:0/1247600181 >> 172.21.15.84:0/1247600181 conn(0x7f5b5407e6b0 msgr2=0x7f5b5407eb20 unknown :-1 s=STATE_NONE l=0).mark_down
2024-04-28T12:39:43.873 INFO:teuthology.orchestra.run.smithi084.stdout:/usr/bin/ceph: stderr
2024-04-28T12:39:42.896+0000 7f5b5bc00700 1 -- 172.21.15.84:0/1247600181 shutdown_connections
2024-04-28T12:39:43.873 INFO:teuthology.orchestra.run.smithi084.stdout:/usr/bin/ceph: stderr
2024-04-28T12:39:42.896+0000 7f5b5bc00700 1 -- 172.21.15.84:0/1247600181 wait complete.
2024-04-28T12:39:43.873 INFO:teuthology.orchestra.run.smithi084.stdout:/usr/bin/ceph: stderr
2024-04-28T12:39:42.897+0000 7f5b5bc00700 1 Processor -- start
2024-04-28T12:39:43.873 INFO:teuthology.orchestra.run.smithi084.stdout:/usr/bin/ceph: stderr
2024-04-28T12:39:42.898+0000 7f5b5bc00700 1 -- start start
2024-04-28T12:39:43.873 INFO:teuthology.orchestra.run.smithi084.stdout:/usr/bin/ceph: stderr
2024-04-28T12:39:42.898+0000 7f5b5bc00700 1 --2- >> [v2:172.21.15.84:3300/0,v1:172.21.15.84:6789/0] conn(0x7f5b5410b140 0x7f5b5419f0a0 unknown :-1 s=NONE pgs=0 cs=0 l=1 rev1=0 crypto rx=0 tx=0 comp rx=0 tx=0).connect
2024-04-28T12:39:43.873 INFO:teuthology.orchestra.run.smithi084.stdout:/usr/bin/ceph: stderr
2024-04-28T12:39:42.898+0000 7f5b5bc00700 1 -- --> [v2:172.21.15.84:3300/0,v1:172.21.15.84:6789/0] -- mon_getmap magic: 0 -- 0x7f5b5410f6a0 con 0x7f5b5410b140
2024-04-28T12:39:43.873 INFO:teuthology.orchestra.run.smithi084.stdout:/usr/bin/ceph: stderr
2024-04-28T12:39:42.898+0000 7f5b59200700 1 --2- >> [v2:172.21.15.84:3300/0,v1:172.21.15.84:6789/0] conn(0x7f5b5410b140 0x7f5b5419f0a0 unknown :-1 s=BANNER_CONNECTING pgs=0 cs=0 l=1 rev1=0 crypto rx=0 tx=0 comp rx=0 tx=0)._handle_peer_banner_payload supported=3 required=0
2024-04-28T12:39:43.873 INFO:teuthology.orchestra.run.smithi084.stdout:/usr/bin/ceph: stderr
2024-04-28T12:39:42.898+0000 7f5b59200700 1 --2- >> [v2:172.21.15.84:3300/0,v1:172.21.15.84:6789/0] conn(0x7f5b5410b140 0x7f5b5419f0a0 unknown :-1 s=HELLO_CONNECTING pgs=0 cs=0 l=1 rev1=1 crypto rx=0 tx=0 comp rx=0 tx=0).handle_hello peer v2:172.21.15.84:3300/0 says I am v2:172.21.15.84:35050/0 (socket says 172.21.15.84:35050)
2024-04-28T12:39:43.873 INFO:teuthology.orchestra.run.smithi084.stdout:/usr/bin/ceph: stderr
2024-04-28T12:39:42.898+0000 7f5b59200700 1 -- 172.21.15.84:0/336322283 learned_addr learned my addr 172.21.15.84:0/336322283 (peer_addr_for_me v2:172.21.15.84:0/0)
2024-04-28T12:39:43.873 INFO:teuthology.orchestra.run.smithi084.stdout:/usr/bin/ceph: stderr
2024-04-28T12:39:42.899+0000 7f5b59200700 1 -- 172.21.15.84:0/336322283 --> [v2:172.21.15.84:3300/0,v1:172.21.15.84:6789/0] -- mon_subscribe({config=0+,monmap=0+}) -- 0x7f5b5419f5e0 con 0x7f5b5410b140
2024-04-28T12:39:43.873 INFO:teuthology.orchestra.run.smithi084.stdout:/usr/bin/ceph: stderr
2024-04-28T12:39:42.899+0000 7f5b59200700 1 --2- 172.21.15.84:0/336322283 >> [v2:172.21.15.84:3300/0,v1:172.21.15.84:6789/0] conn(0x7f5b5410b140 0x7f5b5419f0a0 secure :-1 s=READY pgs=19 cs=0 l=1 rev1=1 crypto rx=0x7f5b48009fb0 tx=0x7f5b48011940 comp rx=0 tx=0).ready entity=mon.0 client_cookie=0 server_cookie=0 in_seq=0 out_seq=0
2024-04-28T12:39:43.874 INFO:teuthology.orchestra.run.smithi084.stdout:/usr/bin/ceph: stderr
2024-04-28T12:39:42.899+0000 7f5b51600700 1 -- 172.21.15.84:0/336322283 <== mon.0 v2:172.21.15.84:3300/0 1 ==== mon_map magic: 0 ==== 205+0+0 (secure 0 0 0) 0x7f5b480036a0 con 0x7f5b5410b140
2024-04-28T12:39:43.874 INFO:teuthology.orchestra.run.smithi084.stdout:/usr/bin/ceph: stderr
2024-04-28T12:39:42.899+0000 7f5b51600700 1 -- 172.21.15.84:0/336322283 <== mon.0 v2:172.21.15.84:3300/0 2 ==== config(26 keys) ==== 1070+0+0 (secure 0 0 0) 0x7f5b4801a430 con 0x7f5b5410b140
2024-04-28T12:39:43.874 INFO:teuthology.orchestra.run.smithi084.stdout:/usr/bin/ceph: stderr
2024-04-28T12:39:42.899+0000 7f5b5bc00700 1 -- 172.21.15.84:0/336322283 --> [v2:172.21.15.84:3300/0,v1:172.21.15.84:6789/0] -- mon_subscribe({mgrmap=0+}) -- 0x7f5b5419f870 con 0x7f5b5410b140
2024-04-28T12:39:43.874 INFO:teuthology.orchestra.run.smithi084.stdout:/usr/bin/ceph: stderr
2024-04-28T12:39:42.899+0000 7f5b51600700 1 -- 172.21.15.84:0/336322283 <== mon.0 v2:172.21.15.84:3300/0 3 ==== mon_map magic: 0 ==== 205+0+0 (secure 0 0 0) 0x7f5b48019550 con 0x7f5b5410b140
2024-04-28T12:39:43.874 INFO:teuthology.orchestra.run.smithi084.stdout:/usr/bin/ceph: stderr
2024-04-28T12:39:42.899+0000 7f5b5bc00700 1 -- 172.21.15.84:0/336322283 --> [v2:172.21.15.84:3300/0,v1:172.21.15.84:6789/0] -- mon_subscribe({osdmap=0}) -- 0x7f5b541a2560 con 0x7f5b5410b140
2024-04-28T12:39:43.874 INFO:teuthology.orchestra.run.smithi084.stdout:/usr/bin/ceph: stderr
2024-04-28T12:39:42.900+0000 7f5b51600700 1 -- 172.21.15.84:0/336322283 <== mon.0 v2:172.21.15.84:3300/0 4 ==== mgrmap(e 4) ==== 46547+0+0 (secure 0 0 0) 0x7f5b48003840 con 0x7f5b5410b140
2024-04-28T12:39:43.874 INFO:teuthology.orchestra.run.smithi084.stdout:/usr/bin/ceph: stderr
2024-04-28T12:39:42.900+0000 7f5b5bc00700 1 -- 172.21.15.84:0/336322283 --> [v2:172.21.15.84:3300/0,v1:172.21.15.84:6789/0] -- mon_command({"prefix": "get_command_descriptions"} v 0) -- 0x7f5b54064a80 con 0x7f5b5410b140
2024-04-28T12:39:43.874 INFO:teuthology.orchestra.run.smithi084.stdout:/usr/bin/ceph: stderr
2024-04-28T12:39:42.901+0000 7f5b51600700 1 --2- 172.21.15.84:0/336322283 >> [v2:172.21.15.84:6800/4148140420,v1:172.21.15.84:6801/4148140420] conn(0x7f5b3c039560 0x7f5b3c03ba20 unknown :-1 s=NONE pgs=0 cs=0 l=1 rev1=0 crypto rx=0 tx=0 comp rx=0 tx=0).connect
2024-04-28T12:39:43.874 INFO:teuthology.orchestra.run.smithi084.stdout:/usr/bin/ceph: stderr
2024-04-28T12:39:42.901+0000 7f5b51600700 1 -- 172.21.15.84:0/336322283 <== mon.0 v2:172.21.15.84:3300/0 5 ==== osd_map(1..1 src has 1..1) ==== 725+0+0 (secure 0 0 0) 0x7f5b4804d850 con 0x7f5b5410b140
2024-04-28T12:39:43.874 INFO:teuthology.orchestra.run.smithi084.stdout:/usr/bin/ceph: stderr
2024-04-28T12:39:42.901+0000 7f5b53e00700 1 --2- 172.21.15.84:0/336322283 >> [v2:172.21.15.84:6800/4148140420,v1:172.21.15.84:6801/4148140420] conn(0x7f5b3c039560 0x7f5b3c03ba20 unknown :-1 s=BANNER_CONNECTING pgs=0 cs=0 l=1 rev1=0 crypto rx=0 tx=0 comp rx=0 tx=0)._handle_peer_banner_payload supported=3 required=0
2024-04-28T12:39:43.874 INFO:teuthology.orchestra.run.smithi084.stdout:/usr/bin/ceph: stderr
2024-04-28T12:39:42.902+0000 7f5b53e00700 1 --2- 172.21.15.84:0/336322283 >> [v2:172.21.15.84:6800/4148140420,v1:172.21.15.84:6801/4148140420] conn(0x7f5b3c039560 0x7f5b3c03ba20 secure :-1 s=READY pgs=6 cs=0 l=1 rev1=1 crypto rx=0x7f5b40006fd0 tx=0x7f5b40006e40 comp rx=0 tx=0).ready entity=mgr.14100 client_cookie=0 server_cookie=0 in_seq=0 out_seq=0
2024-04-28T12:39:43.875 INFO:teuthology.orchestra.run.smithi084.stdout:/usr/bin/ceph: stderr
2024-04-28T12:39:42.907+0000 7f5b51600700 1 -- 172.21.15.84:0/336322283 <== mon.0 v2:172.21.15.84:3300/0 6 ==== mon_command_ack([{"prefix": "get_command_descriptions"}]=0 v0) ==== 72+0+188494 (secure 0 0 0) 0x7f5b4804d270 con 0x7f5b5410b140
2024-04-28T12:39:43.875 INFO:teuthology.orchestra.run.smithi084.stdout:/usr/bin/ceph: stderr
2024-04-28T12:39:43.218+0000 7f5b5bc00700 1 -- 172.21.15.84:0/336322283 --> [v2:172.21.15.84:3300/0,v1:172.21.15.84:6789/0] -- mon_command({"prefix": "status", "format": "json-pretty"} v 0) -- 0x7f5b541a2730 con 0x7f5b5410b140
2024-04-28T12:39:43.875 INFO:teuthology.orchestra.run.smithi084.stdout:/usr/bin/ceph: stderr
2024-04-28T12:39:43.219+0000 7f5b51600700 1 -- 172.21.15.84:0/336322283 <== mon.0 v2:172.21.15.84:3300/0 7 ==== mon_command_ack([{"prefix": "status", "format": "json-pretty"}]=0 v0) ==== 79+0+1239 (secure 0 0 0) 0x7f5b541a2730 con 0x7f5b5410b140
2024-04-28T12:39:43.875 INFO:teuthology.orchestra.run.smithi084.stdout:/usr/bin/ceph: stderr
2024-04-28T12:39:43.221+0000 7f5b5bc00700 1 -- 172.21.15.84:0/336322283 >> [v2:172.21.15.84:6800/4148140420,v1:172.21.15.84:6801/4148140420] conn(0x7f5b3c039560 msgr2=0x7f5b3c03ba20 secure :-1 s=STATE_CONNECTION_ESTABLISHED l=1).mark_down
2024-04-28T12:39:43.875 INFO:teuthology.orchestra.run.smithi084.stdout:/usr/bin/ceph: stderr
2024-04-28T12:39:43.221+0000 7f5b5bc00700 1 --2- 172.21.15.84:0/336322283 >> [v2:172.21.15.84:6800/4148140420,v1:172.21.15.84:6801/4148140420] conn(0x7f5b3c039560 0x7f5b3c03ba20 secure :-1 s=READY pgs=6 cs=0 l=1 rev1=1 crypto rx=0x7f5b40006fd0 tx=0x7f5b40006e40 comp rx=0 tx=0).stop
2024-04-28T12:39:43.875 INFO:teuthology.orchestra.run.smithi084.stdout:/usr/bin/ceph: stderr
2024-04-28T12:39:43.221+0000 7f5b5bc00700 1 -- 172.21.15.84:0/336322283 >> [v2:172.21.15.84:3300/0,v1:172.21.15.84:6789/0] conn(0x7f5b5410b140 msgr2=0x7f5b5419f0a0 secure :-1 s=STATE_CONNECTION_ESTABLISHED l=1).mark_down
2024-04-28T12:39:43.875 INFO:teuthology.orchestra.run.smithi084.stdout:/usr/bin/ceph: stderr
2024-04-28T12:39:43.221+0000 7f5b5bc00700 1 --2- 172.21.15.84:0/336322283 >> [v2:172.21.15.84:3300/0,v1:172.21.15.84:6789/0] conn(0x7f5b5410b140 0x7f5b5419f0a0 secure :-1 s=READY pgs=19 cs=0 l=1 rev1=1 crypto rx=0x7f5b48009fb0 tx=0x7f5b48011940 comp rx=0 tx=0).stop
2024-04-28T12:39:43.875 INFO:teuthology.orchestra.run.smithi084.stdout:/usr/bin/ceph: stderr
2024-04-28T12:39:43.221+0000 7f5b5bc00700 1 -- 172.21.15.84:0/336322283 shutdown_connections
2024-04-28T12:39:43.875 INFO:teuthology.orchestra.run.smithi084.stdout:/usr/bin/ceph: stderr
2024-04-28T12:39:43.221+0000 7f5b5bc00700 1 --2- 172.21.15.84:0/336322283 >> [v2:172.21.15.84:6800/4148140420,v1:172.21.15.84:6801/4148140420] conn(0x7f5b3c039560 0x7f5b3c03ba20 unknown :-1 s=CLOSED pgs=6 cs=0 l=1 rev1=1 crypto rx=0 tx=0 comp rx=0 tx=0).stop
2024-04-28T12:39:43.875 INFO:teuthology.orchestra.run.smithi084.stdout:/usr/bin/ceph: stderr
2024-04-28T12:39:43.221+0000 7f5b5bc00700 1 --2- 172.21.15.84:0/336322283 >> [v2:172.21.15.84:3300/0,v1:172.21.15.84:6789/0] conn(0x7f5b5410b140 0x7f5b5419f0a0 unknown :-1 s=CLOSED pgs=19 cs=0 l=1 rev1=1 crypto rx=0 tx=0 comp rx=0 tx=0).stop
2024-04-28T12:39:43.875 INFO:teuthology.orchestra.run.smithi084.stdout:/usr/bin/ceph: stderr
2024-04-28T12:39:43.221+0000 7f5b5bc00700 1 -- 172.21.15.84:0/336322283 >> 172.21.15.84:0/336322283 conn(0x7f5b5407e6b0 msgr2=0x7f5b54108510 unknown :-1 s=STATE_NONE l=0).mark_down
2024-04-28T12:39:43.875 INFO:teuthology.orchestra.run.smithi084.stdout:/usr/bin/ceph: stderr
2024-04-28T12:39:43.221+0000 7f5b5bc00700 1 -- 172.21.15.84:0/336322283 shutdown_connections
2024-04-28T12:39:43.875 INFO:teuthology.orchestra.run.smithi084.stdout:/usr/bin/ceph: stderr
2024-04-28T12:39:43.221+0000 7f5b5bc00700 1 -- 172.21.15.84:0/336322283 wait complete.
2024-04-28T12:39:43.875 INFO:teuthology.orchestra.run.smithi084.stdout:mgr is available
2024-04-28T12:39:45.108 INFO:journalctl@ceph.mon.a.smithi084.stdout:Apr 28 12:39:44 smithi084 ceph-mon[28081]: from='client.? 172.21.15.84:0/1818974922' entity='client.admin' cmd=[{"prefix": "config assimilate-conf"}]: dispatch
2024-04-28T12:39:45.415 INFO:teuthology.orchestra.run.smithi084.stdout:/usr/bin/ceph: stdout
2024-04-28T12:39:45.415 INFO:teuthology.orchestra.run.smithi084.stdout:/usr/bin/ceph: stdout [global]
2024-04-28T12:39:45.415 INFO:teuthology.orchestra.run.smithi084.stdout:/usr/bin/ceph: stdout fsid = ddee604a-055b-11ef-bc93-c7b262605968
2024-04-28T12:39:45.415 INFO:teuthology.orchestra.run.smithi084.stdout:/usr/bin/ceph: stdout mon_cluster_log_file_level = debug
2024-04-28T12:39:45.415 INFO:teuthology.orchestra.run.smithi084.stdout:/usr/bin/ceph: stdout mon_osd_allow_pg_remap = true
2024-04-28T12:39:45.415 INFO:teuthology.orchestra.run.smithi084.stdout:/usr/bin/ceph: stdout mon_osd_allow_primary_affinity = true
2024-04-28T12:39:45.415 INFO:teuthology.orchestra.run.smithi084.stdout:/usr/bin/ceph: stdout mon_warn_on_no_sortbitwise = false
2024-04-28T12:39:45.415 INFO:teuthology.orchestra.run.smithi084.stdout:/usr/bin/ceph: stdout osd_crush_chooseleaf_type = 0
2024-04-28T12:39:45.416 INFO:teuthology.orchestra.run.smithi084.stdout:/usr/bin/ceph: stdout
2024-04-28T12:39:45.416 INFO:teuthology.orchestra.run.smithi084.stdout:/usr/bin/ceph: stdout [mgr]
2024-04-28T12:39:45.416 INFO:teuthology.orchestra.run.smithi084.stdout:/usr/bin/ceph: stdout mgr/telemetry/nag = false
2024-04-28T12:39:45.416 INFO:teuthology.orchestra.run.smithi084.stdout:/usr/bin/ceph: stdout
2024-04-28T12:39:45.416 INFO:teuthology.orchestra.run.smithi084.stdout:/usr/bin/ceph: stdout [osd]
2024-04-28T12:39:45.422 INFO:teuthology.orchestra.run.smithi084.stdout:/usr/bin/ceph: stdout filestore_flush_min = 0
2024-04-28T12:39:45.422 INFO:teuthology.orchestra.run.smithi084.stdout:/usr/bin/ceph: stdout mon_osd_backfillfull_ratio = 0.85
2024-04-28T12:39:45.422 INFO:teuthology.orchestra.run.smithi084.stdout:/usr/bin/ceph: stdout mon_osd_full_ratio = 0.9
2024-04-28T12:39:45.422 INFO:teuthology.orchestra.run.smithi084.stdout:/usr/bin/ceph: stdout mon_osd_nearfull_ratio = 0.8
2024-04-28T12:39:45.422 INFO:teuthology.orchestra.run.smithi084.stdout:/usr/bin/ceph: stdout osd_map_max_advance = 10
2024-04-28T12:39:45.422 INFO:teuthology.orchestra.run.smithi084.stdout:/usr/bin/ceph: stdout osd_sloppy_crc = true
2024-04-28T12:39:45.422 INFO:teuthology.orchestra.run.smithi084.stdout:/usr/bin/ceph: stderr
2024-04-28T12:39:44.464+0000 7ff28ee00700 1 Processor -- start
2024-04-28T12:39:45.423 INFO:teuthology.orchestra.run.smithi084.stdout:/usr/bin/ceph: stderr
2024-04-28T12:39:44.464+0000 7ff28ee00700 1 -- start start
2024-04-28T12:39:45.423 INFO:teuthology.orchestra.run.smithi084.stdout:/usr/bin/ceph: stderr
2024-04-28T12:39:44.465+0000 7ff28ee00700 1 --2- >> [v2:172.21.15.84:3300/0,v1:172.21.15.84:6789/0] conn(0x7ff28810fcc0 0x7ff2881120b0 unknown :-1 s=NONE pgs=0 cs=0 l=0 rev1=0 crypto rx=0 tx=0 comp rx=0 tx=0).connect
2024-04-28T12:39:45.423 INFO:teuthology.orchestra.run.smithi084.stdout:/usr/bin/ceph: stderr
2024-04-28T12:39:44.465+0000 7ff28ee00700 1 -- --> [v2:172.21.15.84:3300/0,v1:172.21.15.84:6789/0] -- mon_getmap magic: 0 -- 0x7ff288112680 con 0x7ff28810fcc0
2024-04-28T12:39:45.423 INFO:teuthology.orchestra.run.smithi084.stdout:/usr/bin/ceph: stderr
2024-04-28T12:39:44.465+0000 7ff287e00700 1 --2- >> [v2:172.21.15.84:3300/0,v1:172.21.15.84:6789/0] conn(0x7ff28810fcc0 0x7ff2881120b0 unknown :-1 s=BANNER_CONNECTING pgs=0 cs=0 l=0 rev1=0 crypto rx=0 tx=0 comp rx=0 tx=0)._handle_peer_banner_payload supported=3 required=0
2024-04-28T12:39:45.423 INFO:teuthology.orchestra.run.smithi084.stdout:/usr/bin/ceph: stderr
2024-04-28T12:39:44.465+0000 7ff287e00700 1 --2- >> [v2:172.21.15.84:3300/0,v1:172.21.15.84:6789/0] conn(0x7ff28810fcc0 0x7ff2881120b0 unknown :-1 s=HELLO_CONNECTING pgs=0 cs=0 l=0 rev1=1 crypto rx=0 tx=0 comp rx=0 tx=0).handle_hello peer v2:172.21.15.84:3300/0 says I am v2:172.21.15.84:35066/0 (socket says 172.21.15.84:35066)
2024-04-28T12:39:45.423 INFO:teuthology.orchestra.run.smithi084.stdout:/usr/bin/ceph: stderr
2024-04-28T12:39:44.465+0000 7ff287e00700 1 -- 172.21.15.84:0/1835375033 learned_addr learned my addr 172.21.15.84:0/1835375033 (peer_addr_for_me v2:172.21.15.84:0/0)
2024-04-28T12:39:45.423 INFO:teuthology.orchestra.run.smithi084.stdout:/usr/bin/ceph: stderr
2024-04-28T12:39:44.466+0000 7ff287e00700 1 -- 172.21.15.84:0/1835375033 --> [v2:172.21.15.84:3300/0,v1:172.21.15.84:6789/0] -- mon_subscribe({config=0+,monmap=0+}) -- 0x7ff288112800 con 0x7ff28810fcc0
2024-04-28T12:39:45.423 INFO:teuthology.orchestra.run.smithi084.stdout:/usr/bin/ceph: stderr
2024-04-28T12:39:44.466+0000 7ff287e00700 1 --2- 172.21.15.84:0/1835375033 >> [v2:172.21.15.84:3300/0,v1:172.21.15.84:6789/0] conn(0x7ff28810fcc0 0x7ff2881120b0 secure :-1 s=READY pgs=20 cs=0 l=1 rev1=1 crypto rx=0x7ff2780098a0 tx=0x7ff278009bb0 comp rx=0 tx=0).ready entity=mon.0 client_cookie=71d91f2703b5b34c server_cookie=0 in_seq=0 out_seq=0
2024-04-28T12:39:45.423 INFO:teuthology.orchestra.run.smithi084.stdout:/usr/bin/ceph: stderr
2024-04-28T12:39:44.467+0000 7ff287400700 1 -- 172.21.15.84:0/1835375033 <== mon.0 v2:172.21.15.84:3300/0 1 ==== mon_map magic: 0 ==== 205+0+0 (secure 0 0 0) 0x7ff278004160 con 0x7ff28810fcc0
2024-04-28T12:39:45.423 INFO:teuthology.orchestra.run.smithi084.stdout:/usr/bin/ceph: stderr
2024-04-28T12:39:44.467+0000 7ff287400700 1 -- 172.21.15.84:0/1835375033 <== mon.0 v2:172.21.15.84:3300/0 2 ==== config(26 keys) ==== 1070+0+0 (secure 0 0 0) 0x7ff278004300 con 0x7ff28810fcc0
2024-04-28T12:39:45.423 INFO:teuthology.orchestra.run.smithi084.stdout:/usr/bin/ceph: stderr
2024-04-28T12:39:44.467+0000 7ff287400700 1 -- 172.21.15.84:0/1835375033 <== mon.0 v2:172.21.15.84:3300/0 3 ==== mon_map magic: 0 ==== 205+0+0 (secure 0 0 0) 0x7ff278011af0 con 0x7ff28810fcc0
2024-04-28T12:39:45.423 INFO:teuthology.orchestra.run.smithi084.stdout:/usr/bin/ceph: stderr
2024-04-28T12:39:44.467+0000 7ff28ee00700 1 -- 172.21.15.84:0/1835375033 >> [v2:172.21.15.84:3300/0,v1:172.21.15.84:6789/0] conn(0x7ff28810fcc0 msgr2=0x7ff2881120b0 secure :-1 s=STATE_CONNECTION_ESTABLISHED l=1).mark_down
2024-04-28T12:39:45.423 INFO:teuthology.orchestra.run.smithi084.stdout:/usr/bin/ceph: stderr
2024-04-28T12:39:44.468+0000 7ff28ee00700 1 --2- 172.21.15.84:0/1835375033 >> [v2:172.21.15.84:3300/0,v1:172.21.15.84:6789/0] conn(0x7ff28810fcc0 0x7ff2881120b0 secure :-1 s=READY pgs=20 cs=0 l=1 rev1=1 crypto rx=0x7ff2780098a0 tx=0x7ff278009bb0 comp rx=0 tx=0).stop
2024-04-28T12:39:45.423 INFO:teuthology.orchestra.run.smithi084.stdout:/usr/bin/ceph: stderr
2024-04-28T12:39:44.468+0000 7ff28ee00700 1 -- 172.21.15.84:0/1835375033 shutdown_connections
2024-04-28T12:39:45.424 INFO:teuthology.orchestra.run.smithi084.stdout:/usr/bin/ceph: stderr
2024-04-28T12:39:44.468+0000 7ff28ee00700 1 --2- 172.21.15.84:0/1835375033 >> [v2:172.21.15.84:3300/0,v1:172.21.15.84:6789/0] conn(0x7ff28810fcc0 0x7ff2881120b0 unknown :-1 s=CLOSED pgs=20 cs=0 l=1 rev1=1 crypto rx=0 tx=0 comp rx=0 tx=0).stop
2024-04-28T12:39:45.424 INFO:teuthology.orchestra.run.smithi084.stdout:/usr/bin/ceph: stderr
2024-04-28T12:39:44.468+0000 7ff28ee00700 1 -- 172.21.15.84:0/1835375033 >> 172.21.15.84:0/1835375033 conn(0x7ff28807e540 msgr2=0x7ff288080960 unknown :-1 s=STATE_NONE l=0).mark_down
2024-04-28T12:39:45.424 INFO:teuthology.orchestra.run.smithi084.stdout:/usr/bin/ceph: stderr
2024-04-28T12:39:44.468+0000 7ff28ee00700 1 -- 172.21.15.84:0/1835375033 shutdown_connections
2024-04-28T12:39:45.424 INFO:teuthology.orchestra.run.smithi084.stdout:/usr/bin/ceph: stderr
2024-04-28T12:39:44.468+0000 7ff28ee00700 1 -- 172.21.15.84:0/1835375033 wait complete.
2024-04-28T12:39:45.424 INFO:teuthology.orchestra.run.smithi084.stdout:/usr/bin/ceph: stderr
2024-04-28T12:39:44.469+0000 7ff28ee00700 1 Processor -- start
2024-04-28T12:39:45.424 INFO:teuthology.orchestra.run.smithi084.stdout:/usr/bin/ceph: stderr
2024-04-28T12:39:44.469+0000 7ff28ee00700 1 -- start start
2024-04-28T12:39:45.424 INFO:teuthology.orchestra.run.smithi084.stdout:/usr/bin/ceph: stderr
2024-04-28T12:39:44.469+0000 7ff28ee00700 1 --2- >> [v2:172.21.15.84:3300/0,v1:172.21.15.84:6789/0] conn(0x7ff28810fcc0 0x7ff2881a33e0 unknown :-1 s=NONE pgs=0 cs=0 l=1 rev1=0 crypto rx=0 tx=0 comp rx=0 tx=0).connect
2024-04-28T12:39:45.424 INFO:teuthology.orchestra.run.smithi084.stdout:/usr/bin/ceph: stderr
2024-04-28T12:39:44.469+0000 7ff28ee00700 1 -- --> [v2:172.21.15.84:3300/0,v1:172.21.15.84:6789/0] -- mon_getmap magic: 0 -- 0x7ff288113880 con 0x7ff28810fcc0
2024-04-28T12:39:45.424 INFO:teuthology.orchestra.run.smithi084.stdout:/usr/bin/ceph: stderr
2024-04-28T12:39:44.470+0000 7ff287e00700 1 --2- >> [v2:172.21.15.84:3300/0,v1:172.21.15.84:6789/0] conn(0x7ff28810fcc0 0x7ff2881a33e0 unknown :-1 s=BANNER_CONNECTING pgs=0 cs=0 l=1 rev1=0 crypto rx=0 tx=0 comp rx=0 tx=0)._handle_peer_banner_payload supported=3 required=0
2024-04-28T12:39:45.424 INFO:teuthology.orchestra.run.smithi084.stdout:/usr/bin/ceph: stderr
2024-04-28T12:39:44.470+0000 7ff287e00700 1 --2- >> [v2:172.21.15.84:3300/0,v1:172.21.15.84:6789/0] conn(0x7ff28810fcc0 0x7ff2881a33e0 unknown :-1 s=HELLO_CONNECTING pgs=0 cs=0 l=1 rev1=1 crypto rx=0 tx=0 comp rx=0 tx=0).handle_hello peer v2:172.21.15.84:3300/0 says I am v2:172.21.15.84:35080/0 (socket says 172.21.15.84:35080)
2024-04-28T12:39:45.424 INFO:teuthology.orchestra.run.smithi084.stdout:/usr/bin/ceph: stderr
2024-04-28T12:39:44.470+0000 7ff287e00700 1 -- 172.21.15.84:0/1818974922 learned_addr learned my addr 172.21.15.84:0/1818974922 (peer_addr_for_me v2:172.21.15.84:0/0)
2024-04-28T12:39:45.424 INFO:teuthology.orchestra.run.smithi084.stdout:/usr/bin/ceph: stderr
2024-04-28T12:39:44.470+0000 7ff287e00700 1 -- 172.21.15.84:0/1818974922 --> [v2:172.21.15.84:3300/0,v1:172.21.15.84:6789/0] -- mon_subscribe({config=0+,monmap=0+}) -- 0x7ff2881a3920 con 0x7ff28810fcc0
2024-04-28T12:39:45.424 INFO:teuthology.orchestra.run.smithi084.stdout:/usr/bin/ceph: stderr
2024-04-28T12:39:44.470+0000 7ff287e00700 1 --2- 172.21.15.84:0/1818974922 >> [v2:172.21.15.84:3300/0,v1:172.21.15.84:6789/0] conn(0x7ff28810fcc0 0x7ff2881a33e0 secure :-1 s=READY pgs=21 cs=0 l=1 rev1=1 crypto rx=0x7ff278009fb0 tx=0x7ff278011940 comp rx=0 tx=0).ready entity=mon.0 client_cookie=0 server_cookie=0 in_seq=0 out_seq=0
2024-04-28T12:39:45.424 INFO:teuthology.orchestra.run.smithi084.stdout:/usr/bin/ceph: stderr
2024-04-28T12:39:44.470+0000 7ff285600700 1 -- 172.21.15.84:0/1818974922 <== mon.0 v2:172.21.15.84:3300/0 1 ==== mon_map magic: 0 ==== 205+0+0 (secure 0 0 0) 0x7ff2780036a0 con 0x7ff28810fcc0
2024-04-28T12:39:45.424 INFO:teuthology.orchestra.run.smithi084.stdout:/usr/bin/ceph: stderr
2024-04-28T12:39:44.471+0000 7ff285600700 1 -- 172.21.15.84:0/1818974922 <== mon.0 v2:172.21.15.84:3300/0 2 ==== config(26 keys) ==== 1070+0+0 (secure 0 0 0) 0x7ff27801a430 con 0x7ff28810fcc0
2024-04-28T12:39:45.425 INFO:teuthology.orchestra.run.smithi084.stdout:/usr/bin/ceph: stderr
2024-04-28T12:39:44.471+0000 7ff28ee00700 1 -- 172.21.15.84:0/1818974922 --> [v2:172.21.15.84:3300/0,v1:172.21.15.84:6789/0] -- mon_subscribe({mgrmap=0+}) -- 0x7ff2881a3b50 con 0x7ff28810fcc0
2024-04-28T12:39:45.425 INFO:teuthology.orchestra.run.smithi084.stdout:/usr/bin/ceph: stderr
2024-04-28T12:39:44.471+0000 7ff285600700 1 -- 172.21.15.84:0/1818974922 <== mon.0 v2:172.21.15.84:3300/0 3 ==== mon_map magic: 0 ==== 205+0+0 (secure 0 0 0) 0x7ff278019550 con 0x7ff28810fcc0
2024-04-28T12:39:45.425 INFO:teuthology.orchestra.run.smithi084.stdout:/usr/bin/ceph: stderr
2024-04-28T12:39:44.471+0000 7ff28ee00700 1 -- 172.21.15.84:0/1818974922 --> [v2:172.21.15.84:3300/0,v1:172.21.15.84:6789/0] -- mon_subscribe({osdmap=0}) -- 0x7ff2881a68a0 con 0x7ff28810fcc0
2024-04-28T12:39:45.425 INFO:teuthology.orchestra.run.smithi084.stdout:/usr/bin/ceph: stderr
2024-04-28T12:39:44.472+0000 7ff285600700 1 -- 172.21.15.84:0/1818974922 <== mon.0 v2:172.21.15.84:3300/0 4 ==== mgrmap(e 4) ==== 46547+0+0 (secure 0 0 0) 0x7ff278003840 con 0x7ff28810fcc0
2024-04-28T12:39:45.425 INFO:teuthology.orchestra.run.smithi084.stdout:/usr/bin/ceph: stderr
2024-04-28T12:39:44.472+0000 7ff285600700 1 --2- 172.21.15.84:0/1818974922 >> [v2:172.21.15.84:6800/4148140420,v1:172.21.15.84:6801/4148140420] conn(0x7ff26c039560 0x7ff26c03ba20 unknown :-1 s=NONE pgs=0 cs=0 l=1 rev1=0 crypto rx=0 tx=0 comp rx=0 tx=0).connect
2024-04-28T12:39:45.425 INFO:teuthology.orchestra.run.smithi084.stdout:/usr/bin/ceph: stderr
2024-04-28T12:39:44.472+0000 7ff28ee00700 1 -- 172.21.15.84:0/1818974922 --> [v2:172.21.15.84:3300/0,v1:172.21.15.84:6789/0] -- mon_command({"prefix": "get_command_descriptions"} v 0) -- 0x7ff288064a80 con 0x7ff28810fcc0
2024-04-28T12:39:45.425 INFO:teuthology.orchestra.run.smithi084.stdout:/usr/bin/ceph: stderr
2024-04-28T12:39:44.472+0000 7ff285600700 1 -- 172.21.15.84:0/1818974922 <== mon.0 v2:172.21.15.84:3300/0 5 ==== osd_map(1..1 src has 1..1) ==== 725+0+0 (secure 0 0 0) 0x7ff27804d830 con 0x7ff28810fcc0
2024-04-28T12:39:45.425 INFO:teuthology.orchestra.run.smithi084.stdout:/usr/bin/ceph: stderr
2024-04-28T12:39:44.472+0000 7ff27fe00700 1 --2- 172.21.15.84:0/1818974922 >> [v2:172.21.15.84:6800/4148140420,v1:172.21.15.84:6801/4148140420] conn(0x7ff26c039560 0x7ff26c03ba20 unknown :-1 s=BANNER_CONNECTING pgs=0 cs=0 l=1 rev1=0 crypto rx=0 tx=0 comp rx=0 tx=0)._handle_peer_banner_payload supported=3 required=0
2024-04-28T12:39:45.425 INFO:teuthology.orchestra.run.smithi084.stdout:/usr/bin/ceph: stderr
2024-04-28T12:39:44.473+0000 7ff27fe00700 1 --2- 172.21.15.84:0/1818974922 >> [v2:172.21.15.84:6800/4148140420,v1:172.21.15.84:6801/4148140420] conn(0x7ff26c039560 0x7ff26c03ba20 secure :-1 s=READY pgs=7 cs=0 l=1 rev1=1 crypto rx=0x7ff270006fd0 tx=0x7ff270006e40 comp rx=0 tx=0).ready entity=mgr.14100 client_cookie=0 server_cookie=0 in_seq=0 out_seq=0
2024-04-28T12:39:45.425 INFO:teuthology.orchestra.run.smithi084.stdout:/usr/bin/ceph: stderr
2024-04-28T12:39:44.478+0000 7ff285600700 1 -- 172.21.15.84:0/1818974922 <== mon.0 v2:172.21.15.84:3300/0 6 ==== mon_command_ack([{"prefix": "get_command_descriptions"}]=0 v0) ==== 72+0+188494 (secure 0 0 0) 0x7ff278023e00 con 0x7ff28810fcc0
2024-04-28T12:39:45.426 INFO:teuthology.orchestra.run.smithi084.stdout:/usr/bin/ceph: stderr
2024-04-28T12:39:44.699+0000 7ff28ee00700 1 -- 172.21.15.84:0/1818974922 --> [v2:172.21.15.84:3300/0,v1:172.21.15.84:6789/0] -- mon_command({"prefix": "config assimilate-conf"} v 0) -- 0x7ff2881a6a70 con 0x7ff28810fcc0
2024-04-28T12:39:45.426 INFO:teuthology.orchestra.run.smithi084.stdout:/usr/bin/ceph: stderr
2024-04-28T12:39:44.701+0000 7ff285600700 1 -- 172.21.15.84:0/1818974922 <== mon.0 v2:172.21.15.84:3300/0 7 ==== mon_command_ack([{"prefix": "config assimilate-conf"}]=0 v3) ==== 70+0+434 (secure 0 0 0) 0x7ff278003b30 con 0x7ff28810fcc0
2024-04-28T12:39:45.426 INFO:teuthology.orchestra.run.smithi084.stdout:/usr/bin/ceph: stderr
2024-04-28T12:39:44.704+0000 7ff28ee00700 1 -- 172.21.15.84:0/1818974922 >> [v2:172.21.15.84:6800/4148140420,v1:172.21.15.84:6801/4148140420] conn(0x7ff26c039560 msgr2=0x7ff26c03ba20 secure :-1 s=STATE_CONNECTION_ESTABLISHED l=1).mark_down
2024-04-28T12:39:45.426 INFO:teuthology.orchestra.run.smithi084.stdout:/usr/bin/ceph: stderr
2024-04-28T12:39:44.704+0000 7ff28ee00700 1 --2- 172.21.15.84:0/1818974922 >> [v2:172.21.15.84:6800/4148140420,v1:172.21.15.84:6801/4148140420] conn(0x7ff26c039560 0x7ff26c03ba20 secure :-1 s=READY pgs=7 cs=0 l=1 rev1=1 crypto rx=0x7ff270006fd0 tx=0x7ff270006e40 comp rx=0 tx=0).stop
2024-04-28T12:39:45.426 INFO:teuthology.orchestra.run.smithi084.stdout:/usr/bin/ceph: stderr
2024-04-28T12:39:44.704+0000 7ff28ee00700 1 -- 172.21.15.84:0/1818974922 >> [v2:172.21.15.84:3300/0,v1:172.21.15.84:6789/0] conn(0x7ff28810fcc0 msgr2=0x7ff2881a33e0 secure :-1 s=STATE_CONNECTION_ESTABLISHED l=1).mark_down
2024-04-28T12:39:45.426 INFO:teuthology.orchestra.run.smithi084.stdout:/usr/bin/ceph: stderr
2024-04-28T12:39:44.704+0000 7ff28ee00700 1 --2- 172.21.15.84:0/1818974922 >> [v2:172.21.15.84:3300/0,v1:172.21.15.84:6789/0] conn(0x7ff28810fcc0 0x7ff2881a33e0 secure :-1 s=READY pgs=21 cs=0 l=1 rev1=1 crypto rx=0x7ff278009fb0 tx=0x7ff278011940 comp rx=0 tx=0).stop
2024-04-28T12:39:45.426 INFO:teuthology.orchestra.run.smithi084.stdout:/usr/bin/ceph: stderr
2024-04-28T12:39:44.705+0000 7ff28ee00700 1 -- 172.21.15.84:0/1818974922 shutdown_connections
2024-04-28T12:39:45.426 INFO:teuthology.orchestra.run.smithi084.stdout:/usr/bin/ceph: stderr
2024-04-28T12:39:44.705+0000 7ff28ee00700 1 --2- 172.21.15.84:0/1818974922 >> [v2:172.21.15.84:6800/4148140420,v1:172.21.15.84:6801/4148140420] conn(0x7ff26c039560 0x7ff26c03ba20 unknown :-1 s=CLOSED pgs=7 cs=0 l=1 rev1=1 crypto rx=0 tx=0 comp rx=0 tx=0).stop
2024-04-28T12:39:45.426 INFO:teuthology.orchestra.run.smithi084.stdout:/usr/bin/ceph: stderr
2024-04-28T12:39:44.705+0000 7ff28ee00700 1 --2- 172.21.15.84:0/1818974922 >> [v2:172.21.15.84:3300/0,v1:172.21.15.84:6789/0] conn(0x7ff28810fcc0 0x7ff2881a33e0 unknown :-1 s=CLOSED pgs=21 cs=0 l=1 rev1=1 crypto rx=0 tx=0 comp rx=0 tx=0).stop
2024-04-28T12:39:45.426 INFO:teuthology.orchestra.run.smithi084.stdout:/usr/bin/ceph: stderr
2024-04-28T12:39:44.705+0000 7ff28ee00700 1 -- 172.21.15.84:0/1818974922 >> 172.21.15.84:0/1818974922 conn(0x7ff28807e540 msgr2=0x7ff28807f070 unknown :-1 s=STATE_NONE l=0).mark_down
2024-04-28T12:39:45.426 INFO:teuthology.orchestra.run.smithi084.stdout:/usr/bin/ceph: stderr
2024-04-28T12:39:44.705+0000 7ff28ee00700 1 -- 172.21.15.84:0/1818974922 shutdown_connections
2024-04-28T12:39:45.427 INFO:teuthology.orchestra.run.smithi084.stdout:/usr/bin/ceph: stderr
2024-04-28T12:39:44.705+0000 7ff28ee00700 1 -- 172.21.15.84:0/1818974922 wait complete.
2024-04-28T12:39:45.427 INFO:teuthology.orchestra.run.smithi084.stdout:Enabling cephadm module...
2024-04-28T12:39:46.667 INFO:journalctl@ceph.mon.a.smithi084.stdout:Apr 28 12:39:46 smithi084 ceph-mon[28081]: from='client.? 172.21.15.84:0/3599675073' entity='client.admin' cmd=[{"prefix": "mgr module enable", "module": "cephadm"}]: dispatch
2024-04-28T12:39:46.667 INFO:journalctl@ceph.mgr.x.smithi084.stdout:Apr 28 12:39:46 smithi084 ceph-ddee604a-055b-11ef-bc93-c7b262605968-mgr-x[28308]: ignoring --setuser ceph since I am not root
2024-04-28T12:39:46.667 INFO:journalctl@ceph.mgr.x.smithi084.stdout:Apr 28 12:39:46 smithi084 ceph-ddee604a-055b-11ef-bc93-c7b262605968-mgr-x[28308]: ignoring --setgroup ceph since I am not root
2024-04-28T12:39:47.112 INFO:journalctl@ceph.mgr.x.smithi084.stdout:Apr 28 12:39:46 smithi084 ceph-ddee604a-055b-11ef-bc93-c7b262605968-mgr-x[28308]:
2024-04-28T12:39:46.749+0000 7fc46f742200 -1 mgr[py] Module balancer has missing NOTIFY_TYPES member
2024-04-28T12:39:47.112 INFO:journalctl@ceph.mgr.x.smithi084.stdout:Apr 28 12:39:46 smithi084 ceph-ddee604a-055b-11ef-bc93-c7b262605968-mgr-x[28308]:
2024-04-28T12:39:46.986+0000 7fc46f742200 -1 mgr[py] Module orchestrator has missing NOTIFY_TYPES member
2024-04-28T12:39:47.234 INFO:teuthology.orchestra.run.smithi084.stdout:/usr/bin/ceph: stderr
2024-04-28T12:39:46.128+0000 7fb254000700 1 Processor -- start
2024-04-28T12:39:47.234 INFO:teuthology.orchestra.run.smithi084.stdout:/usr/bin/ceph: stderr
2024-04-28T12:39:46.128+0000 7fb254000700 1 -- start start
2024-04-28T12:39:47.234 INFO:teuthology.orchestra.run.smithi084.stdout:/usr/bin/ceph: stderr
2024-04-28T12:39:46.129+0000 7fb254000700 1 --2- >> [v2:172.21.15.84:3300/0,v1:172.21.15.84:6789/0] conn(0x7fb24c10b140 0x7fb24c10b560 unknown :-1 s=NONE pgs=0 cs=0 l=0 rev1=0 crypto rx=0 tx=0 comp rx=0 tx=0).connect
2024-04-28T12:39:47.235 INFO:teuthology.orchestra.run.smithi084.stdout:/usr/bin/ceph: stderr
2024-04-28T12:39:46.129+0000 7fb254000700 1 -- --> [v2:172.21.15.84:3300/0,v1:172.21.15.84:6789/0] -- mon_getmap magic: 0 -- 0x7fb24c10bb30 con 0x7fb24c10b140
2024-04-28T12:39:47.235 INFO:teuthology.orchestra.run.smithi084.stdout:/usr/bin/ceph: stderr
2024-04-28T12:39:46.129+0000 7fb251600700 1 --2- >> [v2:172.21.15.84:3300/0,v1:172.21.15.84:6789/0] conn(0x7fb24c10b140 0x7fb24c10b560 unknown :-1 s=BANNER_CONNECTING pgs=0 cs=0 l=0 rev1=0 crypto rx=0 tx=0 comp rx=0 tx=0)._handle_peer_banner_payload supported=3 required=0
2024-04-28T12:39:47.235 INFO:teuthology.orchestra.run.smithi084.stdout:/usr/bin/ceph: stderr
2024-04-28T12:39:46.129+0000 7fb251600700 1 --2- >> [v2:172.21.15.84:3300/0,v1:172.21.15.84:6789/0] conn(0x7fb24c10b140 0x7fb24c10b560 unknown :-1 s=HELLO_CONNECTING pgs=0 cs=0 l=0 rev1=1 crypto rx=0 tx=0 comp rx=0 tx=0).handle_hello peer v2:172.21.15.84:3300/0 says I am v2:172.21.15.84:35094/0 (socket says 172.21.15.84:35094)
2024-04-28T12:39:47.235 INFO:teuthology.orchestra.run.smithi084.stdout:/usr/bin/ceph: stderr
2024-04-28T12:39:46.129+0000 7fb251600700 1 -- 172.21.15.84:0/554567253 learned_addr learned my addr 172.21.15.84:0/554567253 (peer_addr_for_me v2:172.21.15.84:0/0)
2024-04-28T12:39:47.235 INFO:teuthology.orchestra.run.smithi084.stdout:/usr/bin/ceph: stderr
2024-04-28T12:39:46.130+0000 7fb251600700 1 -- 172.21.15.84:0/554567253 --> [v2:172.21.15.84:3300/0,v1:172.21.15.84:6789/0] -- mon_subscribe({config=0+,monmap=0+}) -- 0x7fb24c10c2f0 con 0x7fb24c10b140
2024-04-28T12:39:47.235 INFO:teuthology.orchestra.run.smithi084.stdout:/usr/bin/ceph: stderr
2024-04-28T12:39:46.130+0000 7fb251600700 1 --2- 172.21.15.84:0/554567253 >> [v2:172.21.15.84:3300/0,v1:172.21.15.84:6789/0] conn(0x7fb24c10b140 0x7fb24c10b560 secure :-1 s=READY pgs=22 cs=0 l=1 rev1=1 crypto rx=0x7fb2400098a0 tx=0x7fb240009bb0 comp rx=0 tx=0).ready entity=mon.0 client_cookie=c27bdbed995b7322 server_cookie=0 in_seq=0 out_seq=0
2024-04-28T12:39:47.235 INFO:teuthology.orchestra.run.smithi084.stdout:/usr/bin/ceph: stderr
2024-04-28T12:39:46.131+0000 7fb24be00700 1 -- 172.21.15.84:0/554567253 <== mon.0 v2:172.21.15.84:3300/0 1 ==== mon_map magic: 0 ==== 205+0+0 (secure 0 0 0) 0x7fb240004160 con 0x7fb24c10b140
2024-04-28T12:39:47.235 INFO:teuthology.orchestra.run.smithi084.stdout:/usr/bin/ceph: stderr
2024-04-28T12:39:46.131+0000 7fb24be00700 1 -- 172.21.15.84:0/554567253 <== mon.0 v2:172.21.15.84:3300/0 2 ==== config(26 keys) ==== 1070+0+0 (secure 0 0 0) 0x7fb240004300 con 0x7fb24c10b140
2024-04-28T12:39:47.235 INFO:teuthology.orchestra.run.smithi084.stdout:/usr/bin/ceph: stderr
2024-04-28T12:39:46.131+0000 7fb24be00700 1 -- 172.21.15.84:0/554567253 <== mon.0 v2:172.21.15.84:3300/0 3 ==== mon_map magic: 0 ==== 205+0+0 (secure 0 0 0) 0x7fb240011af0 con 0x7fb24c10b140
2024-04-28T12:39:47.235 INFO:teuthology.orchestra.run.smithi084.stdout:/usr/bin/ceph: stderr
2024-04-28T12:39:46.131+0000 7fb254000700 1 -- 172.21.15.84:0/554567253 >> [v2:172.21.15.84:3300/0,v1:172.21.15.84:6789/0] conn(0x7fb24c10b140 msgr2=0x7fb24c10b560 secure :-1 s=STATE_CONNECTION_ESTABLISHED l=1).mark_down
2024-04-28T12:39:47.235 INFO:teuthology.orchestra.run.smithi084.stdout:/usr/bin/ceph: stderr
2024-04-28T12:39:46.131+0000 7fb254000700 1 --2- 172.21.15.84:0/554567253 >> [v2:172.21.15.84:3300/0,v1:172.21.15.84:6789/0] conn(0x7fb24c10b140 0x7fb24c10b560 secure :-1 s=READY pgs=22 cs=0 l=1 rev1=1 crypto rx=0x7fb2400098a0 tx=0x7fb240009bb0 comp rx=0 tx=0).stop
2024-04-28T12:39:47.235 INFO:teuthology.orchestra.run.smithi084.stdout:/usr/bin/ceph: stderr
2024-04-28T12:39:46.131+0000 7fb254000700 1 -- 172.21.15.84:0/554567253 shutdown_connections
2024-04-28T12:39:47.235 INFO:teuthology.orchestra.run.smithi084.stdout:/usr/bin/ceph: stderr
2024-04-28T12:39:46.131+0000 7fb254000700 1 --2- 172.21.15.84:0/554567253 >> [v2:172.21.15.84:3300/0,v1:172.21.15.84:6789/0] conn(0x7fb24c10b140 0x7fb24c10b560 unknown :-1 s=CLOSED pgs=22 cs=0 l=1 rev1=1 crypto rx=0 tx=0 comp rx=0 tx=0).stop
2024-04-28T12:39:47.235 INFO:teuthology.orchestra.run.smithi084.stdout:/usr/bin/ceph: stderr
2024-04-28T12:39:46.131+0000 7fb254000700 1 -- 172.21.15.84:0/554567253 >> 172.21.15.84:0/554567253 conn(0x7fb24c07e4d0 msgr2=0x7fb24c07e940 unknown :-1 s=STATE_NONE l=0).mark_down
2024-04-28T12:39:47.235 INFO:teuthology.orchestra.run.smithi084.stdout:/usr/bin/ceph: stderr
2024-04-28T12:39:46.132+0000 7fb254000700 1 -- 172.21.15.84:0/554567253 shutdown_connections
2024-04-28T12:39:47.236 INFO:teuthology.orchestra.run.smithi084.stdout:/usr/bin/ceph: stderr
2024-04-28T12:39:46.132+0000 7fb254000700 1 -- 172.21.15.84:0/554567253 wait complete.
2024-04-28T12:39:47.236 INFO:teuthology.orchestra.run.smithi084.stdout:/usr/bin/ceph: stderr
2024-04-28T12:39:46.133+0000 7fb254000700 1 Processor -- start
2024-04-28T12:39:47.236 INFO:teuthology.orchestra.run.smithi084.stdout:/usr/bin/ceph: stderr
2024-04-28T12:39:46.133+0000 7fb254000700 1 -- start start
2024-04-28T12:39:47.236 INFO:teuthology.orchestra.run.smithi084.stdout:/usr/bin/ceph: stderr
2024-04-28T12:39:46.133+0000 7fb254000700 1 --2- >> [v2:172.21.15.84:3300/0,v1:172.21.15.84:6789/0] conn(0x7fb24c10b140 0x7fb24c19f0a0 unknown :-1 s=NONE pgs=0 cs=0 l=1 rev1=0 crypto rx=0 tx=0 comp rx=0 tx=0).connect
2024-04-28T12:39:47.236 INFO:teuthology.orchestra.run.smithi084.stdout:/usr/bin/ceph: stderr
2024-04-28T12:39:46.133+0000 7fb254000700 1 -- --> [v2:172.21.15.84:3300/0,v1:172.21.15.84:6789/0] -- mon_getmap magic: 0 -- 0x7fb24c10f6a0 con 0x7fb24c10b140
2024-04-28T12:39:47.236 INFO:teuthology.orchestra.run.smithi084.stdout:/usr/bin/ceph: stderr
2024-04-28T12:39:46.133+0000 7fb251600700 1 --2- >> [v2:172.21.15.84:3300/0,v1:172.21.15.84:6789/0] conn(0x7fb24c10b140 0x7fb24c19f0a0 unknown :-1 s=BANNER_CONNECTING pgs=0 cs=0 l=1 rev1=0 crypto rx=0 tx=0 comp rx=0 tx=0)._handle_peer_banner_payload supported=3 required=0
2024-04-28T12:39:47.236 INFO:teuthology.orchestra.run.smithi084.stdout:/usr/bin/ceph: stderr
2024-04-28T12:39:46.133+0000 7fb251600700 1 --2- >> [v2:172.21.15.84:3300/0,v1:172.21.15.84:6789/0] conn(0x7fb24c10b140 0x7fb24c19f0a0 unknown :-1 s=HELLO_CONNECTING pgs=0 cs=0 l=1 rev1=1 crypto rx=0 tx=0 comp rx=0 tx=0).handle_hello peer v2:172.21.15.84:3300/0 says I am v2:172.21.15.84:35102/0 (socket says 172.21.15.84:35102)
2024-04-28T12:39:47.236 INFO:teuthology.orchestra.run.smithi084.stdout:/usr/bin/ceph: stderr
2024-04-28T12:39:46.133+0000 7fb251600700 1 -- 172.21.15.84:0/3599675073 learned_addr learned my addr 172.21.15.84:0/3599675073 (peer_addr_for_me v2:172.21.15.84:0/0)
2024-04-28T12:39:47.236 INFO:teuthology.orchestra.run.smithi084.stdout:/usr/bin/ceph: stderr
2024-04-28T12:39:46.134+0000 7fb251600700 1 -- 172.21.15.84:0/3599675073 --> [v2:172.21.15.84:3300/0,v1:172.21.15.84:6789/0] -- mon_subscribe({config=0+,monmap=0+}) -- 0x7fb24c19f5e0 con 0x7fb24c10b140
2024-04-28T12:39:47.236 INFO:teuthology.orchestra.run.smithi084.stdout:/usr/bin/ceph: stderr
2024-04-28T12:39:46.134+0000 7fb251600700 1 --2- 172.21.15.84:0/3599675073 >> [v2:172.21.15.84:3300/0,v1:172.21.15.84:6789/0] conn(0x7fb24c10b140 0x7fb24c19f0a0 secure :-1 s=READY pgs=23 cs=0 l=1 rev1=1 crypto rx=0x7fb240000c00 tx=0x7fb240011b70 comp rx=0 tx=0).ready entity=mon.0 client_cookie=0 server_cookie=0 in_seq=0 out_seq=0
2024-04-28T12:39:47.236 INFO:teuthology.orchestra.run.smithi084.stdout:/usr/bin/ceph: stderr
2024-04-28T12:39:46.134+0000 7fb24a000700 1 -- 172.21.15.84:0/3599675073 <== mon.0 v2:172.21.15.84:3300/0 1 ==== mon_map magic: 0 ==== 205+0+0 (secure 0 0 0) 0x7fb240003b20 con 0x7fb24c10b140
2024-04-28T12:39:47.236 INFO:teuthology.orchestra.run.smithi084.stdout:/usr/bin/ceph: stderr
2024-04-28T12:39:46.134+0000 7fb24a000700 1 -- 172.21.15.84:0/3599675073 <== mon.0 v2:172.21.15.84:3300/0 2 ==== config(26 keys) ==== 1070+0+0 (secure 0 0 0) 0x7fb24001a8c0 con 0x7fb24c10b140
2024-04-28T12:39:47.236 INFO:teuthology.orchestra.run.smithi084.stdout:/usr/bin/ceph: stderr
2024-04-28T12:39:46.134+0000 7fb254000700 1 -- 172.21.15.84:0/3599675073 --> [v2:172.21.15.84:3300/0,v1:172.21.15.84:6789/0] -- mon_subscribe({mgrmap=0+}) -- 0x7fb24c19f870 con 0x7fb24c10b140
2024-04-28T12:39:47.236 INFO:teuthology.orchestra.run.smithi084.stdout:/usr/bin/ceph: stderr
2024-04-28T12:39:46.134+0000 7fb24a000700 1 -- 172.21.15.84:0/3599675073 <== mon.0 v2:172.21.15.84:3300/0 3 ==== mon_map magic: 0 ==== 205+0+0 (secure 0 0 0) 0x7fb240024940 con 0x7fb24c10b140
2024-04-28T12:39:47.236 INFO:teuthology.orchestra.run.smithi084.stdout:/usr/bin/ceph: stderr
2024-04-28T12:39:46.135+0000 7fb254000700 1 -- 172.21.15.84:0/3599675073 --> [v2:172.21.15.84:3300/0,v1:172.21.15.84:6789/0] -- mon_subscribe({osdmap=0}) -- 0x7fb24c1a2560 con 0x7fb24c10b140
2024-04-28T12:39:47.237 INFO:teuthology.orchestra.run.smithi084.stdout:/usr/bin/ceph: stderr
2024-04-28T12:39:46.136+0000 7fb24a000700 1 -- 172.21.15.84:0/3599675073 <== mon.0 v2:172.21.15.84:3300/0 4 ==== mgrmap(e 4) ==== 46547+0+0 (secure 0 0 0) 0x7fb240022020 con 0x7fb24c10b140
2024-04-28T12:39:47.237 INFO:teuthology.orchestra.run.smithi084.stdout:/usr/bin/ceph: stderr
2024-04-28T12:39:46.136+0000 7fb254000700 1 -- 172.21.15.84:0/3599675073 --> [v2:172.21.15.84:3300/0,v1:172.21.15.84:6789/0] -- mon_command({"prefix": "get_command_descriptions"} v 0) -- 0x7fb24c064a80 con 0x7fb24c10b140
2024-04-28T12:39:47.237 INFO:teuthology.orchestra.run.smithi084.stdout:/usr/bin/ceph: stderr
2024-04-28T12:39:46.136+0000 7fb24a000700 1 --2- 172.21.15.84:0/3599675073 >> [v2:172.21.15.84:6800/4148140420,v1:172.21.15.84:6801/4148140420] conn(0x7fb2340395b0 0x7fb23403ba70 unknown :-1 s=NONE pgs=0 cs=0 l=1 rev1=0 crypto rx=0 tx=0 comp rx=0 tx=0).connect
2024-04-28T12:39:47.237 INFO:teuthology.orchestra.run.smithi084.stdout:/usr/bin/ceph: stderr
2024-04-28T12:39:46.136+0000 7fb24a000700 1 -- 172.21.15.84:0/3599675073 <== mon.0 v2:172.21.15.84:3300/0 5 ==== osd_map(1..1 src has 1..1) ==== 725+0+0 (secure 0 0 0) 0x7fb24004d450 con 0x7fb24c10b140
2024-04-28T12:39:47.237 INFO:teuthology.orchestra.run.smithi084.stdout:/usr/bin/ceph: stderr
2024-04-28T12:39:46.136+0000 7fb250c00700 1 --2- 172.21.15.84:0/3599675073 >> [v2:172.21.15.84:6800/4148140420,v1:172.21.15.84:6801/4148140420] conn(0x7fb2340395b0 0x7fb23403ba70 unknown :-1 s=BANNER_CONNECTING pgs=0 cs=0 l=1 rev1=0 crypto rx=0 tx=0 comp rx=0 tx=0)._handle_peer_banner_payload supported=3 required=0
2024-04-28T12:39:47.237 INFO:teuthology.orchestra.run.smithi084.stdout:/usr/bin/ceph: stderr
2024-04-28T12:39:46.137+0000 7fb250c00700 1 --2- 172.21.15.84:0/3599675073 >> [v2:172.21.15.84:6800/4148140420,v1:172.21.15.84:6801/4148140420] conn(0x7fb2340395b0 0x7fb23403ba70 secure :-1 s=READY pgs=8 cs=0 l=1 rev1=1 crypto rx=0x7fb238006fd0 tx=0x7fb238006e40 comp rx=0 tx=0).ready entity=mgr.14100 client_cookie=0 server_cookie=0 in_seq=0 out_seq=0
2024-04-28T12:39:47.237 INFO:teuthology.orchestra.run.smithi084.stdout:/usr/bin/ceph: stderr
2024-04-28T12:39:46.141+0000 7fb24a000700 1 -- 172.21.15.84:0/3599675073 <== mon.0 v2:172.21.15.84:3300/0 6 ==== mon_command_ack([{"prefix": "get_command_descriptions"}]=0 v0) ==== 72+0+188494 (secure 0 0 0) 0x7fb24002c3a0 con 0x7fb24c10b140
2024-04-28T12:39:47.237 INFO:teuthology.orchestra.run.smithi084.stdout:/usr/bin/ceph: stderr
2024-04-28T12:39:46.420+0000 7fb254000700 1 -- 172.21.15.84:0/3599675073 --> [v2:172.21.15.84:3300/0,v1:172.21.15.84:6789/0] -- mon_command({"prefix": "mgr module enable", "module": "cephadm"} v 0) -- 0x7fb24c1a2730 con 0x7fb24c10b140
2024-04-28T12:39:47.237 INFO:teuthology.orchestra.run.smithi084.stdout:/usr/bin/ceph: stderr
2024-04-28T12:39:46.473+0000 7fb24a000700 1 -- 172.21.15.84:0/3599675073 <== mon.0 v2:172.21.15.84:3300/0 7 ==== mon_command_ack([{"prefix": "mgr module enable", "module": "cephadm"}]=0 v5) ==== 86+0+0 (secure 0 0 0) 0x7fb24c1a2730 con 0x7fb24c10b140
2024-04-28T12:39:47.237 INFO:teuthology.orchestra.run.smithi084.stdout:/usr/bin/ceph: stderr
2024-04-28T12:39:46.477+0000 7fb24a000700 1 -- 172.21.15.84:0/3599675073 <== mon.0 v2:172.21.15.84:3300/0 8 ==== mgrmap(e 5) ==== 46558+0+0 (secure 0 0 0) 0x7fb24001aa70 con 0x7fb24c10b140
2024-04-28T12:39:47.237 INFO:teuthology.orchestra.run.smithi084.stdout:/usr/bin/ceph: stderr
2024-04-28T12:39:46.478+0000 7fb254000700 1 -- 172.21.15.84:0/3599675073 >> [v2:172.21.15.84:6800/4148140420,v1:172.21.15.84:6801/4148140420] conn(0x7fb2340395b0 msgr2=0x7fb23403ba70 secure :-1 s=STATE_CONNECTION_ESTABLISHED l=1).mark_down
2024-04-28T12:39:47.237 INFO:teuthology.orchestra.run.smithi084.stdout:/usr/bin/ceph: stderr
2024-04-28T12:39:46.478+0000 7fb254000700 1 --2- 172.21.15.84:0/3599675073 >> [v2:172.21.15.84:6800/4148140420,v1:172.21.15.84:6801/4148140420] conn(0x7fb2340395b0 0x7fb23403ba70 secure :-1 s=READY pgs=8 cs=0 l=1 rev1=1 crypto rx=0x7fb238006fd0 tx=0x7fb238006e40 comp rx=0 tx=0).stop
2024-04-28T12:39:47.237 INFO:teuthology.orchestra.run.smithi084.stdout:/usr/bin/ceph: stderr
2024-04-28T12:39:46.478+0000 7fb254000700 1 -- 172.21.15.84:0/3599675073 >> [v2:172.21.15.84:3300/0,v1:172.21.15.84:6789/0] conn(0x7fb24c10b140 msgr2=0x7fb24c19f0a0 secure :-1 s=STATE_CONNECTION_ESTABLISHED l=1).mark_down
2024-04-28T12:39:47.237 INFO:teuthology.orchestra.run.smithi084.stdout:/usr/bin/ceph: stderr
2024-04-28T12:39:46.478+0000 7fb254000700 1 --2- 172.21.15.84:0/3599675073 >> [v2:172.21.15.84:3300/0,v1:172.21.15.84:6789/0] conn(0x7fb24c10b140 0x7fb24c19f0a0 secure :-1 s=READY pgs=23 cs=0 l=1 rev1=1 crypto rx=0x7fb240000c00 tx=0x7fb240011b70 comp rx=0 tx=0).stop
2024-04-28T12:39:47.238 INFO:teuthology.orchestra.run.smithi084.stdout:/usr/bin/ceph: stderr
2024-04-28T12:39:46.478+0000 7fb254000700 1 -- 172.21.15.84:0/3599675073 shutdown_connections
2024-04-28T12:39:47.238 INFO:teuthology.orchestra.run.smithi084.stdout:/usr/bin/ceph: stderr
2024-04-28T12:39:46.478+0000 7fb254000700 1 --2- 172.21.15.84:0/3599675073 >> [v2:172.21.15.84:6800/4148140420,v1:172.21.15.84:6801/4148140420] conn(0x7fb2340395b0 0x7fb23403ba70 unknown :-1 s=CLOSED pgs=8 cs=0 l=1 rev1=1 crypto rx=0 tx=0 comp rx=0 tx=0).stop
2024-04-28T12:39:47.238 INFO:teuthology.orchestra.run.smithi084.stdout:/usr/bin/ceph: stderr
2024-04-28T12:39:46.478+0000 7fb254000700 1 --2- 172.21.15.84:0/3599675073 >> [v2:172.21.15.84:3300/0,v1:172.21.15.84:6789/0] conn(0x7fb24c10b140 0x7fb24c19f0a0 unknown :-1 s=CLOSED pgs=23 cs=0 l=1 rev1=1 crypto rx=0 tx=0 comp rx=0 tx=0).stop
2024-04-28T12:39:47.238 INFO:teuthology.orchestra.run.smithi084.stdout:/usr/bin/ceph: stderr
2024-04-28T12:39:46.478+0000 7fb254000700 1 -- 172.21.15.84:0/3599675073 >> 172.21.15.84:0/3599675073 conn(0x7fb24c07e4d0 msgr2=0x7fb24c1084f0 unknown :-1 s=STATE_NONE l=0).mark_down
2024-04-28T12:39:47.238 INFO:teuthology.orchestra.run.smithi084.stdout:/usr/bin/ceph: stderr
2024-04-28T12:39:46.479+0000 7fb254000700 1 -- 172.21.15.84:0/3599675073 shutdown_connections
2024-04-28T12:39:47.238 INFO:teuthology.orchestra.run.smithi084.stdout:/usr/bin/ceph: stderr
2024-04-28T12:39:46.479+0000 7fb254000700 1 -- 172.21.15.84:0/3599675073 wait complete.
2024-04-28T12:39:47.374 INFO:journalctl@ceph.mgr.x.smithi084.stdout:Apr 28 12:39:47 smithi084 ceph-ddee604a-055b-11ef-bc93-c7b262605968-mgr-x[28308]:
2024-04-28T12:39:47.115+0000 7fc46f742200 -1 mgr[py] Module snap_schedule has missing NOTIFY_TYPES member
2024-04-28T12:39:47.636 INFO:journalctl@ceph.mon.a.smithi084.stdout:Apr 28 12:39:47 smithi084 ceph-mon[28081]: from='client.? 172.21.15.84:0/3599675073' entity='client.admin' cmd='[{"prefix": "mgr module enable", "module": "cephadm"}]': finished
2024-04-28T12:39:47.636 INFO:journalctl@ceph.mon.a.smithi084.stdout:Apr 28 12:39:47 smithi084 ceph-mon[28081]: mgrmap e5: x(active, since 5s)
2024-04-28T12:39:47.636 INFO:journalctl@ceph.mgr.x.smithi084.stdout:Apr 28 12:39:47 smithi084 ceph-ddee604a-055b-11ef-bc93-c7b262605968-mgr-x[28308]:
2024-04-28T12:39:47.522+0000 7fc46f742200 -1 mgr[py] Module progress has missing NOTIFY_TYPES member
2024-04-28T12:39:47.917 INFO:journalctl@ceph.mgr.x.smithi084.stdout:Apr 28 12:39:47 smithi084 ceph-ddee604a-055b-11ef-bc93-c7b262605968-mgr-x[28308]:
2024-04-28T12:39:47.639+0000 7fc46f742200 -1 mgr[py] Module influx has missing NOTIFY_TYPES member
2024-04-28T12:39:48.773 INFO:journalctl@ceph.mon.a.smithi084.stdout:Apr 28 12:39:48 smithi084 ceph-mon[28081]: from='client.? 172.21.15.84:0/4102017648' entity='client.admin' cmd=[{"prefix": "mgr stat"}]: dispatch
2024-04-28T12:39:48.782 INFO:teuthology.orchestra.run.smithi084.stdout:/usr/bin/ceph: stdout {
2024-04-28T12:39:48.783 INFO:teuthology.orchestra.run.smithi084.stdout:/usr/bin/ceph: stdout "epoch": 5,
2024-04-28T12:39:48.783 INFO:teuthology.orchestra.run.smithi084.stdout:/usr/bin/ceph: stdout "available": true,
2024-04-28T12:39:48.786 INFO:teuthology.orchestra.run.smithi084.stdout:/usr/bin/ceph: stdout "active_name": "x",
2024-04-28T12:39:48.786 INFO:teuthology.orchestra.run.smithi084.stdout:/usr/bin/ceph: stdout "num_standby": 0
2024-04-28T12:39:48.787 INFO:teuthology.orchestra.run.smithi084.stdout:/usr/bin/ceph: stdout }
2024-04-28T12:39:48.787 INFO:teuthology.orchestra.run.smithi084.stdout:/usr/bin/ceph: stderr
2024-04-28T12:39:47.812+0000 7f88c3a00700 1 Processor -- start
2024-04-28T12:39:48.787 INFO:teuthology.orchestra.run.smithi084.stdout:/usr/bin/ceph: stderr
2024-04-28T12:39:47.813+0000 7f88c3a00700 1 -- start start
2024-04-28T12:39:48.787 INFO:teuthology.orchestra.run.smithi084.stdout:/usr/bin/ceph: stderr
