2024-04-28T12:40:09.322+0000 7f7f2ca00700 1 -- 172.21.15.106:0/2231026748 <== mon.0 v2:172.21.15.106:3300/0 1 ==== mon_map magic: 0 ==== 205+0+0 (secure 0 0 0) 0x7f7f20004160 con 0x7f7f3010ae90
2024-04-28T12:40:10.452 INFO:teuthology.orchestra.run.smithi106.stdout:/usr/bin/ceph: stderr
2024-04-28T12:40:09.322+0000 7f7f2ca00700 1 -- 172.21.15.106:0/2231026748 <== mon.0 v2:172.21.15.106:3300/0 2 ==== config(26 keys) ==== 1070+0+0 (secure 0 0 0) 0x7f7f20004300 con 0x7f7f3010ae90
2024-04-28T12:40:10.452 INFO:teuthology.orchestra.run.smithi106.stdout:/usr/bin/ceph: stderr
2024-04-28T12:40:09.322+0000 7f7f2ca00700 1 -- 172.21.15.106:0/2231026748 <== mon.0 v2:172.21.15.106:3300/0 3 ==== mon_map magic: 0 ==== 205+0+0 (secure 0 0 0) 0x7f7f20011af0 con 0x7f7f3010ae90
2024-04-28T12:40:10.452 INFO:teuthology.orchestra.run.smithi106.stdout:/usr/bin/ceph: stderr
2024-04-28T12:40:09.322+0000 7f7f35000700 1 -- 172.21.15.106:0/2231026748 >> [v2:172.21.15.106:3300/0,v1:172.21.15.106:6789/0] conn(0x7f7f3010ae90 msgr2=0x7f7f3010b2b0 secure :-1 s=STATE_CONNECTION_ESTABLISHED l=1).mark_down
2024-04-28T12:40:10.452 INFO:teuthology.orchestra.run.smithi106.stdout:/usr/bin/ceph: stderr
2024-04-28T12:40:09.322+0000 7f7f35000700 1 --2- 172.21.15.106:0/2231026748 >> [v2:172.21.15.106:3300/0,v1:172.21.15.106:6789/0] conn(0x7f7f3010ae90 0x7f7f3010b2b0 secure :-1 s=READY pgs=18 cs=0 l=1 rev1=1 crypto rx=0x7f7f200098a0 tx=0x7f7f20009bb0 comp rx=0 tx=0).stop
2024-04-28T12:40:10.452 INFO:teuthology.orchestra.run.smithi106.stdout:/usr/bin/ceph: stderr
2024-04-28T12:40:09.322+0000 7f7f35000700 1 -- 172.21.15.106:0/2231026748 shutdown_connections
2024-04-28T12:40:10.452 INFO:teuthology.orchestra.run.smithi106.stdout:/usr/bin/ceph: stderr
2024-04-28T12:40:09.322+0000 7f7f35000700 1 --2- 172.21.15.106:0/2231026748 >> [v2:172.21.15.106:3300/0,v1:172.21.15.106:6789/0] conn(0x7f7f3010ae90 0x7f7f3010b2b0 unknown :-1 s=CLOSED pgs=18 cs=0 l=1 rev1=1 crypto rx=0 tx=0 comp rx=0 tx=0).stop
2024-04-28T12:40:10.452 INFO:teuthology.orchestra.run.smithi106.stdout:/usr/bin/ceph: stderr
2024-04-28T12:40:09.322+0000 7f7f35000700 1 -- 172.21.15.106:0/2231026748 >> 172.21.15.106:0/2231026748 conn(0x7f7f3007e2a0 msgr2=0x7f7f3007e6d0 unknown :-1 s=STATE_NONE l=0).mark_down
2024-04-28T12:40:10.452 INFO:teuthology.orchestra.run.smithi106.stdout:/usr/bin/ceph: stderr
2024-04-28T12:40:09.323+0000 7f7f35000700 1 -- 172.21.15.106:0/2231026748 shutdown_connections
2024-04-28T12:40:10.452 INFO:teuthology.orchestra.run.smithi106.stdout:/usr/bin/ceph: stderr
2024-04-28T12:40:09.323+0000 7f7f35000700 1 -- 172.21.15.106:0/2231026748 wait complete.
2024-04-28T12:40:10.452 INFO:teuthology.orchestra.run.smithi106.stdout:/usr/bin/ceph: stderr
2024-04-28T12:40:09.324+0000 7f7f35000700 1 Processor -- start
2024-04-28T12:40:10.452 INFO:teuthology.orchestra.run.smithi106.stdout:/usr/bin/ceph: stderr
2024-04-28T12:40:09.324+0000 7f7f35000700 1 -- start start
2024-04-28T12:40:10.452 INFO:teuthology.orchestra.run.smithi106.stdout:/usr/bin/ceph: stderr
2024-04-28T12:40:09.324+0000 7f7f35000700 1 --2- >> [v2:172.21.15.106:3300/0,v1:172.21.15.106:6789/0] conn(0x7f7f3010ae90 0x7f7f3019eec0 unknown :-1 s=NONE pgs=0 cs=0 l=1 rev1=0 crypto rx=0 tx=0 comp rx=0 tx=0).connect
2024-04-28T12:40:10.452 INFO:teuthology.orchestra.run.smithi106.stdout:/usr/bin/ceph: stderr
2024-04-28T12:40:09.324+0000 7f7f35000700 1 -- --> [v2:172.21.15.106:3300/0,v1:172.21.15.106:6789/0] -- mon_getmap magic: 0 -- 0x7f7f3010f340 con 0x7f7f3010ae90
2024-04-28T12:40:10.453 INFO:teuthology.orchestra.run.smithi106.stdout:/usr/bin/ceph: stderr
2024-04-28T12:40:09.324+0000 7f7f2de00700 1 --2- >> [v2:172.21.15.106:3300/0,v1:172.21.15.106:6789/0] conn(0x7f7f3010ae90 0x7f7f3019eec0 unknown :-1 s=BANNER_CONNECTING pgs=0 cs=0 l=1 rev1=0 crypto rx=0 tx=0 comp rx=0 tx=0)._handle_peer_banner_payload supported=3 required=0
2024-04-28T12:40:10.453 INFO:teuthology.orchestra.run.smithi106.stdout:/usr/bin/ceph: stderr
2024-04-28T12:40:09.324+0000 7f7f2de00700 1 --2- >> [v2:172.21.15.106:3300/0,v1:172.21.15.106:6789/0] conn(0x7f7f3010ae90 0x7f7f3019eec0 unknown :-1 s=HELLO_CONNECTING pgs=0 cs=0 l=1 rev1=1 crypto rx=0 tx=0 comp rx=0 tx=0).handle_hello peer v2:172.21.15.106:3300/0 says I am v2:172.21.15.106:37390/0 (socket says 172.21.15.106:37390)
2024-04-28T12:40:10.453 INFO:teuthology.orchestra.run.smithi106.stdout:/usr/bin/ceph: stderr
2024-04-28T12:40:09.324+0000 7f7f2de00700 1 -- 172.21.15.106:0/2560281513 learned_addr learned my addr 172.21.15.106:0/2560281513 (peer_addr_for_me v2:172.21.15.106:0/0)
2024-04-28T12:40:10.453 INFO:teuthology.orchestra.run.smithi106.stdout:/usr/bin/ceph: stderr
2024-04-28T12:40:09.325+0000 7f7f2de00700 1 -- 172.21.15.106:0/2560281513 --> [v2:172.21.15.106:3300/0,v1:172.21.15.106:6789/0] -- mon_subscribe({config=0+,monmap=0+}) -- 0x7f7f3019f400 con 0x7f7f3010ae90
2024-04-28T12:40:10.453 INFO:teuthology.orchestra.run.smithi106.stdout:/usr/bin/ceph: stderr
2024-04-28T12:40:09.325+0000 7f7f2de00700 1 --2- 172.21.15.106:0/2560281513 >> [v2:172.21.15.106:3300/0,v1:172.21.15.106:6789/0] conn(0x7f7f3010ae90 0x7f7f3019eec0 secure :-1 s=READY pgs=19 cs=0 l=1 rev1=1 crypto rx=0x7f7f200117b0 tx=0x7f7f20011b70 comp rx=0 tx=0).ready entity=mon.0 client_cookie=0 server_cookie=0 in_seq=0 out_seq=0
2024-04-28T12:40:10.453 INFO:teuthology.orchestra.run.smithi106.stdout:/usr/bin/ceph: stderr
2024-04-28T12:40:09.325+0000 7f7f26a00700 1 -- 172.21.15.106:0/2560281513 <== mon.0 v2:172.21.15.106:3300/0 1 ==== mon_map magic: 0 ==== 205+0+0 (secure 0 0 0) 0x7f7f20003af0 con 0x7f7f3010ae90
2024-04-28T12:40:10.453 INFO:teuthology.orchestra.run.smithi106.stdout:/usr/bin/ceph: stderr
2024-04-28T12:40:09.325+0000 7f7f35000700 1 -- 172.21.15.106:0/2560281513 --> [v2:172.21.15.106:3300/0,v1:172.21.15.106:6789/0] -- mon_subscribe({mgrmap=0+}) -- 0x7f7f3019f690 con 0x7f7f3010ae90
2024-04-28T12:40:10.453 INFO:teuthology.orchestra.run.smithi106.stdout:/usr/bin/ceph: stderr
2024-04-28T12:40:09.325+0000 7f7f26a00700 1 -- 172.21.15.106:0/2560281513 <== mon.0 v2:172.21.15.106:3300/0 2 ==== config(26 keys) ==== 1070+0+0 (secure 0 0 0) 0x7f7f20020070 con 0x7f7f3010ae90
2024-04-28T12:40:10.453 INFO:teuthology.orchestra.run.smithi106.stdout:/usr/bin/ceph: stderr
2024-04-28T12:40:09.325+0000 7f7f26a00700 1 -- 172.21.15.106:0/2560281513 <== mon.0 v2:172.21.15.106:3300/0 3 ==== mon_map magic: 0 ==== 205+0+0 (secure 0 0 0) 0x7f7f20019630 con 0x7f7f3010ae90
2024-04-28T12:40:10.453 INFO:teuthology.orchestra.run.smithi106.stdout:/usr/bin/ceph: stderr
2024-04-28T12:40:09.326+0000 7f7f35000700 1 -- 172.21.15.106:0/2560281513 --> [v2:172.21.15.106:3300/0,v1:172.21.15.106:6789/0] -- mon_subscribe({osdmap=0}) -- 0x7f7f301a2380 con 0x7f7f3010ae90
2024-04-28T12:40:10.453 INFO:teuthology.orchestra.run.smithi106.stdout:/usr/bin/ceph: stderr
2024-04-28T12:40:09.327+0000 7f7f26a00700 1 -- 172.21.15.106:0/2560281513 <== mon.0 v2:172.21.15.106:3300/0 4 ==== mgrmap(e 3) ==== 46441+0+0 (secure 0 0 0) 0x7f7f2001a9c0 con 0x7f7f3010ae90
2024-04-28T12:40:10.453 INFO:teuthology.orchestra.run.smithi106.stdout:/usr/bin/ceph: stderr
2024-04-28T12:40:09.327+0000 7f7f35000700 1 -- 172.21.15.106:0/2560281513 --> [v2:172.21.15.106:3300/0,v1:172.21.15.106:6789/0] -- mon_command({"prefix": "get_command_descriptions"} v 0) -- 0x7f7f30064a80 con 0x7f7f3010ae90
2024-04-28T12:40:10.453 INFO:teuthology.orchestra.run.smithi106.stdout:/usr/bin/ceph: stderr
2024-04-28T12:40:09.327+0000 7f7f26a00700 1 --2- 172.21.15.106:0/2560281513 >> [v2:172.21.15.106:6800/102356115,v1:172.21.15.106:6801/102356115] conn(0x7f7f14039490 0x7f7f1403b950 unknown :-1 s=NONE pgs=0 cs=0 l=1 rev1=0 crypto rx=0 tx=0 comp rx=0 tx=0).connect
2024-04-28T12:40:10.454 INFO:teuthology.orchestra.run.smithi106.stdout:/usr/bin/ceph: stderr
2024-04-28T12:40:09.327+0000 7f7f26a00700 1 -- 172.21.15.106:0/2560281513 <== mon.0 v2:172.21.15.106:3300/0 5 ==== osd_map(1..1 src has 1..1) ==== 725+0+0 (secure 0 0 0) 0x7f7f2004d8d0 con 0x7f7f3010ae90
2024-04-28T12:40:10.454 INFO:teuthology.orchestra.run.smithi106.stdout:/usr/bin/ceph: stderr
2024-04-28T12:40:09.327+0000 7f7f2d400700 1 --2- 172.21.15.106:0/2560281513 >> [v2:172.21.15.106:6800/102356115,v1:172.21.15.106:6801/102356115] conn(0x7f7f14039490 0x7f7f1403b950 unknown :-1 s=BANNER_CONNECTING pgs=0 cs=0 l=1 rev1=0 crypto rx=0 tx=0 comp rx=0 tx=0)._handle_peer_banner_payload supported=3 required=0
2024-04-28T12:40:10.454 INFO:teuthology.orchestra.run.smithi106.stdout:/usr/bin/ceph: stderr
2024-04-28T12:40:09.328+0000 7f7f2d400700 1 --2- 172.21.15.106:0/2560281513 >> [v2:172.21.15.106:6800/102356115,v1:172.21.15.106:6801/102356115] conn(0x7f7f14039490 0x7f7f1403b950 secure :-1 s=READY pgs=6 cs=0 l=1 rev1=1 crypto rx=0x7f7f1c006fd0 tx=0x7f7f1c006e40 comp rx=0 tx=0).ready entity=mgr.14100 client_cookie=0 server_cookie=0 in_seq=0 out_seq=0
2024-04-28T12:40:10.454 INFO:teuthology.orchestra.run.smithi106.stdout:/usr/bin/ceph: stderr
2024-04-28T12:40:09.333+0000 7f7f26a00700 1 -- 172.21.15.106:0/2560281513 <== mon.0 v2:172.21.15.106:3300/0 6 ==== mon_command_ack([{"prefix": "get_command_descriptions"}]=0 v0) ==== 72+0+188494 (secure 0 0 0) 0x7f7f200042a0 con 0x7f7f3010ae90
2024-04-28T12:40:10.454 INFO:teuthology.orchestra.run.smithi106.stdout:/usr/bin/ceph: stderr
2024-04-28T12:40:09.376+0000 7f7f26a00700 1 -- 172.21.15.106:0/2560281513 <== mon.0 v2:172.21.15.106:3300/0 7 ==== mgrmap(e 4) ==== 46547+0+0 (secure 0 0 0) 0x7f7f2001a430 con 0x7f7f3010ae90
2024-04-28T12:40:10.454 INFO:teuthology.orchestra.run.smithi106.stdout:/usr/bin/ceph: stderr
2024-04-28T12:40:09.652+0000 7f7f35000700 1 -- 172.21.15.106:0/2560281513 --> [v2:172.21.15.106:3300/0,v1:172.21.15.106:6789/0] -- mon_command({"prefix": "status", "format": "json-pretty"} v 0) -- 0x7f7f301a2550 con 0x7f7f3010ae90
2024-04-28T12:40:10.454 INFO:teuthology.orchestra.run.smithi106.stdout:/usr/bin/ceph: stderr
2024-04-28T12:40:09.653+0000 7f7f26a00700 1 -- 172.21.15.106:0/2560281513 <== mon.0 v2:172.21.15.106:3300/0 8 ==== mon_command_ack([{"prefix": "status", "format": "json-pretty"}]=0 v0) ==== 79+0+1239 (secure 0 0 0) 0x7f7f301a2550 con 0x7f7f3010ae90
2024-04-28T12:40:10.454 INFO:teuthology.orchestra.run.smithi106.stdout:/usr/bin/ceph: stderr
2024-04-28T12:40:09.657+0000 7f7f35000700 1 -- 172.21.15.106:0/2560281513 >> [v2:172.21.15.106:6800/102356115,v1:172.21.15.106:6801/102356115] conn(0x7f7f14039490 msgr2=0x7f7f1403b950 secure :-1 s=STATE_CONNECTION_ESTABLISHED l=1).mark_down
2024-04-28T12:40:10.454 INFO:teuthology.orchestra.run.smithi106.stdout:/usr/bin/ceph: stderr
2024-04-28T12:40:09.657+0000 7f7f35000700 1 --2- 172.21.15.106:0/2560281513 >> [v2:172.21.15.106:6800/102356115,v1:172.21.15.106:6801/102356115] conn(0x7f7f14039490 0x7f7f1403b950 secure :-1 s=READY pgs=6 cs=0 l=1 rev1=1 crypto rx=0x7f7f1c006fd0 tx=0x7f7f1c006e40 comp rx=0 tx=0).stop
2024-04-28T12:40:10.454 INFO:teuthology.orchestra.run.smithi106.stdout:/usr/bin/ceph: stderr
2024-04-28T12:40:09.657+0000 7f7f35000700 1 -- 172.21.15.106:0/2560281513 >> [v2:172.21.15.106:3300/0,v1:172.21.15.106:6789/0] conn(0x7f7f3010ae90 msgr2=0x7f7f3019eec0 secure :-1 s=STATE_CONNECTION_ESTABLISHED l=1).mark_down
2024-04-28T12:40:10.454 INFO:teuthology.orchestra.run.smithi106.stdout:/usr/bin/ceph: stderr
2024-04-28T12:40:09.657+0000 7f7f35000700 1 --2- 172.21.15.106:0/2560281513 >> [v2:172.21.15.106:3300/0,v1:172.21.15.106:6789/0] conn(0x7f7f3010ae90 0x7f7f3019eec0 secure :-1 s=READY pgs=19 cs=0 l=1 rev1=1 crypto rx=0x7f7f200117b0 tx=0x7f7f20011b70 comp rx=0 tx=0).stop
2024-04-28T12:40:10.454 INFO:teuthology.orchestra.run.smithi106.stdout:/usr/bin/ceph: stderr
2024-04-28T12:40:09.657+0000 7f7f35000700 1 -- 172.21.15.106:0/2560281513 shutdown_connections
2024-04-28T12:40:10.454 INFO:teuthology.orchestra.run.smithi106.stdout:/usr/bin/ceph: stderr
2024-04-28T12:40:09.657+0000 7f7f35000700 1 --2- 172.21.15.106:0/2560281513 >> [v2:172.21.15.106:6800/102356115,v1:172.21.15.106:6801/102356115] conn(0x7f7f14039490 0x7f7f1403b950 unknown :-1 s=CLOSED pgs=6 cs=0 l=1 rev1=1 crypto rx=0 tx=0 comp rx=0 tx=0).stop
2024-04-28T12:40:10.454 INFO:teuthology.orchestra.run.smithi106.stdout:/usr/bin/ceph: stderr
2024-04-28T12:40:09.657+0000 7f7f35000700 1 --2- 172.21.15.106:0/2560281513 >> [v2:172.21.15.106:3300/0,v1:172.21.15.106:6789/0] conn(0x7f7f3010ae90 0x7f7f3019eec0 unknown :-1 s=CLOSED pgs=19 cs=0 l=1 rev1=1 crypto rx=0 tx=0 comp rx=0 tx=0).stop
2024-04-28T12:40:10.455 INFO:teuthology.orchestra.run.smithi106.stdout:/usr/bin/ceph: stderr
2024-04-28T12:40:09.657+0000 7f7f35000700 1 -- 172.21.15.106:0/2560281513 >> 172.21.15.106:0/2560281513 conn(0x7f7f3007e2a0 msgr2=0x7f7f301084a0 unknown :-1 s=STATE_NONE l=0).mark_down
2024-04-28T12:40:10.455 INFO:teuthology.orchestra.run.smithi106.stdout:/usr/bin/ceph: stderr
2024-04-28T12:40:09.658+0000 7f7f35000700 1 -- 172.21.15.106:0/2560281513 shutdown_connections
2024-04-28T12:40:10.455 INFO:teuthology.orchestra.run.smithi106.stdout:/usr/bin/ceph: stderr
2024-04-28T12:40:09.658+0000 7f7f35000700 1 -- 172.21.15.106:0/2560281513 wait complete.
2024-04-28T12:40:10.455 INFO:teuthology.orchestra.run.smithi106.stdout:mgr is available
2024-04-28T12:40:10.597 INFO:journalctl@ceph.mon.a.smithi106.stdout:Apr 28 12:40:10 smithi106 ceph-mon[28081]: mgrmap e4: x(active, since 2s)
2024-04-28T12:40:10.597 INFO:journalctl@ceph.mon.a.smithi106.stdout:Apr 28 12:40:10 smithi106 ceph-mon[28081]: from='client.? 172.21.15.106:0/2560281513' entity='client.admin' cmd=[{"prefix": "status", "format": "json-pretty"}]: dispatch
2024-04-28T12:40:11.574 INFO:journalctl@ceph.mon.a.smithi106.stdout:Apr 28 12:40:11 smithi106 ceph-mon[28081]: from='client.? 172.21.15.106:0/2241587093' entity='client.admin' cmd=[{"prefix": "config assimilate-conf"}]: dispatch
2024-04-28T12:40:11.948 INFO:teuthology.orchestra.run.smithi106.stdout:/usr/bin/ceph: stdout
2024-04-28T12:40:11.949 INFO:teuthology.orchestra.run.smithi106.stdout:/usr/bin/ceph: stdout [global]
2024-04-28T12:40:11.949 INFO:teuthology.orchestra.run.smithi106.stdout:/usr/bin/ceph: stdout fsid = e5e35dfa-055b-11ef-bc93-c7b262605968
2024-04-28T12:40:11.949 INFO:teuthology.orchestra.run.smithi106.stdout:/usr/bin/ceph: stdout mon_cluster_log_file_level = debug
2024-04-28T12:40:11.949 INFO:teuthology.orchestra.run.smithi106.stdout:/usr/bin/ceph: stdout mon_osd_allow_pg_remap = true
2024-04-28T12:40:11.951 INFO:teuthology.orchestra.run.smithi106.stdout:/usr/bin/ceph: stdout mon_osd_allow_primary_affinity = true
2024-04-28T12:40:11.951 INFO:teuthology.orchestra.run.smithi106.stdout:/usr/bin/ceph: stdout mon_warn_on_no_sortbitwise = false
2024-04-28T12:40:11.951 INFO:teuthology.orchestra.run.smithi106.stdout:/usr/bin/ceph: stdout osd_crush_chooseleaf_type = 0
2024-04-28T12:40:11.951 INFO:teuthology.orchestra.run.smithi106.stdout:/usr/bin/ceph: stdout
2024-04-28T12:40:11.951 INFO:teuthology.orchestra.run.smithi106.stdout:/usr/bin/ceph: stdout [mgr]
2024-04-28T12:40:11.951 INFO:teuthology.orchestra.run.smithi106.stdout:/usr/bin/ceph: stdout mgr/telemetry/nag = false
2024-04-28T12:40:11.951 INFO:teuthology.orchestra.run.smithi106.stdout:/usr/bin/ceph: stdout
2024-04-28T12:40:11.951 INFO:teuthology.orchestra.run.smithi106.stdout:/usr/bin/ceph: stdout [osd]
2024-04-28T12:40:11.951 INFO:teuthology.orchestra.run.smithi106.stdout:/usr/bin/ceph: stdout mon_osd_backfillfull_ratio = 0.85
2024-04-28T12:40:11.951 INFO:teuthology.orchestra.run.smithi106.stdout:/usr/bin/ceph: stdout mon_osd_full_ratio = 0.9
2024-04-28T12:40:11.951 INFO:teuthology.orchestra.run.smithi106.stdout:/usr/bin/ceph: stdout mon_osd_nearfull_ratio = 0.8
2024-04-28T12:40:11.952 INFO:teuthology.orchestra.run.smithi106.stdout:/usr/bin/ceph: stdout osd_map_max_advance = 10
2024-04-28T12:40:11.952 INFO:teuthology.orchestra.run.smithi106.stdout:/usr/bin/ceph: stdout osd_sloppy_crc = true
2024-04-28T12:40:11.952 INFO:teuthology.orchestra.run.smithi106.stdout:/usr/bin/ceph: stderr
2024-04-28T12:40:11.074+0000 7f54d0400700 1 Processor -- start
2024-04-28T12:40:11.952 INFO:teuthology.orchestra.run.smithi106.stdout:/usr/bin/ceph: stderr
2024-04-28T12:40:11.075+0000 7f54d0400700 1 -- start start
2024-04-28T12:40:11.952 INFO:teuthology.orchestra.run.smithi106.stdout:/usr/bin/ceph: stderr
2024-04-28T12:40:11.075+0000 7f54d0400700 1 --2- >> [v2:172.21.15.106:3300/0,v1:172.21.15.106:6789/0] conn(0x7f54c8108d50 0x7f54c8109170 unknown :-1 s=NONE pgs=0 cs=0 l=0 rev1=0 crypto rx=0 tx=0 comp rx=0 tx=0).connect
2024-04-28T12:40:11.952 INFO:teuthology.orchestra.run.smithi106.stdout:/usr/bin/ceph: stderr
2024-04-28T12:40:11.075+0000 7f54d0400700 1 -- --> [v2:172.21.15.106:3300/0,v1:172.21.15.106:6789/0] -- mon_getmap magic: 0 -- 0x7f54c8109740 con 0x7f54c8108d50
2024-04-28T12:40:11.952 INFO:teuthology.orchestra.run.smithi106.stdout:/usr/bin/ceph: stderr
2024-04-28T12:40:11.075+0000 7f54cda00700 1 --2- >> [v2:172.21.15.106:3300/0,v1:172.21.15.106:6789/0] conn(0x7f54c8108d50 0x7f54c8109170 unknown :-1 s=BANNER_CONNECTING pgs=0 cs=0 l=0 rev1=0 crypto rx=0 tx=0 comp rx=0 tx=0)._handle_peer_banner_payload supported=3 required=0
2024-04-28T12:40:11.957 INFO:teuthology.orchestra.run.smithi106.stdout:/usr/bin/ceph: stderr
2024-04-28T12:40:11.075+0000 7f54cda00700 1 --2- >> [v2:172.21.15.106:3300/0,v1:172.21.15.106:6789/0] conn(0x7f54c8108d50 0x7f54c8109170 unknown :-1 s=HELLO_CONNECTING pgs=0 cs=0 l=0 rev1=1 crypto rx=0 tx=0 comp rx=0 tx=0).handle_hello peer v2:172.21.15.106:3300/0 says I am v2:172.21.15.106:37400/0 (socket says 172.21.15.106:37400)
2024-04-28T12:40:11.957 INFO:teuthology.orchestra.run.smithi106.stdout:/usr/bin/ceph: stderr
2024-04-28T12:40:11.075+0000 7f54cda00700 1 -- 172.21.15.106:0/799038525 learned_addr learned my addr 172.21.15.106:0/799038525 (peer_addr_for_me v2:172.21.15.106:0/0)
2024-04-28T12:40:11.957 INFO:teuthology.orchestra.run.smithi106.stdout:/usr/bin/ceph: stderr
2024-04-28T12:40:11.076+0000 7f54cda00700 1 -- 172.21.15.106:0/799038525 --> [v2:172.21.15.106:3300/0,v1:172.21.15.106:6789/0] -- mon_subscribe({config=0+,monmap=0+}) -- 0x7f54c8109f50 con 0x7f54c8108d50
2024-04-28T12:40:11.957 INFO:teuthology.orchestra.run.smithi106.stdout:/usr/bin/ceph: stderr
2024-04-28T12:40:11.076+0000 7f54cda00700 1 --2- 172.21.15.106:0/799038525 >> [v2:172.21.15.106:3300/0,v1:172.21.15.106:6789/0] conn(0x7f54c8108d50 0x7f54c8109170 secure :-1 s=READY pgs=20 cs=0 l=1 rev1=1 crypto rx=0x7f54bc009ab0 tx=0x7f54bc009dc0 comp rx=0 tx=0).ready entity=mon.0 client_cookie=7c865b2e3f80eeeb server_cookie=0 in_seq=0 out_seq=0
2024-04-28T12:40:11.957 INFO:teuthology.orchestra.run.smithi106.stdout:/usr/bin/ceph: stderr
2024-04-28T12:40:11.077+0000 7f54c7e00700 1 -- 172.21.15.106:0/799038525 <== mon.0 v2:172.21.15.106:3300/0 1 ==== mon_map magic: 0 ==== 205+0+0 (secure 0 0 0) 0x7f54bc004160 con 0x7f54c8108d50
2024-04-28T12:40:11.957 INFO:teuthology.orchestra.run.smithi106.stdout:/usr/bin/ceph: stderr
2024-04-28T12:40:11.077+0000 7f54c7e00700 1 -- 172.21.15.106:0/799038525 <== mon.0 v2:172.21.15.106:3300/0 2 ==== config(26 keys) ==== 1070+0+0 (secure 0 0 0) 0x7f54bc00bc70 con 0x7f54c8108d50
2024-04-28T12:40:11.957 INFO:teuthology.orchestra.run.smithi106.stdout:/usr/bin/ceph: stderr
2024-04-28T12:40:11.077+0000 7f54c7e00700 1 -- 172.21.15.106:0/799038525 <== mon.0 v2:172.21.15.106:3300/0 3 ==== mon_map magic: 0 ==== 205+0+0 (secure 0 0 0) 0x7f54bc003c30 con 0x7f54c8108d50
2024-04-28T12:40:11.957 INFO:teuthology.orchestra.run.smithi106.stdout:/usr/bin/ceph: stderr
2024-04-28T12:40:11.077+0000 7f54d0400700 1 -- 172.21.15.106:0/799038525 >> [v2:172.21.15.106:3300/0,v1:172.21.15.106:6789/0] conn(0x7f54c8108d50 msgr2=0x7f54c8109170 secure :-1 s=STATE_CONNECTION_ESTABLISHED l=1).mark_down
2024-04-28T12:40:11.957 INFO:teuthology.orchestra.run.smithi106.stdout:/usr/bin/ceph: stderr
2024-04-28T12:40:11.077+0000 7f54d0400700 1 --2- 172.21.15.106:0/799038525 >> [v2:172.21.15.106:3300/0,v1:172.21.15.106:6789/0] conn(0x7f54c8108d50 0x7f54c8109170 secure :-1 s=READY pgs=20 cs=0 l=1 rev1=1 crypto rx=0x7f54bc009ab0 tx=0x7f54bc009dc0 comp rx=0 tx=0).stop
2024-04-28T12:40:11.957 INFO:teuthology.orchestra.run.smithi106.stdout:/usr/bin/ceph: stderr
2024-04-28T12:40:11.077+0000 7f54d0400700 1 -- 172.21.15.106:0/799038525 shutdown_connections
2024-04-28T12:40:11.957 INFO:teuthology.orchestra.run.smithi106.stdout:/usr/bin/ceph: stderr
2024-04-28T12:40:11.077+0000 7f54d0400700 1 --2- 172.21.15.106:0/799038525 >> [v2:172.21.15.106:3300/0,v1:172.21.15.106:6789/0] conn(0x7f54c8108d50 0x7f54c8109170 unknown :-1 s=CLOSED pgs=20 cs=0 l=1 rev1=1 crypto rx=0 tx=0 comp rx=0 tx=0).stop
2024-04-28T12:40:11.958 INFO:teuthology.orchestra.run.smithi106.stdout:/usr/bin/ceph: stderr
2024-04-28T12:40:11.077+0000 7f54d0400700 1 -- 172.21.15.106:0/799038525 >> 172.21.15.106:0/799038525 conn(0x7f54c81042f0 msgr2=0x7f54c8106730 unknown :-1 s=STATE_NONE l=0).mark_down
2024-04-28T12:40:11.958 INFO:teuthology.orchestra.run.smithi106.stdout:/usr/bin/ceph: stderr
2024-04-28T12:40:11.078+0000 7f54d0400700 1 -- 172.21.15.106:0/799038525 shutdown_connections
2024-04-28T12:40:11.958 INFO:teuthology.orchestra.run.smithi106.stdout:/usr/bin/ceph: stderr
2024-04-28T12:40:11.078+0000 7f54d0400700 1 -- 172.21.15.106:0/799038525 wait complete.
2024-04-28T12:40:11.958 INFO:teuthology.orchestra.run.smithi106.stdout:/usr/bin/ceph: stderr
2024-04-28T12:40:11.078+0000 7f54d0400700 1 Processor -- start
2024-04-28T12:40:11.958 INFO:teuthology.orchestra.run.smithi106.stdout:/usr/bin/ceph: stderr
2024-04-28T12:40:11.079+0000 7f54d0400700 1 -- start start
2024-04-28T12:40:11.958 INFO:teuthology.orchestra.run.smithi106.stdout:/usr/bin/ceph: stderr
2024-04-28T12:40:11.079+0000 7f54d0400700 1 --2- >> [v2:172.21.15.106:3300/0,v1:172.21.15.106:6789/0] conn(0x7f54c8108d50 0x7f54c819cce0 unknown :-1 s=NONE pgs=0 cs=0 l=1 rev1=0 crypto rx=0 tx=0 comp rx=0 tx=0).connect
2024-04-28T12:40:11.958 INFO:teuthology.orchestra.run.smithi106.stdout:/usr/bin/ceph: stderr
2024-04-28T12:40:11.079+0000 7f54d0400700 1 -- --> [v2:172.21.15.106:3300/0,v1:172.21.15.106:6789/0] -- mon_getmap magic: 0 -- 0x7f54c810d300 con 0x7f54c8108d50
2024-04-28T12:40:11.958 INFO:teuthology.orchestra.run.smithi106.stdout:/usr/bin/ceph: stderr
2024-04-28T12:40:11.079+0000 7f54cda00700 1 --2- >> [v2:172.21.15.106:3300/0,v1:172.21.15.106:6789/0] conn(0x7f54c8108d50 0x7f54c819cce0 unknown :-1 s=BANNER_CONNECTING pgs=0 cs=0 l=1 rev1=0 crypto rx=0 tx=0 comp rx=0 tx=0)._handle_peer_banner_payload supported=3 required=0
2024-04-28T12:40:11.958 INFO:teuthology.orchestra.run.smithi106.stdout:/usr/bin/ceph: stderr
2024-04-28T12:40:11.079+0000 7f54cda00700 1 --2- >> [v2:172.21.15.106:3300/0,v1:172.21.15.106:6789/0] conn(0x7f54c8108d50 0x7f54c819cce0 unknown :-1 s=HELLO_CONNECTING pgs=0 cs=0 l=1 rev1=1 crypto rx=0 tx=0 comp rx=0 tx=0).handle_hello peer v2:172.21.15.106:3300/0 says I am v2:172.21.15.106:37410/0 (socket says 172.21.15.106:37410)
2024-04-28T12:40:11.958 INFO:teuthology.orchestra.run.smithi106.stdout:/usr/bin/ceph: stderr
2024-04-28T12:40:11.079+0000 7f54cda00700 1 -- 172.21.15.106:0/2241587093 learned_addr learned my addr 172.21.15.106:0/2241587093 (peer_addr_for_me v2:172.21.15.106:0/0)
2024-04-28T12:40:11.958 INFO:teuthology.orchestra.run.smithi106.stdout:/usr/bin/ceph: stderr
2024-04-28T12:40:11.080+0000 7f54cda00700 1 -- 172.21.15.106:0/2241587093 --> [v2:172.21.15.106:3300/0,v1:172.21.15.106:6789/0] -- mon_subscribe({config=0+,monmap=0+}) -- 0x7f54c819d220 con 0x7f54c8108d50
2024-04-28T12:40:11.958 INFO:teuthology.orchestra.run.smithi106.stdout:/usr/bin/ceph: stderr
2024-04-28T12:40:11.080+0000 7f54cda00700 1 --2- 172.21.15.106:0/2241587093 >> [v2:172.21.15.106:3300/0,v1:172.21.15.106:6789/0] conn(0x7f54c8108d50 0x7f54c819cce0 secure :-1 s=READY pgs=21 cs=0 l=1 rev1=1 crypto rx=0x7f54bc00ba10 tx=0x7f54bc00baf0 comp rx=0 tx=0).ready entity=mon.0 client_cookie=0 server_cookie=0 in_seq=0 out_seq=0
2024-04-28T12:40:11.958 INFO:teuthology.orchestra.run.smithi106.stdout:/usr/bin/ceph: stderr
2024-04-28T12:40:11.080+0000 7f54c6000700 1 -- 172.21.15.106:0/2241587093 <== mon.0 v2:172.21.15.106:3300/0 1 ==== mon_map magic: 0 ==== 205+0+0 (secure 0 0 0) 0x7f54bc004270 con 0x7f54c8108d50
2024-04-28T12:40:11.959 INFO:teuthology.orchestra.run.smithi106.stdout:/usr/bin/ceph: stderr
2024-04-28T12:40:11.080+0000 7f54c6000700 1 -- 172.21.15.106:0/2241587093 <== mon.0 v2:172.21.15.106:3300/0 2 ==== config(26 keys) ==== 1070+0+0 (secure 0 0 0) 0x7f54bc004410 con 0x7f54c8108d50
2024-04-28T12:40:11.959 INFO:teuthology.orchestra.run.smithi106.stdout:/usr/bin/ceph: stderr
2024-04-28T12:40:11.080+0000 7f54c6000700 1 -- 172.21.15.106:0/2241587093 <== mon.0 v2:172.21.15.106:3300/0 3 ==== mon_map magic: 0 ==== 205+0+0 (secure 0 0 0) 0x7f54bc0116b0 con 0x7f54c8108d50
2024-04-28T12:40:11.959 INFO:teuthology.orchestra.run.smithi106.stdout:/usr/bin/ceph: stderr
2024-04-28T12:40:11.080+0000 7f54d0400700 1 -- 172.21.15.106:0/2241587093 --> [v2:172.21.15.106:3300/0,v1:172.21.15.106:6789/0] -- mon_subscribe({mgrmap=0+}) -- 0x7f54c819d4b0 con 0x7f54c8108d50
2024-04-28T12:40:11.959 INFO:teuthology.orchestra.run.smithi106.stdout:/usr/bin/ceph: stderr
2024-04-28T12:40:11.080+0000 7f54d0400700 1 -- 172.21.15.106:0/2241587093 --> [v2:172.21.15.106:3300/0,v1:172.21.15.106:6789/0] -- mon_subscribe({osdmap=0}) -- 0x7f54c81a0190 con 0x7f54c8108d50
2024-04-28T12:40:11.959 INFO:teuthology.orchestra.run.smithi106.stdout:/usr/bin/ceph: stderr
2024-04-28T12:40:11.081+0000 7f54c6000700 1 -- 172.21.15.106:0/2241587093 <== mon.0 v2:172.21.15.106:3300/0 4 ==== mgrmap(e 4) ==== 46547+0+0 (secure 0 0 0) 0x7f54bc01baf0 con 0x7f54c8108d50
2024-04-28T12:40:11.959 INFO:teuthology.orchestra.run.smithi106.stdout:/usr/bin/ceph: stderr
2024-04-28T12:40:11.081+0000 7f54d0400700 1 -- 172.21.15.106:0/2241587093 --> [v2:172.21.15.106:3300/0,v1:172.21.15.106:6789/0] -- mon_command({"prefix": "get_command_descriptions"} v 0) -- 0x7f54c8064a80 con 0x7f54c8108d50
2024-04-28T12:40:11.959 INFO:teuthology.orchestra.run.smithi106.stdout:/usr/bin/ceph: stderr
2024-04-28T12:40:11.082+0000 7f54c6000700 1 --2- 172.21.15.106:0/2241587093 >> [v2:172.21.15.106:6800/102356115,v1:172.21.15.106:6801/102356115] conn(0x7f54b0039560 0x7f54b003ba20 unknown :-1 s=NONE pgs=0 cs=0 l=1 rev1=0 crypto rx=0 tx=0 comp rx=0 tx=0).connect
2024-04-28T12:40:11.959 INFO:teuthology.orchestra.run.smithi106.stdout:/usr/bin/ceph: stderr
2024-04-28T12:40:11.082+0000 7f54c6000700 1 -- 172.21.15.106:0/2241587093 <== mon.0 v2:172.21.15.106:3300/0 5 ==== osd_map(1..1 src has 1..1) ==== 725+0+0 (secure 0 0 0) 0x7f54bc04de00 con 0x7f54c8108d50
2024-04-28T12:40:11.959 INFO:teuthology.orchestra.run.smithi106.stdout:/usr/bin/ceph: stderr
2024-04-28T12:40:11.082+0000 7f54cd000700 1 --2- 172.21.15.106:0/2241587093 >> [v2:172.21.15.106:6800/102356115,v1:172.21.15.106:6801/102356115] conn(0x7f54b0039560 0x7f54b003ba20 unknown :-1 s=BANNER_CONNECTING pgs=0 cs=0 l=1 rev1=0 crypto rx=0 tx=0 comp rx=0 tx=0)._handle_peer_banner_payload supported=3 required=0
2024-04-28T12:40:11.959 INFO:teuthology.orchestra.run.smithi106.stdout:/usr/bin/ceph: stderr
2024-04-28T12:40:11.083+0000 7f54cd000700 1 --2- 172.21.15.106:0/2241587093 >> [v2:172.21.15.106:6800/102356115,v1:172.21.15.106:6801/102356115] conn(0x7f54b0039560 0x7f54b003ba20 secure :-1 s=READY pgs=7 cs=0 l=1 rev1=1 crypto rx=0x7f54b4006fd0 tx=0x7f54b4006e40 comp rx=0 tx=0).ready entity=mgr.14100 client_cookie=0 server_cookie=0 in_seq=0 out_seq=0
2024-04-28T12:40:11.959 INFO:teuthology.orchestra.run.smithi106.stdout:/usr/bin/ceph: stderr
2024-04-28T12:40:11.088+0000 7f54c6000700 1 -- 172.21.15.106:0/2241587093 <== mon.0 v2:172.21.15.106:3300/0 6 ==== mon_command_ack([{"prefix": "get_command_descriptions"}]=0 v0) ==== 72+0+188494 (secure 0 0 0) 0x7f54bc01f030 con 0x7f54c8108d50
2024-04-28T12:40:11.959 INFO:teuthology.orchestra.run.smithi106.stdout:/usr/bin/ceph: stderr
2024-04-28T12:40:11.303+0000 7f54d0400700 1 -- 172.21.15.106:0/2241587093 --> [v2:172.21.15.106:3300/0,v1:172.21.15.106:6789/0] -- mon_command({"prefix": "config assimilate-conf"} v 0) -- 0x7f54c81a0360 con 0x7f54c8108d50
2024-04-28T12:40:11.959 INFO:teuthology.orchestra.run.smithi106.stdout:/usr/bin/ceph: stderr
2024-04-28T12:40:11.304+0000 7f54c6000700 1 -- 172.21.15.106:0/2241587093 <== mon.0 v2:172.21.15.106:3300/0 7 ==== mon_command_ack([{"prefix": "config assimilate-conf"}]=0 v3) ==== 70+0+409 (secure 0 0 0) 0x7f54c81a0360 con 0x7f54c8108d50
2024-04-28T12:40:11.959 INFO:teuthology.orchestra.run.smithi106.stdout:/usr/bin/ceph: stderr
2024-04-28T12:40:11.307+0000 7f54d0400700 1 -- 172.21.15.106:0/2241587093 >> [v2:172.21.15.106:6800/102356115,v1:172.21.15.106:6801/102356115] conn(0x7f54b0039560 msgr2=0x7f54b003ba20 secure :-1 s=STATE_CONNECTION_ESTABLISHED l=1).mark_down
2024-04-28T12:40:11.959 INFO:teuthology.orchestra.run.smithi106.stdout:/usr/bin/ceph: stderr
2024-04-28T12:40:11.307+0000 7f54d0400700 1 --2- 172.21.15.106:0/2241587093 >> [v2:172.21.15.106:6800/102356115,v1:172.21.15.106:6801/102356115] conn(0x7f54b0039560 0x7f54b003ba20 secure :-1 s=READY pgs=7 cs=0 l=1 rev1=1 crypto rx=0x7f54b4006fd0 tx=0x7f54b4006e40 comp rx=0 tx=0).stop
2024-04-28T12:40:11.960 INFO:teuthology.orchestra.run.smithi106.stdout:/usr/bin/ceph: stderr
2024-04-28T12:40:11.307+0000 7f54d0400700 1 -- 172.21.15.106:0/2241587093 >> [v2:172.21.15.106:3300/0,v1:172.21.15.106:6789/0] conn(0x7f54c8108d50 msgr2=0x7f54c819cce0 secure :-1 s=STATE_CONNECTION_ESTABLISHED l=1).mark_down
2024-04-28T12:40:11.960 INFO:teuthology.orchestra.run.smithi106.stdout:/usr/bin/ceph: stderr
2024-04-28T12:40:11.307+0000 7f54d0400700 1 --2- 172.21.15.106:0/2241587093 >> [v2:172.21.15.106:3300/0,v1:172.21.15.106:6789/0] conn(0x7f54c8108d50 0x7f54c819cce0 secure :-1 s=READY pgs=21 cs=0 l=1 rev1=1 crypto rx=0x7f54bc00ba10 tx=0x7f54bc00baf0 comp rx=0 tx=0).stop
2024-04-28T12:40:11.960 INFO:teuthology.orchestra.run.smithi106.stdout:/usr/bin/ceph: stderr
2024-04-28T12:40:11.307+0000 7f54d0400700 1 -- 172.21.15.106:0/2241587093 shutdown_connections
2024-04-28T12:40:11.960 INFO:teuthology.orchestra.run.smithi106.stdout:/usr/bin/ceph: stderr
2024-04-28T12:40:11.307+0000 7f54d0400700 1 --2- 172.21.15.106:0/2241587093 >> [v2:172.21.15.106:6800/102356115,v1:172.21.15.106:6801/102356115] conn(0x7f54b0039560 0x7f54b003ba20 unknown :-1 s=CLOSED pgs=7 cs=0 l=1 rev1=1 crypto rx=0 tx=0 comp rx=0 tx=0).stop
2024-04-28T12:40:11.960 INFO:teuthology.orchestra.run.smithi106.stdout:/usr/bin/ceph: stderr
2024-04-28T12:40:11.307+0000 7f54d0400700 1 --2- 172.21.15.106:0/2241587093 >> [v2:172.21.15.106:3300/0,v1:172.21.15.106:6789/0] conn(0x7f54c8108d50 0x7f54c819cce0 unknown :-1 s=CLOSED pgs=21 cs=0 l=1 rev1=1 crypto rx=0 tx=0 comp rx=0 tx=0).stop
2024-04-28T12:40:11.960 INFO:teuthology.orchestra.run.smithi106.stdout:/usr/bin/ceph: stderr
2024-04-28T12:40:11.307+0000 7f54d0400700 1 -- 172.21.15.106:0/2241587093 >> 172.21.15.106:0/2241587093 conn(0x7f54c81042f0 msgr2=0x7f54c8104e30 unknown :-1 s=STATE_NONE l=0).mark_down
2024-04-28T12:40:11.960 INFO:teuthology.orchestra.run.smithi106.stdout:/usr/bin/ceph: stderr
2024-04-28T12:40:11.307+0000 7f54d0400700 1 -- 172.21.15.106:0/2241587093 shutdown_connections
2024-04-28T12:40:11.961 INFO:teuthology.orchestra.run.smithi106.stdout:/usr/bin/ceph: stderr
2024-04-28T12:40:11.307+0000 7f54d0400700 1 -- 172.21.15.106:0/2241587093 wait complete.
2024-04-28T12:40:11.961 INFO:teuthology.orchestra.run.smithi106.stdout:Enabling cephadm module...
2024-04-28T12:40:13.220 INFO:journalctl@ceph.mon.a.smithi106.stdout:Apr 28 12:40:12 smithi106 ceph-mon[28081]: from='client.? 172.21.15.106:0/3127717486' entity='client.admin' cmd=[{"prefix": "mgr module enable", "module": "cephadm"}]: dispatch
2024-04-28T12:40:13.220 INFO:journalctl@ceph.mgr.x.smithi106.stdout:Apr 28 12:40:13 smithi106 ceph-e5e35dfa-055b-11ef-bc93-c7b262605968-mgr-x[28310]: ignoring --setuser ceph since I am not root
2024-04-28T12:40:13.220 INFO:journalctl@ceph.mgr.x.smithi106.stdout:Apr 28 12:40:13 smithi106 ceph-e5e35dfa-055b-11ef-bc93-c7b262605968-mgr-x[28310]: ignoring --setgroup ceph since I am not root
2024-04-28T12:40:13.575 INFO:journalctl@ceph.mgr.x.smithi106.stdout:Apr 28 12:40:13 smithi106 ceph-e5e35dfa-055b-11ef-bc93-c7b262605968-mgr-x[28310]:
2024-04-28T12:40:13.223+0000 7fbaf854e200 -1 mgr[py] Module balancer has missing NOTIFY_TYPES member
2024-04-28T12:40:13.575 INFO:journalctl@ceph.mgr.x.smithi106.stdout:Apr 28 12:40:13 smithi106 ceph-e5e35dfa-055b-11ef-bc93-c7b262605968-mgr-x[28310]:
2024-04-28T12:40:13.463+0000 7fbaf854e200 -1 mgr[py] Module orchestrator has missing NOTIFY_TYPES member
2024-04-28T12:40:13.676 INFO:teuthology.orchestra.run.smithi106.stdout:/usr/bin/ceph: stderr
2024-04-28T12:40:12.574+0000 7efe55600700 1 Processor -- start
2024-04-28T12:40:13.676 INFO:teuthology.orchestra.run.smithi106.stdout:/usr/bin/ceph: stderr
2024-04-28T12:40:12.574+0000 7efe55600700 1 -- start start
2024-04-28T12:40:13.676 INFO:teuthology.orchestra.run.smithi106.stdout:/usr/bin/ceph: stderr
2024-04-28T12:40:12.575+0000 7efe55600700 1 --2- >> [v2:172.21.15.106:3300/0,v1:172.21.15.106:6789/0] conn(0x7efe5010fc50 0x7efe50112040 unknown :-1 s=NONE pgs=0 cs=0 l=0 rev1=0 crypto rx=0 tx=0 comp rx=0 tx=0).connect
2024-04-28T12:40:13.676 INFO:teuthology.orchestra.run.smithi106.stdout:/usr/bin/ceph: stderr
2024-04-28T12:40:12.575+0000 7efe55600700 1 -- --> [v2:172.21.15.106:3300/0,v1:172.21.15.106:6789/0] -- mon_getmap magic: 0 -- 0x7efe50112580 con 0x7efe5010fc50
2024-04-28T12:40:13.677 INFO:teuthology.orchestra.run.smithi106.stdout:/usr/bin/ceph: stderr
2024-04-28T12:40:12.575+0000 7efe4ea00700 1 --2- >> [v2:172.21.15.106:3300/0,v1:172.21.15.106:6789/0] conn(0x7efe5010fc50 0x7efe50112040 unknown :-1 s=BANNER_CONNECTING pgs=0 cs=0 l=0 rev1=0 crypto rx=0 tx=0 comp rx=0 tx=0)._handle_peer_banner_payload supported=3 required=0
2024-04-28T12:40:13.677 INFO:teuthology.orchestra.run.smithi106.stdout:/usr/bin/ceph: stderr
2024-04-28T12:40:12.576+0000 7efe4ea00700 1 --2- >> [v2:172.21.15.106:3300/0,v1:172.21.15.106:6789/0] conn(0x7efe5010fc50 0x7efe50112040 unknown :-1 s=HELLO_CONNECTING pgs=0 cs=0 l=0 rev1=1 crypto rx=0 tx=0 comp rx=0 tx=0).handle_hello peer v2:172.21.15.106:3300/0 says I am v2:172.21.15.106:37420/0 (socket says 172.21.15.106:37420)
2024-04-28T12:40:13.677 INFO:teuthology.orchestra.run.smithi106.stdout:/usr/bin/ceph: stderr
2024-04-28T12:40:12.576+0000 7efe4ea00700 1 -- 172.21.15.106:0/1199703516 learned_addr learned my addr 172.21.15.106:0/1199703516 (peer_addr_for_me v2:172.21.15.106:0/0)
2024-04-28T12:40:13.677 INFO:teuthology.orchestra.run.smithi106.stdout:/usr/bin/ceph: stderr
2024-04-28T12:40:12.576+0000 7efe4ea00700 1 -- 172.21.15.106:0/1199703516 --> [v2:172.21.15.106:3300/0,v1:172.21.15.106:6789/0] -- mon_subscribe({config=0+,monmap=0+}) -- 0x7efe50112700 con 0x7efe5010fc50
2024-04-28T12:40:13.677 INFO:teuthology.orchestra.run.smithi106.stdout:/usr/bin/ceph: stderr
2024-04-28T12:40:12.576+0000 7efe4ea00700 1 --2- 172.21.15.106:0/1199703516 >> [v2:172.21.15.106:3300/0,v1:172.21.15.106:6789/0] conn(0x7efe5010fc50 0x7efe50112040 secure :-1 s=READY pgs=22 cs=0 l=1 rev1=1 crypto rx=0x7efe400098a0 tx=0x7efe40009bb0 comp rx=0 tx=0).ready entity=mon.0 client_cookie=44c46d8b64d71850 server_cookie=0 in_seq=0 out_seq=0
2024-04-28T12:40:13.677 INFO:teuthology.orchestra.run.smithi106.stdout:/usr/bin/ceph: stderr
2024-04-28T12:40:12.577+0000 7efe4e000700 1 -- 172.21.15.106:0/1199703516 <== mon.0 v2:172.21.15.106:3300/0 1 ==== mon_map magic: 0 ==== 205+0+0 (secure 0 0 0) 0x7efe40004160 con 0x7efe5010fc50
2024-04-28T12:40:13.677 INFO:teuthology.orchestra.run.smithi106.stdout:/usr/bin/ceph: stderr
2024-04-28T12:40:12.577+0000 7efe4e000700 1 -- 172.21.15.106:0/1199703516 <== mon.0 v2:172.21.15.106:3300/0 2 ==== config(26 keys) ==== 1070+0+0 (secure 0 0 0) 0x7efe40004300 con 0x7efe5010fc50
2024-04-28T12:40:13.677 INFO:teuthology.orchestra.run.smithi106.stdout:/usr/bin/ceph: stderr
2024-04-28T12:40:12.577+0000 7efe4e000700 1 -- 172.21.15.106:0/1199703516 <== mon.0 v2:172.21.15.106:3300/0 3 ==== mon_map magic: 0 ==== 205+0+0 (secure 0 0 0) 0x7efe40011af0 con 0x7efe5010fc50
2024-04-28T12:40:13.677 INFO:teuthology.orchestra.run.smithi106.stdout:/usr/bin/ceph: stderr
2024-04-28T12:40:12.577+0000 7efe55600700 1 -- 172.21.15.106:0/1199703516 >> [v2:172.21.15.106:3300/0,v1:172.21.15.106:6789/0] conn(0x7efe5010fc50 msgr2=0x7efe50112040 secure :-1 s=STATE_CONNECTION_ESTABLISHED l=1).mark_down
2024-04-28T12:40:13.677 INFO:teuthology.orchestra.run.smithi106.stdout:/usr/bin/ceph: stderr
2024-04-28T12:40:12.577+0000 7efe55600700 1 --2- 172.21.15.106:0/1199703516 >> [v2:172.21.15.106:3300/0,v1:172.21.15.106:6789/0] conn(0x7efe5010fc50 0x7efe50112040 secure :-1 s=READY pgs=22 cs=0 l=1 rev1=1 crypto rx=0x7efe400098a0 tx=0x7efe40009bb0 comp rx=0 tx=0).stop
2024-04-28T12:40:13.677 INFO:teuthology.orchestra.run.smithi106.stdout:/usr/bin/ceph: stderr
2024-04-28T12:40:12.578+0000 7efe55600700 1 -- 172.21.15.106:0/1199703516 shutdown_connections
2024-04-28T12:40:13.677 INFO:teuthology.orchestra.run.smithi106.stdout:/usr/bin/ceph: stderr
2024-04-28T12:40:12.578+0000 7efe55600700 1 --2- 172.21.15.106:0/1199703516 >> [v2:172.21.15.106:3300/0,v1:172.21.15.106:6789/0] conn(0x7efe5010fc50 0x7efe50112040 unknown :-1 s=CLOSED pgs=22 cs=0 l=1 rev1=1 crypto rx=0 tx=0 comp rx=0 tx=0).stop
2024-04-28T12:40:13.677 INFO:teuthology.orchestra.run.smithi106.stdout:/usr/bin/ceph: stderr
2024-04-28T12:40:12.578+0000 7efe55600700 1 -- 172.21.15.106:0/1199703516 >> 172.21.15.106:0/1199703516 conn(0x7efe5007e370 msgr2=0x7efe50080790 unknown :-1 s=STATE_NONE l=0).mark_down
2024-04-28T12:40:13.678 INFO:teuthology.orchestra.run.smithi106.stdout:/usr/bin/ceph: stderr
2024-04-28T12:40:12.578+0000 7efe55600700 1 -- 172.21.15.106:0/1199703516 shutdown_connections
2024-04-28T12:40:13.678 INFO:teuthology.orchestra.run.smithi106.stdout:/usr/bin/ceph: stderr
2024-04-28T12:40:12.578+0000 7efe55600700 1 -- 172.21.15.106:0/1199703516 wait complete.
2024-04-28T12:40:13.678 INFO:teuthology.orchestra.run.smithi106.stdout:/usr/bin/ceph: stderr
2024-04-28T12:40:12.579+0000 7efe55600700 1 Processor -- start
2024-04-28T12:40:13.678 INFO:teuthology.orchestra.run.smithi106.stdout:/usr/bin/ceph: stderr
2024-04-28T12:40:12.579+0000 7efe55600700 1 -- start start
2024-04-28T12:40:13.678 INFO:teuthology.orchestra.run.smithi106.stdout:/usr/bin/ceph: stderr
2024-04-28T12:40:12.580+0000 7efe55600700 1 --2- >> [v2:172.21.15.106:3300/0,v1:172.21.15.106:6789/0] conn(0x7efe5010fc50 0x7efe501a3280 unknown :-1 s=NONE pgs=0 cs=0 l=1 rev1=0 crypto rx=0 tx=0 comp rx=0 tx=0).connect
2024-04-28T12:40:13.678 INFO:teuthology.orchestra.run.smithi106.stdout:/usr/bin/ceph: stderr
2024-04-28T12:40:12.580+0000 7efe55600700 1 -- --> [v2:172.21.15.106:3300/0,v1:172.21.15.106:6789/0] -- mon_getmap magic: 0 -- 0x7efe501136b0 con 0x7efe5010fc50
2024-04-28T12:40:13.678 INFO:teuthology.orchestra.run.smithi106.stdout:/usr/bin/ceph: stderr
2024-04-28T12:40:12.580+0000 7efe4ea00700 1 --2- >> [v2:172.21.15.106:3300/0,v1:172.21.15.106:6789/0] conn(0x7efe5010fc50 0x7efe501a3280 unknown :-1 s=BANNER_CONNECTING pgs=0 cs=0 l=1 rev1=0 crypto rx=0 tx=0 comp rx=0 tx=0)._handle_peer_banner_payload supported=3 required=0
2024-04-28T12:40:13.678 INFO:teuthology.orchestra.run.smithi106.stdout:/usr/bin/ceph: stderr
2024-04-28T12:40:12.580+0000 7efe4ea00700 1 --2- >> [v2:172.21.15.106:3300/0,v1:172.21.15.106:6789/0] conn(0x7efe5010fc50 0x7efe501a3280 unknown :-1 s=HELLO_CONNECTING pgs=0 cs=0 l=1 rev1=1 crypto rx=0 tx=0 comp rx=0 tx=0).handle_hello peer v2:172.21.15.106:3300/0 says I am v2:172.21.15.106:37428/0 (socket says 172.21.15.106:37428)
2024-04-28T12:40:13.678 INFO:teuthology.orchestra.run.smithi106.stdout:/usr/bin/ceph: stderr
2024-04-28T12:40:12.580+0000 7efe4ea00700 1 -- 172.21.15.106:0/3127717486 learned_addr learned my addr 172.21.15.106:0/3127717486 (peer_addr_for_me v2:172.21.15.106:0/0)
2024-04-28T12:40:13.678 INFO:teuthology.orchestra.run.smithi106.stdout:/usr/bin/ceph: stderr
2024-04-28T12:40:12.580+0000 7efe4ea00700 1 -- 172.21.15.106:0/3127717486 --> [v2:172.21.15.106:3300/0,v1:172.21.15.106:6789/0] -- mon_subscribe({config=0+,monmap=0+}) -- 0x7efe501a37c0 con 0x7efe5010fc50
2024-04-28T12:40:13.678 INFO:teuthology.orchestra.run.smithi106.stdout:/usr/bin/ceph: stderr
2024-04-28T12:40:12.581+0000 7efe4ea00700 1 --2- 172.21.15.106:0/3127717486 >> [v2:172.21.15.106:3300/0,v1:172.21.15.106:6789/0] conn(0x7efe5010fc50 0x7efe501a3280 secure :-1 s=READY pgs=23 cs=0 l=1 rev1=1 crypto rx=0x7efe40011ac0 tx=0x7efe40011ba0 comp rx=0 tx=0).ready entity=mon.0 client_cookie=0 server_cookie=0 in_seq=0 out_seq=0
2024-04-28T12:40:13.678 INFO:teuthology.orchestra.run.smithi106.stdout:/usr/bin/ceph: stderr
2024-04-28T12:40:12.581+0000 7efe47400700 1 -- 172.21.15.106:0/3127717486 <== mon.0 v2:172.21.15.106:3300/0 1 ==== mon_map magic: 0 ==== 205+0+0 (secure 0 0 0) 0x7efe40003970 con 0x7efe5010fc50
2024-04-28T12:40:13.678 INFO:teuthology.orchestra.run.smithi106.stdout:/usr/bin/ceph: stderr
2024-04-28T12:40:12.581+0000 7efe47400700 1 -- 172.21.15.106:0/3127717486 <== mon.0 v2:172.21.15.106:3300/0 2 ==== config(26 keys) ==== 1070+0+0 (secure 0 0 0) 0x7efe40003b10 con 0x7efe5010fc50
2024-04-28T12:40:13.679 INFO:teuthology.orchestra.run.smithi106.stdout:/usr/bin/ceph: stderr
2024-04-28T12:40:12.581+0000 7efe47400700 1 -- 172.21.15.106:0/3127717486 <== mon.0 v2:172.21.15.106:3300/0 3 ==== mon_map magic: 0 ==== 205+0+0 (secure 0 0 0) 0x7efe40024610 con 0x7efe5010fc50
2024-04-28T12:40:13.679 INFO:teuthology.orchestra.run.smithi106.stdout:/usr/bin/ceph: stderr
2024-04-28T12:40:12.581+0000 7efe55600700 1 -- 172.21.15.106:0/3127717486 --> [v2:172.21.15.106:3300/0,v1:172.21.15.106:6789/0] -- mon_subscribe({mgrmap=0+}) -- 0x7efe501a3a50 con 0x7efe5010fc50
2024-04-28T12:40:13.679 INFO:teuthology.orchestra.run.smithi106.stdout:/usr/bin/ceph: stderr
2024-04-28T12:40:12.581+0000 7efe55600700 1 -- 172.21.15.106:0/3127717486 --> [v2:172.21.15.106:3300/0,v1:172.21.15.106:6789/0] -- mon_subscribe({osdmap=0}) -- 0x7efe501a6740 con 0x7efe5010fc50
2024-04-28T12:40:13.679 INFO:teuthology.orchestra.run.smithi106.stdout:/usr/bin/ceph: stderr
2024-04-28T12:40:12.582+0000 7efe47400700 1 -- 172.21.15.106:0/3127717486 <== mon.0 v2:172.21.15.106:3300/0 4 ==== mgrmap(e 4) ==== 46547+0+0 (secure 0 0 0) 0x7efe4001a9e0 con 0x7efe5010fc50
2024-04-28T12:40:13.679 INFO:teuthology.orchestra.run.smithi106.stdout:/usr/bin/ceph: stderr
2024-04-28T12:40:12.582+0000 7efe55600700 1 -- 172.21.15.106:0/3127717486 --> [v2:172.21.15.106:3300/0,v1:172.21.15.106:6789/0] -- mon_command({"prefix": "get_command_descriptions"} v 0) -- 0x7efe50064a80 con 0x7efe5010fc50
2024-04-28T12:40:13.679 INFO:teuthology.orchestra.run.smithi106.stdout:/usr/bin/ceph: stderr
2024-04-28T12:40:12.583+0000 7efe47400700 1 --2- 172.21.15.106:0/3127717486 >> [v2:172.21.15.106:6800/102356115,v1:172.21.15.106:6801/102356115] conn(0x7efe34039560 0x7efe3403ba20 unknown :-1 s=NONE pgs=0 cs=0 l=1 rev1=0 crypto rx=0 tx=0 comp rx=0 tx=0).connect
2024-04-28T12:40:13.679 INFO:teuthology.orchestra.run.smithi106.stdout:/usr/bin/ceph: stderr
2024-04-28T12:40:12.583+0000 7efe47400700 1 -- 172.21.15.106:0/3127717486 <== mon.0 v2:172.21.15.106:3300/0 5 ==== osd_map(1..1 src has 1..1) ==== 725+0+0 (secure 0 0 0) 0x7efe4004d8d0 con 0x7efe5010fc50
2024-04-28T12:40:13.679 INFO:teuthology.orchestra.run.smithi106.stdout:/usr/bin/ceph: stderr
2024-04-28T12:40:12.583+0000 7efe47e00700 1 --2- 172.21.15.106:0/3127717486 >> [v2:172.21.15.106:6800/102356115,v1:172.21.15.106:6801/102356115] conn(0x7efe34039560 0x7efe3403ba20 unknown :-1 s=BANNER_CONNECTING pgs=0 cs=0 l=1 rev1=0 crypto rx=0 tx=0 comp rx=0 tx=0)._handle_peer_banner_payload supported=3 required=0
2024-04-28T12:40:13.679 INFO:teuthology.orchestra.run.smithi106.stdout:/usr/bin/ceph: stderr
2024-04-28T12:40:12.583+0000 7efe47e00700 1 --2- 172.21.15.106:0/3127717486 >> [v2:172.21.15.106:6800/102356115,v1:172.21.15.106:6801/102356115] conn(0x7efe34039560 0x7efe3403ba20 secure :-1 s=READY pgs=8 cs=0 l=1 rev1=1 crypto rx=0x7efe38006fd0 tx=0x7efe38006e40 comp rx=0 tx=0).ready entity=mgr.14100 client_cookie=0 server_cookie=0 in_seq=0 out_seq=0
2024-04-28T12:40:13.679 INFO:teuthology.orchestra.run.smithi106.stdout:/usr/bin/ceph: stderr
2024-04-28T12:40:12.588+0000 7efe47400700 1 -- 172.21.15.106:0/3127717486 <== mon.0 v2:172.21.15.106:3300/0 6 ==== mon_command_ack([{"prefix": "get_command_descriptions"}]=0 v0) ==== 72+0+188494 (secure 0 0 0) 0x7efe4000b3e0 con 0x7efe5010fc50
2024-04-28T12:40:13.679 INFO:teuthology.orchestra.run.smithi106.stdout:/usr/bin/ceph: stderr
2024-04-28T12:40:12.877+0000 7efe55600700 1 -- 172.21.15.106:0/3127717486 --> [v2:172.21.15.106:3300/0,v1:172.21.15.106:6789/0] -- mon_command({"prefix": "mgr module enable", "module": "cephadm"} v 0) -- 0x7efe501a6910 con 0x7efe5010fc50
2024-04-28T12:40:13.679 INFO:teuthology.orchestra.run.smithi106.stdout:/usr/bin/ceph: stderr
2024-04-28T12:40:12.931+0000 7efe47400700 1 -- 172.21.15.106:0/3127717486 <== mon.0 v2:172.21.15.106:3300/0 7 ==== mon_command_ack([{"prefix": "mgr module enable", "module": "cephadm"}]=0 v5) ==== 86+0+0 (secure 0 0 0) 0x7efe501a6910 con 0x7efe5010fc50
2024-04-28T12:40:13.679 INFO:teuthology.orchestra.run.smithi106.stdout:/usr/bin/ceph: stderr
2024-04-28T12:40:12.935+0000 7efe47400700 1 -- 172.21.15.106:0/3127717486 <== mon.0 v2:172.21.15.106:3300/0 8 ==== mgrmap(e 5) ==== 46558+0+0 (secure 0 0 0) 0x7efe4002c350 con 0x7efe5010fc50
2024-04-28T12:40:13.679 INFO:teuthology.orchestra.run.smithi106.stdout:/usr/bin/ceph: stderr
2024-04-28T12:40:12.935+0000 7efe55600700 1 -- 172.21.15.106:0/3127717486 >> [v2:172.21.15.106:6800/102356115,v1:172.21.15.106:6801/102356115] conn(0x7efe34039560 msgr2=0x7efe3403ba20 secure :-1 s=STATE_CONNECTION_ESTABLISHED l=1).mark_down
2024-04-28T12:40:13.680 INFO:teuthology.orchestra.run.smithi106.stdout:/usr/bin/ceph: stderr
2024-04-28T12:40:12.935+0000 7efe55600700 1 --2- 172.21.15.106:0/3127717486 >> [v2:172.21.15.106:6800/102356115,v1:172.21.15.106:6801/102356115] conn(0x7efe34039560 0x7efe3403ba20 secure :-1 s=READY pgs=8 cs=0 l=1 rev1=1 crypto rx=0x7efe38006fd0 tx=0x7efe38006e40 comp rx=0 tx=0).stop
2024-04-28T12:40:13.680 INFO:teuthology.orchestra.run.smithi106.stdout:/usr/bin/ceph: stderr
2024-04-28T12:40:12.935+0000 7efe55600700 1 -- 172.21.15.106:0/3127717486 >> [v2:172.21.15.106:3300/0,v1:172.21.15.106:6789/0] conn(0x7efe5010fc50 msgr2=0x7efe501a3280 secure :-1 s=STATE_CONNECTION_ESTABLISHED l=1).mark_down
2024-04-28T12:40:13.680 INFO:teuthology.orchestra.run.smithi106.stdout:/usr/bin/ceph: stderr
2024-04-28T12:40:12.935+0000 7efe55600700 1 --2- 172.21.15.106:0/3127717486 >> [v2:172.21.15.106:3300/0,v1:172.21.15.106:6789/0] conn(0x7efe5010fc50 0x7efe501a3280 secure :-1 s=READY pgs=23 cs=0 l=1 rev1=1 crypto rx=0x7efe40011ac0 tx=0x7efe40011ba0 comp rx=0 tx=0).stop
2024-04-28T12:40:13.680 INFO:teuthology.orchestra.run.smithi106.stdout:/usr/bin/ceph: stderr
2024-04-28T12:40:12.935+0000 7efe55600700 1 -- 172.21.15.106:0/3127717486 shutdown_connections
2024-04-28T12:40:13.680 INFO:teuthology.orchestra.run.smithi106.stdout:/usr/bin/ceph: stderr
2024-04-28T12:40:12.935+0000 7efe55600700 1 --2- 172.21.15.106:0/3127717486 >> [v2:172.21.15.106:6800/102356115,v1:172.21.15.106:6801/102356115] conn(0x7efe34039560 0x7efe3403ba20 unknown :-1 s=CLOSED pgs=8 cs=0 l=1 rev1=1 crypto rx=0 tx=0 comp rx=0 tx=0).stop
2024-04-28T12:40:13.680 INFO:teuthology.orchestra.run.smithi106.stdout:/usr/bin/ceph: stderr
2024-04-28T12:40:12.935+0000 7efe55600700 1 --2- 172.21.15.106:0/3127717486 >> [v2:172.21.15.106:3300/0,v1:172.21.15.106:6789/0] conn(0x7efe5010fc50 0x7efe501a3280 unknown :-1 s=CLOSED pgs=23 cs=0 l=1 rev1=1 crypto rx=0 tx=0 comp rx=0 tx=0).stop
2024-04-28T12:40:13.680 INFO:teuthology.orchestra.run.smithi106.stdout:/usr/bin/ceph: stderr
2024-04-28T12:40:12.935+0000 7efe55600700 1 -- 172.21.15.106:0/3127717486 >> 172.21.15.106:0/3127717486 conn(0x7efe5007e370 msgr2=0x7efe5007eea0 unknown :-1 s=STATE_NONE l=0).mark_down
2024-04-28T12:40:13.680 INFO:teuthology.orchestra.run.smithi106.stdout:/usr/bin/ceph: stderr
2024-04-28T12:40:12.936+0000 7efe55600700 1 -- 172.21.15.106:0/3127717486 shutdown_connections
2024-04-28T12:40:13.680 INFO:teuthology.orchestra.run.smithi106.stdout:/usr/bin/ceph: stderr
2024-04-28T12:40:12.936+0000 7efe55600700 1 -- 172.21.15.106:0/3127717486 wait complete.
2024-04-28T12:40:13.937 INFO:journalctl@ceph.mgr.x.smithi106.stdout:Apr 28 12:40:13 smithi106 ceph-e5e35dfa-055b-11ef-bc93-c7b262605968-mgr-x[28310]:
2024-04-28T12:40:13.594+0000 7fbaf854e200 -1 mgr[py] Module snap_schedule has missing NOTIFY_TYPES member
2024-04-28T12:40:14.230 INFO:journalctl@ceph.mon.a.smithi106.stdout:Apr 28 12:40:13 smithi106 ceph-mon[28081]: from='client.? 172.21.15.106:0/3127717486' entity='client.admin' cmd='[{"prefix": "mgr module enable", "module": "cephadm"}]': finished
2024-04-28T12:40:14.230 INFO:journalctl@ceph.mon.a.smithi106.stdout:Apr 28 12:40:13 smithi106 ceph-mon[28081]: mgrmap e5: x(active, since 5s)
2024-04-28T12:40:14.230 INFO:journalctl@ceph.mgr.x.smithi106.stdout:Apr 28 12:40:14 smithi106 ceph-e5e35dfa-055b-11ef-bc93-c7b262605968-mgr-x[28310]:
2024-04-28T12:40:14.013+0000 7fbaf854e200 -1 mgr[py] Module progress has missing NOTIFY_TYPES member
2024-04-28T12:40:14.231 INFO:journalctl@ceph.mgr.x.smithi106.stdout:Apr 28 12:40:14 smithi106 ceph-e5e35dfa-055b-11ef-bc93-c7b262605968-mgr-x[28310]:
2024-04-28T12:40:14.124+0000 7fbaf854e200 -1 mgr[py] Module influx has missing NOTIFY_TYPES member
2024-04-28T12:40:15.284 INFO:journalctl@ceph.mon.a.smithi106.stdout:Apr 28 12:40:14 smithi106 ceph-mon[28081]: from='client.? 172.21.15.106:0/2501621111' entity='client.admin' cmd=[{"prefix": "mgr stat"}]: dispatch
2024-04-28T12:40:15.307 INFO:teuthology.orchestra.run.smithi106.stdout:/usr/bin/ceph: stdout {
2024-04-28T12:40:15.308 INFO:teuthology.orchestra.run.smithi106.stdout:/usr/bin/ceph: stdout "epoch": 5,
