2024-04-28T12:41:19.632+0000 7efff4fcc700 1 -- 172.21.15.53:0/2119940624 --> [v2:172.21.15.53:3300/0,v1:172.21.15.53:6789/0] -- mon_subscribe({config=0+,monmap=0+}) -- 0x7efff0108e70 con 0x7efff0107c70
2024-04-28T12:41:21.508 INFO:teuthology.orchestra.run.smithi053.stdout:/usr/bin/ceph: stderr
2024-04-28T12:41:19.632+0000 7efff4fcc700 1 --2- 172.21.15.53:0/2119940624 >> [v2:172.21.15.53:3300/0,v1:172.21.15.53:6789/0] conn(0x7efff0107c70 0x7efff0108090 secure :-1 s=READY pgs=47 cs=0 l=1 rev1=1 crypto rx=0x7effe80098a0 tx=0x7effe8009bb0 comp rx=0 tx=0).ready entity=mon.0 client_cookie=d252b7281fa5d1ca server_cookie=0 in_seq=0 out_seq=0
2024-04-28T12:41:21.508 INFO:teuthology.orchestra.run.smithi053.stdout:/usr/bin/ceph: stderr
2024-04-28T12:41:19.632+0000 7effef7fe700 1 -- 172.21.15.53:0/2119940624 <== mon.0 v2:172.21.15.53:3300/0 1 ==== mon_map magic: 0 ==== 205+0+0 (secure 0 0 0) 0x7effe8004160 con 0x7efff0107c70
2024-04-28T12:41:21.508 INFO:teuthology.orchestra.run.smithi053.stdout:/usr/bin/ceph: stderr
2024-04-28T12:41:19.632+0000 7effef7fe700 1 -- 172.21.15.53:0/2119940624 <== mon.0 v2:172.21.15.53:3300/0 2 ==== config(26 keys) ==== 1070+0+0 (secure 0 0 0) 0x7effe8004300 con 0x7efff0107c70
2024-04-28T12:41:21.508 INFO:teuthology.orchestra.run.smithi053.stdout:/usr/bin/ceph: stderr
2024-04-28T12:41:19.632+0000 7effef7fe700 1 -- 172.21.15.53:0/2119940624 <== mon.0 v2:172.21.15.53:3300/0 3 ==== mon_map magic: 0 ==== 205+0+0 (secure 0 0 0) 0x7effe8011af0 con 0x7efff0107c70
2024-04-28T12:41:21.509 INFO:teuthology.orchestra.run.smithi053.stdout:/usr/bin/ceph: stderr
2024-04-28T12:41:19.633+0000 7efff7230700 1 -- 172.21.15.53:0/2119940624 >> [v2:172.21.15.53:3300/0,v1:172.21.15.53:6789/0] conn(0x7efff0107c70 msgr2=0x7efff0108090 secure :-1 s=STATE_CONNECTION_ESTABLISHED l=1).mark_down
2024-04-28T12:41:21.509 INFO:teuthology.orchestra.run.smithi053.stdout:/usr/bin/ceph: stderr
2024-04-28T12:41:19.633+0000 7efff7230700 1 --2- 172.21.15.53:0/2119940624 >> [v2:172.21.15.53:3300/0,v1:172.21.15.53:6789/0] conn(0x7efff0107c70 0x7efff0108090 secure :-1 s=READY pgs=47 cs=0 l=1 rev1=1 crypto rx=0x7effe80098a0 tx=0x7effe8009bb0 comp rx=0 tx=0).stop
2024-04-28T12:41:21.509 INFO:teuthology.orchestra.run.smithi053.stdout:/usr/bin/ceph: stderr
2024-04-28T12:41:19.633+0000 7efff7230700 1 -- 172.21.15.53:0/2119940624 shutdown_connections
2024-04-28T12:41:21.509 INFO:teuthology.orchestra.run.smithi053.stdout:/usr/bin/ceph: stderr
2024-04-28T12:41:19.633+0000 7efff7230700 1 --2- 172.21.15.53:0/2119940624 >> [v2:172.21.15.53:3300/0,v1:172.21.15.53:6789/0] conn(0x7efff0107c70 0x7efff0108090 unknown :-1 s=CLOSED pgs=47 cs=0 l=1 rev1=1 crypto rx=0 tx=0 comp rx=0 tx=0).stop
2024-04-28T12:41:21.509 INFO:teuthology.orchestra.run.smithi053.stdout:/usr/bin/ceph: stderr
2024-04-28T12:41:19.633+0000 7efff7230700 1 -- 172.21.15.53:0/2119940624 >> 172.21.15.53:0/2119940624 conn(0x7efff0103230 msgr2=0x7efff0105650 unknown :-1 s=STATE_NONE l=0).mark_down
2024-04-28T12:41:21.509 INFO:teuthology.orchestra.run.smithi053.stdout:/usr/bin/ceph: stderr
2024-04-28T12:41:19.633+0000 7efff7230700 1 -- 172.21.15.53:0/2119940624 shutdown_connections
2024-04-28T12:41:21.509 INFO:teuthology.orchestra.run.smithi053.stdout:/usr/bin/ceph: stderr
2024-04-28T12:41:19.633+0000 7efff7230700 1 -- 172.21.15.53:0/2119940624 wait complete.
2024-04-28T12:41:21.509 INFO:teuthology.orchestra.run.smithi053.stdout:/usr/bin/ceph: stderr
2024-04-28T12:41:19.633+0000 7efff7230700 1 Processor -- start
2024-04-28T12:41:21.509 INFO:teuthology.orchestra.run.smithi053.stdout:/usr/bin/ceph: stderr
2024-04-28T12:41:19.633+0000 7efff7230700 1 -- start start
2024-04-28T12:41:21.509 INFO:teuthology.orchestra.run.smithi053.stdout:/usr/bin/ceph: stderr
2024-04-28T12:41:19.634+0000 7efff7230700 1 --2- >> [v2:172.21.15.53:3300/0,v1:172.21.15.53:6789/0] conn(0x7efff0107c70 0x7efff019ccf0 unknown :-1 s=NONE pgs=0 cs=0 l=1 rev1=0 crypto rx=0 tx=0 comp rx=0 tx=0).connect
2024-04-28T12:41:21.509 INFO:teuthology.orchestra.run.smithi053.stdout:/usr/bin/ceph: stderr
2024-04-28T12:41:19.634+0000 7efff7230700 1 -- --> [v2:172.21.15.53:3300/0,v1:172.21.15.53:6789/0] -- mon_getmap magic: 0 -- 0x7efff010c220 con 0x7efff0107c70
2024-04-28T12:41:21.509 INFO:teuthology.orchestra.run.smithi053.stdout:/usr/bin/ceph: stderr
2024-04-28T12:41:19.634+0000 7efff4fcc700 1 --2- >> [v2:172.21.15.53:3300/0,v1:172.21.15.53:6789/0] conn(0x7efff0107c70 0x7efff019ccf0 unknown :-1 s=BANNER_CONNECTING pgs=0 cs=0 l=1 rev1=0 crypto rx=0 tx=0 comp rx=0 tx=0)._handle_peer_banner_payload supported=3 required=0
2024-04-28T12:41:21.509 INFO:teuthology.orchestra.run.smithi053.stdout:/usr/bin/ceph: stderr
2024-04-28T12:41:19.634+0000 7efff4fcc700 1 --2- >> [v2:172.21.15.53:3300/0,v1:172.21.15.53:6789/0] conn(0x7efff0107c70 0x7efff019ccf0 unknown :-1 s=HELLO_CONNECTING pgs=0 cs=0 l=1 rev1=1 crypto rx=0 tx=0 comp rx=0 tx=0).handle_hello peer v2:172.21.15.53:3300/0 says I am v2:172.21.15.53:35230/0 (socket says 172.21.15.53:35230)
2024-04-28T12:41:21.510 INFO:teuthology.orchestra.run.smithi053.stdout:/usr/bin/ceph: stderr
2024-04-28T12:41:19.634+0000 7efff4fcc700 1 -- 172.21.15.53:0/3646916565 learned_addr learned my addr 172.21.15.53:0/3646916565 (peer_addr_for_me v2:172.21.15.53:0/0)
2024-04-28T12:41:21.510 INFO:teuthology.orchestra.run.smithi053.stdout:/usr/bin/ceph: stderr
2024-04-28T12:41:19.634+0000 7efff4fcc700 1 -- 172.21.15.53:0/3646916565 --> [v2:172.21.15.53:3300/0,v1:172.21.15.53:6789/0] -- mon_subscribe({config=0+,monmap=0+}) -- 0x7efff019d230 con 0x7efff0107c70
2024-04-28T12:41:21.510 INFO:teuthology.orchestra.run.smithi053.stdout:/usr/bin/ceph: stderr
2024-04-28T12:41:19.634+0000 7efff4fcc700 1 --2- 172.21.15.53:0/3646916565 >> [v2:172.21.15.53:3300/0,v1:172.21.15.53:6789/0] conn(0x7efff0107c70 0x7efff019ccf0 secure :-1 s=READY pgs=48 cs=0 l=1 rev1=1 crypto rx=0x7effe80117b0 tx=0x7effe8011b70 comp rx=0 tx=0).ready entity=mon.0 client_cookie=0 server_cookie=0 in_seq=0 out_seq=0
2024-04-28T12:41:21.510 INFO:teuthology.orchestra.run.smithi053.stdout:/usr/bin/ceph: stderr
2024-04-28T12:41:19.634+0000 7effedffb700 1 -- 172.21.15.53:0/3646916565 <== mon.0 v2:172.21.15.53:3300/0 1 ==== mon_map magic: 0 ==== 205+0+0 (secure 0 0 0) 0x7effe8003af0 con 0x7efff0107c70
2024-04-28T12:41:21.510 INFO:teuthology.orchestra.run.smithi053.stdout:/usr/bin/ceph: stderr
2024-04-28T12:41:19.634+0000 7effedffb700 1 -- 172.21.15.53:0/3646916565 <== mon.0 v2:172.21.15.53:3300/0 2 ==== config(26 keys) ==== 1070+0+0 (secure 0 0 0) 0x7effe8020070 con 0x7efff0107c70
2024-04-28T12:41:21.510 INFO:teuthology.orchestra.run.smithi053.stdout:/usr/bin/ceph: stderr
2024-04-28T12:41:19.634+0000 7effedffb700 1 -- 172.21.15.53:0/3646916565 <== mon.0 v2:172.21.15.53:3300/0 3 ==== mon_map magic: 0 ==== 205+0+0 (secure 0 0 0) 0x7effe8019630 con 0x7efff0107c70
2024-04-28T12:41:21.510 INFO:teuthology.orchestra.run.smithi053.stdout:/usr/bin/ceph: stderr
2024-04-28T12:41:19.634+0000 7efff7230700 1 -- 172.21.15.53:0/3646916565 --> [v2:172.21.15.53:3300/0,v1:172.21.15.53:6789/0] -- mon_subscribe({mgrmap=0+}) -- 0x7efff019d4c0 con 0x7efff0107c70
2024-04-28T12:41:21.510 INFO:teuthology.orchestra.run.smithi053.stdout:/usr/bin/ceph: stderr
2024-04-28T12:41:19.635+0000 7efff7230700 1 -- 172.21.15.53:0/3646916565 --> [v2:172.21.15.53:3300/0,v1:172.21.15.53:6789/0] -- mon_subscribe({osdmap=0}) -- 0x7efff01a01a0 con 0x7efff0107c70
2024-04-28T12:41:21.510 INFO:teuthology.orchestra.run.smithi053.stdout:/usr/bin/ceph: stderr
2024-04-28T12:41:19.635+0000 7effedffb700 1 -- 172.21.15.53:0/3646916565 <== mon.0 v2:172.21.15.53:3300/0 4 ==== mgrmap(e 8) ==== 46558+0+0 (secure 0 0 0) 0x7effe801a9c0 con 0x7efff0107c70
2024-04-28T12:41:21.510 INFO:teuthology.orchestra.run.smithi053.stdout:/usr/bin/ceph: stderr
2024-04-28T12:41:19.635+0000 7efff7230700 1 -- 172.21.15.53:0/3646916565 --> [v2:172.21.15.53:3300/0,v1:172.21.15.53:6789/0] -- mon_command({"prefix": "get_command_descriptions"} v 0) -- 0x7efff0064a80 con 0x7efff0107c70
2024-04-28T12:41:21.510 INFO:teuthology.orchestra.run.smithi053.stdout:/usr/bin/ceph: stderr
2024-04-28T12:41:19.636+0000 7effedffb700 1 --2- 172.21.15.53:0/3646916565 >> [v2:172.21.15.53:6800/2275002354,v1:172.21.15.53:6801/2275002354] conn(0x7effdc039600 0x7effdc03bac0 unknown :-1 s=NONE pgs=0 cs=0 l=1 rev1=0 crypto rx=0 tx=0 comp rx=0 tx=0).connect
2024-04-28T12:41:21.510 INFO:teuthology.orchestra.run.smithi053.stdout:/usr/bin/ceph: stderr
2024-04-28T12:41:19.636+0000 7effedffb700 1 -- 172.21.15.53:0/3646916565 <== mon.0 v2:172.21.15.53:3300/0 5 ==== osd_map(2..2 src has 1..2) ==== 940+0+0 (secure 0 0 0) 0x7effe804dbf0 con 0x7efff0107c70
2024-04-28T12:41:21.511 INFO:teuthology.orchestra.run.smithi053.stdout:/usr/bin/ceph: stderr
2024-04-28T12:41:19.636+0000 7effeffff700 1 --2- 172.21.15.53:0/3646916565 >> [v2:172.21.15.53:6800/2275002354,v1:172.21.15.53:6801/2275002354] conn(0x7effdc039600 0x7effdc03bac0 unknown :-1 s=BANNER_CONNECTING pgs=0 cs=0 l=1 rev1=0 crypto rx=0 tx=0 comp rx=0 tx=0)._handle_peer_banner_payload supported=3 required=0
2024-04-28T12:41:21.511 INFO:teuthology.orchestra.run.smithi053.stdout:/usr/bin/ceph: stderr
2024-04-28T12:41:19.636+0000 7effeffff700 1 --2- 172.21.15.53:0/3646916565 >> [v2:172.21.15.53:6800/2275002354,v1:172.21.15.53:6801/2275002354] conn(0x7effdc039600 0x7effdc03bac0 secure :-1 s=READY pgs=12 cs=0 l=1 rev1=1 crypto rx=0x7effe000ad30 tx=0x7effe00093f0 comp rx=0 tx=0).ready entity=mgr.14120 client_cookie=0 server_cookie=0 in_seq=0 out_seq=0
2024-04-28T12:41:21.511 INFO:teuthology.orchestra.run.smithi053.stdout:/usr/bin/ceph: stderr
2024-04-28T12:41:19.641+0000 7effedffb700 1 -- 172.21.15.53:0/3646916565 <== mon.0 v2:172.21.15.53:3300/0 6 ==== mon_command_ack([{"prefix": "get_command_descriptions"}]=0 v0) ==== 72+0+188494 (secure 0 0 0) 0x7effe800e260 con 0x7efff0107c70
2024-04-28T12:41:21.511 INFO:teuthology.orchestra.run.smithi053.stdout:/usr/bin/ceph: stderr
2024-04-28T12:41:19.868+0000 7efff7230700 1 -- 172.21.15.53:0/3646916565 --> [v2:172.21.15.53:6800/2275002354,v1:172.21.15.53:6801/2275002354] -- mgr_command(tid 0: {"prefix": "orch apply", "service_type": "mon", "unmanaged": true, "target": ["mon-mgr", ""]}) -- 0x7efff00008d0 con 0x7effdc039600
2024-04-28T12:41:21.511 INFO:teuthology.orchestra.run.smithi053.stdout:/usr/bin/ceph: stderr
2024-04-28T12:41:19.873+0000 7effedffb700 1 -- 172.21.15.53:0/3646916565 <== mgr.14120 v2:172.21.15.53:6800/2275002354 1 ==== mgr_command_reply(tid 0: 0 ) ==== 8+0+24 (secure 0 0 0) 0x7efff00008d0 con 0x7effdc039600
2024-04-28T12:41:21.511 INFO:teuthology.orchestra.run.smithi053.stdout:/usr/bin/ceph: stderr
2024-04-28T12:41:19.875+0000 7efff7230700 1 -- 172.21.15.53:0/3646916565 >> [v2:172.21.15.53:6800/2275002354,v1:172.21.15.53:6801/2275002354] conn(0x7effdc039600 msgr2=0x7effdc03bac0 secure :-1 s=STATE_CONNECTION_ESTABLISHED l=1).mark_down
2024-04-28T12:41:21.511 INFO:teuthology.orchestra.run.smithi053.stdout:/usr/bin/ceph: stderr
2024-04-28T12:41:19.875+0000 7efff7230700 1 --2- 172.21.15.53:0/3646916565 >> [v2:172.21.15.53:6800/2275002354,v1:172.21.15.53:6801/2275002354] conn(0x7effdc039600 0x7effdc03bac0 secure :-1 s=READY pgs=12 cs=0 l=1 rev1=1 crypto rx=0x7effe000ad30 tx=0x7effe00093f0 comp rx=0 tx=0).stop
2024-04-28T12:41:21.511 INFO:teuthology.orchestra.run.smithi053.stdout:/usr/bin/ceph: stderr
2024-04-28T12:41:19.875+0000 7efff7230700 1 -- 172.21.15.53:0/3646916565 >> [v2:172.21.15.53:3300/0,v1:172.21.15.53:6789/0] conn(0x7efff0107c70 msgr2=0x7efff019ccf0 secure :-1 s=STATE_CONNECTION_ESTABLISHED l=1).mark_down
2024-04-28T12:41:21.511 INFO:teuthology.orchestra.run.smithi053.stdout:/usr/bin/ceph: stderr
2024-04-28T12:41:19.875+0000 7efff7230700 1 --2- 172.21.15.53:0/3646916565 >> [v2:172.21.15.53:3300/0,v1:172.21.15.53:6789/0] conn(0x7efff0107c70 0x7efff019ccf0 secure :-1 s=READY pgs=48 cs=0 l=1 rev1=1 crypto rx=0x7effe80117b0 tx=0x7effe8011b70 comp rx=0 tx=0).stop
2024-04-28T12:41:21.511 INFO:teuthology.orchestra.run.smithi053.stdout:/usr/bin/ceph: stderr
2024-04-28T12:41:19.875+0000 7efff7230700 1 -- 172.21.15.53:0/3646916565 shutdown_connections
2024-04-28T12:41:21.511 INFO:teuthology.orchestra.run.smithi053.stdout:/usr/bin/ceph: stderr
2024-04-28T12:41:19.875+0000 7efff7230700 1 --2- 172.21.15.53:0/3646916565 >> [v2:172.21.15.53:6800/2275002354,v1:172.21.15.53:6801/2275002354] conn(0x7effdc039600 0x7effdc03bac0 unknown :-1 s=CLOSED pgs=12 cs=0 l=1 rev1=1 crypto rx=0 tx=0 comp rx=0 tx=0).stop
2024-04-28T12:41:21.511 INFO:teuthology.orchestra.run.smithi053.stdout:/usr/bin/ceph: stderr
2024-04-28T12:41:19.875+0000 7efff7230700 1 --2- 172.21.15.53:0/3646916565 >> [v2:172.21.15.53:3300/0,v1:172.21.15.53:6789/0] conn(0x7efff0107c70 0x7efff019ccf0 unknown :-1 s=CLOSED pgs=48 cs=0 l=1 rev1=1 crypto rx=0 tx=0 comp rx=0 tx=0).stop
2024-04-28T12:41:21.511 INFO:teuthology.orchestra.run.smithi053.stdout:/usr/bin/ceph: stderr
2024-04-28T12:41:19.875+0000 7efff7230700 1 -- 172.21.15.53:0/3646916565 >> 172.21.15.53:0/3646916565 conn(0x7efff0103230 msgr2=0x7efff01040d0 unknown :-1 s=STATE_NONE l=0).mark_down
2024-04-28T12:41:21.512 INFO:teuthology.orchestra.run.smithi053.stdout:/usr/bin/ceph: stderr
2024-04-28T12:41:19.875+0000 7efff7230700 1 -- 172.21.15.53:0/3646916565 shutdown_connections
2024-04-28T12:41:21.512 INFO:teuthology.orchestra.run.smithi053.stdout:/usr/bin/ceph: stderr
2024-04-28T12:41:19.875+0000 7efff7230700 1 -- 172.21.15.53:0/3646916565 wait complete.
2024-04-28T12:41:21.512 INFO:teuthology.orchestra.run.smithi053.stdout:Deploying unmanaged mgr service...
2024-04-28T12:41:22.145 INFO:journalctl@ceph.mon.a.smithi053.stdout:Apr 28 12:41:21 smithi053 ceph-mon[29182]: from='mgr.14120 172.21.15.53:0/705603645' entity='mgr.x'
2024-04-28T12:41:22.145 INFO:journalctl@ceph.mon.a.smithi053.stdout:Apr 28 12:41:21 smithi053 ceph-mon[29182]: from='mgr.14120 172.21.15.53:0/705603645' entity='mgr.x'
2024-04-28T12:41:22.814 INFO:teuthology.orchestra.run.smithi053.stdout:/usr/bin/ceph: stdout Scheduled mgr update...
2024-04-28T12:41:22.815 INFO:teuthology.orchestra.run.smithi053.stdout:/usr/bin/ceph: stderr
2024-04-28T12:41:21.928+0000 7f58d77fd700 1 Processor -- start
2024-04-28T12:41:22.815 INFO:teuthology.orchestra.run.smithi053.stdout:/usr/bin/ceph: stderr
2024-04-28T12:41:21.928+0000 7f58d77fd700 1 -- start start
2024-04-28T12:41:22.815 INFO:teuthology.orchestra.run.smithi053.stdout:/usr/bin/ceph: stderr
2024-04-28T12:41:21.928+0000 7f58d77fd700 1 --2- >> [v2:172.21.15.53:3300/0,v1:172.21.15.53:6789/0] conn(0x7f58d0107670 0x7f58d0107a90 unknown :-1 s=NONE pgs=0 cs=0 l=0 rev1=0 crypto rx=0 tx=0 comp rx=0 tx=0).connect
2024-04-28T12:41:22.815 INFO:teuthology.orchestra.run.smithi053.stdout:/usr/bin/ceph: stderr
2024-04-28T12:41:21.928+0000 7f58d77fd700 1 -- --> [v2:172.21.15.53:3300/0,v1:172.21.15.53:6789/0] -- mon_getmap magic: 0 -- 0x7f58d007d690 con 0x7f58d0107670
2024-04-28T12:41:22.815 INFO:teuthology.orchestra.run.smithi053.stdout:/usr/bin/ceph: stderr
2024-04-28T12:41:21.928+0000 7f58d5599700 1 --2- >> [v2:172.21.15.53:3300/0,v1:172.21.15.53:6789/0] conn(0x7f58d0107670 0x7f58d0107a90 unknown :-1 s=BANNER_CONNECTING pgs=0 cs=0 l=0 rev1=0 crypto rx=0 tx=0 comp rx=0 tx=0)._handle_peer_banner_payload supported=3 required=0
2024-04-28T12:41:22.815 INFO:teuthology.orchestra.run.smithi053.stdout:/usr/bin/ceph: stderr
2024-04-28T12:41:21.928+0000 7f58d5599700 1 --2- >> [v2:172.21.15.53:3300/0,v1:172.21.15.53:6789/0] conn(0x7f58d0107670 0x7f58d0107a90 unknown :-1 s=HELLO_CONNECTING pgs=0 cs=0 l=0 rev1=1 crypto rx=0 tx=0 comp rx=0 tx=0).handle_hello peer v2:172.21.15.53:3300/0 says I am v2:172.21.15.53:35244/0 (socket says 172.21.15.53:35244)
2024-04-28T12:41:22.815 INFO:teuthology.orchestra.run.smithi053.stdout:/usr/bin/ceph: stderr
2024-04-28T12:41:21.928+0000 7f58d5599700 1 -- 172.21.15.53:0/3771243434 learned_addr learned my addr 172.21.15.53:0/3771243434 (peer_addr_for_me v2:172.21.15.53:0/0)
2024-04-28T12:41:22.815 INFO:teuthology.orchestra.run.smithi053.stdout:/usr/bin/ceph: stderr
2024-04-28T12:41:21.929+0000 7f58d5599700 1 -- 172.21.15.53:0/3771243434 --> [v2:172.21.15.53:3300/0,v1:172.21.15.53:6789/0] -- mon_subscribe({config=0+,monmap=0+}) -- 0x7f58d0107fd0 con 0x7f58d0107670
2024-04-28T12:41:22.815 INFO:teuthology.orchestra.run.smithi053.stdout:/usr/bin/ceph: stderr
2024-04-28T12:41:21.929+0000 7f58d5599700 1 --2- 172.21.15.53:0/3771243434 >> [v2:172.21.15.53:3300/0,v1:172.21.15.53:6789/0] conn(0x7f58d0107670 0x7f58d0107a90 secure :-1 s=READY pgs=49 cs=0 l=1 rev1=1 crypto rx=0x7f58c00098a0 tx=0x7f58c0009bb0 comp rx=0 tx=0).ready entity=mon.0 client_cookie=8bc5dfe8a8c90d9f server_cookie=0 in_seq=0 out_seq=0
2024-04-28T12:41:22.815 INFO:teuthology.orchestra.run.smithi053.stdout:/usr/bin/ceph: stderr
2024-04-28T12:41:21.929+0000 7f58c7fff700 1 -- 172.21.15.53:0/3771243434 <== mon.0 v2:172.21.15.53:3300/0 1 ==== mon_map magic: 0 ==== 205+0+0 (secure 0 0 0) 0x7f58c0004160 con 0x7f58d0107670
2024-04-28T12:41:22.815 INFO:teuthology.orchestra.run.smithi053.stdout:/usr/bin/ceph: stderr
2024-04-28T12:41:21.929+0000 7f58c7fff700 1 -- 172.21.15.53:0/3771243434 <== mon.0 v2:172.21.15.53:3300/0 2 ==== config(26 keys) ==== 1101+0+0 (secure 0 0 0) 0x7f58c0004300 con 0x7f58d0107670
2024-04-28T12:41:22.815 INFO:teuthology.orchestra.run.smithi053.stdout:/usr/bin/ceph: stderr
2024-04-28T12:41:21.929+0000 7f58c7fff700 1 -- 172.21.15.53:0/3771243434 <== mon.0 v2:172.21.15.53:3300/0 3 ==== mon_map magic: 0 ==== 205+0+0 (secure 0 0 0) 0x7f58c0011a20 con 0x7f58d0107670
2024-04-28T12:41:22.816 INFO:teuthology.orchestra.run.smithi053.stdout:/usr/bin/ceph: stderr
2024-04-28T12:41:21.930+0000 7f58d77fd700 1 -- 172.21.15.53:0/3771243434 >> [v2:172.21.15.53:3300/0,v1:172.21.15.53:6789/0] conn(0x7f58d0107670 msgr2=0x7f58d0107a90 secure :-1 s=STATE_CONNECTION_ESTABLISHED l=1).mark_down
2024-04-28T12:41:22.816 INFO:teuthology.orchestra.run.smithi053.stdout:/usr/bin/ceph: stderr
2024-04-28T12:41:21.930+0000 7f58d77fd700 1 --2- 172.21.15.53:0/3771243434 >> [v2:172.21.15.53:3300/0,v1:172.21.15.53:6789/0] conn(0x7f58d0107670 0x7f58d0107a90 secure :-1 s=READY pgs=49 cs=0 l=1 rev1=1 crypto rx=0x7f58c00098a0 tx=0x7f58c0009bb0 comp rx=0 tx=0).stop
2024-04-28T12:41:22.816 INFO:teuthology.orchestra.run.smithi053.stdout:/usr/bin/ceph: stderr
2024-04-28T12:41:21.930+0000 7f58d77fd700 1 -- 172.21.15.53:0/3771243434 shutdown_connections
2024-04-28T12:41:22.816 INFO:teuthology.orchestra.run.smithi053.stdout:/usr/bin/ceph: stderr
2024-04-28T12:41:21.930+0000 7f58d77fd700 1 --2- 172.21.15.53:0/3771243434 >> [v2:172.21.15.53:3300/0,v1:172.21.15.53:6789/0] conn(0x7f58d0107670 0x7f58d0107a90 unknown :-1 s=CLOSED pgs=49 cs=0 l=1 rev1=1 crypto rx=0 tx=0 comp rx=0 tx=0).stop
2024-04-28T12:41:22.816 INFO:teuthology.orchestra.run.smithi053.stdout:/usr/bin/ceph: stderr
2024-04-28T12:41:21.930+0000 7f58d77fd700 1 -- 172.21.15.53:0/3771243434 >> 172.21.15.53:0/3771243434 conn(0x7f58d0103230 msgr2=0x7f58d0105650 unknown :-1 s=STATE_NONE l=0).mark_down
2024-04-28T12:41:22.816 INFO:teuthology.orchestra.run.smithi053.stdout:/usr/bin/ceph: stderr
2024-04-28T12:41:21.930+0000 7f58d77fd700 1 -- 172.21.15.53:0/3771243434 shutdown_connections
2024-04-28T12:41:22.816 INFO:teuthology.orchestra.run.smithi053.stdout:/usr/bin/ceph: stderr
2024-04-28T12:41:21.930+0000 7f58d77fd700 1 -- 172.21.15.53:0/3771243434 wait complete.
2024-04-28T12:41:22.816 INFO:teuthology.orchestra.run.smithi053.stdout:/usr/bin/ceph: stderr
2024-04-28T12:41:21.931+0000 7f58d77fd700 1 Processor -- start
2024-04-28T12:41:22.816 INFO:teuthology.orchestra.run.smithi053.stdout:/usr/bin/ceph: stderr
2024-04-28T12:41:21.931+0000 7f58d77fd700 1 -- start start
2024-04-28T12:41:22.816 INFO:teuthology.orchestra.run.smithi053.stdout:/usr/bin/ceph: stderr
2024-04-28T12:41:21.931+0000 7f58d77fd700 1 --2- >> [v2:172.21.15.53:3300/0,v1:172.21.15.53:6789/0] conn(0x7f58d0107670 0x7f58d019ee70 unknown :-1 s=NONE pgs=0 cs=0 l=1 rev1=0 crypto rx=0 tx=0 comp rx=0 tx=0).connect
2024-04-28T12:41:22.816 INFO:teuthology.orchestra.run.smithi053.stdout:/usr/bin/ceph: stderr
2024-04-28T12:41:21.931+0000 7f58d77fd700 1 -- --> [v2:172.21.15.53:3300/0,v1:172.21.15.53:6789/0] -- mon_getmap magic: 0 -- 0x7f58d0109040 con 0x7f58d0107670
2024-04-28T12:41:22.816 INFO:teuthology.orchestra.run.smithi053.stdout:/usr/bin/ceph: stderr
2024-04-28T12:41:21.931+0000 7f58d5599700 1 --2- >> [v2:172.21.15.53:3300/0,v1:172.21.15.53:6789/0] conn(0x7f58d0107670 0x7f58d019ee70 unknown :-1 s=BANNER_CONNECTING pgs=0 cs=0 l=1 rev1=0 crypto rx=0 tx=0 comp rx=0 tx=0)._handle_peer_banner_payload supported=3 required=0
2024-04-28T12:41:22.816 INFO:teuthology.orchestra.run.smithi053.stdout:/usr/bin/ceph: stderr
2024-04-28T12:41:21.931+0000 7f58d5599700 1 --2- >> [v2:172.21.15.53:3300/0,v1:172.21.15.53:6789/0] conn(0x7f58d0107670 0x7f58d019ee70 unknown :-1 s=HELLO_CONNECTING pgs=0 cs=0 l=1 rev1=1 crypto rx=0 tx=0 comp rx=0 tx=0).handle_hello peer v2:172.21.15.53:3300/0 says I am v2:172.21.15.53:35254/0 (socket says 172.21.15.53:35254)
2024-04-28T12:41:22.816 INFO:teuthology.orchestra.run.smithi053.stdout:/usr/bin/ceph: stderr
2024-04-28T12:41:21.931+0000 7f58d5599700 1 -- 172.21.15.53:0/3596215697 learned_addr learned my addr 172.21.15.53:0/3596215697 (peer_addr_for_me v2:172.21.15.53:0/0)
2024-04-28T12:41:22.817 INFO:teuthology.orchestra.run.smithi053.stdout:/usr/bin/ceph: stderr
2024-04-28T12:41:21.931+0000 7f58d5599700 1 -- 172.21.15.53:0/3596215697 --> [v2:172.21.15.53:3300/0,v1:172.21.15.53:6789/0] -- mon_subscribe({config=0+,monmap=0+}) -- 0x7f58d019f3b0 con 0x7f58d0107670
2024-04-28T12:41:22.817 INFO:teuthology.orchestra.run.smithi053.stdout:/usr/bin/ceph: stderr
2024-04-28T12:41:21.931+0000 7f58d5599700 1 --2- 172.21.15.53:0/3596215697 >> [v2:172.21.15.53:3300/0,v1:172.21.15.53:6789/0] conn(0x7f58d0107670 0x7f58d019ee70 secure :-1 s=READY pgs=50 cs=0 l=1 rev1=1 crypto rx=0x7f58c00116e0 tx=0x7f58c0011aa0 comp rx=0 tx=0).ready entity=mon.0 client_cookie=0 server_cookie=0 in_seq=0 out_seq=0
2024-04-28T12:41:22.817 INFO:teuthology.orchestra.run.smithi053.stdout:/usr/bin/ceph: stderr
2024-04-28T12:41:21.932+0000 7f58c67fc700 1 -- 172.21.15.53:0/3596215697 <== mon.0 v2:172.21.15.53:3300/0 1 ==== mon_map magic: 0 ==== 205+0+0 (secure 0 0 0) 0x7f58c0003b20 con 0x7f58d0107670
2024-04-28T12:41:22.817 INFO:teuthology.orchestra.run.smithi053.stdout:/usr/bin/ceph: stderr
2024-04-28T12:41:21.932+0000 7f58c67fc700 1 -- 172.21.15.53:0/3596215697 <== mon.0 v2:172.21.15.53:3300/0 2 ==== config(26 keys) ==== 1101+0+0 (secure 0 0 0) 0x7f58c001b8f0 con 0x7f58d0107670
2024-04-28T12:41:22.817 INFO:teuthology.orchestra.run.smithi053.stdout:/usr/bin/ceph: stderr
2024-04-28T12:41:21.932+0000 7f58c67fc700 1 -- 172.21.15.53:0/3596215697 <== mon.0 v2:172.21.15.53:3300/0 3 ==== mon_map magic: 0 ==== 205+0+0 (secure 0 0 0) 0x7f58c00238c0 con 0x7f58d0107670
2024-04-28T12:41:22.817 INFO:teuthology.orchestra.run.smithi053.stdout:/usr/bin/ceph: stderr
2024-04-28T12:41:21.932+0000 7f58d77fd700 1 -- 172.21.15.53:0/3596215697 --> [v2:172.21.15.53:3300/0,v1:172.21.15.53:6789/0] -- mon_subscribe({mgrmap=0+}) -- 0x7f58d019f640 con 0x7f58d0107670
2024-04-28T12:41:22.817 INFO:teuthology.orchestra.run.smithi053.stdout:/usr/bin/ceph: stderr
2024-04-28T12:41:21.932+0000 7f58d77fd700 1 -- 172.21.15.53:0/3596215697 --> [v2:172.21.15.53:3300/0,v1:172.21.15.53:6789/0] -- mon_subscribe({osdmap=0}) -- 0x7f58d01a2330 con 0x7f58d0107670
2024-04-28T12:41:22.817 INFO:teuthology.orchestra.run.smithi053.stdout:/usr/bin/ceph: stderr
2024-04-28T12:41:21.933+0000 7f58c67fc700 1 -- 172.21.15.53:0/3596215697 <== mon.0 v2:172.21.15.53:3300/0 4 ==== mgrmap(e 8) ==== 46558+0+0 (secure 0 0 0) 0x7f58c001baa0 con 0x7f58d0107670
2024-04-28T12:41:22.817 INFO:teuthology.orchestra.run.smithi053.stdout:/usr/bin/ceph: stderr
2024-04-28T12:41:21.933+0000 7f58c67fc700 1 --2- 172.21.15.53:0/3596215697 >> [v2:172.21.15.53:6800/2275002354,v1:172.21.15.53:6801/2275002354] conn(0x7f58bc039560 0x7f58bc03ba20 unknown :-1 s=NONE pgs=0 cs=0 l=1 rev1=0 crypto rx=0 tx=0 comp rx=0 tx=0).connect
2024-04-28T12:41:22.817 INFO:teuthology.orchestra.run.smithi053.stdout:/usr/bin/ceph: stderr
2024-04-28T12:41:21.933+0000 7f58c67fc700 1 -- 172.21.15.53:0/3596215697 <== mon.0 v2:172.21.15.53:3300/0 5 ==== osd_map(2..2 src has 1..2) ==== 940+0+0 (secure 0 0 0) 0x7f58c004e050 con 0x7f58d0107670
2024-04-28T12:41:22.817 INFO:teuthology.orchestra.run.smithi053.stdout:/usr/bin/ceph: stderr
2024-04-28T12:41:21.933+0000 7f58d77fd700 1 -- 172.21.15.53:0/3596215697 --> [v2:172.21.15.53:3300/0,v1:172.21.15.53:6789/0] -- mon_command({"prefix": "get_command_descriptions"} v 0) -- 0x7f58d0064a80 con 0x7f58d0107670
2024-04-28T12:41:22.817 INFO:teuthology.orchestra.run.smithi053.stdout:/usr/bin/ceph: stderr
2024-04-28T12:41:21.933+0000 7f58d4d98700 1 --2- 172.21.15.53:0/3596215697 >> [v2:172.21.15.53:6800/2275002354,v1:172.21.15.53:6801/2275002354] conn(0x7f58bc039560 0x7f58bc03ba20 unknown :-1 s=BANNER_CONNECTING pgs=0 cs=0 l=1 rev1=0 crypto rx=0 tx=0 comp rx=0 tx=0)._handle_peer_banner_payload supported=3 required=0
2024-04-28T12:41:22.817 INFO:teuthology.orchestra.run.smithi053.stdout:/usr/bin/ceph: stderr
2024-04-28T12:41:21.933+0000 7f58d4d98700 1 --2- 172.21.15.53:0/3596215697 >> [v2:172.21.15.53:6800/2275002354,v1:172.21.15.53:6801/2275002354] conn(0x7f58bc039560 0x7f58bc03ba20 secure :-1 s=READY pgs=13 cs=0 l=1 rev1=1 crypto rx=0x7f58cc006fd0 tx=0x7f58cc006e40 comp rx=0 tx=0).ready entity=mgr.14120 client_cookie=0 server_cookie=0 in_seq=0 out_seq=0
2024-04-28T12:41:22.817 INFO:teuthology.orchestra.run.smithi053.stdout:/usr/bin/ceph: stderr
2024-04-28T12:41:21.938+0000 7f58c67fc700 1 -- 172.21.15.53:0/3596215697 <== mon.0 v2:172.21.15.53:3300/0 6 ==== mon_command_ack([{"prefix": "get_command_descriptions"}]=0 v0) ==== 72+0+188494 (secure 0 0 0) 0x7f58c001f030 con 0x7f58d0107670
2024-04-28T12:41:22.818 INFO:teuthology.orchestra.run.smithi053.stdout:/usr/bin/ceph: stderr
2024-04-28T12:41:22.204+0000 7f58d77fd700 1 -- 172.21.15.53:0/3596215697 --> [v2:172.21.15.53:6800/2275002354,v1:172.21.15.53:6801/2275002354] -- mgr_command(tid 0: {"prefix": "orch apply", "service_type": "mgr", "unmanaged": true, "target": ["mon-mgr", ""]}) -- 0x7f58d002e6d0 con 0x7f58bc039560
2024-04-28T12:41:22.818 INFO:teuthology.orchestra.run.smithi053.stdout:/usr/bin/ceph: stderr
2024-04-28T12:41:22.209+0000 7f58c67fc700 1 -- 172.21.15.53:0/3596215697 <== mgr.14120 v2:172.21.15.53:6800/2275002354 1 ==== mgr_command_reply(tid 0: 0 ) ==== 8+0+24 (secure 0 0 0) 0x7f58d002e6d0 con 0x7f58bc039560
2024-04-28T12:41:22.818 INFO:teuthology.orchestra.run.smithi053.stdout:/usr/bin/ceph: stderr
2024-04-28T12:41:22.211+0000 7f58d77fd700 1 -- 172.21.15.53:0/3596215697 >> [v2:172.21.15.53:6800/2275002354,v1:172.21.15.53:6801/2275002354] conn(0x7f58bc039560 msgr2=0x7f58bc03ba20 secure :-1 s=STATE_CONNECTION_ESTABLISHED l=1).mark_down
2024-04-28T12:41:22.818 INFO:teuthology.orchestra.run.smithi053.stdout:/usr/bin/ceph: stderr
2024-04-28T12:41:22.211+0000 7f58d77fd700 1 --2- 172.21.15.53:0/3596215697 >> [v2:172.21.15.53:6800/2275002354,v1:172.21.15.53:6801/2275002354] conn(0x7f58bc039560 0x7f58bc03ba20 secure :-1 s=READY pgs=13 cs=0 l=1 rev1=1 crypto rx=0x7f58cc006fd0 tx=0x7f58cc006e40 comp rx=0 tx=0).stop
2024-04-28T12:41:22.818 INFO:teuthology.orchestra.run.smithi053.stdout:/usr/bin/ceph: stderr
2024-04-28T12:41:22.211+0000 7f58d77fd700 1 -- 172.21.15.53:0/3596215697 >> [v2:172.21.15.53:3300/0,v1:172.21.15.53:6789/0] conn(0x7f58d0107670 msgr2=0x7f58d019ee70 secure :-1 s=STATE_CONNECTION_ESTABLISHED l=1).mark_down
2024-04-28T12:41:22.818 INFO:teuthology.orchestra.run.smithi053.stdout:/usr/bin/ceph: stderr
2024-04-28T12:41:22.211+0000 7f58d77fd700 1 --2- 172.21.15.53:0/3596215697 >> [v2:172.21.15.53:3300/0,v1:172.21.15.53:6789/0] conn(0x7f58d0107670 0x7f58d019ee70 secure :-1 s=READY pgs=50 cs=0 l=1 rev1=1 crypto rx=0x7f58c00116e0 tx=0x7f58c0011aa0 comp rx=0 tx=0).stop
2024-04-28T12:41:22.818 INFO:teuthology.orchestra.run.smithi053.stdout:/usr/bin/ceph: stderr
2024-04-28T12:41:22.212+0000 7f58d77fd700 1 -- 172.21.15.53:0/3596215697 shutdown_connections
2024-04-28T12:41:22.818 INFO:teuthology.orchestra.run.smithi053.stdout:/usr/bin/ceph: stderr
2024-04-28T12:41:22.212+0000 7f58d77fd700 1 --2- 172.21.15.53:0/3596215697 >> [v2:172.21.15.53:6800/2275002354,v1:172.21.15.53:6801/2275002354] conn(0x7f58bc039560 0x7f58bc03ba20 unknown :-1 s=CLOSED pgs=13 cs=0 l=1 rev1=1 crypto rx=0 tx=0 comp rx=0 tx=0).stop
2024-04-28T12:41:22.818 INFO:teuthology.orchestra.run.smithi053.stdout:/usr/bin/ceph: stderr
2024-04-28T12:41:22.212+0000 7f58d77fd700 1 --2- 172.21.15.53:0/3596215697 >> [v2:172.21.15.53:3300/0,v1:172.21.15.53:6789/0] conn(0x7f58d0107670 0x7f58d019ee70 unknown :-1 s=CLOSED pgs=50 cs=0 l=1 rev1=1 crypto rx=0 tx=0 comp rx=0 tx=0).stop
2024-04-28T12:41:22.818 INFO:teuthology.orchestra.run.smithi053.stdout:/usr/bin/ceph: stderr
2024-04-28T12:41:22.212+0000 7f58d77fd700 1 -- 172.21.15.53:0/3596215697 >> 172.21.15.53:0/3596215697 conn(0x7f58d0103230 msgr2=0x7f58d0195ae0 unknown :-1 s=STATE_NONE l=0).mark_down
2024-04-28T12:41:22.818 INFO:teuthology.orchestra.run.smithi053.stdout:/usr/bin/ceph: stderr
2024-04-28T12:41:22.212+0000 7f58d77fd700 1 -- 172.21.15.53:0/3596215697 shutdown_connections
2024-04-28T12:41:22.818 INFO:teuthology.orchestra.run.smithi053.stdout:/usr/bin/ceph: stderr
2024-04-28T12:41:22.212+0000 7f58d77fd700 1 -- 172.21.15.53:0/3596215697 wait complete.
2024-04-28T12:41:23.444 INFO:journalctl@ceph.mon.a.smithi053.stdout:Apr 28 12:41:23 smithi053 ceph-mon[29182]: from='client.14144 -' entity='client.admin' cmd=[{"prefix": "orch apply", "service_type": "mgr", "unmanaged": true, "target": ["mon-mgr", ""]}]: dispatch
2024-04-28T12:41:23.445 INFO:journalctl@ceph.mon.a.smithi053.stdout:Apr 28 12:41:23 smithi053 ceph-mon[29182]: Saving service mgr spec with placement count:2
2024-04-28T12:41:23.445 INFO:journalctl@ceph.mon.a.smithi053.stdout:Apr 28 12:41:23 smithi053 ceph-mon[29182]: from='mgr.14120 172.21.15.53:0/705603645' entity='mgr.x'
2024-04-28T12:41:24.088 INFO:teuthology.orchestra.run.smithi053.stdout:/usr/bin/ceph: stderr
2024-04-28T12:41:23.277+0000 7f21dc37f700 1 Processor -- start
2024-04-28T12:41:24.088 INFO:teuthology.orchestra.run.smithi053.stdout:/usr/bin/ceph: stderr
2024-04-28T12:41:23.278+0000 7f21dc37f700 1 -- start start
2024-04-28T12:41:24.088 INFO:teuthology.orchestra.run.smithi053.stdout:/usr/bin/ceph: stderr
2024-04-28T12:41:23.278+0000 7f21dc37f700 1 --2- >> [v2:172.21.15.53:3300/0,v1:172.21.15.53:6789/0] conn(0x7f21d4108190 0x7f21d41085b0 unknown :-1 s=NONE pgs=0 cs=0 l=0 rev1=0 crypto rx=0 tx=0 comp rx=0 tx=0).connect
2024-04-28T12:41:24.088 INFO:teuthology.orchestra.run.smithi053.stdout:/usr/bin/ceph: stderr
2024-04-28T12:41:23.278+0000 7f21dc37f700 1 -- --> [v2:172.21.15.53:3300/0,v1:172.21.15.53:6789/0] -- mon_getmap magic: 0 -- 0x7f21d4108b80 con 0x7f21d4108190
2024-04-28T12:41:24.088 INFO:teuthology.orchestra.run.smithi053.stdout:/usr/bin/ceph: stderr
2024-04-28T12:41:23.278+0000 7f21da11b700 1 --2- >> [v2:172.21.15.53:3300/0,v1:172.21.15.53:6789/0] conn(0x7f21d4108190 0x7f21d41085b0 unknown :-1 s=BANNER_CONNECTING pgs=0 cs=0 l=0 rev1=0 crypto rx=0 tx=0 comp rx=0 tx=0)._handle_peer_banner_payload supported=3 required=0
2024-04-28T12:41:24.088 INFO:teuthology.orchestra.run.smithi053.stdout:/usr/bin/ceph: stderr
2024-04-28T12:41:23.278+0000 7f21da11b700 1 --2- >> [v2:172.21.15.53:3300/0,v1:172.21.15.53:6789/0] conn(0x7f21d4108190 0x7f21d41085b0 unknown :-1 s=HELLO_CONNECTING pgs=0 cs=0 l=0 rev1=1 crypto rx=0 tx=0 comp rx=0 tx=0).handle_hello peer v2:172.21.15.53:3300/0 says I am v2:172.21.15.53:35258/0 (socket says 172.21.15.53:35258)
2024-04-28T12:41:24.088 INFO:teuthology.orchestra.run.smithi053.stdout:/usr/bin/ceph: stderr
2024-04-28T12:41:23.278+0000 7f21da11b700 1 -- 172.21.15.53:0/944875057 learned_addr learned my addr 172.21.15.53:0/944875057 (peer_addr_for_me v2:172.21.15.53:0/0)
2024-04-28T12:41:24.088 INFO:teuthology.orchestra.run.smithi053.stdout:/usr/bin/ceph: stderr
2024-04-28T12:41:23.279+0000 7f21da11b700 1 -- 172.21.15.53:0/944875057 --> [v2:172.21.15.53:3300/0,v1:172.21.15.53:6789/0] -- mon_subscribe({config=0+,monmap=0+}) -- 0x7f21d4108eb0 con 0x7f21d4108190
2024-04-28T12:41:24.088 INFO:teuthology.orchestra.run.smithi053.stdout:/usr/bin/ceph: stderr
2024-04-28T12:41:23.279+0000 7f21da11b700 1 --2- 172.21.15.53:0/944875057 >> [v2:172.21.15.53:3300/0,v1:172.21.15.53:6789/0] conn(0x7f21d4108190 0x7f21d41085b0 secure :-1 s=READY pgs=51 cs=0 l=1 rev1=1 crypto rx=0x7f21d00098a0 tx=0x7f21d0009bb0 comp rx=0 tx=0).ready entity=mon.0 client_cookie=5391bf743d1b517f server_cookie=0 in_seq=0 out_seq=0
2024-04-28T12:41:24.089 INFO:teuthology.orchestra.run.smithi053.stdout:/usr/bin/ceph: stderr
2024-04-28T12:41:23.279+0000 7f21d9119700 1 -- 172.21.15.53:0/944875057 <== mon.0 v2:172.21.15.53:3300/0 1 ==== mon_map magic: 0 ==== 205+0+0 (secure 0 0 0) 0x7f21d0004160 con 0x7f21d4108190
2024-04-28T12:41:24.089 INFO:teuthology.orchestra.run.smithi053.stdout:/usr/bin/ceph: stderr
2024-04-28T12:41:23.279+0000 7f21d9119700 1 -- 172.21.15.53:0/944875057 <== mon.0 v2:172.21.15.53:3300/0 2 ==== config(26 keys) ==== 1101+0+0 (secure 0 0 0) 0x7f21d0004300 con 0x7f21d4108190
2024-04-28T12:41:24.089 INFO:teuthology.orchestra.run.smithi053.stdout:/usr/bin/ceph: stderr
2024-04-28T12:41:23.279+0000 7f21d9119700 1 -- 172.21.15.53:0/944875057 <== mon.0 v2:172.21.15.53:3300/0 3 ==== mon_map magic: 0 ==== 205+0+0 (secure 0 0 0) 0x7f21d0011a20 con 0x7f21d4108190
2024-04-28T12:41:24.089 INFO:teuthology.orchestra.run.smithi053.stdout:/usr/bin/ceph: stderr
2024-04-28T12:41:23.280+0000 7f21dc37f700 1 -- 172.21.15.53:0/944875057 >> [v2:172.21.15.53:3300/0,v1:172.21.15.53:6789/0] conn(0x7f21d4108190 msgr2=0x7f21d41085b0 secure :-1 s=STATE_CONNECTION_ESTABLISHED l=1).mark_down
2024-04-28T12:41:24.089 INFO:teuthology.orchestra.run.smithi053.stdout:/usr/bin/ceph: stderr
2024-04-28T12:41:23.280+0000 7f21dc37f700 1 --2- 172.21.15.53:0/944875057 >> [v2:172.21.15.53:3300/0,v1:172.21.15.53:6789/0] conn(0x7f21d4108190 0x7f21d41085b0 secure :-1 s=READY pgs=51 cs=0 l=1 rev1=1 crypto rx=0x7f21d00098a0 tx=0x7f21d0009bb0 comp rx=0 tx=0).stop
2024-04-28T12:41:24.089 INFO:teuthology.orchestra.run.smithi053.stdout:/usr/bin/ceph: stderr
2024-04-28T12:41:23.280+0000 7f21dc37f700 1 -- 172.21.15.53:0/944875057 shutdown_connections
2024-04-28T12:41:24.089 INFO:teuthology.orchestra.run.smithi053.stdout:/usr/bin/ceph: stderr
2024-04-28T12:41:23.280+0000 7f21dc37f700 1 --2- 172.21.15.53:0/944875057 >> [v2:172.21.15.53:3300/0,v1:172.21.15.53:6789/0] conn(0x7f21d4108190 0x7f21d41085b0 unknown :-1 s=CLOSED pgs=51 cs=0 l=1 rev1=1 crypto rx=0 tx=0 comp rx=0 tx=0).stop
2024-04-28T12:41:24.089 INFO:teuthology.orchestra.run.smithi053.stdout:/usr/bin/ceph: stderr
2024-04-28T12:41:23.280+0000 7f21dc37f700 1 -- 172.21.15.53:0/944875057 >> 172.21.15.53:0/944875057 conn(0x7f21d4102970 msgr2=0x7f21d4104df0 unknown :-1 s=STATE_NONE l=0).mark_down
2024-04-28T12:41:24.089 INFO:teuthology.orchestra.run.smithi053.stdout:/usr/bin/ceph: stderr
2024-04-28T12:41:23.280+0000 7f21dc37f700 1 -- 172.21.15.53:0/944875057 shutdown_connections
2024-04-28T12:41:24.089 INFO:teuthology.orchestra.run.smithi053.stdout:/usr/bin/ceph: stderr
2024-04-28T12:41:23.280+0000 7f21dc37f700 1 -- 172.21.15.53:0/944875057 wait complete.
2024-04-28T12:41:24.089 INFO:teuthology.orchestra.run.smithi053.stdout:/usr/bin/ceph: stderr
2024-04-28T12:41:23.280+0000 7f21dc37f700 1 Processor -- start
2024-04-28T12:41:24.089 INFO:teuthology.orchestra.run.smithi053.stdout:/usr/bin/ceph: stderr
2024-04-28T12:41:23.280+0000 7f21dc37f700 1 -- start start
2024-04-28T12:41:24.089 INFO:teuthology.orchestra.run.smithi053.stdout:/usr/bin/ceph: stderr
2024-04-28T12:41:23.281+0000 7f21dc37f700 1 --2- >> [v2:172.21.15.53:3300/0,v1:172.21.15.53:6789/0] conn(0x7f21d4108190 0x7f21d419ccc0 unknown :-1 s=NONE pgs=0 cs=0 l=1 rev1=0 crypto rx=0 tx=0 comp rx=0 tx=0).connect
2024-04-28T12:41:24.090 INFO:teuthology.orchestra.run.smithi053.stdout:/usr/bin/ceph: stderr
2024-04-28T12:41:23.281+0000 7f21dc37f700 1 -- --> [v2:172.21.15.53:3300/0,v1:172.21.15.53:6789/0] -- mon_getmap magic: 0 -- 0x7f21d410c260 con 0x7f21d4108190
2024-04-28T12:41:24.090 INFO:teuthology.orchestra.run.smithi053.stdout:/usr/bin/ceph: stderr
2024-04-28T12:41:23.281+0000 7f21da11b700 1 --2- >> [v2:172.21.15.53:3300/0,v1:172.21.15.53:6789/0] conn(0x7f21d4108190 0x7f21d419ccc0 unknown :-1 s=BANNER_CONNECTING pgs=0 cs=0 l=1 rev1=0 crypto rx=0 tx=0 comp rx=0 tx=0)._handle_peer_banner_payload supported=3 required=0
2024-04-28T12:41:24.090 INFO:teuthology.orchestra.run.smithi053.stdout:/usr/bin/ceph: stderr
2024-04-28T12:41:23.281+0000 7f21da11b700 1 --2- >> [v2:172.21.15.53:3300/0,v1:172.21.15.53:6789/0] conn(0x7f21d4108190 0x7f21d419ccc0 unknown :-1 s=HELLO_CONNECTING pgs=0 cs=0 l=1 rev1=1 crypto rx=0 tx=0 comp rx=0 tx=0).handle_hello peer v2:172.21.15.53:3300/0 says I am v2:172.21.15.53:35260/0 (socket says 172.21.15.53:35260)
2024-04-28T12:41:24.090 INFO:teuthology.orchestra.run.smithi053.stdout:/usr/bin/ceph: stderr
2024-04-28T12:41:23.281+0000 7f21da11b700 1 -- 172.21.15.53:0/2840008834 learned_addr learned my addr 172.21.15.53:0/2840008834 (peer_addr_for_me v2:172.21.15.53:0/0)
2024-04-28T12:41:24.090 INFO:teuthology.orchestra.run.smithi053.stdout:/usr/bin/ceph: stderr
2024-04-28T12:41:23.281+0000 7f21da11b700 1 -- 172.21.15.53:0/2840008834 --> [v2:172.21.15.53:3300/0,v1:172.21.15.53:6789/0] -- mon_subscribe({config=0+,monmap=0+}) -- 0x7f21d419d200 con 0x7f21d4108190
2024-04-28T12:41:24.090 INFO:teuthology.orchestra.run.smithi053.stdout:/usr/bin/ceph: stderr
2024-04-28T12:41:23.281+0000 7f21da11b700 1 --2- 172.21.15.53:0/2840008834 >> [v2:172.21.15.53:3300/0,v1:172.21.15.53:6789/0] conn(0x7f21d4108190 0x7f21d419ccc0 secure :-1 s=READY pgs=52 cs=0 l=1 rev1=1 crypto rx=0x7f21d00116e0 tx=0x7f21d0011aa0 comp rx=0 tx=0).ready entity=mon.0 client_cookie=0 server_cookie=0 in_seq=0 out_seq=0
2024-04-28T12:41:24.090 INFO:teuthology.orchestra.run.smithi053.stdout:/usr/bin/ceph: stderr
2024-04-28T12:41:23.281+0000 7f21cb7fe700 1 -- 172.21.15.53:0/2840008834 <== mon.0 v2:172.21.15.53:3300/0 1 ==== mon_map magic: 0 ==== 205+0+0 (secure 0 0 0) 0x7f21d0003b20 con 0x7f21d4108190
2024-04-28T12:41:24.090 INFO:teuthology.orchestra.run.smithi053.stdout:/usr/bin/ceph: stderr
2024-04-28T12:41:23.281+0000 7f21cb7fe700 1 -- 172.21.15.53:0/2840008834 <== mon.0 v2:172.21.15.53:3300/0 2 ==== config(26 keys) ==== 1101+0+0 (secure 0 0 0) 0x7f21d001b8f0 con 0x7f21d4108190
2024-04-28T12:41:24.090 INFO:teuthology.orchestra.run.smithi053.stdout:/usr/bin/ceph: stderr
2024-04-28T12:41:23.281+0000 7f21dc37f700 1 -- 172.21.15.53:0/2840008834 --> [v2:172.21.15.53:3300/0,v1:172.21.15.53:6789/0] -- mon_subscribe({mgrmap=0+}) -- 0x7f21d419d490 con 0x7f21d4108190
2024-04-28T12:41:24.091 INFO:teuthology.orchestra.run.smithi053.stdout:/usr/bin/ceph: stderr
2024-04-28T12:41:23.281+0000 7f21cb7fe700 1 -- 172.21.15.53:0/2840008834 <== mon.0 v2:172.21.15.53:3300/0 3 ==== mon_map magic: 0 ==== 205+0+0 (secure 0 0 0) 0x7f21d00238c0 con 0x7f21d4108190
2024-04-28T12:41:24.091 INFO:teuthology.orchestra.run.smithi053.stdout:/usr/bin/ceph: stderr
2024-04-28T12:41:23.281+0000 7f21dc37f700 1 -- 172.21.15.53:0/2840008834 --> [v2:172.21.15.53:3300/0,v1:172.21.15.53:6789/0] -- mon_subscribe({osdmap=0}) -- 0x7f21d41a0180 con 0x7f21d4108190
2024-04-28T12:41:24.091 INFO:teuthology.orchestra.run.smithi053.stdout:/usr/bin/ceph: stderr
2024-04-28T12:41:23.282+0000 7f21cb7fe700 1 -- 172.21.15.53:0/2840008834 <== mon.0 v2:172.21.15.53:3300/0 4 ==== mgrmap(e 8) ==== 46558+0+0 (secure 0 0 0) 0x7f21d0023b70 con 0x7f21d4108190
2024-04-28T12:41:24.091 INFO:teuthology.orchestra.run.smithi053.stdout:/usr/bin/ceph: stderr
2024-04-28T12:41:23.282+0000 7f21dc37f700 1 -- 172.21.15.53:0/2840008834 --> [v2:172.21.15.53:3300/0,v1:172.21.15.53:6789/0] -- mon_command({"prefix": "get_command_descriptions"} v 0) -- 0x7f21d4064a80 con 0x7f21d4108190
2024-04-28T12:41:24.091 INFO:teuthology.orchestra.run.smithi053.stdout:/usr/bin/ceph: stderr
2024-04-28T12:41:23.282+0000 7f21cb7fe700 1 --2- 172.21.15.53:0/2840008834 >> [v2:172.21.15.53:6800/2275002354,v1:172.21.15.53:6801/2275002354] conn(0x7f21c0039560 0x7f21c003ba20 unknown :-1 s=NONE pgs=0 cs=0 l=1 rev1=0 crypto rx=0 tx=0 comp rx=0 tx=0).connect
2024-04-28T12:41:24.091 INFO:teuthology.orchestra.run.smithi053.stdout:/usr/bin/ceph: stderr
2024-04-28T12:41:23.282+0000 7f21cb7fe700 1 -- 172.21.15.53:0/2840008834 <== mon.0 v2:172.21.15.53:3300/0 5 ==== osd_map(2..2 src has 1..2) ==== 940+0+0 (secure 0 0 0) 0x7f21d004e070 con 0x7f21d4108190
2024-04-28T12:41:24.091 INFO:teuthology.orchestra.run.smithi053.stdout:/usr/bin/ceph: stderr
2024-04-28T12:41:23.283+0000 7f21d991a700 1 --2- 172.21.15.53:0/2840008834 >> [v2:172.21.15.53:6800/2275002354,v1:172.21.15.53:6801/2275002354] conn(0x7f21c0039560 0x7f21c003ba20 unknown :-1 s=BANNER_CONNECTING pgs=0 cs=0 l=1 rev1=0 crypto rx=0 tx=0 comp rx=0 tx=0)._handle_peer_banner_payload supported=3 required=0
2024-04-28T12:41:24.091 INFO:teuthology.orchestra.run.smithi053.stdout:/usr/bin/ceph: stderr
2024-04-28T12:41:23.283+0000 7f21d991a700 1 --2- 172.21.15.53:0/2840008834 >> [v2:172.21.15.53:6800/2275002354,v1:172.21.15.53:6801/2275002354] conn(0x7f21c0039560 0x7f21c003ba20 secure :-1 s=READY pgs=14 cs=0 l=1 rev1=1 crypto rx=0x7f21c4006fd0 tx=0x7f21c4006e40 comp rx=0 tx=0).ready entity=mgr.14120 client_cookie=0 server_cookie=0 in_seq=0 out_seq=0
2024-04-28T12:41:24.091 INFO:teuthology.orchestra.run.smithi053.stdout:/usr/bin/ceph: stderr
2024-04-28T12:41:23.288+0000 7f21cb7fe700 1 -- 172.21.15.53:0/2840008834 <== mon.0 v2:172.21.15.53:3300/0 6 ==== mon_command_ack([{"prefix": "get_command_descriptions"}]=0 v0) ==== 72+0+188494 (secure 0 0 0) 0x7f21d001f030 con 0x7f21d4108190
2024-04-28T12:41:24.091 INFO:teuthology.orchestra.run.smithi053.stdout:/usr/bin/ceph: stderr
2024-04-28T12:41:23.498+0000 7f21dc37f700 1 -- 172.21.15.53:0/2840008834 --> [v2:172.21.15.53:3300/0,v1:172.21.15.53:6789/0] -- mon_command([{prefix=config set, name=mgr/cephadm/container_init}] v 0) -- 0x7f21d402e6e0 con 0x7f21d4108190
2024-04-28T12:41:24.091 INFO:teuthology.orchestra.run.smithi053.stdout:/usr/bin/ceph: stderr
2024-04-28T12:41:23.501+0000 7f21cb7fe700 1 -- 172.21.15.53:0/2840008834 <== mon.0 v2:172.21.15.53:3300/0 7 ==== mon_command_ack([{prefix=config set, name=mgr/cephadm/container_init}]=0 v7)=0 v7) ==== 142+0+0 (secure 0 0 0) 0x7f21d0020d70 con 0x7f21d4108190
2024-04-28T12:41:24.091 INFO:teuthology.orchestra.run.smithi053.stdout:/usr/bin/ceph: stderr
2024-04-28T12:41:23.503+0000 7f21dc37f700 1 -- 172.21.15.53:0/2840008834 >> [v2:172.21.15.53:6800/2275002354,v1:172.21.15.53:6801/2275002354] conn(0x7f21c0039560 msgr2=0x7f21c003ba20 secure :-1 s=STATE_CONNECTION_ESTABLISHED l=1).mark_down
2024-04-28T12:41:24.091 INFO:teuthology.orchestra.run.smithi053.stdout:/usr/bin/ceph: stderr
2024-04-28T12:41:23.503+0000 7f21dc37f700 1 --2- 172.21.15.53:0/2840008834 >> [v2:172.21.15.53:6800/2275002354,v1:172.21.15.53:6801/2275002354] conn(0x7f21c0039560 0x7f21c003ba20 secure :-1 s=READY pgs=14 cs=0 l=1 rev1=1 crypto rx=0x7f21c4006fd0 tx=0x7f21c4006e40 comp rx=0 tx=0).stop
2024-04-28T12:41:24.091 INFO:teuthology.orchestra.run.smithi053.stdout:/usr/bin/ceph: stderr
2024-04-28T12:41:23.503+0000 7f21dc37f700 1 -- 172.21.15.53:0/2840008834 >> [v2:172.21.15.53:3300/0,v1:172.21.15.53:6789/0] conn(0x7f21d4108190 msgr2=0x7f21d419ccc0 secure :-1 s=STATE_CONNECTION_ESTABLISHED l=1).mark_down
2024-04-28T12:41:24.092 INFO:teuthology.orchestra.run.smithi053.stdout:/usr/bin/ceph: stderr
2024-04-28T12:41:23.503+0000 7f21dc37f700 1 --2- 172.21.15.53:0/2840008834 >> [v2:172.21.15.53:3300/0,v1:172.21.15.53:6789/0] conn(0x7f21d4108190 0x7f21d419ccc0 secure :-1 s=READY pgs=52 cs=0 l=1 rev1=1 crypto rx=0x7f21d00116e0 tx=0x7f21d0011aa0 comp rx=0 tx=0).stop
2024-04-28T12:41:24.092 INFO:teuthology.orchestra.run.smithi053.stdout:/usr/bin/ceph: stderr
2024-04-28T12:41:23.503+0000 7f21dc37f700 1 -- 172.21.15.53:0/2840008834 shutdown_connections
2024-04-28T12:41:24.092 INFO:teuthology.orchestra.run.smithi053.stdout:/usr/bin/ceph: stderr
2024-04-28T12:41:23.503+0000 7f21dc37f700 1 --2- 172.21.15.53:0/2840008834 >> [v2:172.21.15.53:6800/2275002354,v1:172.21.15.53:6801/2275002354] conn(0x7f21c0039560 0x7f21c003ba20 unknown :-1 s=CLOSED pgs=14 cs=0 l=1 rev1=1 crypto rx=0 tx=0 comp rx=0 tx=0).stop
2024-04-28T12:41:24.092 INFO:teuthology.orchestra.run.smithi053.stdout:/usr/bin/ceph: stderr
2024-04-28T12:41:23.503+0000 7f21dc37f700 1 --2- 172.21.15.53:0/2840008834 >> [v2:172.21.15.53:3300/0,v1:172.21.15.53:6789/0] conn(0x7f21d4108190 0x7f21d419ccc0 unknown :-1 s=CLOSED pgs=52 cs=0 l=1 rev1=1 crypto rx=0 tx=0 comp rx=0 tx=0).stop
2024-04-28T12:41:24.092 INFO:teuthology.orchestra.run.smithi053.stdout:/usr/bin/ceph: stderr
2024-04-28T12:41:23.503+0000 7f21dc37f700 1 -- 172.21.15.53:0/2840008834 >> 172.21.15.53:0/2840008834 conn(0x7f21d4102970 msgr2=0x7f21d4193880 unknown :-1 s=STATE_NONE l=0).mark_down
2024-04-28T12:41:24.092 INFO:teuthology.orchestra.run.smithi053.stdout:/usr/bin/ceph: stderr
2024-04-28T12:41:23.503+0000 7f21dc37f700 1 -- 172.21.15.53:0/2840008834 shutdown_connections
2024-04-28T12:41:24.092 INFO:teuthology.orchestra.run.smithi053.stdout:/usr/bin/ceph: stderr
2024-04-28T12:41:23.503+0000 7f21dc37f700 1 -- 172.21.15.53:0/2840008834 wait complete.
2024-04-28T12:41:24.859 INFO:journalctl@ceph.mon.a.smithi053.stdout:Apr 28 12:41:24 smithi053 ceph-mon[29182]: from='client.? 172.21.15.53:0/2840008834' entity='client.admin'
2024-04-28T12:41:25.478 INFO:teuthology.orchestra.run.smithi053.stdout:/usr/bin/ceph: stderr
2024-04-28T12:41:24.639+0000 7f0a19e98700 1 Processor -- start
2024-04-28T12:41:25.478 INFO:teuthology.orchestra.run.smithi053.stdout:/usr/bin/ceph: stderr
2024-04-28T12:41:24.639+0000 7f0a19e98700 1 -- start start
2024-04-28T12:41:25.478 INFO:teuthology.orchestra.run.smithi053.stdout:/usr/bin/ceph: stderr
2024-04-28T12:41:24.639+0000 7f0a19e98700 1 --2- >> [v2:172.21.15.53:3300/0,v1:172.21.15.53:6789/0] conn(0x7f0a14107c90 0x7f0a141080b0 unknown :-1 s=NONE pgs=0 cs=0 l=0 rev1=0 crypto rx=0 tx=0 comp rx=0 tx=0).connect
2024-04-28T12:41:25.479 INFO:teuthology.orchestra.run.smithi053.stdout:/usr/bin/ceph: stderr
2024-04-28T12:41:24.639+0000 7f0a19e98700 1 -- --> [v2:172.21.15.53:3300/0,v1:172.21.15.53:6789/0] -- mon_getmap magic: 0 -- 0x7f0a14108680 con 0x7f0a14107c90
2024-04-28T12:41:25.479 INFO:teuthology.orchestra.run.smithi053.stdout:/usr/bin/ceph: stderr
2024-04-28T12:41:24.640+0000 7f0a137fe700 1 --2- >> [v2:172.21.15.53:3300/0,v1:172.21.15.53:6789/0] conn(0x7f0a14107c90 0x7f0a141080b0 unknown :-1 s=BANNER_CONNECTING pgs=0 cs=0 l=0 rev1=0 crypto rx=0 tx=0 comp rx=0 tx=0)._handle_peer_banner_payload supported=3 required=0
2024-04-28T12:41:25.479 INFO:teuthology.orchestra.run.smithi053.stdout:/usr/bin/ceph: stderr
2024-04-28T12:41:24.640+0000 7f0a137fe700 1 --2- >> [v2:172.21.15.53:3300/0,v1:172.21.15.53:6789/0] conn(0x7f0a14107c90 0x7f0a141080b0 unknown :-1 s=HELLO_CONNECTING pgs=0 cs=0 l=0 rev1=1 crypto rx=0 tx=0 comp rx=0 tx=0).handle_hello peer v2:172.21.15.53:3300/0 says I am v2:172.21.15.53:35268/0 (socket says 172.21.15.53:35268)
2024-04-28T12:41:25.479 INFO:teuthology.orchestra.run.smithi053.stdout:/usr/bin/ceph: stderr
2024-04-28T12:41:24.640+0000 7f0a137fe700 1 -- 172.21.15.53:0/497095006 learned_addr learned my addr 172.21.15.53:0/497095006 (peer_addr_for_me v2:172.21.15.53:0/0)
2024-04-28T12:41:25.479 INFO:teuthology.orchestra.run.smithi053.stdout:/usr/bin/ceph: stderr
2024-04-28T12:41:24.640+0000 7f0a137fe700 1 -- 172.21.15.53:0/497095006 --> [v2:172.21.15.53:3300/0,v1:172.21.15.53:6789/0] -- mon_subscribe({config=0+,monmap=0+}) -- 0x7f0a14108e90 con 0x7f0a14107c90
2024-04-28T12:41:25.479 INFO:teuthology.orchestra.run.smithi053.stdout:/usr/bin/ceph: stderr
2024-04-28T12:41:24.640+0000 7f0a137fe700 1 --2- 172.21.15.53:0/497095006 >> [v2:172.21.15.53:3300/0,v1:172.21.15.53:6789/0] conn(0x7f0a14107c90 0x7f0a141080b0 secure :-1 s=READY pgs=53 cs=0 l=1 rev1=1 crypto rx=0x7f0a040098a0 tx=0x7f0a04009bb0 comp rx=0 tx=0).ready entity=mon.0 client_cookie=e43e633066cdf821 server_cookie=0 in_seq=0 out_seq=0
2024-04-28T12:41:25.479 INFO:teuthology.orchestra.run.smithi053.stdout:/usr/bin/ceph: stderr
2024-04-28T12:41:24.640+0000 7f0a127fc700 1 -- 172.21.15.53:0/497095006 <== mon.0 v2:172.21.15.53:3300/0 1 ==== mon_map magic: 0 ==== 205+0+0 (secure 0 0 0) 0x7f0a04004160 con 0x7f0a14107c90
2024-04-28T12:41:25.479 INFO:teuthology.orchestra.run.smithi053.stdout:/usr/bin/ceph: stderr
2024-04-28T12:41:24.640+0000 7f0a127fc700 1 -- 172.21.15.53:0/497095006 <== mon.0 v2:172.21.15.53:3300/0 2 ==== config(26 keys) ==== 1101+0+0 (secure 0 0 0) 0x7f0a04004300 con 0x7f0a14107c90
2024-04-28T12:41:25.479 INFO:teuthology.orchestra.run.smithi053.stdout:/usr/bin/ceph: stderr
2024-04-28T12:41:24.640+0000 7f0a127fc700 1 -- 172.21.15.53:0/497095006 <== mon.0 v2:172.21.15.53:3300/0 3 ==== mon_map magic: 0 ==== 205+0+0 (secure 0 0 0) 0x7f0a04011a20 con 0x7f0a14107c90
2024-04-28T12:41:25.479 INFO:teuthology.orchestra.run.smithi053.stdout:/usr/bin/ceph: stderr
2024-04-28T12:41:24.641+0000 7f0a19e98700 1 -- 172.21.15.53:0/497095006 >> [v2:172.21.15.53:3300/0,v1:172.21.15.53:6789/0] conn(0x7f0a14107c90 msgr2=0x7f0a141080b0 secure :-1 s=STATE_CONNECTION_ESTABLISHED l=1).mark_down
2024-04-28T12:41:25.479 INFO:teuthology.orchestra.run.smithi053.stdout:/usr/bin/ceph: stderr
2024-04-28T12:41:24.641+0000 7f0a19e98700 1 --2- 172.21.15.53:0/497095006 >> [v2:172.21.15.53:3300/0,v1:172.21.15.53:6789/0] conn(0x7f0a14107c90 0x7f0a141080b0 secure :-1 s=READY pgs=53 cs=0 l=1 rev1=1 crypto rx=0x7f0a040098a0 tx=0x7f0a04009bb0 comp rx=0 tx=0).stop
2024-04-28T12:41:25.479 INFO:teuthology.orchestra.run.smithi053.stdout:/usr/bin/ceph: stderr
