2024-04-28T12:41:01.915+0000 7f53708cb700 1 -- 172.21.15.53:0/1088074745 <== mon.0 v2:172.21.15.53:3300/0 5 ==== osd_map(1..1 src has 1..1) ==== 725+0+0 (secure 0 0 0) 0x7f535c04d8e0 con 0x7f536c19cc60
2024-04-28T12:41:08.292 INFO:teuthology.orchestra.run.smithi053.stdout:/usr/bin/ceph: stderr
2024-04-28T12:41:01.915+0000 7f536a7fc700 1 -- 172.21.15.53:0/1088074745 >> [v2:172.21.15.53:6800/3936438773,v1:172.21.15.53:6801/3936438773] conn(0x7f53540395b0 msgr2=0x7f535403ba70 unknown :-1 s=STATE_CONNECTING_RE l=1).process reconnect failed to v2:172.21.15.53:6800/3936438773
2024-04-28T12:41:08.293 INFO:teuthology.orchestra.run.smithi053.stdout:/usr/bin/ceph: stderr
2024-04-28T12:41:01.915+0000 7f536a7fc700 1 --2- 172.21.15.53:0/1088074745 >> [v2:172.21.15.53:6800/3936438773,v1:172.21.15.53:6801/3936438773] conn(0x7f53540395b0 0x7f535403ba70 unknown :-1 s=START_CONNECT pgs=0 cs=0 l=1 rev1=0 crypto rx=0 tx=0 comp rx=0 tx=0)._fault waiting 0.200000
2024-04-28T12:41:08.293 INFO:teuthology.orchestra.run.smithi053.stdout:/usr/bin/ceph: stderr
2024-04-28T12:41:02.116+0000 7f536a7fc700 1 -- 172.21.15.53:0/1088074745 >> [v2:172.21.15.53:6800/3936438773,v1:172.21.15.53:6801/3936438773] conn(0x7f53540395b0 msgr2=0x7f535403ba70 unknown :-1 s=STATE_CONNECTING_RE l=1).process reconnect failed to v2:172.21.15.53:6800/3936438773
2024-04-28T12:41:08.293 INFO:teuthology.orchestra.run.smithi053.stdout:/usr/bin/ceph: stderr
2024-04-28T12:41:02.116+0000 7f536a7fc700 1 --2- 172.21.15.53:0/1088074745 >> [v2:172.21.15.53:6800/3936438773,v1:172.21.15.53:6801/3936438773] conn(0x7f53540395b0 0x7f535403ba70 unknown :-1 s=START_CONNECT pgs=0 cs=0 l=1 rev1=0 crypto rx=0 tx=0 comp rx=0 tx=0)._fault waiting 0.400000
2024-04-28T12:41:08.293 INFO:teuthology.orchestra.run.smithi053.stdout:/usr/bin/ceph: stderr
2024-04-28T12:41:02.517+0000 7f536a7fc700 1 -- 172.21.15.53:0/1088074745 >> [v2:172.21.15.53:6800/3936438773,v1:172.21.15.53:6801/3936438773] conn(0x7f53540395b0 msgr2=0x7f535403ba70 unknown :-1 s=STATE_CONNECTING_RE l=1).process reconnect failed to v2:172.21.15.53:6800/3936438773
2024-04-28T12:41:08.293 INFO:teuthology.orchestra.run.smithi053.stdout:/usr/bin/ceph: stderr
2024-04-28T12:41:02.517+0000 7f536a7fc700 1 --2- 172.21.15.53:0/1088074745 >> [v2:172.21.15.53:6800/3936438773,v1:172.21.15.53:6801/3936438773] conn(0x7f53540395b0 0x7f535403ba70 unknown :-1 s=START_CONNECT pgs=0 cs=0 l=1 rev1=0 crypto rx=0 tx=0 comp rx=0 tx=0)._fault waiting 0.800000
2024-04-28T12:41:08.293 INFO:teuthology.orchestra.run.smithi053.stdout:/usr/bin/ceph: stderr
2024-04-28T12:41:03.318+0000 7f536a7fc700 1 -- 172.21.15.53:0/1088074745 >> [v2:172.21.15.53:6800/3936438773,v1:172.21.15.53:6801/3936438773] conn(0x7f53540395b0 msgr2=0x7f535403ba70 unknown :-1 s=STATE_CONNECTING_RE l=1).process reconnect failed to v2:172.21.15.53:6800/3936438773
2024-04-28T12:41:08.293 INFO:teuthology.orchestra.run.smithi053.stdout:/usr/bin/ceph: stderr
2024-04-28T12:41:03.318+0000 7f536a7fc700 1 --2- 172.21.15.53:0/1088074745 >> [v2:172.21.15.53:6800/3936438773,v1:172.21.15.53:6801/3936438773] conn(0x7f53540395b0 0x7f535403ba70 unknown :-1 s=START_CONNECT pgs=0 cs=0 l=1 rev1=0 crypto rx=0 tx=0 comp rx=0 tx=0)._fault waiting 1.600000
2024-04-28T12:41:08.293 INFO:teuthology.orchestra.run.smithi053.stdout:/usr/bin/ceph: stderr
2024-04-28T12:41:04.919+0000 7f536a7fc700 1 -- 172.21.15.53:0/1088074745 >> [v2:172.21.15.53:6800/3936438773,v1:172.21.15.53:6801/3936438773] conn(0x7f53540395b0 msgr2=0x7f535403ba70 unknown :-1 s=STATE_CONNECTING_RE l=1).process reconnect failed to v2:172.21.15.53:6800/3936438773
2024-04-28T12:41:08.293 INFO:teuthology.orchestra.run.smithi053.stdout:/usr/bin/ceph: stderr
2024-04-28T12:41:04.919+0000 7f536a7fc700 1 --2- 172.21.15.53:0/1088074745 >> [v2:172.21.15.53:6800/3936438773,v1:172.21.15.53:6801/3936438773] conn(0x7f53540395b0 0x7f535403ba70 unknown :-1 s=START_CONNECT pgs=0 cs=0 l=1 rev1=0 crypto rx=0 tx=0 comp rx=0 tx=0)._fault waiting 3.200000
2024-04-28T12:41:08.293 INFO:teuthology.orchestra.run.smithi053.stdout:/usr/bin/ceph: stderr
2024-04-28T12:41:06.676+0000 7f53708cb700 1 -- 172.21.15.53:0/1088074745 <== mon.0 v2:172.21.15.53:3300/0 6 ==== mgrmap(e 6) ==== 46325+0+0 (secure 0 0 0) 0x7f535c019b40 con 0x7f536c19cc60
2024-04-28T12:41:08.293 INFO:teuthology.orchestra.run.smithi053.stdout:/usr/bin/ceph: stderr
2024-04-28T12:41:06.676+0000 7f53708cb700 1 -- 172.21.15.53:0/1088074745 >> [v2:172.21.15.53:6800/3936438773,v1:172.21.15.53:6801/3936438773] conn(0x7f53540395b0 msgr2=0x7f535403ba70 unknown :-1 s=STATE_CONNECTING l=1).mark_down
2024-04-28T12:41:08.293 INFO:teuthology.orchestra.run.smithi053.stdout:/usr/bin/ceph: stderr
2024-04-28T12:41:06.676+0000 7f53708cb700 1 --2- 172.21.15.53:0/1088074745 >> [v2:172.21.15.53:6800/3936438773,v1:172.21.15.53:6801/3936438773] conn(0x7f53540395b0 0x7f535403ba70 unknown :-1 s=START_CONNECT pgs=0 cs=0 l=1 rev1=0 crypto rx=0 tx=0 comp rx=0 tx=0).stop
2024-04-28T12:41:08.293 INFO:teuthology.orchestra.run.smithi053.stdout:/usr/bin/ceph: stderr
2024-04-28T12:41:07.677+0000 7f53708cb700 1 -- 172.21.15.53:0/1088074745 <== mon.0 v2:172.21.15.53:3300/0 7 ==== mgrmap(e 7) ==== 46452+0+0 (secure 0 0 0) 0x7f535c04f710 con 0x7f536c19cc60
2024-04-28T12:41:08.293 INFO:teuthology.orchestra.run.smithi053.stdout:/usr/bin/ceph: stderr
2024-04-28T12:41:07.677+0000 7f53708cb700 1 --2- 172.21.15.53:0/1088074745 >> [v2:172.21.15.53:6800/2275002354,v1:172.21.15.53:6801/2275002354] conn(0x7f535403cea0 0x7f535403f290 unknown :-1 s=NONE pgs=0 cs=0 l=1 rev1=0 crypto rx=0 tx=0 comp rx=0 tx=0).connect
2024-04-28T12:41:08.293 INFO:teuthology.orchestra.run.smithi053.stdout:/usr/bin/ceph: stderr
2024-04-28T12:41:07.677+0000 7f53708cb700 1 -- 172.21.15.53:0/1088074745 --> [v2:172.21.15.53:6800/2275002354,v1:172.21.15.53:6801/2275002354] -- command(tid 0: {"prefix": "get_command_descriptions"}) -- 0x7f535c001d30 con 0x7f535403cea0
2024-04-28T12:41:08.294 INFO:teuthology.orchestra.run.smithi053.stdout:/usr/bin/ceph: stderr
2024-04-28T12:41:07.678+0000 7f536a7fc700 1 --2- 172.21.15.53:0/1088074745 >> [v2:172.21.15.53:6800/2275002354,v1:172.21.15.53:6801/2275002354] conn(0x7f535403cea0 0x7f535403f290 unknown :-1 s=BANNER_CONNECTING pgs=0 cs=0 l=1 rev1=0 crypto rx=0 tx=0 comp rx=0 tx=0)._handle_peer_banner_payload supported=3 required=0
2024-04-28T12:41:08.294 INFO:teuthology.orchestra.run.smithi053.stdout:/usr/bin/ceph: stderr
2024-04-28T12:41:07.678+0000 7f536a7fc700 1 --2- 172.21.15.53:0/1088074745 >> [v2:172.21.15.53:6800/2275002354,v1:172.21.15.53:6801/2275002354] conn(0x7f535403cea0 0x7f535403f290 secure :-1 s=READY pgs=2 cs=0 l=1 rev1=1 crypto rx=0x7f5360003a10 tx=0x7f53600092b0 comp rx=0 tx=0).ready entity=mgr.14120 client_cookie=0 server_cookie=0 in_seq=0 out_seq=0
2024-04-28T12:41:08.294 INFO:teuthology.orchestra.run.smithi053.stdout:/usr/bin/ceph: stderr
2024-04-28T12:41:07.679+0000 7f53708cb700 1 -- 172.21.15.53:0/1088074745 <== mgr.14120 v2:172.21.15.53:6800/2275002354 1 ==== command_reply(tid 0: 0 ) ==== 8+0+9564 (secure 0 0 0) 0x7f535c001d30 con 0x7f535403cea0
2024-04-28T12:41:08.294 INFO:teuthology.orchestra.run.smithi053.stdout:/usr/bin/ceph: stderr
2024-04-28T12:41:07.687+0000 7f53718cd700 1 -- 172.21.15.53:0/1088074745 --> [v2:172.21.15.53:6800/2275002354,v1:172.21.15.53:6801/2275002354] -- command(tid 1: {"prefix": "mgr_status"}) -- 0x7f536c06a540 con 0x7f535403cea0
2024-04-28T12:41:08.294 INFO:teuthology.orchestra.run.smithi053.stdout:/usr/bin/ceph: stderr
2024-04-28T12:41:07.687+0000 7f53708cb700 1 -- 172.21.15.53:0/1088074745 <== mgr.14120 v2:172.21.15.53:6800/2275002354 2 ==== command_reply(tid 1: 0 ) ==== 8+0+51 (secure 0 0 0) 0x7f536c06a540 con 0x7f535403cea0
2024-04-28T12:41:08.294 INFO:teuthology.orchestra.run.smithi053.stdout:/usr/bin/ceph: stderr
2024-04-28T12:41:07.688+0000 7f53718cd700 1 -- 172.21.15.53:0/1088074745 >> [v2:172.21.15.53:6800/2275002354,v1:172.21.15.53:6801/2275002354] conn(0x7f535403cea0 msgr2=0x7f535403f290 secure :-1 s=STATE_CONNECTION_ESTABLISHED l=1).mark_down
2024-04-28T12:41:08.294 INFO:teuthology.orchestra.run.smithi053.stdout:/usr/bin/ceph: stderr
2024-04-28T12:41:07.688+0000 7f53718cd700 1 --2- 172.21.15.53:0/1088074745 >> [v2:172.21.15.53:6800/2275002354,v1:172.21.15.53:6801/2275002354] conn(0x7f535403cea0 0x7f535403f290 secure :-1 s=READY pgs=2 cs=0 l=1 rev1=1 crypto rx=0x7f5360003a10 tx=0x7f53600092b0 comp rx=0 tx=0).stop
2024-04-28T12:41:08.294 INFO:teuthology.orchestra.run.smithi053.stdout:/usr/bin/ceph: stderr
2024-04-28T12:41:07.688+0000 7f53718cd700 1 -- 172.21.15.53:0/1088074745 >> [v2:172.21.15.53:3300/0,v1:172.21.15.53:6789/0] conn(0x7f536c19cc60 msgr2=0x7f536c19d080 secure :-1 s=STATE_CONNECTION_ESTABLISHED l=1).mark_down
2024-04-28T12:41:08.294 INFO:teuthology.orchestra.run.smithi053.stdout:/usr/bin/ceph: stderr
2024-04-28T12:41:07.688+0000 7f53718cd700 1 --2- 172.21.15.53:0/1088074745 >> [v2:172.21.15.53:3300/0,v1:172.21.15.53:6789/0] conn(0x7f536c19cc60 0x7f536c19d080 secure :-1 s=READY pgs=29 cs=0 l=1 rev1=1 crypto rx=0x7f535c009fb0 tx=0x7f535c011940 comp rx=0 tx=0).stop
2024-04-28T12:41:08.294 INFO:teuthology.orchestra.run.smithi053.stdout:/usr/bin/ceph: stderr
2024-04-28T12:41:07.688+0000 7f53718cd700 1 -- 172.21.15.53:0/1088074745 shutdown_connections
2024-04-28T12:41:08.294 INFO:teuthology.orchestra.run.smithi053.stdout:/usr/bin/ceph: stderr
2024-04-28T12:41:07.688+0000 7f53718cd700 1 --2- 172.21.15.53:0/1088074745 >> [v2:172.21.15.53:6800/2275002354,v1:172.21.15.53:6801/2275002354] conn(0x7f535403cea0 0x7f535403f290 unknown :-1 s=CLOSED pgs=2 cs=0 l=1 rev1=1 crypto rx=0 tx=0 comp rx=0 tx=0).stop
2024-04-28T12:41:08.294 INFO:teuthology.orchestra.run.smithi053.stdout:/usr/bin/ceph: stderr
2024-04-28T12:41:07.688+0000 7f53718cd700 1 --2- 172.21.15.53:0/1088074745 >> [v2:172.21.15.53:3300/0,v1:172.21.15.53:6789/0] conn(0x7f536c19cc60 0x7f536c19d080 unknown :-1 s=CLOSED pgs=29 cs=0 l=1 rev1=1 crypto rx=0 tx=0 comp rx=0 tx=0).stop
2024-04-28T12:41:08.294 INFO:teuthology.orchestra.run.smithi053.stdout:/usr/bin/ceph: stderr
2024-04-28T12:41:07.688+0000 7f53718cd700 1 --2- 172.21.15.53:0/1088074745 >> [v2:172.21.15.53:6800/3936438773,v1:172.21.15.53:6801/3936438773] conn(0x7f53540395b0 0x7f535403ba70 unknown :-1 s=CLOSED pgs=0 cs=0 l=1 rev1=0 crypto rx=0 tx=0 comp rx=0 tx=0).stop
2024-04-28T12:41:08.294 INFO:teuthology.orchestra.run.smithi053.stdout:/usr/bin/ceph: stderr
2024-04-28T12:41:07.688+0000 7f53718cd700 1 -- 172.21.15.53:0/1088074745 >> 172.21.15.53:0/1088074745 conn(0x7f536c103230 msgr2=0x7f536c103d20 unknown :-1 s=STATE_NONE l=0).mark_down
2024-04-28T12:41:08.295 INFO:teuthology.orchestra.run.smithi053.stdout:/usr/bin/ceph: stderr
2024-04-28T12:41:07.688+0000 7f53718cd700 1 -- 172.21.15.53:0/1088074745 shutdown_connections
2024-04-28T12:41:08.295 INFO:teuthology.orchestra.run.smithi053.stdout:/usr/bin/ceph: stderr
2024-04-28T12:41:07.688+0000 7f53718cd700 1 -- 172.21.15.53:0/1088074745 wait complete.
2024-04-28T12:41:08.295 INFO:teuthology.orchestra.run.smithi053.stdout:mgr epoch 5 is available
2024-04-28T12:41:08.295 INFO:teuthology.orchestra.run.smithi053.stdout:Setting orchestrator backend to cephadm...
2024-04-28T12:41:08.892 INFO:journalctl@ceph.mon.a.smithi053.stdout:Apr 28 12:41:08 smithi053 ceph-mon[29182]: from='client.14124 -' entity='client.admin' cmd=[{"prefix": "get_command_descriptions"}]: dispatch
2024-04-28T12:41:08.892 INFO:journalctl@ceph.mon.a.smithi053.stdout:Apr 28 12:41:08 smithi053 ceph-mon[29182]: from='client.14124 -' entity='client.admin' cmd=[{"prefix": "mgr_status"}]: dispatch
2024-04-28T12:41:08.892 INFO:journalctl@ceph.mon.a.smithi053.stdout:Apr 28 12:41:08 smithi053 ceph-mon[29182]: [28/Apr/2024:12:41:07] ENGINE Bus STARTING
2024-04-28T12:41:08.892 INFO:journalctl@ceph.mon.a.smithi053.stdout:Apr 28 12:41:08 smithi053 ceph-mon[29182]: [28/Apr/2024:12:41:07] ENGINE Serving on http://172.21.15.53:8765
2024-04-28T12:41:08.892 INFO:journalctl@ceph.mon.a.smithi053.stdout:Apr 28 12:41:08 smithi053 ceph-mon[29182]: [28/Apr/2024:12:41:08] ENGINE Serving on https://172.21.15.53:7150
2024-04-28T12:41:08.892 INFO:journalctl@ceph.mon.a.smithi053.stdout:Apr 28 12:41:08 smithi053 ceph-mon[29182]: [28/Apr/2024:12:41:08] ENGINE Bus STARTED
2024-04-28T12:41:08.892 INFO:journalctl@ceph.mon.a.smithi053.stdout:Apr 28 12:41:08 smithi053 ceph-mon[29182]: from='mgr.14120 172.21.15.53:0/705603645' entity='mgr.x' cmd=[{"prefix": "config dump", "format": "json"}]: dispatch
2024-04-28T12:41:09.401 INFO:teuthology.orchestra.run.smithi053.stdout:/usr/bin/ceph: stderr
2024-04-28T12:41:08.658+0000 7f2023a63700 1 Processor -- start
2024-04-28T12:41:09.401 INFO:teuthology.orchestra.run.smithi053.stdout:/usr/bin/ceph: stderr
2024-04-28T12:41:08.658+0000 7f2023a63700 1 -- start start
2024-04-28T12:41:09.401 INFO:teuthology.orchestra.run.smithi053.stdout:/usr/bin/ceph: stderr
2024-04-28T12:41:08.659+0000 7f2023a63700 1 --2- >> [v2:172.21.15.53:3300/0,v1:172.21.15.53:6789/0] conn(0x7f201c108d50 0x7f201c109170 unknown :-1 s=NONE pgs=0 cs=0 l=0 rev1=0 crypto rx=0 tx=0 comp rx=0 tx=0).connect
2024-04-28T12:41:09.401 INFO:teuthology.orchestra.run.smithi053.stdout:/usr/bin/ceph: stderr
2024-04-28T12:41:08.659+0000 7f2023a63700 1 -- --> [v2:172.21.15.53:3300/0,v1:172.21.15.53:6789/0] -- mon_getmap magic: 0 -- 0x7f201c109740 con 0x7f201c108d50
2024-04-28T12:41:09.401 INFO:teuthology.orchestra.run.smithi053.stdout:/usr/bin/ceph: stderr
2024-04-28T12:41:08.659+0000 7f20217ff700 1 --2- >> [v2:172.21.15.53:3300/0,v1:172.21.15.53:6789/0] conn(0x7f201c108d50 0x7f201c109170 unknown :-1 s=BANNER_CONNECTING pgs=0 cs=0 l=0 rev1=0 crypto rx=0 tx=0 comp rx=0 tx=0)._handle_peer_banner_payload supported=3 required=0
2024-04-28T12:41:09.401 INFO:teuthology.orchestra.run.smithi053.stdout:/usr/bin/ceph: stderr
2024-04-28T12:41:08.659+0000 7f20217ff700 1 --2- >> [v2:172.21.15.53:3300/0,v1:172.21.15.53:6789/0] conn(0x7f201c108d50 0x7f201c109170 unknown :-1 s=HELLO_CONNECTING pgs=0 cs=0 l=0 rev1=1 crypto rx=0 tx=0 comp rx=0 tx=0).handle_hello peer v2:172.21.15.53:3300/0 says I am v2:172.21.15.53:51484/0 (socket says 172.21.15.53:51484)
2024-04-28T12:41:09.401 INFO:teuthology.orchestra.run.smithi053.stdout:/usr/bin/ceph: stderr
2024-04-28T12:41:08.659+0000 7f20217ff700 1 -- 172.21.15.53:0/794521508 learned_addr learned my addr 172.21.15.53:0/794521508 (peer_addr_for_me v2:172.21.15.53:0/0)
2024-04-28T12:41:09.401 INFO:teuthology.orchestra.run.smithi053.stdout:/usr/bin/ceph: stderr
2024-04-28T12:41:08.659+0000 7f20217ff700 1 -- 172.21.15.53:0/794521508 --> [v2:172.21.15.53:3300/0,v1:172.21.15.53:6789/0] -- mon_subscribe({config=0+,monmap=0+}) -- 0x7f201c109f50 con 0x7f201c108d50
2024-04-28T12:41:09.402 INFO:teuthology.orchestra.run.smithi053.stdout:/usr/bin/ceph: stderr
2024-04-28T12:41:08.659+0000 7f20217ff700 1 --2- 172.21.15.53:0/794521508 >> [v2:172.21.15.53:3300/0,v1:172.21.15.53:6789/0] conn(0x7f201c108d50 0x7f201c109170 secure :-1 s=READY pgs=37 cs=0 l=1 rev1=1 crypto rx=0x7f20180098a0 tx=0x7f2018009bb0 comp rx=0 tx=0).ready entity=mon.0 client_cookie=a5ce68658d18d51b server_cookie=0 in_seq=0 out_seq=0
2024-04-28T12:41:09.402 INFO:teuthology.orchestra.run.smithi053.stdout:/usr/bin/ceph: stderr
2024-04-28T12:41:08.659+0000 7f2013fff700 1 -- 172.21.15.53:0/794521508 <== mon.0 v2:172.21.15.53:3300/0 1 ==== mon_map magic: 0 ==== 205+0+0 (secure 0 0 0) 0x7f2018004160 con 0x7f201c108d50
2024-04-28T12:41:09.402 INFO:teuthology.orchestra.run.smithi053.stdout:/usr/bin/ceph: stderr
2024-04-28T12:41:08.660+0000 7f2013fff700 1 -- 172.21.15.53:0/794521508 <== mon.0 v2:172.21.15.53:3300/0 2 ==== config(26 keys) ==== 1070+0+0 (secure 0 0 0) 0x7f2018004300 con 0x7f201c108d50
2024-04-28T12:41:09.402 INFO:teuthology.orchestra.run.smithi053.stdout:/usr/bin/ceph: stderr
2024-04-28T12:41:08.660+0000 7f2013fff700 1 -- 172.21.15.53:0/794521508 <== mon.0 v2:172.21.15.53:3300/0 3 ==== mon_map magic: 0 ==== 205+0+0 (secure 0 0 0) 0x7f2018011af0 con 0x7f201c108d50
2024-04-28T12:41:09.402 INFO:teuthology.orchestra.run.smithi053.stdout:/usr/bin/ceph: stderr
2024-04-28T12:41:08.660+0000 7f2023a63700 1 -- 172.21.15.53:0/794521508 >> [v2:172.21.15.53:3300/0,v1:172.21.15.53:6789/0] conn(0x7f201c108d50 msgr2=0x7f201c109170 secure :-1 s=STATE_CONNECTION_ESTABLISHED l=1).mark_down
2024-04-28T12:41:09.402 INFO:teuthology.orchestra.run.smithi053.stdout:/usr/bin/ceph: stderr
2024-04-28T12:41:08.660+0000 7f2023a63700 1 --2- 172.21.15.53:0/794521508 >> [v2:172.21.15.53:3300/0,v1:172.21.15.53:6789/0] conn(0x7f201c108d50 0x7f201c109170 secure :-1 s=READY pgs=37 cs=0 l=1 rev1=1 crypto rx=0x7f20180098a0 tx=0x7f2018009bb0 comp rx=0 tx=0).stop
2024-04-28T12:41:09.402 INFO:teuthology.orchestra.run.smithi053.stdout:/usr/bin/ceph: stderr
2024-04-28T12:41:08.660+0000 7f2023a63700 1 -- 172.21.15.53:0/794521508 shutdown_connections
2024-04-28T12:41:09.402 INFO:teuthology.orchestra.run.smithi053.stdout:/usr/bin/ceph: stderr
2024-04-28T12:41:08.660+0000 7f2023a63700 1 --2- 172.21.15.53:0/794521508 >> [v2:172.21.15.53:3300/0,v1:172.21.15.53:6789/0] conn(0x7f201c108d50 0x7f201c109170 unknown :-1 s=CLOSED pgs=37 cs=0 l=1 rev1=1 crypto rx=0 tx=0 comp rx=0 tx=0).stop
2024-04-28T12:41:09.402 INFO:teuthology.orchestra.run.smithi053.stdout:/usr/bin/ceph: stderr
2024-04-28T12:41:08.660+0000 7f2023a63700 1 -- 172.21.15.53:0/794521508 >> 172.21.15.53:0/794521508 conn(0x7f201c1042d0 msgr2=0x7f201c106730 unknown :-1 s=STATE_NONE l=0).mark_down
2024-04-28T12:41:09.402 INFO:teuthology.orchestra.run.smithi053.stdout:/usr/bin/ceph: stderr
2024-04-28T12:41:08.660+0000 7f2023a63700 1 -- 172.21.15.53:0/794521508 shutdown_connections
2024-04-28T12:41:09.402 INFO:teuthology.orchestra.run.smithi053.stdout:/usr/bin/ceph: stderr
2024-04-28T12:41:08.660+0000 7f2023a63700 1 -- 172.21.15.53:0/794521508 wait complete.
2024-04-28T12:41:09.402 INFO:teuthology.orchestra.run.smithi053.stdout:/usr/bin/ceph: stderr
2024-04-28T12:41:08.661+0000 7f2023a63700 1 Processor -- start
2024-04-28T12:41:09.403 INFO:teuthology.orchestra.run.smithi053.stdout:/usr/bin/ceph: stderr
2024-04-28T12:41:08.661+0000 7f2023a63700 1 -- start start
2024-04-28T12:41:09.403 INFO:teuthology.orchestra.run.smithi053.stdout:/usr/bin/ceph: stderr
2024-04-28T12:41:08.661+0000 7f2023a63700 1 --2- >> [v2:172.21.15.53:3300/0,v1:172.21.15.53:6789/0] conn(0x7f201c108d50 0x7f201c19cd00 unknown :-1 s=NONE pgs=0 cs=0 l=1 rev1=0 crypto rx=0 tx=0 comp rx=0 tx=0).connect
2024-04-28T12:41:09.403 INFO:teuthology.orchestra.run.smithi053.stdout:/usr/bin/ceph: stderr
2024-04-28T12:41:08.661+0000 7f2023a63700 1 -- --> [v2:172.21.15.53:3300/0,v1:172.21.15.53:6789/0] -- mon_getmap magic: 0 -- 0x7f201c10d300 con 0x7f201c108d50
2024-04-28T12:41:09.403 INFO:teuthology.orchestra.run.smithi053.stdout:/usr/bin/ceph: stderr
2024-04-28T12:41:08.661+0000 7f20217ff700 1 --2- >> [v2:172.21.15.53:3300/0,v1:172.21.15.53:6789/0] conn(0x7f201c108d50 0x7f201c19cd00 unknown :-1 s=BANNER_CONNECTING pgs=0 cs=0 l=1 rev1=0 crypto rx=0 tx=0 comp rx=0 tx=0)._handle_peer_banner_payload supported=3 required=0
2024-04-28T12:41:09.403 INFO:teuthology.orchestra.run.smithi053.stdout:/usr/bin/ceph: stderr
2024-04-28T12:41:08.661+0000 7f20217ff700 1 --2- >> [v2:172.21.15.53:3300/0,v1:172.21.15.53:6789/0] conn(0x7f201c108d50 0x7f201c19cd00 unknown :-1 s=HELLO_CONNECTING pgs=0 cs=0 l=1 rev1=1 crypto rx=0 tx=0 comp rx=0 tx=0).handle_hello peer v2:172.21.15.53:3300/0 says I am v2:172.21.15.53:51486/0 (socket says 172.21.15.53:51486)
2024-04-28T12:41:09.403 INFO:teuthology.orchestra.run.smithi053.stdout:/usr/bin/ceph: stderr
2024-04-28T12:41:08.661+0000 7f20217ff700 1 -- 172.21.15.53:0/890276081 learned_addr learned my addr 172.21.15.53:0/890276081 (peer_addr_for_me v2:172.21.15.53:0/0)
2024-04-28T12:41:09.403 INFO:teuthology.orchestra.run.smithi053.stdout:/usr/bin/ceph: stderr
2024-04-28T12:41:08.662+0000 7f20217ff700 1 -- 172.21.15.53:0/890276081 --> [v2:172.21.15.53:3300/0,v1:172.21.15.53:6789/0] -- mon_subscribe({config=0+,monmap=0+}) -- 0x7f201c19d240 con 0x7f201c108d50
2024-04-28T12:41:09.403 INFO:teuthology.orchestra.run.smithi053.stdout:/usr/bin/ceph: stderr
2024-04-28T12:41:08.662+0000 7f20217ff700 1 --2- 172.21.15.53:0/890276081 >> [v2:172.21.15.53:3300/0,v1:172.21.15.53:6789/0] conn(0x7f201c108d50 0x7f201c19cd00 secure :-1 s=READY pgs=38 cs=0 l=1 rev1=1 crypto rx=0x7f2018009fb0 tx=0x7f2018011940 comp rx=0 tx=0).ready entity=mon.0 client_cookie=0 server_cookie=0 in_seq=0 out_seq=0
2024-04-28T12:41:09.403 INFO:teuthology.orchestra.run.smithi053.stdout:/usr/bin/ceph: stderr
2024-04-28T12:41:08.662+0000 7f20127fc700 1 -- 172.21.15.53:0/890276081 <== mon.0 v2:172.21.15.53:3300/0 1 ==== mon_map magic: 0 ==== 205+0+0 (secure 0 0 0) 0x7f20180036a0 con 0x7f201c108d50
2024-04-28T12:41:09.403 INFO:teuthology.orchestra.run.smithi053.stdout:/usr/bin/ceph: stderr
2024-04-28T12:41:08.662+0000 7f20127fc700 1 -- 172.21.15.53:0/890276081 <== mon.0 v2:172.21.15.53:3300/0 2 ==== config(26 keys) ==== 1070+0+0 (secure 0 0 0) 0x7f201801a430 con 0x7f201c108d50
2024-04-28T12:41:09.403 INFO:teuthology.orchestra.run.smithi053.stdout:/usr/bin/ceph: stderr
2024-04-28T12:41:08.662+0000 7f2023a63700 1 -- 172.21.15.53:0/890276081 --> [v2:172.21.15.53:3300/0,v1:172.21.15.53:6789/0] -- mon_subscribe({mgrmap=0+}) -- 0x7f201c19d4d0 con 0x7f201c108d50
2024-04-28T12:41:09.403 INFO:teuthology.orchestra.run.smithi053.stdout:/usr/bin/ceph: stderr
2024-04-28T12:41:08.662+0000 7f20127fc700 1 -- 172.21.15.53:0/890276081 <== mon.0 v2:172.21.15.53:3300/0 3 ==== mon_map magic: 0 ==== 205+0+0 (secure 0 0 0) 0x7f2018019550 con 0x7f201c108d50
2024-04-28T12:41:09.403 INFO:teuthology.orchestra.run.smithi053.stdout:/usr/bin/ceph: stderr
2024-04-28T12:41:08.662+0000 7f2023a63700 1 -- 172.21.15.53:0/890276081 --> [v2:172.21.15.53:3300/0,v1:172.21.15.53:6789/0] -- mon_subscribe({osdmap=0}) -- 0x7f201c1a01b0 con 0x7f201c108d50
2024-04-28T12:41:09.403 INFO:teuthology.orchestra.run.smithi053.stdout:/usr/bin/ceph: stderr
2024-04-28T12:41:08.663+0000 7f20127fc700 1 -- 172.21.15.53:0/890276081 <== mon.0 v2:172.21.15.53:3300/0 4 ==== mgrmap(e 7) ==== 46452+0+0 (secure 0 0 0) 0x7f2018019800 con 0x7f201c108d50
2024-04-28T12:41:09.403 INFO:teuthology.orchestra.run.smithi053.stdout:/usr/bin/ceph: stderr
2024-04-28T12:41:08.663+0000 7f2023a63700 1 -- 172.21.15.53:0/890276081 --> [v2:172.21.15.53:3300/0,v1:172.21.15.53:6789/0] -- mon_command({"prefix": "get_command_descriptions"} v 0) -- 0x7f201c064a80 con 0x7f201c108d50
2024-04-28T12:41:09.404 INFO:teuthology.orchestra.run.smithi053.stdout:/usr/bin/ceph: stderr
2024-04-28T12:41:08.663+0000 7f20127fc700 1 --2- 172.21.15.53:0/890276081 >> [v2:172.21.15.53:6800/2275002354,v1:172.21.15.53:6801/2275002354] conn(0x7f2008039480 0x7f200803b940 unknown :-1 s=NONE pgs=0 cs=0 l=1 rev1=0 crypto rx=0 tx=0 comp rx=0 tx=0).connect
2024-04-28T12:41:09.404 INFO:teuthology.orchestra.run.smithi053.stdout:/usr/bin/ceph: stderr
2024-04-28T12:41:08.663+0000 7f20127fc700 1 -- 172.21.15.53:0/890276081 <== mon.0 v2:172.21.15.53:3300/0 5 ==== osd_map(2..2 src has 1..2) ==== 940+0+0 (secure 0 0 0) 0x7f201804d710 con 0x7f201c108d50
2024-04-28T12:41:09.404 INFO:teuthology.orchestra.run.smithi053.stdout:/usr/bin/ceph: stderr
2024-04-28T12:41:08.663+0000 7f2020ffe700 1 --2- 172.21.15.53:0/890276081 >> [v2:172.21.15.53:6800/2275002354,v1:172.21.15.53:6801/2275002354] conn(0x7f2008039480 0x7f200803b940 unknown :-1 s=BANNER_CONNECTING pgs=0 cs=0 l=1 rev1=0 crypto rx=0 tx=0 comp rx=0 tx=0)._handle_peer_banner_payload supported=3 required=0
2024-04-28T12:41:09.404 INFO:teuthology.orchestra.run.smithi053.stdout:/usr/bin/ceph: stderr
2024-04-28T12:41:08.664+0000 7f2020ffe700 1 --2- 172.21.15.53:0/890276081 >> [v2:172.21.15.53:6800/2275002354,v1:172.21.15.53:6801/2275002354] conn(0x7f2008039480 0x7f200803b940 secure :-1 s=READY pgs=7 cs=0 l=1 rev1=1 crypto rx=0x7f200c006fd0 tx=0x7f200c006e40 comp rx=0 tx=0).ready entity=mgr.14120 client_cookie=0 server_cookie=0 in_seq=0 out_seq=0
2024-04-28T12:41:09.404 INFO:teuthology.orchestra.run.smithi053.stdout:/usr/bin/ceph: stderr
2024-04-28T12:41:08.668+0000 7f20127fc700 1 -- 172.21.15.53:0/890276081 <== mon.0 v2:172.21.15.53:3300/0 6 ==== mon_command_ack([{"prefix": "get_command_descriptions"}]=0 v0) ==== 72+0+188494 (secure 0 0 0) 0x7f201800fda0 con 0x7f201c108d50
2024-04-28T12:41:09.404 INFO:teuthology.orchestra.run.smithi053.stdout:/usr/bin/ceph: stderr
2024-04-28T12:41:08.730+0000 7f20127fc700 1 -- 172.21.15.53:0/890276081 <== mon.0 v2:172.21.15.53:3300/0 7 ==== mgrmap(e 8) ==== 46558+0+0 (secure 0 0 0) 0x7f201802d440 con 0x7f201c108d50
2024-04-28T12:41:09.404 INFO:teuthology.orchestra.run.smithi053.stdout:/usr/bin/ceph: stderr
2024-04-28T12:41:08.895+0000 7f2023a63700 1 -- 172.21.15.53:0/890276081 --> [v2:172.21.15.53:6800/2275002354,v1:172.21.15.53:6801/2275002354] -- mgr_command(tid 0: {"prefix": "orch set backend", "module_name": "cephadm", "target": ["mon-mgr", ""]}) -- 0x7f201c1055b0 con 0x7f2008039480
2024-04-28T12:41:09.404 INFO:teuthology.orchestra.run.smithi053.stdout:/usr/bin/ceph: stderr
2024-04-28T12:41:08.900+0000 7f20127fc700 1 -- 172.21.15.53:0/890276081 <== mgr.14120 v2:172.21.15.53:6800/2275002354 1 ==== mgr_command_reply(tid 0: 0 ) ==== 8+0+0 (secure 0 0 0) 0x7f201c1055b0 con 0x7f2008039480
2024-04-28T12:41:09.404 INFO:teuthology.orchestra.run.smithi053.stdout:/usr/bin/ceph: stderr
2024-04-28T12:41:08.903+0000 7f2023a63700 1 -- 172.21.15.53:0/890276081 >> [v2:172.21.15.53:6800/2275002354,v1:172.21.15.53:6801/2275002354] conn(0x7f2008039480 msgr2=0x7f200803b940 secure :-1 s=STATE_CONNECTION_ESTABLISHED l=1).mark_down
2024-04-28T12:41:09.404 INFO:teuthology.orchestra.run.smithi053.stdout:/usr/bin/ceph: stderr
2024-04-28T12:41:08.903+0000 7f2023a63700 1 --2- 172.21.15.53:0/890276081 >> [v2:172.21.15.53:6800/2275002354,v1:172.21.15.53:6801/2275002354] conn(0x7f2008039480 0x7f200803b940 secure :-1 s=READY pgs=7 cs=0 l=1 rev1=1 crypto rx=0x7f200c006fd0 tx=0x7f200c006e40 comp rx=0 tx=0).stop
2024-04-28T12:41:09.404 INFO:teuthology.orchestra.run.smithi053.stdout:/usr/bin/ceph: stderr
2024-04-28T12:41:08.903+0000 7f2023a63700 1 -- 172.21.15.53:0/890276081 >> [v2:172.21.15.53:3300/0,v1:172.21.15.53:6789/0] conn(0x7f201c108d50 msgr2=0x7f201c19cd00 secure :-1 s=STATE_CONNECTION_ESTABLISHED l=1).mark_down
2024-04-28T12:41:09.404 INFO:teuthology.orchestra.run.smithi053.stdout:/usr/bin/ceph: stderr
2024-04-28T12:41:08.903+0000 7f2023a63700 1 --2- 172.21.15.53:0/890276081 >> [v2:172.21.15.53:3300/0,v1:172.21.15.53:6789/0] conn(0x7f201c108d50 0x7f201c19cd00 secure :-1 s=READY pgs=38 cs=0 l=1 rev1=1 crypto rx=0x7f2018009fb0 tx=0x7f2018011940 comp rx=0 tx=0).stop
2024-04-28T12:41:09.404 INFO:teuthology.orchestra.run.smithi053.stdout:/usr/bin/ceph: stderr
2024-04-28T12:41:08.903+0000 7f2023a63700 1 -- 172.21.15.53:0/890276081 shutdown_connections
2024-04-28T12:41:09.404 INFO:teuthology.orchestra.run.smithi053.stdout:/usr/bin/ceph: stderr
2024-04-28T12:41:08.903+0000 7f2023a63700 1 --2- 172.21.15.53:0/890276081 >> [v2:172.21.15.53:6800/2275002354,v1:172.21.15.53:6801/2275002354] conn(0x7f2008039480 0x7f200803b940 unknown :-1 s=CLOSED pgs=7 cs=0 l=1 rev1=1 crypto rx=0 tx=0 comp rx=0 tx=0).stop
2024-04-28T12:41:09.404 INFO:teuthology.orchestra.run.smithi053.stdout:/usr/bin/ceph: stderr
2024-04-28T12:41:08.903+0000 7f2023a63700 1 --2- 172.21.15.53:0/890276081 >> [v2:172.21.15.53:3300/0,v1:172.21.15.53:6789/0] conn(0x7f201c108d50 0x7f201c19cd00 unknown :-1 s=CLOSED pgs=38 cs=0 l=1 rev1=1 crypto rx=0 tx=0 comp rx=0 tx=0).stop
2024-04-28T12:41:09.404 INFO:teuthology.orchestra.run.smithi053.stdout:/usr/bin/ceph: stderr
2024-04-28T12:41:08.903+0000 7f2023a63700 1 -- 172.21.15.53:0/890276081 >> 172.21.15.53:0/890276081 conn(0x7f201c1042d0 msgr2=0x7f201c104ea0 unknown :-1 s=STATE_NONE l=0).mark_down
2024-04-28T12:41:09.405 INFO:teuthology.orchestra.run.smithi053.stdout:/usr/bin/ceph: stderr
2024-04-28T12:41:08.903+0000 7f2023a63700 1 -- 172.21.15.53:0/890276081 shutdown_connections
2024-04-28T12:41:09.405 INFO:teuthology.orchestra.run.smithi053.stdout:/usr/bin/ceph: stderr
2024-04-28T12:41:08.903+0000 7f2023a63700 1 -- 172.21.15.53:0/890276081 wait complete.
2024-04-28T12:41:09.820 INFO:journalctl@ceph.mon.a.smithi053.stdout:Apr 28 12:41:09 smithi053 ceph-mon[29182]: mgrmap e8: x(active, since 2s)
2024-04-28T12:41:09.821 INFO:journalctl@ceph.mon.a.smithi053.stdout:Apr 28 12:41:09 smithi053 ceph-mon[29182]: from='client.14132 -' entity='client.admin' cmd=[{"prefix": "orch set backend", "module_name": "cephadm", "target": ["mon-mgr", ""]}]: dispatch
2024-04-28T12:41:09.821 INFO:journalctl@ceph.mon.a.smithi053.stdout:Apr 28 12:41:09 smithi053 ceph-mon[29182]: from='mgr.14120 172.21.15.53:0/705603645' entity='mgr.x'
2024-04-28T12:41:09.821 INFO:journalctl@ceph.mon.a.smithi053.stdout:Apr 28 12:41:09 smithi053 ceph-mon[29182]: from='mgr.14120 172.21.15.53:0/705603645' entity='mgr.x' cmd=[{"prefix": "config dump", "format": "json"}]: dispatch
2024-04-28T12:41:10.616 INFO:teuthology.orchestra.run.smithi053.stdout:/usr/bin/ceph: stdout value unchanged
2024-04-28T12:41:10.616 INFO:teuthology.orchestra.run.smithi053.stdout:/usr/bin/ceph: stderr
2024-04-28T12:41:09.849+0000 7fee1ff89700 1 Processor -- start
2024-04-28T12:41:10.616 INFO:teuthology.orchestra.run.smithi053.stdout:/usr/bin/ceph: stderr
2024-04-28T12:41:09.849+0000 7fee1ff89700 1 -- start start
2024-04-28T12:41:10.616 INFO:teuthology.orchestra.run.smithi053.stdout:/usr/bin/ceph: stderr
2024-04-28T12:41:09.849+0000 7fee1ff89700 1 --2- >> [v2:172.21.15.53:3300/0,v1:172.21.15.53:6789/0] conn(0x7fee1807f6d0 0x7fee1807db80 unknown :-1 s=NONE pgs=0 cs=0 l=0 rev1=0 crypto rx=0 tx=0 comp rx=0 tx=0).connect
2024-04-28T12:41:10.616 INFO:teuthology.orchestra.run.smithi053.stdout:/usr/bin/ceph: stderr
2024-04-28T12:41:09.849+0000 7fee1ff89700 1 -- --> [v2:172.21.15.53:3300/0,v1:172.21.15.53:6789/0] -- mon_getmap magic: 0 -- 0x7fee1807e150 con 0x7fee1807f6d0
2024-04-28T12:41:10.616 INFO:teuthology.orchestra.run.smithi053.stdout:/usr/bin/ceph: stderr
2024-04-28T12:41:09.850+0000 7fee1dd25700 1 --2- >> [v2:172.21.15.53:3300/0,v1:172.21.15.53:6789/0] conn(0x7fee1807f6d0 0x7fee1807db80 unknown :-1 s=BANNER_CONNECTING pgs=0 cs=0 l=0 rev1=0 crypto rx=0 tx=0 comp rx=0 tx=0)._handle_peer_banner_payload supported=3 required=0
2024-04-28T12:41:10.616 INFO:teuthology.orchestra.run.smithi053.stdout:/usr/bin/ceph: stderr
2024-04-28T12:41:09.850+0000 7fee1dd25700 1 --2- >> [v2:172.21.15.53:3300/0,v1:172.21.15.53:6789/0] conn(0x7fee1807f6d0 0x7fee1807db80 unknown :-1 s=HELLO_CONNECTING pgs=0 cs=0 l=0 rev1=1 crypto rx=0 tx=0 comp rx=0 tx=0).handle_hello peer v2:172.21.15.53:3300/0 says I am v2:172.21.15.53:51502/0 (socket says 172.21.15.53:51502)
2024-04-28T12:41:10.616 INFO:teuthology.orchestra.run.smithi053.stdout:/usr/bin/ceph: stderr
2024-04-28T12:41:09.850+0000 7fee1dd25700 1 -- 172.21.15.53:0/1811274589 learned_addr learned my addr 172.21.15.53:0/1811274589 (peer_addr_for_me v2:172.21.15.53:0/0)
2024-04-28T12:41:10.616 INFO:teuthology.orchestra.run.smithi053.stdout:/usr/bin/ceph: stderr
2024-04-28T12:41:09.850+0000 7fee1dd25700 1 -- 172.21.15.53:0/1811274589 --> [v2:172.21.15.53:3300/0,v1:172.21.15.53:6789/0] -- mon_subscribe({config=0+,monmap=0+}) -- 0x7fee1807e2d0 con 0x7fee1807f6d0
2024-04-28T12:41:10.617 INFO:teuthology.orchestra.run.smithi053.stdout:/usr/bin/ceph: stderr
2024-04-28T12:41:09.850+0000 7fee1dd25700 1 --2- 172.21.15.53:0/1811274589 >> [v2:172.21.15.53:3300/0,v1:172.21.15.53:6789/0] conn(0x7fee1807f6d0 0x7fee1807db80 secure :-1 s=READY pgs=39 cs=0 l=1 rev1=1 crypto rx=0x7fee08009e80 tx=0x7fee0800b330 comp rx=0 tx=0).ready entity=mon.0 client_cookie=96b43bb6caaa4e07 server_cookie=0 in_seq=0 out_seq=0
2024-04-28T12:41:10.617 INFO:teuthology.orchestra.run.smithi053.stdout:/usr/bin/ceph: stderr
2024-04-28T12:41:09.850+0000 7fee1cd23700 1 -- 172.21.15.53:0/1811274589 <== mon.0 v2:172.21.15.53:3300/0 1 ==== mon_map magic: 0 ==== 205+0+0 (secure 0 0 0) 0x7fee08017070 con 0x7fee1807f6d0
2024-04-28T12:41:10.617 INFO:teuthology.orchestra.run.smithi053.stdout:/usr/bin/ceph: stderr
2024-04-28T12:41:09.850+0000 7fee1cd23700 1 -- 172.21.15.53:0/1811274589 <== mon.0 v2:172.21.15.53:3300/0 2 ==== config(26 keys) ==== 1070+0+0 (secure 0 0 0) 0x7fee0800b8c0 con 0x7fee1807f6d0
2024-04-28T12:41:10.617 INFO:teuthology.orchestra.run.smithi053.stdout:/usr/bin/ceph: stderr
2024-04-28T12:41:09.850+0000 7fee1cd23700 1 -- 172.21.15.53:0/1811274589 <== mon.0 v2:172.21.15.53:3300/0 3 ==== mon_map magic: 0 ==== 205+0+0 (secure 0 0 0) 0x7fee08004490 con 0x7fee1807f6d0
2024-04-28T12:41:10.617 INFO:teuthology.orchestra.run.smithi053.stdout:/usr/bin/ceph: stderr
2024-04-28T12:41:09.851+0000 7fee1ff89700 1 -- 172.21.15.53:0/1811274589 >> [v2:172.21.15.53:3300/0,v1:172.21.15.53:6789/0] conn(0x7fee1807f6d0 msgr2=0x7fee1807db80 secure :-1 s=STATE_CONNECTION_ESTABLISHED l=1).mark_down
2024-04-28T12:41:10.617 INFO:teuthology.orchestra.run.smithi053.stdout:/usr/bin/ceph: stderr
2024-04-28T12:41:09.851+0000 7fee1ff89700 1 --2- 172.21.15.53:0/1811274589 >> [v2:172.21.15.53:3300/0,v1:172.21.15.53:6789/0] conn(0x7fee1807f6d0 0x7fee1807db80 secure :-1 s=READY pgs=39 cs=0 l=1 rev1=1 crypto rx=0x7fee08009e80 tx=0x7fee0800b330 comp rx=0 tx=0).stop
2024-04-28T12:41:10.617 INFO:teuthology.orchestra.run.smithi053.stdout:/usr/bin/ceph: stderr
2024-04-28T12:41:09.851+0000 7fee1ff89700 1 -- 172.21.15.53:0/1811274589 shutdown_connections
2024-04-28T12:41:10.617 INFO:teuthology.orchestra.run.smithi053.stdout:/usr/bin/ceph: stderr
2024-04-28T12:41:09.851+0000 7fee1ff89700 1 --2- 172.21.15.53:0/1811274589 >> [v2:172.21.15.53:3300/0,v1:172.21.15.53:6789/0] conn(0x7fee1807f6d0 0x7fee1807db80 unknown :-1 s=CLOSED pgs=39 cs=0 l=1 rev1=1 crypto rx=0 tx=0 comp rx=0 tx=0).stop
2024-04-28T12:41:10.617 INFO:teuthology.orchestra.run.smithi053.stdout:/usr/bin/ceph: stderr
2024-04-28T12:41:09.851+0000 7fee1ff89700 1 -- 172.21.15.53:0/1811274589 >> 172.21.15.53:0/1811274589 conn(0x7fee18104370 msgr2=0x7fee181067b0 unknown :-1 s=STATE_NONE l=0).mark_down
2024-04-28T12:41:10.617 INFO:teuthology.orchestra.run.smithi053.stdout:/usr/bin/ceph: stderr
2024-04-28T12:41:09.851+0000 7fee1ff89700 1 -- 172.21.15.53:0/1811274589 shutdown_connections
2024-04-28T12:41:10.617 INFO:teuthology.orchestra.run.smithi053.stdout:/usr/bin/ceph: stderr
2024-04-28T12:41:09.851+0000 7fee1ff89700 1 -- 172.21.15.53:0/1811274589 wait complete.
2024-04-28T12:41:10.617 INFO:teuthology.orchestra.run.smithi053.stdout:/usr/bin/ceph: stderr
2024-04-28T12:41:09.852+0000 7fee1ff89700 1 Processor -- start
2024-04-28T12:41:10.618 INFO:teuthology.orchestra.run.smithi053.stdout:/usr/bin/ceph: stderr
2024-04-28T12:41:09.852+0000 7fee1ff89700 1 -- start start
2024-04-28T12:41:10.618 INFO:teuthology.orchestra.run.smithi053.stdout:/usr/bin/ceph: stderr
2024-04-28T12:41:09.852+0000 7fee1ff89700 1 --2- >> [v2:172.21.15.53:3300/0,v1:172.21.15.53:6789/0] conn(0x7fee1807f6d0 0x7fee1819ee80 unknown :-1 s=NONE pgs=0 cs=0 l=1 rev1=0 crypto rx=0 tx=0 comp rx=0 tx=0).connect
2024-04-28T12:41:10.618 INFO:teuthology.orchestra.run.smithi053.stdout:/usr/bin/ceph: stderr
2024-04-28T12:41:09.852+0000 7fee1ff89700 1 -- --> [v2:172.21.15.53:3300/0,v1:172.21.15.53:6789/0] -- mon_getmap magic: 0 -- 0x7fee1810f320 con 0x7fee1807f6d0
2024-04-28T12:41:10.618 INFO:teuthology.orchestra.run.smithi053.stdout:/usr/bin/ceph: stderr
2024-04-28T12:41:09.852+0000 7fee1dd25700 1 --2- >> [v2:172.21.15.53:3300/0,v1:172.21.15.53:6789/0] conn(0x7fee1807f6d0 0x7fee1819ee80 unknown :-1 s=BANNER_CONNECTING pgs=0 cs=0 l=1 rev1=0 crypto rx=0 tx=0 comp rx=0 tx=0)._handle_peer_banner_payload supported=3 required=0
2024-04-28T12:41:10.618 INFO:teuthology.orchestra.run.smithi053.stdout:/usr/bin/ceph: stderr
2024-04-28T12:41:09.852+0000 7fee1dd25700 1 --2- >> [v2:172.21.15.53:3300/0,v1:172.21.15.53:6789/0] conn(0x7fee1807f6d0 0x7fee1819ee80 unknown :-1 s=HELLO_CONNECTING pgs=0 cs=0 l=1 rev1=1 crypto rx=0 tx=0 comp rx=0 tx=0).handle_hello peer v2:172.21.15.53:3300/0 says I am v2:172.21.15.53:51508/0 (socket says 172.21.15.53:51508)
2024-04-28T12:41:10.618 INFO:teuthology.orchestra.run.smithi053.stdout:/usr/bin/ceph: stderr
2024-04-28T12:41:09.852+0000 7fee1dd25700 1 -- 172.21.15.53:0/3922479557 learned_addr learned my addr 172.21.15.53:0/3922479557 (peer_addr_for_me v2:172.21.15.53:0/0)
2024-04-28T12:41:10.618 INFO:teuthology.orchestra.run.smithi053.stdout:/usr/bin/ceph: stderr
2024-04-28T12:41:09.852+0000 7fee1dd25700 1 -- 172.21.15.53:0/3922479557 --> [v2:172.21.15.53:3300/0,v1:172.21.15.53:6789/0] -- mon_subscribe({config=0+,monmap=0+}) -- 0x7fee1819f3c0 con 0x7fee1807f6d0
2024-04-28T12:41:10.618 INFO:teuthology.orchestra.run.smithi053.stdout:/usr/bin/ceph: stderr
2024-04-28T12:41:09.852+0000 7fee1dd25700 1 --2- 172.21.15.53:0/3922479557 >> [v2:172.21.15.53:3300/0,v1:172.21.15.53:6789/0] conn(0x7fee1807f6d0 0x7fee1819ee80 secure :-1 s=READY pgs=40 cs=0 l=1 rev1=1 crypto rx=0x7fee0800b7b0 tx=0x7fee0800be20 comp rx=0 tx=0).ready entity=mon.0 client_cookie=0 server_cookie=0 in_seq=0 out_seq=0
2024-04-28T12:41:10.618 INFO:teuthology.orchestra.run.smithi053.stdout:/usr/bin/ceph: stderr
2024-04-28T12:41:09.853+0000 7fee16ffd700 1 -- 172.21.15.53:0/3922479557 <== mon.0 v2:172.21.15.53:3300/0 1 ==== mon_map magic: 0 ==== 205+0+0 (secure 0 0 0) 0x7fee08020020 con 0x7fee1807f6d0
2024-04-28T12:41:10.618 INFO:teuthology.orchestra.run.smithi053.stdout:/usr/bin/ceph: stderr
2024-04-28T12:41:09.853+0000 7fee16ffd700 1 -- 172.21.15.53:0/3922479557 <== mon.0 v2:172.21.15.53:3300/0 2 ==== config(26 keys) ==== 1070+0+0 (secure 0 0 0) 0x7fee08012430 con 0x7fee1807f6d0
2024-04-28T12:41:10.618 INFO:teuthology.orchestra.run.smithi053.stdout:/usr/bin/ceph: stderr
2024-04-28T12:41:09.853+0000 7fee1ff89700 1 -- 172.21.15.53:0/3922479557 --> [v2:172.21.15.53:3300/0,v1:172.21.15.53:6789/0] -- mon_subscribe({mgrmap=0+}) -- 0x7fee1819f650 con 0x7fee1807f6d0
2024-04-28T12:41:10.618 INFO:teuthology.orchestra.run.smithi053.stdout:/usr/bin/ceph: stderr
2024-04-28T12:41:09.853+0000 7fee16ffd700 1 -- 172.21.15.53:0/3922479557 <== mon.0 v2:172.21.15.53:3300/0 3 ==== mon_map magic: 0 ==== 205+0+0 (secure 0 0 0) 0x7fee08017040 con 0x7fee1807f6d0
2024-04-28T12:41:10.618 INFO:teuthology.orchestra.run.smithi053.stdout:/usr/bin/ceph: stderr
2024-04-28T12:41:09.853+0000 7fee1ff89700 1 -- 172.21.15.53:0/3922479557 --> [v2:172.21.15.53:3300/0,v1:172.21.15.53:6789/0] -- mon_subscribe({osdmap=0}) -- 0x7fee181a2340 con 0x7fee1807f6d0
2024-04-28T12:41:10.618 INFO:teuthology.orchestra.run.smithi053.stdout:/usr/bin/ceph: stderr
2024-04-28T12:41:09.854+0000 7fee16ffd700 1 -- 172.21.15.53:0/3922479557 <== mon.0 v2:172.21.15.53:3300/0 4 ==== mgrmap(e 8) ==== 46558+0+0 (secure 0 0 0) 0x7fee08023020 con 0x7fee1807f6d0
2024-04-28T12:41:10.619 INFO:teuthology.orchestra.run.smithi053.stdout:/usr/bin/ceph: stderr
2024-04-28T12:41:09.854+0000 7fee1ff89700 1 -- 172.21.15.53:0/3922479557 --> [v2:172.21.15.53:3300/0,v1:172.21.15.53:6789/0] -- mon_command({"prefix": "get_command_descriptions"} v 0) -- 0x7fee1806a540 con 0x7fee1807f6d0
2024-04-28T12:41:10.619 INFO:teuthology.orchestra.run.smithi053.stdout:/usr/bin/ceph: stderr
2024-04-28T12:41:09.854+0000 7fee16ffd700 1 --2- 172.21.15.53:0/3922479557 >> [v2:172.21.15.53:6800/2275002354,v1:172.21.15.53:6801/2275002354] conn(0x7fee000395b0 0x7fee0003ba70 unknown :-1 s=NONE pgs=0 cs=0 l=1 rev1=0 crypto rx=0 tx=0 comp rx=0 tx=0).connect
2024-04-28T12:41:10.619 INFO:teuthology.orchestra.run.smithi053.stdout:/usr/bin/ceph: stderr
2024-04-28T12:41:09.854+0000 7fee16ffd700 1 -- 172.21.15.53:0/3922479557 <== mon.0 v2:172.21.15.53:3300/0 5 ==== osd_map(2..2 src has 1..2) ==== 940+0+0 (secure 0 0 0) 0x7fee0800f050 con 0x7fee1807f6d0
2024-04-28T12:41:10.619 INFO:teuthology.orchestra.run.smithi053.stdout:/usr/bin/ceph: stderr
2024-04-28T12:41:09.854+0000 7fee1d524700 1 --2- 172.21.15.53:0/3922479557 >> [v2:172.21.15.53:6800/2275002354,v1:172.21.15.53:6801/2275002354] conn(0x7fee000395b0 0x7fee0003ba70 unknown :-1 s=BANNER_CONNECTING pgs=0 cs=0 l=1 rev1=0 crypto rx=0 tx=0 comp rx=0 tx=0)._handle_peer_banner_payload supported=3 required=0
2024-04-28T12:41:10.619 INFO:teuthology.orchestra.run.smithi053.stdout:/usr/bin/ceph: stderr
2024-04-28T12:41:09.854+0000 7fee1d524700 1 --2- 172.21.15.53:0/3922479557 >> [v2:172.21.15.53:6800/2275002354,v1:172.21.15.53:6801/2275002354] conn(0x7fee000395b0 0x7fee0003ba70 secure :-1 s=READY pgs=8 cs=0 l=1 rev1=1 crypto rx=0x7fee0c006fd0 tx=0x7fee0c006e40 comp rx=0 tx=0).ready entity=mgr.14120 client_cookie=0 server_cookie=0 in_seq=0 out_seq=0
2024-04-28T12:41:10.619 INFO:teuthology.orchestra.run.smithi053.stdout:/usr/bin/ceph: stderr
2024-04-28T12:41:09.859+0000 7fee16ffd700 1 -- 172.21.15.53:0/3922479557 <== mon.0 v2:172.21.15.53:3300/0 6 ==== mon_command_ack([{"prefix": "get_command_descriptions"}]=0 v0) ==== 72+0+188494 (secure 0 0 0) 0x7fee0802a020 con 0x7fee1807f6d0
2024-04-28T12:41:10.619 INFO:teuthology.orchestra.run.smithi053.stdout:/usr/bin/ceph: stderr
2024-04-28T12:41:10.067+0000 7fee1ff89700 1 -- 172.21.15.53:0/3922479557 --> [v2:172.21.15.53:6800/2275002354,v1:172.21.15.53:6801/2275002354] -- mgr_command(tid 0: {"prefix": "cephadm set-user", "user": "root", "target": ["mon-mgr", ""]}) -- 0x7fee18105570 con 0x7fee000395b0
2024-04-28T12:41:10.619 INFO:teuthology.orchestra.run.smithi053.stdout:/usr/bin/ceph: stderr
2024-04-28T12:41:10.068+0000 7fee16ffd700 1 -- 172.21.15.53:0/3922479557 <== mgr.14120 v2:172.21.15.53:6800/2275002354 1 ==== mgr_command_reply(tid 0: 0 ) ==== 8+0+16 (secure 0 0 0) 0x7fee18105570 con 0x7fee000395b0
2024-04-28T12:41:10.619 INFO:teuthology.orchestra.run.smithi053.stdout:/usr/bin/ceph: stderr
2024-04-28T12:41:10.070+0000 7fee1ff89700 1 -- 172.21.15.53:0/3922479557 >> [v2:172.21.15.53:6800/2275002354,v1:172.21.15.53:6801/2275002354] conn(0x7fee000395b0 msgr2=0x7fee0003ba70 secure :-1 s=STATE_CONNECTION_ESTABLISHED l=1).mark_down
2024-04-28T12:41:10.619 INFO:teuthology.orchestra.run.smithi053.stdout:/usr/bin/ceph: stderr
2024-04-28T12:41:10.070+0000 7fee1ff89700 1 --2- 172.21.15.53:0/3922479557 >> [v2:172.21.15.53:6800/2275002354,v1:172.21.15.53:6801/2275002354] conn(0x7fee000395b0 0x7fee0003ba70 secure :-1 s=READY pgs=8 cs=0 l=1 rev1=1 crypto rx=0x7fee0c006fd0 tx=0x7fee0c006e40 comp rx=0 tx=0).stop
2024-04-28T12:41:10.619 INFO:teuthology.orchestra.run.smithi053.stdout:/usr/bin/ceph: stderr
2024-04-28T12:41:10.070+0000 7fee1ff89700 1 -- 172.21.15.53:0/3922479557 >> [v2:172.21.15.53:3300/0,v1:172.21.15.53:6789/0] conn(0x7fee1807f6d0 msgr2=0x7fee1819ee80 secure :-1 s=STATE_CONNECTION_ESTABLISHED l=1).mark_down
2024-04-28T12:41:10.619 INFO:teuthology.orchestra.run.smithi053.stdout:/usr/bin/ceph: stderr
2024-04-28T12:41:10.070+0000 7fee1ff89700 1 --2- 172.21.15.53:0/3922479557 >> [v2:172.21.15.53:3300/0,v1:172.21.15.53:6789/0] conn(0x7fee1807f6d0 0x7fee1819ee80 secure :-1 s=READY pgs=40 cs=0 l=1 rev1=1 crypto rx=0x7fee0800b7b0 tx=0x7fee0800be20 comp rx=0 tx=0).stop
2024-04-28T12:41:10.620 INFO:teuthology.orchestra.run.smithi053.stdout:/usr/bin/ceph: stderr
2024-04-28T12:41:10.070+0000 7fee1ff89700 1 -- 172.21.15.53:0/3922479557 shutdown_connections
2024-04-28T12:41:10.620 INFO:teuthology.orchestra.run.smithi053.stdout:/usr/bin/ceph: stderr
2024-04-28T12:41:10.070+0000 7fee1ff89700 1 --2- 172.21.15.53:0/3922479557 >> [v2:172.21.15.53:6800/2275002354,v1:172.21.15.53:6801/2275002354] conn(0x7fee000395b0 0x7fee0003ba70 unknown :-1 s=CLOSED pgs=8 cs=0 l=1 rev1=1 crypto rx=0 tx=0 comp rx=0 tx=0).stop
2024-04-28T12:41:10.620 INFO:teuthology.orchestra.run.smithi053.stdout:/usr/bin/ceph: stderr
2024-04-28T12:41:10.070+0000 7fee1ff89700 1 --2- 172.21.15.53:0/3922479557 >> [v2:172.21.15.53:3300/0,v1:172.21.15.53:6789/0] conn(0x7fee1807f6d0 0x7fee1819ee80 unknown :-1 s=CLOSED pgs=40 cs=0 l=1 rev1=1 crypto rx=0 tx=0 comp rx=0 tx=0).stop
2024-04-28T12:41:10.620 INFO:teuthology.orchestra.run.smithi053.stdout:/usr/bin/ceph: stderr
2024-04-28T12:41:10.070+0000 7fee1ff89700 1 -- 172.21.15.53:0/3922479557 >> 172.21.15.53:0/3922479557 conn(0x7fee18104370 msgr2=0x7fee18104e60 unknown :-1 s=STATE_NONE l=0).mark_down
2024-04-28T12:41:10.620 INFO:teuthology.orchestra.run.smithi053.stdout:/usr/bin/ceph: stderr
2024-04-28T12:41:10.070+0000 7fee1ff89700 1 -- 172.21.15.53:0/3922479557 shutdown_connections
2024-04-28T12:41:10.620 INFO:teuthology.orchestra.run.smithi053.stdout:/usr/bin/ceph: stderr
2024-04-28T12:41:10.070+0000 7fee1ff89700 1 -- 172.21.15.53:0/3922479557 wait complete.
2024-04-28T12:41:10.620 INFO:teuthology.orchestra.run.smithi053.stdout:Generating ssh key...
2024-04-28T12:41:11.010 INFO:journalctl@ceph.mon.a.smithi053.stdout:Apr 28 12:41:10 smithi053 ceph-mon[29182]: from='client.14134 -' entity='client.admin' cmd=[{"prefix": "cephadm set-user", "user": "root", "target": ["mon-mgr", ""]}]: dispatch
2024-04-28T12:41:12.054 INFO:journalctl@ceph.mon.a.smithi053.stdout:Apr 28 12:41:11 smithi053 ceph-mon[29182]: from='client.14136 -' entity='client.admin' cmd=[{"prefix": "cephadm generate-key", "target": ["mon-mgr", ""]}]: dispatch
2024-04-28T12:41:12.055 INFO:journalctl@ceph.mon.a.smithi053.stdout:Apr 28 12:41:11 smithi053 ceph-mon[29182]: Generating ssh key...
2024-04-28T12:41:12.055 INFO:journalctl@ceph.mgr.x.smithi053.stdout:Apr 28 12:41:11 smithi053 ceph-10525726-055c-11ef-bc93-c7b262605968-mgr-x[29418]: Generating public/private rsa key pair.
2024-04-28T12:41:12.055 INFO:journalctl@ceph.mgr.x.smithi053.stdout:Apr 28 12:41:11 smithi053 ceph-10525726-055c-11ef-bc93-c7b262605968-mgr-x[29418]: Your identification has been saved in /tmp/tmpyc4zuwqv/key.
2024-04-28T12:41:12.055 INFO:journalctl@ceph.mgr.x.smithi053.stdout:Apr 28 12:41:11 smithi053 ceph-10525726-055c-11ef-bc93-c7b262605968-mgr-x[29418]: Your public key has been saved in /tmp/tmpyc4zuwqv/key.pub.
2024-04-28T12:41:12.055 INFO:journalctl@ceph.mgr.x.smithi053.stdout:Apr 28 12:41:11 smithi053 ceph-10525726-055c-11ef-bc93-c7b262605968-mgr-x[29418]: The key fingerprint is:
2024-04-28T12:41:12.055 INFO:journalctl@ceph.mgr.x.smithi053.stdout:Apr 28 12:41:11 smithi053 ceph-10525726-055c-11ef-bc93-c7b262605968-mgr-x[29418]: SHA256:N1bIY/tbCGvx3Tfp/FO1/K5Z4mnisHW/RVN+3aVRoQc ceph-10525726-055c-11ef-bc93-c7b262605968
2024-04-28T12:41:12.055 INFO:journalctl@ceph.mgr.x.smithi053.stdout:Apr 28 12:41:11 smithi053 ceph-10525726-055c-11ef-bc93-c7b262605968-mgr-x[29418]: The key's randomart image is:
2024-04-28T12:41:12.055 INFO:journalctl@ceph.mgr.x.smithi053.stdout:Apr 28 12:41:11 smithi053 ceph-10525726-055c-11ef-bc93-c7b262605968-mgr-x[29418]: +---[RSA 3072]----+
2024-04-28T12:41:12.055 INFO:journalctl@ceph.mgr.x.smithi053.stdout:Apr 28 12:41:11 smithi053 ceph-10525726-055c-11ef-bc93-c7b262605968-mgr-x[29418]: | E .o|
2024-04-28T12:41:12.056 INFO:journalctl@ceph.mgr.x.smithi053.stdout:Apr 28 12:41:11 smithi053 ceph-10525726-055c-11ef-bc93-c7b262605968-mgr-x[29418]: | . . o. |
2024-04-28T12:41:12.056 INFO:journalctl@ceph.mgr.x.smithi053.stdout:Apr 28 12:41:11 smithi053 ceph-10525726-055c-11ef-bc93-c7b262605968-mgr-x[29418]: | = ....o|
2024-04-28T12:41:12.056 INFO:journalctl@ceph.mgr.x.smithi053.stdout:Apr 28 12:41:11 smithi053 ceph-10525726-055c-11ef-bc93-c7b262605968-mgr-x[29418]: | . + .+*|
2024-04-28T12:41:12.056 INFO:journalctl@ceph.mgr.x.smithi053.stdout:Apr 28 12:41:11 smithi053 ceph-10525726-055c-11ef-bc93-c7b262605968-mgr-x[29418]: | S B o.O|
2024-04-28T12:41:12.056 INFO:journalctl@ceph.mgr.x.smithi053.stdout:Apr 28 12:41:11 smithi053 ceph-10525726-055c-11ef-bc93-c7b262605968-mgr-x[29418]: | o B o ==|
2024-04-28T12:41:12.056 INFO:journalctl@ceph.mgr.x.smithi053.stdout:Apr 28 12:41:11 smithi053 ceph-10525726-055c-11ef-bc93-c7b262605968-mgr-x[29418]: | + = =oB|
2024-04-28T12:41:12.056 INFO:journalctl@ceph.mgr.x.smithi053.stdout:Apr 28 12:41:11 smithi053 ceph-10525726-055c-11ef-bc93-c7b262605968-mgr-x[29418]: | . +.=+B=|
2024-04-28T12:41:12.056 INFO:journalctl@ceph.mgr.x.smithi053.stdout:Apr 28 12:41:11 smithi053 ceph-10525726-055c-11ef-bc93-c7b262605968-mgr-x[29418]: | ..oo=*B|
2024-04-28T12:41:12.056 INFO:journalctl@ceph.mgr.x.smithi053.stdout:Apr 28 12:41:11 smithi053 ceph-10525726-055c-11ef-bc93-c7b262605968-mgr-x[29418]: +----[SHA256]-----+
2024-04-28T12:41:12.355 INFO:teuthology.orchestra.run.smithi053.stdout:/usr/bin/ceph: stderr
2024-04-28T12:41:11.035+0000 7f88eb220700 1 Processor -- start
2024-04-28T12:41:12.355 INFO:teuthology.orchestra.run.smithi053.stdout:/usr/bin/ceph: stderr
2024-04-28T12:41:11.035+0000 7f88eb220700 1 -- start start
2024-04-28T12:41:12.356 INFO:teuthology.orchestra.run.smithi053.stdout:/usr/bin/ceph: stderr
2024-04-28T12:41:11.035+0000 7f88eb220700 1 --2- >> [v2:172.21.15.53:3300/0,v1:172.21.15.53:6789/0] conn(0x7f88e4108dd0 0x7f88e41091f0 unknown :-1 s=NONE pgs=0 cs=0 l=0 rev1=0 crypto rx=0 tx=0 comp rx=0 tx=0).connect
2024-04-28T12:41:12.356 INFO:teuthology.orchestra.run.smithi053.stdout:/usr/bin/ceph: stderr
2024-04-28T12:41:11.035+0000 7f88eb220700 1 -- --> [v2:172.21.15.53:3300/0,v1:172.21.15.53:6789/0] -- mon_getmap magic: 0 -- 0x7f88e41097c0 con 0x7f88e4108dd0
2024-04-28T12:41:12.356 INFO:teuthology.orchestra.run.smithi053.stdout:/usr/bin/ceph: stderr
2024-04-28T12:41:11.035+0000 7f88e8fbc700 1 --2- >> [v2:172.21.15.53:3300/0,v1:172.21.15.53:6789/0] conn(0x7f88e4108dd0 0x7f88e41091f0 unknown :-1 s=BANNER_CONNECTING pgs=0 cs=0 l=0 rev1=0 crypto rx=0 tx=0 comp rx=0 tx=0)._handle_peer_banner_payload supported=3 required=0
2024-04-28T12:41:12.356 INFO:teuthology.orchestra.run.smithi053.stdout:/usr/bin/ceph: stderr
2024-04-28T12:41:11.035+0000 7f88e8fbc700 1 --2- >> [v2:172.21.15.53:3300/0,v1:172.21.15.53:6789/0] conn(0x7f88e4108dd0 0x7f88e41091f0 unknown :-1 s=HELLO_CONNECTING pgs=0 cs=0 l=0 rev1=1 crypto rx=0 tx=0 comp rx=0 tx=0).handle_hello peer v2:172.21.15.53:3300/0 says I am v2:172.21.15.53:51514/0 (socket says 172.21.15.53:51514)
2024-04-28T12:41:12.356 INFO:teuthology.orchestra.run.smithi053.stdout:/usr/bin/ceph: stderr
