2024-04-28T13:10:02.901+0000 7f448055b700 1 -- 172.21.15.27:0/3763202408 shutdown_connections
2024-04-28T13:10:03.981 INFO:teuthology.orchestra.run.smithi027.stdout:/usr/bin/ceph: stderr
2024-04-28T13:10:02.901+0000 7f448055b700 1 --2- 172.21.15.27:0/3763202408 >> [v2:172.21.15.27:3300/0,v1:172.21.15.27:6789/0] conn(0x7f4478109930 0x7f447810bd20 unknown :-1 s=CLOSED pgs=41 cs=0 l=1 rev1=1 crypto rx=0 tx=0 comp rx=0 tx=0).stop
2024-04-28T13:10:03.981 INFO:teuthology.orchestra.run.smithi027.stdout:/usr/bin/ceph: stderr
2024-04-28T13:10:02.901+0000 7f448055b700 1 -- 172.21.15.27:0/3763202408 >> 172.21.15.27:0/3763202408 conn(0x7f4478103360 msgr2=0x7f4478105780 unknown :-1 s=STATE_NONE l=0).mark_down
2024-04-28T13:10:03.981 INFO:teuthology.orchestra.run.smithi027.stdout:/usr/bin/ceph: stderr
2024-04-28T13:10:02.901+0000 7f448055b700 1 -- 172.21.15.27:0/3763202408 shutdown_connections
2024-04-28T13:10:03.981 INFO:teuthology.orchestra.run.smithi027.stdout:/usr/bin/ceph: stderr
2024-04-28T13:10:02.901+0000 7f448055b700 1 -- 172.21.15.27:0/3763202408 wait complete.
2024-04-28T13:10:03.981 INFO:teuthology.orchestra.run.smithi027.stdout:/usr/bin/ceph: stderr
2024-04-28T13:10:02.901+0000 7f448055b700 1 Processor -- start
2024-04-28T13:10:03.981 INFO:teuthology.orchestra.run.smithi027.stdout:/usr/bin/ceph: stderr
2024-04-28T13:10:02.901+0000 7f448055b700 1 -- start start
2024-04-28T13:10:03.981 INFO:teuthology.orchestra.run.smithi027.stdout:/usr/bin/ceph: stderr
2024-04-28T13:10:02.901+0000 7f448055b700 1 --2- >> [v2:172.21.15.27:3300/0,v1:172.21.15.27:6789/0] conn(0x7f4478109930 0x7f447819efb0 unknown :-1 s=NONE pgs=0 cs=0 l=1 rev1=0 crypto rx=0 tx=0 comp rx=0 tx=0).connect
2024-04-28T13:10:03.981 INFO:teuthology.orchestra.run.smithi027.stdout:/usr/bin/ceph: stderr
2024-04-28T13:10:02.901+0000 7f448055b700 1 -- --> [v2:172.21.15.27:3300/0,v1:172.21.15.27:6789/0] -- mon_getmap magic: 0 -- 0x7f447810d150 con 0x7f4478109930
2024-04-28T13:10:03.981 INFO:teuthology.orchestra.run.smithi027.stdout:/usr/bin/ceph: stderr
2024-04-28T13:10:02.901+0000 7f447e2f7700 1 --2- >> [v2:172.21.15.27:3300/0,v1:172.21.15.27:6789/0] conn(0x7f4478109930 0x7f447819efb0 unknown :-1 s=BANNER_CONNECTING pgs=0 cs=0 l=1 rev1=0 crypto rx=0 tx=0 comp rx=0 tx=0)._handle_peer_banner_payload supported=3 required=0
2024-04-28T13:10:03.982 INFO:teuthology.orchestra.run.smithi027.stdout:/usr/bin/ceph: stderr
2024-04-28T13:10:02.902+0000 7f447e2f7700 1 --2- >> [v2:172.21.15.27:3300/0,v1:172.21.15.27:6789/0] conn(0x7f4478109930 0x7f447819efb0 unknown :-1 s=HELLO_CONNECTING pgs=0 cs=0 l=1 rev1=1 crypto rx=0 tx=0 comp rx=0 tx=0).handle_hello peer v2:172.21.15.27:3300/0 says I am v2:172.21.15.27:46942/0 (socket says 172.21.15.27:46942)
2024-04-28T13:10:03.982 INFO:teuthology.orchestra.run.smithi027.stdout:/usr/bin/ceph: stderr
2024-04-28T13:10:02.902+0000 7f447e2f7700 1 -- 172.21.15.27:0/4208087838 learned_addr learned my addr 172.21.15.27:0/4208087838 (peer_addr_for_me v2:172.21.15.27:0/0)
2024-04-28T13:10:03.982 INFO:teuthology.orchestra.run.smithi027.stdout:/usr/bin/ceph: stderr
2024-04-28T13:10:02.902+0000 7f447e2f7700 1 -- 172.21.15.27:0/4208087838 --> [v2:172.21.15.27:3300/0,v1:172.21.15.27:6789/0] -- mon_subscribe({config=0+,monmap=0+}) -- 0x7f447819f4f0 con 0x7f4478109930
2024-04-28T13:10:03.982 INFO:teuthology.orchestra.run.smithi027.stdout:/usr/bin/ceph: stderr
2024-04-28T13:10:02.902+0000 7f447e2f7700 1 --2- 172.21.15.27:0/4208087838 >> [v2:172.21.15.27:3300/0,v1:172.21.15.27:6789/0] conn(0x7f4478109930 0x7f447819efb0 secure :-1 s=READY pgs=42 cs=0 l=1 rev1=1 crypto rx=0x7f4474009fb0 tx=0x7f4474011940 comp rx=0 tx=0).ready entity=mon.0 client_cookie=0 server_cookie=0 in_seq=0 out_seq=0
2024-04-28T13:10:03.982 INFO:teuthology.orchestra.run.smithi027.stdout:/usr/bin/ceph: stderr
2024-04-28T13:10:02.902+0000 7f446f7fe700 1 -- 172.21.15.27:0/4208087838 <== mon.0 v2:172.21.15.27:3300/0 1 ==== mon_map magic: 0 ==== 205+0+0 (secure 0 0 0) 0x7f44740036a0 con 0x7f4478109930
2024-04-28T13:10:03.982 INFO:teuthology.orchestra.run.smithi027.stdout:/usr/bin/ceph: stderr
2024-04-28T13:10:02.902+0000 7f446f7fe700 1 -- 172.21.15.27:0/4208087838 <== mon.0 v2:172.21.15.27:3300/0 2 ==== config(26 keys) ==== 1070+0+0 (secure 0 0 0) 0x7f447401a430 con 0x7f4478109930
2024-04-28T13:10:03.982 INFO:teuthology.orchestra.run.smithi027.stdout:/usr/bin/ceph: stderr
2024-04-28T13:10:02.902+0000 7f448055b700 1 -- 172.21.15.27:0/4208087838 --> [v2:172.21.15.27:3300/0,v1:172.21.15.27:6789/0] -- mon_subscribe({mgrmap=0+}) -- 0x7f447819f780 con 0x7f4478109930
2024-04-28T13:10:03.982 INFO:teuthology.orchestra.run.smithi027.stdout:/usr/bin/ceph: stderr
2024-04-28T13:10:02.902+0000 7f446f7fe700 1 -- 172.21.15.27:0/4208087838 <== mon.0 v2:172.21.15.27:3300/0 3 ==== mon_map magic: 0 ==== 205+0+0 (secure 0 0 0) 0x7f4474019550 con 0x7f4478109930
2024-04-28T13:10:03.982 INFO:teuthology.orchestra.run.smithi027.stdout:/usr/bin/ceph: stderr
2024-04-28T13:10:02.902+0000 7f448055b700 1 -- 172.21.15.27:0/4208087838 --> [v2:172.21.15.27:3300/0,v1:172.21.15.27:6789/0] -- mon_subscribe({osdmap=0}) -- 0x7f44781a2470 con 0x7f4478109930
2024-04-28T13:10:03.982 INFO:teuthology.orchestra.run.smithi027.stdout:/usr/bin/ceph: stderr
2024-04-28T13:10:02.903+0000 7f448055b700 1 -- 172.21.15.27:0/4208087838 --> [v2:172.21.15.27:3300/0,v1:172.21.15.27:6789/0] -- mon_command({"prefix": "get_command_descriptions"} v 0) -- 0x7f4478064a80 con 0x7f4478109930
2024-04-28T13:10:03.982 INFO:teuthology.orchestra.run.smithi027.stdout:/usr/bin/ceph: stderr
2024-04-28T13:10:02.903+0000 7f446f7fe700 1 -- 172.21.15.27:0/4208087838 <== mon.0 v2:172.21.15.27:3300/0 4 ==== mgrmap(e 8) ==== 46558+0+0 (secure 0 0 0) 0x7f4474003840 con 0x7f4478109930
2024-04-28T13:10:03.982 INFO:teuthology.orchestra.run.smithi027.stdout:/usr/bin/ceph: stderr
2024-04-28T13:10:02.903+0000 7f446f7fe700 1 --2- 172.21.15.27:0/4208087838 >> [v2:172.21.15.27:6800/782057671,v1:172.21.15.27:6801/782057671] conn(0x7f4464039560 0x7f446403ba20 unknown :-1 s=NONE pgs=0 cs=0 l=1 rev1=0 crypto rx=0 tx=0 comp rx=0 tx=0).connect
2024-04-28T13:10:03.982 INFO:teuthology.orchestra.run.smithi027.stdout:/usr/bin/ceph: stderr
2024-04-28T13:10:02.903+0000 7f446f7fe700 1 -- 172.21.15.27:0/4208087838 <== mon.0 v2:172.21.15.27:3300/0 5 ==== osd_map(2..2 src has 1..2) ==== 940+0+0 (secure 0 0 0) 0x7f447404d970 con 0x7f4478109930
2024-04-28T13:10:03.983 INFO:teuthology.orchestra.run.smithi027.stdout:/usr/bin/ceph: stderr
2024-04-28T13:10:02.903+0000 7f447daf6700 1 --2- 172.21.15.27:0/4208087838 >> [v2:172.21.15.27:6800/782057671,v1:172.21.15.27:6801/782057671] conn(0x7f4464039560 0x7f446403ba20 unknown :-1 s=BANNER_CONNECTING pgs=0 cs=0 l=1 rev1=0 crypto rx=0 tx=0 comp rx=0 tx=0)._handle_peer_banner_payload supported=3 required=0
2024-04-28T13:10:03.983 INFO:teuthology.orchestra.run.smithi027.stdout:/usr/bin/ceph: stderr
2024-04-28T13:10:02.904+0000 7f447daf6700 1 --2- 172.21.15.27:0/4208087838 >> [v2:172.21.15.27:6800/782057671,v1:172.21.15.27:6801/782057671] conn(0x7f4464039560 0x7f446403ba20 secure :-1 s=READY pgs=9 cs=0 l=1 rev1=1 crypto rx=0x7f4468006fd0 tx=0x7f4468006e40 comp rx=0 tx=0).ready entity=mgr.14120 client_cookie=0 server_cookie=0 in_seq=0 out_seq=0
2024-04-28T13:10:03.983 INFO:teuthology.orchestra.run.smithi027.stdout:/usr/bin/ceph: stderr
2024-04-28T13:10:02.908+0000 7f446f7fe700 1 -- 172.21.15.27:0/4208087838 <== mon.0 v2:172.21.15.27:3300/0 6 ==== mon_command_ack([{"prefix": "get_command_descriptions"}]=0 v0) ==== 72+0+188494 (secure 0 0 0) 0x7f4474023e00 con 0x7f4478109930
2024-04-28T13:10:03.983 INFO:teuthology.orchestra.run.smithi027.stdout:/usr/bin/ceph: stderr
2024-04-28T13:10:03.115+0000 7f448055b700 1 -- 172.21.15.27:0/4208087838 --> [v2:172.21.15.27:6800/782057671,v1:172.21.15.27:6801/782057671] -- mgr_command(tid 0: {"prefix": "cephadm generate-key", "target": ["mon-mgr", ""]}) -- 0x7f4478104500 con 0x7f4464039560
2024-04-28T13:10:03.983 INFO:teuthology.orchestra.run.smithi027.stdout:/usr/bin/ceph: stderr
2024-04-28T13:10:03.424+0000 7f446f7fe700 1 -- 172.21.15.27:0/4208087838 <== mgr.14120 v2:172.21.15.27:6800/782057671 1 ==== mgr_command_reply(tid 0: 0 ) ==== 8+0+0 (secure 0 0 0) 0x7f4478104500 con 0x7f4464039560
2024-04-28T13:10:03.983 INFO:teuthology.orchestra.run.smithi027.stdout:/usr/bin/ceph: stderr
2024-04-28T13:10:03.426+0000 7f448055b700 1 -- 172.21.15.27:0/4208087838 >> [v2:172.21.15.27:6800/782057671,v1:172.21.15.27:6801/782057671] conn(0x7f4464039560 msgr2=0x7f446403ba20 secure :-1 s=STATE_CONNECTION_ESTABLISHED l=1).mark_down
2024-04-28T13:10:03.983 INFO:teuthology.orchestra.run.smithi027.stdout:/usr/bin/ceph: stderr
2024-04-28T13:10:03.426+0000 7f448055b700 1 --2- 172.21.15.27:0/4208087838 >> [v2:172.21.15.27:6800/782057671,v1:172.21.15.27:6801/782057671] conn(0x7f4464039560 0x7f446403ba20 secure :-1 s=READY pgs=9 cs=0 l=1 rev1=1 crypto rx=0x7f4468006fd0 tx=0x7f4468006e40 comp rx=0 tx=0).stop
2024-04-28T13:10:03.983 INFO:teuthology.orchestra.run.smithi027.stdout:/usr/bin/ceph: stderr
2024-04-28T13:10:03.426+0000 7f448055b700 1 -- 172.21.15.27:0/4208087838 >> [v2:172.21.15.27:3300/0,v1:172.21.15.27:6789/0] conn(0x7f4478109930 msgr2=0x7f447819efb0 secure :-1 s=STATE_CONNECTION_ESTABLISHED l=1).mark_down
2024-04-28T13:10:03.983 INFO:teuthology.orchestra.run.smithi027.stdout:/usr/bin/ceph: stderr
2024-04-28T13:10:03.426+0000 7f448055b700 1 --2- 172.21.15.27:0/4208087838 >> [v2:172.21.15.27:3300/0,v1:172.21.15.27:6789/0] conn(0x7f4478109930 0x7f447819efb0 secure :-1 s=READY pgs=42 cs=0 l=1 rev1=1 crypto rx=0x7f4474009fb0 tx=0x7f4474011940 comp rx=0 tx=0).stop
2024-04-28T13:10:03.983 INFO:teuthology.orchestra.run.smithi027.stdout:/usr/bin/ceph: stderr
2024-04-28T13:10:03.426+0000 7f448055b700 1 -- 172.21.15.27:0/4208087838 shutdown_connections
2024-04-28T13:10:03.983 INFO:teuthology.orchestra.run.smithi027.stdout:/usr/bin/ceph: stderr
2024-04-28T13:10:03.426+0000 7f448055b700 1 --2- 172.21.15.27:0/4208087838 >> [v2:172.21.15.27:6800/782057671,v1:172.21.15.27:6801/782057671] conn(0x7f4464039560 0x7f446403ba20 unknown :-1 s=CLOSED pgs=9 cs=0 l=1 rev1=1 crypto rx=0 tx=0 comp rx=0 tx=0).stop
2024-04-28T13:10:03.983 INFO:teuthology.orchestra.run.smithi027.stdout:/usr/bin/ceph: stderr
2024-04-28T13:10:03.426+0000 7f448055b700 1 --2- 172.21.15.27:0/4208087838 >> [v2:172.21.15.27:3300/0,v1:172.21.15.27:6789/0] conn(0x7f4478109930 0x7f447819efb0 unknown :-1 s=CLOSED pgs=42 cs=0 l=1 rev1=1 crypto rx=0 tx=0 comp rx=0 tx=0).stop
2024-04-28T13:10:03.983 INFO:teuthology.orchestra.run.smithi027.stdout:/usr/bin/ceph: stderr
2024-04-28T13:10:03.426+0000 7f448055b700 1 -- 172.21.15.27:0/4208087838 >> 172.21.15.27:0/4208087838 conn(0x7f4478103360 msgr2=0x7f4478103df0 unknown :-1 s=STATE_NONE l=0).mark_down
2024-04-28T13:10:03.983 INFO:teuthology.orchestra.run.smithi027.stdout:/usr/bin/ceph: stderr
2024-04-28T13:10:03.426+0000 7f448055b700 1 -- 172.21.15.27:0/4208087838 shutdown_connections
2024-04-28T13:10:03.984 INFO:teuthology.orchestra.run.smithi027.stdout:/usr/bin/ceph: stderr
2024-04-28T13:10:03.426+0000 7f448055b700 1 -- 172.21.15.27:0/4208087838 wait complete.
2024-04-28T13:10:05.111 INFO:teuthology.orchestra.run.smithi027.stdout:/usr/bin/ceph: stdout ssh-rsa AAAAB3NzaC1yc2EAAAADAQABAAABgQDjMYUbTOzxjJRn4XI+pNSDQ/ycEDKcy9TggGaeNgQs6yH/Rggo1/MO8GvwwjLsqGmYcRoQgOrP0ZrbNmsBtushn6eRrf2XOGH4vJ4zPL+9PmkCiJDFsKOEjQ9vecD/BxuJCGeKIXFK8npQ4nKVKSPT1mDDPqVBPX0rZLzF6aIFLh2o0lhyBS+hNDUFhcJXPoSFSHi9nmaj46vSOKWDHB7SDxQdZUl1Oh5v9QD7u8NHWvnHQNEpLixbBEGnbyaEUzDVJVbjcP2iSabCyGIXqSb2PfIx/FoIFMGuZvuzs0uDmX2zNtp9evJDHdMKHKWfcE2owSD3l3Qaa6+gxHiWjo6TlLl423rZ/ouG5kFnS7GvAk0+TUWgN3Lj5+ZqMTA24LfeumqGnlChte2+Q4oW5EZTvycdE+sj5vJJ+zm/Uy+CVl9t1cWc6/R7OUtzbMHo1gco/xhRiKb6u2e547yBP0q9d2SOxNTDZQsWXcUHMMv6FWbv6icEhdRi7HlTMcD4PjU= ceph-699780aa-0560-11ef-bc93-c7b262605968
2024-04-28T13:10:05.111 INFO:teuthology.orchestra.run.smithi027.stdout:/usr/bin/ceph: stderr
2024-04-28T13:10:04.386+0000 7fa188b9e700 1 Processor -- start
2024-04-28T13:10:05.111 INFO:teuthology.orchestra.run.smithi027.stdout:/usr/bin/ceph: stderr
2024-04-28T13:10:04.386+0000 7fa188b9e700 1 -- start start
2024-04-28T13:10:05.111 INFO:teuthology.orchestra.run.smithi027.stdout:/usr/bin/ceph: stderr
2024-04-28T13:10:04.386+0000 7fa188b9e700 1 --2- >> [v2:172.21.15.27:3300/0,v1:172.21.15.27:6789/0] conn(0x7fa184107110 0x7fa184107530 unknown :-1 s=NONE pgs=0 cs=0 l=0 rev1=0 crypto rx=0 tx=0 comp rx=0 tx=0).connect
2024-04-28T13:10:05.111 INFO:teuthology.orchestra.run.smithi027.stdout:/usr/bin/ceph: stderr
2024-04-28T13:10:04.386+0000 7fa188b9e700 1 -- --> [v2:172.21.15.27:3300/0,v1:172.21.15.27:6789/0] -- mon_getmap magic: 0 -- 0x7fa184107b00 con 0x7fa184107110
2024-04-28T13:10:05.111 INFO:teuthology.orchestra.run.smithi027.stdout:/usr/bin/ceph: stderr
2024-04-28T13:10:04.386+0000 7fa18259c700 1 --2- >> [v2:172.21.15.27:3300/0,v1:172.21.15.27:6789/0] conn(0x7fa184107110 0x7fa184107530 unknown :-1 s=BANNER_CONNECTING pgs=0 cs=0 l=0 rev1=0 crypto rx=0 tx=0 comp rx=0 tx=0)._handle_peer_banner_payload supported=3 required=0
2024-04-28T13:10:05.111 INFO:teuthology.orchestra.run.smithi027.stdout:/usr/bin/ceph: stderr
2024-04-28T13:10:04.386+0000 7fa18259c700 1 --2- >> [v2:172.21.15.27:3300/0,v1:172.21.15.27:6789/0] conn(0x7fa184107110 0x7fa184107530 unknown :-1 s=HELLO_CONNECTING pgs=0 cs=0 l=0 rev1=1 crypto rx=0 tx=0 comp rx=0 tx=0).handle_hello peer v2:172.21.15.27:3300/0 says I am v2:172.21.15.27:46958/0 (socket says 172.21.15.27:46958)
2024-04-28T13:10:05.112 INFO:teuthology.orchestra.run.smithi027.stdout:/usr/bin/ceph: stderr
2024-04-28T13:10:04.386+0000 7fa18259c700 1 -- 172.21.15.27:0/1684943141 learned_addr learned my addr 172.21.15.27:0/1684943141 (peer_addr_for_me v2:172.21.15.27:0/0)
2024-04-28T13:10:05.112 INFO:teuthology.orchestra.run.smithi027.stdout:/usr/bin/ceph: stderr
2024-04-28T13:10:04.387+0000 7fa18259c700 1 -- 172.21.15.27:0/1684943141 --> [v2:172.21.15.27:3300/0,v1:172.21.15.27:6789/0] -- mon_subscribe({config=0+,monmap=0+}) -- 0x7fa184107c80 con 0x7fa184107110
2024-04-28T13:10:05.112 INFO:teuthology.orchestra.run.smithi027.stdout:/usr/bin/ceph: stderr
2024-04-28T13:10:04.387+0000 7fa18259c700 1 --2- 172.21.15.27:0/1684943141 >> [v2:172.21.15.27:3300/0,v1:172.21.15.27:6789/0] conn(0x7fa184107110 0x7fa184107530 secure :-1 s=READY pgs=43 cs=0 l=1 rev1=1 crypto rx=0x7fa1740098a0 tx=0x7fa174009bb0 comp rx=0 tx=0).ready entity=mon.0 client_cookie=463e3fc0289efc26 server_cookie=0 in_seq=0 out_seq=0
2024-04-28T13:10:05.112 INFO:teuthology.orchestra.run.smithi027.stdout:/usr/bin/ceph: stderr
2024-04-28T13:10:04.387+0000 7fa18159a700 1 -- 172.21.15.27:0/1684943141 <== mon.0 v2:172.21.15.27:3300/0 1 ==== mon_map magic: 0 ==== 205+0+0 (secure 0 0 0) 0x7fa174004160 con 0x7fa184107110
2024-04-28T13:10:05.112 INFO:teuthology.orchestra.run.smithi027.stdout:/usr/bin/ceph: stderr
2024-04-28T13:10:04.387+0000 7fa18159a700 1 -- 172.21.15.27:0/1684943141 <== mon.0 v2:172.21.15.27:3300/0 2 ==== config(26 keys) ==== 1070+0+0 (secure 0 0 0) 0x7fa174004300 con 0x7fa184107110
2024-04-28T13:10:05.112 INFO:teuthology.orchestra.run.smithi027.stdout:/usr/bin/ceph: stderr
2024-04-28T13:10:04.387+0000 7fa18159a700 1 -- 172.21.15.27:0/1684943141 <== mon.0 v2:172.21.15.27:3300/0 3 ==== mon_map magic: 0 ==== 205+0+0 (secure 0 0 0) 0x7fa174011af0 con 0x7fa184107110
2024-04-28T13:10:05.112 INFO:teuthology.orchestra.run.smithi027.stdout:/usr/bin/ceph: stderr
2024-04-28T13:10:04.387+0000 7fa188b9e700 1 -- 172.21.15.27:0/1684943141 >> [v2:172.21.15.27:3300/0,v1:172.21.15.27:6789/0] conn(0x7fa184107110 msgr2=0x7fa184107530 secure :-1 s=STATE_CONNECTION_ESTABLISHED l=1).mark_down
2024-04-28T13:10:05.112 INFO:teuthology.orchestra.run.smithi027.stdout:/usr/bin/ceph: stderr
2024-04-28T13:10:04.387+0000 7fa188b9e700 1 --2- 172.21.15.27:0/1684943141 >> [v2:172.21.15.27:3300/0,v1:172.21.15.27:6789/0] conn(0x7fa184107110 0x7fa184107530 secure :-1 s=READY pgs=43 cs=0 l=1 rev1=1 crypto rx=0x7fa1740098a0 tx=0x7fa174009bb0 comp rx=0 tx=0).stop
2024-04-28T13:10:05.112 INFO:teuthology.orchestra.run.smithi027.stdout:/usr/bin/ceph: stderr
2024-04-28T13:10:04.388+0000 7fa188b9e700 1 -- 172.21.15.27:0/1684943141 shutdown_connections
2024-04-28T13:10:05.112 INFO:teuthology.orchestra.run.smithi027.stdout:/usr/bin/ceph: stderr
2024-04-28T13:10:04.388+0000 7fa188b9e700 1 --2- 172.21.15.27:0/1684943141 >> [v2:172.21.15.27:3300/0,v1:172.21.15.27:6789/0] conn(0x7fa184107110 0x7fa184107530 unknown :-1 s=CLOSED pgs=43 cs=0 l=1 rev1=1 crypto rx=0 tx=0 comp rx=0 tx=0).stop
2024-04-28T13:10:05.112 INFO:teuthology.orchestra.run.smithi027.stdout:/usr/bin/ceph: stderr
2024-04-28T13:10:04.388+0000 7fa188b9e700 1 -- 172.21.15.27:0/1684943141 >> 172.21.15.27:0/1684943141 conn(0x7fa184102a70 msgr2=0x7fa184104eb0 unknown :-1 s=STATE_NONE l=0).mark_down
2024-04-28T13:10:05.112 INFO:teuthology.orchestra.run.smithi027.stdout:/usr/bin/ceph: stderr
2024-04-28T13:10:04.388+0000 7fa188b9e700 1 -- 172.21.15.27:0/1684943141 shutdown_connections
2024-04-28T13:10:05.112 INFO:teuthology.orchestra.run.smithi027.stdout:/usr/bin/ceph: stderr
2024-04-28T13:10:04.388+0000 7fa188b9e700 1 -- 172.21.15.27:0/1684943141 wait complete.
2024-04-28T13:10:05.112 INFO:teuthology.orchestra.run.smithi027.stdout:/usr/bin/ceph: stderr
2024-04-28T13:10:04.388+0000 7fa188b9e700 1 Processor -- start
2024-04-28T13:10:05.112 INFO:teuthology.orchestra.run.smithi027.stdout:/usr/bin/ceph: stderr
2024-04-28T13:10:04.388+0000 7fa188b9e700 1 -- start start
2024-04-28T13:10:05.113 INFO:teuthology.orchestra.run.smithi027.stdout:/usr/bin/ceph: stderr
2024-04-28T13:10:04.389+0000 7fa188b9e700 1 --2- >> [v2:172.21.15.27:3300/0,v1:172.21.15.27:6789/0] conn(0x7fa184107110 0x7fa184109a10 unknown :-1 s=NONE pgs=0 cs=0 l=1 rev1=0 crypto rx=0 tx=0 comp rx=0 tx=0).connect
2024-04-28T13:10:05.113 INFO:teuthology.orchestra.run.smithi027.stdout:/usr/bin/ceph: stderr
2024-04-28T13:10:04.389+0000 7fa188b9e700 1 -- --> [v2:172.21.15.27:3300/0,v1:172.21.15.27:6789/0] -- mon_getmap magic: 0 -- 0x7fa18410af80 con 0x7fa184107110
2024-04-28T13:10:05.113 INFO:teuthology.orchestra.run.smithi027.stdout:/usr/bin/ceph: stderr
2024-04-28T13:10:04.389+0000 7fa18259c700 1 --2- >> [v2:172.21.15.27:3300/0,v1:172.21.15.27:6789/0] conn(0x7fa184107110 0x7fa184109a10 unknown :-1 s=BANNER_CONNECTING pgs=0 cs=0 l=1 rev1=0 crypto rx=0 tx=0 comp rx=0 tx=0)._handle_peer_banner_payload supported=3 required=0
2024-04-28T13:10:05.113 INFO:teuthology.orchestra.run.smithi027.stdout:/usr/bin/ceph: stderr
2024-04-28T13:10:04.389+0000 7fa18259c700 1 --2- >> [v2:172.21.15.27:3300/0,v1:172.21.15.27:6789/0] conn(0x7fa184107110 0x7fa184109a10 unknown :-1 s=HELLO_CONNECTING pgs=0 cs=0 l=1 rev1=1 crypto rx=0 tx=0 comp rx=0 tx=0).handle_hello peer v2:172.21.15.27:3300/0 says I am v2:172.21.15.27:46974/0 (socket says 172.21.15.27:46974)
2024-04-28T13:10:05.113 INFO:teuthology.orchestra.run.smithi027.stdout:/usr/bin/ceph: stderr
2024-04-28T13:10:04.389+0000 7fa18259c700 1 -- 172.21.15.27:0/1357742207 learned_addr learned my addr 172.21.15.27:0/1357742207 (peer_addr_for_me v2:172.21.15.27:0/0)
2024-04-28T13:10:05.113 INFO:teuthology.orchestra.run.smithi027.stdout:/usr/bin/ceph: stderr
2024-04-28T13:10:04.389+0000 7fa18259c700 1 -- 172.21.15.27:0/1357742207 --> [v2:172.21.15.27:3300/0,v1:172.21.15.27:6789/0] -- mon_subscribe({config=0+,monmap=0+}) -- 0x7fa184109f50 con 0x7fa184107110
2024-04-28T13:10:05.113 INFO:teuthology.orchestra.run.smithi027.stdout:/usr/bin/ceph: stderr
2024-04-28T13:10:04.389+0000 7fa18259c700 1 --2- 172.21.15.27:0/1357742207 >> [v2:172.21.15.27:3300/0,v1:172.21.15.27:6789/0] conn(0x7fa184107110 0x7fa184109a10 secure :-1 s=READY pgs=44 cs=0 l=1 rev1=1 crypto rx=0x7fa174009fb0 tx=0x7fa174011940 comp rx=0 tx=0).ready entity=mon.0 client_cookie=0 server_cookie=0 in_seq=0 out_seq=0
2024-04-28T13:10:05.113 INFO:teuthology.orchestra.run.smithi027.stdout:/usr/bin/ceph: stderr
2024-04-28T13:10:04.389+0000 7fa1737fe700 1 -- 172.21.15.27:0/1357742207 <== mon.0 v2:172.21.15.27:3300/0 1 ==== mon_map magic: 0 ==== 205+0+0 (secure 0 0 0) 0x7fa1740036a0 con 0x7fa184107110
2024-04-28T13:10:05.113 INFO:teuthology.orchestra.run.smithi027.stdout:/usr/bin/ceph: stderr
2024-04-28T13:10:04.389+0000 7fa1737fe700 1 -- 172.21.15.27:0/1357742207 <== mon.0 v2:172.21.15.27:3300/0 2 ==== config(26 keys) ==== 1070+0+0 (secure 0 0 0) 0x7fa17401a430 con 0x7fa184107110
2024-04-28T13:10:05.113 INFO:teuthology.orchestra.run.smithi027.stdout:/usr/bin/ceph: stderr
2024-04-28T13:10:04.389+0000 7fa188b9e700 1 -- 172.21.15.27:0/1357742207 --> [v2:172.21.15.27:3300/0,v1:172.21.15.27:6789/0] -- mon_subscribe({mgrmap=0+}) -- 0x7fa184108140 con 0x7fa184107110
2024-04-28T13:10:05.113 INFO:teuthology.orchestra.run.smithi027.stdout:/usr/bin/ceph: stderr
2024-04-28T13:10:04.389+0000 7fa1737fe700 1 -- 172.21.15.27:0/1357742207 <== mon.0 v2:172.21.15.27:3300/0 3 ==== mon_map magic: 0 ==== 205+0+0 (secure 0 0 0) 0x7fa174019550 con 0x7fa184107110
2024-04-28T13:10:05.113 INFO:teuthology.orchestra.run.smithi027.stdout:/usr/bin/ceph: stderr
2024-04-28T13:10:04.389+0000 7fa188b9e700 1 -- 172.21.15.27:0/1357742207 --> [v2:172.21.15.27:3300/0,v1:172.21.15.27:6789/0] -- mon_subscribe({osdmap=0}) -- 0x7fa184108680 con 0x7fa184107110
2024-04-28T13:10:05.113 INFO:teuthology.orchestra.run.smithi027.stdout:/usr/bin/ceph: stderr
2024-04-28T13:10:04.390+0000 7fa1737fe700 1 -- 172.21.15.27:0/1357742207 <== mon.0 v2:172.21.15.27:3300/0 4 ==== mgrmap(e 8) ==== 46558+0+0 (secure 0 0 0) 0x7fa174019800 con 0x7fa184107110
2024-04-28T13:10:05.113 INFO:teuthology.orchestra.run.smithi027.stdout:/usr/bin/ceph: stderr
2024-04-28T13:10:04.390+0000 7fa1737fe700 1 --2- 172.21.15.27:0/1357742207 >> [v2:172.21.15.27:6800/782057671,v1:172.21.15.27:6801/782057671] conn(0x7fa16c0395b0 0x7fa16c03ba70 unknown :-1 s=NONE pgs=0 cs=0 l=1 rev1=0 crypto rx=0 tx=0 comp rx=0 tx=0).connect
2024-04-28T13:10:05.114 INFO:teuthology.orchestra.run.smithi027.stdout:/usr/bin/ceph: stderr
2024-04-28T13:10:04.390+0000 7fa1737fe700 1 -- 172.21.15.27:0/1357742207 <== mon.0 v2:172.21.15.27:3300/0 5 ==== osd_map(2..2 src has 1..2) ==== 940+0+0 (secure 0 0 0) 0x7fa17404d970 con 0x7fa184107110
2024-04-28T13:10:05.114 INFO:teuthology.orchestra.run.smithi027.stdout:/usr/bin/ceph: stderr
2024-04-28T13:10:04.391+0000 7fa188b9e700 1 -- 172.21.15.27:0/1357742207 --> [v2:172.21.15.27:3300/0,v1:172.21.15.27:6789/0] -- mon_command({"prefix": "get_command_descriptions"} v 0) -- 0x7fa184064a80 con 0x7fa184107110
2024-04-28T13:10:05.114 INFO:teuthology.orchestra.run.smithi027.stdout:/usr/bin/ceph: stderr
2024-04-28T13:10:04.391+0000 7fa181d9b700 1 --2- 172.21.15.27:0/1357742207 >> [v2:172.21.15.27:6800/782057671,v1:172.21.15.27:6801/782057671] conn(0x7fa16c0395b0 0x7fa16c03ba70 unknown :-1 s=BANNER_CONNECTING pgs=0 cs=0 l=1 rev1=0 crypto rx=0 tx=0 comp rx=0 tx=0)._handle_peer_banner_payload supported=3 required=0
2024-04-28T13:10:05.114 INFO:teuthology.orchestra.run.smithi027.stdout:/usr/bin/ceph: stderr
2024-04-28T13:10:04.391+0000 7fa181d9b700 1 --2- 172.21.15.27:0/1357742207 >> [v2:172.21.15.27:6800/782057671,v1:172.21.15.27:6801/782057671] conn(0x7fa16c0395b0 0x7fa16c03ba70 secure :-1 s=READY pgs=10 cs=0 l=1 rev1=1 crypto rx=0x7fa178006fd0 tx=0x7fa178006e40 comp rx=0 tx=0).ready entity=mgr.14120 client_cookie=0 server_cookie=0 in_seq=0 out_seq=0
2024-04-28T13:10:05.114 INFO:teuthology.orchestra.run.smithi027.stdout:/usr/bin/ceph: stderr
2024-04-28T13:10:04.396+0000 7fa1737fe700 1 -- 172.21.15.27:0/1357742207 <== mon.0 v2:172.21.15.27:3300/0 6 ==== mon_command_ack([{"prefix": "get_command_descriptions"}]=0 v0) ==== 72+0+188494 (secure 0 0 0) 0x7fa174023c90 con 0x7fa184107110
2024-04-28T13:10:05.114 INFO:teuthology.orchestra.run.smithi027.stdout:/usr/bin/ceph: stderr
2024-04-28T13:10:04.604+0000 7fa188b9e700 1 -- 172.21.15.27:0/1357742207 --> [v2:172.21.15.27:6800/782057671,v1:172.21.15.27:6801/782057671] -- mgr_command(tid 0: {"prefix": "cephadm get-pub-key", "target": ["mon-mgr", ""]}) -- 0x7fa184108dc0 con 0x7fa16c0395b0
2024-04-28T13:10:05.114 INFO:teuthology.orchestra.run.smithi027.stdout:/usr/bin/ceph: stderr
2024-04-28T13:10:04.605+0000 7fa1737fe700 1 -- 172.21.15.27:0/1357742207 <== mgr.14120 v2:172.21.15.27:6800/782057671 1 ==== mgr_command_reply(tid 0: 0 ) ==== 8+0+595 (secure 0 0 0) 0x7fa184108dc0 con 0x7fa16c0395b0
2024-04-28T13:10:05.114 INFO:teuthology.orchestra.run.smithi027.stdout:/usr/bin/ceph: stderr
2024-04-28T13:10:04.607+0000 7fa188b9e700 1 -- 172.21.15.27:0/1357742207 >> [v2:172.21.15.27:6800/782057671,v1:172.21.15.27:6801/782057671] conn(0x7fa16c0395b0 msgr2=0x7fa16c03ba70 secure :-1 s=STATE_CONNECTION_ESTABLISHED l=1).mark_down
2024-04-28T13:10:05.114 INFO:teuthology.orchestra.run.smithi027.stdout:/usr/bin/ceph: stderr
2024-04-28T13:10:04.607+0000 7fa188b9e700 1 --2- 172.21.15.27:0/1357742207 >> [v2:172.21.15.27:6800/782057671,v1:172.21.15.27:6801/782057671] conn(0x7fa16c0395b0 0x7fa16c03ba70 secure :-1 s=READY pgs=10 cs=0 l=1 rev1=1 crypto rx=0x7fa178006fd0 tx=0x7fa178006e40 comp rx=0 tx=0).stop
2024-04-28T13:10:05.114 INFO:teuthology.orchestra.run.smithi027.stdout:/usr/bin/ceph: stderr
2024-04-28T13:10:04.607+0000 7fa188b9e700 1 -- 172.21.15.27:0/1357742207 >> [v2:172.21.15.27:3300/0,v1:172.21.15.27:6789/0] conn(0x7fa184107110 msgr2=0x7fa184109a10 secure :-1 s=STATE_CONNECTION_ESTABLISHED l=1).mark_down
2024-04-28T13:10:05.114 INFO:teuthology.orchestra.run.smithi027.stdout:/usr/bin/ceph: stderr
2024-04-28T13:10:04.607+0000 7fa188b9e700 1 --2- 172.21.15.27:0/1357742207 >> [v2:172.21.15.27:3300/0,v1:172.21.15.27:6789/0] conn(0x7fa184107110 0x7fa184109a10 secure :-1 s=READY pgs=44 cs=0 l=1 rev1=1 crypto rx=0x7fa174009fb0 tx=0x7fa174011940 comp rx=0 tx=0).stop
2024-04-28T13:10:05.114 INFO:teuthology.orchestra.run.smithi027.stdout:/usr/bin/ceph: stderr
2024-04-28T13:10:04.607+0000 7fa188b9e700 1 -- 172.21.15.27:0/1357742207 shutdown_connections
2024-04-28T13:10:05.114 INFO:teuthology.orchestra.run.smithi027.stdout:/usr/bin/ceph: stderr
2024-04-28T13:10:04.607+0000 7fa188b9e700 1 --2- 172.21.15.27:0/1357742207 >> [v2:172.21.15.27:6800/782057671,v1:172.21.15.27:6801/782057671] conn(0x7fa16c0395b0 0x7fa16c03ba70 unknown :-1 s=CLOSED pgs=10 cs=0 l=1 rev1=1 crypto rx=0 tx=0 comp rx=0 tx=0).stop
2024-04-28T13:10:05.114 INFO:teuthology.orchestra.run.smithi027.stdout:/usr/bin/ceph: stderr
2024-04-28T13:10:04.607+0000 7fa188b9e700 1 --2- 172.21.15.27:0/1357742207 >> [v2:172.21.15.27:3300/0,v1:172.21.15.27:6789/0] conn(0x7fa184107110 0x7fa184109a10 unknown :-1 s=CLOSED pgs=44 cs=0 l=1 rev1=1 crypto rx=0 tx=0 comp rx=0 tx=0).stop
2024-04-28T13:10:05.115 INFO:teuthology.orchestra.run.smithi027.stdout:/usr/bin/ceph: stderr
2024-04-28T13:10:04.607+0000 7fa188b9e700 1 -- 172.21.15.27:0/1357742207 >> 172.21.15.27:0/1357742207 conn(0x7fa184102a70 msgr2=0x7fa184103590 unknown :-1 s=STATE_NONE l=0).mark_down
2024-04-28T13:10:05.115 INFO:teuthology.orchestra.run.smithi027.stdout:/usr/bin/ceph: stderr
2024-04-28T13:10:04.607+0000 7fa188b9e700 1 -- 172.21.15.27:0/1357742207 shutdown_connections
2024-04-28T13:10:05.115 INFO:teuthology.orchestra.run.smithi027.stdout:/usr/bin/ceph: stderr
2024-04-28T13:10:04.607+0000 7fa188b9e700 1 -- 172.21.15.27:0/1357742207 wait complete.
2024-04-28T13:10:05.115 INFO:teuthology.orchestra.run.smithi027.stdout:Wrote public SSH key to /home/ubuntu/cephtest/ceph.pub
2024-04-28T13:10:05.115 INFO:teuthology.orchestra.run.smithi027.stdout:Adding key to root@localhost authorized_keys...
2024-04-28T13:10:05.115 INFO:teuthology.orchestra.run.smithi027.stdout:Adding host smithi027...
2024-04-28T13:10:05.489 INFO:journalctl@ceph.mon.a.smithi027.stdout:Apr 28 13:10:05 smithi027 ceph-mon[29133]: from='client.14138 -' entity='client.admin' cmd=[{"prefix": "cephadm get-pub-key", "target": ["mon-mgr", ""]}]: dispatch
2024-04-28T13:10:06.630 INFO:journalctl@ceph.mon.a.smithi027.stdout:Apr 28 13:10:06 smithi027 ceph-mon[29133]: from='client.14140 -' entity='client.admin' cmd=[{"prefix": "orch host add", "hostname": "smithi027", "addr": "172.21.15.27", "target": ["mon-mgr", ""]}]: dispatch
2024-04-28T13:10:06.631 INFO:journalctl@ceph.mon.a.smithi027.stdout:Apr 28 13:10:06 smithi027 ceph-mon[29133]: Deploying cephadm binary to smithi027
2024-04-28T13:10:10.735 INFO:teuthology.orchestra.run.smithi027.stdout:/usr/bin/ceph: stdout Added host 'smithi027' with addr '172.21.15.27'
2024-04-28T13:10:10.736 INFO:teuthology.orchestra.run.smithi027.stdout:/usr/bin/ceph: stderr
2024-04-28T13:10:05.510+0000 7f90fe22b700 1 Processor -- start
2024-04-28T13:10:10.736 INFO:teuthology.orchestra.run.smithi027.stdout:/usr/bin/ceph: stderr
2024-04-28T13:10:05.511+0000 7f90fe22b700 1 -- start start
2024-04-28T13:10:10.736 INFO:teuthology.orchestra.run.smithi027.stdout:/usr/bin/ceph: stderr
2024-04-28T13:10:05.511+0000 7f90fe22b700 1 --2- >> [v2:172.21.15.27:3300/0,v1:172.21.15.27:6789/0] conn(0x7f90f8108e90 0x7f90f81092b0 unknown :-1 s=NONE pgs=0 cs=0 l=0 rev1=0 crypto rx=0 tx=0 comp rx=0 tx=0).connect
2024-04-28T13:10:10.736 INFO:teuthology.orchestra.run.smithi027.stdout:/usr/bin/ceph: stderr
2024-04-28T13:10:05.511+0000 7f90fe22b700 1 -- --> [v2:172.21.15.27:3300/0,v1:172.21.15.27:6789/0] -- mon_getmap magic: 0 -- 0x7f90f81097f0 con 0x7f90f8108e90
2024-04-28T13:10:10.736 INFO:teuthology.orchestra.run.smithi027.stdout:/usr/bin/ceph: stderr
2024-04-28T13:10:05.511+0000 7f90f77fe700 1 --2- >> [v2:172.21.15.27:3300/0,v1:172.21.15.27:6789/0] conn(0x7f90f8108e90 0x7f90f81092b0 unknown :-1 s=BANNER_CONNECTING pgs=0 cs=0 l=0 rev1=0 crypto rx=0 tx=0 comp rx=0 tx=0)._handle_peer_banner_payload supported=3 required=0
2024-04-28T13:10:10.736 INFO:teuthology.orchestra.run.smithi027.stdout:/usr/bin/ceph: stderr
2024-04-28T13:10:05.511+0000 7f90f77fe700 1 --2- >> [v2:172.21.15.27:3300/0,v1:172.21.15.27:6789/0] conn(0x7f90f8108e90 0x7f90f81092b0 unknown :-1 s=HELLO_CONNECTING pgs=0 cs=0 l=0 rev1=1 crypto rx=0 tx=0 comp rx=0 tx=0).handle_hello peer v2:172.21.15.27:3300/0 says I am v2:172.21.15.27:41924/0 (socket says 172.21.15.27:41924)
2024-04-28T13:10:10.737 INFO:teuthology.orchestra.run.smithi027.stdout:/usr/bin/ceph: stderr
2024-04-28T13:10:05.511+0000 7f90f77fe700 1 -- 172.21.15.27:0/2669945542 learned_addr learned my addr 172.21.15.27:0/2669945542 (peer_addr_for_me v2:172.21.15.27:0/0)
2024-04-28T13:10:10.737 INFO:teuthology.orchestra.run.smithi027.stdout:/usr/bin/ceph: stderr
2024-04-28T13:10:05.511+0000 7f90f77fe700 1 -- 172.21.15.27:0/2669945542 --> [v2:172.21.15.27:3300/0,v1:172.21.15.27:6789/0] -- mon_subscribe({config=0+,monmap=0+}) -- 0x7f90f8109ff0 con 0x7f90f8108e90
2024-04-28T13:10:10.737 INFO:teuthology.orchestra.run.smithi027.stdout:/usr/bin/ceph: stderr
2024-04-28T13:10:05.511+0000 7f90f77fe700 1 --2- 172.21.15.27:0/2669945542 >> [v2:172.21.15.27:3300/0,v1:172.21.15.27:6789/0] conn(0x7f90f8108e90 0x7f90f81092b0 secure :-1 s=READY pgs=45 cs=0 l=1 rev1=1 crypto rx=0x7f90e8009e80 tx=0x7f90e800b330 comp rx=0 tx=0).ready entity=mon.0 client_cookie=c02a4fcc3313ca92 server_cookie=0 in_seq=0 out_seq=0
2024-04-28T13:10:10.737 INFO:teuthology.orchestra.run.smithi027.stdout:/usr/bin/ceph: stderr
2024-04-28T13:10:05.512+0000 7f90f67fc700 1 -- 172.21.15.27:0/2669945542 <== mon.0 v2:172.21.15.27:3300/0 1 ==== mon_map magic: 0 ==== 205+0+0 (secure 0 0 0) 0x7f90e8017070 con 0x7f90f8108e90
2024-04-28T13:10:10.737 INFO:teuthology.orchestra.run.smithi027.stdout:/usr/bin/ceph: stderr
2024-04-28T13:10:05.512+0000 7f90f67fc700 1 -- 172.21.15.27:0/2669945542 <== mon.0 v2:172.21.15.27:3300/0 2 ==== config(26 keys) ==== 1070+0+0 (secure 0 0 0) 0x7f90e800b8c0 con 0x7f90f8108e90
2024-04-28T13:10:10.737 INFO:teuthology.orchestra.run.smithi027.stdout:/usr/bin/ceph: stderr
2024-04-28T13:10:05.512+0000 7f90f67fc700 1 -- 172.21.15.27:0/2669945542 <== mon.0 v2:172.21.15.27:3300/0 3 ==== mon_map magic: 0 ==== 205+0+0 (secure 0 0 0) 0x7f90e8004490 con 0x7f90f8108e90
2024-04-28T13:10:10.737 INFO:teuthology.orchestra.run.smithi027.stdout:/usr/bin/ceph: stderr
2024-04-28T13:10:05.512+0000 7f90fe22b700 1 -- 172.21.15.27:0/2669945542 >> [v2:172.21.15.27:3300/0,v1:172.21.15.27:6789/0] conn(0x7f90f8108e90 msgr2=0x7f90f81092b0 secure :-1 s=STATE_CONNECTION_ESTABLISHED l=1).mark_down
2024-04-28T13:10:10.737 INFO:teuthology.orchestra.run.smithi027.stdout:/usr/bin/ceph: stderr
2024-04-28T13:10:05.512+0000 7f90fe22b700 1 --2- 172.21.15.27:0/2669945542 >> [v2:172.21.15.27:3300/0,v1:172.21.15.27:6789/0] conn(0x7f90f8108e90 0x7f90f81092b0 secure :-1 s=READY pgs=45 cs=0 l=1 rev1=1 crypto rx=0x7f90e8009e80 tx=0x7f90e800b330 comp rx=0 tx=0).stop
2024-04-28T13:10:10.737 INFO:teuthology.orchestra.run.smithi027.stdout:/usr/bin/ceph: stderr
2024-04-28T13:10:05.512+0000 7f90fe22b700 1 -- 172.21.15.27:0/2669945542 shutdown_connections
2024-04-28T13:10:10.737 INFO:teuthology.orchestra.run.smithi027.stdout:/usr/bin/ceph: stderr
2024-04-28T13:10:05.512+0000 7f90fe22b700 1 --2- 172.21.15.27:0/2669945542 >> [v2:172.21.15.27:3300/0,v1:172.21.15.27:6789/0] conn(0x7f90f8108e90 0x7f90f81092b0 unknown :-1 s=CLOSED pgs=45 cs=0 l=1 rev1=1 crypto rx=0 tx=0 comp rx=0 tx=0).stop
2024-04-28T13:10:10.737 INFO:teuthology.orchestra.run.smithi027.stdout:/usr/bin/ceph: stderr
2024-04-28T13:10:05.512+0000 7f90fe22b700 1 -- 172.21.15.27:0/2669945542 >> 172.21.15.27:0/2669945542 conn(0x7f90f81044f0 msgr2=0x7f90f8106910 unknown :-1 s=STATE_NONE l=0).mark_down
2024-04-28T13:10:10.737 INFO:teuthology.orchestra.run.smithi027.stdout:/usr/bin/ceph: stderr
2024-04-28T13:10:05.512+0000 7f90fe22b700 1 -- 172.21.15.27:0/2669945542 shutdown_connections
2024-04-28T13:10:10.737 INFO:teuthology.orchestra.run.smithi027.stdout:/usr/bin/ceph: stderr
2024-04-28T13:10:05.512+0000 7f90fe22b700 1 -- 172.21.15.27:0/2669945542 wait complete.
2024-04-28T13:10:10.737 INFO:teuthology.orchestra.run.smithi027.stdout:/usr/bin/ceph: stderr
2024-04-28T13:10:05.513+0000 7f90fe22b700 1 Processor -- start
2024-04-28T13:10:10.738 INFO:teuthology.orchestra.run.smithi027.stdout:/usr/bin/ceph: stderr
2024-04-28T13:10:05.513+0000 7f90fe22b700 1 -- start start
2024-04-28T13:10:10.738 INFO:teuthology.orchestra.run.smithi027.stdout:/usr/bin/ceph: stderr
2024-04-28T13:10:05.513+0000 7f90fe22b700 1 --2- >> [v2:172.21.15.27:3300/0,v1:172.21.15.27:6789/0] conn(0x7f90f8108e90 0x7f90f807f3f0 unknown :-1 s=NONE pgs=0 cs=0 l=1 rev1=0 crypto rx=0 tx=0 comp rx=0 tx=0).connect
2024-04-28T13:10:10.738 INFO:teuthology.orchestra.run.smithi027.stdout:/usr/bin/ceph: stderr
2024-04-28T13:10:05.513+0000 7f90fe22b700 1 -- --> [v2:172.21.15.27:3300/0,v1:172.21.15.27:6789/0] -- mon_getmap magic: 0 -- 0x7f90f810d2b0 con 0x7f90f8108e90
2024-04-28T13:10:10.738 INFO:teuthology.orchestra.run.smithi027.stdout:/usr/bin/ceph: stderr
2024-04-28T13:10:05.513+0000 7f90f77fe700 1 --2- >> [v2:172.21.15.27:3300/0,v1:172.21.15.27:6789/0] conn(0x7f90f8108e90 0x7f90f807f3f0 unknown :-1 s=BANNER_CONNECTING pgs=0 cs=0 l=1 rev1=0 crypto rx=0 tx=0 comp rx=0 tx=0)._handle_peer_banner_payload supported=3 required=0
2024-04-28T13:10:10.738 INFO:teuthology.orchestra.run.smithi027.stdout:/usr/bin/ceph: stderr
2024-04-28T13:10:05.513+0000 7f90f77fe700 1 --2- >> [v2:172.21.15.27:3300/0,v1:172.21.15.27:6789/0] conn(0x7f90f8108e90 0x7f90f807f3f0 unknown :-1 s=HELLO_CONNECTING pgs=0 cs=0 l=1 rev1=1 crypto rx=0 tx=0 comp rx=0 tx=0).handle_hello peer v2:172.21.15.27:3300/0 says I am v2:172.21.15.27:41928/0 (socket says 172.21.15.27:41928)
2024-04-28T13:10:10.738 INFO:teuthology.orchestra.run.smithi027.stdout:/usr/bin/ceph: stderr
2024-04-28T13:10:05.513+0000 7f90f77fe700 1 -- 172.21.15.27:0/4187699204 learned_addr learned my addr 172.21.15.27:0/4187699204 (peer_addr_for_me v2:172.21.15.27:0/0)
2024-04-28T13:10:10.738 INFO:teuthology.orchestra.run.smithi027.stdout:/usr/bin/ceph: stderr
2024-04-28T13:10:05.514+0000 7f90f77fe700 1 -- 172.21.15.27:0/4187699204 --> [v2:172.21.15.27:3300/0,v1:172.21.15.27:6789/0] -- mon_subscribe({config=0+,monmap=0+}) -- 0x7f90f807f930 con 0x7f90f8108e90
2024-04-28T13:10:10.738 INFO:teuthology.orchestra.run.smithi027.stdout:/usr/bin/ceph: stderr
2024-04-28T13:10:05.514+0000 7f90f77fe700 1 --2- 172.21.15.27:0/4187699204 >> [v2:172.21.15.27:3300/0,v1:172.21.15.27:6789/0] conn(0x7f90f8108e90 0x7f90f807f3f0 secure :-1 s=READY pgs=46 cs=0 l=1 rev1=1 crypto rx=0x7f90e80072a0 tx=0x7f90e800be20 comp rx=0 tx=0).ready entity=mon.0 client_cookie=0 server_cookie=0 in_seq=0 out_seq=0
2024-04-28T13:10:10.738 INFO:teuthology.orchestra.run.smithi027.stdout:/usr/bin/ceph: stderr
2024-04-28T13:10:05.514+0000 7f90f4ff9700 1 -- 172.21.15.27:0/4187699204 <== mon.0 v2:172.21.15.27:3300/0 1 ==== mon_map magic: 0 ==== 205+0+0 (secure 0 0 0) 0x7f90e8020020 con 0x7f90f8108e90
2024-04-28T13:10:10.738 INFO:teuthology.orchestra.run.smithi027.stdout:/usr/bin/ceph: stderr
2024-04-28T13:10:05.514+0000 7f90fe22b700 1 -- 172.21.15.27:0/4187699204 --> [v2:172.21.15.27:3300/0,v1:172.21.15.27:6789/0] -- mon_subscribe({mgrmap=0+}) -- 0x7f90f807db20 con 0x7f90f8108e90
2024-04-28T13:10:10.738 INFO:teuthology.orchestra.run.smithi027.stdout:/usr/bin/ceph: stderr
2024-04-28T13:10:05.514+0000 7f90f4ff9700 1 -- 172.21.15.27:0/4187699204 <== mon.0 v2:172.21.15.27:3300/0 2 ==== config(26 keys) ==== 1070+0+0 (secure 0 0 0) 0x7f90e8012430 con 0x7f90f8108e90
2024-04-28T13:10:10.738 INFO:teuthology.orchestra.run.smithi027.stdout:/usr/bin/ceph: stderr
2024-04-28T13:10:05.514+0000 7f90f4ff9700 1 -- 172.21.15.27:0/4187699204 <== mon.0 v2:172.21.15.27:3300/0 3 ==== mon_map magic: 0 ==== 205+0+0 (secure 0 0 0) 0x7f90e8017040 con 0x7f90f8108e90
2024-04-28T13:10:10.738 INFO:teuthology.orchestra.run.smithi027.stdout:/usr/bin/ceph: stderr
2024-04-28T13:10:05.514+0000 7f90fe22b700 1 -- 172.21.15.27:0/4187699204 --> [v2:172.21.15.27:3300/0,v1:172.21.15.27:6789/0] -- mon_subscribe({osdmap=0}) -- 0x7f90f807e060 con 0x7f90f8108e90
2024-04-28T13:10:10.738 INFO:teuthology.orchestra.run.smithi027.stdout:/usr/bin/ceph: stderr
2024-04-28T13:10:05.515+0000 7f90f4ff9700 1 -- 172.21.15.27:0/4187699204 <== mon.0 v2:172.21.15.27:3300/0 4 ==== mgrmap(e 8) ==== 46558+0+0 (secure 0 0 0) 0x7f90e8023020 con 0x7f90f8108e90
2024-04-28T13:10:10.739 INFO:teuthology.orchestra.run.smithi027.stdout:/usr/bin/ceph: stderr
2024-04-28T13:10:05.515+0000 7f90f4ff9700 1 --2- 172.21.15.27:0/4187699204 >> [v2:172.21.15.27:6800/782057671,v1:172.21.15.27:6801/782057671] conn(0x7f90e4039560 0x7f90e403ba20 unknown :-1 s=NONE pgs=0 cs=0 l=1 rev1=0 crypto rx=0 tx=0 comp rx=0 tx=0).connect
2024-04-28T13:10:10.739 INFO:teuthology.orchestra.run.smithi027.stdout:/usr/bin/ceph: stderr
2024-04-28T13:10:05.515+0000 7f90fe22b700 1 -- 172.21.15.27:0/4187699204 --> [v2:172.21.15.27:3300/0,v1:172.21.15.27:6789/0] -- mon_command({"prefix": "get_command_descriptions"} v 0) -- 0x7f90f8064a80 con 0x7f90f8108e90
2024-04-28T13:10:10.739 INFO:teuthology.orchestra.run.smithi027.stdout:/usr/bin/ceph: stderr
2024-04-28T13:10:05.515+0000 7f90f4ff9700 1 -- 172.21.15.27:0/4187699204 <== mon.0 v2:172.21.15.27:3300/0 5 ==== osd_map(2..2 src has 1..2) ==== 940+0+0 (secure 0 0 0) 0x7f90e800f050 con 0x7f90f8108e90
2024-04-28T13:10:10.739 INFO:teuthology.orchestra.run.smithi027.stdout:/usr/bin/ceph: stderr
2024-04-28T13:10:05.515+0000 7f90f6ffd700 1 --2- 172.21.15.27:0/4187699204 >> [v2:172.21.15.27:6800/782057671,v1:172.21.15.27:6801/782057671] conn(0x7f90e4039560 0x7f90e403ba20 unknown :-1 s=BANNER_CONNECTING pgs=0 cs=0 l=1 rev1=0 crypto rx=0 tx=0 comp rx=0 tx=0)._handle_peer_banner_payload supported=3 required=0
2024-04-28T13:10:10.739 INFO:teuthology.orchestra.run.smithi027.stdout:/usr/bin/ceph: stderr
2024-04-28T13:10:05.516+0000 7f90f6ffd700 1 --2- 172.21.15.27:0/4187699204 >> [v2:172.21.15.27:6800/782057671,v1:172.21.15.27:6801/782057671] conn(0x7f90e4039560 0x7f90e403ba20 secure :-1 s=READY pgs=11 cs=0 l=1 rev1=1 crypto rx=0x7f90e0006fd0 tx=0x7f90e0006e40 comp rx=0 tx=0).ready entity=mgr.14120 client_cookie=0 server_cookie=0 in_seq=0 out_seq=0
2024-04-28T13:10:10.739 INFO:teuthology.orchestra.run.smithi027.stdout:/usr/bin/ceph: stderr
2024-04-28T13:10:05.520+0000 7f90f4ff9700 1 -- 172.21.15.27:0/4187699204 <== mon.0 v2:172.21.15.27:3300/0 6 ==== mon_command_ack([{"prefix": "get_command_descriptions"}]=0 v0) ==== 72+0+188494 (secure 0 0 0) 0x7f90e802a020 con 0x7f90f8108e90
2024-04-28T13:10:10.739 INFO:teuthology.orchestra.run.smithi027.stdout:/usr/bin/ceph: stderr
2024-04-28T13:10:05.738+0000 7f90fe22b700 1 -- 172.21.15.27:0/4187699204 --> [v2:172.21.15.27:6800/782057671,v1:172.21.15.27:6801/782057671] -- mgr_command(tid 0: {"prefix": "orch host add", "hostname": "smithi027", "addr": "172.21.15.27", "target": ["mon-mgr", ""]}) -- 0x7f90f807e9e0 con 0x7f90e4039560
2024-04-28T13:10:10.739 INFO:teuthology.orchestra.run.smithi027.stdout:/usr/bin/ceph: stderr
2024-04-28T13:10:10.078+0000 7f90f4ff9700 1 -- 172.21.15.27:0/4187699204 <== mgr.14120 v2:172.21.15.27:6800/782057671 1 ==== mgr_command_reply(tid 0: 0 ) ==== 8+0+48 (secure 0 0 0) 0x7f90f807e9e0 con 0x7f90e4039560
2024-04-28T13:10:10.739 INFO:teuthology.orchestra.run.smithi027.stdout:/usr/bin/ceph: stderr
2024-04-28T13:10:10.080+0000 7f90fe22b700 1 -- 172.21.15.27:0/4187699204 >> [v2:172.21.15.27:6800/782057671,v1:172.21.15.27:6801/782057671] conn(0x7f90e4039560 msgr2=0x7f90e403ba20 secure :-1 s=STATE_CONNECTION_ESTABLISHED l=1).mark_down
2024-04-28T13:10:10.739 INFO:teuthology.orchestra.run.smithi027.stdout:/usr/bin/ceph: stderr
2024-04-28T13:10:10.080+0000 7f90fe22b700 1 --2- 172.21.15.27:0/4187699204 >> [v2:172.21.15.27:6800/782057671,v1:172.21.15.27:6801/782057671] conn(0x7f90e4039560 0x7f90e403ba20 secure :-1 s=READY pgs=11 cs=0 l=1 rev1=1 crypto rx=0x7f90e0006fd0 tx=0x7f90e0006e40 comp rx=0 tx=0).stop
2024-04-28T13:10:10.739 INFO:teuthology.orchestra.run.smithi027.stdout:/usr/bin/ceph: stderr
2024-04-28T13:10:10.080+0000 7f90fe22b700 1 -- 172.21.15.27:0/4187699204 >> [v2:172.21.15.27:3300/0,v1:172.21.15.27:6789/0] conn(0x7f90f8108e90 msgr2=0x7f90f807f3f0 secure :-1 s=STATE_CONNECTION_ESTABLISHED l=1).mark_down
2024-04-28T13:10:10.739 INFO:teuthology.orchestra.run.smithi027.stdout:/usr/bin/ceph: stderr
2024-04-28T13:10:10.080+0000 7f90fe22b700 1 --2- 172.21.15.27:0/4187699204 >> [v2:172.21.15.27:3300/0,v1:172.21.15.27:6789/0] conn(0x7f90f8108e90 0x7f90f807f3f0 secure :-1 s=READY pgs=46 cs=0 l=1 rev1=1 crypto rx=0x7f90e80072a0 tx=0x7f90e800be20 comp rx=0 tx=0).stop
2024-04-28T13:10:10.739 INFO:teuthology.orchestra.run.smithi027.stdout:/usr/bin/ceph: stderr
2024-04-28T13:10:10.080+0000 7f90fe22b700 1 -- 172.21.15.27:0/4187699204 shutdown_connections
2024-04-28T13:10:10.739 INFO:teuthology.orchestra.run.smithi027.stdout:/usr/bin/ceph: stderr
2024-04-28T13:10:10.080+0000 7f90fe22b700 1 --2- 172.21.15.27:0/4187699204 >> [v2:172.21.15.27:6800/782057671,v1:172.21.15.27:6801/782057671] conn(0x7f90e4039560 0x7f90e403ba20 unknown :-1 s=CLOSED pgs=11 cs=0 l=1 rev1=1 crypto rx=0 tx=0 comp rx=0 tx=0).stop
2024-04-28T13:10:10.739 INFO:teuthology.orchestra.run.smithi027.stdout:/usr/bin/ceph: stderr
2024-04-28T13:10:10.080+0000 7f90fe22b700 1 --2- 172.21.15.27:0/4187699204 >> [v2:172.21.15.27:3300/0,v1:172.21.15.27:6789/0] conn(0x7f90f8108e90 0x7f90f807f3f0 unknown :-1 s=CLOSED pgs=46 cs=0 l=1 rev1=1 crypto rx=0 tx=0 comp rx=0 tx=0).stop
2024-04-28T13:10:10.740 INFO:teuthology.orchestra.run.smithi027.stdout:/usr/bin/ceph: stderr
2024-04-28T13:10:10.080+0000 7f90fe22b700 1 -- 172.21.15.27:0/4187699204 >> 172.21.15.27:0/4187699204 conn(0x7f90f81044f0 msgr2=0x7f90f8104f30 unknown :-1 s=STATE_NONE l=0).mark_down
2024-04-28T13:10:10.740 INFO:teuthology.orchestra.run.smithi027.stdout:/usr/bin/ceph: stderr
2024-04-28T13:10:10.080+0000 7f90fe22b700 1 -- 172.21.15.27:0/4187699204 shutdown_connections
2024-04-28T13:10:10.740 INFO:teuthology.orchestra.run.smithi027.stdout:/usr/bin/ceph: stderr
2024-04-28T13:10:10.080+0000 7f90fe22b700 1 -- 172.21.15.27:0/4187699204 wait complete.
2024-04-28T13:10:10.740 INFO:teuthology.orchestra.run.smithi027.stdout:Deploying unmanaged mon service...
2024-04-28T13:10:11.380 INFO:journalctl@ceph.mon.a.smithi027.stdout:Apr 28 13:10:11 smithi027 ceph-mon[29133]: from='mgr.14120 172.21.15.27:0/2254491019' entity='mgr.x'
2024-04-28T13:10:11.381 INFO:journalctl@ceph.mon.a.smithi027.stdout:Apr 28 13:10:11 smithi027 ceph-mon[29133]: Added host smithi027
2024-04-28T13:10:11.381 INFO:journalctl@ceph.mon.a.smithi027.stdout:Apr 28 13:10:11 smithi027 ceph-mon[29133]: from='mgr.14120 172.21.15.27:0/2254491019' entity='mgr.x' cmd=[{"prefix": "config dump", "format": "json"}]: dispatch
2024-04-28T13:10:12.255 INFO:teuthology.orchestra.run.smithi027.stdout:/usr/bin/ceph: stdout Scheduled mon update...
2024-04-28T13:10:12.255 INFO:teuthology.orchestra.run.smithi027.stdout:/usr/bin/ceph: stderr
2024-04-28T13:10:11.210+0000 7fef9a822700 1 Processor -- start
2024-04-28T13:10:12.255 INFO:teuthology.orchestra.run.smithi027.stdout:/usr/bin/ceph: stderr
2024-04-28T13:10:11.210+0000 7fef9a822700 1 -- start start
2024-04-28T13:10:12.255 INFO:teuthology.orchestra.run.smithi027.stdout:/usr/bin/ceph: stderr
2024-04-28T13:10:11.210+0000 7fef9a822700 1 --2- >> [v2:172.21.15.27:3300/0,v1:172.21.15.27:6789/0] conn(0x7fef94107db0 0x7fef941081d0 unknown :-1 s=NONE pgs=0 cs=0 l=0 rev1=0 crypto rx=0 tx=0 comp rx=0 tx=0).connect
2024-04-28T13:10:12.255 INFO:teuthology.orchestra.run.smithi027.stdout:/usr/bin/ceph: stderr
2024-04-28T13:10:11.210+0000 7fef9a822700 1 -- --> [v2:172.21.15.27:3300/0,v1:172.21.15.27:6789/0] -- mon_getmap magic: 0 -- 0x7fef941087a0 con 0x7fef94107db0
2024-04-28T13:10:12.255 INFO:teuthology.orchestra.run.smithi027.stdout:/usr/bin/ceph: stderr
2024-04-28T13:10:11.210+0000 7fef93fff700 1 --2- >> [v2:172.21.15.27:3300/0,v1:172.21.15.27:6789/0] conn(0x7fef94107db0 0x7fef941081d0 unknown :-1 s=BANNER_CONNECTING pgs=0 cs=0 l=0 rev1=0 crypto rx=0 tx=0 comp rx=0 tx=0)._handle_peer_banner_payload supported=3 required=0
2024-04-28T13:10:12.255 INFO:teuthology.orchestra.run.smithi027.stdout:/usr/bin/ceph: stderr
2024-04-28T13:10:11.210+0000 7fef93fff700 1 --2- >> [v2:172.21.15.27:3300/0,v1:172.21.15.27:6789/0] conn(0x7fef94107db0 0x7fef941081d0 unknown :-1 s=HELLO_CONNECTING pgs=0 cs=0 l=0 rev1=1 crypto rx=0 tx=0 comp rx=0 tx=0).handle_hello peer v2:172.21.15.27:3300/0 says I am v2:172.21.15.27:41940/0 (socket says 172.21.15.27:41940)
2024-04-28T13:10:12.255 INFO:teuthology.orchestra.run.smithi027.stdout:/usr/bin/ceph: stderr
2024-04-28T13:10:11.210+0000 7fef93fff700 1 -- 172.21.15.27:0/2773042410 learned_addr learned my addr 172.21.15.27:0/2773042410 (peer_addr_for_me v2:172.21.15.27:0/0)
2024-04-28T13:10:12.255 INFO:teuthology.orchestra.run.smithi027.stdout:/usr/bin/ceph: stderr
2024-04-28T13:10:11.211+0000 7fef93fff700 1 -- 172.21.15.27:0/2773042410 --> [v2:172.21.15.27:3300/0,v1:172.21.15.27:6789/0] -- mon_subscribe({config=0+,monmap=0+}) -- 0x7fef94108fb0 con 0x7fef94107db0
2024-04-28T13:10:12.255 INFO:teuthology.orchestra.run.smithi027.stdout:/usr/bin/ceph: stderr
2024-04-28T13:10:11.211+0000 7fef93fff700 1 --2- 172.21.15.27:0/2773042410 >> [v2:172.21.15.27:3300/0,v1:172.21.15.27:6789/0] conn(0x7fef94107db0 0x7fef941081d0 secure :-1 s=READY pgs=47 cs=0 l=1 rev1=1 crypto rx=0x7fef840098a0 tx=0x7fef84009bb0 comp rx=0 tx=0).ready entity=mon.0 client_cookie=c230cbaf9a5906e9 server_cookie=0 in_seq=0 out_seq=0
2024-04-28T13:10:12.256 INFO:teuthology.orchestra.run.smithi027.stdout:/usr/bin/ceph: stderr
2024-04-28T13:10:11.211+0000 7fef92ffd700 1 -- 172.21.15.27:0/2773042410 <== mon.0 v2:172.21.15.27:3300/0 1 ==== mon_map magic: 0 ==== 205+0+0 (secure 0 0 0) 0x7fef84004160 con 0x7fef94107db0
2024-04-28T13:10:12.256 INFO:teuthology.orchestra.run.smithi027.stdout:/usr/bin/ceph: stderr
2024-04-28T13:10:11.211+0000 7fef92ffd700 1 -- 172.21.15.27:0/2773042410 <== mon.0 v2:172.21.15.27:3300/0 2 ==== config(26 keys) ==== 1070+0+0 (secure 0 0 0) 0x7fef84004300 con 0x7fef94107db0
2024-04-28T13:10:12.256 INFO:teuthology.orchestra.run.smithi027.stdout:/usr/bin/ceph: stderr
2024-04-28T13:10:11.211+0000 7fef92ffd700 1 -- 172.21.15.27:0/2773042410 <== mon.0 v2:172.21.15.27:3300/0 3 ==== mon_map magic: 0 ==== 205+0+0 (secure 0 0 0) 0x7fef84011af0 con 0x7fef94107db0
2024-04-28T13:10:12.256 INFO:teuthology.orchestra.run.smithi027.stdout:/usr/bin/ceph: stderr
2024-04-28T13:10:11.211+0000 7fef9a822700 1 -- 172.21.15.27:0/2773042410 >> [v2:172.21.15.27:3300/0,v1:172.21.15.27:6789/0] conn(0x7fef94107db0 msgr2=0x7fef941081d0 secure :-1 s=STATE_CONNECTION_ESTABLISHED l=1).mark_down
2024-04-28T13:10:12.256 INFO:teuthology.orchestra.run.smithi027.stdout:/usr/bin/ceph: stderr
2024-04-28T13:10:11.211+0000 7fef9a822700 1 --2- 172.21.15.27:0/2773042410 >> [v2:172.21.15.27:3300/0,v1:172.21.15.27:6789/0] conn(0x7fef94107db0 0x7fef941081d0 secure :-1 s=READY pgs=47 cs=0 l=1 rev1=1 crypto rx=0x7fef840098a0 tx=0x7fef84009bb0 comp rx=0 tx=0).stop
2024-04-28T13:10:12.256 INFO:teuthology.orchestra.run.smithi027.stdout:/usr/bin/ceph: stderr
2024-04-28T13:10:11.212+0000 7fef9a822700 1 -- 172.21.15.27:0/2773042410 shutdown_connections
2024-04-28T13:10:12.256 INFO:teuthology.orchestra.run.smithi027.stdout:/usr/bin/ceph: stderr
2024-04-28T13:10:11.212+0000 7fef9a822700 1 --2- 172.21.15.27:0/2773042410 >> [v2:172.21.15.27:3300/0,v1:172.21.15.27:6789/0] conn(0x7fef94107db0 0x7fef941081d0 unknown :-1 s=CLOSED pgs=47 cs=0 l=1 rev1=1 crypto rx=0 tx=0 comp rx=0 tx=0).stop
2024-04-28T13:10:12.256 INFO:teuthology.orchestra.run.smithi027.stdout:/usr/bin/ceph: stderr
2024-04-28T13:10:11.212+0000 7fef9a822700 1 -- 172.21.15.27:0/2773042410 >> 172.21.15.27:0/2773042410 conn(0x7fef94103370 msgr2=0x7fef94105790 unknown :-1 s=STATE_NONE l=0).mark_down
2024-04-28T13:10:12.256 INFO:teuthology.orchestra.run.smithi027.stdout:/usr/bin/ceph: stderr
2024-04-28T13:10:11.212+0000 7fef9a822700 1 -- 172.21.15.27:0/2773042410 shutdown_connections
2024-04-28T13:10:12.256 INFO:teuthology.orchestra.run.smithi027.stdout:/usr/bin/ceph: stderr
2024-04-28T13:10:11.212+0000 7fef9a822700 1 -- 172.21.15.27:0/2773042410 wait complete.
