2024-05-03T14:35:31.838 INFO:teuthology.orchestra.run.smithi060.stdout:/usr/bin/ceph: stderr
2024-05-03T14:35:30.891+0000 7f91bbe00700 1 --2- 172.21.15.60:0/186243910 >> [v2:172.21.15.60:3300/0,v1:172.21.15.60:6789/0] conn(0x7f91bc108f20 0x7f91bc109340 secure :-1 s=READY pgs=37 cs=0 l=1 rev1=1 crypto rx=0x7f91ac0098a0 tx=0x7f91ac009bb0 comp rx=0 tx=0).ready entity=mon.0 client_cookie=681f72d530dbe39e server_cookie=0 in_seq=0 out_seq=0
2024-05-03T14:35:31.838 INFO:teuthology.orchestra.run.smithi060.stdout:/usr/bin/ceph: stderr
2024-05-03T14:35:30.891+0000 7f91baa00700 1 -- 172.21.15.60:0/186243910 <== mon.0 v2:172.21.15.60:3300/0 1 ==== mon_map magic: 0 ==== 205+0+0 (secure 0 0 0) 0x7f91ac004160 con 0x7f91bc108f20
2024-05-03T14:35:31.838 INFO:teuthology.orchestra.run.smithi060.stdout:/usr/bin/ceph: stderr
2024-05-03T14:35:30.892+0000 7f91baa00700 1 -- 172.21.15.60:0/186243910 <== mon.0 v2:172.21.15.60:3300/0 2 ==== config(28 keys) ==== 1139+0+0 (secure 0 0 0) 0x7f91ac004300 con 0x7f91bc108f20
2024-05-03T14:35:31.838 INFO:teuthology.orchestra.run.smithi060.stdout:/usr/bin/ceph: stderr
2024-05-03T14:35:30.892+0000 7f91baa00700 1 -- 172.21.15.60:0/186243910 <== mon.0 v2:172.21.15.60:3300/0 3 ==== mon_map magic: 0 ==== 205+0+0 (secure 0 0 0) 0x7f91ac011c00 con 0x7f91bc108f20
2024-05-03T14:35:31.838 INFO:teuthology.orchestra.run.smithi060.stdout:/usr/bin/ceph: stderr
2024-05-03T14:35:30.892+0000 7f91c1600700 1 -- 172.21.15.60:0/186243910 >> [v2:172.21.15.60:3300/0,v1:172.21.15.60:6789/0] conn(0x7f91bc108f20 msgr2=0x7f91bc109340 secure :-1 s=STATE_CONNECTION_ESTABLISHED l=1).mark_down
2024-05-03T14:35:31.839 INFO:teuthology.orchestra.run.smithi060.stdout:/usr/bin/ceph: stderr
2024-05-03T14:35:30.892+0000 7f91c1600700 1 --2- 172.21.15.60:0/186243910 >> [v2:172.21.15.60:3300/0,v1:172.21.15.60:6789/0] conn(0x7f91bc108f20 0x7f91bc109340 secure :-1 s=READY pgs=37 cs=0 l=1 rev1=1 crypto rx=0x7f91ac0098a0 tx=0x7f91ac009bb0 comp rx=0 tx=0).stop
2024-05-03T14:35:31.839 INFO:teuthology.orchestra.run.smithi060.stdout:/usr/bin/ceph: stderr
2024-05-03T14:35:30.892+0000 7f91c1600700 1 -- 172.21.15.60:0/186243910 shutdown_connections
2024-05-03T14:35:31.839 INFO:teuthology.orchestra.run.smithi060.stdout:/usr/bin/ceph: stderr
2024-05-03T14:35:30.892+0000 7f91c1600700 1 --2- 172.21.15.60:0/186243910 >> [v2:172.21.15.60:3300/0,v1:172.21.15.60:6789/0] conn(0x7f91bc108f20 0x7f91bc109340 unknown :-1 s=CLOSED pgs=37 cs=0 l=1 rev1=1 crypto rx=0 tx=0 comp rx=0 tx=0).stop
2024-05-03T14:35:31.839 INFO:teuthology.orchestra.run.smithi060.stdout:/usr/bin/ceph: stderr
2024-05-03T14:35:30.892+0000 7f91c1600700 1 -- 172.21.15.60:0/186243910 >> 172.21.15.60:0/186243910 conn(0x7f91bc104580 msgr2=0x7f91bc1069a0 unknown :-1 s=STATE_NONE l=0).mark_down
2024-05-03T14:35:31.839 INFO:teuthology.orchestra.run.smithi060.stdout:/usr/bin/ceph: stderr
2024-05-03T14:35:30.892+0000 7f91c1600700 1 -- 172.21.15.60:0/186243910 shutdown_connections
2024-05-03T14:35:31.839 INFO:teuthology.orchestra.run.smithi060.stdout:/usr/bin/ceph: stderr
2024-05-03T14:35:30.892+0000 7f91c1600700 1 -- 172.21.15.60:0/186243910 wait complete.
2024-05-03T14:35:31.839 INFO:teuthology.orchestra.run.smithi060.stdout:/usr/bin/ceph: stderr
2024-05-03T14:35:30.893+0000 7f91c1600700 1 Processor -- start
2024-05-03T14:35:31.839 INFO:teuthology.orchestra.run.smithi060.stdout:/usr/bin/ceph: stderr
2024-05-03T14:35:30.894+0000 7f91c1600700 1 -- start start
2024-05-03T14:35:31.839 INFO:teuthology.orchestra.run.smithi060.stdout:/usr/bin/ceph: stderr
2024-05-03T14:35:30.894+0000 7f91c1600700 1 --2- >> [v2:172.21.15.60:3300/0,v1:172.21.15.60:6789/0] conn(0x7f91bc108f20 0x7f91bc07eb90 unknown :-1 s=NONE pgs=0 cs=0 l=1 rev1=0 crypto rx=0 tx=0 comp rx=0 tx=0).connect
2024-05-03T14:35:31.839 INFO:teuthology.orchestra.run.smithi060.stdout:/usr/bin/ceph: stderr
2024-05-03T14:35:30.894+0000 7f91c1600700 1 -- --> [v2:172.21.15.60:3300/0,v1:172.21.15.60:6789/0] -- mon_getmap magic: 0 -- 0x7f91bc10d390 con 0x7f91bc108f20
2024-05-03T14:35:31.839 INFO:teuthology.orchestra.run.smithi060.stdout:/usr/bin/ceph: stderr
2024-05-03T14:35:30.894+0000 7f91bbe00700 1 --2- >> [v2:172.21.15.60:3300/0,v1:172.21.15.60:6789/0] conn(0x7f91bc108f20 0x7f91bc07eb90 unknown :-1 s=BANNER_CONNECTING pgs=0 cs=0 l=1 rev1=0 crypto rx=0 tx=0 comp rx=0 tx=0)._handle_peer_banner_payload supported=3 required=0
2024-05-03T14:35:31.839 INFO:teuthology.orchestra.run.smithi060.stdout:/usr/bin/ceph: stderr
2024-05-03T14:35:30.894+0000 7f91bbe00700 1 --2- >> [v2:172.21.15.60:3300/0,v1:172.21.15.60:6789/0] conn(0x7f91bc108f20 0x7f91bc07eb90 unknown :-1 s=HELLO_CONNECTING pgs=0 cs=0 l=1 rev1=1 crypto rx=0 tx=0 comp rx=0 tx=0).handle_hello peer v2:172.21.15.60:3300/0 says I am v2:172.21.15.60:55306/0 (socket says 172.21.15.60:55306)
2024-05-03T14:35:31.839 INFO:teuthology.orchestra.run.smithi060.stdout:/usr/bin/ceph: stderr
2024-05-03T14:35:30.894+0000 7f91bbe00700 1 -- 172.21.15.60:0/94356705 learned_addr learned my addr 172.21.15.60:0/94356705 (peer_addr_for_me v2:172.21.15.60:0/0)
2024-05-03T14:35:31.839 INFO:teuthology.orchestra.run.smithi060.stdout:/usr/bin/ceph: stderr
2024-05-03T14:35:30.895+0000 7f91bbe00700 1 -- 172.21.15.60:0/94356705 --> [v2:172.21.15.60:3300/0,v1:172.21.15.60:6789/0] -- mon_subscribe({config=0+,monmap=0+}) -- 0x7f91bc07f0d0 con 0x7f91bc108f20
2024-05-03T14:35:31.840 INFO:teuthology.orchestra.run.smithi060.stdout:/usr/bin/ceph: stderr
2024-05-03T14:35:30.895+0000 7f91bbe00700 1 --2- 172.21.15.60:0/94356705 >> [v2:172.21.15.60:3300/0,v1:172.21.15.60:6789/0] conn(0x7f91bc108f20 0x7f91bc07eb90 secure :-1 s=READY pgs=38 cs=0 l=1 rev1=1 crypto rx=0x7f91ac003fb0 tx=0x7f91ac011bd0 comp rx=0 tx=0).ready entity=mon.0 client_cookie=0 server_cookie=0 in_seq=0 out_seq=0
2024-05-03T14:35:31.840 INFO:teuthology.orchestra.run.smithi060.stdout:/usr/bin/ceph: stderr
2024-05-03T14:35:30.895+0000 7f91b8c00700 1 -- 172.21.15.60:0/94356705 <== mon.0 v2:172.21.15.60:3300/0 1 ==== mon_map magic: 0 ==== 205+0+0 (secure 0 0 0) 0x7f91ac0039c0 con 0x7f91bc108f20
2024-05-03T14:35:31.840 INFO:teuthology.orchestra.run.smithi060.stdout:/usr/bin/ceph: stderr
2024-05-03T14:35:30.895+0000 7f91b8c00700 1 -- 172.21.15.60:0/94356705 <== mon.0 v2:172.21.15.60:3300/0 2 ==== config(28 keys) ==== 1139+0+0 (secure 0 0 0) 0x7f91ac003b60 con 0x7f91bc108f20
2024-05-03T14:35:31.840 INFO:teuthology.orchestra.run.smithi060.stdout:/usr/bin/ceph: stderr
2024-05-03T14:35:30.895+0000 7f91b8c00700 1 -- 172.21.15.60:0/94356705 <== mon.0 v2:172.21.15.60:3300/0 3 ==== mon_map magic: 0 ==== 205+0+0 (secure 0 0 0) 0x7f91ac01a6d0 con 0x7f91bc108f20
2024-05-03T14:35:31.840 INFO:teuthology.orchestra.run.smithi060.stdout:/usr/bin/ceph: stderr
2024-05-03T14:35:30.895+0000 7f91c1600700 1 -- 172.21.15.60:0/94356705 --> [v2:172.21.15.60:3300/0,v1:172.21.15.60:6789/0] -- mon_subscribe({mgrmap=0+}) -- 0x7f91bc07d2c0 con 0x7f91bc108f20
2024-05-03T14:35:31.840 INFO:teuthology.orchestra.run.smithi060.stdout:/usr/bin/ceph: stderr
2024-05-03T14:35:30.895+0000 7f91c1600700 1 -- 172.21.15.60:0/94356705 --> [v2:172.21.15.60:3300/0,v1:172.21.15.60:6789/0] -- mon_subscribe({osdmap=0}) -- 0x7f91bc07d800 con 0x7f91bc108f20
2024-05-03T14:35:31.840 INFO:teuthology.orchestra.run.smithi060.stdout:/usr/bin/ceph: stderr
2024-05-03T14:35:30.896+0000 7f91c1600700 1 -- 172.21.15.60:0/94356705 --> [v2:172.21.15.60:3300/0,v1:172.21.15.60:6789/0] -- mon_command({"prefix": "get_command_descriptions"} v 0) -- 0x7f91bc064b00 con 0x7f91bc108f20
2024-05-03T14:35:31.840 INFO:teuthology.orchestra.run.smithi060.stdout:/usr/bin/ceph: stderr
2024-05-03T14:35:30.897+0000 7f91b8c00700 1 -- 172.21.15.60:0/94356705 <== mon.0 v2:172.21.15.60:3300/0 4 ==== mgrmap(e 8) ==== 50222+0+0 (secure 0 0 0) 0x7f91ac0249a0 con 0x7f91bc108f20
2024-05-03T14:35:31.840 INFO:teuthology.orchestra.run.smithi060.stdout:/usr/bin/ceph: stderr
2024-05-03T14:35:30.897+0000 7f91b8c00700 1 --2- 172.21.15.60:0/94356705 >> [v2:172.21.15.60:6800/424391417,v1:172.21.15.60:6801/424391417] conn(0x7f91a003e470 0x7f91a0040930 unknown :-1 s=NONE pgs=0 cs=0 l=1 rev1=0 crypto rx=0 tx=0 comp rx=0 tx=0).connect
2024-05-03T14:35:31.840 INFO:teuthology.orchestra.run.smithi060.stdout:/usr/bin/ceph: stderr
2024-05-03T14:35:30.897+0000 7f91b8c00700 1 -- 172.21.15.60:0/94356705 <== mon.0 v2:172.21.15.60:3300/0 5 ==== osd_map(2..2 src has 1..2) ==== 940+0+0 (secure 0 0 0) 0x7f91ac053a00 con 0x7f91bc108f20
2024-05-03T14:35:31.840 INFO:teuthology.orchestra.run.smithi060.stdout:/usr/bin/ceph: stderr
2024-05-03T14:35:30.897+0000 7f91bb400700 1 --2- 172.21.15.60:0/94356705 >> [v2:172.21.15.60:6800/424391417,v1:172.21.15.60:6801/424391417] conn(0x7f91a003e470 0x7f91a0040930 unknown :-1 s=BANNER_CONNECTING pgs=0 cs=0 l=1 rev1=0 crypto rx=0 tx=0 comp rx=0 tx=0)._handle_peer_banner_payload supported=3 required=0
2024-05-03T14:35:31.840 INFO:teuthology.orchestra.run.smithi060.stdout:/usr/bin/ceph: stderr
2024-05-03T14:35:30.898+0000 7f91bb400700 1 --2- 172.21.15.60:0/94356705 >> [v2:172.21.15.60:6800/424391417,v1:172.21.15.60:6801/424391417] conn(0x7f91a003e470 0x7f91a0040930 secure :-1 s=READY pgs=7 cs=0 l=1 rev1=1 crypto rx=0x7f91a8006fd0 tx=0x7f91a8006e40 comp rx=0 tx=0).ready entity=mgr.14120 client_cookie=0 server_cookie=0 in_seq=0 out_seq=0
2024-05-03T14:35:31.840 INFO:teuthology.orchestra.run.smithi060.stdout:/usr/bin/ceph: stderr
2024-05-03T14:35:30.903+0000 7f91b8c00700 1 -- 172.21.15.60:0/94356705 <== mon.0 v2:172.21.15.60:3300/0 6 ==== mon_command_ack([{"prefix": "get_command_descriptions"}]=0 v0) ==== 72+0+191839 (secure 0 0 0) 0x7f91ac00b3e0 con 0x7f91bc108f20
2024-05-03T14:35:31.841 INFO:teuthology.orchestra.run.smithi060.stdout:/usr/bin/ceph: stderr
2024-05-03T14:35:31.146+0000 7f91c1600700 1 -- 172.21.15.60:0/94356705 --> [v2:172.21.15.60:6800/424391417,v1:172.21.15.60:6801/424391417] -- mgr_command(tid 0: {"prefix": "orch set backend", "module_name": "cephadm", "target": ["mon-mgr", ""]}) -- 0x7f91bc1057c0 con 0x7f91a003e470
2024-05-03T14:35:31.841 INFO:teuthology.orchestra.run.smithi060.stdout:/usr/bin/ceph: stderr
2024-05-03T14:35:31.159+0000 7f91b8c00700 1 -- 172.21.15.60:0/94356705 <== mgr.14120 v2:172.21.15.60:6800/424391417 1 ==== mgr_command_reply(tid 0: 0 ) ==== 8+0+0 (secure 0 0 0) 0x7f91bc1057c0 con 0x7f91a003e470
2024-05-03T14:35:31.841 INFO:teuthology.orchestra.run.smithi060.stdout:/usr/bin/ceph: stderr
2024-05-03T14:35:31.162+0000 7f91c1600700 1 -- 172.21.15.60:0/94356705 >> [v2:172.21.15.60:6800/424391417,v1:172.21.15.60:6801/424391417] conn(0x7f91a003e470 msgr2=0x7f91a0040930 secure :-1 s=STATE_CONNECTION_ESTABLISHED l=1).mark_down
2024-05-03T14:35:31.841 INFO:teuthology.orchestra.run.smithi060.stdout:/usr/bin/ceph: stderr
2024-05-03T14:35:31.162+0000 7f91c1600700 1 --2- 172.21.15.60:0/94356705 >> [v2:172.21.15.60:6800/424391417,v1:172.21.15.60:6801/424391417] conn(0x7f91a003e470 0x7f91a0040930 secure :-1 s=READY pgs=7 cs=0 l=1 rev1=1 crypto rx=0x7f91a8006fd0 tx=0x7f91a8006e40 comp rx=0 tx=0).stop
2024-05-03T14:35:31.841 INFO:teuthology.orchestra.run.smithi060.stdout:/usr/bin/ceph: stderr
2024-05-03T14:35:31.162+0000 7f91c1600700 1 -- 172.21.15.60:0/94356705 >> [v2:172.21.15.60:3300/0,v1:172.21.15.60:6789/0] conn(0x7f91bc108f20 msgr2=0x7f91bc07eb90 secure :-1 s=STATE_CONNECTION_ESTABLISHED l=1).mark_down
2024-05-03T14:35:31.841 INFO:teuthology.orchestra.run.smithi060.stdout:/usr/bin/ceph: stderr
2024-05-03T14:35:31.162+0000 7f91c1600700 1 --2- 172.21.15.60:0/94356705 >> [v2:172.21.15.60:3300/0,v1:172.21.15.60:6789/0] conn(0x7f91bc108f20 0x7f91bc07eb90 secure :-1 s=READY pgs=38 cs=0 l=1 rev1=1 crypto rx=0x7f91ac003fb0 tx=0x7f91ac011bd0 comp rx=0 tx=0).stop
2024-05-03T14:35:31.841 INFO:teuthology.orchestra.run.smithi060.stdout:/usr/bin/ceph: stderr
2024-05-03T14:35:31.162+0000 7f91c1600700 1 -- 172.21.15.60:0/94356705 shutdown_connections
2024-05-03T14:35:31.841 INFO:teuthology.orchestra.run.smithi060.stdout:/usr/bin/ceph: stderr
2024-05-03T14:35:31.162+0000 7f91c1600700 1 --2- 172.21.15.60:0/94356705 >> [v2:172.21.15.60:6800/424391417,v1:172.21.15.60:6801/424391417] conn(0x7f91a003e470 0x7f91a0040930 unknown :-1 s=CLOSED pgs=7 cs=0 l=1 rev1=1 crypto rx=0 tx=0 comp rx=0 tx=0).stop
2024-05-03T14:35:31.841 INFO:teuthology.orchestra.run.smithi060.stdout:/usr/bin/ceph: stderr
2024-05-03T14:35:31.162+0000 7f91c1600700 1 --2- 172.21.15.60:0/94356705 >> [v2:172.21.15.60:3300/0,v1:172.21.15.60:6789/0] conn(0x7f91bc108f20 0x7f91bc07eb90 unknown :-1 s=CLOSED pgs=38 cs=0 l=1 rev1=1 crypto rx=0 tx=0 comp rx=0 tx=0).stop
2024-05-03T14:35:31.841 INFO:teuthology.orchestra.run.smithi060.stdout:/usr/bin/ceph: stderr
2024-05-03T14:35:31.162+0000 7f91c1600700 1 -- 172.21.15.60:0/94356705 >> 172.21.15.60:0/94356705 conn(0x7f91bc104580 msgr2=0x7f91bc1050b0 unknown :-1 s=STATE_NONE l=0).mark_down
2024-05-03T14:35:31.841 INFO:teuthology.orchestra.run.smithi060.stdout:/usr/bin/ceph: stderr
2024-05-03T14:35:31.162+0000 7f91c1600700 1 -- 172.21.15.60:0/94356705 shutdown_connections
2024-05-03T14:35:31.841 INFO:teuthology.orchestra.run.smithi060.stdout:/usr/bin/ceph: stderr
2024-05-03T14:35:31.163+0000 7f91c1600700 1 -- 172.21.15.60:0/94356705 wait complete.
2024-05-03T14:35:32.425 INFO:journalctl@ceph.mon.a.smithi060.stdout:May 03 14:35:32 smithi060 ceph-mon[28873]: from='client.14132 -' entity='client.admin' cmd=[{"prefix": "orch set backend", "module_name": "cephadm", "target": ["mon-mgr", ""]}]: dispatch
2024-05-03T14:35:32.425 INFO:journalctl@ceph.mon.a.smithi060.stdout:May 03 14:35:32 smithi060 ceph-mon[28873]: from='mgr.14120 172.21.15.60:0/1113217389' entity='mgr.x'
2024-05-03T14:35:32.425 INFO:journalctl@ceph.mon.a.smithi060.stdout:May 03 14:35:32 smithi060 ceph-mon[28873]: from='mgr.14120 172.21.15.60:0/1113217389' entity='mgr.x' cmd=[{"prefix": "config dump", "format": "json"}]: dispatch
2024-05-03T14:35:33.338 INFO:journalctl@ceph.mon.a.smithi060.stdout:May 03 14:35:33 smithi060 ceph-mon[28873]: from='client.14134 -' entity='client.admin' cmd=[{"prefix": "cephadm set-user", "user": "root", "target": ["mon-mgr", ""]}]: dispatch
2024-05-03T14:35:33.399 INFO:teuthology.orchestra.run.smithi060.stdout:/usr/bin/ceph: stdout value unchanged
2024-05-03T14:35:33.400 INFO:teuthology.orchestra.run.smithi060.stdout:/usr/bin/ceph: stderr
2024-05-03T14:35:32.420+0000 7f40da600700 1 Processor -- start
2024-05-03T14:35:33.400 INFO:teuthology.orchestra.run.smithi060.stdout:/usr/bin/ceph: stderr
2024-05-03T14:35:32.420+0000 7f40da600700 1 -- start start
2024-05-03T14:35:33.400 INFO:teuthology.orchestra.run.smithi060.stdout:/usr/bin/ceph: stderr
2024-05-03T14:35:32.421+0000 7f40da600700 1 --2- >> [v2:172.21.15.60:3300/0,v1:172.21.15.60:6789/0] conn(0x7f40d407edd0 0x7f40d407d340 unknown :-1 s=NONE pgs=0 cs=0 l=0 rev1=0 crypto rx=0 tx=0 comp rx=0 tx=0).connect
2024-05-03T14:35:33.400 INFO:teuthology.orchestra.run.smithi060.stdout:/usr/bin/ceph: stderr
2024-05-03T14:35:32.421+0000 7f40da600700 1 -- --> [v2:172.21.15.60:3300/0,v1:172.21.15.60:6789/0] -- mon_getmap magic: 0 -- 0x7f40d407d880 con 0x7f40d407edd0
2024-05-03T14:35:33.400 INFO:teuthology.orchestra.run.smithi060.stdout:/usr/bin/ceph: stderr
2024-05-03T14:35:32.421+0000 7f40d3400700 1 --2- >> [v2:172.21.15.60:3300/0,v1:172.21.15.60:6789/0] conn(0x7f40d407edd0 0x7f40d407d340 unknown :-1 s=BANNER_CONNECTING pgs=0 cs=0 l=0 rev1=0 crypto rx=0 tx=0 comp rx=0 tx=0)._handle_peer_banner_payload supported=3 required=0
2024-05-03T14:35:33.400 INFO:teuthology.orchestra.run.smithi060.stdout:/usr/bin/ceph: stderr
2024-05-03T14:35:32.421+0000 7f40d3400700 1 --2- >> [v2:172.21.15.60:3300/0,v1:172.21.15.60:6789/0] conn(0x7f40d407edd0 0x7f40d407d340 unknown :-1 s=HELLO_CONNECTING pgs=0 cs=0 l=0 rev1=1 crypto rx=0 tx=0 comp rx=0 tx=0).handle_hello peer v2:172.21.15.60:3300/0 says I am v2:172.21.15.60:50998/0 (socket says 172.21.15.60:50998)
2024-05-03T14:35:33.400 INFO:teuthology.orchestra.run.smithi060.stdout:/usr/bin/ceph: stderr
2024-05-03T14:35:32.421+0000 7f40d3400700 1 -- 172.21.15.60:0/2157023204 learned_addr learned my addr 172.21.15.60:0/2157023204 (peer_addr_for_me v2:172.21.15.60:0/0)
2024-05-03T14:35:33.405 INFO:teuthology.orchestra.run.smithi060.stdout:/usr/bin/ceph: stderr
2024-05-03T14:35:32.422+0000 7f40d3400700 1 -- 172.21.15.60:0/2157023204 --> [v2:172.21.15.60:3300/0,v1:172.21.15.60:6789/0] -- mon_subscribe({config=0+,monmap=0+}) -- 0x7f40d407da00 con 0x7f40d407edd0
2024-05-03T14:35:33.405 INFO:teuthology.orchestra.run.smithi060.stdout:/usr/bin/ceph: stderr
2024-05-03T14:35:32.422+0000 7f40d3400700 1 --2- 172.21.15.60:0/2157023204 >> [v2:172.21.15.60:3300/0,v1:172.21.15.60:6789/0] conn(0x7f40d407edd0 0x7f40d407d340 secure :-1 s=READY pgs=39 cs=0 l=1 rev1=1 crypto rx=0x7f40c40098a0 tx=0x7f40c4009bb0 comp rx=0 tx=0).ready entity=mon.0 client_cookie=ea6ab7eb5efa6f2a server_cookie=0 in_seq=0 out_seq=0
2024-05-03T14:35:33.406 INFO:teuthology.orchestra.run.smithi060.stdout:/usr/bin/ceph: stderr
2024-05-03T14:35:32.423+0000 7f40d2000700 1 -- 172.21.15.60:0/2157023204 <== mon.0 v2:172.21.15.60:3300/0 1 ==== mon_map magic: 0 ==== 205+0+0 (secure 0 0 0) 0x7f40c4004160 con 0x7f40d407edd0
2024-05-03T14:35:33.406 INFO:teuthology.orchestra.run.smithi060.stdout:/usr/bin/ceph: stderr
2024-05-03T14:35:32.423+0000 7f40d2000700 1 -- 172.21.15.60:0/2157023204 <== mon.0 v2:172.21.15.60:3300/0 2 ==== config(28 keys) ==== 1139+0+0 (secure 0 0 0) 0x7f40c4004300 con 0x7f40d407edd0
2024-05-03T14:35:33.406 INFO:teuthology.orchestra.run.smithi060.stdout:/usr/bin/ceph: stderr
2024-05-03T14:35:32.423+0000 7f40d2000700 1 -- 172.21.15.60:0/2157023204 <== mon.0 v2:172.21.15.60:3300/0 3 ==== mon_map magic: 0 ==== 205+0+0 (secure 0 0 0) 0x7f40c4011c00 con 0x7f40d407edd0
2024-05-03T14:35:33.406 INFO:teuthology.orchestra.run.smithi060.stdout:/usr/bin/ceph: stderr
2024-05-03T14:35:32.423+0000 7f40da600700 1 -- 172.21.15.60:0/2157023204 >> [v2:172.21.15.60:3300/0,v1:172.21.15.60:6789/0] conn(0x7f40d407edd0 msgr2=0x7f40d407d340 secure :-1 s=STATE_CONNECTION_ESTABLISHED l=1).mark_down
2024-05-03T14:35:33.406 INFO:teuthology.orchestra.run.smithi060.stdout:/usr/bin/ceph: stderr
2024-05-03T14:35:32.423+0000 7f40da600700 1 --2- 172.21.15.60:0/2157023204 >> [v2:172.21.15.60:3300/0,v1:172.21.15.60:6789/0] conn(0x7f40d407edd0 0x7f40d407d340 secure :-1 s=READY pgs=39 cs=0 l=1 rev1=1 crypto rx=0x7f40c40098a0 tx=0x7f40c4009bb0 comp rx=0 tx=0).stop
2024-05-03T14:35:33.406 INFO:teuthology.orchestra.run.smithi060.stdout:/usr/bin/ceph: stderr
2024-05-03T14:35:32.424+0000 7f40da600700 1 -- 172.21.15.60:0/2157023204 shutdown_connections
2024-05-03T14:35:33.406 INFO:teuthology.orchestra.run.smithi060.stdout:/usr/bin/ceph: stderr
2024-05-03T14:35:32.424+0000 7f40da600700 1 --2- 172.21.15.60:0/2157023204 >> [v2:172.21.15.60:3300/0,v1:172.21.15.60:6789/0] conn(0x7f40d407edd0 0x7f40d407d340 unknown :-1 s=CLOSED pgs=39 cs=0 l=1 rev1=1 crypto rx=0 tx=0 comp rx=0 tx=0).stop
2024-05-03T14:35:33.406 INFO:teuthology.orchestra.run.smithi060.stdout:/usr/bin/ceph: stderr
2024-05-03T14:35:32.424+0000 7f40da600700 1 -- 172.21.15.60:0/2157023204 >> 172.21.15.60:0/2157023204 conn(0x7f40d4104750 msgr2=0x7f40d4106b70 unknown :-1 s=STATE_NONE l=0).mark_down
2024-05-03T14:35:33.406 INFO:teuthology.orchestra.run.smithi060.stdout:/usr/bin/ceph: stderr
2024-05-03T14:35:32.424+0000 7f40da600700 1 -- 172.21.15.60:0/2157023204 shutdown_connections
2024-05-03T14:35:33.406 INFO:teuthology.orchestra.run.smithi060.stdout:/usr/bin/ceph: stderr
2024-05-03T14:35:32.424+0000 7f40da600700 1 -- 172.21.15.60:0/2157023204 wait complete.
2024-05-03T14:35:33.406 INFO:teuthology.orchestra.run.smithi060.stdout:/usr/bin/ceph: stderr
2024-05-03T14:35:32.425+0000 7f40da600700 1 Processor -- start
2024-05-03T14:35:33.406 INFO:teuthology.orchestra.run.smithi060.stdout:/usr/bin/ceph: stderr
2024-05-03T14:35:32.425+0000 7f40da600700 1 -- start start
2024-05-03T14:35:33.406 INFO:teuthology.orchestra.run.smithi060.stdout:/usr/bin/ceph: stderr
2024-05-03T14:35:32.425+0000 7f40da600700 1 --2- >> [v2:172.21.15.60:3300/0,v1:172.21.15.60:6789/0] conn(0x7f40d407edd0 0x7f40d419f300 unknown :-1 s=NONE pgs=0 cs=0 l=1 rev1=0 crypto rx=0 tx=0 comp rx=0 tx=0).connect
2024-05-03T14:35:33.407 INFO:teuthology.orchestra.run.smithi060.stdout:/usr/bin/ceph: stderr
2024-05-03T14:35:32.425+0000 7f40da600700 1 -- --> [v2:172.21.15.60:3300/0,v1:172.21.15.60:6789/0] -- mon_getmap magic: 0 -- 0x7f40d410f5e0 con 0x7f40d407edd0
2024-05-03T14:35:33.407 INFO:teuthology.orchestra.run.smithi060.stdout:/usr/bin/ceph: stderr
2024-05-03T14:35:32.426+0000 7f40d3400700 1 --2- >> [v2:172.21.15.60:3300/0,v1:172.21.15.60:6789/0] conn(0x7f40d407edd0 0x7f40d419f300 unknown :-1 s=BANNER_CONNECTING pgs=0 cs=0 l=1 rev1=0 crypto rx=0 tx=0 comp rx=0 tx=0)._handle_peer_banner_payload supported=3 required=0
2024-05-03T14:35:33.407 INFO:teuthology.orchestra.run.smithi060.stdout:/usr/bin/ceph: stderr
2024-05-03T14:35:32.426+0000 7f40d3400700 1 --2- >> [v2:172.21.15.60:3300/0,v1:172.21.15.60:6789/0] conn(0x7f40d407edd0 0x7f40d419f300 unknown :-1 s=HELLO_CONNECTING pgs=0 cs=0 l=1 rev1=1 crypto rx=0 tx=0 comp rx=0 tx=0).handle_hello peer v2:172.21.15.60:3300/0 says I am v2:172.21.15.60:51004/0 (socket says 172.21.15.60:51004)
2024-05-03T14:35:33.407 INFO:teuthology.orchestra.run.smithi060.stdout:/usr/bin/ceph: stderr
2024-05-03T14:35:32.426+0000 7f40d3400700 1 -- 172.21.15.60:0/1040519533 learned_addr learned my addr 172.21.15.60:0/1040519533 (peer_addr_for_me v2:172.21.15.60:0/0)
2024-05-03T14:35:33.407 INFO:teuthology.orchestra.run.smithi060.stdout:/usr/bin/ceph: stderr
2024-05-03T14:35:32.426+0000 7f40d3400700 1 -- 172.21.15.60:0/1040519533 --> [v2:172.21.15.60:3300/0,v1:172.21.15.60:6789/0] -- mon_subscribe({config=0+,monmap=0+}) -- 0x7f40d419f840 con 0x7f40d407edd0
2024-05-03T14:35:33.407 INFO:teuthology.orchestra.run.smithi060.stdout:/usr/bin/ceph: stderr
2024-05-03T14:35:32.426+0000 7f40d3400700 1 --2- 172.21.15.60:0/1040519533 >> [v2:172.21.15.60:3300/0,v1:172.21.15.60:6789/0] conn(0x7f40d407edd0 0x7f40d419f300 secure :-1 s=READY pgs=40 cs=0 l=1 rev1=1 crypto rx=0x7f40c4009fb0 tx=0x7f40c4011c60 comp rx=0 tx=0).ready entity=mon.0 client_cookie=0 server_cookie=0 in_seq=0 out_seq=0
2024-05-03T14:35:33.407 INFO:teuthology.orchestra.run.smithi060.stdout:/usr/bin/ceph: stderr
2024-05-03T14:35:32.427+0000 7f40cbe00700 1 -- 172.21.15.60:0/1040519533 <== mon.0 v2:172.21.15.60:3300/0 1 ==== mon_map magic: 0 ==== 205+0+0 (secure 0 0 0) 0x7f40c40038b0 con 0x7f40d407edd0
2024-05-03T14:35:33.407 INFO:teuthology.orchestra.run.smithi060.stdout:/usr/bin/ceph: stderr
2024-05-03T14:35:32.427+0000 7f40cbe00700 1 -- 172.21.15.60:0/1040519533 <== mon.0 v2:172.21.15.60:3300/0 2 ==== config(28 keys) ==== 1139+0+0 (secure 0 0 0) 0x7f40c401a430 con 0x7f40d407edd0
2024-05-03T14:35:33.407 INFO:teuthology.orchestra.run.smithi060.stdout:/usr/bin/ceph: stderr
2024-05-03T14:35:32.427+0000 7f40cbe00700 1 -- 172.21.15.60:0/1040519533 <== mon.0 v2:172.21.15.60:3300/0 3 ==== mon_map magic: 0 ==== 205+0+0 (secure 0 0 0) 0x7f40c4019630 con 0x7f40d407edd0
2024-05-03T14:35:33.407 INFO:teuthology.orchestra.run.smithi060.stdout:/usr/bin/ceph: stderr
2024-05-03T14:35:32.427+0000 7f40da600700 1 -- 172.21.15.60:0/1040519533 --> [v2:172.21.15.60:3300/0,v1:172.21.15.60:6789/0] -- mon_subscribe({mgrmap=0+}) -- 0x7f40d419fad0 con 0x7f40d407edd0
2024-05-03T14:35:33.407 INFO:teuthology.orchestra.run.smithi060.stdout:/usr/bin/ceph: stderr
2024-05-03T14:35:32.427+0000 7f40da600700 1 -- 172.21.15.60:0/1040519533 --> [v2:172.21.15.60:3300/0,v1:172.21.15.60:6789/0] -- mon_subscribe({osdmap=0}) -- 0x7f40d41a27c0 con 0x7f40d407edd0
2024-05-03T14:35:33.407 INFO:teuthology.orchestra.run.smithi060.stdout:/usr/bin/ceph: stderr
2024-05-03T14:35:32.428+0000 7f40da600700 1 -- 172.21.15.60:0/1040519533 --> [v2:172.21.15.60:3300/0,v1:172.21.15.60:6789/0] -- mon_command({"prefix": "get_command_descriptions"} v 0) -- 0x7f40d4064b00 con 0x7f40d407edd0
2024-05-03T14:35:33.407 INFO:teuthology.orchestra.run.smithi060.stdout:/usr/bin/ceph: stderr
2024-05-03T14:35:32.428+0000 7f40cbe00700 1 -- 172.21.15.60:0/1040519533 <== mon.0 v2:172.21.15.60:3300/0 4 ==== mgrmap(e 8) ==== 50222+0+0 (secure 0 0 0) 0x7f40c401aa10 con 0x7f40d407edd0
2024-05-03T14:35:33.407 INFO:teuthology.orchestra.run.smithi060.stdout:/usr/bin/ceph: stderr
2024-05-03T14:35:32.429+0000 7f40cbe00700 1 --2- 172.21.15.60:0/1040519533 >> [v2:172.21.15.60:6800/424391417,v1:172.21.15.60:6801/424391417] conn(0x7f40b803e470 0x7f40b8040930 unknown :-1 s=NONE pgs=0 cs=0 l=1 rev1=0 crypto rx=0 tx=0 comp rx=0 tx=0).connect
2024-05-03T14:35:33.407 INFO:teuthology.orchestra.run.smithi060.stdout:/usr/bin/ceph: stderr
2024-05-03T14:35:32.429+0000 7f40cbe00700 1 -- 172.21.15.60:0/1040519533 <== mon.0 v2:172.21.15.60:3300/0 5 ==== osd_map(2..2 src has 1..2) ==== 940+0+0 (secure 0 0 0) 0x7f40c4053a10 con 0x7f40d407edd0
2024-05-03T14:35:33.408 INFO:teuthology.orchestra.run.smithi060.stdout:/usr/bin/ceph: stderr
2024-05-03T14:35:32.429+0000 7f40d2a00700 1 --2- 172.21.15.60:0/1040519533 >> [v2:172.21.15.60:6800/424391417,v1:172.21.15.60:6801/424391417] conn(0x7f40b803e470 0x7f40b8040930 unknown :-1 s=BANNER_CONNECTING pgs=0 cs=0 l=1 rev1=0 crypto rx=0 tx=0 comp rx=0 tx=0)._handle_peer_banner_payload supported=3 required=0
2024-05-03T14:35:33.408 INFO:teuthology.orchestra.run.smithi060.stdout:/usr/bin/ceph: stderr
2024-05-03T14:35:32.430+0000 7f40d2a00700 1 --2- 172.21.15.60:0/1040519533 >> [v2:172.21.15.60:6800/424391417,v1:172.21.15.60:6801/424391417] conn(0x7f40b803e470 0x7f40b8040930 secure :-1 s=READY pgs=8 cs=0 l=1 rev1=1 crypto rx=0x7f40c0006fd0 tx=0x7f40c0006e40 comp rx=0 tx=0).ready entity=mgr.14120 client_cookie=0 server_cookie=0 in_seq=0 out_seq=0
2024-05-03T14:35:33.408 INFO:teuthology.orchestra.run.smithi060.stdout:/usr/bin/ceph: stderr
2024-05-03T14:35:32.434+0000 7f40cbe00700 1 -- 172.21.15.60:0/1040519533 <== mon.0 v2:172.21.15.60:3300/0 6 ==== mon_command_ack([{"prefix": "get_command_descriptions"}]=0 v0) ==== 72+0+191839 (secure 0 0 0) 0x7f40c4023e10 con 0x7f40d407edd0
2024-05-03T14:35:33.408 INFO:teuthology.orchestra.run.smithi060.stdout:/usr/bin/ceph: stderr
2024-05-03T14:35:32.665+0000 7f40da600700 1 -- 172.21.15.60:0/1040519533 --> [v2:172.21.15.60:6800/424391417,v1:172.21.15.60:6801/424391417] -- mgr_command(tid 0: {"prefix": "cephadm set-user", "user": "root", "target": ["mon-mgr", ""]}) -- 0x7f40d41059e0 con 0x7f40b803e470
2024-05-03T14:35:33.408 INFO:teuthology.orchestra.run.smithi060.stdout:/usr/bin/ceph: stderr
2024-05-03T14:35:32.667+0000 7f40cbe00700 1 -- 172.21.15.60:0/1040519533 <== mgr.14120 v2:172.21.15.60:6800/424391417 1 ==== mgr_command_reply(tid 0: 0 ) ==== 8+0+16 (secure 0 0 0) 0x7f40d41059e0 con 0x7f40b803e470
2024-05-03T14:35:33.408 INFO:teuthology.orchestra.run.smithi060.stdout:/usr/bin/ceph: stderr
2024-05-03T14:35:32.669+0000 7f40da600700 1 -- 172.21.15.60:0/1040519533 >> [v2:172.21.15.60:6800/424391417,v1:172.21.15.60:6801/424391417] conn(0x7f40b803e470 msgr2=0x7f40b8040930 secure :-1 s=STATE_CONNECTION_ESTABLISHED l=1).mark_down
2024-05-03T14:35:33.408 INFO:teuthology.orchestra.run.smithi060.stdout:/usr/bin/ceph: stderr
2024-05-03T14:35:32.669+0000 7f40da600700 1 --2- 172.21.15.60:0/1040519533 >> [v2:172.21.15.60:6800/424391417,v1:172.21.15.60:6801/424391417] conn(0x7f40b803e470 0x7f40b8040930 secure :-1 s=READY pgs=8 cs=0 l=1 rev1=1 crypto rx=0x7f40c0006fd0 tx=0x7f40c0006e40 comp rx=0 tx=0).stop
2024-05-03T14:35:33.408 INFO:teuthology.orchestra.run.smithi060.stdout:/usr/bin/ceph: stderr
2024-05-03T14:35:32.669+0000 7f40da600700 1 -- 172.21.15.60:0/1040519533 >> [v2:172.21.15.60:3300/0,v1:172.21.15.60:6789/0] conn(0x7f40d407edd0 msgr2=0x7f40d419f300 secure :-1 s=STATE_CONNECTION_ESTABLISHED l=1).mark_down
2024-05-03T14:35:33.408 INFO:teuthology.orchestra.run.smithi060.stdout:/usr/bin/ceph: stderr
2024-05-03T14:35:32.669+0000 7f40da600700 1 --2- 172.21.15.60:0/1040519533 >> [v2:172.21.15.60:3300/0,v1:172.21.15.60:6789/0] conn(0x7f40d407edd0 0x7f40d419f300 secure :-1 s=READY pgs=40 cs=0 l=1 rev1=1 crypto rx=0x7f40c4009fb0 tx=0x7f40c4011c60 comp rx=0 tx=0).stop
2024-05-03T14:35:33.408 INFO:teuthology.orchestra.run.smithi060.stdout:/usr/bin/ceph: stderr
2024-05-03T14:35:32.670+0000 7f40da600700 1 -- 172.21.15.60:0/1040519533 shutdown_connections
2024-05-03T14:35:33.408 INFO:teuthology.orchestra.run.smithi060.stdout:/usr/bin/ceph: stderr
2024-05-03T14:35:32.670+0000 7f40da600700 1 --2- 172.21.15.60:0/1040519533 >> [v2:172.21.15.60:6800/424391417,v1:172.21.15.60:6801/424391417] conn(0x7f40b803e470 0x7f40b8040930 unknown :-1 s=CLOSED pgs=8 cs=0 l=1 rev1=1 crypto rx=0 tx=0 comp rx=0 tx=0).stop
2024-05-03T14:35:33.408 INFO:teuthology.orchestra.run.smithi060.stdout:/usr/bin/ceph: stderr
2024-05-03T14:35:32.670+0000 7f40da600700 1 --2- 172.21.15.60:0/1040519533 >> [v2:172.21.15.60:3300/0,v1:172.21.15.60:6789/0] conn(0x7f40d407edd0 0x7f40d419f300 unknown :-1 s=CLOSED pgs=40 cs=0 l=1 rev1=1 crypto rx=0 tx=0 comp rx=0 tx=0).stop
2024-05-03T14:35:33.408 INFO:teuthology.orchestra.run.smithi060.stdout:/usr/bin/ceph: stderr
2024-05-03T14:35:32.670+0000 7f40da600700 1 -- 172.21.15.60:0/1040519533 >> 172.21.15.60:0/1040519533 conn(0x7f40d4104750 msgr2=0x7f40d41052d0 unknown :-1 s=STATE_NONE l=0).mark_down
2024-05-03T14:35:33.409 INFO:teuthology.orchestra.run.smithi060.stdout:/usr/bin/ceph: stderr
2024-05-03T14:35:32.670+0000 7f40da600700 1 -- 172.21.15.60:0/1040519533 shutdown_connections
2024-05-03T14:35:33.409 INFO:teuthology.orchestra.run.smithi060.stdout:/usr/bin/ceph: stderr
2024-05-03T14:35:32.670+0000 7f40da600700 1 -- 172.21.15.60:0/1040519533 wait complete.
2024-05-03T14:35:33.409 INFO:teuthology.orchestra.run.smithi060.stdout:Generating ssh key...
2024-05-03T14:35:35.021 INFO:journalctl@ceph.mon.a.smithi060.stdout:May 03 14:35:34 smithi060 ceph-mon[28873]: from='client.14136 -' entity='client.admin' cmd=[{"prefix": "cephadm generate-key", "target": ["mon-mgr", ""]}]: dispatch
2024-05-03T14:35:35.022 INFO:journalctl@ceph.mon.a.smithi060.stdout:May 03 14:35:34 smithi060 ceph-mon[28873]: Generating ssh key...
2024-05-03T14:35:35.022 INFO:journalctl@ceph.mgr.x.smithi060.stdout:May 03 14:35:34 smithi060 ceph-285d64b2-095a-11ef-bc97-c7b262605968-mgr-x[29112]: Generating public/private rsa key pair.
2024-05-03T14:35:35.022 INFO:journalctl@ceph.mgr.x.smithi060.stdout:May 03 14:35:34 smithi060 ceph-285d64b2-095a-11ef-bc97-c7b262605968-mgr-x[29112]: Your identification has been saved in /tmp/tmpd6kduw_p/key.
2024-05-03T14:35:35.022 INFO:journalctl@ceph.mgr.x.smithi060.stdout:May 03 14:35:34 smithi060 ceph-285d64b2-095a-11ef-bc97-c7b262605968-mgr-x[29112]: Your public key has been saved in /tmp/tmpd6kduw_p/key.pub.
2024-05-03T14:35:35.022 INFO:journalctl@ceph.mgr.x.smithi060.stdout:May 03 14:35:34 smithi060 ceph-285d64b2-095a-11ef-bc97-c7b262605968-mgr-x[29112]: The key fingerprint is:
2024-05-03T14:35:35.023 INFO:journalctl@ceph.mgr.x.smithi060.stdout:May 03 14:35:34 smithi060 ceph-285d64b2-095a-11ef-bc97-c7b262605968-mgr-x[29112]: SHA256:VvjC+BFTd5uBp7d1aZ490P9ukKXZiA+/dkSk1B67zEc ceph-285d64b2-095a-11ef-bc97-c7b262605968
2024-05-03T14:35:35.023 INFO:journalctl@ceph.mgr.x.smithi060.stdout:May 03 14:35:34 smithi060 ceph-285d64b2-095a-11ef-bc97-c7b262605968-mgr-x[29112]: The key's randomart image is:
2024-05-03T14:35:35.023 INFO:journalctl@ceph.mgr.x.smithi060.stdout:May 03 14:35:34 smithi060 ceph-285d64b2-095a-11ef-bc97-c7b262605968-mgr-x[29112]: +---[RSA 3072]----+
2024-05-03T14:35:35.023 INFO:journalctl@ceph.mgr.x.smithi060.stdout:May 03 14:35:34 smithi060 ceph-285d64b2-095a-11ef-bc97-c7b262605968-mgr-x[29112]: | . ..o. |
2024-05-03T14:35:35.023 INFO:journalctl@ceph.mgr.x.smithi060.stdout:May 03 14:35:34 smithi060 ceph-285d64b2-095a-11ef-bc97-c7b262605968-mgr-x[29112]: | o ...o=o|
2024-05-03T14:35:35.023 INFO:journalctl@ceph.mgr.x.smithi060.stdout:May 03 14:35:34 smithi060 ceph-285d64b2-095a-11ef-bc97-c7b262605968-mgr-x[29112]: | + . ++++|
2024-05-03T14:35:35.023 INFO:journalctl@ceph.mgr.x.smithi060.stdout:May 03 14:35:34 smithi060 ceph-285d64b2-095a-11ef-bc97-c7b262605968-mgr-x[29112]: | o = ..o=E|
2024-05-03T14:35:35.023 INFO:journalctl@ceph.mgr.x.smithi060.stdout:May 03 14:35:34 smithi060 ceph-285d64b2-095a-11ef-bc97-c7b262605968-mgr-x[29112]: | . S . o*%*|
2024-05-03T14:35:35.023 INFO:journalctl@ceph.mgr.x.smithi060.stdout:May 03 14:35:34 smithi060 ceph-285d64b2-095a-11ef-bc97-c7b262605968-mgr-x[29112]: | o o o BB*|
2024-05-03T14:35:35.023 INFO:journalctl@ceph.mgr.x.smithi060.stdout:May 03 14:35:34 smithi060 ceph-285d64b2-095a-11ef-bc97-c7b262605968-mgr-x[29112]: | . + o+|
2024-05-03T14:35:35.023 INFO:journalctl@ceph.mgr.x.smithi060.stdout:May 03 14:35:34 smithi060 ceph-285d64b2-095a-11ef-bc97-c7b262605968-mgr-x[29112]: | + +|
2024-05-03T14:35:35.023 INFO:journalctl@ceph.mgr.x.smithi060.stdout:May 03 14:35:34 smithi060 ceph-285d64b2-095a-11ef-bc97-c7b262605968-mgr-x[29112]: | ..=.|
2024-05-03T14:35:35.023 INFO:journalctl@ceph.mgr.x.smithi060.stdout:May 03 14:35:34 smithi060 ceph-285d64b2-095a-11ef-bc97-c7b262605968-mgr-x[29112]: +----[SHA256]-----+
2024-05-03T14:35:35.640 INFO:teuthology.orchestra.run.smithi060.stdout:/usr/bin/ceph: stderr
2024-05-03T14:35:34.051+0000 7f6adae00700 1 Processor -- start
2024-05-03T14:35:35.640 INFO:teuthology.orchestra.run.smithi060.stdout:/usr/bin/ceph: stderr
2024-05-03T14:35:34.051+0000 7f6adae00700 1 -- start start
2024-05-03T14:35:35.640 INFO:teuthology.orchestra.run.smithi060.stdout:/usr/bin/ceph: stderr
2024-05-03T14:35:34.052+0000 7f6adae00700 1 --2- >> [v2:172.21.15.60:3300/0,v1:172.21.15.60:6789/0] conn(0x7f6ad410fcf0 0x7f6ad41120e0 unknown :-1 s=NONE pgs=0 cs=0 l=0 rev1=0 crypto rx=0 tx=0 comp rx=0 tx=0).connect
2024-05-03T14:35:35.640 INFO:teuthology.orchestra.run.smithi060.stdout:/usr/bin/ceph: stderr
2024-05-03T14:35:34.052+0000 7f6adae00700 1 -- --> [v2:172.21.15.60:3300/0,v1:172.21.15.60:6789/0] -- mon_getmap magic: 0 -- 0x7f6ad4112620 con 0x7f6ad410fcf0
2024-05-03T14:35:35.641 INFO:teuthology.orchestra.run.smithi060.stdout:/usr/bin/ceph: stderr
2024-05-03T14:35:34.052+0000 7f6ad9a00700 1 --2- >> [v2:172.21.15.60:3300/0,v1:172.21.15.60:6789/0] conn(0x7f6ad410fcf0 0x7f6ad41120e0 unknown :-1 s=BANNER_CONNECTING pgs=0 cs=0 l=0 rev1=0 crypto rx=0 tx=0 comp rx=0 tx=0)._handle_peer_banner_payload supported=3 required=0
2024-05-03T14:35:35.641 INFO:teuthology.orchestra.run.smithi060.stdout:/usr/bin/ceph: stderr
2024-05-03T14:35:34.053+0000 7f6ad9a00700 1 --2- >> [v2:172.21.15.60:3300/0,v1:172.21.15.60:6789/0] conn(0x7f6ad410fcf0 0x7f6ad41120e0 unknown :-1 s=HELLO_CONNECTING pgs=0 cs=0 l=0 rev1=1 crypto rx=0 tx=0 comp rx=0 tx=0).handle_hello peer v2:172.21.15.60:3300/0 says I am v2:172.21.15.60:51008/0 (socket says 172.21.15.60:51008)
2024-05-03T14:35:35.641 INFO:teuthology.orchestra.run.smithi060.stdout:/usr/bin/ceph: stderr
2024-05-03T14:35:34.053+0000 7f6ad9a00700 1 -- 172.21.15.60:0/4256218973 learned_addr learned my addr 172.21.15.60:0/4256218973 (peer_addr_for_me v2:172.21.15.60:0/0)
2024-05-03T14:35:35.641 INFO:teuthology.orchestra.run.smithi060.stdout:/usr/bin/ceph: stderr
2024-05-03T14:35:34.053+0000 7f6ad9a00700 1 -- 172.21.15.60:0/4256218973 --> [v2:172.21.15.60:3300/0,v1:172.21.15.60:6789/0] -- mon_subscribe({config=0+,monmap=0+}) -- 0x7f6ad41127a0 con 0x7f6ad410fcf0
2024-05-03T14:35:35.641 INFO:teuthology.orchestra.run.smithi060.stdout:/usr/bin/ceph: stderr
2024-05-03T14:35:34.053+0000 7f6ad9a00700 1 --2- 172.21.15.60:0/4256218973 >> [v2:172.21.15.60:3300/0,v1:172.21.15.60:6789/0] conn(0x7f6ad410fcf0 0x7f6ad41120e0 secure :-1 s=READY pgs=41 cs=0 l=1 rev1=1 crypto rx=0x7f6ac80098a0 tx=0x7f6ac8009bb0 comp rx=0 tx=0).ready entity=mon.0 client_cookie=9e0340ab570ae1b3 server_cookie=0 in_seq=0 out_seq=0
2024-05-03T14:35:35.641 INFO:teuthology.orchestra.run.smithi060.stdout:/usr/bin/ceph: stderr
2024-05-03T14:35:34.054+0000 7f6ad3e00700 1 -- 172.21.15.60:0/4256218973 <== mon.0 v2:172.21.15.60:3300/0 1 ==== mon_map magic: 0 ==== 205+0+0 (secure 0 0 0) 0x7f6ac8004160 con 0x7f6ad410fcf0
2024-05-03T14:35:35.641 INFO:teuthology.orchestra.run.smithi060.stdout:/usr/bin/ceph: stderr
2024-05-03T14:35:34.054+0000 7f6ad3e00700 1 -- 172.21.15.60:0/4256218973 <== mon.0 v2:172.21.15.60:3300/0 2 ==== config(28 keys) ==== 1139+0+0 (secure 0 0 0) 0x7f6ac8004300 con 0x7f6ad410fcf0
2024-05-03T14:35:35.641 INFO:teuthology.orchestra.run.smithi060.stdout:/usr/bin/ceph: stderr
2024-05-03T14:35:34.054+0000 7f6ad3e00700 1 -- 172.21.15.60:0/4256218973 <== mon.0 v2:172.21.15.60:3300/0 3 ==== mon_map magic: 0 ==== 205+0+0 (secure 0 0 0) 0x7f6ac8011c00 con 0x7f6ad410fcf0
2024-05-03T14:35:35.641 INFO:teuthology.orchestra.run.smithi060.stdout:/usr/bin/ceph: stderr
2024-05-03T14:35:34.054+0000 7f6adae00700 1 -- 172.21.15.60:0/4256218973 >> [v2:172.21.15.60:3300/0,v1:172.21.15.60:6789/0] conn(0x7f6ad410fcf0 msgr2=0x7f6ad41120e0 secure :-1 s=STATE_CONNECTION_ESTABLISHED l=1).mark_down
2024-05-03T14:35:35.641 INFO:teuthology.orchestra.run.smithi060.stdout:/usr/bin/ceph: stderr
2024-05-03T14:35:34.054+0000 7f6adae00700 1 --2- 172.21.15.60:0/4256218973 >> [v2:172.21.15.60:3300/0,v1:172.21.15.60:6789/0] conn(0x7f6ad410fcf0 0x7f6ad41120e0 secure :-1 s=READY pgs=41 cs=0 l=1 rev1=1 crypto rx=0x7f6ac80098a0 tx=0x7f6ac8009bb0 comp rx=0 tx=0).stop
2024-05-03T14:35:35.641 INFO:teuthology.orchestra.run.smithi060.stdout:/usr/bin/ceph: stderr
2024-05-03T14:35:34.054+0000 7f6adae00700 1 -- 172.21.15.60:0/4256218973 shutdown_connections
2024-05-03T14:35:35.641 INFO:teuthology.orchestra.run.smithi060.stdout:/usr/bin/ceph: stderr
2024-05-03T14:35:34.054+0000 7f6adae00700 1 --2- 172.21.15.60:0/4256218973 >> [v2:172.21.15.60:3300/0,v1:172.21.15.60:6789/0] conn(0x7f6ad410fcf0 0x7f6ad41120e0 unknown :-1 s=CLOSED pgs=41 cs=0 l=1 rev1=1 crypto rx=0 tx=0 comp rx=0 tx=0).stop
2024-05-03T14:35:35.642 INFO:teuthology.orchestra.run.smithi060.stdout:/usr/bin/ceph: stderr
2024-05-03T14:35:34.054+0000 7f6adae00700 1 -- 172.21.15.60:0/4256218973 >> 172.21.15.60:0/4256218973 conn(0x7f6ad407ec10 msgr2=0x7f6ad4081030 unknown :-1 s=STATE_NONE l=0).mark_down
2024-05-03T14:35:35.642 INFO:teuthology.orchestra.run.smithi060.stdout:/usr/bin/ceph: stderr
2024-05-03T14:35:34.055+0000 7f6adae00700 1 -- 172.21.15.60:0/4256218973 shutdown_connections
2024-05-03T14:35:35.642 INFO:teuthology.orchestra.run.smithi060.stdout:/usr/bin/ceph: stderr
2024-05-03T14:35:34.055+0000 7f6adae00700 1 -- 172.21.15.60:0/4256218973 wait complete.
2024-05-03T14:35:35.642 INFO:teuthology.orchestra.run.smithi060.stdout:/usr/bin/ceph: stderr
2024-05-03T14:35:34.056+0000 7f6adae00700 1 Processor -- start
2024-05-03T14:35:35.642 INFO:teuthology.orchestra.run.smithi060.stdout:/usr/bin/ceph: stderr
2024-05-03T14:35:34.056+0000 7f6adae00700 1 -- start start
2024-05-03T14:35:35.642 INFO:teuthology.orchestra.run.smithi060.stdout:/usr/bin/ceph: stderr
2024-05-03T14:35:34.056+0000 7f6adae00700 1 --2- >> [v2:172.21.15.60:3300/0,v1:172.21.15.60:6789/0] conn(0x7f6ad410fcf0 0x7f6ad41a34f0 unknown :-1 s=NONE pgs=0 cs=0 l=1 rev1=0 crypto rx=0 tx=0 comp rx=0 tx=0).connect
2024-05-03T14:35:35.642 INFO:teuthology.orchestra.run.smithi060.stdout:/usr/bin/ceph: stderr
2024-05-03T14:35:34.056+0000 7f6adae00700 1 -- --> [v2:172.21.15.60:3300/0,v1:172.21.15.60:6789/0] -- mon_getmap magic: 0 -- 0x7f6ad4113890 con 0x7f6ad410fcf0
2024-05-03T14:35:35.642 INFO:teuthology.orchestra.run.smithi060.stdout:/usr/bin/ceph: stderr
2024-05-03T14:35:34.056+0000 7f6ad9a00700 1 --2- >> [v2:172.21.15.60:3300/0,v1:172.21.15.60:6789/0] conn(0x7f6ad410fcf0 0x7f6ad41a34f0 unknown :-1 s=BANNER_CONNECTING pgs=0 cs=0 l=1 rev1=0 crypto rx=0 tx=0 comp rx=0 tx=0)._handle_peer_banner_payload supported=3 required=0
2024-05-03T14:35:35.642 INFO:teuthology.orchestra.run.smithi060.stdout:/usr/bin/ceph: stderr
2024-05-03T14:35:34.056+0000 7f6ad9a00700 1 --2- >> [v2:172.21.15.60:3300/0,v1:172.21.15.60:6789/0] conn(0x7f6ad410fcf0 0x7f6ad41a34f0 unknown :-1 s=HELLO_CONNECTING pgs=0 cs=0 l=1 rev1=1 crypto rx=0 tx=0 comp rx=0 tx=0).handle_hello peer v2:172.21.15.60:3300/0 says I am v2:172.21.15.60:51016/0 (socket says 172.21.15.60:51016)
2024-05-03T14:35:35.642 INFO:teuthology.orchestra.run.smithi060.stdout:/usr/bin/ceph: stderr
2024-05-03T14:35:34.056+0000 7f6ad9a00700 1 -- 172.21.15.60:0/867276608 learned_addr learned my addr 172.21.15.60:0/867276608 (peer_addr_for_me v2:172.21.15.60:0/0)
2024-05-03T14:35:35.642 INFO:teuthology.orchestra.run.smithi060.stdout:/usr/bin/ceph: stderr
2024-05-03T14:35:34.057+0000 7f6ad9a00700 1 -- 172.21.15.60:0/867276608 --> [v2:172.21.15.60:3300/0,v1:172.21.15.60:6789/0] -- mon_subscribe({config=0+,monmap=0+}) -- 0x7f6ad41a3a30 con 0x7f6ad410fcf0
2024-05-03T14:35:35.642 INFO:teuthology.orchestra.run.smithi060.stdout:/usr/bin/ceph: stderr
2024-05-03T14:35:34.057+0000 7f6ad9a00700 1 --2- 172.21.15.60:0/867276608 >> [v2:172.21.15.60:3300/0,v1:172.21.15.60:6789/0] conn(0x7f6ad410fcf0 0x7f6ad41a34f0 secure :-1 s=READY pgs=42 cs=0 l=1 rev1=1 crypto rx=0x7f6ac80118c0 tx=0x7f6ac8011c80 comp rx=0 tx=0).ready entity=mon.0 client_cookie=0 server_cookie=0 in_seq=0 out_seq=0
2024-05-03T14:35:35.642 INFO:teuthology.orchestra.run.smithi060.stdout:/usr/bin/ceph: stderr
2024-05-03T14:35:34.057+0000 7f6ad2000700 1 -- 172.21.15.60:0/867276608 <== mon.0 v2:172.21.15.60:3300/0 1 ==== mon_map magic: 0 ==== 205+0+0 (secure 0 0 0) 0x7f6ac8003af0 con 0x7f6ad410fcf0
2024-05-03T14:35:35.643 INFO:teuthology.orchestra.run.smithi060.stdout:/usr/bin/ceph: stderr
2024-05-03T14:35:34.057+0000 7f6ad2000700 1 -- 172.21.15.60:0/867276608 <== mon.0 v2:172.21.15.60:3300/0 2 ==== config(28 keys) ==== 1139+0+0 (secure 0 0 0) 0x7f6ac8020070 con 0x7f6ad410fcf0
2024-05-03T14:35:35.643 INFO:teuthology.orchestra.run.smithi060.stdout:/usr/bin/ceph: stderr
2024-05-03T14:35:34.057+0000 7f6adae00700 1 -- 172.21.15.60:0/867276608 --> [v2:172.21.15.60:3300/0,v1:172.21.15.60:6789/0] -- mon_subscribe({mgrmap=0+}) -- 0x7f6ad41a3cc0 con 0x7f6ad410fcf0
2024-05-03T14:35:35.643 INFO:teuthology.orchestra.run.smithi060.stdout:/usr/bin/ceph: stderr
2024-05-03T14:35:34.057+0000 7f6ad2000700 1 -- 172.21.15.60:0/867276608 <== mon.0 v2:172.21.15.60:3300/0 3 ==== mon_map magic: 0 ==== 205+0+0 (secure 0 0 0) 0x7f6ac80195e0 con 0x7f6ad410fcf0
2024-05-03T14:35:35.643 INFO:teuthology.orchestra.run.smithi060.stdout:/usr/bin/ceph: stderr
2024-05-03T14:35:34.058+0000 7f6adae00700 1 -- 172.21.15.60:0/867276608 --> [v2:172.21.15.60:3300/0,v1:172.21.15.60:6789/0] -- mon_subscribe({osdmap=0}) -- 0x7f6ad41a69b0 con 0x7f6ad410fcf0
2024-05-03T14:35:35.643 INFO:teuthology.orchestra.run.smithi060.stdout:/usr/bin/ceph: stderr
2024-05-03T14:35:34.059+0000 7f6ad2000700 1 -- 172.21.15.60:0/867276608 <== mon.0 v2:172.21.15.60:3300/0 4 ==== mgrmap(e 8) ==== 50222+0+0 (secure 0 0 0) 0x7f6ac801a9a0 con 0x7f6ad410fcf0
2024-05-03T14:35:35.643 INFO:teuthology.orchestra.run.smithi060.stdout:/usr/bin/ceph: stderr
2024-05-03T14:35:34.059+0000 7f6adae00700 1 -- 172.21.15.60:0/867276608 --> [v2:172.21.15.60:3300/0,v1:172.21.15.60:6789/0] -- mon_command({"prefix": "get_command_descriptions"} v 0) -- 0x7f6ad4064b00 con 0x7f6ad410fcf0
2024-05-03T14:35:35.643 INFO:teuthology.orchestra.run.smithi060.stdout:/usr/bin/ceph: stderr
2024-05-03T14:35:34.059+0000 7f6ad2000700 1 --2- 172.21.15.60:0/867276608 >> [v2:172.21.15.60:6800/424391417,v1:172.21.15.60:6801/424391417] conn(0x7f6abc03e4c0 0x7f6abc040980 unknown :-1 s=NONE pgs=0 cs=0 l=1 rev1=0 crypto rx=0 tx=0 comp rx=0 tx=0).connect
2024-05-03T14:35:35.643 INFO:teuthology.orchestra.run.smithi060.stdout:/usr/bin/ceph: stderr
2024-05-03T14:35:34.059+0000 7f6ad2000700 1 -- 172.21.15.60:0/867276608 <== mon.0 v2:172.21.15.60:3300/0 5 ==== osd_map(2..2 src has 1..2) ==== 940+0+0 (secure 0 0 0) 0x7f6ac8058580 con 0x7f6ad410fcf0
2024-05-03T14:35:35.643 INFO:teuthology.orchestra.run.smithi060.stdout:/usr/bin/ceph: stderr
2024-05-03T14:35:34.060+0000 7f6ad9000700 1 --2- 172.21.15.60:0/867276608 >> [v2:172.21.15.60:6800/424391417,v1:172.21.15.60:6801/424391417] conn(0x7f6abc03e4c0 0x7f6abc040980 unknown :-1 s=BANNER_CONNECTING pgs=0 cs=0 l=1 rev1=0 crypto rx=0 tx=0 comp rx=0 tx=0)._handle_peer_banner_payload supported=3 required=0
2024-05-03T14:35:35.643 INFO:teuthology.orchestra.run.smithi060.stdout:/usr/bin/ceph: stderr
2024-05-03T14:35:34.060+0000 7f6ad9000700 1 --2- 172.21.15.60:0/867276608 >> [v2:172.21.15.60:6800/424391417,v1:172.21.15.60:6801/424391417] conn(0x7f6abc03e4c0 0x7f6abc040980 secure :-1 s=READY pgs=9 cs=0 l=1 rev1=1 crypto rx=0x7f6ac0006fd0 tx=0x7f6ac0006e40 comp rx=0 tx=0).ready entity=mgr.14120 client_cookie=0 server_cookie=0 in_seq=0 out_seq=0
2024-05-03T14:35:35.643 INFO:teuthology.orchestra.run.smithi060.stdout:/usr/bin/ceph: stderr
2024-05-03T14:35:34.065+0000 7f6ad2000700 1 -- 172.21.15.60:0/867276608 <== mon.0 v2:172.21.15.60:3300/0 6 ==== mon_command_ack([{"prefix": "get_command_descriptions"}]=0 v0) ==== 72+0+191839 (secure 0 0 0) 0x7f6ac80172b0 con 0x7f6ad410fcf0
2024-05-03T14:35:35.643 INFO:teuthology.orchestra.run.smithi060.stdout:/usr/bin/ceph: stderr
2024-05-03T14:35:34.303+0000 7f6adae00700 1 -- 172.21.15.60:0/867276608 --> [v2:172.21.15.60:6800/424391417,v1:172.21.15.60:6801/424391417] -- mgr_command(tid 0: {"prefix": "cephadm generate-key", "target": ["mon-mgr", ""]}) -- 0x7f6ad4080e80 con 0x7f6abc03e4c0
2024-05-03T14:35:35.643 INFO:teuthology.orchestra.run.smithi060.stdout:/usr/bin/ceph: stderr
2024-05-03T14:35:34.999+0000 7f6ad2000700 1 -- 172.21.15.60:0/867276608 <== mgr.14120 v2:172.21.15.60:6800/424391417 1 ==== mgr_command_reply(tid 0: 0 ) ==== 8+0+0 (secure 0 0 0) 0x7f6ad4080e80 con 0x7f6abc03e4c0
2024-05-03T14:35:35.643 INFO:teuthology.orchestra.run.smithi060.stdout:/usr/bin/ceph: stderr
2024-05-03T14:35:35.002+0000 7f6adae00700 1 -- 172.21.15.60:0/867276608 >> [v2:172.21.15.60:6800/424391417,v1:172.21.15.60:6801/424391417] conn(0x7f6abc03e4c0 msgr2=0x7f6abc040980 secure :-1 s=STATE_CONNECTION_ESTABLISHED l=1).mark_down
2024-05-03T14:35:35.644 INFO:teuthology.orchestra.run.smithi060.stdout:/usr/bin/ceph: stderr
2024-05-03T14:35:35.002+0000 7f6adae00700 1 --2- 172.21.15.60:0/867276608 >> [v2:172.21.15.60:6800/424391417,v1:172.21.15.60:6801/424391417] conn(0x7f6abc03e4c0 0x7f6abc040980 secure :-1 s=READY pgs=9 cs=0 l=1 rev1=1 crypto rx=0x7f6ac0006fd0 tx=0x7f6ac0006e40 comp rx=0 tx=0).stop
2024-05-03T14:35:35.644 INFO:teuthology.orchestra.run.smithi060.stdout:/usr/bin/ceph: stderr
2024-05-03T14:35:35.002+0000 7f6adae00700 1 -- 172.21.15.60:0/867276608 >> [v2:172.21.15.60:3300/0,v1:172.21.15.60:6789/0] conn(0x7f6ad410fcf0 msgr2=0x7f6ad41a34f0 secure :-1 s=STATE_CONNECTION_ESTABLISHED l=1).mark_down
2024-05-03T14:35:35.644 INFO:teuthology.orchestra.run.smithi060.stdout:/usr/bin/ceph: stderr
2024-05-03T14:35:35.002+0000 7f6adae00700 1 --2- 172.21.15.60:0/867276608 >> [v2:172.21.15.60:3300/0,v1:172.21.15.60:6789/0] conn(0x7f6ad410fcf0 0x7f6ad41a34f0 secure :-1 s=READY pgs=42 cs=0 l=1 rev1=1 crypto rx=0x7f6ac80118c0 tx=0x7f6ac8011c80 comp rx=0 tx=0).stop
2024-05-03T14:35:35.644 INFO:teuthology.orchestra.run.smithi060.stdout:/usr/bin/ceph: stderr
2024-05-03T14:35:35.002+0000 7f6adae00700 1 -- 172.21.15.60:0/867276608 shutdown_connections
2024-05-03T14:35:35.644 INFO:teuthology.orchestra.run.smithi060.stdout:/usr/bin/ceph: stderr
2024-05-03T14:35:35.002+0000 7f6adae00700 1 --2- 172.21.15.60:0/867276608 >> [v2:172.21.15.60:6800/424391417,v1:172.21.15.60:6801/424391417] conn(0x7f6abc03e4c0 0x7f6abc040980 unknown :-1 s=CLOSED pgs=9 cs=0 l=1 rev1=1 crypto rx=0 tx=0 comp rx=0 tx=0).stop
2024-05-03T14:35:35.644 INFO:teuthology.orchestra.run.smithi060.stdout:/usr/bin/ceph: stderr
2024-05-03T14:35:35.002+0000 7f6adae00700 1 --2- 172.21.15.60:0/867276608 >> [v2:172.21.15.60:3300/0,v1:172.21.15.60:6789/0] conn(0x7f6ad410fcf0 0x7f6ad41a34f0 unknown :-1 s=CLOSED pgs=42 cs=0 l=1 rev1=1 crypto rx=0 tx=0 comp rx=0 tx=0).stop
2024-05-03T14:35:35.644 INFO:teuthology.orchestra.run.smithi060.stdout:/usr/bin/ceph: stderr
2024-05-03T14:35:35.002+0000 7f6adae00700 1 -- 172.21.15.60:0/867276608 >> 172.21.15.60:0/867276608 conn(0x7f6ad407ec10 msgr2=0x7f6ad4080770 unknown :-1 s=STATE_NONE l=0).mark_down
2024-05-03T14:35:35.644 INFO:teuthology.orchestra.run.smithi060.stdout:/usr/bin/ceph: stderr
2024-05-03T14:35:35.002+0000 7f6adae00700 1 -- 172.21.15.60:0/867276608 shutdown_connections
2024-05-03T14:35:35.644 INFO:teuthology.orchestra.run.smithi060.stdout:/usr/bin/ceph: stderr
2024-05-03T14:35:35.002+0000 7f6adae00700 1 -- 172.21.15.60:0/867276608 wait complete.
2024-05-03T14:35:36.263 INFO:journalctl@ceph.mon.a.smithi060.stdout:May 03 14:35:35 smithi060 ceph-mon[28873]: from='mgr.14120 172.21.15.60:0/1113217389' entity='mgr.x'
2024-05-03T14:35:36.263 INFO:journalctl@ceph.mon.a.smithi060.stdout:May 03 14:35:35 smithi060 ceph-mon[28873]: from='mgr.14120 172.21.15.60:0/1113217389' entity='mgr.x'
2024-05-03T14:35:37.225 INFO:journalctl@ceph.mon.a.smithi060.stdout:May 03 14:35:36 smithi060 ceph-mon[28873]: from='client.14138 -' entity='client.admin' cmd=[{"prefix": "cephadm get-pub-key", "target": ["mon-mgr", ""]}]: dispatch
2024-05-03T14:35:37.237 INFO:teuthology.orchestra.run.smithi060.stdout:/usr/bin/ceph: stdout ssh-rsa AAAAB3NzaC1yc2EAAAADAQABAAABgQDGj+Vyqd8aAQiJp4VPt9ZKpUtijfX5oIjqped5rn0oI9rdDS2uD8reuxqzIi5HZaW21BYBG25pAunMBdHpW2r5Iw6t17emAMGMh0AxPsQzJ8tG8J+mjWz2bX36Y6w+/8yyDvBziiWJYZXIRRB6bxxgHUQuO29wcg5bvG2M82wmguHSBQ+ZE5CQ7b7Tl8+nTbnif/4kD7lDxF74bsRQyMxbUf2gnC/XhKSEZpHXzWzD3/6+zaUZ7fm7gFxI4PgMo96XXQ7fYfCvpiUoqWPUnKLyh9/gQEZfT4Zmpagc+HHbjUoGiNWQlh1L/gsi8IpJOsb1T0tAUGd9jB+uxUMbcSTc2CfvrVf8S6qKB5rngS5D65Sy32no0JbBISShCsvoW6NZViImbtLc1mQZ6kcXmjXRbTxVuabIgz7rLT/GToKbnr7HmZAPiPCVcaC2Jn+FyFfMx6WMwPKwSkj5WqOKUDiE7gkzp9Zp/8YAbx9UwqMJgmSapet11CvOhKeXCVKqGlE= ceph-285d64b2-095a-11ef-bc97-c7b262605968
2024-05-03T14:35:37.238 INFO:teuthology.orchestra.run.smithi060.stdout:/usr/bin/ceph: stderr
2024-05-03T14:35:36.259+0000 7fedd9800700 1 Processor -- start
2024-05-03T14:35:37.238 INFO:teuthology.orchestra.run.smithi060.stdout:/usr/bin/ceph: stderr
2024-05-03T14:35:36.259+0000 7fedd9800700 1 -- start start
