2024-05-03T14:36:05.994 INFO:teuthology.orchestra.run.smithi060.stdout:/usr/bin/ceph: stderr
2024-05-03T14:35:57.438+0000 7f21a3600700 1 -- 172.21.15.60:0/1060082482 --> [v2:172.21.15.60:3300/0,v1:172.21.15.60:6789/0] -- mon_subscribe({osdmap=0}) -- 0x7f219c1a2820 con 0x7f219c108010
2024-05-03T14:36:05.994 INFO:teuthology.orchestra.run.smithi060.stdout:/usr/bin/ceph: stderr
2024-05-03T14:35:57.439+0000 7f219a000700 1 -- 172.21.15.60:0/1060082482 <== mon.0 v2:172.21.15.60:3300/0 4 ==== mgrmap(e 9) ==== 50235+0+0 (secure 0 0 0) 0x7f218c028060 con 0x7f219c108010
2024-05-03T14:36:05.994 INFO:teuthology.orchestra.run.smithi060.stdout:/usr/bin/ceph: stderr
2024-05-03T14:35:57.439+0000 7f219a000700 1 --2- 172.21.15.60:0/1060082482 >> [v2:172.21.15.60:6800/424391417,v1:172.21.15.60:6801/424391417] conn(0x7f218003e520 0x7f21800409e0 unknown :-1 s=NONE pgs=0 cs=0 l=1 rev1=0 crypto rx=0 tx=0 comp rx=0 tx=0).connect
2024-05-03T14:36:05.994 INFO:teuthology.orchestra.run.smithi060.stdout:/usr/bin/ceph: stderr
2024-05-03T14:35:57.439+0000 7f219a000700 1 -- 172.21.15.60:0/1060082482 --> [v2:172.21.15.60:6800/424391417,v1:172.21.15.60:6801/424391417] -- command(tid 0: {"prefix": "get_command_descriptions"}) -- 0x7f21800410f0 con 0x7f218003e520
2024-05-03T14:36:05.994 INFO:teuthology.orchestra.run.smithi060.stdout:/usr/bin/ceph: stderr
2024-05-03T14:35:57.439+0000 7f219a000700 1 -- 172.21.15.60:0/1060082482 <== mon.0 v2:172.21.15.60:3300/0 5 ==== osd_map(2..2 src has 1..2) ==== 940+0+0 (secure 0 0 0) 0x7f218c0537d0 con 0x7f219c108010
2024-05-03T14:36:05.994 INFO:teuthology.orchestra.run.smithi060.stdout:/usr/bin/ceph: stderr
2024-05-03T14:35:57.439+0000 7f2193e00700 1 -- 172.21.15.60:0/1060082482 >> [v2:172.21.15.60:6800/424391417,v1:172.21.15.60:6801/424391417] conn(0x7f218003e520 msgr2=0x7f21800409e0 unknown :-1 s=STATE_CONNECTING_RE l=1).process reconnect failed to v2:172.21.15.60:6800/424391417
2024-05-03T14:36:05.994 INFO:teuthology.orchestra.run.smithi060.stdout:/usr/bin/ceph: stderr
2024-05-03T14:35:57.440+0000 7f2193e00700 1 --2- 172.21.15.60:0/1060082482 >> [v2:172.21.15.60:6800/424391417,v1:172.21.15.60:6801/424391417] conn(0x7f218003e520 0x7f21800409e0 unknown :-1 s=START_CONNECT pgs=0 cs=0 l=1 rev1=0 crypto rx=0 tx=0 comp rx=0 tx=0)._fault waiting 0.200000
2024-05-03T14:36:05.994 INFO:teuthology.orchestra.run.smithi060.stdout:/usr/bin/ceph: stderr
2024-05-03T14:35:57.641+0000 7f2193e00700 1 -- 172.21.15.60:0/1060082482 >> [v2:172.21.15.60:6800/424391417,v1:172.21.15.60:6801/424391417] conn(0x7f218003e520 msgr2=0x7f21800409e0 unknown :-1 s=STATE_CONNECTING_RE l=1).process reconnect failed to v2:172.21.15.60:6800/424391417
2024-05-03T14:36:05.994 INFO:teuthology.orchestra.run.smithi060.stdout:/usr/bin/ceph: stderr
2024-05-03T14:35:57.641+0000 7f2193e00700 1 --2- 172.21.15.60:0/1060082482 >> [v2:172.21.15.60:6800/424391417,v1:172.21.15.60:6801/424391417] conn(0x7f218003e520 0x7f21800409e0 unknown :-1 s=START_CONNECT pgs=0 cs=0 l=1 rev1=0 crypto rx=0 tx=0 comp rx=0 tx=0)._fault waiting 0.400000
2024-05-03T14:36:05.995 INFO:teuthology.orchestra.run.smithi060.stdout:/usr/bin/ceph: stderr
2024-05-03T14:35:58.042+0000 7f2193e00700 1 -- 172.21.15.60:0/1060082482 >> [v2:172.21.15.60:6800/424391417,v1:172.21.15.60:6801/424391417] conn(0x7f218003e520 msgr2=0x7f21800409e0 unknown :-1 s=STATE_CONNECTING_RE l=1).process reconnect failed to v2:172.21.15.60:6800/424391417
2024-05-03T14:36:05.995 INFO:teuthology.orchestra.run.smithi060.stdout:/usr/bin/ceph: stderr
2024-05-03T14:35:58.042+0000 7f2193e00700 1 --2- 172.21.15.60:0/1060082482 >> [v2:172.21.15.60:6800/424391417,v1:172.21.15.60:6801/424391417] conn(0x7f218003e520 0x7f21800409e0 unknown :-1 s=START_CONNECT pgs=0 cs=0 l=1 rev1=0 crypto rx=0 tx=0 comp rx=0 tx=0)._fault waiting 0.800000
2024-05-03T14:36:05.995 INFO:teuthology.orchestra.run.smithi060.stdout:/usr/bin/ceph: stderr
2024-05-03T14:35:58.843+0000 7f2193e00700 1 -- 172.21.15.60:0/1060082482 >> [v2:172.21.15.60:6800/424391417,v1:172.21.15.60:6801/424391417] conn(0x7f218003e520 msgr2=0x7f21800409e0 unknown :-1 s=STATE_CONNECTING_RE l=1).process reconnect failed to v2:172.21.15.60:6800/424391417
2024-05-03T14:36:05.995 INFO:teuthology.orchestra.run.smithi060.stdout:/usr/bin/ceph: stderr
2024-05-03T14:35:58.843+0000 7f2193e00700 1 --2- 172.21.15.60:0/1060082482 >> [v2:172.21.15.60:6800/424391417,v1:172.21.15.60:6801/424391417] conn(0x7f218003e520 0x7f21800409e0 unknown :-1 s=START_CONNECT pgs=0 cs=0 l=1 rev1=0 crypto rx=0 tx=0 comp rx=0 tx=0)._fault waiting 1.600000
2024-05-03T14:36:05.995 INFO:teuthology.orchestra.run.smithi060.stdout:/usr/bin/ceph: stderr
2024-05-03T14:36:00.444+0000 7f2193e00700 1 -- 172.21.15.60:0/1060082482 >> [v2:172.21.15.60:6800/424391417,v1:172.21.15.60:6801/424391417] conn(0x7f218003e520 msgr2=0x7f21800409e0 unknown :-1 s=STATE_CONNECTING_RE l=1).process reconnect failed to v2:172.21.15.60:6800/424391417
2024-05-03T14:36:05.995 INFO:teuthology.orchestra.run.smithi060.stdout:/usr/bin/ceph: stderr
2024-05-03T14:36:00.444+0000 7f2193e00700 1 --2- 172.21.15.60:0/1060082482 >> [v2:172.21.15.60:6800/424391417,v1:172.21.15.60:6801/424391417] conn(0x7f218003e520 0x7f21800409e0 unknown :-1 s=START_CONNECT pgs=0 cs=0 l=1 rev1=0 crypto rx=0 tx=0 comp rx=0 tx=0)._fault waiting 3.200000
2024-05-03T14:36:05.995 INFO:teuthology.orchestra.run.smithi060.stdout:/usr/bin/ceph: stderr
2024-05-03T14:36:03.647+0000 7f2193e00700 1 -- 172.21.15.60:0/1060082482 >> [v2:172.21.15.60:6800/424391417,v1:172.21.15.60:6801/424391417] conn(0x7f218003e520 msgr2=0x7f21800409e0 unknown :-1 s=STATE_CONNECTING_RE l=1).process reconnect failed to v2:172.21.15.60:6800/424391417
2024-05-03T14:36:05.995 INFO:teuthology.orchestra.run.smithi060.stdout:/usr/bin/ceph: stderr
2024-05-03T14:36:03.647+0000 7f2193e00700 1 --2- 172.21.15.60:0/1060082482 >> [v2:172.21.15.60:6800/424391417,v1:172.21.15.60:6801/424391417] conn(0x7f218003e520 0x7f21800409e0 unknown :-1 s=START_CONNECT pgs=0 cs=0 l=1 rev1=0 crypto rx=0 tx=0 comp rx=0 tx=0)._fault waiting 6.400000
2024-05-03T14:36:05.995 INFO:teuthology.orchestra.run.smithi060.stdout:/usr/bin/ceph: stderr
2024-05-03T14:36:04.161+0000 7f219a000700 1 -- 172.21.15.60:0/1060082482 <== mon.0 v2:172.21.15.60:3300/0 6 ==== mgrmap(e 10) ==== 50002+0+0 (secure 0 0 0) 0x7f218c01f030 con 0x7f219c108010
2024-05-03T14:36:05.995 INFO:teuthology.orchestra.run.smithi060.stdout:/usr/bin/ceph: stderr
2024-05-03T14:36:04.161+0000 7f219a000700 1 -- 172.21.15.60:0/1060082482 >> [v2:172.21.15.60:6800/424391417,v1:172.21.15.60:6801/424391417] conn(0x7f218003e520 msgr2=0x7f21800409e0 unknown :-1 s=STATE_CONNECTING l=1).mark_down
2024-05-03T14:36:05.996 INFO:teuthology.orchestra.run.smithi060.stdout:/usr/bin/ceph: stderr
2024-05-03T14:36:04.161+0000 7f219a000700 1 --2- 172.21.15.60:0/1060082482 >> [v2:172.21.15.60:6800/424391417,v1:172.21.15.60:6801/424391417] conn(0x7f218003e520 0x7f21800409e0 unknown :-1 s=START_CONNECT pgs=0 cs=0 l=1 rev1=0 crypto rx=0 tx=0 comp rx=0 tx=0).stop
2024-05-03T14:36:05.996 INFO:teuthology.orchestra.run.smithi060.stdout:/usr/bin/ceph: stderr
2024-05-03T14:36:05.166+0000 7f219a000700 1 -- 172.21.15.60:0/1060082482 <== mon.0 v2:172.21.15.60:3300/0 7 ==== mgrmap(e 11) ==== 50129+0+0 (secure 0 0 0) 0x7f218c055010 con 0x7f219c108010
2024-05-03T14:36:05.996 INFO:teuthology.orchestra.run.smithi060.stdout:/usr/bin/ceph: stderr
2024-05-03T14:36:05.166+0000 7f219a000700 1 --2- 172.21.15.60:0/1060082482 >> [v2:172.21.15.60:6800/3066142956,v1:172.21.15.60:6801/3066142956] conn(0x7f2180041fa0 0x7f2180044390 unknown :-1 s=NONE pgs=0 cs=0 l=1 rev1=0 crypto rx=0 tx=0 comp rx=0 tx=0).connect
2024-05-03T14:36:05.996 INFO:teuthology.orchestra.run.smithi060.stdout:/usr/bin/ceph: stderr
2024-05-03T14:36:05.166+0000 7f219a000700 1 -- 172.21.15.60:0/1060082482 --> [v2:172.21.15.60:6800/3066142956,v1:172.21.15.60:6801/3066142956] -- command(tid 0: {"prefix": "get_command_descriptions"}) -- 0x7f218c00d140 con 0x7f2180041fa0
2024-05-03T14:36:05.996 INFO:teuthology.orchestra.run.smithi060.stdout:/usr/bin/ceph: stderr
2024-05-03T14:36:05.167+0000 7f2193e00700 1 --2- 172.21.15.60:0/1060082482 >> [v2:172.21.15.60:6800/3066142956,v1:172.21.15.60:6801/3066142956] conn(0x7f2180041fa0 0x7f2180044390 unknown :-1 s=BANNER_CONNECTING pgs=0 cs=0 l=1 rev1=0 crypto rx=0 tx=0 comp rx=0 tx=0)._handle_peer_banner_payload supported=3 required=0
2024-05-03T14:36:05.996 INFO:teuthology.orchestra.run.smithi060.stdout:/usr/bin/ceph: stderr
2024-05-03T14:36:05.169+0000 7f2193e00700 1 --2- 172.21.15.60:0/1060082482 >> [v2:172.21.15.60:6800/3066142956,v1:172.21.15.60:6801/3066142956] conn(0x7f2180041fa0 0x7f2180044390 secure :-1 s=READY pgs=2 cs=0 l=1 rev1=1 crypto rx=0x7f2184003a10 tx=0x7f2184009270 comp rx=0 tx=0).ready entity=mgr.14152 client_cookie=0 server_cookie=0 in_seq=0 out_seq=0
2024-05-03T14:36:05.996 INFO:teuthology.orchestra.run.smithi060.stdout:/usr/bin/ceph: stderr
2024-05-03T14:36:05.170+0000 7f219a000700 1 -- 172.21.15.60:0/1060082482 <== mgr.14152 v2:172.21.15.60:6800/3066142956 1 ==== command_reply(tid 0: 0 ) ==== 8+0+9564 (secure 0 0 0) 0x7f218c00d140 con 0x7f2180041fa0
2024-05-03T14:36:05.996 INFO:teuthology.orchestra.run.smithi060.stdout:/usr/bin/ceph: stderr
2024-05-03T14:36:05.180+0000 7f21a3600700 1 -- 172.21.15.60:0/1060082482 --> [v2:172.21.15.60:6800/3066142956,v1:172.21.15.60:6801/3066142956] -- command(tid 1: {"prefix": "mgr_status"}) -- 0x7f219c064b00 con 0x7f2180041fa0
2024-05-03T14:36:05.996 INFO:teuthology.orchestra.run.smithi060.stdout:/usr/bin/ceph: stderr
2024-05-03T14:36:05.180+0000 7f219a000700 1 -- 172.21.15.60:0/1060082482 <== mgr.14152 v2:172.21.15.60:6800/3066142956 2 ==== command_reply(tid 1: 0 ) ==== 8+0+52 (secure 0 0 0) 0x7f219c064b00 con 0x7f2180041fa0
2024-05-03T14:36:05.996 INFO:teuthology.orchestra.run.smithi060.stdout:/usr/bin/ceph: stderr
2024-05-03T14:36:05.181+0000 7f21a3600700 1 -- 172.21.15.60:0/1060082482 >> [v2:172.21.15.60:6800/3066142956,v1:172.21.15.60:6801/3066142956] conn(0x7f2180041fa0 msgr2=0x7f2180044390 secure :-1 s=STATE_CONNECTION_ESTABLISHED l=1).mark_down
2024-05-03T14:36:05.996 INFO:teuthology.orchestra.run.smithi060.stdout:/usr/bin/ceph: stderr
2024-05-03T14:36:05.181+0000 7f21a3600700 1 --2- 172.21.15.60:0/1060082482 >> [v2:172.21.15.60:6800/3066142956,v1:172.21.15.60:6801/3066142956] conn(0x7f2180041fa0 0x7f2180044390 secure :-1 s=READY pgs=2 cs=0 l=1 rev1=1 crypto rx=0x7f2184003a10 tx=0x7f2184009270 comp rx=0 tx=0).stop
2024-05-03T14:36:05.997 INFO:teuthology.orchestra.run.smithi060.stdout:/usr/bin/ceph: stderr
2024-05-03T14:36:05.181+0000 7f21a3600700 1 -- 172.21.15.60:0/1060082482 >> [v2:172.21.15.60:3300/0,v1:172.21.15.60:6789/0] conn(0x7f219c108010 msgr2=0x7f219c19f3b0 secure :-1 s=STATE_CONNECTION_ESTABLISHED l=1).mark_down
2024-05-03T14:36:05.997 INFO:teuthology.orchestra.run.smithi060.stdout:/usr/bin/ceph: stderr
2024-05-03T14:36:05.181+0000 7f21a3600700 1 --2- 172.21.15.60:0/1060082482 >> [v2:172.21.15.60:3300/0,v1:172.21.15.60:6789/0] conn(0x7f219c108010 0x7f219c19f3b0 secure :-1 s=READY pgs=62 cs=0 l=1 rev1=1 crypto rx=0x7f218c000c00 tx=0x7f218c00de00 comp rx=0 tx=0).stop
2024-05-03T14:36:05.997 INFO:teuthology.orchestra.run.smithi060.stdout:/usr/bin/ceph: stderr
2024-05-03T14:36:05.181+0000 7f21a3600700 1 -- 172.21.15.60:0/1060082482 shutdown_connections
2024-05-03T14:36:05.997 INFO:teuthology.orchestra.run.smithi060.stdout:/usr/bin/ceph: stderr
2024-05-03T14:36:05.181+0000 7f21a3600700 1 --2- 172.21.15.60:0/1060082482 >> [v2:172.21.15.60:6800/3066142956,v1:172.21.15.60:6801/3066142956] conn(0x7f2180041fa0 0x7f2180044390 unknown :-1 s=CLOSED pgs=2 cs=0 l=1 rev1=1 crypto rx=0 tx=0 comp rx=0 tx=0).stop
2024-05-03T14:36:05.997 INFO:teuthology.orchestra.run.smithi060.stdout:/usr/bin/ceph: stderr
2024-05-03T14:36:05.181+0000 7f21a3600700 1 --2- 172.21.15.60:0/1060082482 >> [v2:172.21.15.60:3300/0,v1:172.21.15.60:6789/0] conn(0x7f219c108010 0x7f219c19f3b0 unknown :-1 s=CLOSED pgs=62 cs=0 l=1 rev1=1 crypto rx=0 tx=0 comp rx=0 tx=0).stop
2024-05-03T14:36:05.997 INFO:teuthology.orchestra.run.smithi060.stdout:/usr/bin/ceph: stderr
2024-05-03T14:36:05.181+0000 7f21a3600700 1 --2- 172.21.15.60:0/1060082482 >> [v2:172.21.15.60:6800/424391417,v1:172.21.15.60:6801/424391417] conn(0x7f218003e520 0x7f21800409e0 unknown :-1 s=CLOSED pgs=0 cs=0 l=1 rev1=0 crypto rx=0 tx=0 comp rx=0 tx=0).stop
2024-05-03T14:36:05.997 INFO:teuthology.orchestra.run.smithi060.stdout:/usr/bin/ceph: stderr
2024-05-03T14:36:05.181+0000 7f21a3600700 1 -- 172.21.15.60:0/1060082482 >> 172.21.15.60:0/1060082482 conn(0x7f219c1035f0 msgr2=0x7f219c1915b0 unknown :-1 s=STATE_NONE l=0).mark_down
2024-05-03T14:36:05.997 INFO:teuthology.orchestra.run.smithi060.stdout:/usr/bin/ceph: stderr
2024-05-03T14:36:05.181+0000 7f21a3600700 1 -- 172.21.15.60:0/1060082482 shutdown_connections
2024-05-03T14:36:05.997 INFO:teuthology.orchestra.run.smithi060.stdout:/usr/bin/ceph: stderr
2024-05-03T14:36:05.181+0000 7f21a3600700 1 -- 172.21.15.60:0/1060082482 wait complete.
2024-05-03T14:36:05.998 INFO:teuthology.orchestra.run.smithi060.stdout:mgr epoch 9 is available
2024-05-03T14:36:05.998 INFO:teuthology.orchestra.run.smithi060.stdout:Generating a dashboard self-signed certificate...
2024-05-03T14:36:06.231 INFO:journalctl@ceph.mon.a.smithi060.stdout:May 03 14:36:06 smithi060 ceph-mon[28873]: [03/May/2024:14:36:04] ENGINE Serving on https://172.21.15.60:7150
2024-05-03T14:36:06.231 INFO:journalctl@ceph.mon.a.smithi060.stdout:May 03 14:36:06 smithi060 ceph-mon[28873]: [03/May/2024:14:36:04] ENGINE Bus STARTED
2024-05-03T14:36:06.231 INFO:journalctl@ceph.mon.a.smithi060.stdout:May 03 14:36:06 smithi060 ceph-mon[28873]: from='client.14156 -' entity='client.admin' cmd=[{"prefix": "get_command_descriptions"}]: dispatch
2024-05-03T14:36:06.232 INFO:journalctl@ceph.mon.a.smithi060.stdout:May 03 14:36:06 smithi060 ceph-mon[28873]: from='client.14156 -' entity='client.admin' cmd=[{"prefix": "mgr_status"}]: dispatch
2024-05-03T14:36:07.587 INFO:journalctl@ceph.mon.a.smithi060.stdout:May 03 14:36:07 smithi060 ceph-mon[28873]: mgrmap e12: x(active, since 2s)
2024-05-03T14:36:07.587 INFO:journalctl@ceph.mon.a.smithi060.stdout:May 03 14:36:07 smithi060 ceph-mon[28873]: from='mgr.14152 172.21.15.60:0/1178095988' entity='mgr.x'
2024-05-03T14:36:08.587 INFO:journalctl@ceph.mon.a.smithi060.stdout:May 03 14:36:08 smithi060 ceph-mon[28873]: from='client.14164 -' entity='client.admin' cmd=[{"prefix": "dashboard create-self-signed-cert", "target": ["mon-mgr", ""]}]: dispatch
2024-05-03T14:36:08.588 INFO:journalctl@ceph.mon.a.smithi060.stdout:May 03 14:36:08 smithi060 ceph-mon[28873]: from='mgr.14152 172.21.15.60:0/1178095988' entity='mgr.x'
2024-05-03T14:36:08.588 INFO:journalctl@ceph.mon.a.smithi060.stdout:May 03 14:36:08 smithi060 ceph-mon[28873]: from='mgr.14152 172.21.15.60:0/1178095988' entity='mgr.x'
2024-05-03T14:36:08.620 INFO:teuthology.orchestra.run.smithi060.stdout:/usr/bin/ceph: stdout Self-signed certificate created
2024-05-03T14:36:08.620 INFO:teuthology.orchestra.run.smithi060.stdout:/usr/bin/ceph: stderr
2024-05-03T14:36:07.350+0000 7ff9cec00700 1 Processor -- start
2024-05-03T14:36:08.620 INFO:teuthology.orchestra.run.smithi060.stdout:/usr/bin/ceph: stderr
2024-05-03T14:36:07.351+0000 7ff9cec00700 1 -- start start
2024-05-03T14:36:08.620 INFO:teuthology.orchestra.run.smithi060.stdout:/usr/bin/ceph: stderr
2024-05-03T14:36:07.351+0000 7ff9cec00700 1 --2- >> [v2:172.21.15.60:3300/0,v1:172.21.15.60:6789/0] conn(0x7ff9c807ee90 0x7ff9c807d340 unknown :-1 s=NONE pgs=0 cs=0 l=0 rev1=0 crypto rx=0 tx=0 comp rx=0 tx=0).connect
2024-05-03T14:36:08.620 INFO:teuthology.orchestra.run.smithi060.stdout:/usr/bin/ceph: stderr
2024-05-03T14:36:07.351+0000 7ff9cec00700 1 -- --> [v2:172.21.15.60:3300/0,v1:172.21.15.60:6789/0] -- mon_getmap magic: 0 -- 0x7ff9c807d910 con 0x7ff9c807ee90
2024-05-03T14:36:08.620 INFO:teuthology.orchestra.run.smithi060.stdout:/usr/bin/ceph: stderr
2024-05-03T14:36:07.351+0000 7ff9cd800700 1 --2- >> [v2:172.21.15.60:3300/0,v1:172.21.15.60:6789/0] conn(0x7ff9c807ee90 0x7ff9c807d340 unknown :-1 s=BANNER_CONNECTING pgs=0 cs=0 l=0 rev1=0 crypto rx=0 tx=0 comp rx=0 tx=0)._handle_peer_banner_payload supported=3 required=0
2024-05-03T14:36:08.621 INFO:teuthology.orchestra.run.smithi060.stdout:/usr/bin/ceph: stderr
2024-05-03T14:36:07.351+0000 7ff9cd800700 1 --2- >> [v2:172.21.15.60:3300/0,v1:172.21.15.60:6789/0] conn(0x7ff9c807ee90 0x7ff9c807d340 unknown :-1 s=HELLO_CONNECTING pgs=0 cs=0 l=0 rev1=1 crypto rx=0 tx=0 comp rx=0 tx=0).handle_hello peer v2:172.21.15.60:3300/0 says I am v2:172.21.15.60:33312/0 (socket says 172.21.15.60:33312)
2024-05-03T14:36:08.621 INFO:teuthology.orchestra.run.smithi060.stdout:/usr/bin/ceph: stderr
2024-05-03T14:36:07.351+0000 7ff9cd800700 1 -- 172.21.15.60:0/4289635543 learned_addr learned my addr 172.21.15.60:0/4289635543 (peer_addr_for_me v2:172.21.15.60:0/0)
2024-05-03T14:36:08.621 INFO:teuthology.orchestra.run.smithi060.stdout:/usr/bin/ceph: stderr
2024-05-03T14:36:07.352+0000 7ff9cd800700 1 -- 172.21.15.60:0/4289635543 --> [v2:172.21.15.60:3300/0,v1:172.21.15.60:6789/0] -- mon_subscribe({config=0+,monmap=0+}) -- 0x7ff9c807da90 con 0x7ff9c807ee90
2024-05-03T14:36:08.621 INFO:teuthology.orchestra.run.smithi060.stdout:/usr/bin/ceph: stderr
2024-05-03T14:36:07.352+0000 7ff9cd800700 1 --2- 172.21.15.60:0/4289635543 >> [v2:172.21.15.60:3300/0,v1:172.21.15.60:6789/0] conn(0x7ff9c807ee90 0x7ff9c807d340 secure :-1 s=READY pgs=70 cs=0 l=1 rev1=1 crypto rx=0x7ff9bc0098a0 tx=0x7ff9bc009bb0 comp rx=0 tx=0).ready entity=mon.0 client_cookie=13c8a61964ff65d1 server_cookie=0 in_seq=0 out_seq=0
2024-05-03T14:36:08.621 INFO:teuthology.orchestra.run.smithi060.stdout:/usr/bin/ceph: stderr
2024-05-03T14:36:07.352+0000 7ff9c7e00700 1 -- 172.21.15.60:0/4289635543 <== mon.0 v2:172.21.15.60:3300/0 1 ==== mon_map magic: 0 ==== 205+0+0 (secure 0 0 0) 0x7ff9bc004160 con 0x7ff9c807ee90
2024-05-03T14:36:08.621 INFO:teuthology.orchestra.run.smithi060.stdout:/usr/bin/ceph: stderr
2024-05-03T14:36:07.353+0000 7ff9c7e00700 1 -- 172.21.15.60:0/4289635543 <== mon.0 v2:172.21.15.60:3300/0 2 ==== config(28 keys) ==== 1170+0+0 (secure 0 0 0) 0x7ff9bc004300 con 0x7ff9c807ee90
2024-05-03T14:36:08.621 INFO:teuthology.orchestra.run.smithi060.stdout:/usr/bin/ceph: stderr
2024-05-03T14:36:07.353+0000 7ff9c7e00700 1 -- 172.21.15.60:0/4289635543 <== mon.0 v2:172.21.15.60:3300/0 3 ==== mon_map magic: 0 ==== 205+0+0 (secure 0 0 0) 0x7ff9bc011c20 con 0x7ff9c807ee90
2024-05-03T14:36:08.621 INFO:teuthology.orchestra.run.smithi060.stdout:/usr/bin/ceph: stderr
2024-05-03T14:36:07.353+0000 7ff9cec00700 1 -- 172.21.15.60:0/4289635543 >> [v2:172.21.15.60:3300/0,v1:172.21.15.60:6789/0] conn(0x7ff9c807ee90 msgr2=0x7ff9c807d340 secure :-1 s=STATE_CONNECTION_ESTABLISHED l=1).mark_down
2024-05-03T14:36:08.621 INFO:teuthology.orchestra.run.smithi060.stdout:/usr/bin/ceph: stderr
2024-05-03T14:36:07.353+0000 7ff9cec00700 1 --2- 172.21.15.60:0/4289635543 >> [v2:172.21.15.60:3300/0,v1:172.21.15.60:6789/0] conn(0x7ff9c807ee90 0x7ff9c807d340 secure :-1 s=READY pgs=70 cs=0 l=1 rev1=1 crypto rx=0x7ff9bc0098a0 tx=0x7ff9bc009bb0 comp rx=0 tx=0).stop
2024-05-03T14:36:08.621 INFO:teuthology.orchestra.run.smithi060.stdout:/usr/bin/ceph: stderr
2024-05-03T14:36:07.353+0000 7ff9cec00700 1 -- 172.21.15.60:0/4289635543 shutdown_connections
2024-05-03T14:36:08.621 INFO:teuthology.orchestra.run.smithi060.stdout:/usr/bin/ceph: stderr
2024-05-03T14:36:07.353+0000 7ff9cec00700 1 --2- 172.21.15.60:0/4289635543 >> [v2:172.21.15.60:3300/0,v1:172.21.15.60:6789/0] conn(0x7ff9c807ee90 0x7ff9c807d340 unknown :-1 s=CLOSED pgs=70 cs=0 l=1 rev1=1 crypto rx=0 tx=0 comp rx=0 tx=0).stop
2024-05-03T14:36:08.621 INFO:teuthology.orchestra.run.smithi060.stdout:/usr/bin/ceph: stderr
2024-05-03T14:36:07.353+0000 7ff9cec00700 1 -- 172.21.15.60:0/4289635543 >> 172.21.15.60:0/4289635543 conn(0x7ff9c8104500 msgr2=0x7ff9c8106920 unknown :-1 s=STATE_NONE l=0).mark_down
2024-05-03T14:36:08.621 INFO:teuthology.orchestra.run.smithi060.stdout:/usr/bin/ceph: stderr
2024-05-03T14:36:07.354+0000 7ff9cec00700 1 -- 172.21.15.60:0/4289635543 shutdown_connections
2024-05-03T14:36:08.621 INFO:teuthology.orchestra.run.smithi060.stdout:/usr/bin/ceph: stderr
2024-05-03T14:36:07.354+0000 7ff9cec00700 1 -- 172.21.15.60:0/4289635543 wait complete.
2024-05-03T14:36:08.622 INFO:teuthology.orchestra.run.smithi060.stdout:/usr/bin/ceph: stderr
2024-05-03T14:36:07.355+0000 7ff9cec00700 1 Processor -- start
2024-05-03T14:36:08.622 INFO:teuthology.orchestra.run.smithi060.stdout:/usr/bin/ceph: stderr
2024-05-03T14:36:07.355+0000 7ff9cec00700 1 -- start start
2024-05-03T14:36:08.622 INFO:teuthology.orchestra.run.smithi060.stdout:/usr/bin/ceph: stderr
2024-05-03T14:36:07.355+0000 7ff9cec00700 1 --2- >> [v2:172.21.15.60:3300/0,v1:172.21.15.60:6789/0] conn(0x7ff9c807ee90 0x7ff9c819f190 unknown :-1 s=NONE pgs=0 cs=0 l=1 rev1=0 crypto rx=0 tx=0 comp rx=0 tx=0).connect
2024-05-03T14:36:08.622 INFO:teuthology.orchestra.run.smithi060.stdout:/usr/bin/ceph: stderr
2024-05-03T14:36:07.356+0000 7ff9cec00700 1 -- --> [v2:172.21.15.60:3300/0,v1:172.21.15.60:6789/0] -- mon_getmap magic: 0 -- 0x7ff9c810f580 con 0x7ff9c807ee90
2024-05-03T14:36:08.622 INFO:teuthology.orchestra.run.smithi060.stdout:/usr/bin/ceph: stderr
2024-05-03T14:36:07.356+0000 7ff9cd800700 1 --2- >> [v2:172.21.15.60:3300/0,v1:172.21.15.60:6789/0] conn(0x7ff9c807ee90 0x7ff9c819f190 unknown :-1 s=BANNER_CONNECTING pgs=0 cs=0 l=1 rev1=0 crypto rx=0 tx=0 comp rx=0 tx=0)._handle_peer_banner_payload supported=3 required=0
2024-05-03T14:36:08.622 INFO:teuthology.orchestra.run.smithi060.stdout:/usr/bin/ceph: stderr
2024-05-03T14:36:07.356+0000 7ff9cd800700 1 --2- >> [v2:172.21.15.60:3300/0,v1:172.21.15.60:6789/0] conn(0x7ff9c807ee90 0x7ff9c819f190 unknown :-1 s=HELLO_CONNECTING pgs=0 cs=0 l=1 rev1=1 crypto rx=0 tx=0 comp rx=0 tx=0).handle_hello peer v2:172.21.15.60:3300/0 says I am v2:172.21.15.60:33328/0 (socket says 172.21.15.60:33328)
2024-05-03T14:36:08.622 INFO:teuthology.orchestra.run.smithi060.stdout:/usr/bin/ceph: stderr
2024-05-03T14:36:07.356+0000 7ff9cd800700 1 -- 172.21.15.60:0/482936076 learned_addr learned my addr 172.21.15.60:0/482936076 (peer_addr_for_me v2:172.21.15.60:0/0)
2024-05-03T14:36:08.622 INFO:teuthology.orchestra.run.smithi060.stdout:/usr/bin/ceph: stderr
2024-05-03T14:36:07.356+0000 7ff9cd800700 1 -- 172.21.15.60:0/482936076 --> [v2:172.21.15.60:3300/0,v1:172.21.15.60:6789/0] -- mon_subscribe({config=0+,monmap=0+}) -- 0x7ff9c819f6d0 con 0x7ff9c807ee90
2024-05-03T14:36:08.622 INFO:teuthology.orchestra.run.smithi060.stdout:/usr/bin/ceph: stderr
2024-05-03T14:36:07.357+0000 7ff9cd800700 1 --2- 172.21.15.60:0/482936076 >> [v2:172.21.15.60:3300/0,v1:172.21.15.60:6789/0] conn(0x7ff9c807ee90 0x7ff9c819f190 secure :-1 s=READY pgs=71 cs=0 l=1 rev1=1 crypto rx=0x7ff9bc009fb0 tx=0x7ff9bc011a70 comp rx=0 tx=0).ready entity=mon.0 client_cookie=0 server_cookie=0 in_seq=0 out_seq=0
2024-05-03T14:36:08.622 INFO:teuthology.orchestra.run.smithi060.stdout:/usr/bin/ceph: stderr
2024-05-03T14:36:07.357+0000 7ff9c6000700 1 -- 172.21.15.60:0/482936076 <== mon.0 v2:172.21.15.60:3300/0 1 ==== mon_map magic: 0 ==== 205+0+0 (secure 0 0 0) 0x7ff9bc0036a0 con 0x7ff9c807ee90
2024-05-03T14:36:08.622 INFO:teuthology.orchestra.run.smithi060.stdout:/usr/bin/ceph: stderr
2024-05-03T14:36:07.357+0000 7ff9c6000700 1 -- 172.21.15.60:0/482936076 <== mon.0 v2:172.21.15.60:3300/0 2 ==== config(28 keys) ==== 1170+0+0 (secure 0 0 0) 0x7ff9bc003d40 con 0x7ff9c807ee90
2024-05-03T14:36:08.622 INFO:teuthology.orchestra.run.smithi060.stdout:/usr/bin/ceph: stderr
2024-05-03T14:36:07.357+0000 7ff9cec00700 1 -- 172.21.15.60:0/482936076 --> [v2:172.21.15.60:3300/0,v1:172.21.15.60:6789/0] -- mon_subscribe({mgrmap=0+}) -- 0x7ff9c819f960 con 0x7ff9c807ee90
2024-05-03T14:36:08.622 INFO:teuthology.orchestra.run.smithi060.stdout:/usr/bin/ceph: stderr
2024-05-03T14:36:07.357+0000 7ff9c6000700 1 -- 172.21.15.60:0/482936076 <== mon.0 v2:172.21.15.60:3300/0 3 ==== mon_map magic: 0 ==== 205+0+0 (secure 0 0 0) 0x7ff9bc01a430 con 0x7ff9c807ee90
2024-05-03T14:36:08.622 INFO:teuthology.orchestra.run.smithi060.stdout:/usr/bin/ceph: stderr
2024-05-03T14:36:07.357+0000 7ff9cec00700 1 -- 172.21.15.60:0/482936076 --> [v2:172.21.15.60:3300/0,v1:172.21.15.60:6789/0] -- mon_subscribe({osdmap=0}) -- 0x7ff9c81a2650 con 0x7ff9c807ee90
2024-05-03T14:36:08.623 INFO:teuthology.orchestra.run.smithi060.stdout:/usr/bin/ceph: stderr
2024-05-03T14:36:07.358+0000 7ff9cec00700 1 -- 172.21.15.60:0/482936076 --> [v2:172.21.15.60:3300/0,v1:172.21.15.60:6789/0] -- mon_command({"prefix": "get_command_descriptions"} v 0) -- 0x7ff9c8064b00 con 0x7ff9c807ee90
2024-05-03T14:36:08.623 INFO:teuthology.orchestra.run.smithi060.stdout:/usr/bin/ceph: stderr
2024-05-03T14:36:07.359+0000 7ff9c6000700 1 -- 172.21.15.60:0/482936076 <== mon.0 v2:172.21.15.60:3300/0 4 ==== mgrmap(e 12) ==== 50235+0+0 (secure 0 0 0) 0x7ff9bc024440 con 0x7ff9c807ee90
2024-05-03T14:36:08.623 INFO:teuthology.orchestra.run.smithi060.stdout:/usr/bin/ceph: stderr
2024-05-03T14:36:07.359+0000 7ff9c6000700 1 --2- 172.21.15.60:0/482936076 >> [v2:172.21.15.60:6800/3066142956,v1:172.21.15.60:6801/3066142956] conn(0x7ff9b003e470 0x7ff9b0040930 unknown :-1 s=NONE pgs=0 cs=0 l=1 rev1=0 crypto rx=0 tx=0 comp rx=0 tx=0).connect
2024-05-03T14:36:08.623 INFO:teuthology.orchestra.run.smithi060.stdout:/usr/bin/ceph: stderr
2024-05-03T14:36:07.359+0000 7ff9c6000700 1 -- 172.21.15.60:0/482936076 <== mon.0 v2:172.21.15.60:3300/0 5 ==== osd_map(3..3 src has 1..3) ==== 1155+0+0 (secure 0 0 0) 0x7ff9bc053850 con 0x7ff9c807ee90
2024-05-03T14:36:08.623 INFO:teuthology.orchestra.run.smithi060.stdout:/usr/bin/ceph: stderr
2024-05-03T14:36:07.359+0000 7ff9cce00700 1 --2- 172.21.15.60:0/482936076 >> [v2:172.21.15.60:6800/3066142956,v1:172.21.15.60:6801/3066142956] conn(0x7ff9b003e470 0x7ff9b0040930 unknown :-1 s=BANNER_CONNECTING pgs=0 cs=0 l=1 rev1=0 crypto rx=0 tx=0 comp rx=0 tx=0)._handle_peer_banner_payload supported=3 required=0
2024-05-03T14:36:08.623 INFO:teuthology.orchestra.run.smithi060.stdout:/usr/bin/ceph: stderr
2024-05-03T14:36:07.360+0000 7ff9cce00700 1 --2- 172.21.15.60:0/482936076 >> [v2:172.21.15.60:6800/3066142956,v1:172.21.15.60:6801/3066142956] conn(0x7ff9b003e470 0x7ff9b0040930 secure :-1 s=READY pgs=7 cs=0 l=1 rev1=1 crypto rx=0x7ff9b4006fd0 tx=0x7ff9b4006e40 comp rx=0 tx=0).ready entity=mgr.14152 client_cookie=0 server_cookie=0 in_seq=0 out_seq=0
2024-05-03T14:36:08.623 INFO:teuthology.orchestra.run.smithi060.stdout:/usr/bin/ceph: stderr
2024-05-03T14:36:07.374+0000 7ff9c6000700 1 -- 172.21.15.60:0/482936076 <== mon.0 v2:172.21.15.60:3300/0 6 ==== mon_command_ack([{"prefix": "get_command_descriptions"}]=0 v0) ==== 72+0+191839 (secure 0 0 0) 0x7ff9bc0212a0 con 0x7ff9c807ee90
2024-05-03T14:36:08.623 INFO:teuthology.orchestra.run.smithi060.stdout:/usr/bin/ceph: stderr
2024-05-03T14:36:07.617+0000 7ff9cec00700 1 -- 172.21.15.60:0/482936076 --> [v2:172.21.15.60:6800/3066142956,v1:172.21.15.60:6801/3066142956] -- mgr_command(tid 0: {"prefix": "dashboard create-self-signed-cert", "target": ["mon-mgr", ""]}) -- 0x7ff9c8105830 con 0x7ff9b003e470
2024-05-03T14:36:08.623 INFO:teuthology.orchestra.run.smithi060.stdout:/usr/bin/ceph: stderr
2024-05-03T14:36:07.771+0000 7ff9c6000700 1 -- 172.21.15.60:0/482936076 <== mgr.14152 v2:172.21.15.60:6800/3066142956 1 ==== mgr_command_reply(tid 0: 0 ) ==== 8+0+32 (secure 0 0 0) 0x7ff9c8105830 con 0x7ff9b003e470
2024-05-03T14:36:08.623 INFO:teuthology.orchestra.run.smithi060.stdout:/usr/bin/ceph: stderr
2024-05-03T14:36:07.774+0000 7ff9cec00700 1 -- 172.21.15.60:0/482936076 >> [v2:172.21.15.60:6800/3066142956,v1:172.21.15.60:6801/3066142956] conn(0x7ff9b003e470 msgr2=0x7ff9b0040930 secure :-1 s=STATE_CONNECTION_ESTABLISHED l=1).mark_down
2024-05-03T14:36:08.624 INFO:teuthology.orchestra.run.smithi060.stdout:/usr/bin/ceph: stderr
2024-05-03T14:36:07.774+0000 7ff9cec00700 1 --2- 172.21.15.60:0/482936076 >> [v2:172.21.15.60:6800/3066142956,v1:172.21.15.60:6801/3066142956] conn(0x7ff9b003e470 0x7ff9b0040930 secure :-1 s=READY pgs=7 cs=0 l=1 rev1=1 crypto rx=0x7ff9b4006fd0 tx=0x7ff9b4006e40 comp rx=0 tx=0).stop
2024-05-03T14:36:08.624 INFO:teuthology.orchestra.run.smithi060.stdout:/usr/bin/ceph: stderr
2024-05-03T14:36:07.774+0000 7ff9cec00700 1 -- 172.21.15.60:0/482936076 >> [v2:172.21.15.60:3300/0,v1:172.21.15.60:6789/0] conn(0x7ff9c807ee90 msgr2=0x7ff9c819f190 secure :-1 s=STATE_CONNECTION_ESTABLISHED l=1).mark_down
2024-05-03T14:36:08.624 INFO:teuthology.orchestra.run.smithi060.stdout:/usr/bin/ceph: stderr
2024-05-03T14:36:07.775+0000 7ff9cec00700 1 --2- 172.21.15.60:0/482936076 >> [v2:172.21.15.60:3300/0,v1:172.21.15.60:6789/0] conn(0x7ff9c807ee90 0x7ff9c819f190 secure :-1 s=READY pgs=71 cs=0 l=1 rev1=1 crypto rx=0x7ff9bc009fb0 tx=0x7ff9bc011a70 comp rx=0 tx=0).stop
2024-05-03T14:36:08.624 INFO:teuthology.orchestra.run.smithi060.stdout:/usr/bin/ceph: stderr
2024-05-03T14:36:07.775+0000 7ff9cec00700 1 -- 172.21.15.60:0/482936076 shutdown_connections
2024-05-03T14:36:08.624 INFO:teuthology.orchestra.run.smithi060.stdout:/usr/bin/ceph: stderr
2024-05-03T14:36:07.775+0000 7ff9cec00700 1 --2- 172.21.15.60:0/482936076 >> [v2:172.21.15.60:6800/3066142956,v1:172.21.15.60:6801/3066142956] conn(0x7ff9b003e470 0x7ff9b0040930 unknown :-1 s=CLOSED pgs=7 cs=0 l=1 rev1=1 crypto rx=0 tx=0 comp rx=0 tx=0).stop
2024-05-03T14:36:08.624 INFO:teuthology.orchestra.run.smithi060.stdout:/usr/bin/ceph: stderr
2024-05-03T14:36:07.775+0000 7ff9cec00700 1 --2- 172.21.15.60:0/482936076 >> [v2:172.21.15.60:3300/0,v1:172.21.15.60:6789/0] conn(0x7ff9c807ee90 0x7ff9c819f190 unknown :-1 s=CLOSED pgs=71 cs=0 l=1 rev1=1 crypto rx=0 tx=0 comp rx=0 tx=0).stop
2024-05-03T14:36:08.624 INFO:teuthology.orchestra.run.smithi060.stdout:/usr/bin/ceph: stderr
2024-05-03T14:36:07.775+0000 7ff9cec00700 1 -- 172.21.15.60:0/482936076 >> 172.21.15.60:0/482936076 conn(0x7ff9c8104500 msgr2=0x7ff9c8105120 unknown :-1 s=STATE_NONE l=0).mark_down
2024-05-03T14:36:08.624 INFO:teuthology.orchestra.run.smithi060.stdout:/usr/bin/ceph: stderr
2024-05-03T14:36:07.775+0000 7ff9cec00700 1 -- 172.21.15.60:0/482936076 shutdown_connections
2024-05-03T14:36:08.624 INFO:teuthology.orchestra.run.smithi060.stdout:/usr/bin/ceph: stderr
2024-05-03T14:36:07.775+0000 7ff9cec00700 1 -- 172.21.15.60:0/482936076 wait complete.
2024-05-03T14:36:08.624 INFO:teuthology.orchestra.run.smithi060.stdout:Creating initial admin user...
2024-05-03T14:36:10.337 INFO:journalctl@ceph.mon.a.smithi060.stdout:May 03 14:36:10 smithi060 ceph-mon[28873]: from='mgr.14152 172.21.15.60:0/1178095988' entity='mgr.x'
2024-05-03T14:36:10.338 INFO:journalctl@ceph.mon.a.smithi060.stdout:May 03 14:36:10 smithi060 ceph-mon[28873]: from='client.14166 -' entity='client.admin' cmd=[{"prefix": "dashboard ac-user-create", "username": "admin", "rolename": "administrator", "force_password": true, "pwd_update_required": true, "target": ["mon-mgr", ""]}]: dispatch
2024-05-03T14:36:10.338 INFO:journalctl@ceph.mon.a.smithi060.stdout:May 03 14:36:10 smithi060 ceph-mon[28873]: from='mgr.14152 172.21.15.60:0/1178095988' entity='mgr.x'
2024-05-03T14:36:10.491 INFO:teuthology.orchestra.run.smithi060.stdout:/usr/bin/ceph: stdout {"username": "admin", "password": "$2b$12$dxd9SAt.kCS774WZ4GCU4ebaHwT3TA.kWMgj7K/KdxkO3aocyez6W", "roles": ["administrator"], "name": null, "email": null, "lastUpdate": 1714746969, "enabled": true, "pwdExpirationDate": null, "pwdUpdateRequired": true}
2024-05-03T14:36:10.491 INFO:teuthology.orchestra.run.smithi060.stdout:/usr/bin/ceph: stderr
2024-05-03T14:36:09.250+0000 7f2db5200700 1 Processor -- start
2024-05-03T14:36:10.491 INFO:teuthology.orchestra.run.smithi060.stdout:/usr/bin/ceph: stderr
2024-05-03T14:36:09.250+0000 7f2db5200700 1 -- start start
2024-05-03T14:36:10.491 INFO:teuthology.orchestra.run.smithi060.stdout:/usr/bin/ceph: stderr
2024-05-03T14:36:09.250+0000 7f2db5200700 1 --2- >> [v2:172.21.15.60:3300/0,v1:172.21.15.60:6789/0] conn(0x7f2db010b2d0 0x7f2db010b6f0 unknown :-1 s=NONE pgs=0 cs=0 l=0 rev1=0 crypto rx=0 tx=0 comp rx=0 tx=0).connect
2024-05-03T14:36:10.491 INFO:teuthology.orchestra.run.smithi060.stdout:/usr/bin/ceph: stderr
2024-05-03T14:36:09.250+0000 7f2db5200700 1 -- --> [v2:172.21.15.60:3300/0,v1:172.21.15.60:6789/0] -- mon_getmap magic: 0 -- 0x7f2db010bcc0 con 0x7f2db010b2d0
2024-05-03T14:36:10.491 INFO:teuthology.orchestra.run.smithi060.stdout:/usr/bin/ceph: stderr
2024-05-03T14:36:09.251+0000 7f2dade00700 1 --2- >> [v2:172.21.15.60:3300/0,v1:172.21.15.60:6789/0] conn(0x7f2db010b2d0 0x7f2db010b6f0 unknown :-1 s=BANNER_CONNECTING pgs=0 cs=0 l=0 rev1=0 crypto rx=0 tx=0 comp rx=0 tx=0)._handle_peer_banner_payload supported=3 required=0
2024-05-03T14:36:10.491 INFO:teuthology.orchestra.run.smithi060.stdout:/usr/bin/ceph: stderr
2024-05-03T14:36:09.251+0000 7f2dade00700 1 --2- >> [v2:172.21.15.60:3300/0,v1:172.21.15.60:6789/0] conn(0x7f2db010b2d0 0x7f2db010b6f0 unknown :-1 s=HELLO_CONNECTING pgs=0 cs=0 l=0 rev1=1 crypto rx=0 tx=0 comp rx=0 tx=0).handle_hello peer v2:172.21.15.60:3300/0 says I am v2:172.21.15.60:33340/0 (socket says 172.21.15.60:33340)
2024-05-03T14:36:10.491 INFO:teuthology.orchestra.run.smithi060.stdout:/usr/bin/ceph: stderr
2024-05-03T14:36:09.251+0000 7f2dade00700 1 -- 172.21.15.60:0/1136178377 learned_addr learned my addr 172.21.15.60:0/1136178377 (peer_addr_for_me v2:172.21.15.60:0/0)
2024-05-03T14:36:10.491 INFO:teuthology.orchestra.run.smithi060.stdout:/usr/bin/ceph: stderr
2024-05-03T14:36:09.251+0000 7f2dade00700 1 -- 172.21.15.60:0/1136178377 --> [v2:172.21.15.60:3300/0,v1:172.21.15.60:6789/0] -- mon_subscribe({config=0+,monmap=0+}) -- 0x7f2db010c480 con 0x7f2db010b2d0
2024-05-03T14:36:10.491 INFO:teuthology.orchestra.run.smithi060.stdout:/usr/bin/ceph: stderr
2024-05-03T14:36:09.252+0000 7f2dade00700 1 --2- 172.21.15.60:0/1136178377 >> [v2:172.21.15.60:3300/0,v1:172.21.15.60:6789/0] conn(0x7f2db010b2d0 0x7f2db010b6f0 secure :-1 s=READY pgs=72 cs=0 l=1 rev1=1 crypto rx=0x7f2da00098a0 tx=0x7f2da0009bb0 comp rx=0 tx=0).ready entity=mon.0 client_cookie=a06add8f8e472bb8 server_cookie=0 in_seq=0 out_seq=0
2024-05-03T14:36:10.492 INFO:teuthology.orchestra.run.smithi060.stdout:/usr/bin/ceph: stderr
2024-05-03T14:36:09.252+0000 7f2daca00700 1 -- 172.21.15.60:0/1136178377 <== mon.0 v2:172.21.15.60:3300/0 1 ==== mon_map magic: 0 ==== 205+0+0 (secure 0 0 0) 0x7f2da0004160 con 0x7f2db010b2d0
2024-05-03T14:36:10.492 INFO:teuthology.orchestra.run.smithi060.stdout:/usr/bin/ceph: stderr
2024-05-03T14:36:09.252+0000 7f2daca00700 1 -- 172.21.15.60:0/1136178377 <== mon.0 v2:172.21.15.60:3300/0 2 ==== config(28 keys) ==== 1170+0+0 (secure 0 0 0) 0x7f2da0004300 con 0x7f2db010b2d0
2024-05-03T14:36:10.492 INFO:teuthology.orchestra.run.smithi060.stdout:/usr/bin/ceph: stderr
2024-05-03T14:36:09.252+0000 7f2daca00700 1 -- 172.21.15.60:0/1136178377 <== mon.0 v2:172.21.15.60:3300/0 3 ==== mon_map magic: 0 ==== 205+0+0 (secure 0 0 0) 0x7f2da0011c20 con 0x7f2db010b2d0
2024-05-03T14:36:10.492 INFO:teuthology.orchestra.run.smithi060.stdout:/usr/bin/ceph: stderr
2024-05-03T14:36:09.253+0000 7f2db5200700 1 -- 172.21.15.60:0/1136178377 >> [v2:172.21.15.60:3300/0,v1:172.21.15.60:6789/0] conn(0x7f2db010b2d0 msgr2=0x7f2db010b6f0 secure :-1 s=STATE_CONNECTION_ESTABLISHED l=1).mark_down
2024-05-03T14:36:10.492 INFO:teuthology.orchestra.run.smithi060.stdout:/usr/bin/ceph: stderr
2024-05-03T14:36:09.253+0000 7f2db5200700 1 --2- 172.21.15.60:0/1136178377 >> [v2:172.21.15.60:3300/0,v1:172.21.15.60:6789/0] conn(0x7f2db010b2d0 0x7f2db010b6f0 secure :-1 s=READY pgs=72 cs=0 l=1 rev1=1 crypto rx=0x7f2da00098a0 tx=0x7f2da0009bb0 comp rx=0 tx=0).stop
2024-05-03T14:36:10.492 INFO:teuthology.orchestra.run.smithi060.stdout:/usr/bin/ceph: stderr
2024-05-03T14:36:09.253+0000 7f2db5200700 1 -- 172.21.15.60:0/1136178377 shutdown_connections
2024-05-03T14:36:10.492 INFO:teuthology.orchestra.run.smithi060.stdout:/usr/bin/ceph: stderr
2024-05-03T14:36:09.253+0000 7f2db5200700 1 --2- 172.21.15.60:0/1136178377 >> [v2:172.21.15.60:3300/0,v1:172.21.15.60:6789/0] conn(0x7f2db010b2d0 0x7f2db010b6f0 unknown :-1 s=CLOSED pgs=72 cs=0 l=1 rev1=1 crypto rx=0 tx=0 comp rx=0 tx=0).stop
2024-05-03T14:36:10.492 INFO:teuthology.orchestra.run.smithi060.stdout:/usr/bin/ceph: stderr
2024-05-03T14:36:09.253+0000 7f2db5200700 1 -- 172.21.15.60:0/1136178377 >> 172.21.15.60:0/1136178377 conn(0x7f2db007e900 msgr2=0x7f2db01094f0 unknown :-1 s=STATE_NONE l=0).mark_down
2024-05-03T14:36:10.492 INFO:teuthology.orchestra.run.smithi060.stdout:/usr/bin/ceph: stderr
2024-05-03T14:36:09.253+0000 7f2db5200700 1 -- 172.21.15.60:0/1136178377 shutdown_connections
2024-05-03T14:36:10.492 INFO:teuthology.orchestra.run.smithi060.stdout:/usr/bin/ceph: stderr
2024-05-03T14:36:09.253+0000 7f2db5200700 1 -- 172.21.15.60:0/1136178377 wait complete.
2024-05-03T14:36:10.492 INFO:teuthology.orchestra.run.smithi060.stdout:/usr/bin/ceph: stderr
2024-05-03T14:36:09.254+0000 7f2db5200700 1 Processor -- start
2024-05-03T14:36:10.492 INFO:teuthology.orchestra.run.smithi060.stdout:/usr/bin/ceph: stderr
2024-05-03T14:36:09.255+0000 7f2db5200700 1 -- start start
2024-05-03T14:36:10.492 INFO:teuthology.orchestra.run.smithi060.stdout:/usr/bin/ceph: stderr
2024-05-03T14:36:09.255+0000 7f2db5200700 1 --2- >> [v2:172.21.15.60:3300/0,v1:172.21.15.60:6789/0] conn(0x7f2db010b2d0 0x7f2db019f2e0 unknown :-1 s=NONE pgs=0 cs=0 l=1 rev1=0 crypto rx=0 tx=0 comp rx=0 tx=0).connect
2024-05-03T14:36:10.493 INFO:teuthology.orchestra.run.smithi060.stdout:/usr/bin/ceph: stderr
2024-05-03T14:36:09.255+0000 7f2db5200700 1 -- --> [v2:172.21.15.60:3300/0,v1:172.21.15.60:6789/0] -- mon_getmap magic: 0 -- 0x7f2db010f830 con 0x7f2db010b2d0
2024-05-03T14:36:10.493 INFO:teuthology.orchestra.run.smithi060.stdout:/usr/bin/ceph: stderr
2024-05-03T14:36:09.255+0000 7f2dade00700 1 --2- >> [v2:172.21.15.60:3300/0,v1:172.21.15.60:6789/0] conn(0x7f2db010b2d0 0x7f2db019f2e0 unknown :-1 s=BANNER_CONNECTING pgs=0 cs=0 l=1 rev1=0 crypto rx=0 tx=0 comp rx=0 tx=0)._handle_peer_banner_payload supported=3 required=0
2024-05-03T14:36:10.493 INFO:teuthology.orchestra.run.smithi060.stdout:/usr/bin/ceph: stderr
2024-05-03T14:36:09.255+0000 7f2dade00700 1 --2- >> [v2:172.21.15.60:3300/0,v1:172.21.15.60:6789/0] conn(0x7f2db010b2d0 0x7f2db019f2e0 unknown :-1 s=HELLO_CONNECTING pgs=0 cs=0 l=1 rev1=1 crypto rx=0 tx=0 comp rx=0 tx=0).handle_hello peer v2:172.21.15.60:3300/0 says I am v2:172.21.15.60:33356/0 (socket says 172.21.15.60:33356)
2024-05-03T14:36:10.493 INFO:teuthology.orchestra.run.smithi060.stdout:/usr/bin/ceph: stderr
2024-05-03T14:36:09.255+0000 7f2dade00700 1 -- 172.21.15.60:0/2341794416 learned_addr learned my addr 172.21.15.60:0/2341794416 (peer_addr_for_me v2:172.21.15.60:0/0)
2024-05-03T14:36:10.493 INFO:teuthology.orchestra.run.smithi060.stdout:/usr/bin/ceph: stderr
2024-05-03T14:36:09.256+0000 7f2dade00700 1 -- 172.21.15.60:0/2341794416 --> [v2:172.21.15.60:3300/0,v1:172.21.15.60:6789/0] -- mon_subscribe({config=0+,monmap=0+}) -- 0x7f2db019f820 con 0x7f2db010b2d0
2024-05-03T14:36:10.493 INFO:teuthology.orchestra.run.smithi060.stdout:/usr/bin/ceph: stderr
2024-05-03T14:36:09.256+0000 7f2dade00700 1 --2- 172.21.15.60:0/2341794416 >> [v2:172.21.15.60:3300/0,v1:172.21.15.60:6789/0] conn(0x7f2db010b2d0 0x7f2db019f2e0 secure :-1 s=READY pgs=73 cs=0 l=1 rev1=1 crypto rx=0x7f2da00118e0 tx=0x7f2da0003980 comp rx=0 tx=0).ready entity=mon.0 client_cookie=0 server_cookie=0 in_seq=0 out_seq=0
2024-05-03T14:36:10.493 INFO:teuthology.orchestra.run.smithi060.stdout:/usr/bin/ceph: stderr
2024-05-03T14:36:09.256+0000 7f2da6a00700 1 -- 172.21.15.60:0/2341794416 <== mon.0 v2:172.21.15.60:3300/0 1 ==== mon_map magic: 0 ==== 205+0+0 (secure 0 0 0) 0x7f2da0003db0 con 0x7f2db010b2d0
2024-05-03T14:36:10.493 INFO:teuthology.orchestra.run.smithi060.stdout:/usr/bin/ceph: stderr
2024-05-03T14:36:09.257+0000 7f2da6a00700 1 -- 172.21.15.60:0/2341794416 <== mon.0 v2:172.21.15.60:3300/0 2 ==== config(28 keys) ==== 1170+0+0 (secure 0 0 0) 0x7f2da0020070 con 0x7f2db010b2d0
2024-05-03T14:36:10.493 INFO:teuthology.orchestra.run.smithi060.stdout:/usr/bin/ceph: stderr
2024-05-03T14:36:09.257+0000 7f2da6a00700 1 -- 172.21.15.60:0/2341794416 <== mon.0 v2:172.21.15.60:3300/0 3 ==== mon_map magic: 0 ==== 205+0+0 (secure 0 0 0) 0x7f2da00193c0 con 0x7f2db010b2d0
2024-05-03T14:36:10.493 INFO:teuthology.orchestra.run.smithi060.stdout:/usr/bin/ceph: stderr
2024-05-03T14:36:09.257+0000 7f2db5200700 1 -- 172.21.15.60:0/2341794416 --> [v2:172.21.15.60:3300/0,v1:172.21.15.60:6789/0] -- mon_subscribe({mgrmap=0+}) -- 0x7f2db019fab0 con 0x7f2db010b2d0
2024-05-03T14:36:10.493 INFO:teuthology.orchestra.run.smithi060.stdout:/usr/bin/ceph: stderr
2024-05-03T14:36:09.257+0000 7f2db5200700 1 -- 172.21.15.60:0/2341794416 --> [v2:172.21.15.60:3300/0,v1:172.21.15.60:6789/0] -- mon_subscribe({osdmap=0}) -- 0x7f2db01a27a0 con 0x7f2db010b2d0
2024-05-03T14:36:10.493 INFO:teuthology.orchestra.run.smithi060.stdout:/usr/bin/ceph: stderr
2024-05-03T14:36:09.258+0000 7f2da6a00700 1 -- 172.21.15.60:0/2341794416 <== mon.0 v2:172.21.15.60:3300/0 4 ==== mgrmap(e 12) ==== 50235+0+0 (secure 0 0 0) 0x7f2da001a430 con 0x7f2db010b2d0
2024-05-03T14:36:10.494 INFO:teuthology.orchestra.run.smithi060.stdout:/usr/bin/ceph: stderr
2024-05-03T14:36:09.259+0000 7f2db5200700 1 -- 172.21.15.60:0/2341794416 --> [v2:172.21.15.60:3300/0,v1:172.21.15.60:6789/0] -- mon_command({"prefix": "get_command_descriptions"} v 0) -- 0x7f2db010f9b0 con 0x7f2db010b2d0
2024-05-03T14:36:10.494 INFO:teuthology.orchestra.run.smithi060.stdout:/usr/bin/ceph: stderr
2024-05-03T14:36:09.259+0000 7f2da6a00700 1 --2- 172.21.15.60:0/2341794416 >> [v2:172.21.15.60:6800/3066142956,v1:172.21.15.60:6801/3066142956] conn(0x7f2d9403e520 0x7f2d940409e0 unknown :-1 s=NONE pgs=0 cs=0 l=1 rev1=0 crypto rx=0 tx=0 comp rx=0 tx=0).connect
2024-05-03T14:36:10.494 INFO:teuthology.orchestra.run.smithi060.stdout:/usr/bin/ceph: stderr
2024-05-03T14:36:09.259+0000 7f2da6a00700 1 -- 172.21.15.60:0/2341794416 <== mon.0 v2:172.21.15.60:3300/0 5 ==== osd_map(3..3 src has 1..3) ==== 1155+0+0 (secure 0 0 0) 0x7f2da0053a40 con 0x7f2db010b2d0
2024-05-03T14:36:10.494 INFO:teuthology.orchestra.run.smithi060.stdout:/usr/bin/ceph: stderr
2024-05-03T14:36:09.259+0000 7f2dad400700 1 --2- 172.21.15.60:0/2341794416 >> [v2:172.21.15.60:6800/3066142956,v1:172.21.15.60:6801/3066142956] conn(0x7f2d9403e520 0x7f2d940409e0 unknown :-1 s=BANNER_CONNECTING pgs=0 cs=0 l=1 rev1=0 crypto rx=0 tx=0 comp rx=0 tx=0)._handle_peer_banner_payload supported=3 required=0
2024-05-03T14:36:10.494 INFO:teuthology.orchestra.run.smithi060.stdout:/usr/bin/ceph: stderr
2024-05-03T14:36:09.260+0000 7f2dad400700 1 --2- 172.21.15.60:0/2341794416 >> [v2:172.21.15.60:6800/3066142956,v1:172.21.15.60:6801/3066142956] conn(0x7f2d9403e520 0x7f2d940409e0 secure :-1 s=READY pgs=8 cs=0 l=1 rev1=1 crypto rx=0x7f2d9c006fd0 tx=0x7f2d9c006e40 comp rx=0 tx=0).ready entity=mgr.14152 client_cookie=0 server_cookie=0 in_seq=0 out_seq=0
2024-05-03T14:36:10.494 INFO:teuthology.orchestra.run.smithi060.stdout:/usr/bin/ceph: stderr
2024-05-03T14:36:09.269+0000 7f2da6a00700 1 -- 172.21.15.60:0/2341794416 <== mon.0 v2:172.21.15.60:3300/0 6 ==== mon_command_ack([{"prefix": "get_command_descriptions"}]=0 v0) ==== 72+0+191839 (secure 0 0 0) 0x7f2da002b260 con 0x7f2db010b2d0
2024-05-03T14:36:10.494 INFO:teuthology.orchestra.run.smithi060.stdout:/usr/bin/ceph: stderr
2024-05-03T14:36:09.540+0000 7f2db5200700 1 -- 172.21.15.60:0/2341794416 --> [v2:172.21.15.60:6800/3066142956,v1:172.21.15.60:6801/3066142956] -- mgr_command(tid 0: {"prefix": "dashboard ac-user-create", "username": "admin", "rolename": "administrator", "force_password": true, "pwd_update_required": true, "target": ["mon-mgr", ""]}) -- 0x7f2db01a2a30 con 0x7f2d9403e520
2024-05-03T14:36:10.494 INFO:teuthology.orchestra.run.smithi060.stdout:/usr/bin/ceph: stderr
2024-05-03T14:36:09.801+0000 7f2da6a00700 1 -- 172.21.15.60:0/2341794416 <== mgr.14152 v2:172.21.15.60:6800/3066142956 1 ==== mgr_command_reply(tid 0: 0 ) ==== 8+0+252 (secure 0 0 0) 0x7f2db01a2a30 con 0x7f2d9403e520
2024-05-03T14:36:10.494 INFO:teuthology.orchestra.run.smithi060.stdout:/usr/bin/ceph: stderr
2024-05-03T14:36:09.804+0000 7f2db5200700 1 -- 172.21.15.60:0/2341794416 >> [v2:172.21.15.60:6800/3066142956,v1:172.21.15.60:6801/3066142956] conn(0x7f2d9403e520 msgr2=0x7f2d940409e0 secure :-1 s=STATE_CONNECTION_ESTABLISHED l=1).mark_down
2024-05-03T14:36:10.494 INFO:teuthology.orchestra.run.smithi060.stdout:/usr/bin/ceph: stderr
2024-05-03T14:36:09.804+0000 7f2db5200700 1 --2- 172.21.15.60:0/2341794416 >> [v2:172.21.15.60:6800/3066142956,v1:172.21.15.60:6801/3066142956] conn(0x7f2d9403e520 0x7f2d940409e0 secure :-1 s=READY pgs=8 cs=0 l=1 rev1=1 crypto rx=0x7f2d9c006fd0 tx=0x7f2d9c006e40 comp rx=0 tx=0).stop
2024-05-03T14:36:10.494 INFO:teuthology.orchestra.run.smithi060.stdout:/usr/bin/ceph: stderr
2024-05-03T14:36:09.804+0000 7f2db5200700 1 -- 172.21.15.60:0/2341794416 >> [v2:172.21.15.60:3300/0,v1:172.21.15.60:6789/0] conn(0x7f2db010b2d0 msgr2=0x7f2db019f2e0 secure :-1 s=STATE_CONNECTION_ESTABLISHED l=1).mark_down
2024-05-03T14:36:10.495 INFO:teuthology.orchestra.run.smithi060.stdout:/usr/bin/ceph: stderr
2024-05-03T14:36:09.804+0000 7f2db5200700 1 --2- 172.21.15.60:0/2341794416 >> [v2:172.21.15.60:3300/0,v1:172.21.15.60:6789/0] conn(0x7f2db010b2d0 0x7f2db019f2e0 secure :-1 s=READY pgs=73 cs=0 l=1 rev1=1 crypto rx=0x7f2da00118e0 tx=0x7f2da0003980 comp rx=0 tx=0).stop
2024-05-03T14:36:10.495 INFO:teuthology.orchestra.run.smithi060.stdout:/usr/bin/ceph: stderr
2024-05-03T14:36:09.804+0000 7f2db5200700 1 -- 172.21.15.60:0/2341794416 shutdown_connections
2024-05-03T14:36:10.495 INFO:teuthology.orchestra.run.smithi060.stdout:/usr/bin/ceph: stderr
2024-05-03T14:36:09.804+0000 7f2db5200700 1 --2- 172.21.15.60:0/2341794416 >> [v2:172.21.15.60:6800/3066142956,v1:172.21.15.60:6801/3066142956] conn(0x7f2d9403e520 0x7f2d940409e0 unknown :-1 s=CLOSED pgs=8 cs=0 l=1 rev1=1 crypto rx=0 tx=0 comp rx=0 tx=0).stop
2024-05-03T14:36:10.495 INFO:teuthology.orchestra.run.smithi060.stdout:/usr/bin/ceph: stderr
2024-05-03T14:36:09.804+0000 7f2db5200700 1 --2- 172.21.15.60:0/2341794416 >> [v2:172.21.15.60:3300/0,v1:172.21.15.60:6789/0] conn(0x7f2db010b2d0 0x7f2db019f2e0 unknown :-1 s=CLOSED pgs=73 cs=0 l=1 rev1=1 crypto rx=0 tx=0 comp rx=0 tx=0).stop
2024-05-03T14:36:10.495 INFO:teuthology.orchestra.run.smithi060.stdout:/usr/bin/ceph: stderr
2024-05-03T14:36:09.804+0000 7f2db5200700 1 -- 172.21.15.60:0/2341794416 >> 172.21.15.60:0/2341794416 conn(0x7f2db007e900 msgr2=0x7f2db0108d40 unknown :-1 s=STATE_NONE l=0).mark_down
2024-05-03T14:36:10.495 INFO:teuthology.orchestra.run.smithi060.stdout:/usr/bin/ceph: stderr
2024-05-03T14:36:09.804+0000 7f2db5200700 1 -- 172.21.15.60:0/2341794416 shutdown_connections
2024-05-03T14:36:10.495 INFO:teuthology.orchestra.run.smithi060.stdout:/usr/bin/ceph: stderr
2024-05-03T14:36:09.804+0000 7f2db5200700 1 -- 172.21.15.60:0/2341794416 wait complete.
2024-05-03T14:36:10.495 INFO:teuthology.orchestra.run.smithi060.stdout:Fetching dashboard port number...
2024-05-03T14:36:12.337 INFO:journalctl@ceph.mon.a.smithi060.stdout:May 03 14:36:12 smithi060 ceph-mon[28873]: mgrmap e13: x(active, since 6s)
2024-05-03T14:36:12.338 INFO:journalctl@ceph.mon.a.smithi060.stdout:May 03 14:36:12 smithi060 ceph-mon[28873]: from='client.? 172.21.15.60:0/1139431210' entity='client.admin' cmd=[{"prefix": "config get", "who": "mgr", "key": "mgr/dashboard/ssl_server_port"}]: dispatch
2024-05-03T14:36:12.682 INFO:teuthology.orchestra.run.smithi060.stdout:/usr/bin/ceph: stdout 8443
2024-05-03T14:36:12.682 INFO:teuthology.orchestra.run.smithi060.stdout:/usr/bin/ceph: stderr
2024-05-03T14:36:11.332+0000 7faac2a00700 1 Processor -- start
2024-05-03T14:36:12.682 INFO:teuthology.orchestra.run.smithi060.stdout:/usr/bin/ceph: stderr
2024-05-03T14:36:11.332+0000 7faac2a00700 1 -- start start
2024-05-03T14:36:12.682 INFO:teuthology.orchestra.run.smithi060.stdout:/usr/bin/ceph: stderr
2024-05-03T14:36:11.333+0000 7faac2a00700 1 --2- >> [v2:172.21.15.60:3300/0,v1:172.21.15.60:6789/0] conn(0x7faabc10b2f0 0x7faabc10b710 unknown :-1 s=NONE pgs=0 cs=0 l=0 rev1=0 crypto rx=0 tx=0 comp rx=0 tx=0).connect
2024-05-03T14:36:12.682 INFO:teuthology.orchestra.run.smithi060.stdout:/usr/bin/ceph: stderr
2024-05-03T14:36:11.333+0000 7faac2a00700 1 -- --> [v2:172.21.15.60:3300/0,v1:172.21.15.60:6789/0] -- mon_getmap magic: 0 -- 0x7faabc10bce0 con 0x7faabc10b2f0
2024-05-03T14:36:12.684 INFO:teuthology.orchestra.run.smithi060.stdout:/usr/bin/ceph: stderr
2024-05-03T14:36:11.333+0000 7faabbe00700 1 --2- >> [v2:172.21.15.60:3300/0,v1:172.21.15.60:6789/0] conn(0x7faabc10b2f0 0x7faabc10b710 unknown :-1 s=BANNER_CONNECTING pgs=0 cs=0 l=0 rev1=0 crypto rx=0 tx=0 comp rx=0 tx=0)._handle_peer_banner_payload supported=3 required=0
2024-05-03T14:36:12.684 INFO:teuthology.orchestra.run.smithi060.stdout:/usr/bin/ceph: stderr
2024-05-03T14:36:11.333+0000 7faabbe00700 1 --2- >> [v2:172.21.15.60:3300/0,v1:172.21.15.60:6789/0] conn(0x7faabc10b2f0 0x7faabc10b710 unknown :-1 s=HELLO_CONNECTING pgs=0 cs=0 l=0 rev1=1 crypto rx=0 tx=0 comp rx=0 tx=0).handle_hello peer v2:172.21.15.60:3300/0 says I am v2:172.21.15.60:33362/0 (socket says 172.21.15.60:33362)
2024-05-03T14:36:12.684 INFO:teuthology.orchestra.run.smithi060.stdout:/usr/bin/ceph: stderr
2024-05-03T14:36:11.333+0000 7faabbe00700 1 -- 172.21.15.60:0/537192367 learned_addr learned my addr 172.21.15.60:0/537192367 (peer_addr_for_me v2:172.21.15.60:0/0)
2024-05-03T14:36:12.684 INFO:teuthology.orchestra.run.smithi060.stdout:/usr/bin/ceph: stderr
2024-05-03T14:36:11.334+0000 7faabbe00700 1 -- 172.21.15.60:0/537192367 --> [v2:172.21.15.60:3300/0,v1:172.21.15.60:6789/0] -- mon_subscribe({config=0+,monmap=0+}) -- 0x7faabc10c4a0 con 0x7faabc10b2f0
2024-05-03T14:36:12.684 INFO:teuthology.orchestra.run.smithi060.stdout:/usr/bin/ceph: stderr
