2024-05-03T15:08:34.155+0000 7f88b2400700 1 -- 172.21.15.55:0/3707402692 --> [v2:172.21.15.55:3300/0,v1:172.21.15.55:6789/0] -- mon_subscribe({osdmap=0}) -- 0x7f88ac1a2100 con 0x7f88ac07ee40
2024-05-03T15:08:35.077 INFO:teuthology.orchestra.run.smithi055.stdout:/usr/bin/ceph: stderr
2024-05-03T15:08:34.156+0000 7f88b2400700 1 -- 172.21.15.55:0/3707402692 --> [v2:172.21.15.55:3300/0,v1:172.21.15.55:6789/0] -- mon_command({"prefix": "get_command_descriptions"} v 0) -- 0x7f88ac064b00 con 0x7f88ac07ee40
2024-05-03T15:08:35.077 INFO:teuthology.orchestra.run.smithi055.stdout:/usr/bin/ceph: stderr
2024-05-03T15:08:34.157+0000 7f88a3e00700 1 -- 172.21.15.55:0/3707402692 <== mon.0 v2:172.21.15.55:3300/0 4 ==== mgrmap(e 8) ==== 50222+0+0 (secure 0 0 0) 0x7f889c01b440 con 0x7f88ac07ee40
2024-05-03T15:08:35.077 INFO:teuthology.orchestra.run.smithi055.stdout:/usr/bin/ceph: stderr
2024-05-03T15:08:34.157+0000 7f88a3e00700 1 --2- 172.21.15.55:0/3707402692 >> [v2:172.21.15.55:6800/1759617119,v1:172.21.15.55:6801/1759617119] conn(0x7f889003e4c0 0x7f8890040980 unknown :-1 s=NONE pgs=0 cs=0 l=1 rev1=0 crypto rx=0 tx=0 comp rx=0 tx=0).connect
2024-05-03T15:08:35.078 INFO:teuthology.orchestra.run.smithi055.stdout:/usr/bin/ceph: stderr
2024-05-03T15:08:34.157+0000 7f88a3e00700 1 -- 172.21.15.55:0/3707402692 <== mon.0 v2:172.21.15.55:3300/0 5 ==== osd_map(2..2 src has 1..2) ==== 940+0+0 (secure 0 0 0) 0x7f889c053fa0 con 0x7f88ac07ee40
2024-05-03T15:08:35.078 INFO:teuthology.orchestra.run.smithi055.stdout:/usr/bin/ceph: stderr
2024-05-03T15:08:34.157+0000 7f88aaa00700 1 --2- 172.21.15.55:0/3707402692 >> [v2:172.21.15.55:6800/1759617119,v1:172.21.15.55:6801/1759617119] conn(0x7f889003e4c0 0x7f8890040980 unknown :-1 s=BANNER_CONNECTING pgs=0 cs=0 l=1 rev1=0 crypto rx=0 tx=0 comp rx=0 tx=0)._handle_peer_banner_payload supported=3 required=0
2024-05-03T15:08:35.078 INFO:teuthology.orchestra.run.smithi055.stdout:/usr/bin/ceph: stderr
2024-05-03T15:08:34.158+0000 7f88aaa00700 1 --2- 172.21.15.55:0/3707402692 >> [v2:172.21.15.55:6800/1759617119,v1:172.21.15.55:6801/1759617119] conn(0x7f889003e4c0 0x7f8890040980 secure :-1 s=READY pgs=13 cs=0 l=1 rev1=1 crypto rx=0x7f8898006fd0 tx=0x7f8898006e40 comp rx=0 tx=0).ready entity=mgr.14116 client_cookie=0 server_cookie=0 in_seq=0 out_seq=0
2024-05-03T15:08:35.078 INFO:teuthology.orchestra.run.smithi055.stdout:/usr/bin/ceph: stderr
2024-05-03T15:08:34.163+0000 7f88a3e00700 1 -- 172.21.15.55:0/3707402692 <== mon.0 v2:172.21.15.55:3300/0 6 ==== mon_command_ack([{"prefix": "get_command_descriptions"}]=0 v0) ==== 72+0+191839 (secure 0 0 0) 0x7f889c01f030 con 0x7f88ac07ee40
2024-05-03T15:08:35.078 INFO:teuthology.orchestra.run.smithi055.stdout:/usr/bin/ceph: stderr
2024-05-03T15:08:34.420+0000 7f88b2400700 1 -- 172.21.15.55:0/3707402692 --> [v2:172.21.15.55:6800/1759617119,v1:172.21.15.55:6801/1759617119] -- mgr_command(tid 0: {"prefix": "orch apply", "service_type": "mgr", "unmanaged": true, "target": ["mon-mgr", ""]}) -- 0x7f88ac1053a0 con 0x7f889003e4c0
2024-05-03T15:08:35.078 INFO:teuthology.orchestra.run.smithi055.stdout:/usr/bin/ceph: stderr
2024-05-03T15:08:34.432+0000 7f88a3e00700 1 -- 172.21.15.55:0/3707402692 <== mgr.14116 v2:172.21.15.55:6800/1759617119 1 ==== mgr_command_reply(tid 0: 0 ) ==== 8+0+24 (secure 0 0 0) 0x7f88ac1053a0 con 0x7f889003e4c0
2024-05-03T15:08:35.078 INFO:teuthology.orchestra.run.smithi055.stdout:/usr/bin/ceph: stderr
2024-05-03T15:08:34.434+0000 7f88b2400700 1 -- 172.21.15.55:0/3707402692 >> [v2:172.21.15.55:6800/1759617119,v1:172.21.15.55:6801/1759617119] conn(0x7f889003e4c0 msgr2=0x7f8890040980 secure :-1 s=STATE_CONNECTION_ESTABLISHED l=1).mark_down
2024-05-03T15:08:35.078 INFO:teuthology.orchestra.run.smithi055.stdout:/usr/bin/ceph: stderr
2024-05-03T15:08:34.434+0000 7f88b2400700 1 --2- 172.21.15.55:0/3707402692 >> [v2:172.21.15.55:6800/1759617119,v1:172.21.15.55:6801/1759617119] conn(0x7f889003e4c0 0x7f8890040980 secure :-1 s=READY pgs=13 cs=0 l=1 rev1=1 crypto rx=0x7f8898006fd0 tx=0x7f8898006e40 comp rx=0 tx=0).stop
2024-05-03T15:08:35.078 INFO:teuthology.orchestra.run.smithi055.stdout:/usr/bin/ceph: stderr
2024-05-03T15:08:34.435+0000 7f88b2400700 1 -- 172.21.15.55:0/3707402692 >> [v2:172.21.15.55:3300/0,v1:172.21.15.55:6789/0] conn(0x7f88ac07ee40 msgr2=0x7f88ac19ec40 secure :-1 s=STATE_CONNECTION_ESTABLISHED l=1).mark_down
2024-05-03T15:08:35.078 INFO:teuthology.orchestra.run.smithi055.stdout:/usr/bin/ceph: stderr
2024-05-03T15:08:34.435+0000 7f88b2400700 1 --2- 172.21.15.55:0/3707402692 >> [v2:172.21.15.55:3300/0,v1:172.21.15.55:6789/0] conn(0x7f88ac07ee40 0x7f88ac19ec40 secure :-1 s=READY pgs=46 cs=0 l=1 rev1=1 crypto rx=0x7f889c011670 tx=0x7f889c011a30 comp rx=0 tx=0).stop
2024-05-03T15:08:35.078 INFO:teuthology.orchestra.run.smithi055.stdout:/usr/bin/ceph: stderr
2024-05-03T15:08:34.435+0000 7f88b2400700 1 -- 172.21.15.55:0/3707402692 shutdown_connections
2024-05-03T15:08:35.078 INFO:teuthology.orchestra.run.smithi055.stdout:/usr/bin/ceph: stderr
2024-05-03T15:08:34.435+0000 7f88b2400700 1 --2- 172.21.15.55:0/3707402692 >> [v2:172.21.15.55:6800/1759617119,v1:172.21.15.55:6801/1759617119] conn(0x7f889003e4c0 0x7f8890040980 unknown :-1 s=CLOSED pgs=13 cs=0 l=1 rev1=1 crypto rx=0 tx=0 comp rx=0 tx=0).stop
2024-05-03T15:08:35.078 INFO:teuthology.orchestra.run.smithi055.stdout:/usr/bin/ceph: stderr
2024-05-03T15:08:34.435+0000 7f88b2400700 1 --2- 172.21.15.55:0/3707402692 >> [v2:172.21.15.55:3300/0,v1:172.21.15.55:6789/0] conn(0x7f88ac07ee40 0x7f88ac19ec40 unknown :-1 s=CLOSED pgs=46 cs=0 l=1 rev1=1 crypto rx=0 tx=0 comp rx=0 tx=0).stop
2024-05-03T15:08:35.079 INFO:teuthology.orchestra.run.smithi055.stdout:/usr/bin/ceph: stderr
2024-05-03T15:08:34.435+0000 7f88b2400700 1 -- 172.21.15.55:0/3707402692 >> 172.21.15.55:0/3707402692 conn(0x7f88ac1041f0 msgr2=0x7f88ac104c90 unknown :-1 s=STATE_NONE l=0).mark_down
2024-05-03T15:08:35.079 INFO:teuthology.orchestra.run.smithi055.stdout:/usr/bin/ceph: stderr
2024-05-03T15:08:34.435+0000 7f88b2400700 1 -- 172.21.15.55:0/3707402692 shutdown_connections
2024-05-03T15:08:35.079 INFO:teuthology.orchestra.run.smithi055.stdout:/usr/bin/ceph: stderr
2024-05-03T15:08:34.435+0000 7f88b2400700 1 -- 172.21.15.55:0/3707402692 wait complete.
2024-05-03T15:08:35.688 INFO:journalctl@ceph.mon.a.smithi055.stdout:May 03 15:08:35 smithi055 ceph-mon[28629]: from='client.14140 -' entity='client.admin' cmd=[{"prefix": "orch apply", "service_type": "mgr", "unmanaged": true, "target": ["mon-mgr", ""]}]: dispatch
2024-05-03T15:08:35.688 INFO:journalctl@ceph.mon.a.smithi055.stdout:May 03 15:08:35 smithi055 ceph-mon[28629]: Saving service mgr spec with placement count:2
2024-05-03T15:08:36.982 INFO:journalctl@ceph.mon.a.smithi055.stdout:May 03 15:08:36 smithi055 ceph-mon[28629]: pgmap v3: 0 pgs: ; 0 B data, 0 B used, 0 B / 0 B avail
2024-05-03T15:08:36.982 INFO:journalctl@ceph.mon.a.smithi055.stdout:May 03 15:08:36 smithi055 ceph-mon[28629]: from='client.? 172.21.15.55:0/2855418984' entity='client.admin'
2024-05-03T15:08:37.093 INFO:teuthology.orchestra.run.smithi055.stdout:/usr/bin/ceph: stderr
2024-05-03T15:08:35.687+0000 7fde98000700 1 Processor -- start
2024-05-03T15:08:37.093 INFO:teuthology.orchestra.run.smithi055.stdout:/usr/bin/ceph: stderr
2024-05-03T15:08:35.687+0000 7fde98000700 1 -- start start
2024-05-03T15:08:37.093 INFO:teuthology.orchestra.run.smithi055.stdout:/usr/bin/ceph: stderr
2024-05-03T15:08:35.688+0000 7fde98000700 1 --2- >> [v2:172.21.15.55:3300/0,v1:172.21.15.55:6789/0] conn(0x7fde90109740 0x7fde9010bb30 unknown :-1 s=NONE pgs=0 cs=0 l=0 rev1=0 crypto rx=0 tx=0 comp rx=0 tx=0).connect
2024-05-03T15:08:37.093 INFO:teuthology.orchestra.run.smithi055.stdout:/usr/bin/ceph: stderr
2024-05-03T15:08:35.688+0000 7fde98000700 1 -- --> [v2:172.21.15.55:3300/0,v1:172.21.15.55:6789/0] -- mon_getmap magic: 0 -- 0x7fde9007cdf0 con 0x7fde90109740
2024-05-03T15:08:37.093 INFO:teuthology.orchestra.run.smithi055.stdout:/usr/bin/ceph: stderr
2024-05-03T15:08:35.688+0000 7fde95600700 1 --2- >> [v2:172.21.15.55:3300/0,v1:172.21.15.55:6789/0] conn(0x7fde90109740 0x7fde9010bb30 unknown :-1 s=BANNER_CONNECTING pgs=0 cs=0 l=0 rev1=0 crypto rx=0 tx=0 comp rx=0 tx=0)._handle_peer_banner_payload supported=3 required=0
2024-05-03T15:08:37.093 INFO:teuthology.orchestra.run.smithi055.stdout:/usr/bin/ceph: stderr
2024-05-03T15:08:35.688+0000 7fde95600700 1 --2- >> [v2:172.21.15.55:3300/0,v1:172.21.15.55:6789/0] conn(0x7fde90109740 0x7fde9010bb30 unknown :-1 s=HELLO_CONNECTING pgs=0 cs=0 l=0 rev1=1 crypto rx=0 tx=0 comp rx=0 tx=0).handle_hello peer v2:172.21.15.55:3300/0 says I am v2:172.21.15.55:51248/0 (socket says 172.21.15.55:51248)
2024-05-03T15:08:37.094 INFO:teuthology.orchestra.run.smithi055.stdout:/usr/bin/ceph: stderr
2024-05-03T15:08:35.688+0000 7fde95600700 1 -- 172.21.15.55:0/3040566006 learned_addr learned my addr 172.21.15.55:0/3040566006 (peer_addr_for_me v2:172.21.15.55:0/0)
2024-05-03T15:08:37.094 INFO:teuthology.orchestra.run.smithi055.stdout:/usr/bin/ceph: stderr
2024-05-03T15:08:35.689+0000 7fde95600700 1 -- 172.21.15.55:0/3040566006 --> [v2:172.21.15.55:3300/0,v1:172.21.15.55:6789/0] -- mon_subscribe({config=0+,monmap=0+}) -- 0x7fde9010c070 con 0x7fde90109740
2024-05-03T15:08:37.094 INFO:teuthology.orchestra.run.smithi055.stdout:/usr/bin/ceph: stderr
2024-05-03T15:08:35.689+0000 7fde95600700 1 --2- 172.21.15.55:0/3040566006 >> [v2:172.21.15.55:3300/0,v1:172.21.15.55:6789/0] conn(0x7fde90109740 0x7fde9010bb30 secure :-1 s=READY pgs=47 cs=0 l=1 rev1=1 crypto rx=0x7fde840098a0 tx=0x7fde84009bb0 comp rx=0 tx=0).ready entity=mon.0 client_cookie=b58b769157ff81f8 server_cookie=0 in_seq=0 out_seq=0
2024-05-03T15:08:37.094 INFO:teuthology.orchestra.run.smithi055.stdout:/usr/bin/ceph: stderr
2024-05-03T15:08:35.689+0000 7fde8fe00700 1 -- 172.21.15.55:0/3040566006 <== mon.0 v2:172.21.15.55:3300/0 1 ==== mon_map magic: 0 ==== 205+0+0 (secure 0 0 0) 0x7fde84004160 con 0x7fde90109740
2024-05-03T15:08:37.094 INFO:teuthology.orchestra.run.smithi055.stdout:/usr/bin/ceph: stderr
2024-05-03T15:08:35.689+0000 7fde8fe00700 1 -- 172.21.15.55:0/3040566006 <== mon.0 v2:172.21.15.55:3300/0 2 ==== config(25 keys) ==== 1063+0+0 (secure 0 0 0) 0x7fde84004300 con 0x7fde90109740
2024-05-03T15:08:37.094 INFO:teuthology.orchestra.run.smithi055.stdout:/usr/bin/ceph: stderr
2024-05-03T15:08:35.690+0000 7fde8fe00700 1 -- 172.21.15.55:0/3040566006 <== mon.0 v2:172.21.15.55:3300/0 3 ==== mon_map magic: 0 ==== 205+0+0 (secure 0 0 0) 0x7fde84011960 con 0x7fde90109740
2024-05-03T15:08:37.094 INFO:teuthology.orchestra.run.smithi055.stdout:/usr/bin/ceph: stderr
2024-05-03T15:08:35.690+0000 7fde98000700 1 -- 172.21.15.55:0/3040566006 >> [v2:172.21.15.55:3300/0,v1:172.21.15.55:6789/0] conn(0x7fde90109740 msgr2=0x7fde9010bb30 secure :-1 s=STATE_CONNECTION_ESTABLISHED l=1).mark_down
2024-05-03T15:08:37.094 INFO:teuthology.orchestra.run.smithi055.stdout:/usr/bin/ceph: stderr
2024-05-03T15:08:35.690+0000 7fde98000700 1 --2- 172.21.15.55:0/3040566006 >> [v2:172.21.15.55:3300/0,v1:172.21.15.55:6789/0] conn(0x7fde90109740 0x7fde9010bb30 secure :-1 s=READY pgs=47 cs=0 l=1 rev1=1 crypto rx=0x7fde840098a0 tx=0x7fde84009bb0 comp rx=0 tx=0).stop
2024-05-03T15:08:37.094 INFO:teuthology.orchestra.run.smithi055.stdout:/usr/bin/ceph: stderr
2024-05-03T15:08:35.690+0000 7fde98000700 1 -- 172.21.15.55:0/3040566006 shutdown_connections
2024-05-03T15:08:37.094 INFO:teuthology.orchestra.run.smithi055.stdout:/usr/bin/ceph: stderr
2024-05-03T15:08:35.690+0000 7fde98000700 1 --2- 172.21.15.55:0/3040566006 >> [v2:172.21.15.55:3300/0,v1:172.21.15.55:6789/0] conn(0x7fde90109740 0x7fde9010bb30 unknown :-1 s=CLOSED pgs=47 cs=0 l=1 rev1=1 crypto rx=0 tx=0 comp rx=0 tx=0).stop
2024-05-03T15:08:37.094 INFO:teuthology.orchestra.run.smithi055.stdout:/usr/bin/ceph: stderr
2024-05-03T15:08:35.690+0000 7fde98000700 1 -- 172.21.15.55:0/3040566006 >> 172.21.15.55:0/3040566006 conn(0x7fde901030f0 msgr2=0x7fde90105530 unknown :-1 s=STATE_NONE l=0).mark_down
2024-05-03T15:08:37.095 INFO:teuthology.orchestra.run.smithi055.stdout:/usr/bin/ceph: stderr
2024-05-03T15:08:35.691+0000 7fde98000700 1 -- 172.21.15.55:0/3040566006 shutdown_connections
2024-05-03T15:08:37.095 INFO:teuthology.orchestra.run.smithi055.stdout:/usr/bin/ceph: stderr
2024-05-03T15:08:35.691+0000 7fde98000700 1 -- 172.21.15.55:0/3040566006 wait complete.
2024-05-03T15:08:37.095 INFO:teuthology.orchestra.run.smithi055.stdout:/usr/bin/ceph: stderr
2024-05-03T15:08:35.692+0000 7fde98000700 1 Processor -- start
2024-05-03T15:08:37.095 INFO:teuthology.orchestra.run.smithi055.stdout:/usr/bin/ceph: stderr
2024-05-03T15:08:35.692+0000 7fde98000700 1 -- start start
2024-05-03T15:08:37.095 INFO:teuthology.orchestra.run.smithi055.stdout:/usr/bin/ceph: stderr
2024-05-03T15:08:35.692+0000 7fde98000700 1 --2- >> [v2:172.21.15.55:3300/0,v1:172.21.15.55:6789/0] conn(0x7fde90109740 0x7fde90108fc0 unknown :-1 s=NONE pgs=0 cs=0 l=1 rev1=0 crypto rx=0 tx=0 comp rx=0 tx=0).connect
2024-05-03T15:08:37.095 INFO:teuthology.orchestra.run.smithi055.stdout:/usr/bin/ceph: stderr
2024-05-03T15:08:35.692+0000 7fde98000700 1 -- --> [v2:172.21.15.55:3300/0,v1:172.21.15.55:6789/0] -- mon_getmap magic: 0 -- 0x7fde9010cfb0 con 0x7fde90109740
2024-05-03T15:08:37.095 INFO:teuthology.orchestra.run.smithi055.stdout:/usr/bin/ceph: stderr
2024-05-03T15:08:35.692+0000 7fde95600700 1 --2- >> [v2:172.21.15.55:3300/0,v1:172.21.15.55:6789/0] conn(0x7fde90109740 0x7fde90108fc0 unknown :-1 s=BANNER_CONNECTING pgs=0 cs=0 l=1 rev1=0 crypto rx=0 tx=0 comp rx=0 tx=0)._handle_peer_banner_payload supported=3 required=0
2024-05-03T15:08:37.095 INFO:teuthology.orchestra.run.smithi055.stdout:/usr/bin/ceph: stderr
2024-05-03T15:08:35.692+0000 7fde95600700 1 --2- >> [v2:172.21.15.55:3300/0,v1:172.21.15.55:6789/0] conn(0x7fde90109740 0x7fde90108fc0 unknown :-1 s=HELLO_CONNECTING pgs=0 cs=0 l=1 rev1=1 crypto rx=0 tx=0 comp rx=0 tx=0).handle_hello peer v2:172.21.15.55:3300/0 says I am v2:172.21.15.55:51250/0 (socket says 172.21.15.55:51250)
2024-05-03T15:08:37.095 INFO:teuthology.orchestra.run.smithi055.stdout:/usr/bin/ceph: stderr
2024-05-03T15:08:35.693+0000 7fde95600700 1 -- 172.21.15.55:0/2855418984 learned_addr learned my addr 172.21.15.55:0/2855418984 (peer_addr_for_me v2:172.21.15.55:0/0)
2024-05-03T15:08:37.095 INFO:teuthology.orchestra.run.smithi055.stdout:/usr/bin/ceph: stderr
2024-05-03T15:08:35.693+0000 7fde95600700 1 -- 172.21.15.55:0/2855418984 --> [v2:172.21.15.55:3300/0,v1:172.21.15.55:6789/0] -- mon_subscribe({config=0+,monmap=0+}) -- 0x7fde90109500 con 0x7fde90109740
2024-05-03T15:08:37.095 INFO:teuthology.orchestra.run.smithi055.stdout:/usr/bin/ceph: stderr
2024-05-03T15:08:35.693+0000 7fde95600700 1 --2- 172.21.15.55:0/2855418984 >> [v2:172.21.15.55:3300/0,v1:172.21.15.55:6789/0] conn(0x7fde90109740 0x7fde90108fc0 secure :-1 s=READY pgs=48 cs=0 l=1 rev1=1 crypto rx=0x7fde84011670 tx=0x7fde84011a30 comp rx=0 tx=0).ready entity=mon.0 client_cookie=0 server_cookie=0 in_seq=0 out_seq=0
2024-05-03T15:08:37.095 INFO:teuthology.orchestra.run.smithi055.stdout:/usr/bin/ceph: stderr
2024-05-03T15:08:35.693+0000 7fde8e000700 1 -- 172.21.15.55:0/2855418984 <== mon.0 v2:172.21.15.55:3300/0 1 ==== mon_map magic: 0 ==== 205+0+0 (secure 0 0 0) 0x7fde8401f070 con 0x7fde90109740
2024-05-03T15:08:37.096 INFO:teuthology.orchestra.run.smithi055.stdout:/usr/bin/ceph: stderr
2024-05-03T15:08:35.694+0000 7fde8e000700 1 -- 172.21.15.55:0/2855418984 <== mon.0 v2:172.21.15.55:3300/0 2 ==== config(25 keys) ==== 1063+0+0 (secure 0 0 0) 0x7fde84003b20 con 0x7fde90109740
2024-05-03T15:08:37.096 INFO:teuthology.orchestra.run.smithi055.stdout:/usr/bin/ceph: stderr
2024-05-03T15:08:35.694+0000 7fde8e000700 1 -- 172.21.15.55:0/2855418984 <== mon.0 v2:172.21.15.55:3300/0 3 ==== mon_map magic: 0 ==== 205+0+0 (secure 0 0 0) 0x7fde840195f0 con 0x7fde90109740
2024-05-03T15:08:37.096 INFO:teuthology.orchestra.run.smithi055.stdout:/usr/bin/ceph: stderr
2024-05-03T15:08:35.694+0000 7fde98000700 1 -- 172.21.15.55:0/2855418984 --> [v2:172.21.15.55:3300/0,v1:172.21.15.55:6789/0] -- mon_subscribe({mgrmap=0+}) -- 0x7fde901076f0 con 0x7fde90109740
2024-05-03T15:08:37.096 INFO:teuthology.orchestra.run.smithi055.stdout:/usr/bin/ceph: stderr
2024-05-03T15:08:35.694+0000 7fde98000700 1 -- 172.21.15.55:0/2855418984 --> [v2:172.21.15.55:3300/0,v1:172.21.15.55:6789/0] -- mon_subscribe({osdmap=0}) -- 0x7fde90107c30 con 0x7fde90109740
2024-05-03T15:08:37.096 INFO:teuthology.orchestra.run.smithi055.stdout:/usr/bin/ceph: stderr
2024-05-03T15:08:35.695+0000 7fde98000700 1 -- 172.21.15.55:0/2855418984 --> [v2:172.21.15.55:3300/0,v1:172.21.15.55:6789/0] -- mon_command({"prefix": "get_command_descriptions"} v 0) -- 0x7fde90064b00 con 0x7fde90109740
2024-05-03T15:08:37.096 INFO:teuthology.orchestra.run.smithi055.stdout:/usr/bin/ceph: stderr
2024-05-03T15:08:35.695+0000 7fde8e000700 1 -- 172.21.15.55:0/2855418984 <== mon.0 v2:172.21.15.55:3300/0 4 ==== mgrmap(e 8) ==== 50222+0+0 (secure 0 0 0) 0x7fde84022070 con 0x7fde90109740
2024-05-03T15:08:37.096 INFO:teuthology.orchestra.run.smithi055.stdout:/usr/bin/ceph: stderr
2024-05-03T15:08:35.696+0000 7fde8e000700 1 --2- 172.21.15.55:0/2855418984 >> [v2:172.21.15.55:6800/1759617119,v1:172.21.15.55:6801/1759617119] conn(0x7fde7803e470 0x7fde78040930 unknown :-1 s=NONE pgs=0 cs=0 l=1 rev1=0 crypto rx=0 tx=0 comp rx=0 tx=0).connect
2024-05-03T15:08:37.096 INFO:teuthology.orchestra.run.smithi055.stdout:/usr/bin/ceph: stderr
2024-05-03T15:08:35.696+0000 7fde8e000700 1 -- 172.21.15.55:0/2855418984 <== mon.0 v2:172.21.15.55:3300/0 5 ==== osd_map(2..2 src has 1..2) ==== 940+0+0 (secure 0 0 0) 0x7fde84053a10 con 0x7fde90109740
2024-05-03T15:08:37.096 INFO:teuthology.orchestra.run.smithi055.stdout:/usr/bin/ceph: stderr
2024-05-03T15:08:35.697+0000 7fde94c00700 1 --2- 172.21.15.55:0/2855418984 >> [v2:172.21.15.55:6800/1759617119,v1:172.21.15.55:6801/1759617119] conn(0x7fde7803e470 0x7fde78040930 unknown :-1 s=BANNER_CONNECTING pgs=0 cs=0 l=1 rev1=0 crypto rx=0 tx=0 comp rx=0 tx=0)._handle_peer_banner_payload supported=3 required=0
2024-05-03T15:08:37.096 INFO:teuthology.orchestra.run.smithi055.stdout:/usr/bin/ceph: stderr
2024-05-03T15:08:35.698+0000 7fde94c00700 1 --2- 172.21.15.55:0/2855418984 >> [v2:172.21.15.55:6800/1759617119,v1:172.21.15.55:6801/1759617119] conn(0x7fde7803e470 0x7fde78040930 secure :-1 s=READY pgs=14 cs=0 l=1 rev1=1 crypto rx=0x7fde7c006fd0 tx=0x7fde7c006e40 comp rx=0 tx=0).ready entity=mgr.14116 client_cookie=0 server_cookie=0 in_seq=0 out_seq=0
2024-05-03T15:08:37.096 INFO:teuthology.orchestra.run.smithi055.stdout:/usr/bin/ceph: stderr
2024-05-03T15:08:35.702+0000 7fde8e000700 1 -- 172.21.15.55:0/2855418984 <== mon.0 v2:172.21.15.55:3300/0 6 ==== mon_command_ack([{"prefix": "get_command_descriptions"}]=0 v0) ==== 72+0+191839 (secure 0 0 0) 0x7fde8402cd00 con 0x7fde90109740
2024-05-03T15:08:37.096 INFO:teuthology.orchestra.run.smithi055.stdout:/usr/bin/ceph: stderr
2024-05-03T15:08:35.950+0000 7fde98000700 1 -- 172.21.15.55:0/2855418984 --> [v2:172.21.15.55:3300/0,v1:172.21.15.55:6789/0] -- mon_command([{prefix=config set, name=mgr/cephadm/container_init}] v 0) -- 0x7fde901084d0 con 0x7fde90109740
2024-05-03T15:08:37.096 INFO:teuthology.orchestra.run.smithi055.stdout:/usr/bin/ceph: stderr
2024-05-03T15:08:35.954+0000 7fde8e000700 1 -- 172.21.15.55:0/2855418984 <== mon.0 v2:172.21.15.55:3300/0 7 ==== mon_command_ack([{prefix=config set, name=mgr/cephadm/container_init}]=0 v7)=0 v7) ==== 142+0+0 (secure 0 0 0) 0x7fde8401b440 con 0x7fde90109740
2024-05-03T15:08:37.097 INFO:teuthology.orchestra.run.smithi055.stdout:/usr/bin/ceph: stderr
2024-05-03T15:08:35.958+0000 7fde98000700 1 -- 172.21.15.55:0/2855418984 >> [v2:172.21.15.55:6800/1759617119,v1:172.21.15.55:6801/1759617119] conn(0x7fde7803e470 msgr2=0x7fde78040930 secure :-1 s=STATE_CONNECTION_ESTABLISHED l=1).mark_down
2024-05-03T15:08:37.097 INFO:teuthology.orchestra.run.smithi055.stdout:/usr/bin/ceph: stderr
2024-05-03T15:08:35.958+0000 7fde98000700 1 --2- 172.21.15.55:0/2855418984 >> [v2:172.21.15.55:6800/1759617119,v1:172.21.15.55:6801/1759617119] conn(0x7fde7803e470 0x7fde78040930 secure :-1 s=READY pgs=14 cs=0 l=1 rev1=1 crypto rx=0x7fde7c006fd0 tx=0x7fde7c006e40 comp rx=0 tx=0).stop
2024-05-03T15:08:37.097 INFO:teuthology.orchestra.run.smithi055.stdout:/usr/bin/ceph: stderr
2024-05-03T15:08:35.958+0000 7fde98000700 1 -- 172.21.15.55:0/2855418984 >> [v2:172.21.15.55:3300/0,v1:172.21.15.55:6789/0] conn(0x7fde90109740 msgr2=0x7fde90108fc0 secure :-1 s=STATE_CONNECTION_ESTABLISHED l=1).mark_down
2024-05-03T15:08:37.097 INFO:teuthology.orchestra.run.smithi055.stdout:/usr/bin/ceph: stderr
2024-05-03T15:08:35.958+0000 7fde98000700 1 --2- 172.21.15.55:0/2855418984 >> [v2:172.21.15.55:3300/0,v1:172.21.15.55:6789/0] conn(0x7fde90109740 0x7fde90108fc0 secure :-1 s=READY pgs=48 cs=0 l=1 rev1=1 crypto rx=0x7fde84011670 tx=0x7fde84011a30 comp rx=0 tx=0).stop
2024-05-03T15:08:37.097 INFO:teuthology.orchestra.run.smithi055.stdout:/usr/bin/ceph: stderr
2024-05-03T15:08:35.958+0000 7fde98000700 1 -- 172.21.15.55:0/2855418984 shutdown_connections
2024-05-03T15:08:37.097 INFO:teuthology.orchestra.run.smithi055.stdout:/usr/bin/ceph: stderr
2024-05-03T15:08:35.958+0000 7fde98000700 1 --2- 172.21.15.55:0/2855418984 >> [v2:172.21.15.55:6800/1759617119,v1:172.21.15.55:6801/1759617119] conn(0x7fde7803e470 0x7fde78040930 unknown :-1 s=CLOSED pgs=14 cs=0 l=1 rev1=1 crypto rx=0 tx=0 comp rx=0 tx=0).stop
2024-05-03T15:08:37.097 INFO:teuthology.orchestra.run.smithi055.stdout:/usr/bin/ceph: stderr
2024-05-03T15:08:35.958+0000 7fde98000700 1 --2- 172.21.15.55:0/2855418984 >> [v2:172.21.15.55:3300/0,v1:172.21.15.55:6789/0] conn(0x7fde90109740 0x7fde90108fc0 unknown :-1 s=CLOSED pgs=48 cs=0 l=1 rev1=1 crypto rx=0 tx=0 comp rx=0 tx=0).stop
2024-05-03T15:08:37.097 INFO:teuthology.orchestra.run.smithi055.stdout:/usr/bin/ceph: stderr
2024-05-03T15:08:35.958+0000 7fde98000700 1 -- 172.21.15.55:0/2855418984 >> 172.21.15.55:0/2855418984 conn(0x7fde901030f0 msgr2=0x7fde90103bc0 unknown :-1 s=STATE_NONE l=0).mark_down
2024-05-03T15:08:37.097 INFO:teuthology.orchestra.run.smithi055.stdout:/usr/bin/ceph: stderr
2024-05-03T15:08:35.958+0000 7fde98000700 1 -- 172.21.15.55:0/2855418984 shutdown_connections
2024-05-03T15:08:37.097 INFO:teuthology.orchestra.run.smithi055.stdout:/usr/bin/ceph: stderr
2024-05-03T15:08:35.958+0000 7fde98000700 1 -- 172.21.15.55:0/2855418984 wait complete.
2024-05-03T15:08:38.694 INFO:journalctl@ceph.mon.a.smithi055.stdout:May 03 15:08:38 smithi055 ceph-mon[28629]: from='mgr.14116 172.21.15.55:0/2463676540' entity='mgr.x'
2024-05-03T15:08:38.694 INFO:journalctl@ceph.mon.a.smithi055.stdout:May 03 15:08:38 smithi055 ceph-mon[28629]: pgmap v4: 0 pgs: ; 0 B data, 0 B used, 0 B / 0 B avail
2024-05-03T15:08:38.694 INFO:journalctl@ceph.mon.a.smithi055.stdout:May 03 15:08:38 smithi055 ceph-mon[28629]: from='client.? 172.21.15.55:0/1742233900' entity='client.admin'
2024-05-03T15:08:38.716 INFO:teuthology.orchestra.run.smithi055.stdout:/usr/bin/ceph: stderr
2024-05-03T15:08:37.729+0000 7fe4f5400700 1 Processor -- start
2024-05-03T15:08:38.716 INFO:teuthology.orchestra.run.smithi055.stdout:/usr/bin/ceph: stderr
2024-05-03T15:08:37.729+0000 7fe4f5400700 1 -- start start
2024-05-03T15:08:38.716 INFO:teuthology.orchestra.run.smithi055.stdout:/usr/bin/ceph: stderr
2024-05-03T15:08:37.730+0000 7fe4f5400700 1 --2- >> [v2:172.21.15.55:3300/0,v1:172.21.15.55:6789/0] conn(0x7fe4f007ee40 0x7fe4f007d2a0 unknown :-1 s=NONE pgs=0 cs=0 l=0 rev1=0 crypto rx=0 tx=0 comp rx=0 tx=0).connect
2024-05-03T15:08:38.716 INFO:teuthology.orchestra.run.smithi055.stdout:/usr/bin/ceph: stderr
2024-05-03T15:08:37.730+0000 7fe4f5400700 1 -- --> [v2:172.21.15.55:3300/0,v1:172.21.15.55:6789/0] -- mon_getmap magic: 0 -- 0x7fe4f007d870 con 0x7fe4f007ee40
2024-05-03T15:08:38.717 INFO:teuthology.orchestra.run.smithi055.stdout:/usr/bin/ceph: stderr
2024-05-03T15:08:37.731+0000 7fe4ee800700 1 --2- >> [v2:172.21.15.55:3300/0,v1:172.21.15.55:6789/0] conn(0x7fe4f007ee40 0x7fe4f007d2a0 unknown :-1 s=BANNER_CONNECTING pgs=0 cs=0 l=0 rev1=0 crypto rx=0 tx=0 comp rx=0 tx=0)._handle_peer_banner_payload supported=3 required=0
2024-05-03T15:08:38.717 INFO:teuthology.orchestra.run.smithi055.stdout:/usr/bin/ceph: stderr
2024-05-03T15:08:37.731+0000 7fe4ee800700 1 --2- >> [v2:172.21.15.55:3300/0,v1:172.21.15.55:6789/0] conn(0x7fe4f007ee40 0x7fe4f007d2a0 unknown :-1 s=HELLO_CONNECTING pgs=0 cs=0 l=0 rev1=1 crypto rx=0 tx=0 comp rx=0 tx=0).handle_hello peer v2:172.21.15.55:3300/0 says I am v2:172.21.15.55:51260/0 (socket says 172.21.15.55:51260)
2024-05-03T15:08:38.717 INFO:teuthology.orchestra.run.smithi055.stdout:/usr/bin/ceph: stderr
2024-05-03T15:08:37.731+0000 7fe4ee800700 1 -- 172.21.15.55:0/2948903832 learned_addr learned my addr 172.21.15.55:0/2948903832 (peer_addr_for_me v2:172.21.15.55:0/0)
2024-05-03T15:08:38.717 INFO:teuthology.orchestra.run.smithi055.stdout:/usr/bin/ceph: stderr
2024-05-03T15:08:37.731+0000 7fe4ee800700 1 -- 172.21.15.55:0/2948903832 --> [v2:172.21.15.55:3300/0,v1:172.21.15.55:6789/0] -- mon_subscribe({config=0+,monmap=0+}) -- 0x7fe4f007d9f0 con 0x7fe4f007ee40
2024-05-03T15:08:38.717 INFO:teuthology.orchestra.run.smithi055.stdout:/usr/bin/ceph: stderr
2024-05-03T15:08:37.732+0000 7fe4ee800700 1 --2- 172.21.15.55:0/2948903832 >> [v2:172.21.15.55:3300/0,v1:172.21.15.55:6789/0] conn(0x7fe4f007ee40 0x7fe4f007d2a0 secure :-1 s=READY pgs=49 cs=0 l=1 rev1=1 crypto rx=0x7fe4e00098a0 tx=0x7fe4e0009bb0 comp rx=0 tx=0).ready entity=mon.0 client_cookie=5dc79dc3c1704d73 server_cookie=0 in_seq=0 out_seq=0
2024-05-03T15:08:38.718 INFO:teuthology.orchestra.run.smithi055.stdout:/usr/bin/ceph: stderr
2024-05-03T15:08:37.732+0000 7fe4ed400700 1 -- 172.21.15.55:0/2948903832 <== mon.0 v2:172.21.15.55:3300/0 1 ==== mon_map magic: 0 ==== 205+0+0 (secure 0 0 0) 0x7fe4e0004160 con 0x7fe4f007ee40
2024-05-03T15:08:38.718 INFO:teuthology.orchestra.run.smithi055.stdout:/usr/bin/ceph: stderr
2024-05-03T15:08:37.732+0000 7fe4ed400700 1 -- 172.21.15.55:0/2948903832 <== mon.0 v2:172.21.15.55:3300/0 2 ==== config(25 keys) ==== 1063+0+0 (secure 0 0 0) 0x7fe4e0004300 con 0x7fe4f007ee40
2024-05-03T15:08:38.718 INFO:teuthology.orchestra.run.smithi055.stdout:/usr/bin/ceph: stderr
2024-05-03T15:08:37.732+0000 7fe4ed400700 1 -- 172.21.15.55:0/2948903832 <== mon.0 v2:172.21.15.55:3300/0 3 ==== mon_map magic: 0 ==== 205+0+0 (secure 0 0 0) 0x7fe4e0011960 con 0x7fe4f007ee40
2024-05-03T15:08:38.718 INFO:teuthology.orchestra.run.smithi055.stdout:/usr/bin/ceph: stderr
2024-05-03T15:08:37.733+0000 7fe4f5400700 1 -- 172.21.15.55:0/2948903832 >> [v2:172.21.15.55:3300/0,v1:172.21.15.55:6789/0] conn(0x7fe4f007ee40 msgr2=0x7fe4f007d2a0 secure :-1 s=STATE_CONNECTION_ESTABLISHED l=1).mark_down
2024-05-03T15:08:38.718 INFO:teuthology.orchestra.run.smithi055.stdout:/usr/bin/ceph: stderr
2024-05-03T15:08:37.733+0000 7fe4f5400700 1 --2- 172.21.15.55:0/2948903832 >> [v2:172.21.15.55:3300/0,v1:172.21.15.55:6789/0] conn(0x7fe4f007ee40 0x7fe4f007d2a0 secure :-1 s=READY pgs=49 cs=0 l=1 rev1=1 crypto rx=0x7fe4e00098a0 tx=0x7fe4e0009bb0 comp rx=0 tx=0).stop
2024-05-03T15:08:38.718 INFO:teuthology.orchestra.run.smithi055.stdout:/usr/bin/ceph: stderr
2024-05-03T15:08:37.733+0000 7fe4f5400700 1 -- 172.21.15.55:0/2948903832 shutdown_connections
2024-05-03T15:08:38.719 INFO:teuthology.orchestra.run.smithi055.stdout:/usr/bin/ceph: stderr
2024-05-03T15:08:37.733+0000 7fe4f5400700 1 --2- 172.21.15.55:0/2948903832 >> [v2:172.21.15.55:3300/0,v1:172.21.15.55:6789/0] conn(0x7fe4f007ee40 0x7fe4f007d2a0 unknown :-1 s=CLOSED pgs=49 cs=0 l=1 rev1=1 crypto rx=0 tx=0 comp rx=0 tx=0).stop
2024-05-03T15:08:38.719 INFO:teuthology.orchestra.run.smithi055.stdout:/usr/bin/ceph: stderr
2024-05-03T15:08:37.733+0000 7fe4f5400700 1 -- 172.21.15.55:0/2948903832 >> 172.21.15.55:0/2948903832 conn(0x7fe4f01041f0 msgr2=0x7fe4f0106630 unknown :-1 s=STATE_NONE l=0).mark_down
2024-05-03T15:08:38.719 INFO:teuthology.orchestra.run.smithi055.stdout:/usr/bin/ceph: stderr
2024-05-03T15:08:37.734+0000 7fe4f5400700 1 -- 172.21.15.55:0/2948903832 shutdown_connections
2024-05-03T15:08:38.719 INFO:teuthology.orchestra.run.smithi055.stdout:/usr/bin/ceph: stderr
2024-05-03T15:08:37.734+0000 7fe4f5400700 1 -- 172.21.15.55:0/2948903832 wait complete.
2024-05-03T15:08:38.719 INFO:teuthology.orchestra.run.smithi055.stdout:/usr/bin/ceph: stderr
2024-05-03T15:08:37.735+0000 7fe4f5400700 1 Processor -- start
2024-05-03T15:08:38.719 INFO:teuthology.orchestra.run.smithi055.stdout:/usr/bin/ceph: stderr
2024-05-03T15:08:37.735+0000 7fe4f5400700 1 -- start start
2024-05-03T15:08:38.720 INFO:teuthology.orchestra.run.smithi055.stdout:/usr/bin/ceph: stderr
2024-05-03T15:08:37.736+0000 7fe4f5400700 1 --2- >> [v2:172.21.15.55:3300/0,v1:172.21.15.55:6789/0] conn(0x7fe4f007ee40 0x7fe4f019ec20 unknown :-1 s=NONE pgs=0 cs=0 l=1 rev1=0 crypto rx=0 tx=0 comp rx=0 tx=0).connect
2024-05-03T15:08:38.720 INFO:teuthology.orchestra.run.smithi055.stdout:/usr/bin/ceph: stderr
2024-05-03T15:08:37.736+0000 7fe4f5400700 1 -- --> [v2:172.21.15.55:3300/0,v1:172.21.15.55:6789/0] -- mon_getmap magic: 0 -- 0x7fe4f010f210 con 0x7fe4f007ee40
2024-05-03T15:08:38.720 INFO:teuthology.orchestra.run.smithi055.stdout:/usr/bin/ceph: stderr
2024-05-03T15:08:37.736+0000 7fe4ee800700 1 --2- >> [v2:172.21.15.55:3300/0,v1:172.21.15.55:6789/0] conn(0x7fe4f007ee40 0x7fe4f019ec20 unknown :-1 s=BANNER_CONNECTING pgs=0 cs=0 l=1 rev1=0 crypto rx=0 tx=0 comp rx=0 tx=0)._handle_peer_banner_payload supported=3 required=0
2024-05-03T15:08:38.720 INFO:teuthology.orchestra.run.smithi055.stdout:/usr/bin/ceph: stderr
2024-05-03T15:08:37.736+0000 7fe4ee800700 1 --2- >> [v2:172.21.15.55:3300/0,v1:172.21.15.55:6789/0] conn(0x7fe4f007ee40 0x7fe4f019ec20 unknown :-1 s=HELLO_CONNECTING pgs=0 cs=0 l=1 rev1=1 crypto rx=0 tx=0 comp rx=0 tx=0).handle_hello peer v2:172.21.15.55:3300/0 says I am v2:172.21.15.55:51262/0 (socket says 172.21.15.55:51262)
2024-05-03T15:08:38.720 INFO:teuthology.orchestra.run.smithi055.stdout:/usr/bin/ceph: stderr
2024-05-03T15:08:37.736+0000 7fe4ee800700 1 -- 172.21.15.55:0/1742233900 learned_addr learned my addr 172.21.15.55:0/1742233900 (peer_addr_for_me v2:172.21.15.55:0/0)
2024-05-03T15:08:38.721 INFO:teuthology.orchestra.run.smithi055.stdout:/usr/bin/ceph: stderr
2024-05-03T15:08:37.736+0000 7fe4ee800700 1 -- 172.21.15.55:0/1742233900 --> [v2:172.21.15.55:3300/0,v1:172.21.15.55:6789/0] -- mon_subscribe({config=0+,monmap=0+}) -- 0x7fe4f019f160 con 0x7fe4f007ee40
2024-05-03T15:08:38.721 INFO:teuthology.orchestra.run.smithi055.stdout:/usr/bin/ceph: stderr
2024-05-03T15:08:37.737+0000 7fe4ee800700 1 --2- 172.21.15.55:0/1742233900 >> [v2:172.21.15.55:3300/0,v1:172.21.15.55:6789/0] conn(0x7fe4f007ee40 0x7fe4f019ec20 secure :-1 s=READY pgs=50 cs=0 l=1 rev1=1 crypto rx=0x7fe4e0011670 tx=0x7fe4e0011a30 comp rx=0 tx=0).ready entity=mon.0 client_cookie=0 server_cookie=0 in_seq=0 out_seq=0
2024-05-03T15:08:38.721 INFO:teuthology.orchestra.run.smithi055.stdout:/usr/bin/ceph: stderr
2024-05-03T15:08:37.737+0000 7fe4e7400700 1 -- 172.21.15.55:0/1742233900 <== mon.0 v2:172.21.15.55:3300/0 1 ==== mon_map magic: 0 ==== 205+0+0 (secure 0 0 0) 0x7fe4e0003a60 con 0x7fe4f007ee40
2024-05-03T15:08:38.721 INFO:teuthology.orchestra.run.smithi055.stdout:/usr/bin/ceph: stderr
2024-05-03T15:08:37.737+0000 7fe4e7400700 1 -- 172.21.15.55:0/1742233900 <== mon.0 v2:172.21.15.55:3300/0 2 ==== config(25 keys) ==== 1063+0+0 (secure 0 0 0) 0x7fe4e001b8d0 con 0x7fe4f007ee40
2024-05-03T15:08:38.721 INFO:teuthology.orchestra.run.smithi055.stdout:/usr/bin/ceph: stderr
2024-05-03T15:08:37.737+0000 7fe4e7400700 1 -- 172.21.15.55:0/1742233900 <== mon.0 v2:172.21.15.55:3300/0 3 ==== mon_map magic: 0 ==== 205+0+0 (secure 0 0 0) 0x7fe4e0023790 con 0x7fe4f007ee40
2024-05-03T15:08:38.721 INFO:teuthology.orchestra.run.smithi055.stdout:/usr/bin/ceph: stderr
2024-05-03T15:08:37.737+0000 7fe4f5400700 1 -- 172.21.15.55:0/1742233900 --> [v2:172.21.15.55:3300/0,v1:172.21.15.55:6789/0] -- mon_subscribe({mgrmap=0+}) -- 0x7fe4f019f3f0 con 0x7fe4f007ee40
2024-05-03T15:08:38.722 INFO:teuthology.orchestra.run.smithi055.stdout:/usr/bin/ceph: stderr
2024-05-03T15:08:37.737+0000 7fe4f5400700 1 -- 172.21.15.55:0/1742233900 --> [v2:172.21.15.55:3300/0,v1:172.21.15.55:6789/0] -- mon_subscribe({osdmap=0}) -- 0x7fe4f01a20e0 con 0x7fe4f007ee40
2024-05-03T15:08:38.722 INFO:teuthology.orchestra.run.smithi055.stdout:/usr/bin/ceph: stderr
2024-05-03T15:08:37.739+0000 7fe4e7400700 1 -- 172.21.15.55:0/1742233900 <== mon.0 v2:172.21.15.55:3300/0 4 ==== mgrmap(e 8) ==== 50222+0+0 (secure 0 0 0) 0x7fe4e0023a40 con 0x7fe4f007ee40
2024-05-03T15:08:38.722 INFO:teuthology.orchestra.run.smithi055.stdout:/usr/bin/ceph: stderr
2024-05-03T15:08:37.739+0000 7fe4f5400700 1 -- 172.21.15.55:0/1742233900 --> [v2:172.21.15.55:3300/0,v1:172.21.15.55:6789/0] -- mon_command({"prefix": "get_command_descriptions"} v 0) -- 0x7fe4f0064b00 con 0x7fe4f007ee40
2024-05-03T15:08:38.722 INFO:teuthology.orchestra.run.smithi055.stdout:/usr/bin/ceph: stderr
2024-05-03T15:08:37.739+0000 7fe4e7400700 1 --2- 172.21.15.55:0/1742233900 >> [v2:172.21.15.55:6800/1759617119,v1:172.21.15.55:6801/1759617119] conn(0x7fe4d403e4c0 0x7fe4d4040980 unknown :-1 s=NONE pgs=0 cs=0 l=1 rev1=0 crypto rx=0 tx=0 comp rx=0 tx=0).connect
2024-05-03T15:08:38.722 INFO:teuthology.orchestra.run.smithi055.stdout:/usr/bin/ceph: stderr
2024-05-03T15:08:37.739+0000 7fe4e7400700 1 -- 172.21.15.55:0/1742233900 <== mon.0 v2:172.21.15.55:3300/0 5 ==== osd_map(2..2 src has 1..2) ==== 940+0+0 (secure 0 0 0) 0x7fe4e0054040 con 0x7fe4f007ee40
2024-05-03T15:08:38.723 INFO:teuthology.orchestra.run.smithi055.stdout:/usr/bin/ceph: stderr
2024-05-03T15:08:37.740+0000 7fe4ede00700 1 --2- 172.21.15.55:0/1742233900 >> [v2:172.21.15.55:6800/1759617119,v1:172.21.15.55:6801/1759617119] conn(0x7fe4d403e4c0 0x7fe4d4040980 unknown :-1 s=BANNER_CONNECTING pgs=0 cs=0 l=1 rev1=0 crypto rx=0 tx=0 comp rx=0 tx=0)._handle_peer_banner_payload supported=3 required=0
2024-05-03T15:08:38.723 INFO:teuthology.orchestra.run.smithi055.stdout:/usr/bin/ceph: stderr
2024-05-03T15:08:37.740+0000 7fe4ede00700 1 --2- 172.21.15.55:0/1742233900 >> [v2:172.21.15.55:6800/1759617119,v1:172.21.15.55:6801/1759617119] conn(0x7fe4d403e4c0 0x7fe4d4040980 secure :-1 s=READY pgs=15 cs=0 l=1 rev1=1 crypto rx=0x7fe4dc006fd0 tx=0x7fe4dc006e40 comp rx=0 tx=0).ready entity=mgr.14116 client_cookie=0 server_cookie=0 in_seq=0 out_seq=0
2024-05-03T15:08:38.723 INFO:teuthology.orchestra.run.smithi055.stdout:/usr/bin/ceph: stderr
2024-05-03T15:08:37.745+0000 7fe4e7400700 1 -- 172.21.15.55:0/1742233900 <== mon.0 v2:172.21.15.55:3300/0 6 ==== mon_command_ack([{"prefix": "get_command_descriptions"}]=0 v0) ==== 72+0+191839 (secure 0 0 0) 0x7fe4e001f030 con 0x7fe4f007ee40
2024-05-03T15:08:38.724 INFO:teuthology.orchestra.run.smithi055.stdout:/usr/bin/ceph: stderr
2024-05-03T15:08:37.983+0000 7fe4f5400700 1 -- 172.21.15.55:0/1742233900 --> [v2:172.21.15.55:3300/0,v1:172.21.15.55:6789/0] -- mon_command([{prefix=config set, name=mgr/dashboard/ssl_server_port}] v 0) -- 0x7fe4f01a22b0 con 0x7fe4f007ee40
2024-05-03T15:08:38.724 INFO:teuthology.orchestra.run.smithi055.stdout:/usr/bin/ceph: stderr
2024-05-03T15:08:37.987+0000 7fe4e7400700 1 -- 172.21.15.55:0/1742233900 <== mon.0 v2:172.21.15.55:3300/0 7 ==== mon_command_ack([{prefix=config set, name=mgr/dashboard/ssl_server_port}]=0 v8)=0 v8) ==== 130+0+0 (secure 0 0 0) 0x7fe4e001bda0 con 0x7fe4f007ee40
2024-05-03T15:08:38.724 INFO:teuthology.orchestra.run.smithi055.stdout:/usr/bin/ceph: stderr
2024-05-03T15:08:37.990+0000 7fe4f5400700 1 -- 172.21.15.55:0/1742233900 >> [v2:172.21.15.55:6800/1759617119,v1:172.21.15.55:6801/1759617119] conn(0x7fe4d403e4c0 msgr2=0x7fe4d4040980 secure :-1 s=STATE_CONNECTION_ESTABLISHED l=1).mark_down
2024-05-03T15:08:38.724 INFO:teuthology.orchestra.run.smithi055.stdout:/usr/bin/ceph: stderr
2024-05-03T15:08:37.990+0000 7fe4f5400700 1 --2- 172.21.15.55:0/1742233900 >> [v2:172.21.15.55:6800/1759617119,v1:172.21.15.55:6801/1759617119] conn(0x7fe4d403e4c0 0x7fe4d4040980 secure :-1 s=READY pgs=15 cs=0 l=1 rev1=1 crypto rx=0x7fe4dc006fd0 tx=0x7fe4dc006e40 comp rx=0 tx=0).stop
2024-05-03T15:08:38.724 INFO:teuthology.orchestra.run.smithi055.stdout:/usr/bin/ceph: stderr
2024-05-03T15:08:37.990+0000 7fe4f5400700 1 -- 172.21.15.55:0/1742233900 >> [v2:172.21.15.55:3300/0,v1:172.21.15.55:6789/0] conn(0x7fe4f007ee40 msgr2=0x7fe4f019ec20 secure :-1 s=STATE_CONNECTION_ESTABLISHED l=1).mark_down
2024-05-03T15:08:38.724 INFO:teuthology.orchestra.run.smithi055.stdout:/usr/bin/ceph: stderr
2024-05-03T15:08:37.990+0000 7fe4f5400700 1 --2- 172.21.15.55:0/1742233900 >> [v2:172.21.15.55:3300/0,v1:172.21.15.55:6789/0] conn(0x7fe4f007ee40 0x7fe4f019ec20 secure :-1 s=READY pgs=50 cs=0 l=1 rev1=1 crypto rx=0x7fe4e0011670 tx=0x7fe4e0011a30 comp rx=0 tx=0).stop
2024-05-03T15:08:38.725 INFO:teuthology.orchestra.run.smithi055.stdout:/usr/bin/ceph: stderr
2024-05-03T15:08:37.990+0000 7fe4f5400700 1 -- 172.21.15.55:0/1742233900 shutdown_connections
2024-05-03T15:08:38.725 INFO:teuthology.orchestra.run.smithi055.stdout:/usr/bin/ceph: stderr
2024-05-03T15:08:37.990+0000 7fe4f5400700 1 --2- 172.21.15.55:0/1742233900 >> [v2:172.21.15.55:6800/1759617119,v1:172.21.15.55:6801/1759617119] conn(0x7fe4d403e4c0 0x7fe4d4040980 unknown :-1 s=CLOSED pgs=15 cs=0 l=1 rev1=1 crypto rx=0 tx=0 comp rx=0 tx=0).stop
2024-05-03T15:08:38.725 INFO:teuthology.orchestra.run.smithi055.stdout:/usr/bin/ceph: stderr
2024-05-03T15:08:37.990+0000 7fe4f5400700 1 --2- 172.21.15.55:0/1742233900 >> [v2:172.21.15.55:3300/0,v1:172.21.15.55:6789/0] conn(0x7fe4f007ee40 0x7fe4f019ec20 unknown :-1 s=CLOSED pgs=50 cs=0 l=1 rev1=1 crypto rx=0 tx=0 comp rx=0 tx=0).stop
2024-05-03T15:08:38.725 INFO:teuthology.orchestra.run.smithi055.stdout:/usr/bin/ceph: stderr
2024-05-03T15:08:37.990+0000 7fe4f5400700 1 -- 172.21.15.55:0/1742233900 >> 172.21.15.55:0/1742233900 conn(0x7fe4f01041f0 msgr2=0x7fe4f0104ce0 unknown :-1 s=STATE_NONE l=0).mark_down
2024-05-03T15:08:38.725 INFO:teuthology.orchestra.run.smithi055.stdout:/usr/bin/ceph: stderr
2024-05-03T15:08:37.991+0000 7fe4f5400700 1 -- 172.21.15.55:0/1742233900 shutdown_connections
2024-05-03T15:08:38.726 INFO:teuthology.orchestra.run.smithi055.stdout:/usr/bin/ceph: stderr
2024-05-03T15:08:37.991+0000 7fe4f5400700 1 -- 172.21.15.55:0/1742233900 wait complete.
2024-05-03T15:08:38.726 INFO:teuthology.orchestra.run.smithi055.stdout:Enabling the dashboard module...
2024-05-03T15:08:40.549 INFO:journalctl@ceph.mon.a.smithi055.stdout:May 03 15:08:40 smithi055 ceph-mon[28629]: pgmap v5: 0 pgs: ; 0 B data, 0 B used, 0 B / 0 B avail
2024-05-03T15:08:40.550 INFO:journalctl@ceph.mon.a.smithi055.stdout:May 03 15:08:40 smithi055 ceph-mon[28629]: from='mgr.14116 172.21.15.55:0/2463676540' entity='mgr.x'
2024-05-03T15:08:40.550 INFO:journalctl@ceph.mon.a.smithi055.stdout:May 03 15:08:40 smithi055 ceph-mon[28629]: from='client.? 172.21.15.55:0/3430867082' entity='client.admin' cmd=[{"prefix": "mgr module enable", "module": "dashboard"}]: dispatch
2024-05-03T15:08:40.811 INFO:journalctl@ceph.mgr.x.smithi055.stdout:May 03 15:08:40 smithi055 ceph-b811590c-095e-11ef-bc97-c7b262605968-mgr-x[28858]: ignoring --setuser ceph since I am not root
2024-05-03T15:08:40.811 INFO:journalctl@ceph.mgr.x.smithi055.stdout:May 03 15:08:40 smithi055 ceph-b811590c-095e-11ef-bc97-c7b262605968-mgr-x[28858]: ignoring --setgroup ceph since I am not root
2024-05-03T15:08:40.811 INFO:journalctl@ceph.mgr.x.smithi055.stdout:May 03 15:08:40 smithi055 ceph-b811590c-095e-11ef-bc97-c7b262605968-mgr-x[28858]:
2024-05-03T15:08:40.734+0000 7f376a08f200 -1 mgr[py] Module balancer has missing NOTIFY_TYPES member
2024-05-03T15:08:41.131 INFO:journalctl@ceph.mgr.x.smithi055.stdout:May 03 15:08:40 smithi055 ceph-b811590c-095e-11ef-bc97-c7b262605968-mgr-x[28858]:
2024-05-03T15:08:40.986+0000 7f376a08f200 -1 mgr[py] Module orchestrator has missing NOTIFY_TYPES member
2024-05-03T15:08:41.131 INFO:journalctl@ceph.mgr.x.smithi055.stdout:May 03 15:08:41 smithi055 ceph-b811590c-095e-11ef-bc97-c7b262605968-mgr-x[28858]:
2024-05-03T15:08:41.128+0000 7f376a08f200 -1 mgr[py] Module snap_schedule has missing NOTIFY_TYPES member
2024-05-03T15:08:41.694 INFO:journalctl@ceph.mon.a.smithi055.stdout:May 03 15:08:41 smithi055 ceph-mon[28629]: from='client.? 172.21.15.55:0/3430867082' entity='client.admin' cmd='[{"prefix": "mgr module enable", "module": "dashboard"}]': finished
2024-05-03T15:08:41.694 INFO:journalctl@ceph.mon.a.smithi055.stdout:May 03 15:08:41 smithi055 ceph-mon[28629]: mgrmap e9: x(active, since 25s)
2024-05-03T15:08:41.694 INFO:journalctl@ceph.mgr.x.smithi055.stdout:May 03 15:08:41 smithi055 ceph-b811590c-095e-11ef-bc97-c7b262605968-mgr-x[28858]:
2024-05-03T15:08:41.575+0000 7f376a08f200 -1 mgr[py] Module progress has missing NOTIFY_TYPES member
2024-05-03T15:08:41.694 INFO:journalctl@ceph.mgr.x.smithi055.stdout:May 03 15:08:41 smithi055 ceph-b811590c-095e-11ef-bc97-c7b262605968-mgr-x[28858]:
2024-05-03T15:08:41.692+0000 7f376a08f200 -1 mgr[py] Module influx has missing NOTIFY_TYPES member
2024-05-03T15:08:41.899 INFO:teuthology.orchestra.run.smithi055.stdout:/usr/bin/ceph: stderr
2024-05-03T15:08:39.367+0000 7f81e0200700 1 Processor -- start
2024-05-03T15:08:41.899 INFO:teuthology.orchestra.run.smithi055.stdout:/usr/bin/ceph: stderr
2024-05-03T15:08:39.367+0000 7f81e0200700 1 -- start start
2024-05-03T15:08:41.899 INFO:teuthology.orchestra.run.smithi055.stdout:/usr/bin/ceph: stderr
2024-05-03T15:08:39.368+0000 7f81e0200700 1 --2- >> [v2:172.21.15.55:3300/0,v1:172.21.15.55:6789/0] conn(0x7f81d810ae80 0x7f81d810b2a0 unknown :-1 s=NONE pgs=0 cs=0 l=0 rev1=0 crypto rx=0 tx=0 comp rx=0 tx=0).connect
2024-05-03T15:08:41.899 INFO:teuthology.orchestra.run.smithi055.stdout:/usr/bin/ceph: stderr
2024-05-03T15:08:39.368+0000 7f81e0200700 1 -- --> [v2:172.21.15.55:3300/0,v1:172.21.15.55:6789/0] -- mon_getmap magic: 0 -- 0x7f81d810b7e0 con 0x7f81d810ae80
2024-05-03T15:08:41.899 INFO:teuthology.orchestra.run.smithi055.stdout:/usr/bin/ceph: stderr
2024-05-03T15:08:39.368+0000 7f81dd800700 1 --2- >> [v2:172.21.15.55:3300/0,v1:172.21.15.55:6789/0] conn(0x7f81d810ae80 0x7f81d810b2a0 unknown :-1 s=BANNER_CONNECTING pgs=0 cs=0 l=0 rev1=0 crypto rx=0 tx=0 comp rx=0 tx=0)._handle_peer_banner_payload supported=3 required=0
2024-05-03T15:08:41.900 INFO:teuthology.orchestra.run.smithi055.stdout:/usr/bin/ceph: stderr
2024-05-03T15:08:39.368+0000 7f81dd800700 1 --2- >> [v2:172.21.15.55:3300/0,v1:172.21.15.55:6789/0] conn(0x7f81d810ae80 0x7f81d810b2a0 unknown :-1 s=HELLO_CONNECTING pgs=0 cs=0 l=0 rev1=1 crypto rx=0 tx=0 comp rx=0 tx=0).handle_hello peer v2:172.21.15.55:3300/0 says I am v2:172.21.15.55:47074/0 (socket says 172.21.15.55:47074)
2024-05-03T15:08:41.900 INFO:teuthology.orchestra.run.smithi055.stdout:/usr/bin/ceph: stderr
2024-05-03T15:08:39.368+0000 7f81dd800700 1 -- 172.21.15.55:0/2348824193 learned_addr learned my addr 172.21.15.55:0/2348824193 (peer_addr_for_me v2:172.21.15.55:0/0)
2024-05-03T15:08:41.900 INFO:teuthology.orchestra.run.smithi055.stdout:/usr/bin/ceph: stderr
2024-05-03T15:08:39.369+0000 7f81dd800700 1 -- 172.21.15.55:0/2348824193 --> [v2:172.21.15.55:3300/0,v1:172.21.15.55:6789/0] -- mon_subscribe({config=0+,monmap=0+}) -- 0x7f81d810bf90 con 0x7f81d810ae80
2024-05-03T15:08:41.900 INFO:teuthology.orchestra.run.smithi055.stdout:/usr/bin/ceph: stderr
2024-05-03T15:08:39.369+0000 7f81dd800700 1 --2- 172.21.15.55:0/2348824193 >> [v2:172.21.15.55:3300/0,v1:172.21.15.55:6789/0] conn(0x7f81d810ae80 0x7f81d810b2a0 secure :-1 s=READY pgs=51 cs=0 l=1 rev1=1 crypto rx=0x7f81cc009e80 tx=0x7f81cc00b330 comp rx=0 tx=0).ready entity=mon.0 client_cookie=36e79572606b8637 server_cookie=0 in_seq=0 out_seq=0
2024-05-03T15:08:41.900 INFO:teuthology.orchestra.run.smithi055.stdout:/usr/bin/ceph: stderr
2024-05-03T15:08:39.370+0000 7f81d7e00700 1 -- 172.21.15.55:0/2348824193 <== mon.0 v2:172.21.15.55:3300/0 1 ==== mon_map magic: 0 ==== 205+0+0 (secure 0 0 0) 0x7f81cc017070 con 0x7f81d810ae80
2024-05-03T15:08:41.900 INFO:teuthology.orchestra.run.smithi055.stdout:/usr/bin/ceph: stderr
2024-05-03T15:08:39.370+0000 7f81d7e00700 1 -- 172.21.15.55:0/2348824193 <== mon.0 v2:172.21.15.55:3300/0 2 ==== config(25 keys) ==== 1063+0+0 (secure 0 0 0) 0x7f81cc00b8c0 con 0x7f81d810ae80
2024-05-03T15:08:41.900 INFO:teuthology.orchestra.run.smithi055.stdout:/usr/bin/ceph: stderr
2024-05-03T15:08:39.370+0000 7f81d7e00700 1 -- 172.21.15.55:0/2348824193 <== mon.0 v2:172.21.15.55:3300/0 3 ==== mon_map magic: 0 ==== 205+0+0 (secure 0 0 0) 0x7f81cc004420 con 0x7f81d810ae80
2024-05-03T15:08:41.900 INFO:teuthology.orchestra.run.smithi055.stdout:/usr/bin/ceph: stderr
2024-05-03T15:08:39.370+0000 7f81e0200700 1 -- 172.21.15.55:0/2348824193 >> [v2:172.21.15.55:3300/0,v1:172.21.15.55:6789/0] conn(0x7f81d810ae80 msgr2=0x7f81d810b2a0 secure :-1 s=STATE_CONNECTION_ESTABLISHED l=1).mark_down
2024-05-03T15:08:41.905 INFO:teuthology.orchestra.run.smithi055.stdout:/usr/bin/ceph: stderr
2024-05-03T15:08:39.370+0000 7f81e0200700 1 --2- 172.21.15.55:0/2348824193 >> [v2:172.21.15.55:3300/0,v1:172.21.15.55:6789/0] conn(0x7f81d810ae80 0x7f81d810b2a0 secure :-1 s=READY pgs=51 cs=0 l=1 rev1=1 crypto rx=0x7f81cc009e80 tx=0x7f81cc00b330 comp rx=0 tx=0).stop
2024-05-03T15:08:41.905 INFO:teuthology.orchestra.run.smithi055.stdout:/usr/bin/ceph: stderr
2024-05-03T15:08:39.371+0000 7f81e0200700 1 -- 172.21.15.55:0/2348824193 shutdown_connections
2024-05-03T15:08:41.905 INFO:teuthology.orchestra.run.smithi055.stdout:/usr/bin/ceph: stderr
2024-05-03T15:08:39.371+0000 7f81e0200700 1 --2- 172.21.15.55:0/2348824193 >> [v2:172.21.15.55:3300/0,v1:172.21.15.55:6789/0] conn(0x7f81d810ae80 0x7f81d810b2a0 unknown :-1 s=CLOSED pgs=51 cs=0 l=1 rev1=1 crypto rx=0 tx=0 comp rx=0 tx=0).stop
2024-05-03T15:08:41.905 INFO:teuthology.orchestra.run.smithi055.stdout:/usr/bin/ceph: stderr
2024-05-03T15:08:39.371+0000 7f81e0200700 1 -- 172.21.15.55:0/2348824193 >> 172.21.15.55:0/2348824193 conn(0x7f81d807e250 msgr2=0x7f81d807e680 unknown :-1 s=STATE_NONE l=0).mark_down
2024-05-03T15:08:41.905 INFO:teuthology.orchestra.run.smithi055.stdout:/usr/bin/ceph: stderr
2024-05-03T15:08:39.371+0000 7f81e0200700 1 -- 172.21.15.55:0/2348824193 shutdown_connections
2024-05-03T15:08:41.906 INFO:teuthology.orchestra.run.smithi055.stdout:/usr/bin/ceph: stderr
2024-05-03T15:08:39.371+0000 7f81e0200700 1 -- 172.21.15.55:0/2348824193 wait complete.
2024-05-03T15:08:41.906 INFO:teuthology.orchestra.run.smithi055.stdout:/usr/bin/ceph: stderr
2024-05-03T15:08:39.372+0000 7f81e0200700 1 Processor -- start
2024-05-03T15:08:41.906 INFO:teuthology.orchestra.run.smithi055.stdout:/usr/bin/ceph: stderr
2024-05-03T15:08:39.372+0000 7f81e0200700 1 -- start start
2024-05-03T15:08:41.906 INFO:teuthology.orchestra.run.smithi055.stdout:/usr/bin/ceph: stderr
2024-05-03T15:08:39.373+0000 7f81e0200700 1 --2- >> [v2:172.21.15.55:3300/0,v1:172.21.15.55:6789/0] conn(0x7f81d810ae80 0x7f81d819edf0 unknown :-1 s=NONE pgs=0 cs=0 l=1 rev1=0 crypto rx=0 tx=0 comp rx=0 tx=0).connect
2024-05-03T15:08:41.906 INFO:teuthology.orchestra.run.smithi055.stdout:/usr/bin/ceph: stderr
2024-05-03T15:08:39.373+0000 7f81e0200700 1 -- --> [v2:172.21.15.55:3300/0,v1:172.21.15.55:6789/0] -- mon_getmap magic: 0 -- 0x7f81d810f250 con 0x7f81d810ae80
2024-05-03T15:08:41.906 INFO:teuthology.orchestra.run.smithi055.stdout:/usr/bin/ceph: stderr
2024-05-03T15:08:39.373+0000 7f81dd800700 1 --2- >> [v2:172.21.15.55:3300/0,v1:172.21.15.55:6789/0] conn(0x7f81d810ae80 0x7f81d819edf0 unknown :-1 s=BANNER_CONNECTING pgs=0 cs=0 l=1 rev1=0 crypto rx=0 tx=0 comp rx=0 tx=0)._handle_peer_banner_payload supported=3 required=0
2024-05-03T15:08:41.907 INFO:teuthology.orchestra.run.smithi055.stdout:/usr/bin/ceph: stderr
2024-05-03T15:08:39.373+0000 7f81dd800700 1 --2- >> [v2:172.21.15.55:3300/0,v1:172.21.15.55:6789/0] conn(0x7f81d810ae80 0x7f81d819edf0 unknown :-1 s=HELLO_CONNECTING pgs=0 cs=0 l=1 rev1=1 crypto rx=0 tx=0 comp rx=0 tx=0).handle_hello peer v2:172.21.15.55:3300/0 says I am v2:172.21.15.55:47090/0 (socket says 172.21.15.55:47090)
2024-05-03T15:08:41.907 INFO:teuthology.orchestra.run.smithi055.stdout:/usr/bin/ceph: stderr
2024-05-03T15:08:39.373+0000 7f81dd800700 1 -- 172.21.15.55:0/3430867082 learned_addr learned my addr 172.21.15.55:0/3430867082 (peer_addr_for_me v2:172.21.15.55:0/0)
2024-05-03T15:08:41.907 INFO:teuthology.orchestra.run.smithi055.stdout:/usr/bin/ceph: stderr
2024-05-03T15:08:39.373+0000 7f81dd800700 1 -- 172.21.15.55:0/3430867082 --> [v2:172.21.15.55:3300/0,v1:172.21.15.55:6789/0] -- mon_subscribe({config=0+,monmap=0+}) -- 0x7f81d819f330 con 0x7f81d810ae80
2024-05-03T15:08:41.907 INFO:teuthology.orchestra.run.smithi055.stdout:/usr/bin/ceph: stderr
2024-05-03T15:08:39.374+0000 7f81dd800700 1 --2- 172.21.15.55:0/3430867082 >> [v2:172.21.15.55:3300/0,v1:172.21.15.55:6789/0] conn(0x7f81d810ae80 0x7f81d819edf0 secure :-1 s=READY pgs=52 cs=0 l=1 rev1=1 crypto rx=0x7f81cc000f80 tx=0x7f81cc00bd50 comp rx=0 tx=0).ready entity=mon.0 client_cookie=0 server_cookie=0 in_seq=0 out_seq=0
2024-05-03T15:08:41.907 INFO:teuthology.orchestra.run.smithi055.stdout:/usr/bin/ceph: stderr
2024-05-03T15:08:39.374+0000 7f81d6000700 1 -- 172.21.15.55:0/3430867082 <== mon.0 v2:172.21.15.55:3300/0 1 ==== mon_map magic: 0 ==== 205+0+0 (secure 0 0 0) 0x7f81cc020020 con 0x7f81d810ae80
2024-05-03T15:08:41.907 INFO:teuthology.orchestra.run.smithi055.stdout:/usr/bin/ceph: stderr
2024-05-03T15:08:39.374+0000 7f81d6000700 1 -- 172.21.15.55:0/3430867082 <== mon.0 v2:172.21.15.55:3300/0 2 ==== config(25 keys) ==== 1063+0+0 (secure 0 0 0) 0x7f81cc0128c0 con 0x7f81d810ae80
2024-05-03T15:08:41.907 INFO:teuthology.orchestra.run.smithi055.stdout:/usr/bin/ceph: stderr
2024-05-03T15:08:39.374+0000 7f81e0200700 1 -- 172.21.15.55:0/3430867082 --> [v2:172.21.15.55:3300/0,v1:172.21.15.55:6789/0] -- mon_subscribe({mgrmap=0+}) -- 0x7f81d819f5c0 con 0x7f81d810ae80
