2024-05-03T15:08:51.126+0000 7f8ef5400700 1 -- 172.21.15.55:0/2285106770 --> [v2:172.21.15.55:6800/3694229265,v1:172.21.15.55:6801/3694229265] -- command(tid 1: {"prefix": "mgr_status"}) -- 0x7f8ef006a570 con 0x7f8ed4041fa0
2024-05-03T15:08:51.808 INFO:teuthology.orchestra.run.smithi055.stdout:/usr/bin/ceph: stderr
2024-05-03T15:08:51.126+0000 7f8ee7400700 1 -- 172.21.15.55:0/2285106770 <== mgr.14148 v2:172.21.15.55:6800/3694229265 2 ==== command_reply(tid 1: 0 ) ==== 8+0+52 (secure 0 0 0) 0x7f8ef006a570 con 0x7f8ed4041fa0
2024-05-03T15:08:51.808 INFO:teuthology.orchestra.run.smithi055.stdout:/usr/bin/ceph: stderr
2024-05-03T15:08:51.127+0000 7f8ef5400700 1 -- 172.21.15.55:0/2285106770 >> [v2:172.21.15.55:6800/3694229265,v1:172.21.15.55:6801/3694229265] conn(0x7f8ed4041fa0 msgr2=0x7f8ed4044390 secure :-1 s=STATE_CONNECTION_ESTABLISHED l=1).mark_down
2024-05-03T15:08:51.809 INFO:teuthology.orchestra.run.smithi055.stdout:/usr/bin/ceph: stderr
2024-05-03T15:08:51.127+0000 7f8ef5400700 1 --2- 172.21.15.55:0/2285106770 >> [v2:172.21.15.55:6800/3694229265,v1:172.21.15.55:6801/3694229265] conn(0x7f8ed4041fa0 0x7f8ed4044390 secure :-1 s=READY pgs=3 cs=0 l=1 rev1=1 crypto rx=0x7f8edc003a10 tx=0x7f8edc009270 comp rx=0 tx=0).stop
2024-05-03T15:08:51.809 INFO:teuthology.orchestra.run.smithi055.stdout:/usr/bin/ceph: stderr
2024-05-03T15:08:51.127+0000 7f8ef5400700 1 -- 172.21.15.55:0/2285106770 >> [v2:172.21.15.55:3300/0,v1:172.21.15.55:6789/0] conn(0x7f8ef007ed80 msgr2=0x7f8ef019f010 secure :-1 s=STATE_CONNECTION_ESTABLISHED l=1).mark_down
2024-05-03T15:08:51.809 INFO:teuthology.orchestra.run.smithi055.stdout:/usr/bin/ceph: stderr
2024-05-03T15:08:51.127+0000 7f8ef5400700 1 --2- 172.21.15.55:0/2285106770 >> [v2:172.21.15.55:3300/0,v1:172.21.15.55:6789/0] conn(0x7f8ef007ed80 0x7f8ef019f010 secure :-1 s=READY pgs=58 cs=0 l=1 rev1=1 crypto rx=0x7f8ee0011670 tx=0x7f8ee0011a30 comp rx=0 tx=0).stop
2024-05-03T15:08:51.809 INFO:teuthology.orchestra.run.smithi055.stdout:/usr/bin/ceph: stderr
2024-05-03T15:08:51.127+0000 7f8ef5400700 1 -- 172.21.15.55:0/2285106770 shutdown_connections
2024-05-03T15:08:51.809 INFO:teuthology.orchestra.run.smithi055.stdout:/usr/bin/ceph: stderr
2024-05-03T15:08:51.127+0000 7f8ef5400700 1 --2- 172.21.15.55:0/2285106770 >> [v2:172.21.15.55:6800/3694229265,v1:172.21.15.55:6801/3694229265] conn(0x7f8ed4041fa0 0x7f8ed4044390 unknown :-1 s=CLOSED pgs=3 cs=0 l=1 rev1=1 crypto rx=0 tx=0 comp rx=0 tx=0).stop
2024-05-03T15:08:51.809 INFO:teuthology.orchestra.run.smithi055.stdout:/usr/bin/ceph: stderr
2024-05-03T15:08:51.127+0000 7f8ef5400700 1 --2- 172.21.15.55:0/2285106770 >> [v2:172.21.15.55:3300/0,v1:172.21.15.55:6789/0] conn(0x7f8ef007ed80 0x7f8ef019f010 unknown :-1 s=CLOSED pgs=58 cs=0 l=1 rev1=1 crypto rx=0 tx=0 comp rx=0 tx=0).stop
2024-05-03T15:08:51.809 INFO:teuthology.orchestra.run.smithi055.stdout:/usr/bin/ceph: stderr
2024-05-03T15:08:51.127+0000 7f8ef5400700 1 --2- 172.21.15.55:0/2285106770 >> [v2:172.21.15.55:6800/1759617119,v1:172.21.15.55:6801/1759617119] conn(0x7f8ed403e520 0x7f8ed40409e0 unknown :-1 s=CLOSED pgs=0 cs=0 l=1 rev1=0 crypto rx=0 tx=0 comp rx=0 tx=0).stop
2024-05-03T15:08:51.809 INFO:teuthology.orchestra.run.smithi055.stdout:/usr/bin/ceph: stderr
2024-05-03T15:08:51.127+0000 7f8ef5400700 1 -- 172.21.15.55:0/2285106770 >> 172.21.15.55:0/2285106770 conn(0x7f8ef01042a0 msgr2=0x7f8ef0104fc0 unknown :-1 s=STATE_NONE l=0).mark_down
2024-05-03T15:08:51.809 INFO:teuthology.orchestra.run.smithi055.stdout:/usr/bin/ceph: stderr
2024-05-03T15:08:51.127+0000 7f8ef5400700 1 -- 172.21.15.55:0/2285106770 shutdown_connections
2024-05-03T15:08:51.809 INFO:teuthology.orchestra.run.smithi055.stdout:/usr/bin/ceph: stderr
2024-05-03T15:08:51.127+0000 7f8ef5400700 1 -- 172.21.15.55:0/2285106770 wait complete.
2024-05-03T15:08:51.809 INFO:teuthology.orchestra.run.smithi055.stdout:mgr epoch 9 is available
2024-05-03T15:08:51.809 INFO:teuthology.orchestra.run.smithi055.stdout:Generating a dashboard self-signed certificate...
2024-05-03T15:08:52.478 INFO:journalctl@ceph.mon.a.smithi055.stdout:May 03 15:08:52 smithi055 ceph-mon[28629]: [03/May/2024:15:08:51] ENGINE Bus STARTING
2024-05-03T15:08:52.478 INFO:journalctl@ceph.mon.a.smithi055.stdout:May 03 15:08:52 smithi055 ceph-mon[28629]: from='client.14152 -' entity='client.admin' cmd=[{"prefix": "get_command_descriptions"}]: dispatch
2024-05-03T15:08:52.478 INFO:journalctl@ceph.mon.a.smithi055.stdout:May 03 15:08:52 smithi055 ceph-mon[28629]: from='client.14152 -' entity='client.admin' cmd=[{"prefix": "mgr_status"}]: dispatch
2024-05-03T15:08:52.479 INFO:journalctl@ceph.mon.a.smithi055.stdout:May 03 15:08:52 smithi055 ceph-mon[28629]: [03/May/2024:15:08:51] ENGINE Serving on http://172.21.15.55:8765
2024-05-03T15:08:52.479 INFO:journalctl@ceph.mon.a.smithi055.stdout:May 03 15:08:52 smithi055 ceph-mon[28629]: [03/May/2024:15:08:51] ENGINE Serving on https://172.21.15.55:7150
2024-05-03T15:08:52.479 INFO:journalctl@ceph.mon.a.smithi055.stdout:May 03 15:08:52 smithi055 ceph-mon[28629]: [03/May/2024:15:08:51] ENGINE Bus STARTED
2024-05-03T15:08:53.347 INFO:journalctl@ceph.mon.a.smithi055.stdout:May 03 15:08:53 smithi055 ceph-mon[28629]: mgrmap e12: x(active, since 2s)
2024-05-03T15:08:53.348 INFO:journalctl@ceph.mon.a.smithi055.stdout:May 03 15:08:53 smithi055 ceph-mon[28629]: from='mgr.14148 172.21.15.55:0/710999457' entity='mgr.x'
2024-05-03T15:08:53.348 INFO:journalctl@ceph.mon.a.smithi055.stdout:May 03 15:08:53 smithi055 ceph-mon[28629]: from='mgr.14148 172.21.15.55:0/710999457' entity='mgr.x'
2024-05-03T15:08:53.715 INFO:teuthology.orchestra.run.smithi055.stdout:/usr/bin/ceph: stdout Self-signed certificate created
2024-05-03T15:08:53.715 INFO:teuthology.orchestra.run.smithi055.stdout:/usr/bin/ceph: stderr
2024-05-03T15:08:52.633+0000 7f3282000700 1 Processor -- start
2024-05-03T15:08:53.715 INFO:teuthology.orchestra.run.smithi055.stdout:/usr/bin/ceph: stderr
2024-05-03T15:08:52.633+0000 7f3282000700 1 -- start start
2024-05-03T15:08:53.715 INFO:teuthology.orchestra.run.smithi055.stdout:/usr/bin/ceph: stderr
2024-05-03T15:08:52.634+0000 7f3282000700 1 --2- >> [v2:172.21.15.55:3300/0,v1:172.21.15.55:6789/0] conn(0x7f327c07eea0 0x7f327c07d300 unknown :-1 s=NONE pgs=0 cs=0 l=0 rev1=0 crypto rx=0 tx=0 comp rx=0 tx=0).connect
2024-05-03T15:08:53.715 INFO:teuthology.orchestra.run.smithi055.stdout:/usr/bin/ceph: stderr
2024-05-03T15:08:52.634+0000 7f3282000700 1 -- --> [v2:172.21.15.55:3300/0,v1:172.21.15.55:6789/0] -- mon_getmap magic: 0 -- 0x7f327c07d8d0 con 0x7f327c07eea0
2024-05-03T15:08:53.715 INFO:teuthology.orchestra.run.smithi055.stdout:/usr/bin/ceph: stderr
2024-05-03T15:08:52.634+0000 7f327b400700 1 --2- >> [v2:172.21.15.55:3300/0,v1:172.21.15.55:6789/0] conn(0x7f327c07eea0 0x7f327c07d300 unknown :-1 s=BANNER_CONNECTING pgs=0 cs=0 l=0 rev1=0 crypto rx=0 tx=0 comp rx=0 tx=0)._handle_peer_banner_payload supported=3 required=0
2024-05-03T15:08:53.715 INFO:teuthology.orchestra.run.smithi055.stdout:/usr/bin/ceph: stderr
2024-05-03T15:08:52.634+0000 7f327b400700 1 --2- >> [v2:172.21.15.55:3300/0,v1:172.21.15.55:6789/0] conn(0x7f327c07eea0 0x7f327c07d300 unknown :-1 s=HELLO_CONNECTING pgs=0 cs=0 l=0 rev1=1 crypto rx=0 tx=0 comp rx=0 tx=0).handle_hello peer v2:172.21.15.55:3300/0 says I am v2:172.21.15.55:42660/0 (socket says 172.21.15.55:42660)
2024-05-03T15:08:53.715 INFO:teuthology.orchestra.run.smithi055.stdout:/usr/bin/ceph: stderr
2024-05-03T15:08:52.634+0000 7f327b400700 1 -- 172.21.15.55:0/993729782 learned_addr learned my addr 172.21.15.55:0/993729782 (peer_addr_for_me v2:172.21.15.55:0/0)
2024-05-03T15:08:53.716 INFO:teuthology.orchestra.run.smithi055.stdout:/usr/bin/ceph: stderr
2024-05-03T15:08:52.635+0000 7f327b400700 1 -- 172.21.15.55:0/993729782 --> [v2:172.21.15.55:3300/0,v1:172.21.15.55:6789/0] -- mon_subscribe({config=0+,monmap=0+}) -- 0x7f327c07da50 con 0x7f327c07eea0
2024-05-03T15:08:53.716 INFO:teuthology.orchestra.run.smithi055.stdout:/usr/bin/ceph: stderr
2024-05-03T15:08:52.635+0000 7f327b400700 1 --2- 172.21.15.55:0/993729782 >> [v2:172.21.15.55:3300/0,v1:172.21.15.55:6789/0] conn(0x7f327c07eea0 0x7f327c07d300 secure :-1 s=READY pgs=66 cs=0 l=1 rev1=1 crypto rx=0x7f326c0098a0 tx=0x7f326c009bb0 comp rx=0 tx=0).ready entity=mon.0 client_cookie=c8f07f2426978b02 server_cookie=0 in_seq=0 out_seq=0
2024-05-03T15:08:53.716 INFO:teuthology.orchestra.run.smithi055.stdout:/usr/bin/ceph: stderr
2024-05-03T15:08:52.635+0000 7f327a000700 1 -- 172.21.15.55:0/993729782 <== mon.0 v2:172.21.15.55:3300/0 1 ==== mon_map magic: 0 ==== 205+0+0 (secure 0 0 0) 0x7f326c004160 con 0x7f327c07eea0
2024-05-03T15:08:53.716 INFO:teuthology.orchestra.run.smithi055.stdout:/usr/bin/ceph: stderr
2024-05-03T15:08:52.636+0000 7f327a000700 1 -- 172.21.15.55:0/993729782 <== mon.0 v2:172.21.15.55:3300/0 2 ==== config(25 keys) ==== 1063+0+0 (secure 0 0 0) 0x7f326c004300 con 0x7f327c07eea0
2024-05-03T15:08:53.716 INFO:teuthology.orchestra.run.smithi055.stdout:/usr/bin/ceph: stderr
2024-05-03T15:08:52.636+0000 7f327a000700 1 -- 172.21.15.55:0/993729782 <== mon.0 v2:172.21.15.55:3300/0 3 ==== mon_map magic: 0 ==== 205+0+0 (secure 0 0 0) 0x7f326c011960 con 0x7f327c07eea0
2024-05-03T15:08:53.716 INFO:teuthology.orchestra.run.smithi055.stdout:/usr/bin/ceph: stderr
2024-05-03T15:08:52.636+0000 7f3282000700 1 -- 172.21.15.55:0/993729782 >> [v2:172.21.15.55:3300/0,v1:172.21.15.55:6789/0] conn(0x7f327c07eea0 msgr2=0x7f327c07d300 secure :-1 s=STATE_CONNECTION_ESTABLISHED l=1).mark_down
2024-05-03T15:08:53.716 INFO:teuthology.orchestra.run.smithi055.stdout:/usr/bin/ceph: stderr
2024-05-03T15:08:52.636+0000 7f3282000700 1 --2- 172.21.15.55:0/993729782 >> [v2:172.21.15.55:3300/0,v1:172.21.15.55:6789/0] conn(0x7f327c07eea0 0x7f327c07d300 secure :-1 s=READY pgs=66 cs=0 l=1 rev1=1 crypto rx=0x7f326c0098a0 tx=0x7f326c009bb0 comp rx=0 tx=0).stop
2024-05-03T15:08:53.716 INFO:teuthology.orchestra.run.smithi055.stdout:/usr/bin/ceph: stderr
2024-05-03T15:08:52.636+0000 7f3282000700 1 -- 172.21.15.55:0/993729782 shutdown_connections
2024-05-03T15:08:53.716 INFO:teuthology.orchestra.run.smithi055.stdout:/usr/bin/ceph: stderr
2024-05-03T15:08:52.636+0000 7f3282000700 1 --2- 172.21.15.55:0/993729782 >> [v2:172.21.15.55:3300/0,v1:172.21.15.55:6789/0] conn(0x7f327c07eea0 0x7f327c07d300 unknown :-1 s=CLOSED pgs=66 cs=0 l=1 rev1=1 crypto rx=0 tx=0 comp rx=0 tx=0).stop
2024-05-03T15:08:53.716 INFO:teuthology.orchestra.run.smithi055.stdout:/usr/bin/ceph: stderr
2024-05-03T15:08:52.636+0000 7f3282000700 1 -- 172.21.15.55:0/993729782 >> 172.21.15.55:0/993729782 conn(0x7f327c1041c0 msgr2=0x7f327c106620 unknown :-1 s=STATE_NONE l=0).mark_down
2024-05-03T15:08:53.716 INFO:teuthology.orchestra.run.smithi055.stdout:/usr/bin/ceph: stderr
2024-05-03T15:08:52.636+0000 7f3282000700 1 -- 172.21.15.55:0/993729782 shutdown_connections
2024-05-03T15:08:53.716 INFO:teuthology.orchestra.run.smithi055.stdout:/usr/bin/ceph: stderr
2024-05-03T15:08:52.637+0000 7f3282000700 1 -- 172.21.15.55:0/993729782 wait complete.
2024-05-03T15:08:53.716 INFO:teuthology.orchestra.run.smithi055.stdout:/usr/bin/ceph: stderr
2024-05-03T15:08:52.638+0000 7f3282000700 1 Processor -- start
2024-05-03T15:08:53.717 INFO:teuthology.orchestra.run.smithi055.stdout:/usr/bin/ceph: stderr
2024-05-03T15:08:52.638+0000 7f3282000700 1 -- start start
2024-05-03T15:08:53.717 INFO:teuthology.orchestra.run.smithi055.stdout:/usr/bin/ceph: stderr
2024-05-03T15:08:52.638+0000 7f3282000700 1 --2- >> [v2:172.21.15.55:3300/0,v1:172.21.15.55:6789/0] conn(0x7f327c07eea0 0x7f327c19ec70 unknown :-1 s=NONE pgs=0 cs=0 l=1 rev1=0 crypto rx=0 tx=0 comp rx=0 tx=0).connect
2024-05-03T15:08:53.717 INFO:teuthology.orchestra.run.smithi055.stdout:/usr/bin/ceph: stderr
2024-05-03T15:08:52.638+0000 7f3282000700 1 -- --> [v2:172.21.15.55:3300/0,v1:172.21.15.55:6789/0] -- mon_getmap magic: 0 -- 0x7f327c10f1f0 con 0x7f327c07eea0
2024-05-03T15:08:53.717 INFO:teuthology.orchestra.run.smithi055.stdout:/usr/bin/ceph: stderr
2024-05-03T15:08:52.638+0000 7f327b400700 1 --2- >> [v2:172.21.15.55:3300/0,v1:172.21.15.55:6789/0] conn(0x7f327c07eea0 0x7f327c19ec70 unknown :-1 s=BANNER_CONNECTING pgs=0 cs=0 l=1 rev1=0 crypto rx=0 tx=0 comp rx=0 tx=0)._handle_peer_banner_payload supported=3 required=0
2024-05-03T15:08:53.717 INFO:teuthology.orchestra.run.smithi055.stdout:/usr/bin/ceph: stderr
2024-05-03T15:08:52.638+0000 7f327b400700 1 --2- >> [v2:172.21.15.55:3300/0,v1:172.21.15.55:6789/0] conn(0x7f327c07eea0 0x7f327c19ec70 unknown :-1 s=HELLO_CONNECTING pgs=0 cs=0 l=1 rev1=1 crypto rx=0 tx=0 comp rx=0 tx=0).handle_hello peer v2:172.21.15.55:3300/0 says I am v2:172.21.15.55:42670/0 (socket says 172.21.15.55:42670)
2024-05-03T15:08:53.717 INFO:teuthology.orchestra.run.smithi055.stdout:/usr/bin/ceph: stderr
2024-05-03T15:08:52.638+0000 7f327b400700 1 -- 172.21.15.55:0/2797016344 learned_addr learned my addr 172.21.15.55:0/2797016344 (peer_addr_for_me v2:172.21.15.55:0/0)
2024-05-03T15:08:53.717 INFO:teuthology.orchestra.run.smithi055.stdout:/usr/bin/ceph: stderr
2024-05-03T15:08:52.639+0000 7f327b400700 1 -- 172.21.15.55:0/2797016344 --> [v2:172.21.15.55:3300/0,v1:172.21.15.55:6789/0] -- mon_subscribe({config=0+,monmap=0+}) -- 0x7f327c19f1b0 con 0x7f327c07eea0
2024-05-03T15:08:53.717 INFO:teuthology.orchestra.run.smithi055.stdout:/usr/bin/ceph: stderr
2024-05-03T15:08:52.639+0000 7f327b400700 1 --2- 172.21.15.55:0/2797016344 >> [v2:172.21.15.55:3300/0,v1:172.21.15.55:6789/0] conn(0x7f327c07eea0 0x7f327c19ec70 secure :-1 s=READY pgs=67 cs=0 l=1 rev1=1 crypto rx=0x7f326c000c00 tx=0x7f326c011a30 comp rx=0 tx=0).ready entity=mon.0 client_cookie=0 server_cookie=0 in_seq=0 out_seq=0
2024-05-03T15:08:53.717 INFO:teuthology.orchestra.run.smithi055.stdout:/usr/bin/ceph: stderr
2024-05-03T15:08:52.639+0000 7f3273e00700 1 -- 172.21.15.55:0/2797016344 <== mon.0 v2:172.21.15.55:3300/0 1 ==== mon_map magic: 0 ==== 205+0+0 (secure 0 0 0) 0x7f326c003b20 con 0x7f327c07eea0
2024-05-03T15:08:53.717 INFO:teuthology.orchestra.run.smithi055.stdout:/usr/bin/ceph: stderr
2024-05-03T15:08:52.639+0000 7f3273e00700 1 -- 172.21.15.55:0/2797016344 <== mon.0 v2:172.21.15.55:3300/0 2 ==== config(25 keys) ==== 1063+0+0 (secure 0 0 0) 0x7f326c01b8d0 con 0x7f327c07eea0
2024-05-03T15:08:53.717 INFO:teuthology.orchestra.run.smithi055.stdout:/usr/bin/ceph: stderr
2024-05-03T15:08:52.639+0000 7f3282000700 1 -- 172.21.15.55:0/2797016344 --> [v2:172.21.15.55:3300/0,v1:172.21.15.55:6789/0] -- mon_subscribe({mgrmap=0+}) -- 0x7f327c19f440 con 0x7f327c07eea0
2024-05-03T15:08:53.717 INFO:teuthology.orchestra.run.smithi055.stdout:/usr/bin/ceph: stderr
2024-05-03T15:08:52.639+0000 7f3273e00700 1 -- 172.21.15.55:0/2797016344 <== mon.0 v2:172.21.15.55:3300/0 3 ==== mon_map magic: 0 ==== 205+0+0 (secure 0 0 0) 0x7f326c023820 con 0x7f327c07eea0
2024-05-03T15:08:53.717 INFO:teuthology.orchestra.run.smithi055.stdout:/usr/bin/ceph: stderr
2024-05-03T15:08:52.639+0000 7f3282000700 1 -- 172.21.15.55:0/2797016344 --> [v2:172.21.15.55:3300/0,v1:172.21.15.55:6789/0] -- mon_subscribe({osdmap=0}) -- 0x7f327c1a2130 con 0x7f327c07eea0
2024-05-03T15:08:53.717 INFO:teuthology.orchestra.run.smithi055.stdout:/usr/bin/ceph: stderr
2024-05-03T15:08:52.641+0000 7f3282000700 1 -- 172.21.15.55:0/2797016344 --> [v2:172.21.15.55:3300/0,v1:172.21.15.55:6789/0] -- mon_command({"prefix": "get_command_descriptions"} v 0) -- 0x7f327c064b00 con 0x7f327c07eea0
2024-05-03T15:08:53.718 INFO:teuthology.orchestra.run.smithi055.stdout:/usr/bin/ceph: stderr
2024-05-03T15:08:52.641+0000 7f3273e00700 1 -- 172.21.15.55:0/2797016344 <== mon.0 v2:172.21.15.55:3300/0 4 ==== mgrmap(e 12) ==== 50235+0+0 (secure 0 0 0) 0x7f326c01b440 con 0x7f327c07eea0
2024-05-03T15:08:53.718 INFO:teuthology.orchestra.run.smithi055.stdout:/usr/bin/ceph: stderr
2024-05-03T15:08:52.641+0000 7f3273e00700 1 --2- 172.21.15.55:0/2797016344 >> [v2:172.21.15.55:6800/3694229265,v1:172.21.15.55:6801/3694229265] conn(0x7f326003e4c0 0x7f3260040980 unknown :-1 s=NONE pgs=0 cs=0 l=1 rev1=0 crypto rx=0 tx=0 comp rx=0 tx=0).connect
2024-05-03T15:08:53.718 INFO:teuthology.orchestra.run.smithi055.stdout:/usr/bin/ceph: stderr
2024-05-03T15:08:52.641+0000 7f3273e00700 1 -- 172.21.15.55:0/2797016344 <== mon.0 v2:172.21.15.55:3300/0 5 ==== osd_map(3..3 src has 1..3) ==== 1155+0+0 (secure 0 0 0) 0x7f326c054080 con 0x7f327c07eea0
2024-05-03T15:08:53.718 INFO:teuthology.orchestra.run.smithi055.stdout:/usr/bin/ceph: stderr
2024-05-03T15:08:52.642+0000 7f327aa00700 1 --2- 172.21.15.55:0/2797016344 >> [v2:172.21.15.55:6800/3694229265,v1:172.21.15.55:6801/3694229265] conn(0x7f326003e4c0 0x7f3260040980 unknown :-1 s=BANNER_CONNECTING pgs=0 cs=0 l=1 rev1=0 crypto rx=0 tx=0 comp rx=0 tx=0)._handle_peer_banner_payload supported=3 required=0
2024-05-03T15:08:53.718 INFO:teuthology.orchestra.run.smithi055.stdout:/usr/bin/ceph: stderr
2024-05-03T15:08:52.643+0000 7f327aa00700 1 --2- 172.21.15.55:0/2797016344 >> [v2:172.21.15.55:6800/3694229265,v1:172.21.15.55:6801/3694229265] conn(0x7f326003e4c0 0x7f3260040980 secure :-1 s=READY pgs=7 cs=0 l=1 rev1=1 crypto rx=0x7f3268006fd0 tx=0x7f3268006e40 comp rx=0 tx=0).ready entity=mgr.14148 client_cookie=0 server_cookie=0 in_seq=0 out_seq=0
2024-05-03T15:08:53.718 INFO:teuthology.orchestra.run.smithi055.stdout:/usr/bin/ceph: stderr
2024-05-03T15:08:52.647+0000 7f3273e00700 1 -- 172.21.15.55:0/2797016344 <== mon.0 v2:172.21.15.55:3300/0 6 ==== mon_command_ack([{"prefix": "get_command_descriptions"}]=0 v0) ==== 72+0+191839 (secure 0 0 0) 0x7f326c01f030 con 0x7f327c07eea0
2024-05-03T15:08:53.718 INFO:teuthology.orchestra.run.smithi055.stdout:/usr/bin/ceph: stderr
2024-05-03T15:08:52.894+0000 7f3282000700 1 -- 172.21.15.55:0/2797016344 --> [v2:172.21.15.55:6800/3694229265,v1:172.21.15.55:6801/3694229265] -- mgr_command(tid 0: {"prefix": "dashboard create-self-signed-cert", "target": ["mon-mgr", ""]}) -- 0x7f327c1053c0 con 0x7f326003e4c0
2024-05-03T15:08:53.718 INFO:teuthology.orchestra.run.smithi055.stdout:/usr/bin/ceph: stderr
2024-05-03T15:08:53.038+0000 7f3273e00700 1 -- 172.21.15.55:0/2797016344 <== mgr.14148 v2:172.21.15.55:6800/3694229265 1 ==== mgr_command_reply(tid 0: 0 ) ==== 8+0+32 (secure 0 0 0) 0x7f327c1053c0 con 0x7f326003e4c0
2024-05-03T15:08:53.718 INFO:teuthology.orchestra.run.smithi055.stdout:/usr/bin/ceph: stderr
2024-05-03T15:08:53.042+0000 7f3282000700 1 -- 172.21.15.55:0/2797016344 >> [v2:172.21.15.55:6800/3694229265,v1:172.21.15.55:6801/3694229265] conn(0x7f326003e4c0 msgr2=0x7f3260040980 secure :-1 s=STATE_CONNECTION_ESTABLISHED l=1).mark_down
2024-05-03T15:08:53.718 INFO:teuthology.orchestra.run.smithi055.stdout:/usr/bin/ceph: stderr
2024-05-03T15:08:53.042+0000 7f3282000700 1 --2- 172.21.15.55:0/2797016344 >> [v2:172.21.15.55:6800/3694229265,v1:172.21.15.55:6801/3694229265] conn(0x7f326003e4c0 0x7f3260040980 secure :-1 s=READY pgs=7 cs=0 l=1 rev1=1 crypto rx=0x7f3268006fd0 tx=0x7f3268006e40 comp rx=0 tx=0).stop
2024-05-03T15:08:53.718 INFO:teuthology.orchestra.run.smithi055.stdout:/usr/bin/ceph: stderr
2024-05-03T15:08:53.042+0000 7f3282000700 1 -- 172.21.15.55:0/2797016344 >> [v2:172.21.15.55:3300/0,v1:172.21.15.55:6789/0] conn(0x7f327c07eea0 msgr2=0x7f327c19ec70 secure :-1 s=STATE_CONNECTION_ESTABLISHED l=1).mark_down
2024-05-03T15:08:53.718 INFO:teuthology.orchestra.run.smithi055.stdout:/usr/bin/ceph: stderr
2024-05-03T15:08:53.042+0000 7f3282000700 1 --2- 172.21.15.55:0/2797016344 >> [v2:172.21.15.55:3300/0,v1:172.21.15.55:6789/0] conn(0x7f327c07eea0 0x7f327c19ec70 secure :-1 s=READY pgs=67 cs=0 l=1 rev1=1 crypto rx=0x7f326c000c00 tx=0x7f326c011a30 comp rx=0 tx=0).stop
2024-05-03T15:08:53.718 INFO:teuthology.orchestra.run.smithi055.stdout:/usr/bin/ceph: stderr
2024-05-03T15:08:53.043+0000 7f3282000700 1 -- 172.21.15.55:0/2797016344 shutdown_connections
2024-05-03T15:08:53.719 INFO:teuthology.orchestra.run.smithi055.stdout:/usr/bin/ceph: stderr
2024-05-03T15:08:53.043+0000 7f3282000700 1 --2- 172.21.15.55:0/2797016344 >> [v2:172.21.15.55:6800/3694229265,v1:172.21.15.55:6801/3694229265] conn(0x7f326003e4c0 0x7f3260040980 unknown :-1 s=CLOSED pgs=7 cs=0 l=1 rev1=1 crypto rx=0 tx=0 comp rx=0 tx=0).stop
2024-05-03T15:08:53.719 INFO:teuthology.orchestra.run.smithi055.stdout:/usr/bin/ceph: stderr
2024-05-03T15:08:53.043+0000 7f3282000700 1 --2- 172.21.15.55:0/2797016344 >> [v2:172.21.15.55:3300/0,v1:172.21.15.55:6789/0] conn(0x7f327c07eea0 0x7f327c19ec70 unknown :-1 s=CLOSED pgs=67 cs=0 l=1 rev1=1 crypto rx=0 tx=0 comp rx=0 tx=0).stop
2024-05-03T15:08:53.719 INFO:teuthology.orchestra.run.smithi055.stdout:/usr/bin/ceph: stderr
2024-05-03T15:08:53.043+0000 7f3282000700 1 -- 172.21.15.55:0/2797016344 >> 172.21.15.55:0/2797016344 conn(0x7f327c1041c0 msgr2=0x7f327c104cb0 unknown :-1 s=STATE_NONE l=0).mark_down
2024-05-03T15:08:53.719 INFO:teuthology.orchestra.run.smithi055.stdout:/usr/bin/ceph: stderr
2024-05-03T15:08:53.043+0000 7f3282000700 1 -- 172.21.15.55:0/2797016344 shutdown_connections
2024-05-03T15:08:53.719 INFO:teuthology.orchestra.run.smithi055.stdout:/usr/bin/ceph: stderr
2024-05-03T15:08:53.043+0000 7f3282000700 1 -- 172.21.15.55:0/2797016344 wait complete.
2024-05-03T15:08:53.719 INFO:teuthology.orchestra.run.smithi055.stdout:Creating initial admin user...
2024-05-03T15:08:54.572 INFO:journalctl@ceph.mon.a.smithi055.stdout:May 03 15:08:54 smithi055 ceph-mon[28629]: from='client.14160 -' entity='client.admin' cmd=[{"prefix": "dashboard create-self-signed-cert", "target": ["mon-mgr", ""]}]: dispatch
2024-05-03T15:08:54.572 INFO:journalctl@ceph.mon.a.smithi055.stdout:May 03 15:08:54 smithi055 ceph-mon[28629]: from='mgr.14148 172.21.15.55:0/710999457' entity='mgr.x'
2024-05-03T15:08:55.848 INFO:teuthology.orchestra.run.smithi055.stdout:/usr/bin/ceph: stdout {"username": "admin", "password": "$2b$12$CYhlWnv..08kJDi.JXUBmeLTlxcjZEyrwyahAVeoRoYm0h47uuRE2", "roles": ["administrator"], "name": null, "email": null, "lastUpdate": 1714748934, "enabled": true, "pwdExpirationDate": null, "pwdUpdateRequired": true}
2024-05-03T15:08:55.848 INFO:teuthology.orchestra.run.smithi055.stdout:/usr/bin/ceph: stderr
2024-05-03T15:08:54.307+0000 7f1961c00700 1 Processor -- start
2024-05-03T15:08:55.848 INFO:teuthology.orchestra.run.smithi055.stdout:/usr/bin/ceph: stderr
2024-05-03T15:08:54.307+0000 7f1961c00700 1 -- start start
2024-05-03T15:08:55.848 INFO:teuthology.orchestra.run.smithi055.stdout:/usr/bin/ceph: stderr
2024-05-03T15:08:54.307+0000 7f1961c00700 1 --2- >> [v2:172.21.15.55:3300/0,v1:172.21.15.55:6789/0] conn(0x7f195c107b50 0x7f195c107f70 unknown :-1 s=NONE pgs=0 cs=0 l=0 rev1=0 crypto rx=0 tx=0 comp rx=0 tx=0).connect
2024-05-03T15:08:55.848 INFO:teuthology.orchestra.run.smithi055.stdout:/usr/bin/ceph: stderr
2024-05-03T15:08:54.307+0000 7f1961c00700 1 -- --> [v2:172.21.15.55:3300/0,v1:172.21.15.55:6789/0] -- mon_getmap magic: 0 -- 0x7f195c108540 con 0x7f195c107b50
2024-05-03T15:08:55.848 INFO:teuthology.orchestra.run.smithi055.stdout:/usr/bin/ceph: stderr
2024-05-03T15:08:54.308+0000 7f195aa00700 1 --2- >> [v2:172.21.15.55:3300/0,v1:172.21.15.55:6789/0] conn(0x7f195c107b50 0x7f195c107f70 unknown :-1 s=BANNER_CONNECTING pgs=0 cs=0 l=0 rev1=0 crypto rx=0 tx=0 comp rx=0 tx=0)._handle_peer_banner_payload supported=3 required=0
2024-05-03T15:08:55.848 INFO:teuthology.orchestra.run.smithi055.stdout:/usr/bin/ceph: stderr
2024-05-03T15:08:54.308+0000 7f195aa00700 1 --2- >> [v2:172.21.15.55:3300/0,v1:172.21.15.55:6789/0] conn(0x7f195c107b50 0x7f195c107f70 unknown :-1 s=HELLO_CONNECTING pgs=0 cs=0 l=0 rev1=1 crypto rx=0 tx=0 comp rx=0 tx=0).handle_hello peer v2:172.21.15.55:3300/0 says I am v2:172.21.15.55:42678/0 (socket says 172.21.15.55:42678)
2024-05-03T15:08:55.848 INFO:teuthology.orchestra.run.smithi055.stdout:/usr/bin/ceph: stderr
2024-05-03T15:08:54.308+0000 7f195aa00700 1 -- 172.21.15.55:0/3662884378 learned_addr learned my addr 172.21.15.55:0/3662884378 (peer_addr_for_me v2:172.21.15.55:0/0)
2024-05-03T15:08:55.848 INFO:teuthology.orchestra.run.smithi055.stdout:/usr/bin/ceph: stderr
2024-05-03T15:08:54.308+0000 7f195aa00700 1 -- 172.21.15.55:0/3662884378 --> [v2:172.21.15.55:3300/0,v1:172.21.15.55:6789/0] -- mon_subscribe({config=0+,monmap=0+}) -- 0x7f195c108d50 con 0x7f195c107b50
2024-05-03T15:08:55.848 INFO:teuthology.orchestra.run.smithi055.stdout:/usr/bin/ceph: stderr
2024-05-03T15:08:54.309+0000 7f195aa00700 1 --2- 172.21.15.55:0/3662884378 >> [v2:172.21.15.55:3300/0,v1:172.21.15.55:6789/0] conn(0x7f195c107b50 0x7f195c107f70 secure :-1 s=READY pgs=68 cs=0 l=1 rev1=1 crypto rx=0x7f194c0098a0 tx=0x7f194c009bb0 comp rx=0 tx=0).ready entity=mon.0 client_cookie=c0759a73d00b15ca server_cookie=0 in_seq=0 out_seq=0
2024-05-03T15:08:55.848 INFO:teuthology.orchestra.run.smithi055.stdout:/usr/bin/ceph: stderr
2024-05-03T15:08:54.309+0000 7f1959600700 1 -- 172.21.15.55:0/3662884378 <== mon.0 v2:172.21.15.55:3300/0 1 ==== mon_map magic: 0 ==== 205+0+0 (secure 0 0 0) 0x7f194c004160 con 0x7f195c107b50
2024-05-03T15:08:55.848 INFO:teuthology.orchestra.run.smithi055.stdout:/usr/bin/ceph: stderr
2024-05-03T15:08:54.309+0000 7f1959600700 1 -- 172.21.15.55:0/3662884378 <== mon.0 v2:172.21.15.55:3300/0 2 ==== config(25 keys) ==== 1063+0+0 (secure 0 0 0) 0x7f194c004300 con 0x7f195c107b50
2024-05-03T15:08:55.853 INFO:teuthology.orchestra.run.smithi055.stdout:/usr/bin/ceph: stderr
2024-05-03T15:08:54.309+0000 7f1959600700 1 -- 172.21.15.55:0/3662884378 <== mon.0 v2:172.21.15.55:3300/0 3 ==== mon_map magic: 0 ==== 205+0+0 (secure 0 0 0) 0x7f194c011960 con 0x7f195c107b50
2024-05-03T15:08:55.853 INFO:teuthology.orchestra.run.smithi055.stdout:/usr/bin/ceph: stderr
2024-05-03T15:08:54.310+0000 7f1961c00700 1 -- 172.21.15.55:0/3662884378 >> [v2:172.21.15.55:3300/0,v1:172.21.15.55:6789/0] conn(0x7f195c107b50 msgr2=0x7f195c107f70 secure :-1 s=STATE_CONNECTION_ESTABLISHED l=1).mark_down
2024-05-03T15:08:55.853 INFO:teuthology.orchestra.run.smithi055.stdout:/usr/bin/ceph: stderr
2024-05-03T15:08:54.310+0000 7f1961c00700 1 --2- 172.21.15.55:0/3662884378 >> [v2:172.21.15.55:3300/0,v1:172.21.15.55:6789/0] conn(0x7f195c107b50 0x7f195c107f70 secure :-1 s=READY pgs=68 cs=0 l=1 rev1=1 crypto rx=0x7f194c0098a0 tx=0x7f194c009bb0 comp rx=0 tx=0).stop
2024-05-03T15:08:55.853 INFO:teuthology.orchestra.run.smithi055.stdout:/usr/bin/ceph: stderr
2024-05-03T15:08:54.310+0000 7f1961c00700 1 -- 172.21.15.55:0/3662884378 shutdown_connections
2024-05-03T15:08:55.853 INFO:teuthology.orchestra.run.smithi055.stdout:/usr/bin/ceph: stderr
2024-05-03T15:08:54.310+0000 7f1961c00700 1 --2- 172.21.15.55:0/3662884378 >> [v2:172.21.15.55:3300/0,v1:172.21.15.55:6789/0] conn(0x7f195c107b50 0x7f195c107f70 unknown :-1 s=CLOSED pgs=68 cs=0 l=1 rev1=1 crypto rx=0 tx=0 comp rx=0 tx=0).stop
2024-05-03T15:08:55.853 INFO:teuthology.orchestra.run.smithi055.stdout:/usr/bin/ceph: stderr
2024-05-03T15:08:54.310+0000 7f1961c00700 1 -- 172.21.15.55:0/3662884378 >> 172.21.15.55:0/3662884378 conn(0x7f195c1030f0 msgr2=0x7f195c105530 unknown :-1 s=STATE_NONE l=0).mark_down
2024-05-03T15:08:55.853 INFO:teuthology.orchestra.run.smithi055.stdout:/usr/bin/ceph: stderr
2024-05-03T15:08:54.310+0000 7f1961c00700 1 -- 172.21.15.55:0/3662884378 shutdown_connections
2024-05-03T15:08:55.853 INFO:teuthology.orchestra.run.smithi055.stdout:/usr/bin/ceph: stderr
2024-05-03T15:08:54.310+0000 7f1961c00700 1 -- 172.21.15.55:0/3662884378 wait complete.
2024-05-03T15:08:55.854 INFO:teuthology.orchestra.run.smithi055.stdout:/usr/bin/ceph: stderr
2024-05-03T15:08:54.311+0000 7f1961c00700 1 Processor -- start
2024-05-03T15:08:55.854 INFO:teuthology.orchestra.run.smithi055.stdout:/usr/bin/ceph: stderr
2024-05-03T15:08:54.312+0000 7f1961c00700 1 -- start start
2024-05-03T15:08:55.854 INFO:teuthology.orchestra.run.smithi055.stdout:/usr/bin/ceph: stderr
2024-05-03T15:08:54.312+0000 7f1961c00700 1 --2- >> [v2:172.21.15.55:3300/0,v1:172.21.15.55:6789/0] conn(0x7f195c107b50 0x7f195c19ed00 unknown :-1 s=NONE pgs=0 cs=0 l=1 rev1=0 crypto rx=0 tx=0 comp rx=0 tx=0).connect
2024-05-03T15:08:55.854 INFO:teuthology.orchestra.run.smithi055.stdout:/usr/bin/ceph: stderr
2024-05-03T15:08:54.312+0000 7f1961c00700 1 -- --> [v2:172.21.15.55:3300/0,v1:172.21.15.55:6789/0] -- mon_getmap magic: 0 -- 0x7f195c10bf80 con 0x7f195c107b50
2024-05-03T15:08:55.854 INFO:teuthology.orchestra.run.smithi055.stdout:/usr/bin/ceph: stderr
2024-05-03T15:08:54.312+0000 7f195aa00700 1 --2- >> [v2:172.21.15.55:3300/0,v1:172.21.15.55:6789/0] conn(0x7f195c107b50 0x7f195c19ed00 unknown :-1 s=BANNER_CONNECTING pgs=0 cs=0 l=1 rev1=0 crypto rx=0 tx=0 comp rx=0 tx=0)._handle_peer_banner_payload supported=3 required=0
2024-05-03T15:08:55.854 INFO:teuthology.orchestra.run.smithi055.stdout:/usr/bin/ceph: stderr
2024-05-03T15:08:54.312+0000 7f195aa00700 1 --2- >> [v2:172.21.15.55:3300/0,v1:172.21.15.55:6789/0] conn(0x7f195c107b50 0x7f195c19ed00 unknown :-1 s=HELLO_CONNECTING pgs=0 cs=0 l=1 rev1=1 crypto rx=0 tx=0 comp rx=0 tx=0).handle_hello peer v2:172.21.15.55:3300/0 says I am v2:172.21.15.55:42694/0 (socket says 172.21.15.55:42694)
2024-05-03T15:08:55.854 INFO:teuthology.orchestra.run.smithi055.stdout:/usr/bin/ceph: stderr
2024-05-03T15:08:54.312+0000 7f195aa00700 1 -- 172.21.15.55:0/2722502561 learned_addr learned my addr 172.21.15.55:0/2722502561 (peer_addr_for_me v2:172.21.15.55:0/0)
2024-05-03T15:08:55.854 INFO:teuthology.orchestra.run.smithi055.stdout:/usr/bin/ceph: stderr
2024-05-03T15:08:54.313+0000 7f195aa00700 1 -- 172.21.15.55:0/2722502561 --> [v2:172.21.15.55:3300/0,v1:172.21.15.55:6789/0] -- mon_subscribe({config=0+,monmap=0+}) -- 0x7f195c19f240 con 0x7f195c107b50
2024-05-03T15:08:55.854 INFO:teuthology.orchestra.run.smithi055.stdout:/usr/bin/ceph: stderr
2024-05-03T15:08:54.313+0000 7f195aa00700 1 --2- 172.21.15.55:0/2722502561 >> [v2:172.21.15.55:3300/0,v1:172.21.15.55:6789/0] conn(0x7f195c107b50 0x7f195c19ed00 secure :-1 s=READY pgs=69 cs=0 l=1 rev1=1 crypto rx=0x7f194c011670 tx=0x7f194c011a30 comp rx=0 tx=0).ready entity=mon.0 client_cookie=0 server_cookie=0 in_seq=0 out_seq=0
2024-05-03T15:08:55.854 INFO:teuthology.orchestra.run.smithi055.stdout:/usr/bin/ceph: stderr
2024-05-03T15:08:54.315+0000 7f1953400700 1 -- 172.21.15.55:0/2722502561 <== mon.0 v2:172.21.15.55:3300/0 1 ==== mon_map magic: 0 ==== 205+0+0 (secure 0 0 0) 0x7f194c01f070 con 0x7f195c107b50
2024-05-03T15:08:55.854 INFO:teuthology.orchestra.run.smithi055.stdout:/usr/bin/ceph: stderr
2024-05-03T15:08:54.315+0000 7f1953400700 1 -- 172.21.15.55:0/2722502561 <== mon.0 v2:172.21.15.55:3300/0 2 ==== config(25 keys) ==== 1063+0+0 (secure 0 0 0) 0x7f194c003b20 con 0x7f195c107b50
2024-05-03T15:08:55.854 INFO:teuthology.orchestra.run.smithi055.stdout:/usr/bin/ceph: stderr
2024-05-03T15:08:54.315+0000 7f1961c00700 1 -- 172.21.15.55:0/2722502561 --> [v2:172.21.15.55:3300/0,v1:172.21.15.55:6789/0] -- mon_subscribe({mgrmap=0+}) -- 0x7f195c19f4d0 con 0x7f195c107b50
2024-05-03T15:08:55.854 INFO:teuthology.orchestra.run.smithi055.stdout:/usr/bin/ceph: stderr
2024-05-03T15:08:54.315+0000 7f1953400700 1 -- 172.21.15.55:0/2722502561 <== mon.0 v2:172.21.15.55:3300/0 3 ==== mon_map magic: 0 ==== 205+0+0 (secure 0 0 0) 0x7f194c019580 con 0x7f195c107b50
2024-05-03T15:08:55.855 INFO:teuthology.orchestra.run.smithi055.stdout:/usr/bin/ceph: stderr
2024-05-03T15:08:54.315+0000 7f1961c00700 1 -- 172.21.15.55:0/2722502561 --> [v2:172.21.15.55:3300/0,v1:172.21.15.55:6789/0] -- mon_subscribe({osdmap=0}) -- 0x7f195c1a21b0 con 0x7f195c107b50
2024-05-03T15:08:55.855 INFO:teuthology.orchestra.run.smithi055.stdout:/usr/bin/ceph: stderr
2024-05-03T15:08:54.316+0000 7f1953400700 1 -- 172.21.15.55:0/2722502561 <== mon.0 v2:172.21.15.55:3300/0 4 ==== mgrmap(e 12) ==== 50235+0+0 (secure 0 0 0) 0x7f194c022070 con 0x7f195c107b50
2024-05-03T15:08:55.855 INFO:teuthology.orchestra.run.smithi055.stdout:/usr/bin/ceph: stderr
2024-05-03T15:08:54.317+0000 7f1961c00700 1 -- 172.21.15.55:0/2722502561 --> [v2:172.21.15.55:3300/0,v1:172.21.15.55:6789/0] -- mon_command({"prefix": "get_command_descriptions"} v 0) -- 0x7f195c064b00 con 0x7f195c107b50
2024-05-03T15:08:55.855 INFO:teuthology.orchestra.run.smithi055.stdout:/usr/bin/ceph: stderr
2024-05-03T15:08:54.317+0000 7f1953400700 1 --2- 172.21.15.55:0/2722502561 >> [v2:172.21.15.55:6800/3694229265,v1:172.21.15.55:6801/3694229265] conn(0x7f194003e520 0x7f19400409e0 unknown :-1 s=NONE pgs=0 cs=0 l=1 rev1=0 crypto rx=0 tx=0 comp rx=0 tx=0).connect
2024-05-03T15:08:55.855 INFO:teuthology.orchestra.run.smithi055.stdout:/usr/bin/ceph: stderr
2024-05-03T15:08:54.317+0000 7f1953400700 1 -- 172.21.15.55:0/2722502561 <== mon.0 v2:172.21.15.55:3300/0 5 ==== osd_map(3..3 src has 1..3) ==== 1155+0+0 (secure 0 0 0) 0x7f194c053c40 con 0x7f195c107b50
2024-05-03T15:08:55.855 INFO:teuthology.orchestra.run.smithi055.stdout:/usr/bin/ceph: stderr
2024-05-03T15:08:54.317+0000 7f195a000700 1 --2- 172.21.15.55:0/2722502561 >> [v2:172.21.15.55:6800/3694229265,v1:172.21.15.55:6801/3694229265] conn(0x7f194003e520 0x7f19400409e0 unknown :-1 s=BANNER_CONNECTING pgs=0 cs=0 l=1 rev1=0 crypto rx=0 tx=0 comp rx=0 tx=0)._handle_peer_banner_payload supported=3 required=0
2024-05-03T15:08:55.855 INFO:teuthology.orchestra.run.smithi055.stdout:/usr/bin/ceph: stderr
2024-05-03T15:08:54.318+0000 7f195a000700 1 --2- 172.21.15.55:0/2722502561 >> [v2:172.21.15.55:6800/3694229265,v1:172.21.15.55:6801/3694229265] conn(0x7f194003e520 0x7f19400409e0 secure :-1 s=READY pgs=8 cs=0 l=1 rev1=1 crypto rx=0x7f1948006fd0 tx=0x7f1948006e40 comp rx=0 tx=0).ready entity=mgr.14148 client_cookie=0 server_cookie=0 in_seq=0 out_seq=0
2024-05-03T15:08:55.855 INFO:teuthology.orchestra.run.smithi055.stdout:/usr/bin/ceph: stderr
2024-05-03T15:08:54.323+0000 7f1953400700 1 -- 172.21.15.55:0/2722502561 <== mon.0 v2:172.21.15.55:3300/0 6 ==== mon_command_ack([{"prefix": "get_command_descriptions"}]=0 v0) ==== 72+0+191839 (secure 0 0 0) 0x7f194c022d90 con 0x7f195c107b50
2024-05-03T15:08:55.855 INFO:teuthology.orchestra.run.smithi055.stdout:/usr/bin/ceph: stderr
2024-05-03T15:08:54.570+0000 7f1961c00700 1 -- 172.21.15.55:0/2722502561 --> [v2:172.21.15.55:6800/3694229265,v1:172.21.15.55:6801/3694229265] -- mgr_command(tid 0: {"prefix": "dashboard ac-user-create", "username": "admin", "rolename": "administrator", "force_password": true, "pwd_update_required": true, "target": ["mon-mgr", ""]}) -- 0x7f195c198f00 con 0x7f194003e520
2024-05-03T15:08:55.855 INFO:teuthology.orchestra.run.smithi055.stdout:/usr/bin/ceph: stderr
2024-05-03T15:08:54.819+0000 7f1953400700 1 -- 172.21.15.55:0/2722502561 <== mgr.14148 v2:172.21.15.55:6800/3694229265 1 ==== mgr_command_reply(tid 0: 0 ) ==== 8+0+252 (secure 0 0 0) 0x7f195c198f00 con 0x7f194003e520
2024-05-03T15:08:55.855 INFO:teuthology.orchestra.run.smithi055.stdout:/usr/bin/ceph: stderr
2024-05-03T15:08:54.822+0000 7f1961c00700 1 -- 172.21.15.55:0/2722502561 >> [v2:172.21.15.55:6800/3694229265,v1:172.21.15.55:6801/3694229265] conn(0x7f194003e520 msgr2=0x7f19400409e0 secure :-1 s=STATE_CONNECTION_ESTABLISHED l=1).mark_down
2024-05-03T15:08:55.855 INFO:teuthology.orchestra.run.smithi055.stdout:/usr/bin/ceph: stderr
2024-05-03T15:08:54.822+0000 7f1961c00700 1 --2- 172.21.15.55:0/2722502561 >> [v2:172.21.15.55:6800/3694229265,v1:172.21.15.55:6801/3694229265] conn(0x7f194003e520 0x7f19400409e0 secure :-1 s=READY pgs=8 cs=0 l=1 rev1=1 crypto rx=0x7f1948006fd0 tx=0x7f1948006e40 comp rx=0 tx=0).stop
2024-05-03T15:08:55.855 INFO:teuthology.orchestra.run.smithi055.stdout:/usr/bin/ceph: stderr
2024-05-03T15:08:54.822+0000 7f1961c00700 1 -- 172.21.15.55:0/2722502561 >> [v2:172.21.15.55:3300/0,v1:172.21.15.55:6789/0] conn(0x7f195c107b50 msgr2=0x7f195c19ed00 secure :-1 s=STATE_CONNECTION_ESTABLISHED l=1).mark_down
2024-05-03T15:08:55.855 INFO:teuthology.orchestra.run.smithi055.stdout:/usr/bin/ceph: stderr
2024-05-03T15:08:54.822+0000 7f1961c00700 1 --2- 172.21.15.55:0/2722502561 >> [v2:172.21.15.55:3300/0,v1:172.21.15.55:6789/0] conn(0x7f195c107b50 0x7f195c19ed00 secure :-1 s=READY pgs=69 cs=0 l=1 rev1=1 crypto rx=0x7f194c011670 tx=0x7f194c011a30 comp rx=0 tx=0).stop
2024-05-03T15:08:55.856 INFO:teuthology.orchestra.run.smithi055.stdout:/usr/bin/ceph: stderr
2024-05-03T15:08:54.822+0000 7f1961c00700 1 -- 172.21.15.55:0/2722502561 shutdown_connections
2024-05-03T15:08:55.856 INFO:teuthology.orchestra.run.smithi055.stdout:/usr/bin/ceph: stderr
2024-05-03T15:08:54.822+0000 7f1961c00700 1 --2- 172.21.15.55:0/2722502561 >> [v2:172.21.15.55:6800/3694229265,v1:172.21.15.55:6801/3694229265] conn(0x7f194003e520 0x7f19400409e0 unknown :-1 s=CLOSED pgs=8 cs=0 l=1 rev1=1 crypto rx=0 tx=0 comp rx=0 tx=0).stop
2024-05-03T15:08:55.856 INFO:teuthology.orchestra.run.smithi055.stdout:/usr/bin/ceph: stderr
2024-05-03T15:08:54.822+0000 7f1961c00700 1 --2- 172.21.15.55:0/2722502561 >> [v2:172.21.15.55:3300/0,v1:172.21.15.55:6789/0] conn(0x7f195c107b50 0x7f195c19ed00 unknown :-1 s=CLOSED pgs=69 cs=0 l=1 rev1=1 crypto rx=0 tx=0 comp rx=0 tx=0).stop
2024-05-03T15:08:55.856 INFO:teuthology.orchestra.run.smithi055.stdout:/usr/bin/ceph: stderr
2024-05-03T15:08:54.822+0000 7f1961c00700 1 -- 172.21.15.55:0/2722502561 >> 172.21.15.55:0/2722502561 conn(0x7f195c1030f0 msgr2=0x7f195c103fa0 unknown :-1 s=STATE_NONE l=0).mark_down
2024-05-03T15:08:55.856 INFO:teuthology.orchestra.run.smithi055.stdout:/usr/bin/ceph: stderr
2024-05-03T15:08:54.822+0000 7f1961c00700 1 -- 172.21.15.55:0/2722502561 shutdown_connections
2024-05-03T15:08:55.856 INFO:teuthology.orchestra.run.smithi055.stdout:/usr/bin/ceph: stderr
2024-05-03T15:08:54.822+0000 7f1961c00700 1 -- 172.21.15.55:0/2722502561 wait complete.
2024-05-03T15:08:55.856 INFO:teuthology.orchestra.run.smithi055.stdout:Fetching dashboard port number...
2024-05-03T15:08:56.141 INFO:journalctl@ceph.mon.a.smithi055.stdout:May 03 15:08:55 smithi055 ceph-mon[28629]: from='client.14162 -' entity='client.admin' cmd=[{"prefix": "dashboard ac-user-create", "username": "admin", "rolename": "administrator", "force_password": true, "pwd_update_required": true, "target": ["mon-mgr", ""]}]: dispatch
2024-05-03T15:08:56.141 INFO:journalctl@ceph.mon.a.smithi055.stdout:May 03 15:08:55 smithi055 ceph-mon[28629]: from='mgr.14148 172.21.15.55:0/710999457' entity='mgr.x'
2024-05-03T15:08:56.141 INFO:journalctl@ceph.mon.a.smithi055.stdout:May 03 15:08:55 smithi055 ceph-mon[28629]: from='mgr.14148 172.21.15.55:0/710999457' entity='mgr.x'
2024-05-03T15:08:56.983 INFO:journalctl@ceph.mon.a.smithi055.stdout:May 03 15:08:56 smithi055 ceph-mon[28629]: from='client.? 172.21.15.55:0/1928505248' entity='client.admin' cmd=[{"prefix": "config get", "who": "mgr", "key": "mgr/dashboard/ssl_server_port"}]: dispatch
2024-05-03T15:08:57.982 INFO:journalctl@ceph.mon.a.smithi055.stdout:May 03 15:08:57 smithi055 ceph-mon[28629]: mgrmap e13: x(active, since 6s)
2024-05-03T15:08:58.030 INFO:teuthology.orchestra.run.smithi055.stdout:/usr/bin/ceph: stdout 8443
2024-05-03T15:08:58.030 INFO:teuthology.orchestra.run.smithi055.stdout:/usr/bin/ceph: stderr
2024-05-03T15:08:56.404+0000 7f7b34800700 1 Processor -- start
2024-05-03T15:08:58.030 INFO:teuthology.orchestra.run.smithi055.stdout:/usr/bin/ceph: stderr
2024-05-03T15:08:56.404+0000 7f7b34800700 1 -- start start
2024-05-03T15:08:58.030 INFO:teuthology.orchestra.run.smithi055.stdout:/usr/bin/ceph: stderr
2024-05-03T15:08:56.404+0000 7f7b34800700 1 --2- >> [v2:172.21.15.55:3300/0,v1:172.21.15.55:6789/0] conn(0x7f7b2c07ee20 0x7f7b2c07d280 unknown :-1 s=NONE pgs=0 cs=0 l=0 rev1=0 crypto rx=0 tx=0 comp rx=0 tx=0).connect
2024-05-03T15:08:58.030 INFO:teuthology.orchestra.run.smithi055.stdout:/usr/bin/ceph: stderr
2024-05-03T15:08:56.404+0000 7f7b34800700 1 -- --> [v2:172.21.15.55:3300/0,v1:172.21.15.55:6789/0] -- mon_getmap magic: 0 -- 0x7f7b2c07d850 con 0x7f7b2c07ee20
2024-05-03T15:08:58.031 INFO:teuthology.orchestra.run.smithi055.stdout:/usr/bin/ceph: stderr
2024-05-03T15:08:56.405+0000 7f7b31e00700 1 --2- >> [v2:172.21.15.55:3300/0,v1:172.21.15.55:6789/0] conn(0x7f7b2c07ee20 0x7f7b2c07d280 unknown :-1 s=BANNER_CONNECTING pgs=0 cs=0 l=0 rev1=0 crypto rx=0 tx=0 comp rx=0 tx=0)._handle_peer_banner_payload supported=3 required=0
2024-05-03T15:08:58.031 INFO:teuthology.orchestra.run.smithi055.stdout:/usr/bin/ceph: stderr
2024-05-03T15:08:56.405+0000 7f7b31e00700 1 --2- >> [v2:172.21.15.55:3300/0,v1:172.21.15.55:6789/0] conn(0x7f7b2c07ee20 0x7f7b2c07d280 unknown :-1 s=HELLO_CONNECTING pgs=0 cs=0 l=0 rev1=1 crypto rx=0 tx=0 comp rx=0 tx=0).handle_hello peer v2:172.21.15.55:3300/0 says I am v2:172.21.15.55:42708/0 (socket says 172.21.15.55:42708)
2024-05-03T15:08:58.031 INFO:teuthology.orchestra.run.smithi055.stdout:/usr/bin/ceph: stderr
2024-05-03T15:08:56.405+0000 7f7b31e00700 1 -- 172.21.15.55:0/4075602336 learned_addr learned my addr 172.21.15.55:0/4075602336 (peer_addr_for_me v2:172.21.15.55:0/0)
2024-05-03T15:08:58.031 INFO:teuthology.orchestra.run.smithi055.stdout:/usr/bin/ceph: stderr
2024-05-03T15:08:56.405+0000 7f7b31e00700 1 -- 172.21.15.55:0/4075602336 --> [v2:172.21.15.55:3300/0,v1:172.21.15.55:6789/0] -- mon_subscribe({config=0+,monmap=0+}) -- 0x7f7b2c07d9d0 con 0x7f7b2c07ee20
2024-05-03T15:08:58.031 INFO:teuthology.orchestra.run.smithi055.stdout:/usr/bin/ceph: stderr
2024-05-03T15:08:56.406+0000 7f7b31e00700 1 --2- 172.21.15.55:0/4075602336 >> [v2:172.21.15.55:3300/0,v1:172.21.15.55:6789/0] conn(0x7f7b2c07ee20 0x7f7b2c07d280 secure :-1 s=READY pgs=70 cs=0 l=1 rev1=1 crypto rx=0x7f7b200098a0 tx=0x7f7b20009bb0 comp rx=0 tx=0).ready entity=mon.0 client_cookie=d0ebb81303585548 server_cookie=0 in_seq=0 out_seq=0
2024-05-03T15:08:58.031 INFO:teuthology.orchestra.run.smithi055.stdout:/usr/bin/ceph: stderr
2024-05-03T15:08:56.406+0000 7f7b30a00700 1 -- 172.21.15.55:0/4075602336 <== mon.0 v2:172.21.15.55:3300/0 1 ==== mon_map magic: 0 ==== 205+0+0 (secure 0 0 0) 0x7f7b20004160 con 0x7f7b2c07ee20
2024-05-03T15:08:58.031 INFO:teuthology.orchestra.run.smithi055.stdout:/usr/bin/ceph: stderr
2024-05-03T15:08:56.406+0000 7f7b30a00700 1 -- 172.21.15.55:0/4075602336 <== mon.0 v2:172.21.15.55:3300/0 2 ==== config(25 keys) ==== 1063+0+0 (secure 0 0 0) 0x7f7b20004300 con 0x7f7b2c07ee20
2024-05-03T15:08:58.031 INFO:teuthology.orchestra.run.smithi055.stdout:/usr/bin/ceph: stderr
2024-05-03T15:08:56.406+0000 7f7b30a00700 1 -- 172.21.15.55:0/4075602336 <== mon.0 v2:172.21.15.55:3300/0 3 ==== mon_map magic: 0 ==== 205+0+0 (secure 0 0 0) 0x7f7b20011960 con 0x7f7b2c07ee20
2024-05-03T15:08:58.031 INFO:teuthology.orchestra.run.smithi055.stdout:/usr/bin/ceph: stderr
2024-05-03T15:08:56.407+0000 7f7b34800700 1 -- 172.21.15.55:0/4075602336 >> [v2:172.21.15.55:3300/0,v1:172.21.15.55:6789/0] conn(0x7f7b2c07ee20 msgr2=0x7f7b2c07d280 secure :-1 s=STATE_CONNECTION_ESTABLISHED l=1).mark_down
2024-05-03T15:08:58.031 INFO:teuthology.orchestra.run.smithi055.stdout:/usr/bin/ceph: stderr
2024-05-03T15:08:56.407+0000 7f7b34800700 1 --2- 172.21.15.55:0/4075602336 >> [v2:172.21.15.55:3300/0,v1:172.21.15.55:6789/0] conn(0x7f7b2c07ee20 0x7f7b2c07d280 secure :-1 s=READY pgs=70 cs=0 l=1 rev1=1 crypto rx=0x7f7b200098a0 tx=0x7f7b20009bb0 comp rx=0 tx=0).stop
2024-05-03T15:08:58.031 INFO:teuthology.orchestra.run.smithi055.stdout:/usr/bin/ceph: stderr
2024-05-03T15:08:56.407+0000 7f7b34800700 1 -- 172.21.15.55:0/4075602336 shutdown_connections
2024-05-03T15:08:58.031 INFO:teuthology.orchestra.run.smithi055.stdout:/usr/bin/ceph: stderr
2024-05-03T15:08:56.407+0000 7f7b34800700 1 --2- 172.21.15.55:0/4075602336 >> [v2:172.21.15.55:3300/0,v1:172.21.15.55:6789/0] conn(0x7f7b2c07ee20 0x7f7b2c07d280 unknown :-1 s=CLOSED pgs=70 cs=0 l=1 rev1=1 crypto rx=0 tx=0 comp rx=0 tx=0).stop
2024-05-03T15:08:58.031 INFO:teuthology.orchestra.run.smithi055.stdout:/usr/bin/ceph: stderr
2024-05-03T15:08:56.407+0000 7f7b34800700 1 -- 172.21.15.55:0/4075602336 >> 172.21.15.55:0/4075602336 conn(0x7f7b2c1041f0 msgr2=0x7f7b2c106630 unknown :-1 s=STATE_NONE l=0).mark_down
2024-05-03T15:08:58.032 INFO:teuthology.orchestra.run.smithi055.stdout:/usr/bin/ceph: stderr
2024-05-03T15:08:56.407+0000 7f7b34800700 1 -- 172.21.15.55:0/4075602336 shutdown_connections
2024-05-03T15:08:58.032 INFO:teuthology.orchestra.run.smithi055.stdout:/usr/bin/ceph: stderr
2024-05-03T15:08:56.407+0000 7f7b34800700 1 -- 172.21.15.55:0/4075602336 wait complete.
2024-05-03T15:08:58.032 INFO:teuthology.orchestra.run.smithi055.stdout:/usr/bin/ceph: stderr
2024-05-03T15:08:56.408+0000 7f7b34800700 1 Processor -- start
2024-05-03T15:08:58.032 INFO:teuthology.orchestra.run.smithi055.stdout:/usr/bin/ceph: stderr
2024-05-03T15:08:56.408+0000 7f7b34800700 1 -- start start
2024-05-03T15:08:58.032 INFO:teuthology.orchestra.run.smithi055.stdout:/usr/bin/ceph: stderr
2024-05-03T15:08:56.409+0000 7f7b34800700 1 --2- >> [v2:172.21.15.55:3300/0,v1:172.21.15.55:6789/0] conn(0x7f7b2c07ee20 0x7f7b2c19ec50 unknown :-1 s=NONE pgs=0 cs=0 l=1 rev1=0 crypto rx=0 tx=0 comp rx=0 tx=0).connect
2024-05-03T15:08:58.032 INFO:teuthology.orchestra.run.smithi055.stdout:/usr/bin/ceph: stderr
2024-05-03T15:08:56.409+0000 7f7b34800700 1 -- --> [v2:172.21.15.55:3300/0,v1:172.21.15.55:6789/0] -- mon_getmap magic: 0 -- 0x7f7b2c10f1d0 con 0x7f7b2c07ee20
2024-05-03T15:08:58.032 INFO:teuthology.orchestra.run.smithi055.stdout:/usr/bin/ceph: stderr
2024-05-03T15:08:56.409+0000 7f7b31e00700 1 --2- >> [v2:172.21.15.55:3300/0,v1:172.21.15.55:6789/0] conn(0x7f7b2c07ee20 0x7f7b2c19ec50 unknown :-1 s=BANNER_CONNECTING pgs=0 cs=0 l=1 rev1=0 crypto rx=0 tx=0 comp rx=0 tx=0)._handle_peer_banner_payload supported=3 required=0
2024-05-03T15:08:58.032 INFO:teuthology.orchestra.run.smithi055.stdout:/usr/bin/ceph: stderr
2024-05-03T15:08:56.409+0000 7f7b31e00700 1 --2- >> [v2:172.21.15.55:3300/0,v1:172.21.15.55:6789/0] conn(0x7f7b2c07ee20 0x7f7b2c19ec50 unknown :-1 s=HELLO_CONNECTING pgs=0 cs=0 l=1 rev1=1 crypto rx=0 tx=0 comp rx=0 tx=0).handle_hello peer v2:172.21.15.55:3300/0 says I am v2:172.21.15.55:42712/0 (socket says 172.21.15.55:42712)
2024-05-03T15:08:58.032 INFO:teuthology.orchestra.run.smithi055.stdout:/usr/bin/ceph: stderr
2024-05-03T15:08:56.409+0000 7f7b31e00700 1 -- 172.21.15.55:0/1928505248 learned_addr learned my addr 172.21.15.55:0/1928505248 (peer_addr_for_me v2:172.21.15.55:0/0)
2024-05-03T15:08:58.032 INFO:teuthology.orchestra.run.smithi055.stdout:/usr/bin/ceph: stderr
2024-05-03T15:08:56.409+0000 7f7b31e00700 1 -- 172.21.15.55:0/1928505248 --> [v2:172.21.15.55:3300/0,v1:172.21.15.55:6789/0] -- mon_subscribe({config=0+,monmap=0+}) -- 0x7f7b2c19f190 con 0x7f7b2c07ee20
2024-05-03T15:08:58.032 INFO:teuthology.orchestra.run.smithi055.stdout:/usr/bin/ceph: stderr
2024-05-03T15:08:56.410+0000 7f7b31e00700 1 --2- 172.21.15.55:0/1928505248 >> [v2:172.21.15.55:3300/0,v1:172.21.15.55:6789/0] conn(0x7f7b2c07ee20 0x7f7b2c19ec50 secure :-1 s=READY pgs=71 cs=0 l=1 rev1=1 crypto rx=0x7f7b20011670 tx=0x7f7b20011a30 comp rx=0 tx=0).ready entity=mon.0 client_cookie=0 server_cookie=0 in_seq=0 out_seq=0
2024-05-03T15:08:58.032 INFO:teuthology.orchestra.run.smithi055.stdout:/usr/bin/ceph: stderr
2024-05-03T15:08:56.410+0000 7f7b26a00700 1 -- 172.21.15.55:0/1928505248 <== mon.0 v2:172.21.15.55:3300/0 1 ==== mon_map magic: 0 ==== 205+0+0 (secure 0 0 0) 0x7f7b20003a60 con 0x7f7b2c07ee20
2024-05-03T15:08:58.032 INFO:teuthology.orchestra.run.smithi055.stdout:/usr/bin/ceph: stderr
2024-05-03T15:08:56.410+0000 7f7b26a00700 1 -- 172.21.15.55:0/1928505248 <== mon.0 v2:172.21.15.55:3300/0 2 ==== config(25 keys) ==== 1063+0+0 (secure 0 0 0) 0x7f7b2001b8d0 con 0x7f7b2c07ee20
2024-05-03T15:08:58.032 INFO:teuthology.orchestra.run.smithi055.stdout:/usr/bin/ceph: stderr
2024-05-03T15:08:56.410+0000 7f7b34800700 1 -- 172.21.15.55:0/1928505248 --> [v2:172.21.15.55:3300/0,v1:172.21.15.55:6789/0] -- mon_subscribe({mgrmap=0+}) -- 0x7f7b2c19f420 con 0x7f7b2c07ee20
2024-05-03T15:08:58.033 INFO:teuthology.orchestra.run.smithi055.stdout:/usr/bin/ceph: stderr
2024-05-03T15:08:56.410+0000 7f7b26a00700 1 -- 172.21.15.55:0/1928505248 <== mon.0 v2:172.21.15.55:3300/0 3 ==== mon_map magic: 0 ==== 205+0+0 (secure 0 0 0) 0x7f7b20023790 con 0x7f7b2c07ee20
2024-05-03T15:08:58.033 INFO:teuthology.orchestra.run.smithi055.stdout:/usr/bin/ceph: stderr
2024-05-03T15:08:56.410+0000 7f7b34800700 1 -- 172.21.15.55:0/1928505248 --> [v2:172.21.15.55:3300/0,v1:172.21.15.55:6789/0] -- mon_subscribe({osdmap=0}) -- 0x7f7b2c1a2110 con 0x7f7b2c07ee20
2024-05-03T15:08:58.033 INFO:teuthology.orchestra.run.smithi055.stdout:/usr/bin/ceph: stderr
2024-05-03T15:08:56.411+0000 7f7b34800700 1 -- 172.21.15.55:0/1928505248 --> [v2:172.21.15.55:3300/0,v1:172.21.15.55:6789/0] -- mon_command({"prefix": "get_command_descriptions"} v 0) -- 0x7f7b2c064b00 con 0x7f7b2c07ee20
2024-05-03T15:08:58.033 INFO:teuthology.orchestra.run.smithi055.stdout:/usr/bin/ceph: stderr
2024-05-03T15:08:56.412+0000 7f7b26a00700 1 -- 172.21.15.55:0/1928505248 <== mon.0 v2:172.21.15.55:3300/0 4 ==== mgrmap(e 12) ==== 50235+0+0 (secure 0 0 0) 0x7f7b2001b440 con 0x7f7b2c07ee20
2024-05-03T15:08:58.033 INFO:teuthology.orchestra.run.smithi055.stdout:/usr/bin/ceph: stderr
2024-05-03T15:08:56.412+0000 7f7b26a00700 1 --2- 172.21.15.55:0/1928505248 >> [v2:172.21.15.55:6800/3694229265,v1:172.21.15.55:6801/3694229265] conn(0x7f7b1403e520 0x7f7b140409e0 unknown :-1 s=NONE pgs=0 cs=0 l=1 rev1=0 crypto rx=0 tx=0 comp rx=0 tx=0).connect
2024-05-03T15:08:58.033 INFO:teuthology.orchestra.run.smithi055.stdout:/usr/bin/ceph: stderr
2024-05-03T15:08:56.412+0000 7f7b26a00700 1 -- 172.21.15.55:0/1928505248 <== mon.0 v2:172.21.15.55:3300/0 5 ==== osd_map(3..3 src has 1..3) ==== 1155+0+0 (secure 0 0 0) 0x7f7b200540b0 con 0x7f7b2c07ee20
2024-05-03T15:08:58.033 INFO:teuthology.orchestra.run.smithi055.stdout:/usr/bin/ceph: stderr
2024-05-03T15:08:56.412+0000 7f7b31400700 1 --2- 172.21.15.55:0/1928505248 >> [v2:172.21.15.55:6800/3694229265,v1:172.21.15.55:6801/3694229265] conn(0x7f7b1403e520 0x7f7b140409e0 unknown :-1 s=BANNER_CONNECTING pgs=0 cs=0 l=1 rev1=0 crypto rx=0 tx=0 comp rx=0 tx=0)._handle_peer_banner_payload supported=3 required=0
2024-05-03T15:08:58.033 INFO:teuthology.orchestra.run.smithi055.stdout:/usr/bin/ceph: stderr
