2024-05-03T16:34:12.415 INFO:teuthology.orchestra.run.smithi081.stdout: URL: https://smithi081.front.sepia.ceph.com:8443/
2024-05-03T16:34:12.415 INFO:teuthology.orchestra.run.smithi081.stdout: User: admin
2024-05-03T16:34:12.415 INFO:teuthology.orchestra.run.smithi081.stdout: Password: qfqh749wmy
2024-05-03T16:34:12.415 INFO:teuthology.orchestra.run.smithi081.stdout:
2024-05-03T16:34:12.416 INFO:teuthology.orchestra.run.smithi081.stdout:Saving cluster configuration to /var/lib/ceph/8988869e-096a-11ef-bc97-c7b262605968/config directory
2024-05-03T16:34:12.418 INFO:teuthology.orchestra.run.smithi081.stdout:Enabling autotune for osd_memory_target
2024-05-03T16:34:13.954 INFO:teuthology.orchestra.run.smithi081.stdout:/usr/bin/ceph: stderr
2024-05-03T16:34:13.044+0000 7ff14be00700 1 Processor -- start
2024-05-03T16:34:13.954 INFO:teuthology.orchestra.run.smithi081.stdout:/usr/bin/ceph: stderr
2024-05-03T16:34:13.044+0000 7ff14be00700 1 -- start start
2024-05-03T16:34:13.954 INFO:teuthology.orchestra.run.smithi081.stdout:/usr/bin/ceph: stderr
2024-05-03T16:34:13.044+0000 7ff14be00700 1 --2- >> [v2:172.21.15.81:3300/0,v1:172.21.15.81:6789/0] conn(0x7ff14c07eeb0 0x7ff14c07d310 unknown :-1 s=NONE pgs=0 cs=0 l=0 rev1=0 crypto rx=0 tx=0 comp rx=0 tx=0).connect
2024-05-03T16:34:13.954 INFO:teuthology.orchestra.run.smithi081.stdout:/usr/bin/ceph: stderr
2024-05-03T16:34:13.044+0000 7ff14be00700 1 -- --> [v2:172.21.15.81:3300/0,v1:172.21.15.81:6789/0] -- mon_getmap magic: 0 -- 0x7ff14c07d8e0 con 0x7ff14c07eeb0
2024-05-03T16:34:13.954 INFO:teuthology.orchestra.run.smithi081.stdout:/usr/bin/ceph: stderr
2024-05-03T16:34:13.045+0000 7ff14aa00700 1 --2- >> [v2:172.21.15.81:3300/0,v1:172.21.15.81:6789/0] conn(0x7ff14c07eeb0 0x7ff14c07d310 unknown :-1 s=BANNER_CONNECTING pgs=0 cs=0 l=0 rev1=0 crypto rx=0 tx=0 comp rx=0 tx=0)._handle_peer_banner_payload supported=3 required=0
2024-05-03T16:34:13.954 INFO:teuthology.orchestra.run.smithi081.stdout:/usr/bin/ceph: stderr
2024-05-03T16:34:13.045+0000 7ff14aa00700 1 --2- >> [v2:172.21.15.81:3300/0,v1:172.21.15.81:6789/0] conn(0x7ff14c07eeb0 0x7ff14c07d310 unknown :-1 s=HELLO_CONNECTING pgs=0 cs=0 l=0 rev1=1 crypto rx=0 tx=0 comp rx=0 tx=0).handle_hello peer v2:172.21.15.81:3300/0 says I am v2:172.21.15.81:44690/0 (socket says 172.21.15.81:44690)
2024-05-03T16:34:13.954 INFO:teuthology.orchestra.run.smithi081.stdout:/usr/bin/ceph: stderr
2024-05-03T16:34:13.045+0000 7ff14aa00700 1 -- 172.21.15.81:0/3475777079 learned_addr learned my addr 172.21.15.81:0/3475777079 (peer_addr_for_me v2:172.21.15.81:0/0)
2024-05-03T16:34:13.954 INFO:teuthology.orchestra.run.smithi081.stdout:/usr/bin/ceph: stderr
2024-05-03T16:34:13.045+0000 7ff14aa00700 1 -- 172.21.15.81:0/3475777079 --> [v2:172.21.15.81:3300/0,v1:172.21.15.81:6789/0] -- mon_subscribe({config=0+,monmap=0+}) -- 0x7ff14c07da60 con 0x7ff14c07eeb0
2024-05-03T16:34:13.954 INFO:teuthology.orchestra.run.smithi081.stdout:/usr/bin/ceph: stderr
2024-05-03T16:34:13.045+0000 7ff14aa00700 1 --2- 172.21.15.81:0/3475777079 >> [v2:172.21.15.81:3300/0,v1:172.21.15.81:6789/0] conn(0x7ff14c07eeb0 0x7ff14c07d310 secure :-1 s=READY pgs=76 cs=0 l=1 rev1=1 crypto rx=0x7ff13c0098a0 tx=0x7ff13c009bb0 comp rx=0 tx=0).ready entity=mon.0 client_cookie=e6aeb44c14c6c0ba server_cookie=0 in_seq=0 out_seq=0
2024-05-03T16:34:13.954 INFO:teuthology.orchestra.run.smithi081.stdout:/usr/bin/ceph: stderr
2024-05-03T16:34:13.046+0000 7ff149600700 1 -- 172.21.15.81:0/3475777079 <== mon.0 v2:172.21.15.81:3300/0 1 ==== mon_map magic: 0 ==== 205+0+0 (secure 0 0 0) 0x7ff13c004160 con 0x7ff14c07eeb0
2024-05-03T16:34:13.955 INFO:teuthology.orchestra.run.smithi081.stdout:/usr/bin/ceph: stderr
2024-05-03T16:34:13.046+0000 7ff149600700 1 -- 172.21.15.81:0/3475777079 <== mon.0 v2:172.21.15.81:3300/0 2 ==== config(25 keys) ==== 1063+0+0 (secure 0 0 0) 0x7ff13c004300 con 0x7ff14c07eeb0
2024-05-03T16:34:13.955 INFO:teuthology.orchestra.run.smithi081.stdout:/usr/bin/ceph: stderr
2024-05-03T16:34:13.046+0000 7ff149600700 1 -- 172.21.15.81:0/3475777079 <== mon.0 v2:172.21.15.81:3300/0 3 ==== mon_map magic: 0 ==== 205+0+0 (secure 0 0 0) 0x7ff13c011960 con 0x7ff14c07eeb0
2024-05-03T16:34:13.955 INFO:teuthology.orchestra.run.smithi081.stdout:/usr/bin/ceph: stderr
2024-05-03T16:34:13.046+0000 7ff14be00700 1 -- 172.21.15.81:0/3475777079 >> [v2:172.21.15.81:3300/0,v1:172.21.15.81:6789/0] conn(0x7ff14c07eeb0 msgr2=0x7ff14c07d310 secure :-1 s=STATE_CONNECTION_ESTABLISHED l=1).mark_down
2024-05-03T16:34:13.955 INFO:teuthology.orchestra.run.smithi081.stdout:/usr/bin/ceph: stderr
2024-05-03T16:34:13.046+0000 7ff14be00700 1 --2- 172.21.15.81:0/3475777079 >> [v2:172.21.15.81:3300/0,v1:172.21.15.81:6789/0] conn(0x7ff14c07eeb0 0x7ff14c07d310 secure :-1 s=READY pgs=76 cs=0 l=1 rev1=1 crypto rx=0x7ff13c0098a0 tx=0x7ff13c009bb0 comp rx=0 tx=0).stop
2024-05-03T16:34:13.955 INFO:teuthology.orchestra.run.smithi081.stdout:/usr/bin/ceph: stderr
2024-05-03T16:34:13.046+0000 7ff14be00700 1 -- 172.21.15.81:0/3475777079 shutdown_connections
2024-05-03T16:34:13.955 INFO:teuthology.orchestra.run.smithi081.stdout:/usr/bin/ceph: stderr
2024-05-03T16:34:13.047+0000 7ff14be00700 1 --2- 172.21.15.81:0/3475777079 >> [v2:172.21.15.81:3300/0,v1:172.21.15.81:6789/0] conn(0x7ff14c07eeb0 0x7ff14c07d310 unknown :-1 s=CLOSED pgs=76 cs=0 l=1 rev1=1 crypto rx=0 tx=0 comp rx=0 tx=0).stop
2024-05-03T16:34:13.955 INFO:teuthology.orchestra.run.smithi081.stdout:/usr/bin/ceph: stderr
2024-05-03T16:34:13.047+0000 7ff14be00700 1 -- 172.21.15.81:0/3475777079 >> 172.21.15.81:0/3475777079 conn(0x7ff14c1040f0 msgr2=0x7ff14c106530 unknown :-1 s=STATE_NONE l=0).mark_down
2024-05-03T16:34:13.955 INFO:teuthology.orchestra.run.smithi081.stdout:/usr/bin/ceph: stderr
2024-05-03T16:34:13.047+0000 7ff14be00700 1 -- 172.21.15.81:0/3475777079 shutdown_connections
2024-05-03T16:34:13.955 INFO:teuthology.orchestra.run.smithi081.stdout:/usr/bin/ceph: stderr
2024-05-03T16:34:13.047+0000 7ff14be00700 1 -- 172.21.15.81:0/3475777079 wait complete.
2024-05-03T16:34:13.955 INFO:teuthology.orchestra.run.smithi081.stdout:/usr/bin/ceph: stderr
2024-05-03T16:34:13.048+0000 7ff14be00700 1 Processor -- start
2024-05-03T16:34:13.955 INFO:teuthology.orchestra.run.smithi081.stdout:/usr/bin/ceph: stderr
2024-05-03T16:34:13.048+0000 7ff14be00700 1 -- start start
2024-05-03T16:34:13.955 INFO:teuthology.orchestra.run.smithi081.stdout:/usr/bin/ceph: stderr
2024-05-03T16:34:13.048+0000 7ff14be00700 1 --2- >> [v2:172.21.15.81:3300/0,v1:172.21.15.81:6789/0] conn(0x7ff14c07eeb0 0x7ff14c19eaf0 unknown :-1 s=NONE pgs=0 cs=0 l=1 rev1=0 crypto rx=0 tx=0 comp rx=0 tx=0).connect
2024-05-03T16:34:13.955 INFO:teuthology.orchestra.run.smithi081.stdout:/usr/bin/ceph: stderr
2024-05-03T16:34:13.048+0000 7ff14be00700 1 -- --> [v2:172.21.15.81:3300/0,v1:172.21.15.81:6789/0] -- mon_getmap magic: 0 -- 0x7ff14c10f0f0 con 0x7ff14c07eeb0
2024-05-03T16:34:13.956 INFO:teuthology.orchestra.run.smithi081.stdout:/usr/bin/ceph: stderr
2024-05-03T16:34:13.048+0000 7ff14aa00700 1 --2- >> [v2:172.21.15.81:3300/0,v1:172.21.15.81:6789/0] conn(0x7ff14c07eeb0 0x7ff14c19eaf0 unknown :-1 s=BANNER_CONNECTING pgs=0 cs=0 l=1 rev1=0 crypto rx=0 tx=0 comp rx=0 tx=0)._handle_peer_banner_payload supported=3 required=0
2024-05-03T16:34:13.956 INFO:teuthology.orchestra.run.smithi081.stdout:/usr/bin/ceph: stderr
2024-05-03T16:34:13.048+0000 7ff14aa00700 1 --2- >> [v2:172.21.15.81:3300/0,v1:172.21.15.81:6789/0] conn(0x7ff14c07eeb0 0x7ff14c19eaf0 unknown :-1 s=HELLO_CONNECTING pgs=0 cs=0 l=1 rev1=1 crypto rx=0 tx=0 comp rx=0 tx=0).handle_hello peer v2:172.21.15.81:3300/0 says I am v2:172.21.15.81:44702/0 (socket says 172.21.15.81:44702)
2024-05-03T16:34:13.956 INFO:teuthology.orchestra.run.smithi081.stdout:/usr/bin/ceph: stderr
2024-05-03T16:34:13.048+0000 7ff14aa00700 1 -- 172.21.15.81:0/2904054368 learned_addr learned my addr 172.21.15.81:0/2904054368 (peer_addr_for_me v2:172.21.15.81:0/0)
2024-05-03T16:34:13.956 INFO:teuthology.orchestra.run.smithi081.stdout:/usr/bin/ceph: stderr
2024-05-03T16:34:13.049+0000 7ff14aa00700 1 -- 172.21.15.81:0/2904054368 --> [v2:172.21.15.81:3300/0,v1:172.21.15.81:6789/0] -- mon_subscribe({config=0+,monmap=0+}) -- 0x7ff14c19f030 con 0x7ff14c07eeb0
2024-05-03T16:34:13.956 INFO:teuthology.orchestra.run.smithi081.stdout:/usr/bin/ceph: stderr
2024-05-03T16:34:13.049+0000 7ff14aa00700 1 --2- 172.21.15.81:0/2904054368 >> [v2:172.21.15.81:3300/0,v1:172.21.15.81:6789/0] conn(0x7ff14c07eeb0 0x7ff14c19eaf0 secure :-1 s=READY pgs=77 cs=0 l=1 rev1=1 crypto rx=0x7ff13c011670 tx=0x7ff13c011a30 comp rx=0 tx=0).ready entity=mon.0 client_cookie=0 server_cookie=0 in_seq=0 out_seq=0
2024-05-03T16:34:13.956 INFO:teuthology.orchestra.run.smithi081.stdout:/usr/bin/ceph: stderr
2024-05-03T16:34:13.049+0000 7ff143400700 1 -- 172.21.15.81:0/2904054368 <== mon.0 v2:172.21.15.81:3300/0 1 ==== mon_map magic: 0 ==== 205+0+0 (secure 0 0 0) 0x7ff13c003a60 con 0x7ff14c07eeb0
2024-05-03T16:34:13.956 INFO:teuthology.orchestra.run.smithi081.stdout:/usr/bin/ceph: stderr
2024-05-03T16:34:13.049+0000 7ff143400700 1 -- 172.21.15.81:0/2904054368 <== mon.0 v2:172.21.15.81:3300/0 2 ==== config(25 keys) ==== 1063+0+0 (secure 0 0 0) 0x7ff13c01b8d0 con 0x7ff14c07eeb0
2024-05-03T16:34:13.956 INFO:teuthology.orchestra.run.smithi081.stdout:/usr/bin/ceph: stderr
2024-05-03T16:34:13.049+0000 7ff14be00700 1 -- 172.21.15.81:0/2904054368 --> [v2:172.21.15.81:3300/0,v1:172.21.15.81:6789/0] -- mon_subscribe({mgrmap=0+}) -- 0x7ff14c19f2c0 con 0x7ff14c07eeb0
2024-05-03T16:34:13.956 INFO:teuthology.orchestra.run.smithi081.stdout:/usr/bin/ceph: stderr
2024-05-03T16:34:13.049+0000 7ff143400700 1 -- 172.21.15.81:0/2904054368 <== mon.0 v2:172.21.15.81:3300/0 3 ==== mon_map magic: 0 ==== 205+0+0 (secure 0 0 0) 0x7ff13c023790 con 0x7ff14c07eeb0
2024-05-03T16:34:13.956 INFO:teuthology.orchestra.run.smithi081.stdout:/usr/bin/ceph: stderr
2024-05-03T16:34:13.050+0000 7ff14be00700 1 -- 172.21.15.81:0/2904054368 --> [v2:172.21.15.81:3300/0,v1:172.21.15.81:6789/0] -- mon_subscribe({osdmap=0}) -- 0x7ff14c1a1fb0 con 0x7ff14c07eeb0
2024-05-03T16:34:13.956 INFO:teuthology.orchestra.run.smithi081.stdout:/usr/bin/ceph: stderr
2024-05-03T16:34:13.051+0000 7ff14be00700 1 -- 172.21.15.81:0/2904054368 --> [v2:172.21.15.81:3300/0,v1:172.21.15.81:6789/0] -- mon_command({"prefix": "get_command_descriptions"} v 0) -- 0x7ff14c064b00 con 0x7ff14c07eeb0
2024-05-03T16:34:13.956 INFO:teuthology.orchestra.run.smithi081.stdout:/usr/bin/ceph: stderr
2024-05-03T16:34:13.051+0000 7ff143400700 1 -- 172.21.15.81:0/2904054368 <== mon.0 v2:172.21.15.81:3300/0 4 ==== mgrmap(e 13) ==== 50278+0+0 (secure 0 0 0) 0x7ff13c01b440 con 0x7ff14c07eeb0
2024-05-03T16:34:13.956 INFO:teuthology.orchestra.run.smithi081.stdout:/usr/bin/ceph: stderr
2024-05-03T16:34:13.051+0000 7ff143400700 1 --2- 172.21.15.81:0/2904054368 >> [v2:172.21.15.81:6800/1773670984,v1:172.21.15.81:6801/1773670984] conn(0x7ff13003e5c0 0x7ff130040a80 unknown :-1 s=NONE pgs=0 cs=0 l=1 rev1=0 crypto rx=0 tx=0 comp rx=0 tx=0).connect
2024-05-03T16:34:13.956 INFO:teuthology.orchestra.run.smithi081.stdout:/usr/bin/ceph: stderr
2024-05-03T16:34:13.051+0000 7ff143400700 1 -- 172.21.15.81:0/2904054368 <== mon.0 v2:172.21.15.81:3300/0 5 ==== osd_map(3..3 src has 1..3) ==== 1155+0+0 (secure 0 0 0) 0x7ff13c054090 con 0x7ff14c07eeb0
2024-05-03T16:34:13.957 INFO:teuthology.orchestra.run.smithi081.stdout:/usr/bin/ceph: stderr
2024-05-03T16:34:13.052+0000 7ff14a000700 1 --2- 172.21.15.81:0/2904054368 >> [v2:172.21.15.81:6800/1773670984,v1:172.21.15.81:6801/1773670984] conn(0x7ff13003e5c0 0x7ff130040a80 unknown :-1 s=BANNER_CONNECTING pgs=0 cs=0 l=1 rev1=0 crypto rx=0 tx=0 comp rx=0 tx=0)._handle_peer_banner_payload supported=3 required=0
2024-05-03T16:34:13.957 INFO:teuthology.orchestra.run.smithi081.stdout:/usr/bin/ceph: stderr
2024-05-03T16:34:13.052+0000 7ff14a000700 1 --2- 172.21.15.81:0/2904054368 >> [v2:172.21.15.81:6800/1773670984,v1:172.21.15.81:6801/1773670984] conn(0x7ff13003e5c0 0x7ff130040a80 secure :-1 s=READY pgs=10 cs=0 l=1 rev1=1 crypto rx=0x7ff138006fd0 tx=0x7ff138006e40 comp rx=0 tx=0).ready entity=mgr.14152 client_cookie=0 server_cookie=0 in_seq=0 out_seq=0
2024-05-03T16:34:13.957 INFO:teuthology.orchestra.run.smithi081.stdout:/usr/bin/ceph: stderr
2024-05-03T16:34:13.057+0000 7ff143400700 1 -- 172.21.15.81:0/2904054368 <== mon.0 v2:172.21.15.81:3300/0 6 ==== mon_command_ack([{"prefix": "get_command_descriptions"}]=0 v0) ==== 72+0+191839 (secure 0 0 0) 0x7ff13c01f030 con 0x7ff14c07eeb0
2024-05-03T16:34:13.957 INFO:teuthology.orchestra.run.smithi081.stdout:/usr/bin/ceph: stderr
2024-05-03T16:34:13.285+0000 7ff14be00700 1 -- 172.21.15.81:0/2904054368 --> [v2:172.21.15.81:3300/0,v1:172.21.15.81:6789/0] -- mon_command([{prefix=config set, name=osd_memory_target_autotune}] v 0) -- 0x7ff14c1a25d0 con 0x7ff14c07eeb0
2024-05-03T16:34:13.957 INFO:teuthology.orchestra.run.smithi081.stdout:/usr/bin/ceph: stderr
2024-05-03T16:34:13.285+0000 7ff143400700 1 -- 172.21.15.81:0/2904054368 <== mon.0 v2:172.21.15.81:3300/0 7 ==== mon_command_ack([{prefix=config set, name=osd_memory_target_autotune}]=0 v8)=0 v8) ==== 127+0+0 (secure 0 0 0) 0x7ff13c0202b0 con 0x7ff14c07eeb0
2024-05-03T16:34:13.957 INFO:teuthology.orchestra.run.smithi081.stdout:/usr/bin/ceph: stderr
2024-05-03T16:34:13.288+0000 7ff14be00700 1 -- 172.21.15.81:0/2904054368 >> [v2:172.21.15.81:6800/1773670984,v1:172.21.15.81:6801/1773670984] conn(0x7ff13003e5c0 msgr2=0x7ff130040a80 secure :-1 s=STATE_CONNECTION_ESTABLISHED l=1).mark_down
2024-05-03T16:34:13.957 INFO:teuthology.orchestra.run.smithi081.stdout:/usr/bin/ceph: stderr
2024-05-03T16:34:13.288+0000 7ff14be00700 1 --2- 172.21.15.81:0/2904054368 >> [v2:172.21.15.81:6800/1773670984,v1:172.21.15.81:6801/1773670984] conn(0x7ff13003e5c0 0x7ff130040a80 secure :-1 s=READY pgs=10 cs=0 l=1 rev1=1 crypto rx=0x7ff138006fd0 tx=0x7ff138006e40 comp rx=0 tx=0).stop
2024-05-03T16:34:13.957 INFO:teuthology.orchestra.run.smithi081.stdout:/usr/bin/ceph: stderr
2024-05-03T16:34:13.288+0000 7ff14be00700 1 -- 172.21.15.81:0/2904054368 >> [v2:172.21.15.81:3300/0,v1:172.21.15.81:6789/0] conn(0x7ff14c07eeb0 msgr2=0x7ff14c19eaf0 secure :-1 s=STATE_CONNECTION_ESTABLISHED l=1).mark_down
2024-05-03T16:34:13.957 INFO:teuthology.orchestra.run.smithi081.stdout:/usr/bin/ceph: stderr
2024-05-03T16:34:13.288+0000 7ff14be00700 1 --2- 172.21.15.81:0/2904054368 >> [v2:172.21.15.81:3300/0,v1:172.21.15.81:6789/0] conn(0x7ff14c07eeb0 0x7ff14c19eaf0 secure :-1 s=READY pgs=77 cs=0 l=1 rev1=1 crypto rx=0x7ff13c011670 tx=0x7ff13c011a30 comp rx=0 tx=0).stop
2024-05-03T16:34:13.957 INFO:teuthology.orchestra.run.smithi081.stdout:/usr/bin/ceph: stderr
2024-05-03T16:34:13.288+0000 7ff14be00700 1 -- 172.21.15.81:0/2904054368 shutdown_connections
2024-05-03T16:34:13.957 INFO:teuthology.orchestra.run.smithi081.stdout:/usr/bin/ceph: stderr
2024-05-03T16:34:13.288+0000 7ff14be00700 1 --2- 172.21.15.81:0/2904054368 >> [v2:172.21.15.81:6800/1773670984,v1:172.21.15.81:6801/1773670984] conn(0x7ff13003e5c0 0x7ff130040a80 unknown :-1 s=CLOSED pgs=10 cs=0 l=1 rev1=1 crypto rx=0 tx=0 comp rx=0 tx=0).stop
2024-05-03T16:34:13.957 INFO:teuthology.orchestra.run.smithi081.stdout:/usr/bin/ceph: stderr
2024-05-03T16:34:13.288+0000 7ff14be00700 1 --2- 172.21.15.81:0/2904054368 >> [v2:172.21.15.81:3300/0,v1:172.21.15.81:6789/0] conn(0x7ff14c07eeb0 0x7ff14c19eaf0 unknown :-1 s=CLOSED pgs=77 cs=0 l=1 rev1=1 crypto rx=0 tx=0 comp rx=0 tx=0).stop
2024-05-03T16:34:13.957 INFO:teuthology.orchestra.run.smithi081.stdout:/usr/bin/ceph: stderr
2024-05-03T16:34:13.288+0000 7ff14be00700 1 -- 172.21.15.81:0/2904054368 >> 172.21.15.81:0/2904054368 conn(0x7ff14c1040f0 msgr2=0x7ff14c104b40 unknown :-1 s=STATE_NONE l=0).mark_down
2024-05-03T16:34:13.957 INFO:teuthology.orchestra.run.smithi081.stdout:/usr/bin/ceph: stderr
2024-05-03T16:34:13.289+0000 7ff14be00700 1 -- 172.21.15.81:0/2904054368 shutdown_connections
2024-05-03T16:34:13.958 INFO:teuthology.orchestra.run.smithi081.stdout:/usr/bin/ceph: stderr
2024-05-03T16:34:13.289+0000 7ff14be00700 1 -- 172.21.15.81:0/2904054368 wait complete.
2024-05-03T16:34:15.597 INFO:teuthology.orchestra.run.smithi081.stdout:/usr/bin/ceph: stderr
2024-05-03T16:34:14.557+0000 7f3e48600700 1 Processor -- start
2024-05-03T16:34:15.597 INFO:teuthology.orchestra.run.smithi081.stdout:/usr/bin/ceph: stderr
2024-05-03T16:34:14.557+0000 7f3e48600700 1 -- start start
2024-05-03T16:34:15.597 INFO:teuthology.orchestra.run.smithi081.stdout:/usr/bin/ceph: stderr
2024-05-03T16:34:14.558+0000 7f3e48600700 1 --2- >> [v2:172.21.15.81:3300/0,v1:172.21.15.81:6789/0] conn(0x7f3e401097b0 0x7f3e4010bba0 unknown :-1 s=NONE pgs=0 cs=0 l=0 rev1=0 crypto rx=0 tx=0 comp rx=0 tx=0).connect
2024-05-03T16:34:15.597 INFO:teuthology.orchestra.run.smithi081.stdout:/usr/bin/ceph: stderr
2024-05-03T16:34:14.558+0000 7f3e48600700 1 -- --> [v2:172.21.15.81:3300/0,v1:172.21.15.81:6789/0] -- mon_getmap magic: 0 -- 0x7f3e4007cec0 con 0x7f3e401097b0
2024-05-03T16:34:15.597 INFO:teuthology.orchestra.run.smithi081.stdout:/usr/bin/ceph: stderr
2024-05-03T16:34:14.558+0000 7f3e45c00700 1 --2- >> [v2:172.21.15.81:3300/0,v1:172.21.15.81:6789/0] conn(0x7f3e401097b0 0x7f3e4010bba0 unknown :-1 s=BANNER_CONNECTING pgs=0 cs=0 l=0 rev1=0 crypto rx=0 tx=0 comp rx=0 tx=0)._handle_peer_banner_payload supported=3 required=0
2024-05-03T16:34:15.597 INFO:teuthology.orchestra.run.smithi081.stdout:/usr/bin/ceph: stderr
2024-05-03T16:34:14.558+0000 7f3e45c00700 1 --2- >> [v2:172.21.15.81:3300/0,v1:172.21.15.81:6789/0] conn(0x7f3e401097b0 0x7f3e4010bba0 unknown :-1 s=HELLO_CONNECTING pgs=0 cs=0 l=0 rev1=1 crypto rx=0 tx=0 comp rx=0 tx=0).handle_hello peer v2:172.21.15.81:3300/0 says I am v2:172.21.15.81:44712/0 (socket says 172.21.15.81:44712)
2024-05-03T16:34:15.597 INFO:teuthology.orchestra.run.smithi081.stdout:/usr/bin/ceph: stderr
2024-05-03T16:34:14.558+0000 7f3e45c00700 1 -- 172.21.15.81:0/3976994817 learned_addr learned my addr 172.21.15.81:0/3976994817 (peer_addr_for_me v2:172.21.15.81:0/0)
2024-05-03T16:34:15.597 INFO:teuthology.orchestra.run.smithi081.stdout:/usr/bin/ceph: stderr
2024-05-03T16:34:14.559+0000 7f3e45c00700 1 -- 172.21.15.81:0/3976994817 --> [v2:172.21.15.81:3300/0,v1:172.21.15.81:6789/0] -- mon_subscribe({config=0+,monmap=0+}) -- 0x7f3e4010c0e0 con 0x7f3e401097b0
2024-05-03T16:34:15.597 INFO:teuthology.orchestra.run.smithi081.stdout:/usr/bin/ceph: stderr
2024-05-03T16:34:14.559+0000 7f3e45c00700 1 --2- 172.21.15.81:0/3976994817 >> [v2:172.21.15.81:3300/0,v1:172.21.15.81:6789/0] conn(0x7f3e401097b0 0x7f3e4010bba0 secure :-1 s=READY pgs=78 cs=0 l=1 rev1=1 crypto rx=0x7f3e340098a0 tx=0x7f3e34009bb0 comp rx=0 tx=0).ready entity=mon.0 client_cookie=21c8c395801eafab server_cookie=0 in_seq=0 out_seq=0
2024-05-03T16:34:15.597 INFO:teuthology.orchestra.run.smithi081.stdout:/usr/bin/ceph: stderr
2024-05-03T16:34:14.559+0000 7f3e3fe00700 1 -- 172.21.15.81:0/3976994817 <== mon.0 v2:172.21.15.81:3300/0 1 ==== mon_map magic: 0 ==== 205+0+0 (secure 0 0 0) 0x7f3e34004160 con 0x7f3e401097b0
2024-05-03T16:34:15.598 INFO:teuthology.orchestra.run.smithi081.stdout:/usr/bin/ceph: stderr
2024-05-03T16:34:14.560+0000 7f3e3fe00700 1 -- 172.21.15.81:0/3976994817 <== mon.0 v2:172.21.15.81:3300/0 2 ==== config(25 keys) ==== 1063+0+0 (secure 0 0 0) 0x7f3e34004300 con 0x7f3e401097b0
2024-05-03T16:34:15.602 INFO:teuthology.orchestra.run.smithi081.stdout:/usr/bin/ceph: stderr
2024-05-03T16:34:14.560+0000 7f3e3fe00700 1 -- 172.21.15.81:0/3976994817 <== mon.0 v2:172.21.15.81:3300/0 3 ==== mon_map magic: 0 ==== 205+0+0 (secure 0 0 0) 0x7f3e34011960 con 0x7f3e401097b0
2024-05-03T16:34:15.603 INFO:teuthology.orchestra.run.smithi081.stdout:/usr/bin/ceph: stderr
2024-05-03T16:34:14.560+0000 7f3e48600700 1 -- 172.21.15.81:0/3976994817 >> [v2:172.21.15.81:3300/0,v1:172.21.15.81:6789/0] conn(0x7f3e401097b0 msgr2=0x7f3e4010bba0 secure :-1 s=STATE_CONNECTION_ESTABLISHED l=1).mark_down
2024-05-03T16:34:15.603 INFO:teuthology.orchestra.run.smithi081.stdout:/usr/bin/ceph: stderr
2024-05-03T16:34:14.560+0000 7f3e48600700 1 --2- 172.21.15.81:0/3976994817 >> [v2:172.21.15.81:3300/0,v1:172.21.15.81:6789/0] conn(0x7f3e401097b0 0x7f3e4010bba0 secure :-1 s=READY pgs=78 cs=0 l=1 rev1=1 crypto rx=0x7f3e340098a0 tx=0x7f3e34009bb0 comp rx=0 tx=0).stop
2024-05-03T16:34:15.603 INFO:teuthology.orchestra.run.smithi081.stdout:/usr/bin/ceph: stderr
2024-05-03T16:34:14.560+0000 7f3e48600700 1 -- 172.21.15.81:0/3976994817 shutdown_connections
2024-05-03T16:34:15.603 INFO:teuthology.orchestra.run.smithi081.stdout:/usr/bin/ceph: stderr
2024-05-03T16:34:14.560+0000 7f3e48600700 1 --2- 172.21.15.81:0/3976994817 >> [v2:172.21.15.81:3300/0,v1:172.21.15.81:6789/0] conn(0x7f3e401097b0 0x7f3e4010bba0 unknown :-1 s=CLOSED pgs=78 cs=0 l=1 rev1=1 crypto rx=0 tx=0 comp rx=0 tx=0).stop
2024-05-03T16:34:15.603 INFO:teuthology.orchestra.run.smithi081.stdout:/usr/bin/ceph: stderr
2024-05-03T16:34:14.560+0000 7f3e48600700 1 -- 172.21.15.81:0/3976994817 >> 172.21.15.81:0/3976994817 conn(0x7f3e40103200 msgr2=0x7f3e40105620 unknown :-1 s=STATE_NONE l=0).mark_down
2024-05-03T16:34:15.603 INFO:teuthology.orchestra.run.smithi081.stdout:/usr/bin/ceph: stderr
2024-05-03T16:34:14.560+0000 7f3e48600700 1 -- 172.21.15.81:0/3976994817 shutdown_connections
2024-05-03T16:34:15.603 INFO:teuthology.orchestra.run.smithi081.stdout:/usr/bin/ceph: stderr
2024-05-03T16:34:14.560+0000 7f3e48600700 1 -- 172.21.15.81:0/3976994817 wait complete.
2024-05-03T16:34:15.603 INFO:teuthology.orchestra.run.smithi081.stdout:/usr/bin/ceph: stderr
2024-05-03T16:34:14.561+0000 7f3e48600700 1 Processor -- start
2024-05-03T16:34:15.603 INFO:teuthology.orchestra.run.smithi081.stdout:/usr/bin/ceph: stderr
2024-05-03T16:34:14.562+0000 7f3e48600700 1 -- start start
2024-05-03T16:34:15.603 INFO:teuthology.orchestra.run.smithi081.stdout:/usr/bin/ceph: stderr
2024-05-03T16:34:14.562+0000 7f3e48600700 1 --2- >> [v2:172.21.15.81:3300/0,v1:172.21.15.81:6789/0] conn(0x7f3e401097b0 0x7f3e4019ed90 unknown :-1 s=NONE pgs=0 cs=0 l=1 rev1=0 crypto rx=0 tx=0 comp rx=0 tx=0).connect
2024-05-03T16:34:15.603 INFO:teuthology.orchestra.run.smithi081.stdout:/usr/bin/ceph: stderr
2024-05-03T16:34:14.562+0000 7f3e48600700 1 -- --> [v2:172.21.15.81:3300/0,v1:172.21.15.81:6789/0] -- mon_getmap magic: 0 -- 0x7f3e4010d090 con 0x7f3e401097b0
2024-05-03T16:34:15.603 INFO:teuthology.orchestra.run.smithi081.stdout:/usr/bin/ceph: stderr
2024-05-03T16:34:14.562+0000 7f3e45c00700 1 --2- >> [v2:172.21.15.81:3300/0,v1:172.21.15.81:6789/0] conn(0x7f3e401097b0 0x7f3e4019ed90 unknown :-1 s=BANNER_CONNECTING pgs=0 cs=0 l=1 rev1=0 crypto rx=0 tx=0 comp rx=0 tx=0)._handle_peer_banner_payload supported=3 required=0
2024-05-03T16:34:15.603 INFO:teuthology.orchestra.run.smithi081.stdout:/usr/bin/ceph: stderr
2024-05-03T16:34:14.562+0000 7f3e45c00700 1 --2- >> [v2:172.21.15.81:3300/0,v1:172.21.15.81:6789/0] conn(0x7f3e401097b0 0x7f3e4019ed90 unknown :-1 s=HELLO_CONNECTING pgs=0 cs=0 l=1 rev1=1 crypto rx=0 tx=0 comp rx=0 tx=0).handle_hello peer v2:172.21.15.81:3300/0 says I am v2:172.21.15.81:44724/0 (socket says 172.21.15.81:44724)
2024-05-03T16:34:15.604 INFO:teuthology.orchestra.run.smithi081.stdout:/usr/bin/ceph: stderr
2024-05-03T16:34:14.562+0000 7f3e45c00700 1 -- 172.21.15.81:0/4246814388 learned_addr learned my addr 172.21.15.81:0/4246814388 (peer_addr_for_me v2:172.21.15.81:0/0)
2024-05-03T16:34:15.604 INFO:teuthology.orchestra.run.smithi081.stdout:/usr/bin/ceph: stderr
2024-05-03T16:34:14.563+0000 7f3e45c00700 1 -- 172.21.15.81:0/4246814388 --> [v2:172.21.15.81:3300/0,v1:172.21.15.81:6789/0] -- mon_subscribe({config=0+,monmap=0+}) -- 0x7f3e4019f2d0 con 0x7f3e401097b0
2024-05-03T16:34:15.604 INFO:teuthology.orchestra.run.smithi081.stdout:/usr/bin/ceph: stderr
2024-05-03T16:34:14.563+0000 7f3e45c00700 1 --2- 172.21.15.81:0/4246814388 >> [v2:172.21.15.81:3300/0,v1:172.21.15.81:6789/0] conn(0x7f3e401097b0 0x7f3e4019ed90 secure :-1 s=READY pgs=79 cs=0 l=1 rev1=1 crypto rx=0x7f3e34011670 tx=0x7f3e34011a30 comp rx=0 tx=0).ready entity=mon.0 client_cookie=0 server_cookie=0 in_seq=0 out_seq=0
2024-05-03T16:34:15.604 INFO:teuthology.orchestra.run.smithi081.stdout:/usr/bin/ceph: stderr
2024-05-03T16:34:14.563+0000 7f3e3e000700 1 -- 172.21.15.81:0/4246814388 <== mon.0 v2:172.21.15.81:3300/0 1 ==== mon_map magic: 0 ==== 205+0+0 (secure 0 0 0) 0x7f3e3401f070 con 0x7f3e401097b0
2024-05-03T16:34:15.604 INFO:teuthology.orchestra.run.smithi081.stdout:/usr/bin/ceph: stderr
2024-05-03T16:34:14.563+0000 7f3e3e000700 1 -- 172.21.15.81:0/4246814388 <== mon.0 v2:172.21.15.81:3300/0 2 ==== config(25 keys) ==== 1063+0+0 (secure 0 0 0) 0x7f3e34003b20 con 0x7f3e401097b0
2024-05-03T16:34:15.604 INFO:teuthology.orchestra.run.smithi081.stdout:/usr/bin/ceph: stderr
2024-05-03T16:34:14.563+0000 7f3e3e000700 1 -- 172.21.15.81:0/4246814388 <== mon.0 v2:172.21.15.81:3300/0 3 ==== mon_map magic: 0 ==== 205+0+0 (secure 0 0 0) 0x7f3e340195f0 con 0x7f3e401097b0
2024-05-03T16:34:15.604 INFO:teuthology.orchestra.run.smithi081.stdout:/usr/bin/ceph: stderr
2024-05-03T16:34:14.563+0000 7f3e48600700 1 -- 172.21.15.81:0/4246814388 --> [v2:172.21.15.81:3300/0,v1:172.21.15.81:6789/0] -- mon_subscribe({mgrmap=0+}) -- 0x7f3e4019f560 con 0x7f3e401097b0
2024-05-03T16:34:15.604 INFO:teuthology.orchestra.run.smithi081.stdout:/usr/bin/ceph: stderr
2024-05-03T16:34:14.563+0000 7f3e48600700 1 -- 172.21.15.81:0/4246814388 --> [v2:172.21.15.81:3300/0,v1:172.21.15.81:6789/0] -- mon_subscribe({osdmap=0}) -- 0x7f3e401a2210 con 0x7f3e401097b0
2024-05-03T16:34:15.604 INFO:teuthology.orchestra.run.smithi081.stdout:/usr/bin/ceph: stderr
2024-05-03T16:34:14.564+0000 7f3e48600700 1 -- 172.21.15.81:0/4246814388 --> [v2:172.21.15.81:3300/0,v1:172.21.15.81:6789/0] -- mon_command({"prefix": "get_command_descriptions"} v 0) -- 0x7f3e40064b00 con 0x7f3e401097b0
2024-05-03T16:34:15.604 INFO:teuthology.orchestra.run.smithi081.stdout:/usr/bin/ceph: stderr
2024-05-03T16:34:14.565+0000 7f3e3e000700 1 -- 172.21.15.81:0/4246814388 <== mon.0 v2:172.21.15.81:3300/0 4 ==== mgrmap(e 13) ==== 50278+0+0 (secure 0 0 0) 0x7f3e34022070 con 0x7f3e401097b0
2024-05-03T16:34:15.604 INFO:teuthology.orchestra.run.smithi081.stdout:/usr/bin/ceph: stderr
2024-05-03T16:34:14.565+0000 7f3e3e000700 1 --2- 172.21.15.81:0/4246814388 >> [v2:172.21.15.81:6800/1773670984,v1:172.21.15.81:6801/1773670984] conn(0x7f3e2803e5c0 0x7f3e28040a80 unknown :-1 s=NONE pgs=0 cs=0 l=1 rev1=0 crypto rx=0 tx=0 comp rx=0 tx=0).connect
2024-05-03T16:34:15.604 INFO:teuthology.orchestra.run.smithi081.stdout:/usr/bin/ceph: stderr
2024-05-03T16:34:14.565+0000 7f3e3e000700 1 -- 172.21.15.81:0/4246814388 <== mon.0 v2:172.21.15.81:3300/0 5 ==== osd_map(3..3 src has 1..3) ==== 1155+0+0 (secure 0 0 0) 0x7f3e34053bc0 con 0x7f3e401097b0
2024-05-03T16:34:15.604 INFO:teuthology.orchestra.run.smithi081.stdout:/usr/bin/ceph: stderr
2024-05-03T16:34:14.565+0000 7f3e45200700 1 --2- 172.21.15.81:0/4246814388 >> [v2:172.21.15.81:6800/1773670984,v1:172.21.15.81:6801/1773670984] conn(0x7f3e2803e5c0 0x7f3e28040a80 unknown :-1 s=BANNER_CONNECTING pgs=0 cs=0 l=1 rev1=0 crypto rx=0 tx=0 comp rx=0 tx=0)._handle_peer_banner_payload supported=3 required=0
2024-05-03T16:34:15.604 INFO:teuthology.orchestra.run.smithi081.stdout:/usr/bin/ceph: stderr
2024-05-03T16:34:14.566+0000 7f3e45200700 1 --2- 172.21.15.81:0/4246814388 >> [v2:172.21.15.81:6800/1773670984,v1:172.21.15.81:6801/1773670984] conn(0x7f3e2803e5c0 0x7f3e28040a80 secure :-1 s=READY pgs=11 cs=0 l=1 rev1=1 crypto rx=0x7f3e2c006fd0 tx=0x7f3e2c006e40 comp rx=0 tx=0).ready entity=mgr.14152 client_cookie=0 server_cookie=0 in_seq=0 out_seq=0
2024-05-03T16:34:15.605 INFO:teuthology.orchestra.run.smithi081.stdout:/usr/bin/ceph: stderr
2024-05-03T16:34:14.571+0000 7f3e3e000700 1 -- 172.21.15.81:0/4246814388 <== mon.0 v2:172.21.15.81:3300/0 6 ==== mon_command_ack([{"prefix": "get_command_descriptions"}]=0 v0) ==== 72+0+191839 (secure 0 0 0) 0x7f3e3401baf0 con 0x7f3e401097b0
2024-05-03T16:34:15.605 INFO:teuthology.orchestra.run.smithi081.stdout:/usr/bin/ceph: stderr
2024-05-03T16:34:14.927+0000 7f3e48600700 1 -- 172.21.15.81:0/4246814388 --> [v2:172.21.15.81:3300/0,v1:172.21.15.81:6789/0] -- mon_command([{prefix=config-key set, key=mgr/dashboard/cluster/status}] v 0) -- 0x7f3e401a2500 con 0x7f3e401097b0
2024-05-03T16:34:15.605 INFO:teuthology.orchestra.run.smithi081.stdout:/usr/bin/ceph: stderr
2024-05-03T16:34:14.932+0000 7f3e3e000700 1 -- 172.21.15.81:0/4246814388 <== mon.0 v2:172.21.15.81:3300/0 7 ==== mon_command_ack([{prefix=config-key set, key=mgr/dashboard/cluster/status}]=0 set mgr/dashboard/cluster/status v28)=0 set mgr/dashboard/cluster/status v28) ==== 153+0+0 (secure 0 0 0) 0x7f3e3402ca40 con 0x7f3e401097b0
2024-05-03T16:34:15.605 INFO:teuthology.orchestra.run.smithi081.stdout:/usr/bin/ceph: stderr
2024-05-03T16:34:14.935+0000 7f3e48600700 1 -- 172.21.15.81:0/4246814388 >> [v2:172.21.15.81:6800/1773670984,v1:172.21.15.81:6801/1773670984] conn(0x7f3e2803e5c0 msgr2=0x7f3e28040a80 secure :-1 s=STATE_CONNECTION_ESTABLISHED l=1).mark_down
2024-05-03T16:34:15.605 INFO:teuthology.orchestra.run.smithi081.stdout:/usr/bin/ceph: stderr
2024-05-03T16:34:14.935+0000 7f3e48600700 1 --2- 172.21.15.81:0/4246814388 >> [v2:172.21.15.81:6800/1773670984,v1:172.21.15.81:6801/1773670984] conn(0x7f3e2803e5c0 0x7f3e28040a80 secure :-1 s=READY pgs=11 cs=0 l=1 rev1=1 crypto rx=0x7f3e2c006fd0 tx=0x7f3e2c006e40 comp rx=0 tx=0).stop
2024-05-03T16:34:15.605 INFO:teuthology.orchestra.run.smithi081.stdout:/usr/bin/ceph: stderr
2024-05-03T16:34:14.935+0000 7f3e48600700 1 -- 172.21.15.81:0/4246814388 >> [v2:172.21.15.81:3300/0,v1:172.21.15.81:6789/0] conn(0x7f3e401097b0 msgr2=0x7f3e4019ed90 secure :-1 s=STATE_CONNECTION_ESTABLISHED l=1).mark_down
2024-05-03T16:34:15.605 INFO:teuthology.orchestra.run.smithi081.stdout:/usr/bin/ceph: stderr
2024-05-03T16:34:14.935+0000 7f3e48600700 1 --2- 172.21.15.81:0/4246814388 >> [v2:172.21.15.81:3300/0,v1:172.21.15.81:6789/0] conn(0x7f3e401097b0 0x7f3e4019ed90 secure :-1 s=READY pgs=79 cs=0 l=1 rev1=1 crypto rx=0x7f3e34011670 tx=0x7f3e34011a30 comp rx=0 tx=0).stop
2024-05-03T16:34:15.605 INFO:teuthology.orchestra.run.smithi081.stdout:/usr/bin/ceph: stderr
2024-05-03T16:34:14.935+0000 7f3e48600700 1 -- 172.21.15.81:0/4246814388 shutdown_connections
2024-05-03T16:34:15.605 INFO:teuthology.orchestra.run.smithi081.stdout:/usr/bin/ceph: stderr
2024-05-03T16:34:14.935+0000 7f3e48600700 1 --2- 172.21.15.81:0/4246814388 >> [v2:172.21.15.81:6800/1773670984,v1:172.21.15.81:6801/1773670984] conn(0x7f3e2803e5c0 0x7f3e28040a80 unknown :-1 s=CLOSED pgs=11 cs=0 l=1 rev1=1 crypto rx=0 tx=0 comp rx=0 tx=0).stop
2024-05-03T16:34:15.605 INFO:teuthology.orchestra.run.smithi081.stdout:/usr/bin/ceph: stderr
2024-05-03T16:34:14.935+0000 7f3e48600700 1 --2- 172.21.15.81:0/4246814388 >> [v2:172.21.15.81:3300/0,v1:172.21.15.81:6789/0] conn(0x7f3e401097b0 0x7f3e4019ed90 unknown :-1 s=CLOSED pgs=79 cs=0 l=1 rev1=1 crypto rx=0 tx=0 comp rx=0 tx=0).stop
2024-05-03T16:34:15.605 INFO:teuthology.orchestra.run.smithi081.stdout:/usr/bin/ceph: stderr
2024-05-03T16:34:14.935+0000 7f3e48600700 1 -- 172.21.15.81:0/4246814388 >> 172.21.15.81:0/4246814388 conn(0x7f3e40103200 msgr2=0x7f3e40103bf0 unknown :-1 s=STATE_NONE l=0).mark_down
2024-05-03T16:34:15.605 INFO:teuthology.orchestra.run.smithi081.stdout:/usr/bin/ceph: stderr
2024-05-03T16:34:14.936+0000 7f3e48600700 1 -- 172.21.15.81:0/4246814388 shutdown_connections
2024-05-03T16:34:15.605 INFO:teuthology.orchestra.run.smithi081.stdout:/usr/bin/ceph: stderr
2024-05-03T16:34:14.936+0000 7f3e48600700 1 -- 172.21.15.81:0/4246814388 wait complete.
2024-05-03T16:34:15.606 INFO:teuthology.orchestra.run.smithi081.stdout:/usr/bin/ceph: stderr set mgr/dashboard/cluster/status
2024-05-03T16:34:15.606 INFO:teuthology.orchestra.run.smithi081.stdout:You can access the Ceph CLI as following in case of multi-cluster or non-default config:
2024-05-03T16:34:15.606 INFO:teuthology.orchestra.run.smithi081.stdout:
2024-05-03T16:34:15.606 INFO:teuthology.orchestra.run.smithi081.stdout: sudo /home/ubuntu/cephtest/cephadm shell --fsid 8988869e-096a-11ef-bc97-c7b262605968 -c /etc/ceph/ceph.conf -k /etc/ceph/ceph.client.admin.keyring
2024-05-03T16:34:15.606 INFO:teuthology.orchestra.run.smithi081.stdout:
2024-05-03T16:34:15.606 INFO:teuthology.orchestra.run.smithi081.stdout:Or, if you are only running a single cluster on this host:
2024-05-03T16:34:15.606 INFO:teuthology.orchestra.run.smithi081.stdout:
2024-05-03T16:34:15.606 INFO:teuthology.orchestra.run.smithi081.stdout: sudo /home/ubuntu/cephtest/cephadm shell
2024-05-03T16:34:15.606 INFO:teuthology.orchestra.run.smithi081.stdout:
2024-05-03T16:34:15.606 INFO:teuthology.orchestra.run.smithi081.stdout:Please consider enabling telemetry to help improve Ceph:
2024-05-03T16:34:15.606 INFO:teuthology.orchestra.run.smithi081.stdout:
2024-05-03T16:34:15.606 INFO:teuthology.orchestra.run.smithi081.stdout: ceph telemetry on
2024-05-03T16:34:15.606 INFO:teuthology.orchestra.run.smithi081.stdout:
2024-05-03T16:34:15.606 INFO:teuthology.orchestra.run.smithi081.stdout:For more information see:
2024-05-03T16:34:15.606 INFO:teuthology.orchestra.run.smithi081.stdout:
2024-05-03T16:34:15.607 INFO:teuthology.orchestra.run.smithi081.stdout: https://docs.ceph.com/en/latest/mgr/telemetry/
2024-05-03T16:34:15.607 INFO:teuthology.orchestra.run.smithi081.stdout:
2024-05-03T16:34:15.607 INFO:teuthology.orchestra.run.smithi081.stdout:Bootstrap complete.
2024-05-03T16:34:15.680 INFO:tasks.cephadm:Fetching config...
2024-05-03T16:34:15.680 DEBUG:teuthology.orchestra.run.smithi081:> set -ex
2024-05-03T16:34:15.680 DEBUG:teuthology.orchestra.run.smithi081:> dd if=/etc/ceph/ceph.conf of=/dev/stdout
2024-05-03T16:34:15.724 INFO:tasks.cephadm:Fetching client.admin keyring...
2024-05-03T16:34:15.724 DEBUG:teuthology.orchestra.run.smithi081:> set -ex
2024-05-03T16:34:15.725 DEBUG:teuthology.orchestra.run.smithi081:> dd if=/etc/ceph/ceph.client.admin.keyring of=/dev/stdout
2024-05-03T16:34:15.804 INFO:tasks.cephadm:Fetching mon keyring...
2024-05-03T16:34:15.805 DEBUG:teuthology.orchestra.run.smithi081:> set -ex
2024-05-03T16:34:15.805 DEBUG:teuthology.orchestra.run.smithi081:> sudo dd if=/var/lib/ceph/8988869e-096a-11ef-bc97-c7b262605968/mon.a/keyring of=/dev/stdout
2024-05-03T16:34:15.923 INFO:tasks.cephadm:Fetching pub ssh key...
2024-05-03T16:34:15.923 DEBUG:teuthology.orchestra.run.smithi081:> set -ex
2024-05-03T16:34:15.923 DEBUG:teuthology.orchestra.run.smithi081:> dd if=/home/ubuntu/cephtest/ceph.pub of=/dev/stdout
2024-05-03T16:34:16.017 INFO:tasks.cephadm:Installing pub ssh key for root users...
2024-05-03T16:34:16.018 DEBUG:teuthology.orchestra.run.smithi081:> sudo install -d -m 0700 /root/.ssh && echo 'ssh-rsa AAAAB3NzaC1yc2EAAAADAQABAAABgQDNJCHo2UTASoBoUGCEHJdDQ0EgL0PfuwAer6Xvj3ITrDIlDfiSMEoU70ogNjKVBqrns+Ne+bISI281eseszkSqd1W58nNv/tswnoz9NuSP2qUsvCTy9z0n9YPc22VokzDDX0FvIZmQQYvmwYrv24V6ioCQ7zN9OZn+GGzRcpW5iuupwep+jCOj8zMD8kzoLpHJ4UlR1QHWAsHnw6ms9+mTIaDlrIn0RtjHTnb+TjW13CKQSkECxFKWRGKKNDcSS+wDnf14Qql69c14Q+XfGxaQ9VlZSu50uAwAkr3+ZcEkakwgAEKTdu+M5RBUqkiqynYqHyQcGVNRnV7CSDx/ZnuyhqpcpeNZUAz11truTAisVl2H9AD+lulOG5y5ERSS1J4NXo/wSyHqPqBDgAoCDjKfclilO/SCzaQq9KDlURpzEfpGfL3RwKXojwa9JP04jCx5NqypuyaGWcgkRopUGujzEHLEZGYPbwJVhfozW/gbcN4nSfMFtQTLF7SDZP2+etU= ceph-8988869e-096a-11ef-bc97-c7b262605968' | sudo tee -a /root/.ssh/authorized_keys && sudo chmod 0600 /root/.ssh/authorized_keys
2024-05-03T16:34:16.115 INFO:teuthology.orchestra.run.smithi081.stdout:ssh-rsa AAAAB3NzaC1yc2EAAAADAQABAAABgQDNJCHo2UTASoBoUGCEHJdDQ0EgL0PfuwAer6Xvj3ITrDIlDfiSMEoU70ogNjKVBqrns+Ne+bISI281eseszkSqd1W58nNv/tswnoz9NuSP2qUsvCTy9z0n9YPc22VokzDDX0FvIZmQQYvmwYrv24V6ioCQ7zN9OZn+GGzRcpW5iuupwep+jCOj8zMD8kzoLpHJ4UlR1QHWAsHnw6ms9+mTIaDlrIn0RtjHTnb+TjW13CKQSkECxFKWRGKKNDcSS+wDnf14Qql69c14Q+XfGxaQ9VlZSu50uAwAkr3+ZcEkakwgAEKTdu+M5RBUqkiqynYqHyQcGVNRnV7CSDx/ZnuyhqpcpeNZUAz11truTAisVl2H9AD+lulOG5y5ERSS1J4NXo/wSyHqPqBDgAoCDjKfclilO/SCzaQq9KDlURpzEfpGfL3RwKXojwa9JP04jCx5NqypuyaGWcgkRopUGujzEHLEZGYPbwJVhfozW/gbcN4nSfMFtQTLF7SDZP2+etU= ceph-8988869e-096a-11ef-bc97-c7b262605968
2024-05-03T16:34:16.138 INFO:journalctl@ceph.mon.a.smithi081.stdout:May 03 16:34:15 smithi081 ceph-mon[28640]: from='client.? 172.21.15.81:0/4246814388' entity='client.admin'
2024-05-03T16:34:16.156 DEBUG:teuthology.orchestra.run.smithi134:> sudo install -d -m 0700 /root/.ssh && echo 'ssh-rsa AAAAB3NzaC1yc2EAAAADAQABAAABgQDNJCHo2UTASoBoUGCEHJdDQ0EgL0PfuwAer6Xvj3ITrDIlDfiSMEoU70ogNjKVBqrns+Ne+bISI281eseszkSqd1W58nNv/tswnoz9NuSP2qUsvCTy9z0n9YPc22VokzDDX0FvIZmQQYvmwYrv24V6ioCQ7zN9OZn+GGzRcpW5iuupwep+jCOj8zMD8kzoLpHJ4UlR1QHWAsHnw6ms9+mTIaDlrIn0RtjHTnb+TjW13CKQSkECxFKWRGKKNDcSS+wDnf14Qql69c14Q+XfGxaQ9VlZSu50uAwAkr3+ZcEkakwgAEKTdu+M5RBUqkiqynYqHyQcGVNRnV7CSDx/ZnuyhqpcpeNZUAz11truTAisVl2H9AD+lulOG5y5ERSS1J4NXo/wSyHqPqBDgAoCDjKfclilO/SCzaQq9KDlURpzEfpGfL3RwKXojwa9JP04jCx5NqypuyaGWcgkRopUGujzEHLEZGYPbwJVhfozW/gbcN4nSfMFtQTLF7SDZP2+etU= ceph-8988869e-096a-11ef-bc97-c7b262605968' | sudo tee -a /root/.ssh/authorized_keys && sudo chmod 0600 /root/.ssh/authorized_keys
2024-05-03T16:34:16.274 INFO:teuthology.orchestra.run.smithi134.stdout:ssh-rsa AAAAB3NzaC1yc2EAAAADAQABAAABgQDNJCHo2UTASoBoUGCEHJdDQ0EgL0PfuwAer6Xvj3ITrDIlDfiSMEoU70ogNjKVBqrns+Ne+bISI281eseszkSqd1W58nNv/tswnoz9NuSP2qUsvCTy9z0n9YPc22VokzDDX0FvIZmQQYvmwYrv24V6ioCQ7zN9OZn+GGzRcpW5iuupwep+jCOj8zMD8kzoLpHJ4UlR1QHWAsHnw6ms9+mTIaDlrIn0RtjHTnb+TjW13CKQSkECxFKWRGKKNDcSS+wDnf14Qql69c14Q+XfGxaQ9VlZSu50uAwAkr3+ZcEkakwgAEKTdu+M5RBUqkiqynYqHyQcGVNRnV7CSDx/ZnuyhqpcpeNZUAz11truTAisVl2H9AD+lulOG5y5ERSS1J4NXo/wSyHqPqBDgAoCDjKfclilO/SCzaQq9KDlURpzEfpGfL3RwKXojwa9JP04jCx5NqypuyaGWcgkRopUGujzEHLEZGYPbwJVhfozW/gbcN4nSfMFtQTLF7SDZP2+etU= ceph-8988869e-096a-11ef-bc97-c7b262605968
2024-05-03T16:34:16.311 DEBUG:teuthology.orchestra.run.smithi146:> sudo install -d -m 0700 /root/.ssh && echo 'ssh-rsa AAAAB3NzaC1yc2EAAAADAQABAAABgQDNJCHo2UTASoBoUGCEHJdDQ0EgL0PfuwAer6Xvj3ITrDIlDfiSMEoU70ogNjKVBqrns+Ne+bISI281eseszkSqd1W58nNv/tswnoz9NuSP2qUsvCTy9z0n9YPc22VokzDDX0FvIZmQQYvmwYrv24V6ioCQ7zN9OZn+GGzRcpW5iuupwep+jCOj8zMD8kzoLpHJ4UlR1QHWAsHnw6ms9+mTIaDlrIn0RtjHTnb+TjW13CKQSkECxFKWRGKKNDcSS+wDnf14Qql69c14Q+XfGxaQ9VlZSu50uAwAkr3+ZcEkakwgAEKTdu+M5RBUqkiqynYqHyQcGVNRnV7CSDx/ZnuyhqpcpeNZUAz11truTAisVl2H9AD+lulOG5y5ERSS1J4NXo/wSyHqPqBDgAoCDjKfclilO/SCzaQq9KDlURpzEfpGfL3RwKXojwa9JP04jCx5NqypuyaGWcgkRopUGujzEHLEZGYPbwJVhfozW/gbcN4nSfMFtQTLF7SDZP2+etU= ceph-8988869e-096a-11ef-bc97-c7b262605968' | sudo tee -a /root/.ssh/authorized_keys && sudo chmod 0600 /root/.ssh/authorized_keys
2024-05-03T16:34:16.430 INFO:teuthology.orchestra.run.smithi146.stdout:ssh-rsa AAAAB3NzaC1yc2EAAAADAQABAAABgQDNJCHo2UTASoBoUGCEHJdDQ0EgL0PfuwAer6Xvj3ITrDIlDfiSMEoU70ogNjKVBqrns+Ne+bISI281eseszkSqd1W58nNv/tswnoz9NuSP2qUsvCTy9z0n9YPc22VokzDDX0FvIZmQQYvmwYrv24V6ioCQ7zN9OZn+GGzRcpW5iuupwep+jCOj8zMD8kzoLpHJ4UlR1QHWAsHnw6ms9+mTIaDlrIn0RtjHTnb+TjW13CKQSkECxFKWRGKKNDcSS+wDnf14Qql69c14Q+XfGxaQ9VlZSu50uAwAkr3+ZcEkakwgAEKTdu+M5RBUqkiqynYqHyQcGVNRnV7CSDx/ZnuyhqpcpeNZUAz11truTAisVl2H9AD+lulOG5y5ERSS1J4NXo/wSyHqPqBDgAoCDjKfclilO/SCzaQq9KDlURpzEfpGfL3RwKXojwa9JP04jCx5NqypuyaGWcgkRopUGujzEHLEZGYPbwJVhfozW/gbcN4nSfMFtQTLF7SDZP2+etU= ceph-8988869e-096a-11ef-bc97-c7b262605968
2024-05-03T16:34:16.466 DEBUG:teuthology.orchestra.run.smithi081:> sudo /home/ubuntu/cephtest/cephadm --image quay-quay-quay.apps.os.sepia.ceph.com/ceph-ci/ceph:9a047fe7599a549042d06a3fb5b6813a203eabea shell -c /etc/ceph/ceph.conf -k /etc/ceph/ceph.client.admin.keyring --fsid 8988869e-096a-11ef-bc97-c7b262605968 -- ceph config set mgr mgr/cephadm/allow_ptrace true
2024-05-03T16:34:16.874 INFO:teuthology.orchestra.run.smithi081.stderr:Inferring config /var/lib/ceph/8988869e-096a-11ef-bc97-c7b262605968/mon.a/config
2024-05-03T16:34:19.587 INFO:teuthology.orchestra.run.smithi081.stderr:2024-05-03T16:34:19.585+0000 7ff1dd200700 1 -- 172.21.15.81:0/3681448049 >> [v2:172.21.15.81:3300/0,v1:172.21.15.81:6789/0] conn(0x7ff1d81096b0 msgr2=0x7ff1d8109ad0 secure :-1 s=STATE_CONNECTION_ESTABLISHED l=1).mark_down
2024-05-03T16:34:19.587 INFO:teuthology.orchestra.run.smithi081.stderr:2024-05-03T16:34:19.585+0000 7ff1dd200700 1 --2- 172.21.15.81:0/3681448049 >> [v2:172.21.15.81:3300/0,v1:172.21.15.81:6789/0] conn(0x7ff1d81096b0 0x7ff1d8109ad0 secure :-1 s=READY pgs=80 cs=0 l=1 rev1=1 crypto rx=0x7ff1c800b0a0 tx=0x7ff1c800b3b0 comp rx=0 tx=0).stop
2024-05-03T16:34:19.587 INFO:teuthology.orchestra.run.smithi081.stderr:2024-05-03T16:34:19.585+0000 7ff1dd200700 1 -- 172.21.15.81:0/3681448049 shutdown_connections
2024-05-03T16:34:19.587 INFO:teuthology.orchestra.run.smithi081.stderr:2024-05-03T16:34:19.585+0000 7ff1dd200700 1 --2- 172.21.15.81:0/3681448049 >> [v2:172.21.15.81:3300/0,v1:172.21.15.81:6789/0] conn(0x7ff1d81096b0 0x7ff1d8109ad0 unknown :-1 s=CLOSED pgs=80 cs=0 l=1 rev1=1 crypto rx=0 tx=0 comp rx=0 tx=0).stop
2024-05-03T16:34:19.587 INFO:teuthology.orchestra.run.smithi081.stderr:2024-05-03T16:34:19.585+0000 7ff1dd200700 1 -- 172.21.15.81:0/3681448049 >> 172.21.15.81:0/3681448049 conn(0x7ff1d8078590 msgr2=0x7ff1d807aa10 unknown :-1 s=STATE_NONE l=0).mark_down
2024-05-03T16:34:19.587 INFO:teuthology.orchestra.run.smithi081.stderr:2024-05-03T16:34:19.585+0000 7ff1dd200700 1 -- 172.21.15.81:0/3681448049 shutdown_connections
2024-05-03T16:34:19.587 INFO:teuthology.orchestra.run.smithi081.stderr:2024-05-03T16:34:19.585+0000 7ff1dd200700 1 -- 172.21.15.81:0/3681448049 wait complete.
2024-05-03T16:34:19.588 INFO:teuthology.orchestra.run.smithi081.stderr:2024-05-03T16:34:19.586+0000 7ff1dd200700 1 Processor -- start
2024-05-03T16:34:19.588 INFO:teuthology.orchestra.run.smithi081.stderr:2024-05-03T16:34:19.586+0000 7ff1dd200700 1 -- start start
2024-05-03T16:34:19.588 INFO:teuthology.orchestra.run.smithi081.stderr:2024-05-03T16:34:19.587+0000 7ff1dd200700 1 --2- >> [v2:172.21.15.81:3300/0,v1:172.21.15.81:6789/0] conn(0x7ff1d81096b0 0x7ff1d819ea90 unknown :-1 s=NONE pgs=0 cs=0 l=1 rev1=0 crypto rx=0 tx=0 comp rx=0 tx=0).connect
2024-05-03T16:34:19.588 INFO:teuthology.orchestra.run.smithi081.stderr:2024-05-03T16:34:19.587+0000 7ff1dd200700 1 -- --> [v2:172.21.15.81:3300/0,v1:172.21.15.81:6789/0] -- mon_getmap magic: 0 -- 0x7ff1d810f330 con 0x7ff1d81096b0
2024-05-03T16:34:19.588 INFO:teuthology.orchestra.run.smithi081.stderr:2024-05-03T16:34:19.587+0000 7ff1d5e00700 1 --2- >> [v2:172.21.15.81:3300/0,v1:172.21.15.81:6789/0] conn(0x7ff1d81096b0 0x7ff1d819ea90 unknown :-1 s=BANNER_CONNECTING pgs=0 cs=0 l=1 rev1=0 crypto rx=0 tx=0 comp rx=0 tx=0)._handle_peer_banner_payload supported=3 required=0
2024-05-03T16:34:19.589 INFO:teuthology.orchestra.run.smithi081.stderr:2024-05-03T16:34:19.587+0000 7ff1d5e00700 1 --2- >> [v2:172.21.15.81:3300/0,v1:172.21.15.81:6789/0] conn(0x7ff1d81096b0 0x7ff1d819ea90 unknown :-1 s=HELLO_CONNECTING pgs=0 cs=0 l=1 rev1=1 crypto rx=0 tx=0 comp rx=0 tx=0).handle_hello peer v2:172.21.15.81:3300/0 says I am v2:172.21.15.81:38288/0 (socket says 172.21.15.81:38288)
2024-05-03T16:34:19.589 INFO:teuthology.orchestra.run.smithi081.stderr:2024-05-03T16:34:19.587+0000 7ff1d5e00700 1 -- 172.21.15.81:0/2456395894 learned_addr learned my addr 172.21.15.81:0/2456395894 (peer_addr_for_me v2:172.21.15.81:0/0)
2024-05-03T16:34:19.589 INFO:teuthology.orchestra.run.smithi081.stderr:2024-05-03T16:34:19.587+0000 7ff1d5e00700 1 -- 172.21.15.81:0/2456395894 --> [v2:172.21.15.81:3300/0,v1:172.21.15.81:6789/0] -- mon_subscribe({config=0+,monmap=0+}) -- 0x7ff1d819efd0 con 0x7ff1d81096b0
2024-05-03T16:34:19.590 INFO:teuthology.orchestra.run.smithi081.stderr:2024-05-03T16:34:19.588+0000 7ff1d5e00700 1 --2- 172.21.15.81:0/2456395894 >> [v2:172.21.15.81:3300/0,v1:172.21.15.81:6789/0] conn(0x7ff1d81096b0 0x7ff1d819ea90 secure :-1 s=READY pgs=81 cs=0 l=1 rev1=1 crypto rx=0x7ff1c8009cd0 tx=0x7ff1c8007b40 comp rx=0 tx=0).ready entity=mon.0 client_cookie=0 server_cookie=0 in_seq=0 out_seq=0
2024-05-03T16:34:19.590 INFO:teuthology.orchestra.run.smithi081.stderr:2024-05-03T16:34:19.588+0000 7ff1cf400700 1 -- 172.21.15.81:0/2456395894 <== mon.0 v2:172.21.15.81:3300/0 1 ==== mon_map magic: 0 ==== 205+0+0 (secure 0 0 0) 0x7ff1c8017040 con 0x7ff1d81096b0
2024-05-03T16:34:19.590 INFO:teuthology.orchestra.run.smithi081.stderr:2024-05-03T16:34:19.588+0000 7ff1cf400700 1 -- 172.21.15.81:0/2456395894 <== mon.0 v2:172.21.15.81:3300/0 2 ==== config(25 keys) ==== 1063+0+0 (secure 0 0 0) 0x7ff1c8022070 con 0x7ff1d81096b0
2024-05-03T16:34:19.590 INFO:teuthology.orchestra.run.smithi081.stderr:2024-05-03T16:34:19.588+0000 7ff1dd200700 1 -- 172.21.15.81:0/2456395894 --> [v2:172.21.15.81:3300/0,v1:172.21.15.81:6789/0] -- mon_subscribe({mgrmap=0+}) -- 0x7ff1d819f260 con 0x7ff1d81096b0
2024-05-03T16:34:19.590 INFO:teuthology.orchestra.run.smithi081.stderr:2024-05-03T16:34:19.588+0000 7ff1cf400700 1 -- 172.21.15.81:0/2456395894 <== mon.0 v2:172.21.15.81:3300/0 3 ==== mon_map magic: 0 ==== 205+0+0 (secure 0 0 0) 0x7ff1c801dd50 con 0x7ff1d81096b0
2024-05-03T16:34:19.590 INFO:teuthology.orchestra.run.smithi081.stderr:2024-05-03T16:34:19.588+0000 7ff1dd200700 1 -- 172.21.15.81:0/2456395894 --> [v2:172.21.15.81:3300/0,v1:172.21.15.81:6789/0] -- mon_subscribe({osdmap=0}) -- 0x7ff1d81a1f50 con 0x7ff1d81096b0
2024-05-03T16:34:19.590 INFO:teuthology.orchestra.run.smithi081.stderr:2024-05-03T16:34:19.589+0000 7ff1dd200700 1 -- 172.21.15.81:0/2456395894 --> [v2:172.21.15.81:3300/0,v1:172.21.15.81:6789/0] -- mon_command({"prefix": "get_command_descriptions"} v 0) -- 0x7ff1d810fab0 con 0x7ff1d81096b0
2024-05-03T16:34:19.591 INFO:teuthology.orchestra.run.smithi081.stderr:2024-05-03T16:34:19.589+0000 7ff1cf400700 1 -- 172.21.15.81:0/2456395894 <== mon.0 v2:172.21.15.81:3300/0 4 ==== mgrmap(e 13) ==== 50278+0+0 (secure 0 0 0) 0x7ff1c801d560 con 0x7ff1d81096b0
2024-05-03T16:34:19.591 INFO:teuthology.orchestra.run.smithi081.stderr:2024-05-03T16:34:19.590+0000 7ff1cf400700 1 --2- 172.21.15.81:0/2456395894 >> [v2:172.21.15.81:6800/1773670984,v1:172.21.15.81:6801/1773670984] conn(0x7ff1bc03e560 0x7ff1bc040a20 unknown :-1 s=NONE pgs=0 cs=0 l=1 rev1=0 crypto rx=0 tx=0 comp rx=0 tx=0).connect
2024-05-03T16:34:19.591 INFO:teuthology.orchestra.run.smithi081.stderr:2024-05-03T16:34:19.590+0000 7ff1cf400700 1 -- 172.21.15.81:0/2456395894 <== mon.0 v2:172.21.15.81:3300/0 5 ==== osd_map(3..3 src has 1..3) ==== 1155+0+0 (secure 0 0 0) 0x7ff1c800f050 con 0x7ff1d81096b0
2024-05-03T16:34:19.591 INFO:teuthology.orchestra.run.smithi081.stderr:2024-05-03T16:34:19.590+0000 7ff1cd400700 1 --2- 172.21.15.81:0/2456395894 >> [v2:172.21.15.81:6800/1773670984,v1:172.21.15.81:6801/1773670984] conn(0x7ff1bc03e560 0x7ff1bc040a20 unknown :-1 s=BANNER_CONNECTING pgs=0 cs=0 l=1 rev1=0 crypto rx=0 tx=0 comp rx=0 tx=0)._handle_peer_banner_payload supported=3 required=0
2024-05-03T16:34:19.592 INFO:teuthology.orchestra.run.smithi081.stderr:2024-05-03T16:34:19.591+0000 7ff1cd400700 1 --2- 172.21.15.81:0/2456395894 >> [v2:172.21.15.81:6800/1773670984,v1:172.21.15.81:6801/1773670984] conn(0x7ff1bc03e560 0x7ff1bc040a20 secure :-1 s=READY pgs=12 cs=0 l=1 rev1=1 crypto rx=0x7ff1c0006fd0 tx=0x7ff1c0006e40 comp rx=0 tx=0).ready entity=mgr.14152 client_cookie=0 server_cookie=0 in_seq=0 out_seq=0
2024-05-03T16:34:19.596 INFO:teuthology.orchestra.run.smithi081.stderr:2024-05-03T16:34:19.595+0000 7ff1cf400700 1 -- 172.21.15.81:0/2456395894 <== mon.0 v2:172.21.15.81:3300/0 6 ==== mon_command_ack([{"prefix": "get_command_descriptions"}]=0 v0) ==== 72+0+191839 (secure 0 0 0) 0x7ff1c8055e20 con 0x7ff1d81096b0
2024-05-03T16:34:19.832 INFO:teuthology.orchestra.run.smithi081.stderr:2024-05-03T16:34:19.830+0000 7ff1dd200700 1 -- 172.21.15.81:0/2456395894 --> [v2:172.21.15.81:3300/0,v1:172.21.15.81:6789/0] -- mon_command([{prefix=config set, name=mgr/cephadm/allow_ptrace}] v 0) -- 0x7ff1d802e620 con 0x7ff1d81096b0
2024-05-03T16:34:19.838 INFO:teuthology.orchestra.run.smithi081.stderr:2024-05-03T16:34:19.837+0000 7ff1cf400700 1 -- 172.21.15.81:0/2456395894 <== mon.0 v2:172.21.15.81:3300/0 7 ==== mon_command_ack([{prefix=config set, name=mgr/cephadm/allow_ptrace}]=0 v9)=0 v9) ==== 125+0+0 (secure 0 0 0) 0x7ff1c80263c0 con 0x7ff1d81096b0
2024-05-03T16:34:19.841 INFO:teuthology.orchestra.run.smithi081.stderr:2024-05-03T16:34:19.840+0000 7ff1dd200700 1 -- 172.21.15.81:0/2456395894 >> [v2:172.21.15.81:6800/1773670984,v1:172.21.15.81:6801/1773670984] conn(0x7ff1bc03e560 msgr2=0x7ff1bc040a20 secure :-1 s=STATE_CONNECTION_ESTABLISHED l=1).mark_down
2024-05-03T16:34:19.841 INFO:teuthology.orchestra.run.smithi081.stderr:2024-05-03T16:34:19.840+0000 7ff1dd200700 1 --2- 172.21.15.81:0/2456395894 >> [v2:172.21.15.81:6800/1773670984,v1:172.21.15.81:6801/1773670984] conn(0x7ff1bc03e560 0x7ff1bc040a20 secure :-1 s=READY pgs=12 cs=0 l=1 rev1=1 crypto rx=0x7ff1c0006fd0 tx=0x7ff1c0006e40 comp rx=0 tx=0).stop
2024-05-03T16:34:19.841 INFO:teuthology.orchestra.run.smithi081.stderr:2024-05-03T16:34:19.840+0000 7ff1dd200700 1 -- 172.21.15.81:0/2456395894 >> [v2:172.21.15.81:3300/0,v1:172.21.15.81:6789/0] conn(0x7ff1d81096b0 msgr2=0x7ff1d819ea90 secure :-1 s=STATE_CONNECTION_ESTABLISHED l=1).mark_down
2024-05-03T16:34:19.841 INFO:teuthology.orchestra.run.smithi081.stderr:2024-05-03T16:34:19.840+0000 7ff1dd200700 1 --2- 172.21.15.81:0/2456395894 >> [v2:172.21.15.81:3300/0,v1:172.21.15.81:6789/0] conn(0x7ff1d81096b0 0x7ff1d819ea90 secure :-1 s=READY pgs=81 cs=0 l=1 rev1=1 crypto rx=0x7ff1c8009cd0 tx=0x7ff1c8007b40 comp rx=0 tx=0).stop
2024-05-03T16:34:19.842 INFO:teuthology.orchestra.run.smithi081.stderr:2024-05-03T16:34:19.840+0000 7ff1dd200700 1 -- 172.21.15.81:0/2456395894 shutdown_connections
2024-05-03T16:34:19.842 INFO:teuthology.orchestra.run.smithi081.stderr:2024-05-03T16:34:19.840+0000 7ff1dd200700 1 --2- 172.21.15.81:0/2456395894 >> [v2:172.21.15.81:6800/1773670984,v1:172.21.15.81:6801/1773670984] conn(0x7ff1bc03e560 0x7ff1bc040a20 unknown :-1 s=CLOSED pgs=12 cs=0 l=1 rev1=1 crypto rx=0 tx=0 comp rx=0 tx=0).stop
