2024-05-03T17:44:57.212 INFO:journalctl@ceph.mgr.x.smithi122.stdout:May 03 17:44:57 smithi122 ceph-a46fc846-0974-11ef-bc97-c7b262605968-mgr-x[29973]: | B X S .. +.|
2024-05-03T17:44:57.212 INFO:journalctl@ceph.mgr.x.smithi122.stdout:May 03 17:44:57 smithi122 ceph-a46fc846-0974-11ef-bc97-c7b262605968-mgr-x[29973]: | * . ..+. |
2024-05-03T17:44:57.212 INFO:journalctl@ceph.mgr.x.smithi122.stdout:May 03 17:44:57 smithi122 ceph-a46fc846-0974-11ef-bc97-c7b262605968-mgr-x[29973]: | . . .o |
2024-05-03T17:44:57.212 INFO:journalctl@ceph.mgr.x.smithi122.stdout:May 03 17:44:57 smithi122 ceph-a46fc846-0974-11ef-bc97-c7b262605968-mgr-x[29973]: | .o E. |
2024-05-03T17:44:57.212 INFO:journalctl@ceph.mgr.x.smithi122.stdout:May 03 17:44:57 smithi122 ceph-a46fc846-0974-11ef-bc97-c7b262605968-mgr-x[29973]: | ... .. |
2024-05-03T17:44:57.212 INFO:journalctl@ceph.mgr.x.smithi122.stdout:May 03 17:44:57 smithi122 ceph-a46fc846-0974-11ef-bc97-c7b262605968-mgr-x[29973]: +----[SHA256]-----+
2024-05-03T17:44:57.623 INFO:teuthology.orchestra.run.smithi122.stdout:/usr/bin/ceph: stderr
2024-05-03T17:44:56.709+0000 7ff5f36e3700 1 Processor -- start
2024-05-03T17:44:57.623 INFO:teuthology.orchestra.run.smithi122.stdout:/usr/bin/ceph: stderr
2024-05-03T17:44:56.709+0000 7ff5f36e3700 1 -- start start
2024-05-03T17:44:57.623 INFO:teuthology.orchestra.run.smithi122.stdout:/usr/bin/ceph: stderr
2024-05-03T17:44:56.709+0000 7ff5f36e3700 1 --2- >> [v2:172.21.15.122:3300/0,v1:172.21.15.122:6789/0] conn(0x7ff5ec108e10 0x7ff5ec109230 unknown :-1 s=NONE pgs=0 cs=0 l=0 rev1=0 crypto rx=0 tx=0 comp rx=0 tx=0).connect
2024-05-03T17:44:57.623 INFO:teuthology.orchestra.run.smithi122.stdout:/usr/bin/ceph: stderr
2024-05-03T17:44:56.709+0000 7ff5f36e3700 1 -- --> [v2:172.21.15.122:3300/0,v1:172.21.15.122:6789/0] -- mon_getmap magic: 0 -- 0x7ff5ec109770 con 0x7ff5ec108e10
2024-05-03T17:44:57.623 INFO:teuthology.orchestra.run.smithi122.stdout:/usr/bin/ceph: stderr
2024-05-03T17:44:56.710+0000 7ff5f147f700 1 --2- >> [v2:172.21.15.122:3300/0,v1:172.21.15.122:6789/0] conn(0x7ff5ec108e10 0x7ff5ec109230 unknown :-1 s=BANNER_CONNECTING pgs=0 cs=0 l=0 rev1=0 crypto rx=0 tx=0 comp rx=0 tx=0)._handle_peer_banner_payload supported=3 required=0
2024-05-03T17:44:57.623 INFO:teuthology.orchestra.run.smithi122.stdout:/usr/bin/ceph: stderr
2024-05-03T17:44:56.710+0000 7ff5f147f700 1 --2- >> [v2:172.21.15.122:3300/0,v1:172.21.15.122:6789/0] conn(0x7ff5ec108e10 0x7ff5ec109230 unknown :-1 s=HELLO_CONNECTING pgs=0 cs=0 l=0 rev1=1 crypto rx=0 tx=0 comp rx=0 tx=0).handle_hello peer v2:172.21.15.122:3300/0 says I am v2:172.21.15.122:58698/0 (socket says 172.21.15.122:58698)
2024-05-03T17:44:57.624 INFO:teuthology.orchestra.run.smithi122.stdout:/usr/bin/ceph: stderr
2024-05-03T17:44:56.710+0000 7ff5f147f700 1 -- 172.21.15.122:0/2739077860 learned_addr learned my addr 172.21.15.122:0/2739077860 (peer_addr_for_me v2:172.21.15.122:0/0)
2024-05-03T17:44:57.624 INFO:teuthology.orchestra.run.smithi122.stdout:/usr/bin/ceph: stderr
2024-05-03T17:44:56.710+0000 7ff5f147f700 1 -- 172.21.15.122:0/2739077860 --> [v2:172.21.15.122:3300/0,v1:172.21.15.122:6789/0] -- mon_subscribe({config=0+,monmap=0+}) -- 0x7ff5ec109f70 con 0x7ff5ec108e10
2024-05-03T17:44:57.624 INFO:teuthology.orchestra.run.smithi122.stdout:/usr/bin/ceph: stderr
2024-05-03T17:44:56.710+0000 7ff5f147f700 1 --2- 172.21.15.122:0/2739077860 >> [v2:172.21.15.122:3300/0,v1:172.21.15.122:6789/0] conn(0x7ff5ec108e10 0x7ff5ec109230 secure :-1 s=READY pgs=41 cs=0 l=1 rev1=1 crypto rx=0x7ff5e8009e80 tx=0x7ff5e800b330 comp rx=0 tx=0).ready entity=mon.0 client_cookie=8de62aa7cc5ea9a9 server_cookie=0 in_seq=0 out_seq=0
2024-05-03T17:44:57.624 INFO:teuthology.orchestra.run.smithi122.stdout:/usr/bin/ceph: stderr
2024-05-03T17:44:56.710+0000 7ff5e3fff700 1 -- 172.21.15.122:0/2739077860 <== mon.0 v2:172.21.15.122:3300/0 1 ==== mon_map magic: 0 ==== 205+0+0 (secure 0 0 0) 0x7ff5e8017070 con 0x7ff5ec108e10
2024-05-03T17:44:57.624 INFO:teuthology.orchestra.run.smithi122.stdout:/usr/bin/ceph: stderr
2024-05-03T17:44:56.710+0000 7ff5e3fff700 1 -- 172.21.15.122:0/2739077860 <== mon.0 v2:172.21.15.122:3300/0 2 ==== config(26 keys) ==== 1070+0+0 (secure 0 0 0) 0x7ff5e800b8c0 con 0x7ff5ec108e10
2024-05-03T17:44:57.624 INFO:teuthology.orchestra.run.smithi122.stdout:/usr/bin/ceph: stderr
2024-05-03T17:44:56.710+0000 7ff5e3fff700 1 -- 172.21.15.122:0/2739077860 <== mon.0 v2:172.21.15.122:3300/0 3 ==== mon_map magic: 0 ==== 205+0+0 (secure 0 0 0) 0x7ff5e8004490 con 0x7ff5ec108e10
2024-05-03T17:44:57.624 INFO:teuthology.orchestra.run.smithi122.stdout:/usr/bin/ceph: stderr
2024-05-03T17:44:56.711+0000 7ff5f36e3700 1 -- 172.21.15.122:0/2739077860 >> [v2:172.21.15.122:3300/0,v1:172.21.15.122:6789/0] conn(0x7ff5ec108e10 msgr2=0x7ff5ec109230 secure :-1 s=STATE_CONNECTION_ESTABLISHED l=1).mark_down
2024-05-03T17:44:57.624 INFO:teuthology.orchestra.run.smithi122.stdout:/usr/bin/ceph: stderr
2024-05-03T17:44:56.711+0000 7ff5f36e3700 1 --2- 172.21.15.122:0/2739077860 >> [v2:172.21.15.122:3300/0,v1:172.21.15.122:6789/0] conn(0x7ff5ec108e10 0x7ff5ec109230 secure :-1 s=READY pgs=41 cs=0 l=1 rev1=1 crypto rx=0x7ff5e8009e80 tx=0x7ff5e800b330 comp rx=0 tx=0).stop
2024-05-03T17:44:57.624 INFO:teuthology.orchestra.run.smithi122.stdout:/usr/bin/ceph: stderr
2024-05-03T17:44:56.711+0000 7ff5f36e3700 1 -- 172.21.15.122:0/2739077860 shutdown_connections
2024-05-03T17:44:57.624 INFO:teuthology.orchestra.run.smithi122.stdout:/usr/bin/ceph: stderr
2024-05-03T17:44:56.711+0000 7ff5f36e3700 1 --2- 172.21.15.122:0/2739077860 >> [v2:172.21.15.122:3300/0,v1:172.21.15.122:6789/0] conn(0x7ff5ec108e10 0x7ff5ec109230 unknown :-1 s=CLOSED pgs=41 cs=0 l=1 rev1=1 crypto rx=0 tx=0 comp rx=0 tx=0).stop
2024-05-03T17:44:57.624 INFO:teuthology.orchestra.run.smithi122.stdout:/usr/bin/ceph: stderr
2024-05-03T17:44:56.711+0000 7ff5f36e3700 1 -- 172.21.15.122:0/2739077860 >> 172.21.15.122:0/2739077860 conn(0x7ff5ec1043d0 msgr2=0x7ff5ec1067f0 unknown :-1 s=STATE_NONE l=0).mark_down
2024-05-03T17:44:57.625 INFO:teuthology.orchestra.run.smithi122.stdout:/usr/bin/ceph: stderr
2024-05-03T17:44:56.711+0000 7ff5f36e3700 1 -- 172.21.15.122:0/2739077860 shutdown_connections
2024-05-03T17:44:57.625 INFO:teuthology.orchestra.run.smithi122.stdout:/usr/bin/ceph: stderr
2024-05-03T17:44:56.711+0000 7ff5f36e3700 1 -- 172.21.15.122:0/2739077860 wait complete.
2024-05-03T17:44:57.625 INFO:teuthology.orchestra.run.smithi122.stdout:/usr/bin/ceph: stderr
2024-05-03T17:44:56.711+0000 7ff5f36e3700 1 Processor -- start
2024-05-03T17:44:57.625 INFO:teuthology.orchestra.run.smithi122.stdout:/usr/bin/ceph: stderr
2024-05-03T17:44:56.711+0000 7ff5f36e3700 1 -- start start
2024-05-03T17:44:57.625 INFO:teuthology.orchestra.run.smithi122.stdout:/usr/bin/ceph: stderr
2024-05-03T17:44:56.712+0000 7ff5f36e3700 1 --2- >> [v2:172.21.15.122:3300/0,v1:172.21.15.122:6789/0] conn(0x7ff5ec108e10 0x7ff5ec19ccc0 unknown :-1 s=NONE pgs=0 cs=0 l=1 rev1=0 crypto rx=0 tx=0 comp rx=0 tx=0).connect
2024-05-03T17:44:57.625 INFO:teuthology.orchestra.run.smithi122.stdout:/usr/bin/ceph: stderr
2024-05-03T17:44:56.712+0000 7ff5f36e3700 1 -- --> [v2:172.21.15.122:3300/0,v1:172.21.15.122:6789/0] -- mon_getmap magic: 0 -- 0x7ff5ec10d3b0 con 0x7ff5ec108e10
2024-05-03T17:44:57.625 INFO:teuthology.orchestra.run.smithi122.stdout:/usr/bin/ceph: stderr
2024-05-03T17:44:56.712+0000 7ff5f147f700 1 --2- >> [v2:172.21.15.122:3300/0,v1:172.21.15.122:6789/0] conn(0x7ff5ec108e10 0x7ff5ec19ccc0 unknown :-1 s=BANNER_CONNECTING pgs=0 cs=0 l=1 rev1=0 crypto rx=0 tx=0 comp rx=0 tx=0)._handle_peer_banner_payload supported=3 required=0
2024-05-03T17:44:57.625 INFO:teuthology.orchestra.run.smithi122.stdout:/usr/bin/ceph: stderr
2024-05-03T17:44:56.712+0000 7ff5f147f700 1 --2- >> [v2:172.21.15.122:3300/0,v1:172.21.15.122:6789/0] conn(0x7ff5ec108e10 0x7ff5ec19ccc0 unknown :-1 s=HELLO_CONNECTING pgs=0 cs=0 l=1 rev1=1 crypto rx=0 tx=0 comp rx=0 tx=0).handle_hello peer v2:172.21.15.122:3300/0 says I am v2:172.21.15.122:58710/0 (socket says 172.21.15.122:58710)
2024-05-03T17:44:57.625 INFO:teuthology.orchestra.run.smithi122.stdout:/usr/bin/ceph: stderr
2024-05-03T17:44:56.712+0000 7ff5f147f700 1 -- 172.21.15.122:0/1360097738 learned_addr learned my addr 172.21.15.122:0/1360097738 (peer_addr_for_me v2:172.21.15.122:0/0)
2024-05-03T17:44:57.625 INFO:teuthology.orchestra.run.smithi122.stdout:/usr/bin/ceph: stderr
2024-05-03T17:44:56.712+0000 7ff5f147f700 1 -- 172.21.15.122:0/1360097738 --> [v2:172.21.15.122:3300/0,v1:172.21.15.122:6789/0] -- mon_subscribe({config=0+,monmap=0+}) -- 0x7ff5ec19d200 con 0x7ff5ec108e10
2024-05-03T17:44:57.625 INFO:teuthology.orchestra.run.smithi122.stdout:/usr/bin/ceph: stderr
2024-05-03T17:44:56.712+0000 7ff5f147f700 1 --2- 172.21.15.122:0/1360097738 >> [v2:172.21.15.122:3300/0,v1:172.21.15.122:6789/0] conn(0x7ff5ec108e10 0x7ff5ec19ccc0 secure :-1 s=READY pgs=42 cs=0 l=1 rev1=1 crypto rx=0x7ff5e800b7b0 tx=0x7ff5e800be20 comp rx=0 tx=0).ready entity=mon.0 client_cookie=0 server_cookie=0 in_seq=0 out_seq=0
2024-05-03T17:44:57.626 INFO:teuthology.orchestra.run.smithi122.stdout:/usr/bin/ceph: stderr
2024-05-03T17:44:56.712+0000 7ff5e27fc700 1 -- 172.21.15.122:0/1360097738 <== mon.0 v2:172.21.15.122:3300/0 1 ==== mon_map magic: 0 ==== 205+0+0 (secure 0 0 0) 0x7ff5e8020020 con 0x7ff5ec108e10
2024-05-03T17:44:57.626 INFO:teuthology.orchestra.run.smithi122.stdout:/usr/bin/ceph: stderr
2024-05-03T17:44:56.712+0000 7ff5f36e3700 1 -- 172.21.15.122:0/1360097738 --> [v2:172.21.15.122:3300/0,v1:172.21.15.122:6789/0] -- mon_subscribe({mgrmap=0+}) -- 0x7ff5ec19d490 con 0x7ff5ec108e10
2024-05-03T17:44:57.626 INFO:teuthology.orchestra.run.smithi122.stdout:/usr/bin/ceph: stderr
2024-05-03T17:44:56.712+0000 7ff5e27fc700 1 -- 172.21.15.122:0/1360097738 <== mon.0 v2:172.21.15.122:3300/0 2 ==== config(26 keys) ==== 1070+0+0 (secure 0 0 0) 0x7ff5e8012430 con 0x7ff5ec108e10
2024-05-03T17:44:57.626 INFO:teuthology.orchestra.run.smithi122.stdout:/usr/bin/ceph: stderr
2024-05-03T17:44:56.712+0000 7ff5e27fc700 1 -- 172.21.15.122:0/1360097738 <== mon.0 v2:172.21.15.122:3300/0 3 ==== mon_map magic: 0 ==== 205+0+0 (secure 0 0 0) 0x7ff5e8017040 con 0x7ff5ec108e10
2024-05-03T17:44:57.626 INFO:teuthology.orchestra.run.smithi122.stdout:/usr/bin/ceph: stderr
2024-05-03T17:44:56.712+0000 7ff5f36e3700 1 -- 172.21.15.122:0/1360097738 --> [v2:172.21.15.122:3300/0,v1:172.21.15.122:6789/0] -- mon_subscribe({osdmap=0}) -- 0x7ff5ec1a0180 con 0x7ff5ec108e10
2024-05-03T17:44:57.626 INFO:teuthology.orchestra.run.smithi122.stdout:/usr/bin/ceph: stderr
2024-05-03T17:44:56.713+0000 7ff5e27fc700 1 -- 172.21.15.122:0/1360097738 <== mon.0 v2:172.21.15.122:3300/0 4 ==== mgrmap(e 8) ==== 50222+0+0 (secure 0 0 0) 0x7ff5e8023020 con 0x7ff5ec108e10
2024-05-03T17:44:57.626 INFO:teuthology.orchestra.run.smithi122.stdout:/usr/bin/ceph: stderr
2024-05-03T17:44:56.713+0000 7ff5f36e3700 1 -- 172.21.15.122:0/1360097738 --> [v2:172.21.15.122:3300/0,v1:172.21.15.122:6789/0] -- mon_command({"prefix": "get_command_descriptions"} v 0) -- 0x7ff5ec06a5c0 con 0x7ff5ec108e10
2024-05-03T17:44:57.626 INFO:teuthology.orchestra.run.smithi122.stdout:/usr/bin/ceph: stderr
2024-05-03T17:44:56.713+0000 7ff5e27fc700 1 --2- 172.21.15.122:0/1360097738 >> [v2:172.21.15.122:6800/1659741627,v1:172.21.15.122:6801/1659741627] conn(0x7ff5d803e420 0x7ff5d80408e0 unknown :-1 s=NONE pgs=0 cs=0 l=1 rev1=0 crypto rx=0 tx=0 comp rx=0 tx=0).connect
2024-05-03T17:44:57.626 INFO:teuthology.orchestra.run.smithi122.stdout:/usr/bin/ceph: stderr
2024-05-03T17:44:56.714+0000 7ff5e27fc700 1 -- 172.21.15.122:0/1360097738 <== mon.0 v2:172.21.15.122:3300/0 5 ==== osd_map(2..2 src has 1..2) ==== 940+0+0 (secure 0 0 0) 0x7ff5e800f050 con 0x7ff5ec108e10
2024-05-03T17:44:57.626 INFO:teuthology.orchestra.run.smithi122.stdout:/usr/bin/ceph: stderr
2024-05-03T17:44:56.714+0000 7ff5f0c7e700 1 --2- 172.21.15.122:0/1360097738 >> [v2:172.21.15.122:6800/1659741627,v1:172.21.15.122:6801/1659741627] conn(0x7ff5d803e420 0x7ff5d80408e0 unknown :-1 s=BANNER_CONNECTING pgs=0 cs=0 l=1 rev1=0 crypto rx=0 tx=0 comp rx=0 tx=0)._handle_peer_banner_payload supported=3 required=0
2024-05-03T17:44:57.627 INFO:teuthology.orchestra.run.smithi122.stdout:/usr/bin/ceph: stderr
2024-05-03T17:44:56.714+0000 7ff5f0c7e700 1 --2- 172.21.15.122:0/1360097738 >> [v2:172.21.15.122:6800/1659741627,v1:172.21.15.122:6801/1659741627] conn(0x7ff5d803e420 0x7ff5d80408e0 secure :-1 s=READY pgs=9 cs=0 l=1 rev1=1 crypto rx=0x7ff5dc006fd0 tx=0x7ff5dc006e40 comp rx=0 tx=0).ready entity=mgr.14120 client_cookie=0 server_cookie=0 in_seq=0 out_seq=0
2024-05-03T17:44:57.627 INFO:teuthology.orchestra.run.smithi122.stdout:/usr/bin/ceph: stderr
2024-05-03T17:44:56.719+0000 7ff5e27fc700 1 -- 172.21.15.122:0/1360097738 <== mon.0 v2:172.21.15.122:3300/0 6 ==== mon_command_ack([{"prefix": "get_command_descriptions"}]=0 v0) ==== 72+0+191839 (secure 0 0 0) 0x7ff5e802a020 con 0x7ff5ec108e10
2024-05-03T17:44:57.627 INFO:teuthology.orchestra.run.smithi122.stdout:/usr/bin/ceph: stderr
2024-05-03T17:44:56.925+0000 7ff5f36e3700 1 -- 172.21.15.122:0/1360097738 --> [v2:172.21.15.122:6800/1659741627,v1:172.21.15.122:6801/1659741627] -- mgr_command(tid 0: {"prefix": "cephadm generate-key", "target": ["mon-mgr", ""]}) -- 0x7ff5ec1054e0 con 0x7ff5d803e420
2024-05-03T17:44:57.627 INFO:teuthology.orchestra.run.smithi122.stdout:/usr/bin/ceph: stderr
2024-05-03T17:44:57.101+0000 7ff5e27fc700 1 -- 172.21.15.122:0/1360097738 <== mgr.14120 v2:172.21.15.122:6800/1659741627 1 ==== mgr_command_reply(tid 0: 0 ) ==== 8+0+0 (secure 0 0 0) 0x7ff5ec1054e0 con 0x7ff5d803e420
2024-05-03T17:44:57.627 INFO:teuthology.orchestra.run.smithi122.stdout:/usr/bin/ceph: stderr
2024-05-03T17:44:57.104+0000 7ff5f36e3700 1 -- 172.21.15.122:0/1360097738 >> [v2:172.21.15.122:6800/1659741627,v1:172.21.15.122:6801/1659741627] conn(0x7ff5d803e420 msgr2=0x7ff5d80408e0 secure :-1 s=STATE_CONNECTION_ESTABLISHED l=1).mark_down
2024-05-03T17:44:57.627 INFO:teuthology.orchestra.run.smithi122.stdout:/usr/bin/ceph: stderr
2024-05-03T17:44:57.104+0000 7ff5f36e3700 1 --2- 172.21.15.122:0/1360097738 >> [v2:172.21.15.122:6800/1659741627,v1:172.21.15.122:6801/1659741627] conn(0x7ff5d803e420 0x7ff5d80408e0 secure :-1 s=READY pgs=9 cs=0 l=1 rev1=1 crypto rx=0x7ff5dc006fd0 tx=0x7ff5dc006e40 comp rx=0 tx=0).stop
2024-05-03T17:44:57.627 INFO:teuthology.orchestra.run.smithi122.stdout:/usr/bin/ceph: stderr
2024-05-03T17:44:57.104+0000 7ff5f36e3700 1 -- 172.21.15.122:0/1360097738 >> [v2:172.21.15.122:3300/0,v1:172.21.15.122:6789/0] conn(0x7ff5ec108e10 msgr2=0x7ff5ec19ccc0 secure :-1 s=STATE_CONNECTION_ESTABLISHED l=1).mark_down
2024-05-03T17:44:57.627 INFO:teuthology.orchestra.run.smithi122.stdout:/usr/bin/ceph: stderr
2024-05-03T17:44:57.104+0000 7ff5f36e3700 1 --2- 172.21.15.122:0/1360097738 >> [v2:172.21.15.122:3300/0,v1:172.21.15.122:6789/0] conn(0x7ff5ec108e10 0x7ff5ec19ccc0 secure :-1 s=READY pgs=42 cs=0 l=1 rev1=1 crypto rx=0x7ff5e800b7b0 tx=0x7ff5e800be20 comp rx=0 tx=0).stop
2024-05-03T17:44:57.627 INFO:teuthology.orchestra.run.smithi122.stdout:/usr/bin/ceph: stderr
2024-05-03T17:44:57.104+0000 7ff5f36e3700 1 -- 172.21.15.122:0/1360097738 shutdown_connections
2024-05-03T17:44:57.627 INFO:teuthology.orchestra.run.smithi122.stdout:/usr/bin/ceph: stderr
2024-05-03T17:44:57.104+0000 7ff5f36e3700 1 --2- 172.21.15.122:0/1360097738 >> [v2:172.21.15.122:6800/1659741627,v1:172.21.15.122:6801/1659741627] conn(0x7ff5d803e420 0x7ff5d80408e0 unknown :-1 s=CLOSED pgs=9 cs=0 l=1 rev1=1 crypto rx=0 tx=0 comp rx=0 tx=0).stop
2024-05-03T17:44:57.627 INFO:teuthology.orchestra.run.smithi122.stdout:/usr/bin/ceph: stderr
2024-05-03T17:44:57.104+0000 7ff5f36e3700 1 --2- 172.21.15.122:0/1360097738 >> [v2:172.21.15.122:3300/0,v1:172.21.15.122:6789/0] conn(0x7ff5ec108e10 0x7ff5ec19ccc0 unknown :-1 s=CLOSED pgs=42 cs=0 l=1 rev1=1 crypto rx=0 tx=0 comp rx=0 tx=0).stop
2024-05-03T17:44:57.628 INFO:teuthology.orchestra.run.smithi122.stdout:/usr/bin/ceph: stderr
2024-05-03T17:44:57.104+0000 7ff5f36e3700 1 -- 172.21.15.122:0/1360097738 >> 172.21.15.122:0/1360097738 conn(0x7ff5ec1043d0 msgr2=0x7ff5ec104dd0 unknown :-1 s=STATE_NONE l=0).mark_down
2024-05-03T17:44:57.628 INFO:teuthology.orchestra.run.smithi122.stdout:/usr/bin/ceph: stderr
2024-05-03T17:44:57.104+0000 7ff5f36e3700 1 -- 172.21.15.122:0/1360097738 shutdown_connections
2024-05-03T17:44:57.628 INFO:teuthology.orchestra.run.smithi122.stdout:/usr/bin/ceph: stderr
2024-05-03T17:44:57.104+0000 7ff5f36e3700 1 -- 172.21.15.122:0/1360097738 wait complete.
2024-05-03T17:44:58.460 INFO:journalctl@ceph.mon.a.smithi122.stdout:May 03 17:44:58 smithi122 ceph-mon[29744]: from='client.14136 -' entity='client.admin' cmd=[{"prefix": "cephadm generate-key", "target": ["mon-mgr", ""]}]: dispatch
2024-05-03T17:44:58.461 INFO:journalctl@ceph.mon.a.smithi122.stdout:May 03 17:44:58 smithi122 ceph-mon[29744]: Generating ssh key...
2024-05-03T17:44:58.461 INFO:journalctl@ceph.mon.a.smithi122.stdout:May 03 17:44:58 smithi122 ceph-mon[29744]: from='mgr.14120 172.21.15.122:0/2395578426' entity='mgr.x'
2024-05-03T17:44:58.461 INFO:journalctl@ceph.mon.a.smithi122.stdout:May 03 17:44:58 smithi122 ceph-mon[29744]: from='mgr.14120 172.21.15.122:0/2395578426' entity='mgr.x'
2024-05-03T17:44:58.845 INFO:teuthology.orchestra.run.smithi122.stdout:/usr/bin/ceph: stdout ssh-rsa AAAAB3NzaC1yc2EAAAADAQABAAABgQDMLpBLSSoKkrRndKn/089lrnZFCLNv4yBbaog3HZOhWegepqWW2M1sbkMSu3YTqUau57wAmFUzE7IFQyWD0QkDCgLJqsaHMOYNTuLU8ToTNFL77gshDG2Qn+rU7oPqjdZF09lhtaoljTEKHymaopi/QwEBb+VsG0FfyrFIaUBedE3EL2Ibv8OFSPQe4nkltiU9eYmHbygEKRZFJhElhc53Qh2cZrbMNmcxc7iTAr3OYU/Pmra7diLth/p1iuF74IuGt+Zbh4SdlSjj99U7jQ+6QLBL8+1exU45bi6deNtLP76CuvHHM8F1Ki8g5cITlnR/CU8XerpJimuI/nE1nw8ejnmPleeDSWx1+RKtJxi0ICZ1+WnV3OqepZmt1COhWReQPWMPixDQ+YOpmY9GR0grogBaxvFSmN57INwFbL/dUW+dfEDn1+1NBRKisYjba/2t8bND9bKoVM2k/sUTI9VAa0jGmdXdmFGr4AUEbvi31/mt5vh6IOOFfCEWQwh4Yuc= ceph-a46fc846-0974-11ef-bc97-c7b262605968
2024-05-03T17:44:58.845 INFO:teuthology.orchestra.run.smithi122.stdout:/usr/bin/ceph: stderr
2024-05-03T17:44:58.054+0000 7f18d860c700 1 Processor -- start
2024-05-03T17:44:58.846 INFO:teuthology.orchestra.run.smithi122.stdout:/usr/bin/ceph: stderr
2024-05-03T17:44:58.054+0000 7f18d860c700 1 -- start start
2024-05-03T17:44:58.846 INFO:teuthology.orchestra.run.smithi122.stdout:/usr/bin/ceph: stderr
2024-05-03T17:44:58.054+0000 7f18d860c700 1 --2- >> [v2:172.21.15.122:3300/0,v1:172.21.15.122:6789/0] conn(0x7f18d007f6f0 0x7f18d007dba0 unknown :-1 s=NONE pgs=0 cs=0 l=0 rev1=0 crypto rx=0 tx=0 comp rx=0 tx=0).connect
2024-05-03T17:44:58.846 INFO:teuthology.orchestra.run.smithi122.stdout:/usr/bin/ceph: stderr
2024-05-03T17:44:58.054+0000 7f18d860c700 1 -- --> [v2:172.21.15.122:3300/0,v1:172.21.15.122:6789/0] -- mon_getmap magic: 0 -- 0x7f18d007e170 con 0x7f18d007f6f0
2024-05-03T17:44:58.846 INFO:teuthology.orchestra.run.smithi122.stdout:/usr/bin/ceph: stderr
2024-05-03T17:44:58.055+0000 7f18d63a8700 1 --2- >> [v2:172.21.15.122:3300/0,v1:172.21.15.122:6789/0] conn(0x7f18d007f6f0 0x7f18d007dba0 unknown :-1 s=BANNER_CONNECTING pgs=0 cs=0 l=0 rev1=0 crypto rx=0 tx=0 comp rx=0 tx=0)._handle_peer_banner_payload supported=3 required=0
2024-05-03T17:44:58.846 INFO:teuthology.orchestra.run.smithi122.stdout:/usr/bin/ceph: stderr
2024-05-03T17:44:58.055+0000 7f18d63a8700 1 --2- >> [v2:172.21.15.122:3300/0,v1:172.21.15.122:6789/0] conn(0x7f18d007f6f0 0x7f18d007dba0 unknown :-1 s=HELLO_CONNECTING pgs=0 cs=0 l=0 rev1=1 crypto rx=0 tx=0 comp rx=0 tx=0).handle_hello peer v2:172.21.15.122:3300/0 says I am v2:172.21.15.122:58714/0 (socket says 172.21.15.122:58714)
2024-05-03T17:44:58.846 INFO:teuthology.orchestra.run.smithi122.stdout:/usr/bin/ceph: stderr
2024-05-03T17:44:58.055+0000 7f18d63a8700 1 -- 172.21.15.122:0/34611725 learned_addr learned my addr 172.21.15.122:0/34611725 (peer_addr_for_me v2:172.21.15.122:0/0)
2024-05-03T17:44:58.846 INFO:teuthology.orchestra.run.smithi122.stdout:/usr/bin/ceph: stderr
2024-05-03T17:44:58.055+0000 7f18d63a8700 1 -- 172.21.15.122:0/34611725 --> [v2:172.21.15.122:3300/0,v1:172.21.15.122:6789/0] -- mon_subscribe({config=0+,monmap=0+}) -- 0x7f18d007e2f0 con 0x7f18d007f6f0
2024-05-03T17:44:58.846 INFO:teuthology.orchestra.run.smithi122.stdout:/usr/bin/ceph: stderr
2024-05-03T17:44:58.055+0000 7f18d63a8700 1 --2- 172.21.15.122:0/34611725 >> [v2:172.21.15.122:3300/0,v1:172.21.15.122:6789/0] conn(0x7f18d007f6f0 0x7f18d007dba0 secure :-1 s=READY pgs=43 cs=0 l=1 rev1=1 crypto rx=0x7f18c00098a0 tx=0x7f18c0009bb0 comp rx=0 tx=0).ready entity=mon.0 client_cookie=ed8cc8d9b57d212c server_cookie=0 in_seq=0 out_seq=0
2024-05-03T17:44:58.846 INFO:teuthology.orchestra.run.smithi122.stdout:/usr/bin/ceph: stderr
2024-05-03T17:44:58.055+0000 7f18d53a6700 1 -- 172.21.15.122:0/34611725 <== mon.0 v2:172.21.15.122:3300/0 1 ==== mon_map magic: 0 ==== 205+0+0 (secure 0 0 0) 0x7f18c0004160 con 0x7f18d007f6f0
2024-05-03T17:44:58.846 INFO:teuthology.orchestra.run.smithi122.stdout:/usr/bin/ceph: stderr
2024-05-03T17:44:58.055+0000 7f18d53a6700 1 -- 172.21.15.122:0/34611725 <== mon.0 v2:172.21.15.122:3300/0 2 ==== config(26 keys) ==== 1070+0+0 (secure 0 0 0) 0x7f18c0004300 con 0x7f18d007f6f0
2024-05-03T17:44:58.846 INFO:teuthology.orchestra.run.smithi122.stdout:/usr/bin/ceph: stderr
2024-05-03T17:44:58.055+0000 7f18d53a6700 1 -- 172.21.15.122:0/34611725 <== mon.0 v2:172.21.15.122:3300/0 3 ==== mon_map magic: 0 ==== 205+0+0 (secure 0 0 0) 0x7f18c0011af0 con 0x7f18d007f6f0
2024-05-03T17:44:58.846 INFO:teuthology.orchestra.run.smithi122.stdout:/usr/bin/ceph: stderr
2024-05-03T17:44:58.056+0000 7f18d860c700 1 -- 172.21.15.122:0/34611725 >> [v2:172.21.15.122:3300/0,v1:172.21.15.122:6789/0] conn(0x7f18d007f6f0 msgr2=0x7f18d007dba0 secure :-1 s=STATE_CONNECTION_ESTABLISHED l=1).mark_down
2024-05-03T17:44:58.847 INFO:teuthology.orchestra.run.smithi122.stdout:/usr/bin/ceph: stderr
2024-05-03T17:44:58.056+0000 7f18d860c700 1 --2- 172.21.15.122:0/34611725 >> [v2:172.21.15.122:3300/0,v1:172.21.15.122:6789/0] conn(0x7f18d007f6f0 0x7f18d007dba0 secure :-1 s=READY pgs=43 cs=0 l=1 rev1=1 crypto rx=0x7f18c00098a0 tx=0x7f18c0009bb0 comp rx=0 tx=0).stop
2024-05-03T17:44:58.847 INFO:teuthology.orchestra.run.smithi122.stdout:/usr/bin/ceph: stderr
2024-05-03T17:44:58.056+0000 7f18d860c700 1 -- 172.21.15.122:0/34611725 shutdown_connections
2024-05-03T17:44:58.847 INFO:teuthology.orchestra.run.smithi122.stdout:/usr/bin/ceph: stderr
2024-05-03T17:44:58.056+0000 7f18d860c700 1 --2- 172.21.15.122:0/34611725 >> [v2:172.21.15.122:3300/0,v1:172.21.15.122:6789/0] conn(0x7f18d007f6f0 0x7f18d007dba0 unknown :-1 s=CLOSED pgs=43 cs=0 l=1 rev1=1 crypto rx=0 tx=0 comp rx=0 tx=0).stop
2024-05-03T17:44:58.847 INFO:teuthology.orchestra.run.smithi122.stdout:/usr/bin/ceph: stderr
2024-05-03T17:44:58.056+0000 7f18d860c700 1 -- 172.21.15.122:0/34611725 >> 172.21.15.122:0/34611725 conn(0x7f18d0104410 msgr2=0x7f18d0106830 unknown :-1 s=STATE_NONE l=0).mark_down
2024-05-03T17:44:58.847 INFO:teuthology.orchestra.run.smithi122.stdout:/usr/bin/ceph: stderr
2024-05-03T17:44:58.056+0000 7f18d860c700 1 -- 172.21.15.122:0/34611725 shutdown_connections
2024-05-03T17:44:58.847 INFO:teuthology.orchestra.run.smithi122.stdout:/usr/bin/ceph: stderr
2024-05-03T17:44:58.056+0000 7f18d860c700 1 -- 172.21.15.122:0/34611725 wait complete.
2024-05-03T17:44:58.847 INFO:teuthology.orchestra.run.smithi122.stdout:/usr/bin/ceph: stderr
2024-05-03T17:44:58.056+0000 7f18d860c700 1 Processor -- start
2024-05-03T17:44:58.847 INFO:teuthology.orchestra.run.smithi122.stdout:/usr/bin/ceph: stderr
2024-05-03T17:44:58.057+0000 7f18d860c700 1 -- start start
2024-05-03T17:44:58.847 INFO:teuthology.orchestra.run.smithi122.stdout:/usr/bin/ceph: stderr
2024-05-03T17:44:58.057+0000 7f18d860c700 1 --2- >> [v2:172.21.15.122:3300/0,v1:172.21.15.122:6789/0] conn(0x7f18d007f6f0 0x7f18d019ef60 unknown :-1 s=NONE pgs=0 cs=0 l=1 rev1=0 crypto rx=0 tx=0 comp rx=0 tx=0).connect
2024-05-03T17:44:58.847 INFO:teuthology.orchestra.run.smithi122.stdout:/usr/bin/ceph: stderr
2024-05-03T17:44:58.057+0000 7f18d860c700 1 -- --> [v2:172.21.15.122:3300/0,v1:172.21.15.122:6789/0] -- mon_getmap magic: 0 -- 0x7f18d010f380 con 0x7f18d007f6f0
2024-05-03T17:44:58.847 INFO:teuthology.orchestra.run.smithi122.stdout:/usr/bin/ceph: stderr
2024-05-03T17:44:58.057+0000 7f18d63a8700 1 --2- >> [v2:172.21.15.122:3300/0,v1:172.21.15.122:6789/0] conn(0x7f18d007f6f0 0x7f18d019ef60 unknown :-1 s=BANNER_CONNECTING pgs=0 cs=0 l=1 rev1=0 crypto rx=0 tx=0 comp rx=0 tx=0)._handle_peer_banner_payload supported=3 required=0
2024-05-03T17:44:58.847 INFO:teuthology.orchestra.run.smithi122.stdout:/usr/bin/ceph: stderr
2024-05-03T17:44:58.057+0000 7f18d63a8700 1 --2- >> [v2:172.21.15.122:3300/0,v1:172.21.15.122:6789/0] conn(0x7f18d007f6f0 0x7f18d019ef60 unknown :-1 s=HELLO_CONNECTING pgs=0 cs=0 l=1 rev1=1 crypto rx=0 tx=0 comp rx=0 tx=0).handle_hello peer v2:172.21.15.122:3300/0 says I am v2:172.21.15.122:58718/0 (socket says 172.21.15.122:58718)
2024-05-03T17:44:58.847 INFO:teuthology.orchestra.run.smithi122.stdout:/usr/bin/ceph: stderr
2024-05-03T17:44:58.057+0000 7f18d63a8700 1 -- 172.21.15.122:0/1857026964 learned_addr learned my addr 172.21.15.122:0/1857026964 (peer_addr_for_me v2:172.21.15.122:0/0)
2024-05-03T17:44:58.847 INFO:teuthology.orchestra.run.smithi122.stdout:/usr/bin/ceph: stderr
2024-05-03T17:44:58.057+0000 7f18d63a8700 1 -- 172.21.15.122:0/1857026964 --> [v2:172.21.15.122:3300/0,v1:172.21.15.122:6789/0] -- mon_subscribe({config=0+,monmap=0+}) -- 0x7f18d019f4a0 con 0x7f18d007f6f0
2024-05-03T17:44:58.848 INFO:teuthology.orchestra.run.smithi122.stdout:/usr/bin/ceph: stderr
2024-05-03T17:44:58.057+0000 7f18d63a8700 1 --2- 172.21.15.122:0/1857026964 >> [v2:172.21.15.122:3300/0,v1:172.21.15.122:6789/0] conn(0x7f18d007f6f0 0x7f18d019ef60 secure :-1 s=READY pgs=44 cs=0 l=1 rev1=1 crypto rx=0x7f18c0011ac0 tx=0x7f18c0011ba0 comp rx=0 tx=0).ready entity=mon.0 client_cookie=0 server_cookie=0 in_seq=0 out_seq=0
2024-05-03T17:44:58.848 INFO:teuthology.orchestra.run.smithi122.stdout:/usr/bin/ceph: stderr
2024-05-03T17:44:58.057+0000 7f18c77fe700 1 -- 172.21.15.122:0/1857026964 <== mon.0 v2:172.21.15.122:3300/0 1 ==== mon_map magic: 0 ==== 205+0+0 (secure 0 0 0) 0x7f18c0003970 con 0x7f18d007f6f0
2024-05-03T17:44:58.848 INFO:teuthology.orchestra.run.smithi122.stdout:/usr/bin/ceph: stderr
2024-05-03T17:44:58.057+0000 7f18c77fe700 1 -- 172.21.15.122:0/1857026964 <== mon.0 v2:172.21.15.122:3300/0 2 ==== config(26 keys) ==== 1070+0+0 (secure 0 0 0) 0x7f18c0003b10 con 0x7f18d007f6f0
2024-05-03T17:44:58.848 INFO:teuthology.orchestra.run.smithi122.stdout:/usr/bin/ceph: stderr
2024-05-03T17:44:58.057+0000 7f18c77fe700 1 -- 172.21.15.122:0/1857026964 <== mon.0 v2:172.21.15.122:3300/0 3 ==== mon_map magic: 0 ==== 205+0+0 (secure 0 0 0) 0x7f18c0024610 con 0x7f18d007f6f0
2024-05-03T17:44:58.848 INFO:teuthology.orchestra.run.smithi122.stdout:/usr/bin/ceph: stderr
2024-05-03T17:44:58.057+0000 7f18d860c700 1 -- 172.21.15.122:0/1857026964 --> [v2:172.21.15.122:3300/0,v1:172.21.15.122:6789/0] -- mon_subscribe({mgrmap=0+}) -- 0x7f18d019f730 con 0x7f18d007f6f0
2024-05-03T17:44:58.848 INFO:teuthology.orchestra.run.smithi122.stdout:/usr/bin/ceph: stderr
2024-05-03T17:44:58.057+0000 7f18d860c700 1 -- 172.21.15.122:0/1857026964 --> [v2:172.21.15.122:3300/0,v1:172.21.15.122:6789/0] -- mon_subscribe({osdmap=0}) -- 0x7f18d01a2420 con 0x7f18d007f6f0
2024-05-03T17:44:58.848 INFO:teuthology.orchestra.run.smithi122.stdout:/usr/bin/ceph: stderr
2024-05-03T17:44:58.058+0000 7f18c77fe700 1 -- 172.21.15.122:0/1857026964 <== mon.0 v2:172.21.15.122:3300/0 4 ==== mgrmap(e 8) ==== 50222+0+0 (secure 0 0 0) 0x7f18c001a9e0 con 0x7f18d007f6f0
2024-05-03T17:44:58.848 INFO:teuthology.orchestra.run.smithi122.stdout:/usr/bin/ceph: stderr
2024-05-03T17:44:58.058+0000 7f18d860c700 1 -- 172.21.15.122:0/1857026964 --> [v2:172.21.15.122:3300/0,v1:172.21.15.122:6789/0] -- mon_command({"prefix": "get_command_descriptions"} v 0) -- 0x7f18d006a5c0 con 0x7f18d007f6f0
2024-05-03T17:44:58.848 INFO:teuthology.orchestra.run.smithi122.stdout:/usr/bin/ceph: stderr
2024-05-03T17:44:58.058+0000 7f18c77fe700 1 --2- 172.21.15.122:0/1857026964 >> [v2:172.21.15.122:6800/1659741627,v1:172.21.15.122:6801/1659741627] conn(0x7f18bc03e4c0 0x7f18bc040980 unknown :-1 s=NONE pgs=0 cs=0 l=1 rev1=0 crypto rx=0 tx=0 comp rx=0 tx=0).connect
2024-05-03T17:44:58.848 INFO:teuthology.orchestra.run.smithi122.stdout:/usr/bin/ceph: stderr
2024-05-03T17:44:58.058+0000 7f18c77fe700 1 -- 172.21.15.122:0/1857026964 <== mon.0 v2:172.21.15.122:3300/0 5 ==== osd_map(2..2 src has 1..2) ==== 940+0+0 (secure 0 0 0) 0x7f18c0053850 con 0x7f18d007f6f0
2024-05-03T17:44:58.848 INFO:teuthology.orchestra.run.smithi122.stdout:/usr/bin/ceph: stderr
2024-05-03T17:44:58.059+0000 7f18d5ba7700 1 --2- 172.21.15.122:0/1857026964 >> [v2:172.21.15.122:6800/1659741627,v1:172.21.15.122:6801/1659741627] conn(0x7f18bc03e4c0 0x7f18bc040980 unknown :-1 s=BANNER_CONNECTING pgs=0 cs=0 l=1 rev1=0 crypto rx=0 tx=0 comp rx=0 tx=0)._handle_peer_banner_payload supported=3 required=0
2024-05-03T17:44:58.848 INFO:teuthology.orchestra.run.smithi122.stdout:/usr/bin/ceph: stderr
2024-05-03T17:44:58.059+0000 7f18d5ba7700 1 --2- 172.21.15.122:0/1857026964 >> [v2:172.21.15.122:6800/1659741627,v1:172.21.15.122:6801/1659741627] conn(0x7f18bc03e4c0 0x7f18bc040980 secure :-1 s=READY pgs=10 cs=0 l=1 rev1=1 crypto rx=0x7f18cc006fd0 tx=0x7f18cc006e40 comp rx=0 tx=0).ready entity=mgr.14120 client_cookie=0 server_cookie=0 in_seq=0 out_seq=0
2024-05-03T17:44:58.848 INFO:teuthology.orchestra.run.smithi122.stdout:/usr/bin/ceph: stderr
2024-05-03T17:44:58.063+0000 7f18c77fe700 1 -- 172.21.15.122:0/1857026964 <== mon.0 v2:172.21.15.122:3300/0 6 ==== mon_command_ack([{"prefix": "get_command_descriptions"}]=0 v0) ==== 72+0+191839 (secure 0 0 0) 0x7f18c00247f0 con 0x7f18d007f6f0
2024-05-03T17:44:58.849 INFO:teuthology.orchestra.run.smithi122.stdout:/usr/bin/ceph: stderr
2024-05-03T17:44:58.274+0000 7f18d860c700 1 -- 172.21.15.122:0/1857026964 --> [v2:172.21.15.122:6800/1659741627,v1:172.21.15.122:6801/1659741627] -- mgr_command(tid 0: {"prefix": "cephadm get-pub-key", "target": ["mon-mgr", ""]}) -- 0x7f18d0105690 con 0x7f18bc03e4c0
2024-05-03T17:44:58.849 INFO:teuthology.orchestra.run.smithi122.stdout:/usr/bin/ceph: stderr
2024-05-03T17:44:58.275+0000 7f18c77fe700 1 -- 172.21.15.122:0/1857026964 <== mgr.14120 v2:172.21.15.122:6800/1659741627 1 ==== mgr_command_reply(tid 0: 0 ) ==== 8+0+595 (secure 0 0 0) 0x7f18d0105690 con 0x7f18bc03e4c0
2024-05-03T17:44:58.849 INFO:teuthology.orchestra.run.smithi122.stdout:/usr/bin/ceph: stderr
2024-05-03T17:44:58.277+0000 7f18d860c700 1 -- 172.21.15.122:0/1857026964 >> [v2:172.21.15.122:6800/1659741627,v1:172.21.15.122:6801/1659741627] conn(0x7f18bc03e4c0 msgr2=0x7f18bc040980 secure :-1 s=STATE_CONNECTION_ESTABLISHED l=1).mark_down
2024-05-03T17:44:58.849 INFO:teuthology.orchestra.run.smithi122.stdout:/usr/bin/ceph: stderr
2024-05-03T17:44:58.277+0000 7f18d860c700 1 --2- 172.21.15.122:0/1857026964 >> [v2:172.21.15.122:6800/1659741627,v1:172.21.15.122:6801/1659741627] conn(0x7f18bc03e4c0 0x7f18bc040980 secure :-1 s=READY pgs=10 cs=0 l=1 rev1=1 crypto rx=0x7f18cc006fd0 tx=0x7f18cc006e40 comp rx=0 tx=0).stop
2024-05-03T17:44:58.849 INFO:teuthology.orchestra.run.smithi122.stdout:/usr/bin/ceph: stderr
2024-05-03T17:44:58.277+0000 7f18d860c700 1 -- 172.21.15.122:0/1857026964 >> [v2:172.21.15.122:3300/0,v1:172.21.15.122:6789/0] conn(0x7f18d007f6f0 msgr2=0x7f18d019ef60 secure :-1 s=STATE_CONNECTION_ESTABLISHED l=1).mark_down
2024-05-03T17:44:58.849 INFO:teuthology.orchestra.run.smithi122.stdout:/usr/bin/ceph: stderr
2024-05-03T17:44:58.277+0000 7f18d860c700 1 --2- 172.21.15.122:0/1857026964 >> [v2:172.21.15.122:3300/0,v1:172.21.15.122:6789/0] conn(0x7f18d007f6f0 0x7f18d019ef60 secure :-1 s=READY pgs=44 cs=0 l=1 rev1=1 crypto rx=0x7f18c0011ac0 tx=0x7f18c0011ba0 comp rx=0 tx=0).stop
2024-05-03T17:44:58.849 INFO:teuthology.orchestra.run.smithi122.stdout:/usr/bin/ceph: stderr
2024-05-03T17:44:58.277+0000 7f18d860c700 1 -- 172.21.15.122:0/1857026964 shutdown_connections
2024-05-03T17:44:58.849 INFO:teuthology.orchestra.run.smithi122.stdout:/usr/bin/ceph: stderr
2024-05-03T17:44:58.277+0000 7f18d860c700 1 --2- 172.21.15.122:0/1857026964 >> [v2:172.21.15.122:6800/1659741627,v1:172.21.15.122:6801/1659741627] conn(0x7f18bc03e4c0 0x7f18bc040980 unknown :-1 s=CLOSED pgs=10 cs=0 l=1 rev1=1 crypto rx=0 tx=0 comp rx=0 tx=0).stop
2024-05-03T17:44:58.849 INFO:teuthology.orchestra.run.smithi122.stdout:/usr/bin/ceph: stderr
2024-05-03T17:44:58.277+0000 7f18d860c700 1 --2- 172.21.15.122:0/1857026964 >> [v2:172.21.15.122:3300/0,v1:172.21.15.122:6789/0] conn(0x7f18d007f6f0 0x7f18d019ef60 unknown :-1 s=CLOSED pgs=44 cs=0 l=1 rev1=1 crypto rx=0 tx=0 comp rx=0 tx=0).stop
2024-05-03T17:44:58.849 INFO:teuthology.orchestra.run.smithi122.stdout:/usr/bin/ceph: stderr
2024-05-03T17:44:58.277+0000 7f18d860c700 1 -- 172.21.15.122:0/1857026964 >> 172.21.15.122:0/1857026964 conn(0x7f18d0104410 msgr2=0x7f18d0104f80 unknown :-1 s=STATE_NONE l=0).mark_down
2024-05-03T17:44:58.849 INFO:teuthology.orchestra.run.smithi122.stdout:/usr/bin/ceph: stderr
2024-05-03T17:44:58.277+0000 7f18d860c700 1 -- 172.21.15.122:0/1857026964 shutdown_connections
2024-05-03T17:44:58.849 INFO:teuthology.orchestra.run.smithi122.stdout:/usr/bin/ceph: stderr
2024-05-03T17:44:58.277+0000 7f18d860c700 1 -- 172.21.15.122:0/1857026964 wait complete.
2024-05-03T17:44:58.849 INFO:teuthology.orchestra.run.smithi122.stdout:Wrote public SSH key to /home/ubuntu/cephtest/ceph.pub
2024-05-03T17:44:58.850 INFO:teuthology.orchestra.run.smithi122.stdout:Adding key to root@localhost authorized_keys...
2024-05-03T17:44:58.850 INFO:teuthology.orchestra.run.smithi122.stdout:Adding host smithi122...
2024-05-03T17:44:59.522 INFO:journalctl@ceph.mon.a.smithi122.stdout:May 03 17:44:59 smithi122 ceph-mon[29744]: from='client.14138 -' entity='client.admin' cmd=[{"prefix": "cephadm get-pub-key", "target": ["mon-mgr", ""]}]: dispatch
2024-05-03T17:45:00.329 INFO:journalctl@ceph.mon.a.smithi122.stdout:May 03 17:45:00 smithi122 ceph-mon[29744]: from='client.14140 -' entity='client.admin' cmd=[{"prefix": "orch host add", "hostname": "smithi122", "addr": "172.21.15.122", "target": ["mon-mgr", ""]}]: dispatch
2024-05-03T17:45:00.329 INFO:journalctl@ceph.mon.a.smithi122.stdout:May 03 17:45:00 smithi122 ceph-mon[29744]: Deploying cephadm binary to smithi122
2024-05-03T17:45:04.129 INFO:teuthology.orchestra.run.smithi122.stdout:/usr/bin/ceph: stdout Added host 'smithi122' with addr '172.21.15.122'
2024-05-03T17:45:04.129 INFO:teuthology.orchestra.run.smithi122.stdout:/usr/bin/ceph: stderr
2024-05-03T17:44:59.261+0000 7fd58f2e3700 1 Processor -- start
2024-05-03T17:45:04.129 INFO:teuthology.orchestra.run.smithi122.stdout:/usr/bin/ceph: stderr
2024-05-03T17:44:59.261+0000 7fd58f2e3700 1 -- start start
2024-05-03T17:45:04.130 INFO:teuthology.orchestra.run.smithi122.stdout:/usr/bin/ceph: stderr
2024-05-03T17:44:59.261+0000 7fd58f2e3700 1 --2- >> [v2:172.21.15.122:3300/0,v1:172.21.15.122:6789/0] conn(0x7fd58807f760 0x7fd58807dbc0 unknown :-1 s=NONE pgs=0 cs=0 l=0 rev1=0 crypto rx=0 tx=0 comp rx=0 tx=0).connect
2024-05-03T17:45:04.130 INFO:teuthology.orchestra.run.smithi122.stdout:/usr/bin/ceph: stderr
2024-05-03T17:44:59.261+0000 7fd58f2e3700 1 -- --> [v2:172.21.15.122:3300/0,v1:172.21.15.122:6789/0] -- mon_getmap magic: 0 -- 0x7fd58807e190 con 0x7fd58807f760
2024-05-03T17:45:04.130 INFO:teuthology.orchestra.run.smithi122.stdout:/usr/bin/ceph: stderr
2024-05-03T17:44:59.261+0000 7fd58d07f700 1 --2- >> [v2:172.21.15.122:3300/0,v1:172.21.15.122:6789/0] conn(0x7fd58807f760 0x7fd58807dbc0 unknown :-1 s=BANNER_CONNECTING pgs=0 cs=0 l=0 rev1=0 crypto rx=0 tx=0 comp rx=0 tx=0)._handle_peer_banner_payload supported=3 required=0
2024-05-03T17:45:04.130 INFO:teuthology.orchestra.run.smithi122.stdout:/usr/bin/ceph: stderr
2024-05-03T17:44:59.261+0000 7fd58d07f700 1 --2- >> [v2:172.21.15.122:3300/0,v1:172.21.15.122:6789/0] conn(0x7fd58807f760 0x7fd58807dbc0 unknown :-1 s=HELLO_CONNECTING pgs=0 cs=0 l=0 rev1=1 crypto rx=0 tx=0 comp rx=0 tx=0).handle_hello peer v2:172.21.15.122:3300/0 says I am v2:172.21.15.122:53546/0 (socket says 172.21.15.122:53546)
2024-05-03T17:45:04.130 INFO:teuthology.orchestra.run.smithi122.stdout:/usr/bin/ceph: stderr
2024-05-03T17:44:59.261+0000 7fd58d07f700 1 -- 172.21.15.122:0/4127232686 learned_addr learned my addr 172.21.15.122:0/4127232686 (peer_addr_for_me v2:172.21.15.122:0/0)
2024-05-03T17:45:04.130 INFO:teuthology.orchestra.run.smithi122.stdout:/usr/bin/ceph: stderr
2024-05-03T17:44:59.261+0000 7fd58d07f700 1 -- 172.21.15.122:0/4127232686 --> [v2:172.21.15.122:3300/0,v1:172.21.15.122:6789/0] -- mon_subscribe({config=0+,monmap=0+}) -- 0x7fd58807e310 con 0x7fd58807f760
2024-05-03T17:45:04.130 INFO:teuthology.orchestra.run.smithi122.stdout:/usr/bin/ceph: stderr
2024-05-03T17:44:59.262+0000 7fd58d07f700 1 --2- 172.21.15.122:0/4127232686 >> [v2:172.21.15.122:3300/0,v1:172.21.15.122:6789/0] conn(0x7fd58807f760 0x7fd58807dbc0 secure :-1 s=READY pgs=45 cs=0 l=1 rev1=1 crypto rx=0x7fd5840098a0 tx=0x7fd584009bb0 comp rx=0 tx=0).ready entity=mon.0 client_cookie=aeae1d8f9777ba59 server_cookie=0 in_seq=0 out_seq=0
2024-05-03T17:45:04.130 INFO:teuthology.orchestra.run.smithi122.stdout:/usr/bin/ceph: stderr
2024-05-03T17:44:59.262+0000 7fd57ffff700 1 -- 172.21.15.122:0/4127232686 <== mon.0 v2:172.21.15.122:3300/0 1 ==== mon_map magic: 0 ==== 205+0+0 (secure 0 0 0) 0x7fd584004160 con 0x7fd58807f760
2024-05-03T17:45:04.130 INFO:teuthology.orchestra.run.smithi122.stdout:/usr/bin/ceph: stderr
2024-05-03T17:44:59.262+0000 7fd57ffff700 1 -- 172.21.15.122:0/4127232686 <== mon.0 v2:172.21.15.122:3300/0 2 ==== config(26 keys) ==== 1070+0+0 (secure 0 0 0) 0x7fd584004300 con 0x7fd58807f760
2024-05-03T17:45:04.130 INFO:teuthology.orchestra.run.smithi122.stdout:/usr/bin/ceph: stderr
2024-05-03T17:44:59.262+0000 7fd57ffff700 1 -- 172.21.15.122:0/4127232686 <== mon.0 v2:172.21.15.122:3300/0 3 ==== mon_map magic: 0 ==== 205+0+0 (secure 0 0 0) 0x7fd584011af0 con 0x7fd58807f760
2024-05-03T17:45:04.130 INFO:teuthology.orchestra.run.smithi122.stdout:/usr/bin/ceph: stderr
2024-05-03T17:44:59.262+0000 7fd58f2e3700 1 -- 172.21.15.122:0/4127232686 >> [v2:172.21.15.122:3300/0,v1:172.21.15.122:6789/0] conn(0x7fd58807f760 msgr2=0x7fd58807dbc0 secure :-1 s=STATE_CONNECTION_ESTABLISHED l=1).mark_down
2024-05-03T17:45:04.130 INFO:teuthology.orchestra.run.smithi122.stdout:/usr/bin/ceph: stderr
2024-05-03T17:44:59.262+0000 7fd58f2e3700 1 --2- 172.21.15.122:0/4127232686 >> [v2:172.21.15.122:3300/0,v1:172.21.15.122:6789/0] conn(0x7fd58807f760 0x7fd58807dbc0 secure :-1 s=READY pgs=45 cs=0 l=1 rev1=1 crypto rx=0x7fd5840098a0 tx=0x7fd584009bb0 comp rx=0 tx=0).stop
2024-05-03T17:45:04.130 INFO:teuthology.orchestra.run.smithi122.stdout:/usr/bin/ceph: stderr
2024-05-03T17:44:59.262+0000 7fd58f2e3700 1 -- 172.21.15.122:0/4127232686 shutdown_connections
2024-05-03T17:45:04.130 INFO:teuthology.orchestra.run.smithi122.stdout:/usr/bin/ceph: stderr
2024-05-03T17:44:59.262+0000 7fd58f2e3700 1 --2- 172.21.15.122:0/4127232686 >> [v2:172.21.15.122:3300/0,v1:172.21.15.122:6789/0] conn(0x7fd58807f760 0x7fd58807dbc0 unknown :-1 s=CLOSED pgs=45 cs=0 l=1 rev1=1 crypto rx=0 tx=0 comp rx=0 tx=0).stop
2024-05-03T17:45:04.130 INFO:teuthology.orchestra.run.smithi122.stdout:/usr/bin/ceph: stderr
2024-05-03T17:44:59.262+0000 7fd58f2e3700 1 -- 172.21.15.122:0/4127232686 >> 172.21.15.122:0/4127232686 conn(0x7fd5881043d0 msgr2=0x7fd5881067f0 unknown :-1 s=STATE_NONE l=0).mark_down
2024-05-03T17:45:04.131 INFO:teuthology.orchestra.run.smithi122.stdout:/usr/bin/ceph: stderr
2024-05-03T17:44:59.262+0000 7fd58f2e3700 1 -- 172.21.15.122:0/4127232686 shutdown_connections
2024-05-03T17:45:04.131 INFO:teuthology.orchestra.run.smithi122.stdout:/usr/bin/ceph: stderr
2024-05-03T17:44:59.262+0000 7fd58f2e3700 1 -- 172.21.15.122:0/4127232686 wait complete.
2024-05-03T17:45:04.131 INFO:teuthology.orchestra.run.smithi122.stdout:/usr/bin/ceph: stderr
2024-05-03T17:44:59.263+0000 7fd58f2e3700 1 Processor -- start
2024-05-03T17:45:04.131 INFO:teuthology.orchestra.run.smithi122.stdout:/usr/bin/ceph: stderr
2024-05-03T17:44:59.263+0000 7fd58f2e3700 1 -- start start
2024-05-03T17:45:04.131 INFO:teuthology.orchestra.run.smithi122.stdout:/usr/bin/ceph: stderr
2024-05-03T17:44:59.263+0000 7fd58f2e3700 1 --2- >> [v2:172.21.15.122:3300/0,v1:172.21.15.122:6789/0] conn(0x7fd58807f760 0x7fd58819ef80 unknown :-1 s=NONE pgs=0 cs=0 l=1 rev1=0 crypto rx=0 tx=0 comp rx=0 tx=0).connect
2024-05-03T17:45:04.131 INFO:teuthology.orchestra.run.smithi122.stdout:/usr/bin/ceph: stderr
2024-05-03T17:44:59.263+0000 7fd58f2e3700 1 -- --> [v2:172.21.15.122:3300/0,v1:172.21.15.122:6789/0] -- mon_getmap magic: 0 -- 0x7fd58810f3a0 con 0x7fd58807f760
2024-05-03T17:45:04.131 INFO:teuthology.orchestra.run.smithi122.stdout:/usr/bin/ceph: stderr
2024-05-03T17:44:59.263+0000 7fd58d07f700 1 --2- >> [v2:172.21.15.122:3300/0,v1:172.21.15.122:6789/0] conn(0x7fd58807f760 0x7fd58819ef80 unknown :-1 s=BANNER_CONNECTING pgs=0 cs=0 l=1 rev1=0 crypto rx=0 tx=0 comp rx=0 tx=0)._handle_peer_banner_payload supported=3 required=0
2024-05-03T17:45:04.131 INFO:teuthology.orchestra.run.smithi122.stdout:/usr/bin/ceph: stderr
2024-05-03T17:44:59.263+0000 7fd58d07f700 1 --2- >> [v2:172.21.15.122:3300/0,v1:172.21.15.122:6789/0] conn(0x7fd58807f760 0x7fd58819ef80 unknown :-1 s=HELLO_CONNECTING pgs=0 cs=0 l=1 rev1=1 crypto rx=0 tx=0 comp rx=0 tx=0).handle_hello peer v2:172.21.15.122:3300/0 says I am v2:172.21.15.122:53560/0 (socket says 172.21.15.122:53560)
2024-05-03T17:45:04.131 INFO:teuthology.orchestra.run.smithi122.stdout:/usr/bin/ceph: stderr
2024-05-03T17:44:59.263+0000 7fd58d07f700 1 -- 172.21.15.122:0/311004112 learned_addr learned my addr 172.21.15.122:0/311004112 (peer_addr_for_me v2:172.21.15.122:0/0)
2024-05-03T17:45:04.131 INFO:teuthology.orchestra.run.smithi122.stdout:/usr/bin/ceph: stderr
2024-05-03T17:44:59.263+0000 7fd58d07f700 1 -- 172.21.15.122:0/311004112 --> [v2:172.21.15.122:3300/0,v1:172.21.15.122:6789/0] -- mon_subscribe({config=0+,monmap=0+}) -- 0x7fd58819f4c0 con 0x7fd58807f760
2024-05-03T17:45:04.131 INFO:teuthology.orchestra.run.smithi122.stdout:/usr/bin/ceph: stderr
2024-05-03T17:44:59.264+0000 7fd58d07f700 1 --2- 172.21.15.122:0/311004112 >> [v2:172.21.15.122:3300/0,v1:172.21.15.122:6789/0] conn(0x7fd58807f760 0x7fd58819ef80 secure :-1 s=READY pgs=46 cs=0 l=1 rev1=1 crypto rx=0x7fd5840117b0 tx=0x7fd584011b70 comp rx=0 tx=0).ready entity=mon.0 client_cookie=0 server_cookie=0 in_seq=0 out_seq=0
2024-05-03T17:45:04.131 INFO:teuthology.orchestra.run.smithi122.stdout:/usr/bin/ceph: stderr
2024-05-03T17:44:59.264+0000 7fd57e7fc700 1 -- 172.21.15.122:0/311004112 <== mon.0 v2:172.21.15.122:3300/0 1 ==== mon_map magic: 0 ==== 205+0+0 (secure 0 0 0) 0x7fd584003af0 con 0x7fd58807f760
2024-05-03T17:45:04.131 INFO:teuthology.orchestra.run.smithi122.stdout:/usr/bin/ceph: stderr
2024-05-03T17:44:59.264+0000 7fd57e7fc700 1 -- 172.21.15.122:0/311004112 <== mon.0 v2:172.21.15.122:3300/0 2 ==== config(26 keys) ==== 1070+0+0 (secure 0 0 0) 0x7fd584020070 con 0x7fd58807f760
2024-05-03T17:45:04.131 INFO:teuthology.orchestra.run.smithi122.stdout:/usr/bin/ceph: stderr
2024-05-03T17:44:59.264+0000 7fd58f2e3700 1 -- 172.21.15.122:0/311004112 --> [v2:172.21.15.122:3300/0,v1:172.21.15.122:6789/0] -- mon_subscribe({mgrmap=0+}) -- 0x7fd58819f750 con 0x7fd58807f760
2024-05-03T17:45:04.131 INFO:teuthology.orchestra.run.smithi122.stdout:/usr/bin/ceph: stderr
2024-05-03T17:44:59.264+0000 7fd57e7fc700 1 -- 172.21.15.122:0/311004112 <== mon.0 v2:172.21.15.122:3300/0 3 ==== mon_map magic: 0 ==== 205+0+0 (secure 0 0 0) 0x7fd584019630 con 0x7fd58807f760
2024-05-03T17:45:04.131 INFO:teuthology.orchestra.run.smithi122.stdout:/usr/bin/ceph: stderr
2024-05-03T17:44:59.264+0000 7fd58f2e3700 1 -- 172.21.15.122:0/311004112 --> [v2:172.21.15.122:3300/0,v1:172.21.15.122:6789/0] -- mon_subscribe({osdmap=0}) -- 0x7fd5881a2440 con 0x7fd58807f760
2024-05-03T17:45:04.132 INFO:teuthology.orchestra.run.smithi122.stdout:/usr/bin/ceph: stderr
2024-05-03T17:44:59.265+0000 7fd57e7fc700 1 -- 172.21.15.122:0/311004112 <== mon.0 v2:172.21.15.122:3300/0 4 ==== mgrmap(e 8) ==== 50222+0+0 (secure 0 0 0) 0x7fd58401a430 con 0x7fd58807f760
2024-05-03T17:45:04.132 INFO:teuthology.orchestra.run.smithi122.stdout:/usr/bin/ceph: stderr
2024-05-03T17:44:59.265+0000 7fd58f2e3700 1 -- 172.21.15.122:0/311004112 --> [v2:172.21.15.122:3300/0,v1:172.21.15.122:6789/0] -- mon_command({"prefix": "get_command_descriptions"} v 0) -- 0x7fd58806a5c0 con 0x7fd58807f760
2024-05-03T17:45:04.132 INFO:teuthology.orchestra.run.smithi122.stdout:/usr/bin/ceph: stderr
2024-05-03T17:44:59.265+0000 7fd57e7fc700 1 --2- 172.21.15.122:0/311004112 >> [v2:172.21.15.122:6800/1659741627,v1:172.21.15.122:6801/1659741627] conn(0x7fd57403e470 0x7fd574040930 unknown :-1 s=NONE pgs=0 cs=0 l=1 rev1=0 crypto rx=0 tx=0 comp rx=0 tx=0).connect
2024-05-03T17:45:04.132 INFO:teuthology.orchestra.run.smithi122.stdout:/usr/bin/ceph: stderr
2024-05-03T17:44:59.265+0000 7fd57e7fc700 1 -- 172.21.15.122:0/311004112 <== mon.0 v2:172.21.15.122:3300/0 5 ==== osd_map(2..2 src has 1..2) ==== 940+0+0 (secure 0 0 0) 0x7fd584053aa0 con 0x7fd58807f760
2024-05-03T17:45:04.132 INFO:teuthology.orchestra.run.smithi122.stdout:/usr/bin/ceph: stderr
2024-05-03T17:44:59.265+0000 7fd58c87e700 1 --2- 172.21.15.122:0/311004112 >> [v2:172.21.15.122:6800/1659741627,v1:172.21.15.122:6801/1659741627] conn(0x7fd57403e470 0x7fd574040930 unknown :-1 s=BANNER_CONNECTING pgs=0 cs=0 l=1 rev1=0 crypto rx=0 tx=0 comp rx=0 tx=0)._handle_peer_banner_payload supported=3 required=0
2024-05-03T17:45:04.132 INFO:teuthology.orchestra.run.smithi122.stdout:/usr/bin/ceph: stderr
2024-05-03T17:44:59.265+0000 7fd58c87e700 1 --2- 172.21.15.122:0/311004112 >> [v2:172.21.15.122:6800/1659741627,v1:172.21.15.122:6801/1659741627] conn(0x7fd57403e470 0x7fd574040930 secure :-1 s=READY pgs=11 cs=0 l=1 rev1=1 crypto rx=0x7fd578006fd0 tx=0x7fd578006e40 comp rx=0 tx=0).ready entity=mgr.14120 client_cookie=0 server_cookie=0 in_seq=0 out_seq=0
2024-05-03T17:45:04.132 INFO:teuthology.orchestra.run.smithi122.stdout:/usr/bin/ceph: stderr
2024-05-03T17:44:59.270+0000 7fd57e7fc700 1 -- 172.21.15.122:0/311004112 <== mon.0 v2:172.21.15.122:3300/0 6 ==== mon_command_ack([{"prefix": "get_command_descriptions"}]=0 v0) ==== 72+0+191839 (secure 0 0 0) 0x7fd584021e00 con 0x7fd58807f760
2024-05-03T17:45:04.132 INFO:teuthology.orchestra.run.smithi122.stdout:/usr/bin/ceph: stderr
2024-05-03T17:44:59.475+0000 7fd58f2e3700 1 -- 172.21.15.122:0/311004112 --> [v2:172.21.15.122:6800/1659741627,v1:172.21.15.122:6801/1659741627] -- mgr_command(tid 0: {"prefix": "orch host add", "hostname": "smithi122", "addr": "172.21.15.122", "target": ["mon-mgr", ""]}) -- 0x7fd588105620 con 0x7fd57403e470
2024-05-03T17:45:04.132 INFO:teuthology.orchestra.run.smithi122.stdout:/usr/bin/ceph: stderr
2024-05-03T17:45:03.544+0000 7fd57e7fc700 1 -- 172.21.15.122:0/311004112 <== mgr.14120 v2:172.21.15.122:6800/1659741627 1 ==== mgr_command_reply(tid 0: 0 ) ==== 8+0+49 (secure 0 0 0) 0x7fd588105620 con 0x7fd57403e470
2024-05-03T17:45:04.132 INFO:teuthology.orchestra.run.smithi122.stdout:/usr/bin/ceph: stderr
2024-05-03T17:45:03.547+0000 7fd58f2e3700 1 -- 172.21.15.122:0/311004112 >> [v2:172.21.15.122:6800/1659741627,v1:172.21.15.122:6801/1659741627] conn(0x7fd57403e470 msgr2=0x7fd574040930 secure :-1 s=STATE_CONNECTION_ESTABLISHED l=1).mark_down
2024-05-03T17:45:04.132 INFO:teuthology.orchestra.run.smithi122.stdout:/usr/bin/ceph: stderr
2024-05-03T17:45:03.547+0000 7fd58f2e3700 1 --2- 172.21.15.122:0/311004112 >> [v2:172.21.15.122:6800/1659741627,v1:172.21.15.122:6801/1659741627] conn(0x7fd57403e470 0x7fd574040930 secure :-1 s=READY pgs=11 cs=0 l=1 rev1=1 crypto rx=0x7fd578006fd0 tx=0x7fd578006e40 comp rx=0 tx=0).stop
2024-05-03T17:45:04.132 INFO:teuthology.orchestra.run.smithi122.stdout:/usr/bin/ceph: stderr
2024-05-03T17:45:03.547+0000 7fd58f2e3700 1 -- 172.21.15.122:0/311004112 >> [v2:172.21.15.122:3300/0,v1:172.21.15.122:6789/0] conn(0x7fd58807f760 msgr2=0x7fd58819ef80 secure :-1 s=STATE_CONNECTION_ESTABLISHED l=1).mark_down
2024-05-03T17:45:04.132 INFO:teuthology.orchestra.run.smithi122.stdout:/usr/bin/ceph: stderr
2024-05-03T17:45:03.547+0000 7fd58f2e3700 1 --2- 172.21.15.122:0/311004112 >> [v2:172.21.15.122:3300/0,v1:172.21.15.122:6789/0] conn(0x7fd58807f760 0x7fd58819ef80 secure :-1 s=READY pgs=46 cs=0 l=1 rev1=1 crypto rx=0x7fd5840117b0 tx=0x7fd584011b70 comp rx=0 tx=0).stop
2024-05-03T17:45:04.132 INFO:teuthology.orchestra.run.smithi122.stdout:/usr/bin/ceph: stderr
2024-05-03T17:45:03.547+0000 7fd58f2e3700 1 -- 172.21.15.122:0/311004112 shutdown_connections
2024-05-03T17:45:04.133 INFO:teuthology.orchestra.run.smithi122.stdout:/usr/bin/ceph: stderr
2024-05-03T17:45:03.547+0000 7fd58f2e3700 1 --2- 172.21.15.122:0/311004112 >> [v2:172.21.15.122:6800/1659741627,v1:172.21.15.122:6801/1659741627] conn(0x7fd57403e470 0x7fd574040930 unknown :-1 s=CLOSED pgs=11 cs=0 l=1 rev1=1 crypto rx=0 tx=0 comp rx=0 tx=0).stop
2024-05-03T17:45:04.133 INFO:teuthology.orchestra.run.smithi122.stdout:/usr/bin/ceph: stderr
2024-05-03T17:45:03.547+0000 7fd58f2e3700 1 --2- 172.21.15.122:0/311004112 >> [v2:172.21.15.122:3300/0,v1:172.21.15.122:6789/0] conn(0x7fd58807f760 0x7fd58819ef80 unknown :-1 s=CLOSED pgs=46 cs=0 l=1 rev1=1 crypto rx=0 tx=0 comp rx=0 tx=0).stop
2024-05-03T17:45:04.133 INFO:teuthology.orchestra.run.smithi122.stdout:/usr/bin/ceph: stderr
2024-05-03T17:45:03.547+0000 7fd58f2e3700 1 -- 172.21.15.122:0/311004112 >> 172.21.15.122:0/311004112 conn(0x7fd5881043d0 msgr2=0x7fd588104f10 unknown :-1 s=STATE_NONE l=0).mark_down
2024-05-03T17:45:04.133 INFO:teuthology.orchestra.run.smithi122.stdout:/usr/bin/ceph: stderr
2024-05-03T17:45:03.547+0000 7fd58f2e3700 1 -- 172.21.15.122:0/311004112 shutdown_connections
