2024-05-03T17:45:23.240 INFO:teuthology.orchestra.run.smithi122.stdout:/usr/bin/ceph: stderr
2024-05-03T17:45:22.166+0000 7f3fc5ef9700 1 Processor -- start
2024-05-03T17:45:23.240 INFO:teuthology.orchestra.run.smithi122.stdout:/usr/bin/ceph: stderr
2024-05-03T17:45:22.166+0000 7f3fc5ef9700 1 -- start start
2024-05-03T17:45:23.240 INFO:teuthology.orchestra.run.smithi122.stdout:/usr/bin/ceph: stderr
2024-05-03T17:45:22.166+0000 7f3fc5ef9700 1 --2- >> [v2:172.21.15.122:3300/0,v1:172.21.15.122:6789/0] conn(0x7f3fc0109330 0x7f3fc0109750 unknown :-1 s=NONE pgs=0 cs=0 l=0 rev1=0 crypto rx=0 tx=0 comp rx=0 tx=0).connect
2024-05-03T17:45:23.240 INFO:teuthology.orchestra.run.smithi122.stdout:/usr/bin/ceph: stderr
2024-05-03T17:45:22.166+0000 7f3fc5ef9700 1 -- --> [v2:172.21.15.122:3300/0,v1:172.21.15.122:6789/0] -- mon_getmap magic: 0 -- 0x7f3fc0109d20 con 0x7f3fc0109330
2024-05-03T17:45:23.241 INFO:teuthology.orchestra.run.smithi122.stdout:/usr/bin/ceph: stderr
2024-05-03T17:45:22.166+0000 7f3fbf7fe700 1 --2- >> [v2:172.21.15.122:3300/0,v1:172.21.15.122:6789/0] conn(0x7f3fc0109330 0x7f3fc0109750 unknown :-1 s=BANNER_CONNECTING pgs=0 cs=0 l=0 rev1=0 crypto rx=0 tx=0 comp rx=0 tx=0)._handle_peer_banner_payload supported=3 required=0
2024-05-03T17:45:23.241 INFO:teuthology.orchestra.run.smithi122.stdout:/usr/bin/ceph: stderr
2024-05-03T17:45:22.167+0000 7f3fbf7fe700 1 --2- >> [v2:172.21.15.122:3300/0,v1:172.21.15.122:6789/0] conn(0x7f3fc0109330 0x7f3fc0109750 unknown :-1 s=HELLO_CONNECTING pgs=0 cs=0 l=0 rev1=1 crypto rx=0 tx=0 comp rx=0 tx=0).handle_hello peer v2:172.21.15.122:3300/0 says I am v2:172.21.15.122:47694/0 (socket says 172.21.15.122:47694)
2024-05-03T17:45:23.241 INFO:teuthology.orchestra.run.smithi122.stdout:/usr/bin/ceph: stderr
2024-05-03T17:45:22.167+0000 7f3fbf7fe700 1 -- 172.21.15.122:0/397184394 learned_addr learned my addr 172.21.15.122:0/397184394 (peer_addr_for_me v2:172.21.15.122:0/0)
2024-05-03T17:45:23.241 INFO:teuthology.orchestra.run.smithi122.stdout:/usr/bin/ceph: stderr
2024-05-03T17:45:22.167+0000 7f3fbf7fe700 1 -- 172.21.15.122:0/397184394 --> [v2:172.21.15.122:3300/0,v1:172.21.15.122:6789/0] -- mon_subscribe({config=0+,monmap=0+}) -- 0x7f3fc0107f40 con 0x7f3fc0109330
2024-05-03T17:45:23.241 INFO:teuthology.orchestra.run.smithi122.stdout:/usr/bin/ceph: stderr
2024-05-03T17:45:22.167+0000 7f3fbf7fe700 1 --2- 172.21.15.122:0/397184394 >> [v2:172.21.15.122:3300/0,v1:172.21.15.122:6789/0] conn(0x7f3fc0109330 0x7f3fc0109750 secure :-1 s=READY pgs=72 cs=0 l=1 rev1=1 crypto rx=0x7f3fb00098a0 tx=0x7f3fb0009bb0 comp rx=0 tx=0).ready entity=mon.0 client_cookie=de2553215057a08a server_cookie=0 in_seq=0 out_seq=0
2024-05-03T17:45:23.241 INFO:teuthology.orchestra.run.smithi122.stdout:/usr/bin/ceph: stderr
2024-05-03T17:45:22.167+0000 7f3fbe7fc700 1 -- 172.21.15.122:0/397184394 <== mon.0 v2:172.21.15.122:3300/0 1 ==== mon_map magic: 0 ==== 205+0+0 (secure 0 0 0) 0x7f3fb0004160 con 0x7f3fc0109330
2024-05-03T17:45:23.241 INFO:teuthology.orchestra.run.smithi122.stdout:/usr/bin/ceph: stderr
2024-05-03T17:45:22.167+0000 7f3fbe7fc700 1 -- 172.21.15.122:0/397184394 <== mon.0 v2:172.21.15.122:3300/0 2 ==== config(26 keys) ==== 1101+0+0 (secure 0 0 0) 0x7f3fb0004300 con 0x7f3fc0109330
2024-05-03T17:45:23.241 INFO:teuthology.orchestra.run.smithi122.stdout:/usr/bin/ceph: stderr
2024-05-03T17:45:22.167+0000 7f3fbe7fc700 1 -- 172.21.15.122:0/397184394 <== mon.0 v2:172.21.15.122:3300/0 3 ==== mon_map magic: 0 ==== 205+0+0 (secure 0 0 0) 0x7f3fb0011a20 con 0x7f3fc0109330
2024-05-03T17:45:23.241 INFO:teuthology.orchestra.run.smithi122.stdout:/usr/bin/ceph: stderr
2024-05-03T17:45:22.168+0000 7f3fc5ef9700 1 -- 172.21.15.122:0/397184394 >> [v2:172.21.15.122:3300/0,v1:172.21.15.122:6789/0] conn(0x7f3fc0109330 msgr2=0x7f3fc0109750 secure :-1 s=STATE_CONNECTION_ESTABLISHED l=1).mark_down
2024-05-03T17:45:23.241 INFO:teuthology.orchestra.run.smithi122.stdout:/usr/bin/ceph: stderr
2024-05-03T17:45:22.168+0000 7f3fc5ef9700 1 --2- 172.21.15.122:0/397184394 >> [v2:172.21.15.122:3300/0,v1:172.21.15.122:6789/0] conn(0x7f3fc0109330 0x7f3fc0109750 secure :-1 s=READY pgs=72 cs=0 l=1 rev1=1 crypto rx=0x7f3fb00098a0 tx=0x7f3fb0009bb0 comp rx=0 tx=0).stop
2024-05-03T17:45:23.241 INFO:teuthology.orchestra.run.smithi122.stdout:/usr/bin/ceph: stderr
2024-05-03T17:45:22.168+0000 7f3fc5ef9700 1 -- 172.21.15.122:0/397184394 shutdown_connections
2024-05-03T17:45:23.241 INFO:teuthology.orchestra.run.smithi122.stdout:/usr/bin/ceph: stderr
2024-05-03T17:45:22.168+0000 7f3fc5ef9700 1 --2- 172.21.15.122:0/397184394 >> [v2:172.21.15.122:3300/0,v1:172.21.15.122:6789/0] conn(0x7f3fc0109330 0x7f3fc0109750 unknown :-1 s=CLOSED pgs=72 cs=0 l=1 rev1=1 crypto rx=0 tx=0 comp rx=0 tx=0).stop
2024-05-03T17:45:23.241 INFO:teuthology.orchestra.run.smithi122.stdout:/usr/bin/ceph: stderr
2024-05-03T17:45:22.168+0000 7f3fc5ef9700 1 -- 172.21.15.122:0/397184394 >> 172.21.15.122:0/397184394 conn(0x7f3fc0102a70 msgr2=0x7f3fc0104eb0 unknown :-1 s=STATE_NONE l=0).mark_down
2024-05-03T17:45:23.241 INFO:teuthology.orchestra.run.smithi122.stdout:/usr/bin/ceph: stderr
2024-05-03T17:45:22.168+0000 7f3fc5ef9700 1 -- 172.21.15.122:0/397184394 shutdown_connections
2024-05-03T17:45:23.241 INFO:teuthology.orchestra.run.smithi122.stdout:/usr/bin/ceph: stderr
2024-05-03T17:45:22.168+0000 7f3fc5ef9700 1 -- 172.21.15.122:0/397184394 wait complete.
2024-05-03T17:45:23.242 INFO:teuthology.orchestra.run.smithi122.stdout:/usr/bin/ceph: stderr
2024-05-03T17:45:22.169+0000 7f3fc5ef9700 1 Processor -- start
2024-05-03T17:45:23.242 INFO:teuthology.orchestra.run.smithi122.stdout:/usr/bin/ceph: stderr
2024-05-03T17:45:22.169+0000 7f3fc5ef9700 1 -- start start
2024-05-03T17:45:23.242 INFO:teuthology.orchestra.run.smithi122.stdout:/usr/bin/ceph: stderr
2024-05-03T17:45:22.170+0000 7f3fc5ef9700 1 --2- >> [v2:172.21.15.122:3300/0,v1:172.21.15.122:6789/0] conn(0x7f3fc0109330 0x7f3fc019bcc0 unknown :-1 s=NONE pgs=0 cs=0 l=1 rev1=0 crypto rx=0 tx=0 comp rx=0 tx=0).connect
2024-05-03T17:45:23.242 INFO:teuthology.orchestra.run.smithi122.stdout:/usr/bin/ceph: stderr
2024-05-03T17:45:22.170+0000 7f3fc5ef9700 1 -- --> [v2:172.21.15.122:3300/0,v1:172.21.15.122:6789/0] -- mon_getmap magic: 0 -- 0x7f3fc010c300 con 0x7f3fc0109330
2024-05-03T17:45:23.242 INFO:teuthology.orchestra.run.smithi122.stdout:/usr/bin/ceph: stderr
2024-05-03T17:45:22.170+0000 7f3fbf7fe700 1 --2- >> [v2:172.21.15.122:3300/0,v1:172.21.15.122:6789/0] conn(0x7f3fc0109330 0x7f3fc019bcc0 unknown :-1 s=BANNER_CONNECTING pgs=0 cs=0 l=1 rev1=0 crypto rx=0 tx=0 comp rx=0 tx=0)._handle_peer_banner_payload supported=3 required=0
2024-05-03T17:45:23.242 INFO:teuthology.orchestra.run.smithi122.stdout:/usr/bin/ceph: stderr
2024-05-03T17:45:22.170+0000 7f3fbf7fe700 1 --2- >> [v2:172.21.15.122:3300/0,v1:172.21.15.122:6789/0] conn(0x7f3fc0109330 0x7f3fc019bcc0 unknown :-1 s=HELLO_CONNECTING pgs=0 cs=0 l=1 rev1=1 crypto rx=0 tx=0 comp rx=0 tx=0).handle_hello peer v2:172.21.15.122:3300/0 says I am v2:172.21.15.122:47706/0 (socket says 172.21.15.122:47706)
2024-05-03T17:45:23.242 INFO:teuthology.orchestra.run.smithi122.stdout:/usr/bin/ceph: stderr
2024-05-03T17:45:22.170+0000 7f3fbf7fe700 1 -- 172.21.15.122:0/3147302834 learned_addr learned my addr 172.21.15.122:0/3147302834 (peer_addr_for_me v2:172.21.15.122:0/0)
2024-05-03T17:45:23.242 INFO:teuthology.orchestra.run.smithi122.stdout:/usr/bin/ceph: stderr
2024-05-03T17:45:22.170+0000 7f3fbf7fe700 1 -- 172.21.15.122:0/3147302834 --> [v2:172.21.15.122:3300/0,v1:172.21.15.122:6789/0] -- mon_subscribe({config=0+,monmap=0+}) -- 0x7f3fc019c200 con 0x7f3fc0109330
2024-05-03T17:45:23.242 INFO:teuthology.orchestra.run.smithi122.stdout:/usr/bin/ceph: stderr
2024-05-03T17:45:22.170+0000 7f3fbf7fe700 1 --2- 172.21.15.122:0/3147302834 >> [v2:172.21.15.122:3300/0,v1:172.21.15.122:6789/0] conn(0x7f3fc0109330 0x7f3fc019bcc0 secure :-1 s=READY pgs=73 cs=0 l=1 rev1=1 crypto rx=0x7f3fb0006af0 tx=0x7f3fb0003980 comp rx=0 tx=0).ready entity=mon.0 client_cookie=0 server_cookie=0 in_seq=0 out_seq=0
2024-05-03T17:45:23.242 INFO:teuthology.orchestra.run.smithi122.stdout:/usr/bin/ceph: stderr
2024-05-03T17:45:22.170+0000 7f3fbcff9700 1 -- 172.21.15.122:0/3147302834 <== mon.0 v2:172.21.15.122:3300/0 1 ==== mon_map magic: 0 ==== 205+0+0 (secure 0 0 0) 0x7f3fb0011a20 con 0x7f3fc0109330
2024-05-03T17:45:23.242 INFO:teuthology.orchestra.run.smithi122.stdout:/usr/bin/ceph: stderr
2024-05-03T17:45:22.171+0000 7f3fc5ef9700 1 -- 172.21.15.122:0/3147302834 --> [v2:172.21.15.122:3300/0,v1:172.21.15.122:6789/0] -- mon_subscribe({mgrmap=0+}) -- 0x7f3fc019c490 con 0x7f3fc0109330
2024-05-03T17:45:23.242 INFO:teuthology.orchestra.run.smithi122.stdout:/usr/bin/ceph: stderr
2024-05-03T17:45:22.171+0000 7f3fbcff9700 1 -- 172.21.15.122:0/3147302834 <== mon.0 v2:172.21.15.122:3300/0 2 ==== config(26 keys) ==== 1101+0+0 (secure 0 0 0) 0x7f3fb0003b10 con 0x7f3fc0109330
2024-05-03T17:45:23.242 INFO:teuthology.orchestra.run.smithi122.stdout:/usr/bin/ceph: stderr
2024-05-03T17:45:22.171+0000 7f3fc5ef9700 1 -- 172.21.15.122:0/3147302834 --> [v2:172.21.15.122:3300/0,v1:172.21.15.122:6789/0] -- mon_subscribe({osdmap=0}) -- 0x7f3fc0106e30 con 0x7f3fc0109330
2024-05-03T17:45:23.243 INFO:teuthology.orchestra.run.smithi122.stdout:/usr/bin/ceph: stderr
2024-05-03T17:45:22.171+0000 7f3fbcff9700 1 -- 172.21.15.122:0/3147302834 <== mon.0 v2:172.21.15.122:3300/0 3 ==== mon_map magic: 0 ==== 205+0+0 (secure 0 0 0) 0x7f3fb0023990 con 0x7f3fc0109330
2024-05-03T17:45:23.243 INFO:teuthology.orchestra.run.smithi122.stdout:/usr/bin/ceph: stderr
2024-05-03T17:45:22.172+0000 7f3fbcff9700 1 -- 172.21.15.122:0/3147302834 <== mon.0 v2:172.21.15.122:3300/0 4 ==== mgrmap(e 12) ==== 50235+0+0 (secure 0 0 0) 0x7f3fb0023b90 con 0x7f3fc0109330
2024-05-03T17:45:23.243 INFO:teuthology.orchestra.run.smithi122.stdout:/usr/bin/ceph: stderr
2024-05-03T17:45:22.172+0000 7f3fc5ef9700 1 -- 172.21.15.122:0/3147302834 --> [v2:172.21.15.122:3300/0,v1:172.21.15.122:6789/0] -- mon_command({"prefix": "get_command_descriptions"} v 0) -- 0x7f3fc006a5c0 con 0x7f3fc0109330
2024-05-03T17:45:23.243 INFO:teuthology.orchestra.run.smithi122.stdout:/usr/bin/ceph: stderr
2024-05-03T17:45:22.172+0000 7f3fbcff9700 1 --2- 172.21.15.122:0/3147302834 >> [v2:172.21.15.122:6800/1089873263,v1:172.21.15.122:6801/1089873263] conn(0x7f3fa803e4d0 0x7f3fa8040990 unknown :-1 s=NONE pgs=0 cs=0 l=1 rev1=0 crypto rx=0 tx=0 comp rx=0 tx=0).connect
2024-05-03T17:45:23.243 INFO:teuthology.orchestra.run.smithi122.stdout:/usr/bin/ceph: stderr
2024-05-03T17:45:22.172+0000 7f3fbcff9700 1 -- 172.21.15.122:0/3147302834 <== mon.0 v2:172.21.15.122:3300/0 5 ==== osd_map(3..3 src has 1..3) ==== 1155+0+0 (secure 0 0 0) 0x7f3fb0055cc0 con 0x7f3fc0109330
2024-05-03T17:45:23.243 INFO:teuthology.orchestra.run.smithi122.stdout:/usr/bin/ceph: stderr
2024-05-03T17:45:22.172+0000 7f3fbeffd700 1 --2- 172.21.15.122:0/3147302834 >> [v2:172.21.15.122:6800/1089873263,v1:172.21.15.122:6801/1089873263] conn(0x7f3fa803e4d0 0x7f3fa8040990 unknown :-1 s=BANNER_CONNECTING pgs=0 cs=0 l=1 rev1=0 crypto rx=0 tx=0 comp rx=0 tx=0)._handle_peer_banner_payload supported=3 required=0
2024-05-03T17:45:23.243 INFO:teuthology.orchestra.run.smithi122.stdout:/usr/bin/ceph: stderr
2024-05-03T17:45:22.172+0000 7f3fbeffd700 1 --2- 172.21.15.122:0/3147302834 >> [v2:172.21.15.122:6800/1089873263,v1:172.21.15.122:6801/1089873263] conn(0x7f3fa803e4d0 0x7f3fa8040990 secure :-1 s=READY pgs=8 cs=0 l=1 rev1=1 crypto rx=0x7f3fb4006fd0 tx=0x7f3fb4006e40 comp rx=0 tx=0).ready entity=mgr.14152 client_cookie=0 server_cookie=0 in_seq=0 out_seq=0
2024-05-03T17:45:23.243 INFO:teuthology.orchestra.run.smithi122.stdout:/usr/bin/ceph: stderr
2024-05-03T17:45:22.177+0000 7f3fbcff9700 1 -- 172.21.15.122:0/3147302834 <== mon.0 v2:172.21.15.122:3300/0 6 ==== mon_command_ack([{"prefix": "get_command_descriptions"}]=0 v0) ==== 72+0+191839 (secure 0 0 0) 0x7f3fb001add0 con 0x7f3fc0109330
2024-05-03T17:45:23.243 INFO:teuthology.orchestra.run.smithi122.stdout:/usr/bin/ceph: stderr
2024-05-03T17:45:22.405+0000 7f3fc5ef9700 1 -- 172.21.15.122:0/3147302834 --> [v2:172.21.15.122:6800/1089873263,v1:172.21.15.122:6801/1089873263] -- mgr_command(tid 0: {"prefix": "dashboard ac-user-create", "username": "admin", "rolename": "administrator", "force_password": true, "pwd_update_required": true, "target": ["mon-mgr", ""]}) -- 0x7f3fc0103c20 con 0x7f3fa803e4d0
2024-05-03T17:45:23.243 INFO:teuthology.orchestra.run.smithi122.stdout:/usr/bin/ceph: stderr
2024-05-03T17:45:22.630+0000 7f3fbcff9700 1 -- 172.21.15.122:0/3147302834 <== mgr.14152 v2:172.21.15.122:6800/1089873263 1 ==== mgr_command_reply(tid 0: 0 ) ==== 8+0+252 (secure 0 0 0) 0x7f3fc0103c20 con 0x7f3fa803e4d0
2024-05-03T17:45:23.243 INFO:teuthology.orchestra.run.smithi122.stdout:/usr/bin/ceph: stderr
2024-05-03T17:45:22.632+0000 7f3fc5ef9700 1 -- 172.21.15.122:0/3147302834 >> [v2:172.21.15.122:6800/1089873263,v1:172.21.15.122:6801/1089873263] conn(0x7f3fa803e4d0 msgr2=0x7f3fa8040990 secure :-1 s=STATE_CONNECTION_ESTABLISHED l=1).mark_down
2024-05-03T17:45:23.243 INFO:teuthology.orchestra.run.smithi122.stdout:/usr/bin/ceph: stderr
2024-05-03T17:45:22.632+0000 7f3fc5ef9700 1 --2- 172.21.15.122:0/3147302834 >> [v2:172.21.15.122:6800/1089873263,v1:172.21.15.122:6801/1089873263] conn(0x7f3fa803e4d0 0x7f3fa8040990 secure :-1 s=READY pgs=8 cs=0 l=1 rev1=1 crypto rx=0x7f3fb4006fd0 tx=0x7f3fb4006e40 comp rx=0 tx=0).stop
2024-05-03T17:45:23.243 INFO:teuthology.orchestra.run.smithi122.stdout:/usr/bin/ceph: stderr
2024-05-03T17:45:22.632+0000 7f3fc5ef9700 1 -- 172.21.15.122:0/3147302834 >> [v2:172.21.15.122:3300/0,v1:172.21.15.122:6789/0] conn(0x7f3fc0109330 msgr2=0x7f3fc019bcc0 secure :-1 s=STATE_CONNECTION_ESTABLISHED l=1).mark_down
2024-05-03T17:45:23.243 INFO:teuthology.orchestra.run.smithi122.stdout:/usr/bin/ceph: stderr
2024-05-03T17:45:22.632+0000 7f3fc5ef9700 1 --2- 172.21.15.122:0/3147302834 >> [v2:172.21.15.122:3300/0,v1:172.21.15.122:6789/0] conn(0x7f3fc0109330 0x7f3fc019bcc0 secure :-1 s=READY pgs=73 cs=0 l=1 rev1=1 crypto rx=0x7f3fb0006af0 tx=0x7f3fb0003980 comp rx=0 tx=0).stop
2024-05-03T17:45:23.244 INFO:teuthology.orchestra.run.smithi122.stdout:/usr/bin/ceph: stderr
2024-05-03T17:45:22.632+0000 7f3fc5ef9700 1 -- 172.21.15.122:0/3147302834 shutdown_connections
2024-05-03T17:45:23.244 INFO:teuthology.orchestra.run.smithi122.stdout:/usr/bin/ceph: stderr
2024-05-03T17:45:22.632+0000 7f3fc5ef9700 1 --2- 172.21.15.122:0/3147302834 >> [v2:172.21.15.122:6800/1089873263,v1:172.21.15.122:6801/1089873263] conn(0x7f3fa803e4d0 0x7f3fa8040990 unknown :-1 s=CLOSED pgs=8 cs=0 l=1 rev1=1 crypto rx=0 tx=0 comp rx=0 tx=0).stop
2024-05-03T17:45:23.244 INFO:teuthology.orchestra.run.smithi122.stdout:/usr/bin/ceph: stderr
2024-05-03T17:45:22.632+0000 7f3fc5ef9700 1 --2- 172.21.15.122:0/3147302834 >> [v2:172.21.15.122:3300/0,v1:172.21.15.122:6789/0] conn(0x7f3fc0109330 0x7f3fc019bcc0 unknown :-1 s=CLOSED pgs=73 cs=0 l=1 rev1=1 crypto rx=0 tx=0 comp rx=0 tx=0).stop
2024-05-03T17:45:23.244 INFO:teuthology.orchestra.run.smithi122.stdout:/usr/bin/ceph: stderr
2024-05-03T17:45:22.632+0000 7f3fc5ef9700 1 -- 172.21.15.122:0/3147302834 >> 172.21.15.122:0/3147302834 conn(0x7f3fc0102a70 msgr2=0x7f3fc0103510 unknown :-1 s=STATE_NONE l=0).mark_down
2024-05-03T17:45:23.244 INFO:teuthology.orchestra.run.smithi122.stdout:/usr/bin/ceph: stderr
2024-05-03T17:45:22.632+0000 7f3fc5ef9700 1 -- 172.21.15.122:0/3147302834 shutdown_connections
2024-05-03T17:45:23.244 INFO:teuthology.orchestra.run.smithi122.stdout:/usr/bin/ceph: stderr
2024-05-03T17:45:22.632+0000 7f3fc5ef9700 1 -- 172.21.15.122:0/3147302834 wait complete.
2024-05-03T17:45:23.244 INFO:teuthology.orchestra.run.smithi122.stdout:Fetching dashboard port number...
2024-05-03T17:45:24.210 INFO:journalctl@ceph.mon.a.smithi122.stdout:May 03 17:45:24 smithi122 ceph-mon[29744]: from='client.? 172.21.15.122:0/2035462013' entity='client.admin' cmd=[{"prefix": "config get", "who": "mgr", "key": "mgr/dashboard/ssl_server_port"}]: dispatch
2024-05-03T17:45:24.799 INFO:teuthology.orchestra.run.smithi122.stdout:/usr/bin/ceph: stdout 8443
2024-05-03T17:45:24.799 INFO:teuthology.orchestra.run.smithi122.stdout:/usr/bin/ceph: stderr
2024-05-03T17:45:23.735+0000 7f87a6155700 1 Processor -- start
2024-05-03T17:45:24.799 INFO:teuthology.orchestra.run.smithi122.stdout:/usr/bin/ceph: stderr
2024-05-03T17:45:23.735+0000 7f87a6155700 1 -- start start
2024-05-03T17:45:24.799 INFO:teuthology.orchestra.run.smithi122.stdout:/usr/bin/ceph: stderr
2024-05-03T17:45:23.735+0000 7f87a6155700 1 --2- >> [v2:172.21.15.122:3300/0,v1:172.21.15.122:6789/0] conn(0x7f87a0109980 0x7f87a010bd70 unknown :-1 s=NONE pgs=0 cs=0 l=0 rev1=0 crypto rx=0 tx=0 comp rx=0 tx=0).connect
2024-05-03T17:45:24.799 INFO:teuthology.orchestra.run.smithi122.stdout:/usr/bin/ceph: stderr
2024-05-03T17:45:23.735+0000 7f87a6155700 1 -- --> [v2:172.21.15.122:3300/0,v1:172.21.15.122:6789/0] -- mon_getmap magic: 0 -- 0x7f87a007ce00 con 0x7f87a0109980
2024-05-03T17:45:24.799 INFO:teuthology.orchestra.run.smithi122.stdout:/usr/bin/ceph: stderr
2024-05-03T17:45:23.735+0000 7f879f7fe700 1 --2- >> [v2:172.21.15.122:3300/0,v1:172.21.15.122:6789/0] conn(0x7f87a0109980 0x7f87a010bd70 unknown :-1 s=BANNER_CONNECTING pgs=0 cs=0 l=0 rev1=0 crypto rx=0 tx=0 comp rx=0 tx=0)._handle_peer_banner_payload supported=3 required=0
2024-05-03T17:45:24.799 INFO:teuthology.orchestra.run.smithi122.stdout:/usr/bin/ceph: stderr
2024-05-03T17:45:23.735+0000 7f879f7fe700 1 --2- >> [v2:172.21.15.122:3300/0,v1:172.21.15.122:6789/0] conn(0x7f87a0109980 0x7f87a010bd70 unknown :-1 s=HELLO_CONNECTING pgs=0 cs=0 l=0 rev1=1 crypto rx=0 tx=0 comp rx=0 tx=0).handle_hello peer v2:172.21.15.122:3300/0 says I am v2:172.21.15.122:47716/0 (socket says 172.21.15.122:47716)
2024-05-03T17:45:24.800 INFO:teuthology.orchestra.run.smithi122.stdout:/usr/bin/ceph: stderr
2024-05-03T17:45:23.735+0000 7f879f7fe700 1 -- 172.21.15.122:0/3285662733 learned_addr learned my addr 172.21.15.122:0/3285662733 (peer_addr_for_me v2:172.21.15.122:0/0)
2024-05-03T17:45:24.800 INFO:teuthology.orchestra.run.smithi122.stdout:/usr/bin/ceph: stderr
2024-05-03T17:45:23.736+0000 7f879f7fe700 1 -- 172.21.15.122:0/3285662733 --> [v2:172.21.15.122:3300/0,v1:172.21.15.122:6789/0] -- mon_subscribe({config=0+,monmap=0+}) -- 0x7f87a010c2b0 con 0x7f87a0109980
2024-05-03T17:45:24.800 INFO:teuthology.orchestra.run.smithi122.stdout:/usr/bin/ceph: stderr
2024-05-03T17:45:23.736+0000 7f879f7fe700 1 --2- 172.21.15.122:0/3285662733 >> [v2:172.21.15.122:3300/0,v1:172.21.15.122:6789/0] conn(0x7f87a0109980 0x7f87a010bd70 secure :-1 s=READY pgs=74 cs=0 l=1 rev1=1 crypto rx=0x7f87900098a0 tx=0x7f8790009bb0 comp rx=0 tx=0).ready entity=mon.0 client_cookie=15472dce1303ff06 server_cookie=0 in_seq=0 out_seq=0
2024-05-03T17:45:24.800 INFO:teuthology.orchestra.run.smithi122.stdout:/usr/bin/ceph: stderr
2024-05-03T17:45:23.736+0000 7f879e7fc700 1 -- 172.21.15.122:0/3285662733 <== mon.0 v2:172.21.15.122:3300/0 1 ==== mon_map magic: 0 ==== 205+0+0 (secure 0 0 0) 0x7f8790004160 con 0x7f87a0109980
2024-05-03T17:45:24.800 INFO:teuthology.orchestra.run.smithi122.stdout:/usr/bin/ceph: stderr
2024-05-03T17:45:23.736+0000 7f879e7fc700 1 -- 172.21.15.122:0/3285662733 <== mon.0 v2:172.21.15.122:3300/0 2 ==== config(26 keys) ==== 1101+0+0 (secure 0 0 0) 0x7f8790004300 con 0x7f87a0109980
2024-05-03T17:45:24.800 INFO:teuthology.orchestra.run.smithi122.stdout:/usr/bin/ceph: stderr
2024-05-03T17:45:23.736+0000 7f879e7fc700 1 -- 172.21.15.122:0/3285662733 <== mon.0 v2:172.21.15.122:3300/0 3 ==== mon_map magic: 0 ==== 205+0+0 (secure 0 0 0) 0x7f8790011a20 con 0x7f87a0109980
2024-05-03T17:45:24.800 INFO:teuthology.orchestra.run.smithi122.stdout:/usr/bin/ceph: stderr
2024-05-03T17:45:23.736+0000 7f87a6155700 1 -- 172.21.15.122:0/3285662733 >> [v2:172.21.15.122:3300/0,v1:172.21.15.122:6789/0] conn(0x7f87a0109980 msgr2=0x7f87a010bd70 secure :-1 s=STATE_CONNECTION_ESTABLISHED l=1).mark_down
2024-05-03T17:45:24.800 INFO:teuthology.orchestra.run.smithi122.stdout:/usr/bin/ceph: stderr
2024-05-03T17:45:23.736+0000 7f87a6155700 1 --2- 172.21.15.122:0/3285662733 >> [v2:172.21.15.122:3300/0,v1:172.21.15.122:6789/0] conn(0x7f87a0109980 0x7f87a010bd70 secure :-1 s=READY pgs=74 cs=0 l=1 rev1=1 crypto rx=0x7f87900098a0 tx=0x7f8790009bb0 comp rx=0 tx=0).stop
2024-05-03T17:45:24.800 INFO:teuthology.orchestra.run.smithi122.stdout:/usr/bin/ceph: stderr
2024-05-03T17:45:23.736+0000 7f87a6155700 1 -- 172.21.15.122:0/3285662733 shutdown_connections
2024-05-03T17:45:24.800 INFO:teuthology.orchestra.run.smithi122.stdout:/usr/bin/ceph: stderr
2024-05-03T17:45:23.736+0000 7f87a6155700 1 --2- 172.21.15.122:0/3285662733 >> [v2:172.21.15.122:3300/0,v1:172.21.15.122:6789/0] conn(0x7f87a0109980 0x7f87a010bd70 unknown :-1 s=CLOSED pgs=74 cs=0 l=1 rev1=1 crypto rx=0 tx=0 comp rx=0 tx=0).stop
2024-05-03T17:45:24.800 INFO:teuthology.orchestra.run.smithi122.stdout:/usr/bin/ceph: stderr
2024-05-03T17:45:23.736+0000 7f87a6155700 1 -- 172.21.15.122:0/3285662733 >> 172.21.15.122:0/3285662733 conn(0x7f87a01032f0 msgr2=0x7f87a0105730 unknown :-1 s=STATE_NONE l=0).mark_down
2024-05-03T17:45:24.800 INFO:teuthology.orchestra.run.smithi122.stdout:/usr/bin/ceph: stderr
2024-05-03T17:45:23.737+0000 7f87a6155700 1 -- 172.21.15.122:0/3285662733 shutdown_connections
2024-05-03T17:45:24.800 INFO:teuthology.orchestra.run.smithi122.stdout:/usr/bin/ceph: stderr
2024-05-03T17:45:23.737+0000 7f87a6155700 1 -- 172.21.15.122:0/3285662733 wait complete.
2024-05-03T17:45:24.800 INFO:teuthology.orchestra.run.smithi122.stdout:/usr/bin/ceph: stderr
2024-05-03T17:45:23.737+0000 7f87a6155700 1 Processor -- start
2024-05-03T17:45:24.801 INFO:teuthology.orchestra.run.smithi122.stdout:/usr/bin/ceph: stderr
2024-05-03T17:45:23.737+0000 7f87a6155700 1 -- start start
2024-05-03T17:45:24.801 INFO:teuthology.orchestra.run.smithi122.stdout:/usr/bin/ceph: stderr
2024-05-03T17:45:23.737+0000 7f87a6155700 1 --2- >> [v2:172.21.15.122:3300/0,v1:172.21.15.122:6789/0] conn(0x7f87a0109980 0x7f87a0109200 unknown :-1 s=NONE pgs=0 cs=0 l=1 rev1=0 crypto rx=0 tx=0 comp rx=0 tx=0).connect
2024-05-03T17:45:24.801 INFO:teuthology.orchestra.run.smithi122.stdout:/usr/bin/ceph: stderr
2024-05-03T17:45:23.737+0000 7f87a6155700 1 -- --> [v2:172.21.15.122:3300/0,v1:172.21.15.122:6789/0] -- mon_getmap magic: 0 -- 0x7f87a010d200 con 0x7f87a0109980
2024-05-03T17:45:24.801 INFO:teuthology.orchestra.run.smithi122.stdout:/usr/bin/ceph: stderr
2024-05-03T17:45:23.738+0000 7f879f7fe700 1 --2- >> [v2:172.21.15.122:3300/0,v1:172.21.15.122:6789/0] conn(0x7f87a0109980 0x7f87a0109200 unknown :-1 s=BANNER_CONNECTING pgs=0 cs=0 l=1 rev1=0 crypto rx=0 tx=0 comp rx=0 tx=0)._handle_peer_banner_payload supported=3 required=0
2024-05-03T17:45:24.801 INFO:teuthology.orchestra.run.smithi122.stdout:/usr/bin/ceph: stderr
2024-05-03T17:45:23.738+0000 7f879f7fe700 1 --2- >> [v2:172.21.15.122:3300/0,v1:172.21.15.122:6789/0] conn(0x7f87a0109980 0x7f87a0109200 unknown :-1 s=HELLO_CONNECTING pgs=0 cs=0 l=1 rev1=1 crypto rx=0 tx=0 comp rx=0 tx=0).handle_hello peer v2:172.21.15.122:3300/0 says I am v2:172.21.15.122:47718/0 (socket says 172.21.15.122:47718)
2024-05-03T17:45:24.801 INFO:teuthology.orchestra.run.smithi122.stdout:/usr/bin/ceph: stderr
2024-05-03T17:45:23.738+0000 7f879f7fe700 1 -- 172.21.15.122:0/2035462013 learned_addr learned my addr 172.21.15.122:0/2035462013 (peer_addr_for_me v2:172.21.15.122:0/0)
2024-05-03T17:45:24.801 INFO:teuthology.orchestra.run.smithi122.stdout:/usr/bin/ceph: stderr
2024-05-03T17:45:23.738+0000 7f879f7fe700 1 -- 172.21.15.122:0/2035462013 --> [v2:172.21.15.122:3300/0,v1:172.21.15.122:6789/0] -- mon_subscribe({config=0+,monmap=0+}) -- 0x7f87a0109740 con 0x7f87a0109980
2024-05-03T17:45:24.801 INFO:teuthology.orchestra.run.smithi122.stdout:/usr/bin/ceph: stderr
2024-05-03T17:45:23.738+0000 7f879f7fe700 1 --2- 172.21.15.122:0/2035462013 >> [v2:172.21.15.122:3300/0,v1:172.21.15.122:6789/0] conn(0x7f87a0109980 0x7f87a0109200 secure :-1 s=READY pgs=75 cs=0 l=1 rev1=1 crypto rx=0x7f8790004660 tx=0x7f8790011aa0 comp rx=0 tx=0).ready entity=mon.0 client_cookie=0 server_cookie=0 in_seq=0 out_seq=0
2024-05-03T17:45:24.801 INFO:teuthology.orchestra.run.smithi122.stdout:/usr/bin/ceph: stderr
2024-05-03T17:45:23.738+0000 7f879cff9700 1 -- 172.21.15.122:0/2035462013 <== mon.0 v2:172.21.15.122:3300/0 1 ==== mon_map magic: 0 ==== 205+0+0 (secure 0 0 0) 0x7f8790003aa0 con 0x7f87a0109980
2024-05-03T17:45:24.801 INFO:teuthology.orchestra.run.smithi122.stdout:/usr/bin/ceph: stderr
2024-05-03T17:45:23.738+0000 7f87a6155700 1 -- 172.21.15.122:0/2035462013 --> [v2:172.21.15.122:3300/0,v1:172.21.15.122:6789/0] -- mon_subscribe({mgrmap=0+}) -- 0x7f87a0107930 con 0x7f87a0109980
2024-05-03T17:45:24.801 INFO:teuthology.orchestra.run.smithi122.stdout:/usr/bin/ceph: stderr
2024-05-03T17:45:23.738+0000 7f879cff9700 1 -- 172.21.15.122:0/2035462013 <== mon.0 v2:172.21.15.122:3300/0 2 ==== config(26 keys) ==== 1101+0+0 (secure 0 0 0) 0x7f879001b8f0 con 0x7f87a0109980
2024-05-03T17:45:24.801 INFO:teuthology.orchestra.run.smithi122.stdout:/usr/bin/ceph: stderr
2024-05-03T17:45:23.738+0000 7f879cff9700 1 -- 172.21.15.122:0/2035462013 <== mon.0 v2:172.21.15.122:3300/0 3 ==== mon_map magic: 0 ==== 205+0+0 (secure 0 0 0) 0x7f8790023900 con 0x7f87a0109980
2024-05-03T17:45:24.801 INFO:teuthology.orchestra.run.smithi122.stdout:/usr/bin/ceph: stderr
2024-05-03T17:45:23.738+0000 7f87a6155700 1 -- 172.21.15.122:0/2035462013 --> [v2:172.21.15.122:3300/0,v1:172.21.15.122:6789/0] -- mon_subscribe({osdmap=0}) -- 0x7f87a0107e70 con 0x7f87a0109980
2024-05-03T17:45:24.801 INFO:teuthology.orchestra.run.smithi122.stdout:/usr/bin/ceph: stderr
2024-05-03T17:45:23.739+0000 7f879cff9700 1 -- 172.21.15.122:0/2035462013 <== mon.0 v2:172.21.15.122:3300/0 4 ==== mgrmap(e 12) ==== 50235+0+0 (secure 0 0 0) 0x7f8790023bc0 con 0x7f87a0109980
2024-05-03T17:45:24.802 INFO:teuthology.orchestra.run.smithi122.stdout:/usr/bin/ceph: stderr
2024-05-03T17:45:23.739+0000 7f87a6155700 1 -- 172.21.15.122:0/2035462013 --> [v2:172.21.15.122:3300/0,v1:172.21.15.122:6789/0] -- mon_command({"prefix": "get_command_descriptions"} v 0) -- 0x7f87a006a5c0 con 0x7f87a0109980
2024-05-03T17:45:24.802 INFO:teuthology.orchestra.run.smithi122.stdout:/usr/bin/ceph: stderr
2024-05-03T17:45:23.739+0000 7f879cff9700 1 --2- 172.21.15.122:0/2035462013 >> [v2:172.21.15.122:6800/1089873263,v1:172.21.15.122:6801/1089873263] conn(0x7f878c03e4c0 0x7f878c040980 unknown :-1 s=NONE pgs=0 cs=0 l=1 rev1=0 crypto rx=0 tx=0 comp rx=0 tx=0).connect
2024-05-03T17:45:24.802 INFO:teuthology.orchestra.run.smithi122.stdout:/usr/bin/ceph: stderr
2024-05-03T17:45:23.739+0000 7f879cff9700 1 -- 172.21.15.122:0/2035462013 <== mon.0 v2:172.21.15.122:3300/0 5 ==== osd_map(3..3 src has 1..3) ==== 1155+0+0 (secure 0 0 0) 0x7f8790053fb0 con 0x7f87a0109980
2024-05-03T17:45:24.802 INFO:teuthology.orchestra.run.smithi122.stdout:/usr/bin/ceph: stderr
2024-05-03T17:45:23.739+0000 7f879effd700 1 --2- 172.21.15.122:0/2035462013 >> [v2:172.21.15.122:6800/1089873263,v1:172.21.15.122:6801/1089873263] conn(0x7f878c03e4c0 0x7f878c040980 unknown :-1 s=BANNER_CONNECTING pgs=0 cs=0 l=1 rev1=0 crypto rx=0 tx=0 comp rx=0 tx=0)._handle_peer_banner_payload supported=3 required=0
2024-05-03T17:45:24.802 INFO:teuthology.orchestra.run.smithi122.stdout:/usr/bin/ceph: stderr
2024-05-03T17:45:23.740+0000 7f879effd700 1 --2- 172.21.15.122:0/2035462013 >> [v2:172.21.15.122:6800/1089873263,v1:172.21.15.122:6801/1089873263] conn(0x7f878c03e4c0 0x7f878c040980 secure :-1 s=READY pgs=9 cs=0 l=1 rev1=1 crypto rx=0x7f8788006fd0 tx=0x7f8788006e40 comp rx=0 tx=0).ready entity=mgr.14152 client_cookie=0 server_cookie=0 in_seq=0 out_seq=0
2024-05-03T17:45:24.802 INFO:teuthology.orchestra.run.smithi122.stdout:/usr/bin/ceph: stderr
2024-05-03T17:45:23.744+0000 7f879cff9700 1 -- 172.21.15.122:0/2035462013 <== mon.0 v2:172.21.15.122:3300/0 6 ==== mon_command_ack([{"prefix": "get_command_descriptions"}]=0 v0) ==== 72+0+191839 (secure 0 0 0) 0x7f879001f030 con 0x7f87a0109980
2024-05-03T17:45:24.802 INFO:teuthology.orchestra.run.smithi122.stdout:/usr/bin/ceph: stderr
2024-05-03T17:45:23.951+0000 7f87a6155700 1 -- 172.21.15.122:0/2035462013 --> [v2:172.21.15.122:3300/0,v1:172.21.15.122:6789/0] -- mon_command({"prefix": "config get", "who": "mgr", "key": "mgr/dashboard/ssl_server_port"} v 0) -- 0x7f87a01080f0 con 0x7f87a0109980
2024-05-03T17:45:24.802 INFO:teuthology.orchestra.run.smithi122.stdout:/usr/bin/ceph: stderr
2024-05-03T17:45:23.951+0000 7f879cff9700 1 -- 172.21.15.122:0/2035462013 <== mon.0 v2:172.21.15.122:3300/0 7 ==== mon_command_ack([{"prefix": "config get", "who": "mgr", "key": "mgr/dashboard/ssl_server_port"}]=0 v8) ==== 112+0+5 (secure 0 0 0) 0x7f87900202b0 con 0x7f87a0109980
2024-05-03T17:45:24.802 INFO:teuthology.orchestra.run.smithi122.stdout:/usr/bin/ceph: stderr
2024-05-03T17:45:23.953+0000 7f87a6155700 1 -- 172.21.15.122:0/2035462013 >> [v2:172.21.15.122:6800/1089873263,v1:172.21.15.122:6801/1089873263] conn(0x7f878c03e4c0 msgr2=0x7f878c040980 secure :-1 s=STATE_CONNECTION_ESTABLISHED l=1).mark_down
2024-05-03T17:45:24.802 INFO:teuthology.orchestra.run.smithi122.stdout:/usr/bin/ceph: stderr
2024-05-03T17:45:23.953+0000 7f87a6155700 1 --2- 172.21.15.122:0/2035462013 >> [v2:172.21.15.122:6800/1089873263,v1:172.21.15.122:6801/1089873263] conn(0x7f878c03e4c0 0x7f878c040980 secure :-1 s=READY pgs=9 cs=0 l=1 rev1=1 crypto rx=0x7f8788006fd0 tx=0x7f8788006e40 comp rx=0 tx=0).stop
2024-05-03T17:45:24.802 INFO:teuthology.orchestra.run.smithi122.stdout:/usr/bin/ceph: stderr
2024-05-03T17:45:23.953+0000 7f87a6155700 1 -- 172.21.15.122:0/2035462013 >> [v2:172.21.15.122:3300/0,v1:172.21.15.122:6789/0] conn(0x7f87a0109980 msgr2=0x7f87a0109200 secure :-1 s=STATE_CONNECTION_ESTABLISHED l=1).mark_down
2024-05-03T17:45:24.802 INFO:teuthology.orchestra.run.smithi122.stdout:/usr/bin/ceph: stderr
2024-05-03T17:45:23.953+0000 7f87a6155700 1 --2- 172.21.15.122:0/2035462013 >> [v2:172.21.15.122:3300/0,v1:172.21.15.122:6789/0] conn(0x7f87a0109980 0x7f87a0109200 secure :-1 s=READY pgs=75 cs=0 l=1 rev1=1 crypto rx=0x7f8790004660 tx=0x7f8790011aa0 comp rx=0 tx=0).stop
2024-05-03T17:45:24.803 INFO:teuthology.orchestra.run.smithi122.stdout:/usr/bin/ceph: stderr
2024-05-03T17:45:23.954+0000 7f87a6155700 1 -- 172.21.15.122:0/2035462013 shutdown_connections
2024-05-03T17:45:24.803 INFO:teuthology.orchestra.run.smithi122.stdout:/usr/bin/ceph: stderr
2024-05-03T17:45:23.954+0000 7f87a6155700 1 --2- 172.21.15.122:0/2035462013 >> [v2:172.21.15.122:6800/1089873263,v1:172.21.15.122:6801/1089873263] conn(0x7f878c03e4c0 0x7f878c040980 unknown :-1 s=CLOSED pgs=9 cs=0 l=1 rev1=1 crypto rx=0 tx=0 comp rx=0 tx=0).stop
2024-05-03T17:45:24.803 INFO:teuthology.orchestra.run.smithi122.stdout:/usr/bin/ceph: stderr
2024-05-03T17:45:23.954+0000 7f87a6155700 1 --2- 172.21.15.122:0/2035462013 >> [v2:172.21.15.122:3300/0,v1:172.21.15.122:6789/0] conn(0x7f87a0109980 0x7f87a0109200 unknown :-1 s=CLOSED pgs=75 cs=0 l=1 rev1=1 crypto rx=0 tx=0 comp rx=0 tx=0).stop
2024-05-03T17:45:24.803 INFO:teuthology.orchestra.run.smithi122.stdout:/usr/bin/ceph: stderr
2024-05-03T17:45:23.954+0000 7f87a6155700 1 -- 172.21.15.122:0/2035462013 >> 172.21.15.122:0/2035462013 conn(0x7f87a01032f0 msgr2=0x7f87a0103df0 unknown :-1 s=STATE_NONE l=0).mark_down
2024-05-03T17:45:24.803 INFO:teuthology.orchestra.run.smithi122.stdout:/usr/bin/ceph: stderr
2024-05-03T17:45:23.954+0000 7f87a6155700 1 -- 172.21.15.122:0/2035462013 shutdown_connections
2024-05-03T17:45:24.803 INFO:teuthology.orchestra.run.smithi122.stdout:/usr/bin/ceph: stderr
2024-05-03T17:45:23.954+0000 7f87a6155700 1 -- 172.21.15.122:0/2035462013 wait complete.
2024-05-03T17:45:24.806 INFO:teuthology.orchestra.run.smithi122.stdout:Non-zero exit code 1 from systemctl is-enabled firewalld.service
2024-05-03T17:45:24.806 INFO:teuthology.orchestra.run.smithi122.stdout:systemctl: stdout disabled
2024-05-03T17:45:24.813 INFO:teuthology.orchestra.run.smithi122.stdout:Non-zero exit code 3 from systemctl is-active firewalld.service
2024-05-03T17:45:24.813 INFO:teuthology.orchestra.run.smithi122.stdout:systemctl: stdout inactive
2024-05-03T17:45:24.814 INFO:teuthology.orchestra.run.smithi122.stdout:firewalld.service is not enabled
2024-05-03T17:45:24.814 INFO:teuthology.orchestra.run.smithi122.stdout:Not possible to open ports <[8443]>. firewalld.service is not available
2024-05-03T17:45:24.815 INFO:teuthology.orchestra.run.smithi122.stdout:Ceph Dashboard is now available at:
2024-05-03T17:45:24.815 INFO:teuthology.orchestra.run.smithi122.stdout:
2024-05-03T17:45:24.815 INFO:teuthology.orchestra.run.smithi122.stdout: URL: https://smithi122.front.sepia.ceph.com:8443/
2024-05-03T17:45:24.815 INFO:teuthology.orchestra.run.smithi122.stdout: User: admin
2024-05-03T17:45:24.815 INFO:teuthology.orchestra.run.smithi122.stdout: Password: 0vthxj1qu1
2024-05-03T17:45:24.815 INFO:teuthology.orchestra.run.smithi122.stdout:
2024-05-03T17:45:24.816 INFO:teuthology.orchestra.run.smithi122.stdout:Saving cluster configuration to /var/lib/ceph/a46fc846-0974-11ef-bc97-c7b262605968/config directory
2024-05-03T17:45:24.816 INFO:teuthology.orchestra.run.smithi122.stdout:Enabling autotune for osd_memory_target
2024-05-03T17:45:25.956 INFO:teuthology.orchestra.run.smithi122.stdout:/usr/bin/ceph: stderr
2024-05-03T17:45:25.227+0000 7f9ffeee4700 1 Processor -- start
2024-05-03T17:45:25.956 INFO:teuthology.orchestra.run.smithi122.stdout:/usr/bin/ceph: stderr
2024-05-03T17:45:25.227+0000 7f9ffeee4700 1 -- start start
2024-05-03T17:45:25.956 INFO:teuthology.orchestra.run.smithi122.stdout:/usr/bin/ceph: stderr
2024-05-03T17:45:25.227+0000 7f9ffeee4700 1 --2- >> [v2:172.21.15.122:3300/0,v1:172.21.15.122:6789/0] conn(0x7f9ff8109960 0x7f9ff810bd50 unknown :-1 s=NONE pgs=0 cs=0 l=0 rev1=0 crypto rx=0 tx=0 comp rx=0 tx=0).connect
2024-05-03T17:45:25.956 INFO:teuthology.orchestra.run.smithi122.stdout:/usr/bin/ceph: stderr
2024-05-03T17:45:25.227+0000 7f9ffeee4700 1 -- --> [v2:172.21.15.122:3300/0,v1:172.21.15.122:6789/0] -- mon_getmap magic: 0 -- 0x7f9ff807ce20 con 0x7f9ff8109960
2024-05-03T17:45:25.956 INFO:teuthology.orchestra.run.smithi122.stdout:/usr/bin/ceph: stderr
2024-05-03T17:45:25.227+0000 7f9ffcc80700 1 --2- >> [v2:172.21.15.122:3300/0,v1:172.21.15.122:6789/0] conn(0x7f9ff8109960 0x7f9ff810bd50 unknown :-1 s=BANNER_CONNECTING pgs=0 cs=0 l=0 rev1=0 crypto rx=0 tx=0 comp rx=0 tx=0)._handle_peer_banner_payload supported=3 required=0
2024-05-03T17:45:25.956 INFO:teuthology.orchestra.run.smithi122.stdout:/usr/bin/ceph: stderr
2024-05-03T17:45:25.227+0000 7f9ffcc80700 1 --2- >> [v2:172.21.15.122:3300/0,v1:172.21.15.122:6789/0] conn(0x7f9ff8109960 0x7f9ff810bd50 unknown :-1 s=HELLO_CONNECTING pgs=0 cs=0 l=0 rev1=1 crypto rx=0 tx=0 comp rx=0 tx=0).handle_hello peer v2:172.21.15.122:3300/0 says I am v2:172.21.15.122:47728/0 (socket says 172.21.15.122:47728)
2024-05-03T17:45:25.956 INFO:teuthology.orchestra.run.smithi122.stdout:/usr/bin/ceph: stderr
2024-05-03T17:45:25.227+0000 7f9ffcc80700 1 -- 172.21.15.122:0/1985139474 learned_addr learned my addr 172.21.15.122:0/1985139474 (peer_addr_for_me v2:172.21.15.122:0/0)
2024-05-03T17:45:25.956 INFO:teuthology.orchestra.run.smithi122.stdout:/usr/bin/ceph: stderr
2024-05-03T17:45:25.227+0000 7f9ffcc80700 1 -- 172.21.15.122:0/1985139474 --> [v2:172.21.15.122:3300/0,v1:172.21.15.122:6789/0] -- mon_subscribe({config=0+,monmap=0+}) -- 0x7f9ff810c290 con 0x7f9ff8109960
2024-05-03T17:45:25.956 INFO:teuthology.orchestra.run.smithi122.stdout:/usr/bin/ceph: stderr
2024-05-03T17:45:25.227+0000 7f9ffcc80700 1 --2- 172.21.15.122:0/1985139474 >> [v2:172.21.15.122:3300/0,v1:172.21.15.122:6789/0] conn(0x7f9ff8109960 0x7f9ff810bd50 secure :-1 s=READY pgs=76 cs=0 l=1 rev1=1 crypto rx=0x7f9fec0098a0 tx=0x7f9fec009bb0 comp rx=0 tx=0).ready entity=mon.0 client_cookie=1c6230ddf36418f0 server_cookie=0 in_seq=0 out_seq=0
2024-05-03T17:45:25.956 INFO:teuthology.orchestra.run.smithi122.stdout:/usr/bin/ceph: stderr
2024-05-03T17:45:25.228+0000 7f9ff77fe700 1 -- 172.21.15.122:0/1985139474 <== mon.0 v2:172.21.15.122:3300/0 1 ==== mon_map magic: 0 ==== 205+0+0 (secure 0 0 0) 0x7f9fec004160 con 0x7f9ff8109960
2024-05-03T17:45:25.956 INFO:teuthology.orchestra.run.smithi122.stdout:/usr/bin/ceph: stderr
2024-05-03T17:45:25.228+0000 7f9ff77fe700 1 -- 172.21.15.122:0/1985139474 <== mon.0 v2:172.21.15.122:3300/0 2 ==== config(26 keys) ==== 1101+0+0 (secure 0 0 0) 0x7f9fec004300 con 0x7f9ff8109960
2024-05-03T17:45:25.957 INFO:teuthology.orchestra.run.smithi122.stdout:/usr/bin/ceph: stderr
2024-05-03T17:45:25.228+0000 7f9ff77fe700 1 -- 172.21.15.122:0/1985139474 <== mon.0 v2:172.21.15.122:3300/0 3 ==== mon_map magic: 0 ==== 205+0+0 (secure 0 0 0) 0x7f9fec011a20 con 0x7f9ff8109960
2024-05-03T17:45:25.957 INFO:teuthology.orchestra.run.smithi122.stdout:/usr/bin/ceph: stderr
2024-05-03T17:45:25.228+0000 7f9ffeee4700 1 -- 172.21.15.122:0/1985139474 >> [v2:172.21.15.122:3300/0,v1:172.21.15.122:6789/0] conn(0x7f9ff8109960 msgr2=0x7f9ff810bd50 secure :-1 s=STATE_CONNECTION_ESTABLISHED l=1).mark_down
2024-05-03T17:45:25.957 INFO:teuthology.orchestra.run.smithi122.stdout:/usr/bin/ceph: stderr
2024-05-03T17:45:25.228+0000 7f9ffeee4700 1 --2- 172.21.15.122:0/1985139474 >> [v2:172.21.15.122:3300/0,v1:172.21.15.122:6789/0] conn(0x7f9ff8109960 0x7f9ff810bd50 secure :-1 s=READY pgs=76 cs=0 l=1 rev1=1 crypto rx=0x7f9fec0098a0 tx=0x7f9fec009bb0 comp rx=0 tx=0).stop
2024-05-03T17:45:25.957 INFO:teuthology.orchestra.run.smithi122.stdout:/usr/bin/ceph: stderr
2024-05-03T17:45:25.228+0000 7f9ffeee4700 1 -- 172.21.15.122:0/1985139474 shutdown_connections
2024-05-03T17:45:25.957 INFO:teuthology.orchestra.run.smithi122.stdout:/usr/bin/ceph: stderr
2024-05-03T17:45:25.228+0000 7f9ffeee4700 1 --2- 172.21.15.122:0/1985139474 >> [v2:172.21.15.122:3300/0,v1:172.21.15.122:6789/0] conn(0x7f9ff8109960 0x7f9ff810bd50 unknown :-1 s=CLOSED pgs=76 cs=0 l=1 rev1=1 crypto rx=0 tx=0 comp rx=0 tx=0).stop
2024-05-03T17:45:25.957 INFO:teuthology.orchestra.run.smithi122.stdout:/usr/bin/ceph: stderr
2024-05-03T17:45:25.228+0000 7f9ffeee4700 1 -- 172.21.15.122:0/1985139474 >> 172.21.15.122:0/1985139474 conn(0x7f9ff81032f0 msgr2=0x7f9ff8105730 unknown :-1 s=STATE_NONE l=0).mark_down
2024-05-03T17:45:25.957 INFO:teuthology.orchestra.run.smithi122.stdout:/usr/bin/ceph: stderr
2024-05-03T17:45:25.228+0000 7f9ffeee4700 1 -- 172.21.15.122:0/1985139474 shutdown_connections
2024-05-03T17:45:25.957 INFO:teuthology.orchestra.run.smithi122.stdout:/usr/bin/ceph: stderr
2024-05-03T17:45:25.228+0000 7f9ffeee4700 1 -- 172.21.15.122:0/1985139474 wait complete.
2024-05-03T17:45:25.957 INFO:teuthology.orchestra.run.smithi122.stdout:/usr/bin/ceph: stderr
2024-05-03T17:45:25.229+0000 7f9ffeee4700 1 Processor -- start
2024-05-03T17:45:25.957 INFO:teuthology.orchestra.run.smithi122.stdout:/usr/bin/ceph: stderr
2024-05-03T17:45:25.229+0000 7f9ffeee4700 1 -- start start
2024-05-03T17:45:25.957 INFO:teuthology.orchestra.run.smithi122.stdout:/usr/bin/ceph: stderr
2024-05-03T17:45:25.229+0000 7f9ffeee4700 1 --2- >> [v2:172.21.15.122:3300/0,v1:172.21.15.122:6789/0] conn(0x7f9ff8109960 0x7f9ff81091e0 unknown :-1 s=NONE pgs=0 cs=0 l=1 rev1=0 crypto rx=0 tx=0 comp rx=0 tx=0).connect
2024-05-03T17:45:25.957 INFO:teuthology.orchestra.run.smithi122.stdout:/usr/bin/ceph: stderr
2024-05-03T17:45:25.229+0000 7f9ffeee4700 1 -- --> [v2:172.21.15.122:3300/0,v1:172.21.15.122:6789/0] -- mon_getmap magic: 0 -- 0x7f9ff810d230 con 0x7f9ff8109960
2024-05-03T17:45:25.957 INFO:teuthology.orchestra.run.smithi122.stdout:/usr/bin/ceph: stderr
2024-05-03T17:45:25.229+0000 7f9ffcc80700 1 --2- >> [v2:172.21.15.122:3300/0,v1:172.21.15.122:6789/0] conn(0x7f9ff8109960 0x7f9ff81091e0 unknown :-1 s=BANNER_CONNECTING pgs=0 cs=0 l=1 rev1=0 crypto rx=0 tx=0 comp rx=0 tx=0)._handle_peer_banner_payload supported=3 required=0
2024-05-03T17:45:25.957 INFO:teuthology.orchestra.run.smithi122.stdout:/usr/bin/ceph: stderr
2024-05-03T17:45:25.229+0000 7f9ffcc80700 1 --2- >> [v2:172.21.15.122:3300/0,v1:172.21.15.122:6789/0] conn(0x7f9ff8109960 0x7f9ff81091e0 unknown :-1 s=HELLO_CONNECTING pgs=0 cs=0 l=1 rev1=1 crypto rx=0 tx=0 comp rx=0 tx=0).handle_hello peer v2:172.21.15.122:3300/0 says I am v2:172.21.15.122:47738/0 (socket says 172.21.15.122:47738)
2024-05-03T17:45:25.958 INFO:teuthology.orchestra.run.smithi122.stdout:/usr/bin/ceph: stderr
2024-05-03T17:45:25.229+0000 7f9ffcc80700 1 -- 172.21.15.122:0/805933991 learned_addr learned my addr 172.21.15.122:0/805933991 (peer_addr_for_me v2:172.21.15.122:0/0)
2024-05-03T17:45:25.958 INFO:teuthology.orchestra.run.smithi122.stdout:/usr/bin/ceph: stderr
2024-05-03T17:45:25.229+0000 7f9ffcc80700 1 -- 172.21.15.122:0/805933991 --> [v2:172.21.15.122:3300/0,v1:172.21.15.122:6789/0] -- mon_subscribe({config=0+,monmap=0+}) -- 0x7f9ff8109720 con 0x7f9ff8109960
2024-05-03T17:45:25.958 INFO:teuthology.orchestra.run.smithi122.stdout:/usr/bin/ceph: stderr
2024-05-03T17:45:25.229+0000 7f9ffcc80700 1 --2- 172.21.15.122:0/805933991 >> [v2:172.21.15.122:3300/0,v1:172.21.15.122:6789/0] conn(0x7f9ff8109960 0x7f9ff81091e0 secure :-1 s=READY pgs=77 cs=0 l=1 rev1=1 crypto rx=0x7f9fec0116e0 tx=0x7f9fec011aa0 comp rx=0 tx=0).ready entity=mon.0 client_cookie=0 server_cookie=0 in_seq=0 out_seq=0
2024-05-03T17:45:25.958 INFO:teuthology.orchestra.run.smithi122.stdout:/usr/bin/ceph: stderr
2024-05-03T17:45:25.230+0000 7f9ff5ffb700 1 -- 172.21.15.122:0/805933991 <== mon.0 v2:172.21.15.122:3300/0 1 ==== mon_map magic: 0 ==== 205+0+0 (secure 0 0 0) 0x7f9fec003b20 con 0x7f9ff8109960
2024-05-03T17:45:25.958 INFO:teuthology.orchestra.run.smithi122.stdout:/usr/bin/ceph: stderr
2024-05-03T17:45:25.230+0000 7f9ff5ffb700 1 -- 172.21.15.122:0/805933991 <== mon.0 v2:172.21.15.122:3300/0 2 ==== config(26 keys) ==== 1101+0+0 (secure 0 0 0) 0x7f9fec01b8f0 con 0x7f9ff8109960
2024-05-03T17:45:25.958 INFO:teuthology.orchestra.run.smithi122.stdout:/usr/bin/ceph: stderr
2024-05-03T17:45:25.230+0000 7f9ffeee4700 1 -- 172.21.15.122:0/805933991 --> [v2:172.21.15.122:3300/0,v1:172.21.15.122:6789/0] -- mon_subscribe({mgrmap=0+}) -- 0x7f9ff8107910 con 0x7f9ff8109960
2024-05-03T17:45:25.958 INFO:teuthology.orchestra.run.smithi122.stdout:/usr/bin/ceph: stderr
2024-05-03T17:45:25.230+0000 7f9ff5ffb700 1 -- 172.21.15.122:0/805933991 <== mon.0 v2:172.21.15.122:3300/0 3 ==== mon_map magic: 0 ==== 205+0+0 (secure 0 0 0) 0x7f9fec0238c0 con 0x7f9ff8109960
2024-05-03T17:45:25.958 INFO:teuthology.orchestra.run.smithi122.stdout:/usr/bin/ceph: stderr
2024-05-03T17:45:25.230+0000 7f9ffeee4700 1 -- 172.21.15.122:0/805933991 --> [v2:172.21.15.122:3300/0,v1:172.21.15.122:6789/0] -- mon_subscribe({osdmap=0}) -- 0x7f9ff8107e50 con 0x7f9ff8109960
2024-05-03T17:45:25.958 INFO:teuthology.orchestra.run.smithi122.stdout:/usr/bin/ceph: stderr
2024-05-03T17:45:25.231+0000 7f9ff5ffb700 1 -- 172.21.15.122:0/805933991 <== mon.0 v2:172.21.15.122:3300/0 4 ==== mgrmap(e 13) ==== 50279+0+0 (secure 0 0 0) 0x7f9fec023b70 con 0x7f9ff8109960
2024-05-03T17:45:25.958 INFO:teuthology.orchestra.run.smithi122.stdout:/usr/bin/ceph: stderr
2024-05-03T17:45:25.231+0000 7f9ffeee4700 1 -- 172.21.15.122:0/805933991 --> [v2:172.21.15.122:3300/0,v1:172.21.15.122:6789/0] -- mon_command({"prefix": "get_command_descriptions"} v 0) -- 0x7f9ff806a5c0 con 0x7f9ff8109960
2024-05-03T17:45:25.958 INFO:teuthology.orchestra.run.smithi122.stdout:/usr/bin/ceph: stderr
2024-05-03T17:45:25.231+0000 7f9ff5ffb700 1 --2- 172.21.15.122:0/805933991 >> [v2:172.21.15.122:6800/1089873263,v1:172.21.15.122:6801/1089873263] conn(0x7f9fe803e510 0x7f9fe80409d0 unknown :-1 s=NONE pgs=0 cs=0 l=1 rev1=0 crypto rx=0 tx=0 comp rx=0 tx=0).connect
2024-05-03T17:45:25.958 INFO:teuthology.orchestra.run.smithi122.stdout:/usr/bin/ceph: stderr
2024-05-03T17:45:25.231+0000 7f9ff5ffb700 1 -- 172.21.15.122:0/805933991 <== mon.0 v2:172.21.15.122:3300/0 5 ==== osd_map(3..3 src has 1..3) ==== 1155+0+0 (secure 0 0 0) 0x7f9fec0543c0 con 0x7f9ff8109960
2024-05-03T17:45:25.958 INFO:teuthology.orchestra.run.smithi122.stdout:/usr/bin/ceph: stderr
2024-05-03T17:45:25.231+0000 7f9ff7fff700 1 --2- 172.21.15.122:0/805933991 >> [v2:172.21.15.122:6800/1089873263,v1:172.21.15.122:6801/1089873263] conn(0x7f9fe803e510 0x7f9fe80409d0 unknown :-1 s=BANNER_CONNECTING pgs=0 cs=0 l=1 rev1=0 crypto rx=0 tx=0 comp rx=0 tx=0)._handle_peer_banner_payload supported=3 required=0
2024-05-03T17:45:25.958 INFO:teuthology.orchestra.run.smithi122.stdout:/usr/bin/ceph: stderr
2024-05-03T17:45:25.231+0000 7f9ff7fff700 1 --2- 172.21.15.122:0/805933991 >> [v2:172.21.15.122:6800/1089873263,v1:172.21.15.122:6801/1089873263] conn(0x7f9fe803e510 0x7f9fe80409d0 secure :-1 s=READY pgs=10 cs=0 l=1 rev1=1 crypto rx=0x7f9fe4006fd0 tx=0x7f9fe4006e40 comp rx=0 tx=0).ready entity=mgr.14152 client_cookie=0 server_cookie=0 in_seq=0 out_seq=0
2024-05-03T17:45:25.959 INFO:teuthology.orchestra.run.smithi122.stdout:/usr/bin/ceph: stderr
2024-05-03T17:45:25.236+0000 7f9ff5ffb700 1 -- 172.21.15.122:0/805933991 <== mon.0 v2:172.21.15.122:3300/0 6 ==== mon_command_ack([{"prefix": "get_command_descriptions"}]=0 v0) ==== 72+0+191839 (secure 0 0 0) 0x7f9fec01f030 con 0x7f9ff8109960
2024-05-03T17:45:25.959 INFO:teuthology.orchestra.run.smithi122.stdout:/usr/bin/ceph: stderr
2024-05-03T17:45:25.435+0000 7f9ffeee4700 1 -- 172.21.15.122:0/805933991 --> [v2:172.21.15.122:3300/0,v1:172.21.15.122:6789/0] -- mon_command([{prefix=config set, name=osd_memory_target_autotune}] v 0) -- 0x7f9ff81080d0 con 0x7f9ff8109960
2024-05-03T17:45:25.959 INFO:teuthology.orchestra.run.smithi122.stdout:/usr/bin/ceph: stderr
2024-05-03T17:45:25.435+0000 7f9ff5ffb700 1 -- 172.21.15.122:0/805933991 <== mon.0 v2:172.21.15.122:3300/0 7 ==== mon_command_ack([{prefix=config set, name=osd_memory_target_autotune}]=0 v8)=0 v8) ==== 127+0+0 (secure 0 0 0) 0x7f9fec0105e0 con 0x7f9ff8109960
2024-05-03T17:45:25.959 INFO:teuthology.orchestra.run.smithi122.stdout:/usr/bin/ceph: stderr
2024-05-03T17:45:25.438+0000 7f9ffeee4700 1 -- 172.21.15.122:0/805933991 >> [v2:172.21.15.122:6800/1089873263,v1:172.21.15.122:6801/1089873263] conn(0x7f9fe803e510 msgr2=0x7f9fe80409d0 secure :-1 s=STATE_CONNECTION_ESTABLISHED l=1).mark_down
2024-05-03T17:45:25.959 INFO:teuthology.orchestra.run.smithi122.stdout:/usr/bin/ceph: stderr
2024-05-03T17:45:25.438+0000 7f9ffeee4700 1 --2- 172.21.15.122:0/805933991 >> [v2:172.21.15.122:6800/1089873263,v1:172.21.15.122:6801/1089873263] conn(0x7f9fe803e510 0x7f9fe80409d0 secure :-1 s=READY pgs=10 cs=0 l=1 rev1=1 crypto rx=0x7f9fe4006fd0 tx=0x7f9fe4006e40 comp rx=0 tx=0).stop
2024-05-03T17:45:25.959 INFO:teuthology.orchestra.run.smithi122.stdout:/usr/bin/ceph: stderr
2024-05-03T17:45:25.438+0000 7f9ffeee4700 1 -- 172.21.15.122:0/805933991 >> [v2:172.21.15.122:3300/0,v1:172.21.15.122:6789/0] conn(0x7f9ff8109960 msgr2=0x7f9ff81091e0 secure :-1 s=STATE_CONNECTION_ESTABLISHED l=1).mark_down
2024-05-03T17:45:25.959 INFO:teuthology.orchestra.run.smithi122.stdout:/usr/bin/ceph: stderr
2024-05-03T17:45:25.438+0000 7f9ffeee4700 1 --2- 172.21.15.122:0/805933991 >> [v2:172.21.15.122:3300/0,v1:172.21.15.122:6789/0] conn(0x7f9ff8109960 0x7f9ff81091e0 secure :-1 s=READY pgs=77 cs=0 l=1 rev1=1 crypto rx=0x7f9fec0116e0 tx=0x7f9fec011aa0 comp rx=0 tx=0).stop
2024-05-03T17:45:25.959 INFO:teuthology.orchestra.run.smithi122.stdout:/usr/bin/ceph: stderr
2024-05-03T17:45:25.438+0000 7f9ffeee4700 1 -- 172.21.15.122:0/805933991 shutdown_connections
2024-05-03T17:45:25.959 INFO:teuthology.orchestra.run.smithi122.stdout:/usr/bin/ceph: stderr
2024-05-03T17:45:25.438+0000 7f9ffeee4700 1 --2- 172.21.15.122:0/805933991 >> [v2:172.21.15.122:6800/1089873263,v1:172.21.15.122:6801/1089873263] conn(0x7f9fe803e510 0x7f9fe80409d0 unknown :-1 s=CLOSED pgs=10 cs=0 l=1 rev1=1 crypto rx=0 tx=0 comp rx=0 tx=0).stop
2024-05-03T17:45:25.959 INFO:teuthology.orchestra.run.smithi122.stdout:/usr/bin/ceph: stderr
2024-05-03T17:45:25.438+0000 7f9ffeee4700 1 --2- 172.21.15.122:0/805933991 >> [v2:172.21.15.122:3300/0,v1:172.21.15.122:6789/0] conn(0x7f9ff8109960 0x7f9ff81091e0 unknown :-1 s=CLOSED pgs=77 cs=0 l=1 rev1=1 crypto rx=0 tx=0 comp rx=0 tx=0).stop
2024-05-03T17:45:25.959 INFO:teuthology.orchestra.run.smithi122.stdout:/usr/bin/ceph: stderr
2024-05-03T17:45:25.438+0000 7f9ffeee4700 1 -- 172.21.15.122:0/805933991 >> 172.21.15.122:0/805933991 conn(0x7f9ff81032f0 msgr2=0x7f9ff8103e70 unknown :-1 s=STATE_NONE l=0).mark_down
2024-05-03T17:45:25.959 INFO:teuthology.orchestra.run.smithi122.stdout:/usr/bin/ceph: stderr
2024-05-03T17:45:25.438+0000 7f9ffeee4700 1 -- 172.21.15.122:0/805933991 shutdown_connections
2024-05-03T17:45:25.959 INFO:teuthology.orchestra.run.smithi122.stdout:/usr/bin/ceph: stderr
2024-05-03T17:45:25.438+0000 7f9ffeee4700 1 -- 172.21.15.122:0/805933991 wait complete.
2024-05-03T17:45:26.275 INFO:journalctl@ceph.mon.a.smithi122.stdout:May 03 17:45:26 smithi122 ceph-mon[29744]: mgrmap e13: x(active, since 6s)
2024-05-03T17:45:27.195 INFO:teuthology.orchestra.run.smithi122.stdout:/usr/bin/ceph: stderr
2024-05-03T17:45:26.379+0000 7f23a1d9e700 1 Processor -- start
2024-05-03T17:45:27.195 INFO:teuthology.orchestra.run.smithi122.stdout:/usr/bin/ceph: stderr
2024-05-03T17:45:26.379+0000 7f23a1d9e700 1 -- start start
2024-05-03T17:45:27.195 INFO:teuthology.orchestra.run.smithi122.stdout:/usr/bin/ceph: stderr
2024-05-03T17:45:26.379+0000 7f23a1d9e700 1 --2- >> [v2:172.21.15.122:3300/0,v1:172.21.15.122:6789/0] conn(0x7f239c109720 0x7f239c10bb10 unknown :-1 s=NONE pgs=0 cs=0 l=0 rev1=0 crypto rx=0 tx=0 comp rx=0 tx=0).connect
2024-05-03T17:45:27.195 INFO:teuthology.orchestra.run.smithi122.stdout:/usr/bin/ceph: stderr
2024-05-03T17:45:26.379+0000 7f23a1d9e700 1 -- --> [v2:172.21.15.122:3300/0,v1:172.21.15.122:6789/0] -- mon_getmap magic: 0 -- 0x7f239c07d6a0 con 0x7f239c109720
2024-05-03T17:45:27.195 INFO:teuthology.orchestra.run.smithi122.stdout:/usr/bin/ceph: stderr
