2024-05-03T18:11:46.805+0000 7f7ab1400700 1 --2- 172.21.15.33:0/3399846382 >> [v2:172.21.15.33:6800/2830135294,v1:172.21.15.33:6801/2830135294] conn(0x7f7a9003e4c0 0x7f7a90040980 unknown :-1 s=CLOSED pgs=7 cs=0 l=1 rev1=1 crypto rx=0 tx=0 comp rx=0 tx=0).stop
2024-05-03T18:11:47.429 INFO:teuthology.orchestra.run.smithi033.stdout:/usr/bin/ceph: stderr
2024-05-03T18:11:46.805+0000 7f7ab1400700 1 --2- 172.21.15.33:0/3399846382 >> [v2:172.21.15.33:3300/0,v1:172.21.15.33:6789/0] conn(0x7f7aac10fc70 0x7f7aac1a3410 unknown :-1 s=CLOSED pgs=38 cs=0 l=1 rev1=1 crypto rx=0 tx=0 comp rx=0 tx=0).stop
2024-05-03T18:11:47.429 INFO:teuthology.orchestra.run.smithi033.stdout:/usr/bin/ceph: stderr
2024-05-03T18:11:46.805+0000 7f7ab1400700 1 -- 172.21.15.33:0/3399846382 >> 172.21.15.33:0/3399846382 conn(0x7f7aac07e1e0 msgr2=0x7f7aac07eed0 unknown :-1 s=STATE_NONE l=0).mark_down
2024-05-03T18:11:47.429 INFO:teuthology.orchestra.run.smithi033.stdout:/usr/bin/ceph: stderr
2024-05-03T18:11:46.805+0000 7f7ab1400700 1 -- 172.21.15.33:0/3399846382 shutdown_connections
2024-05-03T18:11:47.429 INFO:teuthology.orchestra.run.smithi033.stdout:/usr/bin/ceph: stderr
2024-05-03T18:11:46.805+0000 7f7ab1400700 1 -- 172.21.15.33:0/3399846382 wait complete.
2024-05-03T18:11:48.874 INFO:teuthology.orchestra.run.smithi033.stdout:/usr/bin/ceph: stdout value unchanged
2024-05-03T18:11:48.880 INFO:teuthology.orchestra.run.smithi033.stdout:/usr/bin/ceph: stderr
2024-05-03T18:11:48.016+0000 7f13fa200700 1 Processor -- start
2024-05-03T18:11:48.880 INFO:teuthology.orchestra.run.smithi033.stdout:/usr/bin/ceph: stderr
2024-05-03T18:11:48.016+0000 7f13fa200700 1 -- start start
2024-05-03T18:11:48.880 INFO:teuthology.orchestra.run.smithi033.stdout:/usr/bin/ceph: stderr
2024-05-03T18:11:48.016+0000 7f13fa200700 1 --2- >> [v2:172.21.15.33:3300/0,v1:172.21.15.33:6789/0] conn(0x7f13f407ee80 0x7f13f407d2e0 unknown :-1 s=NONE pgs=0 cs=0 l=0 rev1=0 crypto rx=0 tx=0 comp rx=0 tx=0).connect
2024-05-03T18:11:48.880 INFO:teuthology.orchestra.run.smithi033.stdout:/usr/bin/ceph: stderr
2024-05-03T18:11:48.017+0000 7f13fa200700 1 -- --> [v2:172.21.15.33:3300/0,v1:172.21.15.33:6789/0] -- mon_getmap magic: 0 -- 0x7f13f407d8b0 con 0x7f13f407ee80
2024-05-03T18:11:48.880 INFO:teuthology.orchestra.run.smithi033.stdout:/usr/bin/ceph: stderr
2024-05-03T18:11:48.017+0000 7f13f3400700 1 --2- >> [v2:172.21.15.33:3300/0,v1:172.21.15.33:6789/0] conn(0x7f13f407ee80 0x7f13f407d2e0 unknown :-1 s=BANNER_CONNECTING pgs=0 cs=0 l=0 rev1=0 crypto rx=0 tx=0 comp rx=0 tx=0)._handle_peer_banner_payload supported=3 required=0
2024-05-03T18:11:48.880 INFO:teuthology.orchestra.run.smithi033.stdout:/usr/bin/ceph: stderr
2024-05-03T18:11:48.017+0000 7f13f3400700 1 --2- >> [v2:172.21.15.33:3300/0,v1:172.21.15.33:6789/0] conn(0x7f13f407ee80 0x7f13f407d2e0 unknown :-1 s=HELLO_CONNECTING pgs=0 cs=0 l=0 rev1=1 crypto rx=0 tx=0 comp rx=0 tx=0).handle_hello peer v2:172.21.15.33:3300/0 says I am v2:172.21.15.33:55316/0 (socket says 172.21.15.33:55316)
2024-05-03T18:11:48.881 INFO:teuthology.orchestra.run.smithi033.stdout:/usr/bin/ceph: stderr
2024-05-03T18:11:48.017+0000 7f13f3400700 1 -- 172.21.15.33:0/1987287045 learned_addr learned my addr 172.21.15.33:0/1987287045 (peer_addr_for_me v2:172.21.15.33:0/0)
2024-05-03T18:11:48.881 INFO:teuthology.orchestra.run.smithi033.stdout:/usr/bin/ceph: stderr
2024-05-03T18:11:48.018+0000 7f13f3400700 1 -- 172.21.15.33:0/1987287045 --> [v2:172.21.15.33:3300/0,v1:172.21.15.33:6789/0] -- mon_subscribe({config=0+,monmap=0+}) -- 0x7f13f407da30 con 0x7f13f407ee80
2024-05-03T18:11:48.881 INFO:teuthology.orchestra.run.smithi033.stdout:/usr/bin/ceph: stderr
2024-05-03T18:11:48.018+0000 7f13f3400700 1 --2- 172.21.15.33:0/1987287045 >> [v2:172.21.15.33:3300/0,v1:172.21.15.33:6789/0] conn(0x7f13f407ee80 0x7f13f407d2e0 secure :-1 s=READY pgs=39 cs=0 l=1 rev1=1 crypto rx=0x7f13e40098a0 tx=0x7f13e4009bb0 comp rx=0 tx=0).ready entity=mon.0 client_cookie=f926d7aee59cb74a server_cookie=0 in_seq=0 out_seq=0
2024-05-03T18:11:48.881 INFO:teuthology.orchestra.run.smithi033.stdout:/usr/bin/ceph: stderr
2024-05-03T18:11:48.018+0000 7f13f2000700 1 -- 172.21.15.33:0/1987287045 <== mon.0 v2:172.21.15.33:3300/0 1 ==== mon_map magic: 0 ==== 205+0+0 (secure 0 0 0) 0x7f13e4004160 con 0x7f13f407ee80
2024-05-03T18:11:48.881 INFO:teuthology.orchestra.run.smithi033.stdout:/usr/bin/ceph: stderr
2024-05-03T18:11:48.019+0000 7f13f2000700 1 -- 172.21.15.33:0/1987287045 <== mon.0 v2:172.21.15.33:3300/0 2 ==== config(25 keys) ==== 1032+0+0 (secure 0 0 0) 0x7f13e4004300 con 0x7f13f407ee80
2024-05-03T18:11:48.881 INFO:teuthology.orchestra.run.smithi033.stdout:/usr/bin/ceph: stderr
2024-05-03T18:11:48.019+0000 7f13f2000700 1 -- 172.21.15.33:0/1987287045 <== mon.0 v2:172.21.15.33:3300/0 3 ==== mon_map magic: 0 ==== 205+0+0 (secure 0 0 0) 0x7f13e40119e0 con 0x7f13f407ee80
2024-05-03T18:11:48.881 INFO:teuthology.orchestra.run.smithi033.stdout:/usr/bin/ceph: stderr
2024-05-03T18:11:48.019+0000 7f13fa200700 1 -- 172.21.15.33:0/1987287045 >> [v2:172.21.15.33:3300/0,v1:172.21.15.33:6789/0] conn(0x7f13f407ee80 msgr2=0x7f13f407d2e0 secure :-1 s=STATE_CONNECTION_ESTABLISHED l=1).mark_down
2024-05-03T18:11:48.881 INFO:teuthology.orchestra.run.smithi033.stdout:/usr/bin/ceph: stderr
2024-05-03T18:11:48.019+0000 7f13fa200700 1 --2- 172.21.15.33:0/1987287045 >> [v2:172.21.15.33:3300/0,v1:172.21.15.33:6789/0] conn(0x7f13f407ee80 0x7f13f407d2e0 secure :-1 s=READY pgs=39 cs=0 l=1 rev1=1 crypto rx=0x7f13e40098a0 tx=0x7f13e4009bb0 comp rx=0 tx=0).stop
2024-05-03T18:11:48.881 INFO:teuthology.orchestra.run.smithi033.stdout:/usr/bin/ceph: stderr
2024-05-03T18:11:48.019+0000 7f13fa200700 1 -- 172.21.15.33:0/1987287045 shutdown_connections
2024-05-03T18:11:48.881 INFO:teuthology.orchestra.run.smithi033.stdout:/usr/bin/ceph: stderr
2024-05-03T18:11:48.019+0000 7f13fa200700 1 --2- 172.21.15.33:0/1987287045 >> [v2:172.21.15.33:3300/0,v1:172.21.15.33:6789/0] conn(0x7f13f407ee80 0x7f13f407d2e0 unknown :-1 s=CLOSED pgs=39 cs=0 l=1 rev1=1 crypto rx=0 tx=0 comp rx=0 tx=0).stop
2024-05-03T18:11:48.881 INFO:teuthology.orchestra.run.smithi033.stdout:/usr/bin/ceph: stderr
2024-05-03T18:11:48.019+0000 7f13fa200700 1 -- 172.21.15.33:0/1987287045 >> 172.21.15.33:0/1987287045 conn(0x7f13f4104180 msgr2=0x7f13f41065e0 unknown :-1 s=STATE_NONE l=0).mark_down
2024-05-03T18:11:48.881 INFO:teuthology.orchestra.run.smithi033.stdout:/usr/bin/ceph: stderr
2024-05-03T18:11:48.020+0000 7f13fa200700 1 -- 172.21.15.33:0/1987287045 shutdown_connections
2024-05-03T18:11:48.881 INFO:teuthology.orchestra.run.smithi033.stdout:/usr/bin/ceph: stderr
2024-05-03T18:11:48.020+0000 7f13fa200700 1 -- 172.21.15.33:0/1987287045 wait complete.
2024-05-03T18:11:48.881 INFO:teuthology.orchestra.run.smithi033.stdout:/usr/bin/ceph: stderr
2024-05-03T18:11:48.021+0000 7f13fa200700 1 Processor -- start
2024-05-03T18:11:48.881 INFO:teuthology.orchestra.run.smithi033.stdout:/usr/bin/ceph: stderr
2024-05-03T18:11:48.021+0000 7f13fa200700 1 -- start start
2024-05-03T18:11:48.882 INFO:teuthology.orchestra.run.smithi033.stdout:/usr/bin/ceph: stderr
2024-05-03T18:11:48.021+0000 7f13fa200700 1 --2- >> [v2:172.21.15.33:3300/0,v1:172.21.15.33:6789/0] conn(0x7f13f407ee80 0x7f13f419f040 unknown :-1 s=NONE pgs=0 cs=0 l=1 rev1=0 crypto rx=0 tx=0 comp rx=0 tx=0).connect
2024-05-03T18:11:48.882 INFO:teuthology.orchestra.run.smithi033.stdout:/usr/bin/ceph: stderr
2024-05-03T18:11:48.021+0000 7f13fa200700 1 -- --> [v2:172.21.15.33:3300/0,v1:172.21.15.33:6789/0] -- mon_getmap magic: 0 -- 0x7f13f410f160 con 0x7f13f407ee80
2024-05-03T18:11:48.882 INFO:teuthology.orchestra.run.smithi033.stdout:/usr/bin/ceph: stderr
2024-05-03T18:11:48.021+0000 7f13f3400700 1 --2- >> [v2:172.21.15.33:3300/0,v1:172.21.15.33:6789/0] conn(0x7f13f407ee80 0x7f13f419f040 unknown :-1 s=BANNER_CONNECTING pgs=0 cs=0 l=1 rev1=0 crypto rx=0 tx=0 comp rx=0 tx=0)._handle_peer_banner_payload supported=3 required=0
2024-05-03T18:11:48.882 INFO:teuthology.orchestra.run.smithi033.stdout:/usr/bin/ceph: stderr
2024-05-03T18:11:48.022+0000 7f13f3400700 1 --2- >> [v2:172.21.15.33:3300/0,v1:172.21.15.33:6789/0] conn(0x7f13f407ee80 0x7f13f419f040 unknown :-1 s=HELLO_CONNECTING pgs=0 cs=0 l=1 rev1=1 crypto rx=0 tx=0 comp rx=0 tx=0).handle_hello peer v2:172.21.15.33:3300/0 says I am v2:172.21.15.33:55320/0 (socket says 172.21.15.33:55320)
2024-05-03T18:11:48.882 INFO:teuthology.orchestra.run.smithi033.stdout:/usr/bin/ceph: stderr
2024-05-03T18:11:48.022+0000 7f13f3400700 1 -- 172.21.15.33:0/1426840820 learned_addr learned my addr 172.21.15.33:0/1426840820 (peer_addr_for_me v2:172.21.15.33:0/0)
2024-05-03T18:11:48.882 INFO:teuthology.orchestra.run.smithi033.stdout:/usr/bin/ceph: stderr
2024-05-03T18:11:48.022+0000 7f13f3400700 1 -- 172.21.15.33:0/1426840820 --> [v2:172.21.15.33:3300/0,v1:172.21.15.33:6789/0] -- mon_subscribe({config=0+,monmap=0+}) -- 0x7f13f419f580 con 0x7f13f407ee80
2024-05-03T18:11:48.882 INFO:teuthology.orchestra.run.smithi033.stdout:/usr/bin/ceph: stderr
2024-05-03T18:11:48.022+0000 7f13f3400700 1 --2- 172.21.15.33:0/1426840820 >> [v2:172.21.15.33:3300/0,v1:172.21.15.33:6789/0] conn(0x7f13f407ee80 0x7f13f419f040 secure :-1 s=READY pgs=40 cs=0 l=1 rev1=1 crypto rx=0x7f13e40119b0 tx=0x7f13e4011a90 comp rx=0 tx=0).ready entity=mon.0 client_cookie=0 server_cookie=0 in_seq=0 out_seq=0
2024-05-03T18:11:48.882 INFO:teuthology.orchestra.run.smithi033.stdout:/usr/bin/ceph: stderr
2024-05-03T18:11:48.023+0000 7f13ebe00700 1 -- 172.21.15.33:0/1426840820 <== mon.0 v2:172.21.15.33:3300/0 1 ==== mon_map magic: 0 ==== 205+0+0 (secure 0 0 0) 0x7f13e4003b70 con 0x7f13f407ee80
2024-05-03T18:11:48.882 INFO:teuthology.orchestra.run.smithi033.stdout:/usr/bin/ceph: stderr
2024-05-03T18:11:48.023+0000 7f13ebe00700 1 -- 172.21.15.33:0/1426840820 <== mon.0 v2:172.21.15.33:3300/0 2 ==== config(25 keys) ==== 1032+0+0 (secure 0 0 0) 0x7f13e401a8a0 con 0x7f13f407ee80
2024-05-03T18:11:48.882 INFO:teuthology.orchestra.run.smithi033.stdout:/usr/bin/ceph: stderr
2024-05-03T18:11:48.023+0000 7f13ebe00700 1 -- 172.21.15.33:0/1426840820 <== mon.0 v2:172.21.15.33:3300/0 3 ==== mon_map magic: 0 ==== 205+0+0 (secure 0 0 0) 0x7f13e4024830 con 0x7f13f407ee80
2024-05-03T18:11:48.882 INFO:teuthology.orchestra.run.smithi033.stdout:/usr/bin/ceph: stderr
2024-05-03T18:11:48.023+0000 7f13fa200700 1 -- 172.21.15.33:0/1426840820 --> [v2:172.21.15.33:3300/0,v1:172.21.15.33:6789/0] -- mon_subscribe({mgrmap=0+}) -- 0x7f13f419f810 con 0x7f13f407ee80
2024-05-03T18:11:48.882 INFO:teuthology.orchestra.run.smithi033.stdout:/usr/bin/ceph: stderr
2024-05-03T18:11:48.023+0000 7f13fa200700 1 -- 172.21.15.33:0/1426840820 --> [v2:172.21.15.33:3300/0,v1:172.21.15.33:6789/0] -- mon_subscribe({osdmap=0}) -- 0x7f13f41a2500 con 0x7f13f407ee80
2024-05-03T18:11:48.882 INFO:teuthology.orchestra.run.smithi033.stdout:/usr/bin/ceph: stderr
2024-05-03T18:11:48.024+0000 7f13ebe00700 1 -- 172.21.15.33:0/1426840820 <== mon.0 v2:172.21.15.33:3300/0 4 ==== mgrmap(e 8) ==== 50222+0+0 (secure 0 0 0) 0x7f13e4022020 con 0x7f13f407ee80
2024-05-03T18:11:48.883 INFO:teuthology.orchestra.run.smithi033.stdout:/usr/bin/ceph: stderr
2024-05-03T18:11:48.024+0000 7f13fa200700 1 -- 172.21.15.33:0/1426840820 --> [v2:172.21.15.33:3300/0,v1:172.21.15.33:6789/0] -- mon_command({"prefix": "get_command_descriptions"} v 0) -- 0x7f13f4064b00 con 0x7f13f407ee80
2024-05-03T18:11:48.883 INFO:teuthology.orchestra.run.smithi033.stdout:/usr/bin/ceph: stderr
2024-05-03T18:11:48.025+0000 7f13ebe00700 1 --2- 172.21.15.33:0/1426840820 >> [v2:172.21.15.33:6800/2830135294,v1:172.21.15.33:6801/2830135294] conn(0x7f13d803e470 0x7f13d8040930 unknown :-1 s=NONE pgs=0 cs=0 l=1 rev1=0 crypto rx=0 tx=0 comp rx=0 tx=0).connect
2024-05-03T18:11:48.883 INFO:teuthology.orchestra.run.smithi033.stdout:/usr/bin/ceph: stderr
2024-05-03T18:11:48.025+0000 7f13ebe00700 1 -- 172.21.15.33:0/1426840820 <== mon.0 v2:172.21.15.33:3300/0 5 ==== osd_map(2..2 src has 1..2) ==== 940+0+0 (secure 0 0 0) 0x7f13e4053a00 con 0x7f13f407ee80
2024-05-03T18:11:48.883 INFO:teuthology.orchestra.run.smithi033.stdout:/usr/bin/ceph: stderr
2024-05-03T18:11:48.025+0000 7f13f2a00700 1 --2- 172.21.15.33:0/1426840820 >> [v2:172.21.15.33:6800/2830135294,v1:172.21.15.33:6801/2830135294] conn(0x7f13d803e470 0x7f13d8040930 unknown :-1 s=BANNER_CONNECTING pgs=0 cs=0 l=1 rev1=0 crypto rx=0 tx=0 comp rx=0 tx=0)._handle_peer_banner_payload supported=3 required=0
2024-05-03T18:11:48.883 INFO:teuthology.orchestra.run.smithi033.stdout:/usr/bin/ceph: stderr
2024-05-03T18:11:48.026+0000 7f13f2a00700 1 --2- 172.21.15.33:0/1426840820 >> [v2:172.21.15.33:6800/2830135294,v1:172.21.15.33:6801/2830135294] conn(0x7f13d803e470 0x7f13d8040930 secure :-1 s=READY pgs=8 cs=0 l=1 rev1=1 crypto rx=0x7f13e0006fd0 tx=0x7f13e0006e40 comp rx=0 tx=0).ready entity=mgr.14120 client_cookie=0 server_cookie=0 in_seq=0 out_seq=0
2024-05-03T18:11:48.883 INFO:teuthology.orchestra.run.smithi033.stdout:/usr/bin/ceph: stderr
2024-05-03T18:11:48.031+0000 7f13ebe00700 1 -- 172.21.15.33:0/1426840820 <== mon.0 v2:172.21.15.33:3300/0 6 ==== mon_command_ack([{"prefix": "get_command_descriptions"}]=0 v0) ==== 72+0+191839 (secure 0 0 0) 0x7f13e401aa50 con 0x7f13f407ee80
2024-05-03T18:11:48.883 INFO:teuthology.orchestra.run.smithi033.stdout:/usr/bin/ceph: stderr
2024-05-03T18:11:48.279+0000 7f13fa200700 1 -- 172.21.15.33:0/1426840820 --> [v2:172.21.15.33:6800/2830135294,v1:172.21.15.33:6801/2830135294] -- mgr_command(tid 0: {"prefix": "cephadm set-user", "user": "root", "target": ["mon-mgr", ""]}) -- 0x7f13f402e580 con 0x7f13d803e470
2024-05-03T18:11:48.883 INFO:teuthology.orchestra.run.smithi033.stdout:/usr/bin/ceph: stderr
2024-05-03T18:11:48.280+0000 7f13ebe00700 1 -- 172.21.15.33:0/1426840820 <== mgr.14120 v2:172.21.15.33:6800/2830135294 1 ==== mgr_command_reply(tid 0: 0 ) ==== 8+0+16 (secure 0 0 0) 0x7f13f402e580 con 0x7f13d803e470
2024-05-03T18:11:48.883 INFO:teuthology.orchestra.run.smithi033.stdout:/usr/bin/ceph: stderr
2024-05-03T18:11:48.283+0000 7f13fa200700 1 -- 172.21.15.33:0/1426840820 >> [v2:172.21.15.33:6800/2830135294,v1:172.21.15.33:6801/2830135294] conn(0x7f13d803e470 msgr2=0x7f13d8040930 secure :-1 s=STATE_CONNECTION_ESTABLISHED l=1).mark_down
2024-05-03T18:11:48.883 INFO:teuthology.orchestra.run.smithi033.stdout:/usr/bin/ceph: stderr
2024-05-03T18:11:48.283+0000 7f13fa200700 1 --2- 172.21.15.33:0/1426840820 >> [v2:172.21.15.33:6800/2830135294,v1:172.21.15.33:6801/2830135294] conn(0x7f13d803e470 0x7f13d8040930 secure :-1 s=READY pgs=8 cs=0 l=1 rev1=1 crypto rx=0x7f13e0006fd0 tx=0x7f13e0006e40 comp rx=0 tx=0).stop
2024-05-03T18:11:48.883 INFO:teuthology.orchestra.run.smithi033.stdout:/usr/bin/ceph: stderr
2024-05-03T18:11:48.283+0000 7f13fa200700 1 -- 172.21.15.33:0/1426840820 >> [v2:172.21.15.33:3300/0,v1:172.21.15.33:6789/0] conn(0x7f13f407ee80 msgr2=0x7f13f419f040 secure :-1 s=STATE_CONNECTION_ESTABLISHED l=1).mark_down
2024-05-03T18:11:48.883 INFO:teuthology.orchestra.run.smithi033.stdout:/usr/bin/ceph: stderr
2024-05-03T18:11:48.283+0000 7f13fa200700 1 --2- 172.21.15.33:0/1426840820 >> [v2:172.21.15.33:3300/0,v1:172.21.15.33:6789/0] conn(0x7f13f407ee80 0x7f13f419f040 secure :-1 s=READY pgs=40 cs=0 l=1 rev1=1 crypto rx=0x7f13e40119b0 tx=0x7f13e4011a90 comp rx=0 tx=0).stop
2024-05-03T18:11:48.883 INFO:teuthology.orchestra.run.smithi033.stdout:/usr/bin/ceph: stderr
2024-05-03T18:11:48.284+0000 7f13fa200700 1 -- 172.21.15.33:0/1426840820 shutdown_connections
2024-05-03T18:11:48.883 INFO:teuthology.orchestra.run.smithi033.stdout:/usr/bin/ceph: stderr
2024-05-03T18:11:48.284+0000 7f13fa200700 1 --2- 172.21.15.33:0/1426840820 >> [v2:172.21.15.33:6800/2830135294,v1:172.21.15.33:6801/2830135294] conn(0x7f13d803e470 0x7f13d8040930 unknown :-1 s=CLOSED pgs=8 cs=0 l=1 rev1=1 crypto rx=0 tx=0 comp rx=0 tx=0).stop
2024-05-03T18:11:48.883 INFO:teuthology.orchestra.run.smithi033.stdout:/usr/bin/ceph: stderr
2024-05-03T18:11:48.284+0000 7f13fa200700 1 --2- 172.21.15.33:0/1426840820 >> [v2:172.21.15.33:3300/0,v1:172.21.15.33:6789/0] conn(0x7f13f407ee80 0x7f13f419f040 unknown :-1 s=CLOSED pgs=40 cs=0 l=1 rev1=1 crypto rx=0 tx=0 comp rx=0 tx=0).stop
2024-05-03T18:11:48.884 INFO:teuthology.orchestra.run.smithi033.stdout:/usr/bin/ceph: stderr
2024-05-03T18:11:48.284+0000 7f13fa200700 1 -- 172.21.15.33:0/1426840820 >> 172.21.15.33:0/1426840820 conn(0x7f13f4104180 msgr2=0x7f13f4104fb0 unknown :-1 s=STATE_NONE l=0).mark_down
2024-05-03T18:11:48.884 INFO:teuthology.orchestra.run.smithi033.stdout:/usr/bin/ceph: stderr
2024-05-03T18:11:48.284+0000 7f13fa200700 1 -- 172.21.15.33:0/1426840820 shutdown_connections
2024-05-03T18:11:48.884 INFO:teuthology.orchestra.run.smithi033.stdout:/usr/bin/ceph: stderr
2024-05-03T18:11:48.284+0000 7f13fa200700 1 -- 172.21.15.33:0/1426840820 wait complete.
2024-05-03T18:11:48.884 INFO:teuthology.orchestra.run.smithi033.stdout:Generating ssh key...
2024-05-03T18:11:49.155 INFO:journalctl@ceph.mon.a.smithi033.stdout:May 03 18:11:48 smithi033 ceph-mon[28330]: from='client.14134 -' entity='client.admin' cmd=[{"prefix": "cephadm set-user", "user": "root", "target": ["mon-mgr", ""]}]: dispatch
2024-05-03T18:11:49.982 INFO:journalctl@ceph.mon.a.smithi033.stdout:May 03 18:11:49 smithi033 ceph-mon[28330]: from='client.14136 -' entity='client.admin' cmd=[{"prefix": "cephadm generate-key", "target": ["mon-mgr", ""]}]: dispatch
2024-05-03T18:11:49.982 INFO:journalctl@ceph.mon.a.smithi033.stdout:May 03 18:11:49 smithi033 ceph-mon[28330]: Generating ssh key...
2024-05-03T18:11:50.484 INFO:journalctl@ceph.mgr.x.smithi033.stdout:May 03 18:11:50 smithi033 ceph-5703bba4-0978-11ef-bc97-c7b262605968-mgr-x[28572]: Generating public/private rsa key pair.
2024-05-03T18:11:50.484 INFO:journalctl@ceph.mgr.x.smithi033.stdout:May 03 18:11:50 smithi033 ceph-5703bba4-0978-11ef-bc97-c7b262605968-mgr-x[28572]: Your identification has been saved in /tmp/tmphg89rqz4/key.
2024-05-03T18:11:50.484 INFO:journalctl@ceph.mgr.x.smithi033.stdout:May 03 18:11:50 smithi033 ceph-5703bba4-0978-11ef-bc97-c7b262605968-mgr-x[28572]: Your public key has been saved in /tmp/tmphg89rqz4/key.pub.
2024-05-03T18:11:50.484 INFO:journalctl@ceph.mgr.x.smithi033.stdout:May 03 18:11:50 smithi033 ceph-5703bba4-0978-11ef-bc97-c7b262605968-mgr-x[28572]: The key fingerprint is:
2024-05-03T18:11:50.484 INFO:journalctl@ceph.mgr.x.smithi033.stdout:May 03 18:11:50 smithi033 ceph-5703bba4-0978-11ef-bc97-c7b262605968-mgr-x[28572]: SHA256:H9I7f2kCB+7GEYQnCWCVjEcn3lsFzywtC7wcw7t47QI ceph-5703bba4-0978-11ef-bc97-c7b262605968
2024-05-03T18:11:50.484 INFO:journalctl@ceph.mgr.x.smithi033.stdout:May 03 18:11:50 smithi033 ceph-5703bba4-0978-11ef-bc97-c7b262605968-mgr-x[28572]: The key's randomart image is:
2024-05-03T18:11:50.484 INFO:journalctl@ceph.mgr.x.smithi033.stdout:May 03 18:11:50 smithi033 ceph-5703bba4-0978-11ef-bc97-c7b262605968-mgr-x[28572]: +---[RSA 3072]----+
2024-05-03T18:11:50.484 INFO:journalctl@ceph.mgr.x.smithi033.stdout:May 03 18:11:50 smithi033 ceph-5703bba4-0978-11ef-bc97-c7b262605968-mgr-x[28572]: | o*=o.o... |
2024-05-03T18:11:50.484 INFO:journalctl@ceph.mgr.x.smithi033.stdout:May 03 18:11:50 smithi033 ceph-5703bba4-0978-11ef-bc97-c7b262605968-mgr-x[28572]: | ...+*+ o* |
2024-05-03T18:11:50.484 INFO:journalctl@ceph.mgr.x.smithi033.stdout:May 03 18:11:50 smithi033 ceph-5703bba4-0978-11ef-bc97-c7b262605968-mgr-x[28572]: | .. B++ = |
2024-05-03T18:11:50.484 INFO:journalctl@ceph.mgr.x.smithi033.stdout:May 03 18:11:50 smithi033 ceph-5703bba4-0978-11ef-bc97-c7b262605968-mgr-x[28572]: | . Xo+ |
2024-05-03T18:11:50.485 INFO:journalctl@ceph.mgr.x.smithi033.stdout:May 03 18:11:50 smithi033 ceph-5703bba4-0978-11ef-bc97-c7b262605968-mgr-x[28572]: | S.+o |
2024-05-03T18:11:50.485 INFO:journalctl@ceph.mgr.x.smithi033.stdout:May 03 18:11:50 smithi033 ceph-5703bba4-0978-11ef-bc97-c7b262605968-mgr-x[28572]: | E. =+o. |
2024-05-03T18:11:50.485 INFO:journalctl@ceph.mgr.x.smithi033.stdout:May 03 18:11:50 smithi033 ceph-5703bba4-0978-11ef-bc97-c7b262605968-mgr-x[28572]: | ..oo=+ . |
2024-05-03T18:11:50.485 INFO:journalctl@ceph.mgr.x.smithi033.stdout:May 03 18:11:50 smithi033 ceph-5703bba4-0978-11ef-bc97-c7b262605968-mgr-x[28572]: | ...+o. + |
2024-05-03T18:11:50.485 INFO:journalctl@ceph.mgr.x.smithi033.stdout:May 03 18:11:50 smithi033 ceph-5703bba4-0978-11ef-bc97-c7b262605968-mgr-x[28572]: | o. .+ |
2024-05-03T18:11:50.485 INFO:journalctl@ceph.mgr.x.smithi033.stdout:May 03 18:11:50 smithi033 ceph-5703bba4-0978-11ef-bc97-c7b262605968-mgr-x[28572]: +----[SHA256]-----+
2024-05-03T18:11:50.896 INFO:teuthology.orchestra.run.smithi033.stdout:/usr/bin/ceph: stderr
2024-05-03T18:11:49.435+0000 7ffbd7a00700 1 Processor -- start
2024-05-03T18:11:50.896 INFO:teuthology.orchestra.run.smithi033.stdout:/usr/bin/ceph: stderr
2024-05-03T18:11:49.435+0000 7ffbd7a00700 1 -- start start
2024-05-03T18:11:50.896 INFO:teuthology.orchestra.run.smithi033.stdout:/usr/bin/ceph: stderr
2024-05-03T18:11:49.435+0000 7ffbd7a00700 1 --2- >> [v2:172.21.15.33:3300/0,v1:172.21.15.33:6789/0] conn(0x7ffbd007ee40 0x7ffbd007d2a0 unknown :-1 s=NONE pgs=0 cs=0 l=0 rev1=0 crypto rx=0 tx=0 comp rx=0 tx=0).connect
2024-05-03T18:11:50.896 INFO:teuthology.orchestra.run.smithi033.stdout:/usr/bin/ceph: stderr
2024-05-03T18:11:49.435+0000 7ffbd7a00700 1 -- --> [v2:172.21.15.33:3300/0,v1:172.21.15.33:6789/0] -- mon_getmap magic: 0 -- 0x7ffbd007d870 con 0x7ffbd007ee40
2024-05-03T18:11:50.896 INFO:teuthology.orchestra.run.smithi033.stdout:/usr/bin/ceph: stderr
2024-05-03T18:11:49.436+0000 7ffbd5000700 1 --2- >> [v2:172.21.15.33:3300/0,v1:172.21.15.33:6789/0] conn(0x7ffbd007ee40 0x7ffbd007d2a0 unknown :-1 s=BANNER_CONNECTING pgs=0 cs=0 l=0 rev1=0 crypto rx=0 tx=0 comp rx=0 tx=0)._handle_peer_banner_payload supported=3 required=0
2024-05-03T18:11:50.897 INFO:teuthology.orchestra.run.smithi033.stdout:/usr/bin/ceph: stderr
2024-05-03T18:11:49.436+0000 7ffbd5000700 1 --2- >> [v2:172.21.15.33:3300/0,v1:172.21.15.33:6789/0] conn(0x7ffbd007ee40 0x7ffbd007d2a0 unknown :-1 s=HELLO_CONNECTING pgs=0 cs=0 l=0 rev1=1 crypto rx=0 tx=0 comp rx=0 tx=0).handle_hello peer v2:172.21.15.33:3300/0 says I am v2:172.21.15.33:55332/0 (socket says 172.21.15.33:55332)
2024-05-03T18:11:50.897 INFO:teuthology.orchestra.run.smithi033.stdout:/usr/bin/ceph: stderr
2024-05-03T18:11:49.436+0000 7ffbd5000700 1 -- 172.21.15.33:0/61081135 learned_addr learned my addr 172.21.15.33:0/61081135 (peer_addr_for_me v2:172.21.15.33:0/0)
2024-05-03T18:11:50.897 INFO:teuthology.orchestra.run.smithi033.stdout:/usr/bin/ceph: stderr
2024-05-03T18:11:49.436+0000 7ffbd5000700 1 -- 172.21.15.33:0/61081135 --> [v2:172.21.15.33:3300/0,v1:172.21.15.33:6789/0] -- mon_subscribe({config=0+,monmap=0+}) -- 0x7ffbd007d9f0 con 0x7ffbd007ee40
2024-05-03T18:11:50.897 INFO:teuthology.orchestra.run.smithi033.stdout:/usr/bin/ceph: stderr
2024-05-03T18:11:49.437+0000 7ffbd5000700 1 --2- 172.21.15.33:0/61081135 >> [v2:172.21.15.33:3300/0,v1:172.21.15.33:6789/0] conn(0x7ffbd007ee40 0x7ffbd007d2a0 secure :-1 s=READY pgs=41 cs=0 l=1 rev1=1 crypto rx=0x7ffbc40098a0 tx=0x7ffbc4009bb0 comp rx=0 tx=0).ready entity=mon.0 client_cookie=e8f576f6f2d8897e server_cookie=0 in_seq=0 out_seq=0
2024-05-03T18:11:50.897 INFO:teuthology.orchestra.run.smithi033.stdout:/usr/bin/ceph: stderr
2024-05-03T18:11:49.437+0000 7ffbcf400700 1 -- 172.21.15.33:0/61081135 <== mon.0 v2:172.21.15.33:3300/0 1 ==== mon_map magic: 0 ==== 205+0+0 (secure 0 0 0) 0x7ffbc4004160 con 0x7ffbd007ee40
2024-05-03T18:11:50.897 INFO:teuthology.orchestra.run.smithi033.stdout:/usr/bin/ceph: stderr
2024-05-03T18:11:49.437+0000 7ffbcf400700 1 -- 172.21.15.33:0/61081135 <== mon.0 v2:172.21.15.33:3300/0 2 ==== config(25 keys) ==== 1032+0+0 (secure 0 0 0) 0x7ffbc4004300 con 0x7ffbd007ee40
2024-05-03T18:11:50.897 INFO:teuthology.orchestra.run.smithi033.stdout:/usr/bin/ceph: stderr
2024-05-03T18:11:49.437+0000 7ffbcf400700 1 -- 172.21.15.33:0/61081135 <== mon.0 v2:172.21.15.33:3300/0 3 ==== mon_map magic: 0 ==== 205+0+0 (secure 0 0 0) 0x7ffbc40119e0 con 0x7ffbd007ee40
2024-05-03T18:11:50.897 INFO:teuthology.orchestra.run.smithi033.stdout:/usr/bin/ceph: stderr
2024-05-03T18:11:49.437+0000 7ffbd7a00700 1 -- 172.21.15.33:0/61081135 >> [v2:172.21.15.33:3300/0,v1:172.21.15.33:6789/0] conn(0x7ffbd007ee40 msgr2=0x7ffbd007d2a0 secure :-1 s=STATE_CONNECTION_ESTABLISHED l=1).mark_down
2024-05-03T18:11:50.897 INFO:teuthology.orchestra.run.smithi033.stdout:/usr/bin/ceph: stderr
2024-05-03T18:11:49.437+0000 7ffbd7a00700 1 --2- 172.21.15.33:0/61081135 >> [v2:172.21.15.33:3300/0,v1:172.21.15.33:6789/0] conn(0x7ffbd007ee40 0x7ffbd007d2a0 secure :-1 s=READY pgs=41 cs=0 l=1 rev1=1 crypto rx=0x7ffbc40098a0 tx=0x7ffbc4009bb0 comp rx=0 tx=0).stop
2024-05-03T18:11:50.897 INFO:teuthology.orchestra.run.smithi033.stdout:/usr/bin/ceph: stderr
2024-05-03T18:11:49.438+0000 7ffbd7a00700 1 -- 172.21.15.33:0/61081135 shutdown_connections
2024-05-03T18:11:50.897 INFO:teuthology.orchestra.run.smithi033.stdout:/usr/bin/ceph: stderr
2024-05-03T18:11:49.438+0000 7ffbd7a00700 1 --2- 172.21.15.33:0/61081135 >> [v2:172.21.15.33:3300/0,v1:172.21.15.33:6789/0] conn(0x7ffbd007ee40 0x7ffbd007d2a0 unknown :-1 s=CLOSED pgs=41 cs=0 l=1 rev1=1 crypto rx=0 tx=0 comp rx=0 tx=0).stop
2024-05-03T18:11:50.897 INFO:teuthology.orchestra.run.smithi033.stdout:/usr/bin/ceph: stderr
2024-05-03T18:11:49.438+0000 7ffbd7a00700 1 -- 172.21.15.33:0/61081135 >> 172.21.15.33:0/61081135 conn(0x7ffbd0104180 msgr2=0x7ffbd01065e0 unknown :-1 s=STATE_NONE l=0).mark_down
2024-05-03T18:11:50.897 INFO:teuthology.orchestra.run.smithi033.stdout:/usr/bin/ceph: stderr
2024-05-03T18:11:49.438+0000 7ffbd7a00700 1 -- 172.21.15.33:0/61081135 shutdown_connections
2024-05-03T18:11:50.897 INFO:teuthology.orchestra.run.smithi033.stdout:/usr/bin/ceph: stderr
2024-05-03T18:11:49.438+0000 7ffbd7a00700 1 -- 172.21.15.33:0/61081135 wait complete.
2024-05-03T18:11:50.897 INFO:teuthology.orchestra.run.smithi033.stdout:/usr/bin/ceph: stderr
2024-05-03T18:11:49.439+0000 7ffbd7a00700 1 Processor -- start
2024-05-03T18:11:50.898 INFO:teuthology.orchestra.run.smithi033.stdout:/usr/bin/ceph: stderr
2024-05-03T18:11:49.439+0000 7ffbd7a00700 1 -- start start
2024-05-03T18:11:50.898 INFO:teuthology.orchestra.run.smithi033.stdout:/usr/bin/ceph: stderr
2024-05-03T18:11:49.439+0000 7ffbd7a00700 1 --2- >> [v2:172.21.15.33:3300/0,v1:172.21.15.33:6789/0] conn(0x7ffbd007ee40 0x7ffbd019f020 unknown :-1 s=NONE pgs=0 cs=0 l=1 rev1=0 crypto rx=0 tx=0 comp rx=0 tx=0).connect
2024-05-03T18:11:50.898 INFO:teuthology.orchestra.run.smithi033.stdout:/usr/bin/ceph: stderr
2024-05-03T18:11:49.439+0000 7ffbd7a00700 1 -- --> [v2:172.21.15.33:3300/0,v1:172.21.15.33:6789/0] -- mon_getmap magic: 0 -- 0x7ffbd010f150 con 0x7ffbd007ee40
2024-05-03T18:11:50.898 INFO:teuthology.orchestra.run.smithi033.stdout:/usr/bin/ceph: stderr
2024-05-03T18:11:49.439+0000 7ffbd5000700 1 --2- >> [v2:172.21.15.33:3300/0,v1:172.21.15.33:6789/0] conn(0x7ffbd007ee40 0x7ffbd019f020 unknown :-1 s=BANNER_CONNECTING pgs=0 cs=0 l=1 rev1=0 crypto rx=0 tx=0 comp rx=0 tx=0)._handle_peer_banner_payload supported=3 required=0
2024-05-03T18:11:50.898 INFO:teuthology.orchestra.run.smithi033.stdout:/usr/bin/ceph: stderr
2024-05-03T18:11:49.440+0000 7ffbd5000700 1 --2- >> [v2:172.21.15.33:3300/0,v1:172.21.15.33:6789/0] conn(0x7ffbd007ee40 0x7ffbd019f020 unknown :-1 s=HELLO_CONNECTING pgs=0 cs=0 l=1 rev1=1 crypto rx=0 tx=0 comp rx=0 tx=0).handle_hello peer v2:172.21.15.33:3300/0 says I am v2:172.21.15.33:55334/0 (socket says 172.21.15.33:55334)
2024-05-03T18:11:50.898 INFO:teuthology.orchestra.run.smithi033.stdout:/usr/bin/ceph: stderr
2024-05-03T18:11:49.440+0000 7ffbd5000700 1 -- 172.21.15.33:0/2188677813 learned_addr learned my addr 172.21.15.33:0/2188677813 (peer_addr_for_me v2:172.21.15.33:0/0)
2024-05-03T18:11:50.898 INFO:teuthology.orchestra.run.smithi033.stdout:/usr/bin/ceph: stderr
2024-05-03T18:11:49.440+0000 7ffbd5000700 1 -- 172.21.15.33:0/2188677813 --> [v2:172.21.15.33:3300/0,v1:172.21.15.33:6789/0] -- mon_subscribe({config=0+,monmap=0+}) -- 0x7ffbd019f560 con 0x7ffbd007ee40
2024-05-03T18:11:50.898 INFO:teuthology.orchestra.run.smithi033.stdout:/usr/bin/ceph: stderr
2024-05-03T18:11:49.440+0000 7ffbd5000700 1 --2- 172.21.15.33:0/2188677813 >> [v2:172.21.15.33:3300/0,v1:172.21.15.33:6789/0] conn(0x7ffbd007ee40 0x7ffbd019f020 secure :-1 s=READY pgs=42 cs=0 l=1 rev1=1 crypto rx=0x7ffbc4006b20 tx=0x7ffbc4011a60 comp rx=0 tx=0).ready entity=mon.0 client_cookie=0 server_cookie=0 in_seq=0 out_seq=0
2024-05-03T18:11:50.898 INFO:teuthology.orchestra.run.smithi033.stdout:/usr/bin/ceph: stderr
2024-05-03T18:11:49.440+0000 7ffbcd600700 1 -- 172.21.15.33:0/2188677813 <== mon.0 v2:172.21.15.33:3300/0 1 ==== mon_map magic: 0 ==== 205+0+0 (secure 0 0 0) 0x7ffbc4003a60 con 0x7ffbd007ee40
2024-05-03T18:11:50.898 INFO:teuthology.orchestra.run.smithi033.stdout:/usr/bin/ceph: stderr
2024-05-03T18:11:49.440+0000 7ffbcd600700 1 -- 172.21.15.33:0/2188677813 <== mon.0 v2:172.21.15.33:3300/0 2 ==== config(25 keys) ==== 1032+0+0 (secure 0 0 0) 0x7ffbc4003c00 con 0x7ffbd007ee40
2024-05-03T18:11:50.898 INFO:teuthology.orchestra.run.smithi033.stdout:/usr/bin/ceph: stderr
2024-05-03T18:11:49.440+0000 7ffbcd600700 1 -- 172.21.15.33:0/2188677813 <== mon.0 v2:172.21.15.33:3300/0 3 ==== mon_map magic: 0 ==== 205+0+0 (secure 0 0 0) 0x7ffbc4024780 con 0x7ffbd007ee40
2024-05-03T18:11:50.898 INFO:teuthology.orchestra.run.smithi033.stdout:/usr/bin/ceph: stderr
2024-05-03T18:11:49.440+0000 7ffbd7a00700 1 -- 172.21.15.33:0/2188677813 --> [v2:172.21.15.33:3300/0,v1:172.21.15.33:6789/0] -- mon_subscribe({mgrmap=0+}) -- 0x7ffbd019f7f0 con 0x7ffbd007ee40
2024-05-03T18:11:50.898 INFO:teuthology.orchestra.run.smithi033.stdout:/usr/bin/ceph: stderr
2024-05-03T18:11:49.441+0000 7ffbd7a00700 1 -- 172.21.15.33:0/2188677813 --> [v2:172.21.15.33:3300/0,v1:172.21.15.33:6789/0] -- mon_subscribe({osdmap=0}) -- 0x7ffbd01a24e0 con 0x7ffbd007ee40
2024-05-03T18:11:50.899 INFO:teuthology.orchestra.run.smithi033.stdout:/usr/bin/ceph: stderr
2024-05-03T18:11:49.442+0000 7ffbd7a00700 1 -- 172.21.15.33:0/2188677813 --> [v2:172.21.15.33:3300/0,v1:172.21.15.33:6789/0] -- mon_command({"prefix": "get_command_descriptions"} v 0) -- 0x7ffbd0064b00 con 0x7ffbd007ee40
2024-05-03T18:11:50.899 INFO:teuthology.orchestra.run.smithi033.stdout:/usr/bin/ceph: stderr
2024-05-03T18:11:49.442+0000 7ffbcd600700 1 -- 172.21.15.33:0/2188677813 <== mon.0 v2:172.21.15.33:3300/0 4 ==== mgrmap(e 8) ==== 50222+0+0 (secure 0 0 0) 0x7ffbc4022020 con 0x7ffbd007ee40
2024-05-03T18:11:50.899 INFO:teuthology.orchestra.run.smithi033.stdout:/usr/bin/ceph: stderr
2024-05-03T18:11:49.442+0000 7ffbcd600700 1 --2- 172.21.15.33:0/2188677813 >> [v2:172.21.15.33:6800/2830135294,v1:172.21.15.33:6801/2830135294] conn(0x7ffbb803e4c0 0x7ffbb8040980 unknown :-1 s=NONE pgs=0 cs=0 l=1 rev1=0 crypto rx=0 tx=0 comp rx=0 tx=0).connect
2024-05-03T18:11:50.899 INFO:teuthology.orchestra.run.smithi033.stdout:/usr/bin/ceph: stderr
2024-05-03T18:11:49.442+0000 7ffbcd600700 1 -- 172.21.15.33:0/2188677813 <== mon.0 v2:172.21.15.33:3300/0 5 ==== osd_map(2..2 src has 1..2) ==== 940+0+0 (secure 0 0 0) 0x7ffbc4053a20 con 0x7ffbd007ee40
2024-05-03T18:11:50.899 INFO:teuthology.orchestra.run.smithi033.stdout:/usr/bin/ceph: stderr
2024-05-03T18:11:49.443+0000 7ffbcfe00700 1 --2- 172.21.15.33:0/2188677813 >> [v2:172.21.15.33:6800/2830135294,v1:172.21.15.33:6801/2830135294] conn(0x7ffbb803e4c0 0x7ffbb8040980 unknown :-1 s=BANNER_CONNECTING pgs=0 cs=0 l=1 rev1=0 crypto rx=0 tx=0 comp rx=0 tx=0)._handle_peer_banner_payload supported=3 required=0
2024-05-03T18:11:50.899 INFO:teuthology.orchestra.run.smithi033.stdout:/usr/bin/ceph: stderr
2024-05-03T18:11:49.443+0000 7ffbcfe00700 1 --2- 172.21.15.33:0/2188677813 >> [v2:172.21.15.33:6800/2830135294,v1:172.21.15.33:6801/2830135294] conn(0x7ffbb803e4c0 0x7ffbb8040980 secure :-1 s=READY pgs=9 cs=0 l=1 rev1=1 crypto rx=0x7ffbbc006fd0 tx=0x7ffbbc006e40 comp rx=0 tx=0).ready entity=mgr.14120 client_cookie=0 server_cookie=0 in_seq=0 out_seq=0
2024-05-03T18:11:50.899 INFO:teuthology.orchestra.run.smithi033.stdout:/usr/bin/ceph: stderr
2024-05-03T18:11:49.448+0000 7ffbcd600700 1 -- 172.21.15.33:0/2188677813 <== mon.0 v2:172.21.15.33:3300/0 6 ==== mon_command_ack([{"prefix": "get_command_descriptions"}]=0 v0) ==== 72+0+191839 (secure 0 0 0) 0x7ffbc40212c0 con 0x7ffbd007ee40
2024-05-03T18:11:50.899 INFO:teuthology.orchestra.run.smithi033.stdout:/usr/bin/ceph: stderr
2024-05-03T18:11:49.681+0000 7ffbd7a00700 1 -- 172.21.15.33:0/2188677813 --> [v2:172.21.15.33:6800/2830135294,v1:172.21.15.33:6801/2830135294] -- mgr_command(tid 0: {"prefix": "cephadm generate-key", "target": ["mon-mgr", ""]}) -- 0x7ffbd002e580 con 0x7ffbb803e4c0
2024-05-03T18:11:50.899 INFO:teuthology.orchestra.run.smithi033.stdout:/usr/bin/ceph: stderr
2024-05-03T18:11:50.187+0000 7ffbcd600700 1 -- 172.21.15.33:0/2188677813 <== mgr.14120 v2:172.21.15.33:6800/2830135294 1 ==== mgr_command_reply(tid 0: 0 ) ==== 8+0+0 (secure 0 0 0) 0x7ffbd002e580 con 0x7ffbb803e4c0
2024-05-03T18:11:50.899 INFO:teuthology.orchestra.run.smithi033.stdout:/usr/bin/ceph: stderr
2024-05-03T18:11:50.190+0000 7ffbd7a00700 1 -- 172.21.15.33:0/2188677813 >> [v2:172.21.15.33:6800/2830135294,v1:172.21.15.33:6801/2830135294] conn(0x7ffbb803e4c0 msgr2=0x7ffbb8040980 secure :-1 s=STATE_CONNECTION_ESTABLISHED l=1).mark_down
2024-05-03T18:11:50.899 INFO:teuthology.orchestra.run.smithi033.stdout:/usr/bin/ceph: stderr
2024-05-03T18:11:50.190+0000 7ffbd7a00700 1 --2- 172.21.15.33:0/2188677813 >> [v2:172.21.15.33:6800/2830135294,v1:172.21.15.33:6801/2830135294] conn(0x7ffbb803e4c0 0x7ffbb8040980 secure :-1 s=READY pgs=9 cs=0 l=1 rev1=1 crypto rx=0x7ffbbc006fd0 tx=0x7ffbbc006e40 comp rx=0 tx=0).stop
2024-05-03T18:11:50.899 INFO:teuthology.orchestra.run.smithi033.stdout:/usr/bin/ceph: stderr
2024-05-03T18:11:50.190+0000 7ffbd7a00700 1 -- 172.21.15.33:0/2188677813 >> [v2:172.21.15.33:3300/0,v1:172.21.15.33:6789/0] conn(0x7ffbd007ee40 msgr2=0x7ffbd019f020 secure :-1 s=STATE_CONNECTION_ESTABLISHED l=1).mark_down
2024-05-03T18:11:50.899 INFO:teuthology.orchestra.run.smithi033.stdout:/usr/bin/ceph: stderr
2024-05-03T18:11:50.190+0000 7ffbd7a00700 1 --2- 172.21.15.33:0/2188677813 >> [v2:172.21.15.33:3300/0,v1:172.21.15.33:6789/0] conn(0x7ffbd007ee40 0x7ffbd019f020 secure :-1 s=READY pgs=42 cs=0 l=1 rev1=1 crypto rx=0x7ffbc4006b20 tx=0x7ffbc4011a60 comp rx=0 tx=0).stop
2024-05-03T18:11:50.900 INFO:teuthology.orchestra.run.smithi033.stdout:/usr/bin/ceph: stderr
2024-05-03T18:11:50.190+0000 7ffbd7a00700 1 -- 172.21.15.33:0/2188677813 shutdown_connections
2024-05-03T18:11:50.900 INFO:teuthology.orchestra.run.smithi033.stdout:/usr/bin/ceph: stderr
2024-05-03T18:11:50.190+0000 7ffbd7a00700 1 --2- 172.21.15.33:0/2188677813 >> [v2:172.21.15.33:6800/2830135294,v1:172.21.15.33:6801/2830135294] conn(0x7ffbb803e4c0 0x7ffbb8040980 unknown :-1 s=CLOSED pgs=9 cs=0 l=1 rev1=1 crypto rx=0 tx=0 comp rx=0 tx=0).stop
2024-05-03T18:11:50.900 INFO:teuthology.orchestra.run.smithi033.stdout:/usr/bin/ceph: stderr
2024-05-03T18:11:50.190+0000 7ffbd7a00700 1 --2- 172.21.15.33:0/2188677813 >> [v2:172.21.15.33:3300/0,v1:172.21.15.33:6789/0] conn(0x7ffbd007ee40 0x7ffbd019f020 unknown :-1 s=CLOSED pgs=42 cs=0 l=1 rev1=1 crypto rx=0 tx=0 comp rx=0 tx=0).stop
2024-05-03T18:11:50.900 INFO:teuthology.orchestra.run.smithi033.stdout:/usr/bin/ceph: stderr
2024-05-03T18:11:50.190+0000 7ffbd7a00700 1 -- 172.21.15.33:0/2188677813 >> 172.21.15.33:0/2188677813 conn(0x7ffbd0104180 msgr2=0x7ffbd0104fc0 unknown :-1 s=STATE_NONE l=0).mark_down
2024-05-03T18:11:50.900 INFO:teuthology.orchestra.run.smithi033.stdout:/usr/bin/ceph: stderr
2024-05-03T18:11:50.191+0000 7ffbd7a00700 1 -- 172.21.15.33:0/2188677813 shutdown_connections
2024-05-03T18:11:50.900 INFO:teuthology.orchestra.run.smithi033.stdout:/usr/bin/ceph: stderr
2024-05-03T18:11:50.191+0000 7ffbd7a00700 1 -- 172.21.15.33:0/2188677813 wait complete.
2024-05-03T18:11:51.466 INFO:journalctl@ceph.mon.a.smithi033.stdout:May 03 18:11:51 smithi033 ceph-mon[28330]: from='mgr.14120 172.21.15.33:0/3290632043' entity='mgr.x'
2024-05-03T18:11:51.466 INFO:journalctl@ceph.mon.a.smithi033.stdout:May 03 18:11:51 smithi033 ceph-mon[28330]: from='mgr.14120 172.21.15.33:0/3290632043' entity='mgr.x'
2024-05-03T18:11:52.380 INFO:journalctl@ceph.mon.a.smithi033.stdout:May 03 18:11:52 smithi033 ceph-mon[28330]: from='client.14138 -' entity='client.admin' cmd=[{"prefix": "cephadm get-pub-key", "target": ["mon-mgr", ""]}]: dispatch
2024-05-03T18:11:52.395 INFO:teuthology.orchestra.run.smithi033.stdout:/usr/bin/ceph: stdout ssh-rsa AAAAB3NzaC1yc2EAAAADAQABAAABgQC1lmQQo6k2LDBsuIGKtWYqKpOkX6uZZPnuLvYWFSsz1PyVFx7IxRC7vc5iYHtyToWFJMbLQ23lLsma4V9GWKwqbQ+/lYoz2DpkSfDeC3RHoa7d3Kh/Zql/VsFFsw0xH3gc85+iSKTMZUOGUxM34oiG+E1o6jbQ6bztCdkLBkdHQDkNXGOTIKYnguIBpUnU1tLVAjhrwqZrGI4EoKfQ0CYMAMKXMzXRMnsRJ/XLGoZTrDZJPbUWNxCU2qYcDsLoMpJiMxLuMitPg00+tYuzDEvm+3x+rxhF6z9p+iWWDpM9nNCiebNEQl8lRFjA5TweakujLZ53G/+OOqzHVYgA4UTdMtxCwoUpoUD1jmtaLu5lSbYaE7Zhqd9Ve1Kue14wh8DI8jxtKtl7+rxC4CDEFE1Snoq/ibCXvO0ROO7FWGATp6CNS29XvhxsMvbMxEXVmQss/faTrKDZ8LxN2qzmUv0qhTw2kUwSt4gVpJG7B5XgdOu0krKmKbYgubXDCIoaTCM= ceph-5703bba4-0978-11ef-bc97-c7b262605968
2024-05-03T18:11:52.396 INFO:teuthology.orchestra.run.smithi033.stdout:/usr/bin/ceph: stderr
2024-05-03T18:11:51.466+0000 7f1106e00700 1 Processor -- start
2024-05-03T18:11:52.396 INFO:teuthology.orchestra.run.smithi033.stdout:/usr/bin/ceph: stderr
2024-05-03T18:11:51.466+0000 7f1106e00700 1 -- start start
2024-05-03T18:11:52.396 INFO:teuthology.orchestra.run.smithi033.stdout:/usr/bin/ceph: stderr
2024-05-03T18:11:51.466+0000 7f1106e00700 1 --2- >> [v2:172.21.15.33:3300/0,v1:172.21.15.33:6789/0] conn(0x7f110010fc70 0x7f1100112060 unknown :-1 s=NONE pgs=0 cs=0 l=0 rev1=0 crypto rx=0 tx=0 comp rx=0 tx=0).connect
2024-05-03T18:11:52.396 INFO:teuthology.orchestra.run.smithi033.stdout:/usr/bin/ceph: stderr
2024-05-03T18:11:51.466+0000 7f1106e00700 1 -- --> [v2:172.21.15.33:3300/0,v1:172.21.15.33:6789/0] -- mon_getmap magic: 0 -- 0x7f1100083480 con 0x7f110010fc70
2024-05-03T18:11:52.397 INFO:teuthology.orchestra.run.smithi033.stdout:/usr/bin/ceph: stderr
2024-05-03T18:11:51.467+0000 7f10ffe00700 1 --2- >> [v2:172.21.15.33:3300/0,v1:172.21.15.33:6789/0] conn(0x7f110010fc70 0x7f1100112060 unknown :-1 s=BANNER_CONNECTING pgs=0 cs=0 l=0 rev1=0 crypto rx=0 tx=0 comp rx=0 tx=0)._handle_peer_banner_payload supported=3 required=0
2024-05-03T18:11:52.397 INFO:teuthology.orchestra.run.smithi033.stdout:/usr/bin/ceph: stderr
2024-05-03T18:11:51.467+0000 7f10ffe00700 1 --2- >> [v2:172.21.15.33:3300/0,v1:172.21.15.33:6789/0] conn(0x7f110010fc70 0x7f1100112060 unknown :-1 s=HELLO_CONNECTING pgs=0 cs=0 l=0 rev1=1 crypto rx=0 tx=0 comp rx=0 tx=0).handle_hello peer v2:172.21.15.33:3300/0 says I am v2:172.21.15.33:55350/0 (socket says 172.21.15.33:55350)
2024-05-03T18:11:52.397 INFO:teuthology.orchestra.run.smithi033.stdout:/usr/bin/ceph: stderr
2024-05-03T18:11:51.467+0000 7f10ffe00700 1 -- 172.21.15.33:0/1445515098 learned_addr learned my addr 172.21.15.33:0/1445515098 (peer_addr_for_me v2:172.21.15.33:0/0)
2024-05-03T18:11:52.397 INFO:teuthology.orchestra.run.smithi033.stdout:/usr/bin/ceph: stderr
2024-05-03T18:11:51.467+0000 7f10ffe00700 1 -- 172.21.15.33:0/1445515098 --> [v2:172.21.15.33:3300/0,v1:172.21.15.33:6789/0] -- mon_subscribe({config=0+,monmap=0+}) -- 0x7f11001125a0 con 0x7f110010fc70
2024-05-03T18:11:52.397 INFO:teuthology.orchestra.run.smithi033.stdout:/usr/bin/ceph: stderr
2024-05-03T18:11:51.468+0000 7f10ffe00700 1 --2- 172.21.15.33:0/1445515098 >> [v2:172.21.15.33:3300/0,v1:172.21.15.33:6789/0] conn(0x7f110010fc70 0x7f1100112060 secure :-1 s=READY pgs=43 cs=0 l=1 rev1=1 crypto rx=0x7f10f00098a0 tx=0x7f10f0009bb0 comp rx=0 tx=0).ready entity=mon.0 client_cookie=da26becb62d8b995 server_cookie=0 in_seq=0 out_seq=0
2024-05-03T18:11:52.397 INFO:teuthology.orchestra.run.smithi033.stdout:/usr/bin/ceph: stderr
2024-05-03T18:11:51.468+0000 7f10fea00700 1 -- 172.21.15.33:0/1445515098 <== mon.0 v2:172.21.15.33:3300/0 1 ==== mon_map magic: 0 ==== 205+0+0 (secure 0 0 0) 0x7f10f0004160 con 0x7f110010fc70
2024-05-03T18:11:52.399 INFO:teuthology.orchestra.run.smithi033.stdout:/usr/bin/ceph: stderr
2024-05-03T18:11:51.468+0000 7f10fea00700 1 -- 172.21.15.33:0/1445515098 <== mon.0 v2:172.21.15.33:3300/0 2 ==== config(25 keys) ==== 1032+0+0 (secure 0 0 0) 0x7f10f0004300 con 0x7f110010fc70
2024-05-03T18:11:52.399 INFO:teuthology.orchestra.run.smithi033.stdout:/usr/bin/ceph: stderr
2024-05-03T18:11:51.468+0000 7f10fea00700 1 -- 172.21.15.33:0/1445515098 <== mon.0 v2:172.21.15.33:3300/0 3 ==== mon_map magic: 0 ==== 205+0+0 (secure 0 0 0) 0x7f10f00119e0 con 0x7f110010fc70
2024-05-03T18:11:52.399 INFO:teuthology.orchestra.run.smithi033.stdout:/usr/bin/ceph: stderr
2024-05-03T18:11:51.468+0000 7f1106e00700 1 -- 172.21.15.33:0/1445515098 >> [v2:172.21.15.33:3300/0,v1:172.21.15.33:6789/0] conn(0x7f110010fc70 msgr2=0x7f1100112060 secure :-1 s=STATE_CONNECTION_ESTABLISHED l=1).mark_down
2024-05-03T18:11:52.399 INFO:teuthology.orchestra.run.smithi033.stdout:/usr/bin/ceph: stderr
2024-05-03T18:11:51.469+0000 7f1106e00700 1 --2- 172.21.15.33:0/1445515098 >> [v2:172.21.15.33:3300/0,v1:172.21.15.33:6789/0] conn(0x7f110010fc70 0x7f1100112060 secure :-1 s=READY pgs=43 cs=0 l=1 rev1=1 crypto rx=0x7f10f00098a0 tx=0x7f10f0009bb0 comp rx=0 tx=0).stop
2024-05-03T18:11:52.399 INFO:teuthology.orchestra.run.smithi033.stdout:/usr/bin/ceph: stderr
2024-05-03T18:11:51.469+0000 7f1106e00700 1 -- 172.21.15.33:0/1445515098 shutdown_connections
2024-05-03T18:11:52.399 INFO:teuthology.orchestra.run.smithi033.stdout:/usr/bin/ceph: stderr
2024-05-03T18:11:51.469+0000 7f1106e00700 1 --2- 172.21.15.33:0/1445515098 >> [v2:172.21.15.33:3300/0,v1:172.21.15.33:6789/0] conn(0x7f110010fc70 0x7f1100112060 unknown :-1 s=CLOSED pgs=43 cs=0 l=1 rev1=1 crypto rx=0 tx=0 comp rx=0 tx=0).stop
2024-05-03T18:11:52.399 INFO:teuthology.orchestra.run.smithi033.stdout:/usr/bin/ceph: stderr
2024-05-03T18:11:51.469+0000 7f1106e00700 1 -- 172.21.15.33:0/1445515098 >> 172.21.15.33:0/1445515098 conn(0x7f110007e1e0 msgr2=0x7f1100080620 unknown :-1 s=STATE_NONE l=0).mark_down
2024-05-03T18:11:52.399 INFO:teuthology.orchestra.run.smithi033.stdout:/usr/bin/ceph: stderr
2024-05-03T18:11:51.469+0000 7f1106e00700 1 -- 172.21.15.33:0/1445515098 shutdown_connections
2024-05-03T18:11:52.399 INFO:teuthology.orchestra.run.smithi033.stdout:/usr/bin/ceph: stderr
2024-05-03T18:11:51.469+0000 7f1106e00700 1 -- 172.21.15.33:0/1445515098 wait complete.
2024-05-03T18:11:52.399 INFO:teuthology.orchestra.run.smithi033.stdout:/usr/bin/ceph: stderr
2024-05-03T18:11:51.470+0000 7f1106e00700 1 Processor -- start
2024-05-03T18:11:52.399 INFO:teuthology.orchestra.run.smithi033.stdout:/usr/bin/ceph: stderr
2024-05-03T18:11:51.470+0000 7f1106e00700 1 -- start start
2024-05-03T18:11:52.401 INFO:teuthology.orchestra.run.smithi033.stdout:/usr/bin/ceph: stderr
2024-05-03T18:11:51.471+0000 7f1106e00700 1 --2- >> [v2:172.21.15.33:3300/0,v1:172.21.15.33:6789/0] conn(0x7f110010fc70 0x7f11001a3410 unknown :-1 s=NONE pgs=0 cs=0 l=1 rev1=0 crypto rx=0 tx=0 comp rx=0 tx=0).connect
2024-05-03T18:11:52.401 INFO:teuthology.orchestra.run.smithi033.stdout:/usr/bin/ceph: stderr
2024-05-03T18:11:51.471+0000 7f1106e00700 1 -- --> [v2:172.21.15.33:3300/0,v1:172.21.15.33:6789/0] -- mon_getmap magic: 0 -- 0x7f1100113560 con 0x7f110010fc70
2024-05-03T18:11:52.401 INFO:teuthology.orchestra.run.smithi033.stdout:/usr/bin/ceph: stderr
2024-05-03T18:11:51.471+0000 7f10ffe00700 1 --2- >> [v2:172.21.15.33:3300/0,v1:172.21.15.33:6789/0] conn(0x7f110010fc70 0x7f11001a3410 unknown :-1 s=BANNER_CONNECTING pgs=0 cs=0 l=1 rev1=0 crypto rx=0 tx=0 comp rx=0 tx=0)._handle_peer_banner_payload supported=3 required=0
2024-05-03T18:11:52.401 INFO:teuthology.orchestra.run.smithi033.stdout:/usr/bin/ceph: stderr
2024-05-03T18:11:51.471+0000 7f10ffe00700 1 --2- >> [v2:172.21.15.33:3300/0,v1:172.21.15.33:6789/0] conn(0x7f110010fc70 0x7f11001a3410 unknown :-1 s=HELLO_CONNECTING pgs=0 cs=0 l=1 rev1=1 crypto rx=0 tx=0 comp rx=0 tx=0).handle_hello peer v2:172.21.15.33:3300/0 says I am v2:172.21.15.33:55362/0 (socket says 172.21.15.33:55362)
2024-05-03T18:11:52.401 INFO:teuthology.orchestra.run.smithi033.stdout:/usr/bin/ceph: stderr
2024-05-03T18:11:51.471+0000 7f10ffe00700 1 -- 172.21.15.33:0/2863683582 learned_addr learned my addr 172.21.15.33:0/2863683582 (peer_addr_for_me v2:172.21.15.33:0/0)
2024-05-03T18:11:52.402 INFO:teuthology.orchestra.run.smithi033.stdout:/usr/bin/ceph: stderr
2024-05-03T18:11:51.471+0000 7f10ffe00700 1 -- 172.21.15.33:0/2863683582 --> [v2:172.21.15.33:3300/0,v1:172.21.15.33:6789/0] -- mon_subscribe({config=0+,monmap=0+}) -- 0x7f11001a3950 con 0x7f110010fc70
2024-05-03T18:11:52.402 INFO:teuthology.orchestra.run.smithi033.stdout:/usr/bin/ceph: stderr
2024-05-03T18:11:51.472+0000 7f10ffe00700 1 --2- 172.21.15.33:0/2863683582 >> [v2:172.21.15.33:3300/0,v1:172.21.15.33:6789/0] conn(0x7f110010fc70 0x7f11001a3410 secure :-1 s=READY pgs=44 cs=0 l=1 rev1=1 crypto rx=0x7f10f00116a0 tx=0x7f10f00046a0 comp rx=0 tx=0).ready entity=mon.0 client_cookie=0 server_cookie=0 in_seq=0 out_seq=0
2024-05-03T18:11:52.402 INFO:teuthology.orchestra.run.smithi033.stdout:/usr/bin/ceph: stderr
2024-05-03T18:11:51.472+0000 7f10fcc00700 1 -- 172.21.15.33:0/2863683582 <== mon.0 v2:172.21.15.33:3300/0 1 ==== mon_map magic: 0 ==== 205+0+0 (secure 0 0 0) 0x7f10f0003b70 con 0x7f110010fc70
2024-05-03T18:11:52.402 INFO:teuthology.orchestra.run.smithi033.stdout:/usr/bin/ceph: stderr
2024-05-03T18:11:51.472+0000 7f10fcc00700 1 -- 172.21.15.33:0/2863683582 <== mon.0 v2:172.21.15.33:3300/0 2 ==== config(25 keys) ==== 1032+0+0 (secure 0 0 0) 0x7f10f001a8a0 con 0x7f110010fc70
2024-05-03T18:11:52.402 INFO:teuthology.orchestra.run.smithi033.stdout:/usr/bin/ceph: stderr
2024-05-03T18:11:51.472+0000 7f10fcc00700 1 -- 172.21.15.33:0/2863683582 <== mon.0 v2:172.21.15.33:3300/0 3 ==== mon_map magic: 0 ==== 205+0+0 (secure 0 0 0) 0x7f10f0024890 con 0x7f110010fc70
2024-05-03T18:11:52.402 INFO:teuthology.orchestra.run.smithi033.stdout:/usr/bin/ceph: stderr
2024-05-03T18:11:51.472+0000 7f1106e00700 1 -- 172.21.15.33:0/2863683582 --> [v2:172.21.15.33:3300/0,v1:172.21.15.33:6789/0] -- mon_subscribe({mgrmap=0+}) -- 0x7f11001a3be0 con 0x7f110010fc70
2024-05-03T18:11:52.402 INFO:teuthology.orchestra.run.smithi033.stdout:/usr/bin/ceph: stderr
2024-05-03T18:11:51.472+0000 7f1106e00700 1 -- 172.21.15.33:0/2863683582 --> [v2:172.21.15.33:3300/0,v1:172.21.15.33:6789/0] -- mon_subscribe({osdmap=0}) -- 0x7f11001a6880 con 0x7f110010fc70
2024-05-03T18:11:52.402 INFO:teuthology.orchestra.run.smithi033.stdout:/usr/bin/ceph: stderr
2024-05-03T18:11:51.473+0000 7f1106e00700 1 -- 172.21.15.33:0/2863683582 --> [v2:172.21.15.33:3300/0,v1:172.21.15.33:6789/0] -- mon_command({"prefix": "get_command_descriptions"} v 0) -- 0x7f1100064b00 con 0x7f110010fc70
2024-05-03T18:11:52.402 INFO:teuthology.orchestra.run.smithi033.stdout:/usr/bin/ceph: stderr
2024-05-03T18:11:51.474+0000 7f10fcc00700 1 -- 172.21.15.33:0/2863683582 <== mon.0 v2:172.21.15.33:3300/0 4 ==== mgrmap(e 8) ==== 50222+0+0 (secure 0 0 0) 0x7f10f0022020 con 0x7f110010fc70
2024-05-03T18:11:52.402 INFO:teuthology.orchestra.run.smithi033.stdout:/usr/bin/ceph: stderr
2024-05-03T18:11:51.474+0000 7f10fcc00700 1 --2- 172.21.15.33:0/2863683582 >> [v2:172.21.15.33:6800/2830135294,v1:172.21.15.33:6801/2830135294] conn(0x7f10e403e4c0 0x7f10e4040980 unknown :-1 s=NONE pgs=0 cs=0 l=1 rev1=0 crypto rx=0 tx=0 comp rx=0 tx=0).connect
2024-05-03T18:11:52.404 INFO:teuthology.orchestra.run.smithi033.stdout:/usr/bin/ceph: stderr
2024-05-03T18:11:51.474+0000 7f10fcc00700 1 -- 172.21.15.33:0/2863683582 <== mon.0 v2:172.21.15.33:3300/0 5 ==== osd_map(2..2 src has 1..2) ==== 940+0+0 (secure 0 0 0) 0x7f10f0053b80 con 0x7f110010fc70
2024-05-03T18:11:52.404 INFO:teuthology.orchestra.run.smithi033.stdout:/usr/bin/ceph: stderr
2024-05-03T18:11:51.474+0000 7f10ff400700 1 --2- 172.21.15.33:0/2863683582 >> [v2:172.21.15.33:6800/2830135294,v1:172.21.15.33:6801/2830135294] conn(0x7f10e403e4c0 0x7f10e4040980 unknown :-1 s=BANNER_CONNECTING pgs=0 cs=0 l=1 rev1=0 crypto rx=0 tx=0 comp rx=0 tx=0)._handle_peer_banner_payload supported=3 required=0
2024-05-03T18:11:52.404 INFO:teuthology.orchestra.run.smithi033.stdout:/usr/bin/ceph: stderr
2024-05-03T18:11:51.475+0000 7f10ff400700 1 --2- 172.21.15.33:0/2863683582 >> [v2:172.21.15.33:6800/2830135294,v1:172.21.15.33:6801/2830135294] conn(0x7f10e403e4c0 0x7f10e4040980 secure :-1 s=READY pgs=10 cs=0 l=1 rev1=1 crypto rx=0x7f10ec006fd0 tx=0x7f10ec006e40 comp rx=0 tx=0).ready entity=mgr.14120 client_cookie=0 server_cookie=0 in_seq=0 out_seq=0
2024-05-03T18:11:52.404 INFO:teuthology.orchestra.run.smithi033.stdout:/usr/bin/ceph: stderr
2024-05-03T18:11:51.480+0000 7f10fcc00700 1 -- 172.21.15.33:0/2863683582 <== mon.0 v2:172.21.15.33:3300/0 6 ==== mon_command_ack([{"prefix": "get_command_descriptions"}]=0 v0) ==== 72+0+191839 (secure 0 0 0) 0x7f10f0017e90 con 0x7f110010fc70
2024-05-03T18:11:52.404 INFO:teuthology.orchestra.run.smithi033.stdout:/usr/bin/ceph: stderr
2024-05-03T18:11:51.717+0000 7f1106e00700 1 -- 172.21.15.33:0/2863683582 --> [v2:172.21.15.33:6800/2830135294,v1:172.21.15.33:6801/2830135294] -- mgr_command(tid 0: {"prefix": "cephadm get-pub-key", "target": ["mon-mgr", ""]}) -- 0x7f110002e580 con 0x7f10e403e4c0
2024-05-03T18:11:52.405 INFO:teuthology.orchestra.run.smithi033.stdout:/usr/bin/ceph: stderr
2024-05-03T18:11:51.719+0000 7f10fcc00700 1 -- 172.21.15.33:0/2863683582 <== mgr.14120 v2:172.21.15.33:6800/2830135294 1 ==== mgr_command_reply(tid 0: 0 ) ==== 8+0+595 (secure 0 0 0) 0x7f110002e580 con 0x7f10e403e4c0
2024-05-03T18:11:52.405 INFO:teuthology.orchestra.run.smithi033.stdout:/usr/bin/ceph: stderr
2024-05-03T18:11:51.722+0000 7f1106e00700 1 -- 172.21.15.33:0/2863683582 >> [v2:172.21.15.33:6800/2830135294,v1:172.21.15.33:6801/2830135294] conn(0x7f10e403e4c0 msgr2=0x7f10e4040980 secure :-1 s=STATE_CONNECTION_ESTABLISHED l=1).mark_down
